66.249.77.40 - - [11/Apr/2025:09:14:36 -0400] "GET /products/sanctified/12433428.shtml HTTP/1.1" 200 25689 "-" "Mozilla/5.0 (Linux; Android 6.0.1; Nexus 5X Build/MMB29P) AppleWebKit/537.36 (KHTML, like Gecko) Chrome/135.0.7049.52 Mobile Safari/537.36 (compatible; GoogleOther)"
66.249.77.40 - - [11/Apr/2025:09:14:39 -0400] "GET /goodscode/i/transferability/102854282.shtml HTTP/1.1" 200 29383 "-" "Mozilla/5.0 (Linux; Android 6.0.1; Nexus 5X Build/MMB29P) AppleWebKit/537.36 (KHTML, like Gecko) Chrome/135.0.7049.52 Mobile Safari/537.36 (compatible; GoogleOther)"
66.249.77.40 - - [11/Apr/2025:09:15:00 -0400] "GET /goodscode/srm/voltairism38834002.shtml HTTP/1.1" 200 27329 "-" "Mozilla/5.0 (Linux; Android 6.0.1; Nexus 5X Build/MMB29P) AppleWebKit/537.36 (KHTML, like Gecko) Chrome/135.0.7049.52 Mobile Safari/537.36 (compatible; GoogleOther)"
66.249.77.40 - - [11/Apr/2025:09:15:05 -0400] "GET /detail/ue/hexine/924278.shtml HTTP/1.1" 200 27456 "-" "Mozilla/5.0 (Linux; Android 6.0.1; Nexus 5X Build/MMB29P) AppleWebKit/537.36 (KHTML, like Gecko) Chrome/135.0.7049.52 Mobile Safari/537.36 (compatible; GoogleOther)"
157.55.39.63 - - [11/Apr/2025:09:15:06 -0400] "GET /special/47345466.shtml HTTP/1.1" 200 28500 "-" "Mozilla/5.0 AppleWebKit/537.36 (KHTML, like Gecko; compatible; bingbot/2.0; +http://www.bing.com/bingbot.htm) Chrome/116.0.1938.76 Safari/537.36"
66.249.77.40 - - [11/Apr/2025:09:15:07 -0400] "GET /entity/carriages/108542054.shtml HTTP/1.1" 200 26160 "-" "Mozilla/5.0 (Linux; Android 6.0.1; Nexus 5X Build/MMB29P) AppleWebKit/537.36 (KHTML, like Gecko) Chrome/135.0.7049.52 Mobile Safari/537.36 (compatible; GoogleOther)"
40.77.167.44 - - [11/Apr/2025:09:15:09 -0400] "GET /shopbrand/28832832.shtml HTTP/1.1" 200 27581 "-" "Mozilla/5.0 AppleWebKit/537.36 (KHTML, like Gecko; compatible; bingbot/2.0; +http://www.bing.com/bingbot.htm) Chrome/116.0.1938.76 Safari/537.36"
66.249.77.40 - - [11/Apr/2025:09:15:12 -0400] "GET /shopdetail/wo/enfetter/69624218.shtml HTTP/1.1" 200 27426 "-" "Mozilla/5.0 (Linux; Android 6.0.1; Nexus 5X Build/MMB29P) AppleWebKit/537.36 (KHTML, like Gecko) Chrome/135.0.7049.52 Mobile Safari/537.36 (compatible; GoogleOther)"
40.77.167.44 - - [11/Apr/2025:09:15:13 -0400] "GET /entity/bivector39740006.shtml HTTP/1.1" 200 28107 "-" "Mozilla/5.0 AppleWebKit/537.36 (KHTML, like Gecko; compatible; bingbot/2.0; +http://www.bing.com/bingbot.htm) Chrome/116.0.1938.76 Safari/537.36"
66.249.77.40 - - [11/Apr/2025:09:15:14 -0400] "GET /shopping/scumble/35533050.shtml HTTP/1.1" 200 24976 "-" "Mozilla/5.0 (Linux; Android 6.0.1; Nexus 5X Build/MMB29P) AppleWebKit/537.36 (KHTML, like Gecko) Chrome/135.0.7049.52 Mobile Safari/537.36 (compatible; GoogleOther)"
157.55.39.63 - - [11/Apr/2025:09:15:15 -0400] "GET /shopping/x/bedder45160228.shtml HTTP/1.1" 200 26999 "-" "Mozilla/5.0 AppleWebKit/537.36 (KHTML, like Gecko; compatible; bingbot/2.0; +http://www.bing.com/bingbot.htm) Chrome/116.0.1938.76 Safari/537.36"
66.249.77.40 - - [11/Apr/2025:09:15:16 -0400] "GET /shopdetail/pressmen96650106.shtml HTTP/1.1" 200 26967 "-" "Mozilla/5.0 (Linux; Android 6.0.1; Nexus 5X Build/MMB29P) AppleWebKit/537.36 (KHTML, like Gecko) Chrome/135.0.7049.52 Mobile Safari/537.36 (compatible; GoogleOther)"
66.249.77.40 - - [11/Apr/2025:09:15:18 -0400] "GET /item/uai/humanizing/14592794.shtml HTTP/1.1" 200 27990 "-" "Mozilla/5.0 (Linux; Android 6.0.1; Nexus 5X Build/MMB29P) AppleWebKit/537.36 (KHTML, like Gecko) Chrome/135.0.7049.52 Mobile Safari/537.36 (compatible; GoogleOther)"
207.46.13.150 - - [11/Apr/2025:09:15:18 -0400] "GET /info/kneepan/2760790.shtml HTTP/1.1" 200 25619 "-" "Mozilla/5.0 AppleWebKit/537.36 (KHTML, like Gecko; compatible; bingbot/2.0; +http://www.bing.com/bingbot.htm) Chrome/116.0.1938.76 Safari/537.36"
157.55.39.63 - - [11/Apr/2025:09:15:20 -0400] "GET /goodscode/poraille66592512.shtml HTTP/1.1" 200 27415 "-" "Mozilla/5.0 AppleWebKit/537.36 (KHTML, like Gecko; compatible; bingbot/2.0; +http://www.bing.com/bingbot.htm) Chrome/116.0.1938.76 Safari/537.36"
66.249.77.40 - - [11/Apr/2025:09:15:22 -0400] "GET /special/y/braunite/65938850.shtml HTTP/1.1" 200 26456 "-" "Mozilla/5.0 (Linux; Android 6.0.1; Nexus 5X Build/MMB29P) AppleWebKit/537.36 (KHTML, like Gecko) Chrome/135.0.7049.52 Mobile Safari/537.36 (compatible; GoogleOther)"
66.249.77.40 - - [11/Apr/2025:09:15:24 -0400] "GET /entity/d/adipous32885260.shtml HTTP/1.1" 200 27307 "-" "Mozilla/5.0 (Linux; Android 6.0.1; Nexus 5X Build/MMB29P) AppleWebKit/537.36 (KHTML, like Gecko) Chrome/135.0.7049.52 Mobile Safari/537.36 (compatible; GoogleOther)"
207.46.13.150 - - [11/Apr/2025:09:15:25 -0400] "GET /shopping/tephramancy29838022.shtml HTTP/1.1" 200 28481 "-" "Mozilla/5.0 AppleWebKit/537.36 (KHTML, like Gecko; compatible; bingbot/2.0; +http://www.bing.com/bingbot.htm) Chrome/116.0.1938.76 Safari/537.36"
66.249.77.40 - - [11/Apr/2025:09:15:26 -0400] "GET /goodscode/jeg/cowardly/109441312.shtml HTTP/1.1" 200 27199 "-" "Mozilla/5.0 (Linux; Android 6.0.1; Nexus 5X Build/MMB29P) AppleWebKit/537.36 (KHTML, like Gecko) Chrome/135.0.7049.52 Mobile Safari/537.36 (compatible; GoogleOther)"
66.249.77.41 - - [11/Apr/2025:09:15:27 -0400] "GET /entity/31667454.shtml HTTP/1.1" 200 28156 "-" "Mozilla/5.0 (Linux; Android 6.0.1; Nexus 5X Build/MMB29P) AppleWebKit/537.36 (KHTML, like Gecko) Chrome/135.0.7049.52 Mobile Safari/537.36 (compatible; GoogleOther)"
66.249.77.41 - - [11/Apr/2025:09:15:29 -0400] "GET /entity/fkk/needing/78493880.shtml HTTP/1.1" 200 25447 "-" "Mozilla/5.0 (Linux; Android 6.0.1; Nexus 5X Build/MMB29P) AppleWebKit/537.36 (KHTML, like Gecko) Chrome/135.0.7049.52 Mobile Safari/537.36 (compatible; GoogleOther)"
40.77.167.44 - - [11/Apr/2025:09:15:30 -0400] "GET /info122094986.shtml HTTP/1.1" 200 27404 "-" "Mozilla/5.0 AppleWebKit/537.36 (KHTML, like Gecko; compatible; bingbot/2.0; +http://www.bing.com/bingbot.htm) Chrome/116.0.1938.76 Safari/537.36"
66.249.77.40 - - [11/Apr/2025:09:15:30 -0400] "GET /items/soliloquy40075790.shtml HTTP/1.1" 200 27072 "-" "Mozilla/5.0 (Linux; Android 6.0.1; Nexus 5X Build/MMB29P) AppleWebKit/537.36 (KHTML, like Gecko) Chrome/135.0.7049.52 Mobile Safari/537.36 (compatible; GoogleOther)"
66.249.77.40 - - [11/Apr/2025:09:15:32 -0400] "GET /products/relucent/63227956.shtml HTTP/1.1" 200 26723 "-" "Mozilla/5.0 (Linux; Android 6.0.1; Nexus 5X Build/MMB29P) AppleWebKit/537.36 (KHTML, like Gecko) Chrome/135.0.7049.52 Mobile Safari/537.36 (compatible; GoogleOther)"
40.77.167.44 - - [11/Apr/2025:09:15:33 -0400] "GET /products/mk/antimonic/24784094.shtml HTTP/1.1" 200 24650 "-" "Mozilla/5.0 AppleWebKit/537.36 (KHTML, like Gecko; compatible; bingbot/2.0; +http://www.bing.com/bingbot.htm) Chrome/116.0.1938.76 Safari/537.36"
66.249.77.40 - - [11/Apr/2025:09:15:33 -0400] "GET /goodscode/iei/macon/56368918.shtml HTTP/1.1" 200 27638 "-" "Mozilla/5.0 (Linux; Android 6.0.1; Nexus 5X Build/MMB29P) AppleWebKit/537.36 (KHTML, like Gecko) Chrome/135.0.7049.52 Mobile Safari/537.36 (compatible; GoogleOther)"
66.249.77.41 - - [11/Apr/2025:09:15:35 -0400] "GET /item/rs/adipomatous/47564496.shtml HTTP/1.1" 200 26422 "-" "Mozilla/5.0 (Linux; Android 6.0.1; Nexus 5X Build/MMB29P) AppleWebKit/537.36 (KHTML, like Gecko) Chrome/135.0.7049.52 Mobile Safari/537.36 (compatible; GoogleOther)"
66.249.77.41 - - [11/Apr/2025:09:15:36 -0400] "GET /entity/y/mutineer/72916682.shtml HTTP/1.1" 200 25473 "-" "Mozilla/5.0 (Linux; Android 6.0.1; Nexus 5X Build/MMB29P) AppleWebKit/537.36 (KHTML, like Gecko) Chrome/135.0.7049.52 Mobile Safari/537.36 (compatible; GoogleOther)"
66.249.77.40 - - [11/Apr/2025:09:15:40 -0400] "GET /item/naw/chops/12327688.shtml HTTP/1.1" 200 27922 "-" "Mozilla/5.0 (Linux; Android 6.0.1; Nexus 5X Build/MMB29P) AppleWebKit/537.36 (KHTML, like Gecko) Chrome/135.0.7049.52 Mobile Safari/537.36 (compatible; GoogleOther)"
66.249.77.41 - - [11/Apr/2025:09:15:41 -0400] "GET /info/d/betrim/71393548.shtml HTTP/1.1" 200 27661 "-" "Mozilla/5.0 (Linux; Android 6.0.1; Nexus 5X Build/MMB29P) AppleWebKit/537.36 (KHTML, like Gecko) Chrome/135.0.7049.52 Mobile Safari/537.36 (compatible; GoogleOther)"
40.77.167.57 - - [11/Apr/2025:09:15:41 -0400] "GET /detail/90099340.shtml HTTP/1.1" 200 26311 "-" "Mozilla/5.0 AppleWebKit/537.36 (KHTML, like Gecko; compatible; bingbot/2.0; +http://www.bing.com/bingbot.htm) Chrome/116.0.1938.76 Safari/537.36"
66.249.77.41 - - [11/Apr/2025:09:15:45 -0400] "GET /entity/gko/twelfthtide/80720498.shtml HTTP/1.1" 200 27524 "-" "Mozilla/5.0 (Linux; Android 6.0.1; Nexus 5X Build/MMB29P) AppleWebKit/537.36 (KHTML, like Gecko) Chrome/135.0.7049.52 Mobile Safari/537.36 (compatible; GoogleOther)"
66.249.77.41 - - [11/Apr/2025:09:15:46 -0400] "GET /shopdetail/w/sydenhams/14693342.shtml HTTP/1.1" 200 27318 "-" "Mozilla/5.0 (Linux; Android 6.0.1; Nexus 5X Build/MMB29P) AppleWebKit/537.36 (KHTML, like Gecko) Chrome/135.0.7049.52 Mobile Safari/537.36 (compatible; GoogleOther)"
66.249.77.42 - - [11/Apr/2025:09:15:52 -0400] "GET /shopping/xsm/pantomimically/86740328.shtml HTTP/1.1" 200 28185 "-" "Mozilla/5.0 (Linux; Android 6.0.1; Nexus 5X Build/MMB29P) AppleWebKit/537.36 (KHTML, like Gecko) Chrome/135.0.7049.52 Mobile Safari/537.36 (compatible; GoogleOther)"
66.249.77.41 - - [11/Apr/2025:09:15:56 -0400] "GET /detail/dic/umbellule/29916096.shtml HTTP/1.1" 200 26610 "-" "Mozilla/5.0 (Linux; Android 6.0.1; Nexus 5X Build/MMB29P) AppleWebKit/537.36 (KHTML, like Gecko) Chrome/135.0.7049.52 Mobile Safari/537.36 (compatible; GoogleOther)"
66.249.77.41 - - [11/Apr/2025:09:16:02 -0400] "GET /detail/viu/annihilable/32473240.shtml HTTP/1.1" 200 27101 "-" "Mozilla/5.0 (Linux; Android 6.0.1; Nexus 5X Build/MMB29P) AppleWebKit/537.36 (KHTML, like Gecko) Chrome/135.0.7049.52 Mobile Safari/537.36 (compatible; GoogleOther)"
40.77.167.57 - - [11/Apr/2025:09:16:03 -0400] "GET /info/73034788.shtml HTTP/1.1" 200 25979 "-" "Mozilla/5.0 AppleWebKit/537.36 (KHTML, like Gecko; compatible; bingbot/2.0; +http://www.bing.com/bingbot.htm) Chrome/116.0.1938.76 Safari/537.36"
66.249.77.40 - - [11/Apr/2025:09:16:04 -0400] "GET /products/u/wehrgeld/86324154.shtml HTTP/1.1" 200 28219 "-" "Mozilla/5.0 (Linux; Android 6.0.1; Nexus 5X Build/MMB29P) AppleWebKit/537.36 (KHTML, like Gecko) Chrome/135.0.7049.52 Mobile Safari/537.36 (compatible; GoogleOther)"
66.249.77.40 - - [11/Apr/2025:09:16:06 -0400] "GET /product/t/cotemporaries/108522284.shtml HTTP/1.1" 200 26932 "-" "Mozilla/5.0 (Linux; Android 6.0.1; Nexus 5X Build/MMB29P) AppleWebKit/537.36 (KHTML, like Gecko) Chrome/135.0.7049.52 Mobile Safari/537.36 (compatible; GoogleOther)"
66.249.77.41 - - [11/Apr/2025:09:16:08 -0400] "GET /detail/ui/pains44011274.shtml HTTP/1.1" 200 25683 "-" "Mozilla/5.0 (Linux; Android 6.0.1; Nexus 5X Build/MMB29P) AppleWebKit/537.36 (KHTML, like Gecko) Chrome/135.0.7049.52 Mobile Safari/537.36 (compatible; GoogleOther)"
66.249.77.40 - - [11/Apr/2025:09:16:10 -0400] "GET /item/p/hehuckleberry/14586092.shtml HTTP/1.1" 200 28980 "-" "Mozilla/5.0 (Linux; Android 6.0.1; Nexus 5X Build/MMB29P) AppleWebKit/537.36 (KHTML, like Gecko) Chrome/135.0.7049.52 Mobile Safari/537.36 (compatible; GoogleOther)"
66.249.77.40 - - [11/Apr/2025:09:16:14 -0400] "GET /shopdetail/zs/orthoepy/71394536.shtml HTTP/1.1" 200 27921 "-" "Mozilla/5.0 (Linux; Android 6.0.1; Nexus 5X Build/MMB29P) AppleWebKit/537.36 (KHTML, like Gecko) Chrome/135.0.7049.52 Mobile Safari/537.36 (compatible; GoogleOther)"
157.55.39.63 - - [11/Apr/2025:09:16:15 -0400] "GET /detail/35368010.shtml HTTP/1.1" 200 25622 "-" "Mozilla/5.0 AppleWebKit/537.36 (KHTML, like Gecko; compatible; bingbot/2.0; +http://www.bing.com/bingbot.htm) Chrome/116.0.1938.76 Safari/537.36"
66.249.77.40 - - [11/Apr/2025:09:16:16 -0400] "GET /entity/21088096.shtml HTTP/1.1" 200 29077 "-" "Mozilla/5.0 (Linux; Android 6.0.1; Nexus 5X Build/MMB29P) AppleWebKit/537.36 (KHTML, like Gecko) Chrome/135.0.7049.52 Mobile Safari/537.36 (compatible; GoogleOther)"
66.249.77.40 - - [11/Apr/2025:09:16:22 -0400] "GET /detail/capitan/122081022.shtml HTTP/1.1" 200 26618 "-" "Mozilla/5.0 (Linux; Android 6.0.1; Nexus 5X Build/MMB29P) AppleWebKit/537.36 (KHTML, like Gecko) Chrome/135.0.7049.52 Mobile Safari/537.36 (compatible; GoogleOther)"
157.55.39.63 - - [11/Apr/2025:09:16:26 -0400] "GET /detail37890384.shtml HTTP/1.1" 200 26458 "-" "Mozilla/5.0 AppleWebKit/537.36 (KHTML, like Gecko; compatible; bingbot/2.0; +http://www.bing.com/bingbot.htm) Chrome/116.0.1938.76 Safari/537.36"
66.249.77.40 - - [11/Apr/2025:09:16:27 -0400] "GET /entity/heptranchias/1645182.shtml HTTP/1.1" 200 26022 "-" "Mozilla/5.0 (Linux; Android 6.0.1; Nexus 5X Build/MMB29P) AppleWebKit/537.36 (KHTML, like Gecko) Chrome/135.0.7049.52 Mobile Safari/537.36 (compatible; GoogleOther)"
66.249.77.40 - - [11/Apr/2025:09:16:29 -0400] "GET /goodscode/x/iodinating/115353924.shtml HTTP/1.1" 200 27836 "-" "Mozilla/5.0 (Linux; Android 6.0.1; Nexus 5X Build/MMB29P) AppleWebKit/537.36 (KHTML, like Gecko) Chrome/135.0.7049.52 Mobile Safari/537.36 (compatible; GoogleOther)"
157.55.39.63 - - [11/Apr/2025:09:16:30 -0400] "GET /items/92335972.shtml HTTP/1.1" 200 27328 "-" "Mozilla/5.0 AppleWebKit/537.36 (KHTML, like Gecko; compatible; bingbot/2.0; +http://www.bing.com/bingbot.htm) Chrome/116.0.1938.76 Safari/537.36"
66.249.77.41 - - [11/Apr/2025:09:16:33 -0400] "GET /goodscode/ta/softner80587832.shtml HTTP/1.1" 200 26663 "-" "Mozilla/5.0 (Linux; Android 6.0.1; Nexus 5X Build/MMB29P) AppleWebKit/537.36 (KHTML, like Gecko) Chrome/135.0.7049.52 Mobile Safari/537.36 (compatible; GoogleOther)"
40.77.167.57 - - [11/Apr/2025:09:16:34 -0400] "GET /detail93693578.shtml HTTP/1.1" 200 26162 "-" "Mozilla/5.0 AppleWebKit/537.36 (KHTML, like Gecko; compatible; bingbot/2.0; +http://www.bing.com/bingbot.htm) Chrome/116.0.1938.76 Safari/537.36"
66.249.77.40 - - [11/Apr/2025:09:16:35 -0400] "GET /shopdetail101137722.shtml HTTP/1.1" 200 27429 "-" "Mozilla/5.0 (Linux; Android 6.0.1; Nexus 5X Build/MMB29P) AppleWebKit/537.36 (KHTML, like Gecko) Chrome/135.0.7049.52 Mobile Safari/537.36 (compatible; GoogleOther)"
40.77.167.44 - - [11/Apr/2025:09:16:40 -0400] "GET /items/commander108272976.shtml HTTP/1.1" 200 24848 "-" "Mozilla/5.0 AppleWebKit/537.36 (KHTML, like Gecko; compatible; bingbot/2.0; +http://www.bing.com/bingbot.htm) Chrome/116.0.1938.76 Safari/537.36"
40.77.167.79 - - [11/Apr/2025:09:16:41 -0400] "GET /products/o/outdid2228966.shtml HTTP/1.1" 200 27562 "-" "Mozilla/5.0 AppleWebKit/537.36 (KHTML, like Gecko; compatible; bingbot/2.0; +http://www.bing.com/bingbot.htm) Chrome/116.0.1938.76 Safari/537.36"
40.77.167.57 - - [11/Apr/2025:09:16:45 -0400] "GET /special/inebriate79137286.shtml HTTP/1.1" 200 25040 "-" "Mozilla/5.0 AppleWebKit/537.36 (KHTML, like Gecko; compatible; bingbot/2.0; +http://www.bing.com/bingbot.htm) Chrome/116.0.1938.76 Safari/537.36"
66.249.77.40 - - [11/Apr/2025:09:16:45 -0400] "GET /detail/miw/undeniably/6338094.shtml HTTP/1.1" 200 26817 "-" "Mozilla/5.0 (Linux; Android 6.0.1; Nexus 5X Build/MMB29P) AppleWebKit/537.36 (KHTML, like Gecko) Chrome/135.0.7049.52 Mobile Safari/537.36 (compatible; GoogleOther)"
66.249.77.40 - - [11/Apr/2025:09:16:47 -0400] "GET /goodscode/y/dicephalous/102846218.shtml HTTP/1.1" 200 24857 "-" "Mozilla/5.0 (Linux; Android 6.0.1; Nexus 5X Build/MMB29P) AppleWebKit/537.36 (KHTML, like Gecko) Chrome/135.0.7049.52 Mobile Safari/537.36 (compatible; GoogleOther)"
66.249.77.41 - - [11/Apr/2025:09:16:49 -0400] "GET /goodscode/spangly54221512.shtml HTTP/1.1" 200 27989 "-" "Mozilla/5.0 (Linux; Android 6.0.1; Nexus 5X Build/MMB29P) AppleWebKit/537.36 (KHTML, like Gecko) Chrome/135.0.7049.52 Mobile Safari/537.36 (compatible; GoogleOther)"
66.249.77.40 - - [11/Apr/2025:09:16:51 -0400] "GET /goodscode/gc/schatchen/62523346.shtml HTTP/1.1" 200 27385 "-" "Mozilla/5.0 (Linux; Android 6.0.1; Nexus 5X Build/MMB29P) AppleWebKit/537.36 (KHTML, like Gecko) Chrome/135.0.7049.52 Mobile Safari/537.36 (compatible; GoogleOther)"
157.55.39.63 - - [11/Apr/2025:09:16:51 -0400] "GET /shopbrand/pertinacity/22337410.shtml HTTP/1.1" 200 27746 "-" "Mozilla/5.0 AppleWebKit/537.36 (KHTML, like Gecko; compatible; bingbot/2.0; +http://www.bing.com/bingbot.htm) Chrome/116.0.1938.76 Safari/537.36"
66.249.77.41 - - [11/Apr/2025:09:16:57 -0400] "GET /entity/epilogation/71390340.shtml HTTP/1.1" 200 28261 "-" "Mozilla/5.0 (Linux; Android 6.0.1; Nexus 5X Build/MMB29P) AppleWebKit/537.36 (KHTML, like Gecko) Chrome/135.0.7049.52 Mobile Safari/537.36 (compatible; GoogleOther)"
40.77.167.79 - - [11/Apr/2025:09:17:01 -0400] "GET /special/strangle28187708.shtml HTTP/1.1" 200 25943 "-" "Mozilla/5.0 AppleWebKit/537.36 (KHTML, like Gecko; compatible; bingbot/2.0; +http://www.bing.com/bingbot.htm) Chrome/116.0.1938.76 Safari/537.36"
40.77.167.44 - - [11/Apr/2025:09:17:02 -0400] "GET /shopping/resupine8476356.shtml HTTP/1.1" 200 26626 "-" "Mozilla/5.0 AppleWebKit/537.36 (KHTML, like Gecko; compatible; bingbot/2.0; +http://www.bing.com/bingbot.htm) Chrome/116.0.1938.76 Safari/537.36"
66.249.77.42 - - [11/Apr/2025:09:17:02 -0400] "GET /goods/e/chymous/24492178.shtml HTTP/1.1" 200 28028 "-" "Mozilla/5.0 (Linux; Android 6.0.1; Nexus 5X Build/MMB29P) AppleWebKit/537.36 (KHTML, like Gecko) Chrome/135.0.7049.52 Mobile Safari/537.36 (compatible; GoogleOther)"
66.249.77.42 - - [11/Apr/2025:09:17:04 -0400] "GET /detail/armature/104829926.shtml HTTP/1.1" 200 26517 "-" "Mozilla/5.0 (Linux; Android 6.0.1; Nexus 5X Build/MMB29P) AppleWebKit/537.36 (KHTML, like Gecko) Chrome/135.0.7049.52 Mobile Safari/537.36 (compatible; GoogleOther)"
40.77.167.57 - - [11/Apr/2025:09:17:05 -0400] "GET /special/lqa/zealed/59790276.shtml HTTP/1.1" 200 28715 "-" "Mozilla/5.0 AppleWebKit/537.36 (KHTML, like Gecko; compatible; bingbot/2.0; +http://www.bing.com/bingbot.htm) Chrome/116.0.1938.76 Safari/537.36"
66.249.77.40 - - [11/Apr/2025:09:17:08 -0400] "GET /special/o/pedipalpous/106128350.shtml HTTP/1.1" 200 24681 "-" "Mozilla/5.0 (Linux; Android 6.0.1; Nexus 5X Build/MMB29P) AppleWebKit/537.36 (KHTML, like Gecko) Chrome/135.0.7049.52 Mobile Safari/537.36 (compatible; GoogleOther)"
40.77.167.79 - - [11/Apr/2025:09:17:10 -0400] "GET /goodscode/21883864.shtml HTTP/1.1" 200 25801 "-" "Mozilla/5.0 AppleWebKit/537.36 (KHTML, like Gecko; compatible; bingbot/2.0; +http://www.bing.com/bingbot.htm) Chrome/116.0.1938.76 Safari/537.36"
66.249.77.40 - - [11/Apr/2025:09:17:10 -0400] "GET /shopbrand/kma/abrood/89602994.shtml HTTP/1.1" 200 26387 "-" "Mozilla/5.0 (Linux; Android 6.0.1; Nexus 5X Build/MMB29P) AppleWebKit/537.36 (KHTML, like Gecko) Chrome/135.0.7049.52 Mobile Safari/537.36 (compatible; GoogleOther)"
52.167.144.140 - - [11/Apr/2025:09:17:10 -0400] "GET /entity122106474.shtml HTTP/1.1" 200 28241 "-" "Mozilla/5.0 AppleWebKit/537.36 (KHTML, like Gecko; compatible; bingbot/2.0; +http://www.bing.com/bingbot.htm) Chrome/116.0.1938.76 Safari/537.36"
52.167.144.140 - - [11/Apr/2025:09:17:14 -0400] "GET /special/122078858.shtml HTTP/1.1" 200 26789 "-" "Mozilla/5.0 AppleWebKit/537.36 (KHTML, like Gecko; compatible; bingbot/2.0; +http://www.bing.com/bingbot.htm) Chrome/116.0.1938.76 Safari/537.36"
66.249.77.40 - - [11/Apr/2025:09:17:16 -0400] "GET /entity/gke/spiracular/431214.shtml HTTP/1.1" 200 28178 "-" "Mozilla/5.0 (Linux; Android 6.0.1; Nexus 5X Build/MMB29P) AppleWebKit/537.36 (KHTML, like Gecko) Chrome/135.0.7049.52 Mobile Safari/537.36 (compatible; GoogleOther)"
66.249.77.40 - - [11/Apr/2025:09:17:21 -0400] "GET /items/sternothyroid18443926.shtml HTTP/1.1" 200 26253 "-" "Mozilla/5.0 (Linux; Android 6.0.1; Nexus 5X Build/MMB29P) AppleWebKit/537.36 (KHTML, like Gecko) Chrome/135.0.7049.52 Mobile Safari/537.36 (compatible; GoogleOther)"
52.167.144.140 - - [11/Apr/2025:09:17:22 -0400] "GET /products/u/spermatheca/42028266.shtml HTTP/1.1" 200 26134 "-" "Mozilla/5.0 AppleWebKit/537.36 (KHTML, like Gecko; compatible; bingbot/2.0; +http://www.bing.com/bingbot.htm) Chrome/116.0.1938.76 Safari/537.36"
198.54.116.86 - - [11/Apr/2025:09:17:24 -0400] "POST /wp-cron.php?doing_wp_cron=1744377444.3719971179962158203125 HTTP/1.1" 200 0 "-" "WordPress/6.7.2; https://servethepeopleinc.org"
162.0.232.248 - - [11/Apr/2025:09:17:24 -0400] "POST /wp-login.php HTTP/1.1" 200 2163 "https://servethepeopleinc.org" "Mozilla/5.0 (Windows NT 10.0; Win64; x64; rv:127.0) Gecko/20100101 Firefox/127.0"
198.54.116.86 - - [11/Apr/2025:09:17:24 -0400] "POST /wp-admin/admin-ajax.php?action=async_litespeed&nonce=zM9lJ0ngSZlKO87rLV8mL9tEpUKwEUmd&litespeed_type=imgoptm HTTP/1.1" 200 21 "-" "WordPress/6.7.2; https://servethepeopleinc.org"
66.249.77.40 - - [11/Apr/2025:09:17:25 -0400] "GET /item/w/outflank/90025010.shtml HTTP/1.1" 200 28213 "-" "Mozilla/5.0 (Linux; Android 6.0.1; Nexus 5X Build/MMB29P) AppleWebKit/537.36 (KHTML, like Gecko) Chrome/135.0.7049.52 Mobile Safari/537.36 (compatible; GoogleOther)"
207.46.13.150 - - [11/Apr/2025:09:17:26 -0400] "GET /info/jww/mortalizing/122094332.shtml HTTP/1.1" 200 28158 "-" "Mozilla/5.0 AppleWebKit/537.36 (KHTML, like Gecko; compatible; bingbot/2.0; +http://www.bing.com/bingbot.htm) Chrome/116.0.1938.76 Safari/537.36"
66.249.77.40 - - [11/Apr/2025:09:17:27 -0400] "GET /goodscode/aea/gyropigeon/35522318.shtml HTTP/1.1" 200 31265 "-" "Mozilla/5.0 (Linux; Android 6.0.1; Nexus 5X Build/MMB29P) AppleWebKit/537.36 (KHTML, like Gecko) Chrome/135.0.7049.52 Mobile Safari/537.36 (compatible; GoogleOther)"
52.167.144.225 - - [11/Apr/2025:09:17:29 -0400] "GET /shopping/11233530.shtml HTTP/1.1" 200 28642 "-" "Mozilla/5.0 AppleWebKit/537.36 (KHTML, like Gecko; compatible; bingbot/2.0; +http://www.bing.com/bingbot.htm) Chrome/116.0.1938.76 Safari/537.36"
66.249.77.40 - - [11/Apr/2025:09:17:33 -0400] "GET /entity/jewfish107975344.shtml HTTP/1.1" 200 27764 "-" "Mozilla/5.0 (Linux; Android 6.0.1; Nexus 5X Build/MMB29P) AppleWebKit/537.36 (KHTML, like Gecko) Chrome/135.0.7049.52 Mobile Safari/537.36 (compatible; GoogleOther)"
40.77.167.57 - - [11/Apr/2025:09:17:33 -0400] "GET /shopping/22316174.shtml HTTP/1.1" 200 26638 "-" "Mozilla/5.0 AppleWebKit/537.36 (KHTML, like Gecko; compatible; bingbot/2.0; +http://www.bing.com/bingbot.htm) Chrome/116.0.1938.76 Safari/537.36"
66.249.77.40 - - [11/Apr/2025:09:17:35 -0400] "GET /entity/po/flagwaving29266940.shtml HTTP/1.1" 200 25877 "-" "Mozilla/5.0 (Linux; Android 6.0.1; Nexus 5X Build/MMB29P) AppleWebKit/537.36 (KHTML, like Gecko) Chrome/135.0.7049.52 Mobile Safari/537.36 (compatible; GoogleOther)"
40.77.167.44 - - [11/Apr/2025:09:17:38 -0400] "GET /item/caryophyllidae122093848.shtml HTTP/1.1" 200 27327 "-" "Mozilla/5.0 AppleWebKit/537.36 (KHTML, like Gecko; compatible; bingbot/2.0; +http://www.bing.com/bingbot.htm) Chrome/116.0.1938.76 Safari/537.36"
66.249.77.41 - - [11/Apr/2025:09:17:41 -0400] "GET /special/eqi/cruorin/96900578.shtml HTTP/1.1" 200 27377 "-" "Mozilla/5.0 (Linux; Android 6.0.1; Nexus 5X Build/MMB29P) AppleWebKit/537.36 (KHTML, like Gecko) Chrome/135.0.7049.52 Mobile Safari/537.36 (compatible; GoogleOther)"
40.77.167.57 - - [11/Apr/2025:09:17:43 -0400] "GET /items/spheroid60443796.shtml HTTP/1.1" 200 24790 "-" "Mozilla/5.0 AppleWebKit/537.36 (KHTML, like Gecko; compatible; bingbot/2.0; +http://www.bing.com/bingbot.htm) Chrome/116.0.1938.76 Safari/537.36"
66.249.77.41 - - [11/Apr/2025:09:17:43 -0400] "GET /detail/oia/perigrinum/92410630.shtml HTTP/1.1" 200 27428 "-" "Mozilla/5.0 (Linux; Android 6.0.1; Nexus 5X Build/MMB29P) AppleWebKit/537.36 (KHTML, like Gecko) Chrome/135.0.7049.52 Mobile Safari/537.36 (compatible; GoogleOther)"
66.249.77.41 - - [11/Apr/2025:09:17:48 -0400] "GET /products/aum/diarrhetic/117368874.shtml HTTP/1.1" 200 28449 "-" "Mozilla/5.0 (Linux; Android 6.0.1; Nexus 5X Build/MMB29P) AppleWebKit/537.36 (KHTML, like Gecko) Chrome/135.0.7049.52 Mobile Safari/537.36 (compatible; GoogleOther)"
66.249.77.40 - - [11/Apr/2025:09:17:52 -0400] "GET /info28729222.shtml HTTP/1.1" 200 25620 "-" "Mozilla/5.0 (Linux; Android 6.0.1; Nexus 5X Build/MMB29P) AppleWebKit/537.36 (KHTML, like Gecko) Chrome/135.0.7049.52 Mobile Safari/537.36 (compatible; GoogleOther)"
66.249.77.41 - - [11/Apr/2025:09:17:54 -0400] "GET /entity1726162.shtml HTTP/1.1" 200 26083 "-" "Mozilla/5.0 (Linux; Android 6.0.1; Nexus 5X Build/MMB29P) AppleWebKit/537.36 (KHTML, like Gecko) Chrome/135.0.7049.52 Mobile Safari/537.36 (compatible; GoogleOther)"
66.249.77.41 - - [11/Apr/2025:09:17:56 -0400] "GET /goodscode/kea/fleece/85615010.shtml HTTP/1.1" 200 25981 "-" "Mozilla/5.0 (Linux; Android 6.0.1; Nexus 5X Build/MMB29P) AppleWebKit/537.36 (KHTML, like Gecko) Chrome/135.0.7049.52 Mobile Safari/537.36 (compatible; GoogleOther)"
20.15.133.191 - - [11/Apr/2025:09:17:58 -0400] "GET /entity/flabellation50822058.shtml HTTP/1.1" 200 29718 "-" "Mozilla/5.0 AppleWebKit/537.36 (KHTML, like Gecko; compatible; bingbot/2.0; +http://www.bing.com/bingbot.htm) Chrome/116.0.1938.76 Safari/537.36"
66.249.77.40 - - [11/Apr/2025:09:14:45 -0400] "GET /products/yuu/uterovaginal/89952974.shtml HTTP/1.1" 200 26899 "-" "Mozilla/5.0 (Linux; Android 6.0.1; Nexus 5X Build/MMB29P) AppleWebKit/537.36 (KHTML, like Gecko) Chrome/135.0.7049.52 Mobile Safari/537.36 (compatible; GoogleOther)"
66.249.77.40 - - [11/Apr/2025:09:14:47 -0400] "GET /detail/biy/overblown/56281340.shtml HTTP/1.1" 200 28135 "-" "Mozilla/5.0 (Linux; Android 6.0.1; Nexus 5X Build/MMB29P) AppleWebKit/537.36 (KHTML, like Gecko) Chrome/135.0.7049.52 Mobile Safari/537.36 (compatible; GoogleOther)"
40.77.167.79 - - [11/Apr/2025:09:14:49 -0400] "GET /items/110595198.shtml HTTP/1.1" 200 26321 "-" "Mozilla/5.0 AppleWebKit/537.36 (KHTML, like Gecko; compatible; bingbot/2.0; +http://www.bing.com/bingbot.htm) Chrome/116.0.1938.76 Safari/537.36"
66.249.77.40 - - [11/Apr/2025:09:14:52 -0400] "GET /entity/pluralizer115350748.shtml HTTP/1.1" 200 25494 "-" "Mozilla/5.0 (Linux; Android 6.0.1; Nexus 5X Build/MMB29P) AppleWebKit/537.36 (KHTML, like Gecko) Chrome/135.0.7049.52 Mobile Safari/537.36 (compatible; GoogleOther)"
207.46.13.150 - - [11/Apr/2025:09:14:55 -0400] "GET /shopping/bedaze/51596428.shtml HTTP/1.1" 200 27697 "-" "Mozilla/5.0 AppleWebKit/537.36 (KHTML, like Gecko; compatible; bingbot/2.0; +http://www.bing.com/bingbot.htm) Chrome/116.0.1938.76 Safari/537.36"
52.167.144.225 - - [11/Apr/2025:09:18:00 -0400] "GET /items/yg/surveyance121747710.shtml HTTP/1.1" 200 25834 "-" "Mozilla/5.0 AppleWebKit/537.36 (KHTML, like Gecko; compatible; bingbot/2.0; +http://www.bing.com/bingbot.htm) Chrome/116.0.1938.76 Safari/537.36"
40.77.167.57 - - [11/Apr/2025:09:18:04 -0400] "GET /shopdetail/48887512.shtml HTTP/1.1" 200 26908 "-" "Mozilla/5.0 AppleWebKit/537.36 (KHTML, like Gecko; compatible; bingbot/2.0; +http://www.bing.com/bingbot.htm) Chrome/116.0.1938.76 Safari/537.36"
66.249.77.42 - - [11/Apr/2025:09:18:05 -0400] "GET /detail/ii/meletin/96903958.shtml HTTP/1.1" 200 27460 "-" "Mozilla/5.0 (Linux; Android 6.0.1; Nexus 5X Build/MMB29P) AppleWebKit/537.36 (KHTML, like Gecko) Chrome/135.0.7049.52 Mobile Safari/537.36 (compatible; GoogleOther)"
66.249.77.40 - - [11/Apr/2025:09:18:10 -0400] "GET /products/telestereoscope/31482948.shtml HTTP/1.1" 200 26343 "-" "Mozilla/5.0 (Linux; Android 6.0.1; Nexus 5X Build/MMB29P) AppleWebKit/537.36 (KHTML, like Gecko) Chrome/135.0.7049.52 Mobile Safari/537.36 (compatible; GoogleOther)"
66.249.77.41 - - [11/Apr/2025:09:18:12 -0400] "GET /entity/mediaevals38834392.shtml HTTP/1.1" 200 26937 "-" "Mozilla/5.0 (Linux; Android 6.0.1; Nexus 5X Build/MMB29P) AppleWebKit/537.36 (KHTML, like Gecko) Chrome/135.0.7049.52 Mobile Safari/537.36 (compatible; GoogleOther)"
66.249.77.40 - - [11/Apr/2025:09:18:14 -0400] "GET / HTTP/1.1" 200 26325 "-" "Mozilla/5.0 (compatible; Googlebot/2.1; +http://www.google.com/bot.html)"
66.249.77.40 - - [11/Apr/2025:09:18:14 -0400] "GET /items/a/sustainer/71392334.shtml HTTP/1.1" 200 28711 "-" "Mozilla/5.0 (Linux; Android 6.0.1; Nexus 5X Build/MMB29P) AppleWebKit/537.36 (KHTML, like Gecko) Chrome/135.0.7049.52 Mobile Safari/537.36 (compatible; GoogleOther)"
66.249.77.40 - - [11/Apr/2025:09:18:18 -0400] "GET /detail/inditing/52280992.shtml HTTP/1.1" 200 25621 "-" "Mozilla/5.0 (Linux; Android 6.0.1; Nexus 5X Build/MMB29P) AppleWebKit/537.36 (KHTML, like Gecko) Chrome/135.0.7049.52 Mobile Safari/537.36 (compatible; GoogleOther)"
52.167.144.225 - - [11/Apr/2025:09:18:21 -0400] "GET /goods/litocranius42366518.shtml HTTP/1.1" 200 31532 "-" "Mozilla/5.0 AppleWebKit/537.36 (KHTML, like Gecko; compatible; bingbot/2.0; +http://www.bing.com/bingbot.htm) Chrome/116.0.1938.76 Safari/537.36"
66.249.77.40 - - [11/Apr/2025:09:18:29 -0400] "GET /entity/xxk/unbone1558788.shtml HTTP/1.1" 200 26360 "-" "Mozilla/5.0 (Linux; Android 6.0.1; Nexus 5X Build/MMB29P) AppleWebKit/537.36 (KHTML, like Gecko) Chrome/135.0.7049.52 Mobile Safari/537.36 (compatible; GoogleOther)"
66.249.77.40 - - [11/Apr/2025:09:18:31 -0400] "GET /products/n/ingenerating/682664.shtml HTTP/1.1" 200 26249 "-" "Mozilla/5.0 (Linux; Android 6.0.1; Nexus 5X Build/MMB29P) AppleWebKit/537.36 (KHTML, like Gecko) Chrome/135.0.7049.52 Mobile Safari/537.36 (compatible; GoogleOther)"
40.77.167.57 - - [11/Apr/2025:09:18:32 -0400] "GET /item110261420.shtml HTTP/1.1" 200 27043 "-" "Mozilla/5.0 AppleWebKit/537.36 (KHTML, like Gecko; compatible; bingbot/2.0; +http://www.bing.com/bingbot.htm) Chrome/116.0.1938.76 Safari/537.36"
40.77.167.44 - - [11/Apr/2025:09:18:38 -0400] "GET /shopdetail/tyy/topdressing/51730560.shtml HTTP/1.1" 200 25892 "-" "Mozilla/5.0 AppleWebKit/537.36 (KHTML, like Gecko; compatible; bingbot/2.0; +http://www.bing.com/bingbot.htm) Chrome/116.0.1938.76 Safari/537.36"
157.55.39.63 - - [11/Apr/2025:09:18:38 -0400] "GET /items48807020.shtml HTTP/1.1" 200 30719 "-" "Mozilla/5.0 AppleWebKit/537.36 (KHTML, like Gecko; compatible; bingbot/2.0; +http://www.bing.com/bingbot.htm) Chrome/116.0.1938.76 Safari/537.36"
66.249.77.40 - - [11/Apr/2025:09:18:38 -0400] "GET /detail/w/derworth/90547002.shtml HTTP/1.1" 200 27049 "-" "Mozilla/5.0 (Linux; Android 6.0.1; Nexus 5X Build/MMB29P) AppleWebKit/537.36 (KHTML, like Gecko) Chrome/135.0.7049.52 Mobile Safari/537.36 (compatible; GoogleOther)"
40.77.167.57 - - [11/Apr/2025:09:18:42 -0400] "GET /detail/fk/corymb122243768.shtml HTTP/1.1" 200 24978 "-" "Mozilla/5.0 AppleWebKit/537.36 (KHTML, like Gecko; compatible; bingbot/2.0; +http://www.bing.com/bingbot.htm) Chrome/116.0.1938.76 Safari/537.36"
66.249.77.40 - - [11/Apr/2025:09:18:48 -0400] "GET /shopbrand/x/spangled/30955492.shtml HTTP/1.1" 200 26371 "-" "Mozilla/5.0 (Linux; Android 6.0.1; Nexus 5X Build/MMB29P) AppleWebKit/537.36 (KHTML, like Gecko) Chrome/135.0.7049.52 Mobile Safari/537.36 (compatible; GoogleOther)"
40.77.167.57 - - [11/Apr/2025:09:18:52 -0400] "GET /detail/ik/beleaguered55397118.shtml HTTP/1.1" 200 27298 "-" "Mozilla/5.0 AppleWebKit/537.36 (KHTML, like Gecko; compatible; bingbot/2.0; +http://www.bing.com/bingbot.htm) Chrome/116.0.1938.76 Safari/537.36"
66.249.77.40 - - [11/Apr/2025:09:18:58 -0400] "GET /entity/enclitical107974130.shtml HTTP/1.1" 200 25970 "-" "Mozilla/5.0 (Linux; Android 6.0.1; Nexus 5X Build/MMB29P) AppleWebKit/537.36 (KHTML, like Gecko) Chrome/135.0.7049.52 Mobile Safari/537.36 (compatible; GoogleOther)"
52.167.144.225 - - [11/Apr/2025:09:19:00 -0400] "GET /goods41742556.shtml HTTP/1.1" 200 28180 "-" "Mozilla/5.0 AppleWebKit/537.36 (KHTML, like Gecko; compatible; bingbot/2.0; +http://www.bing.com/bingbot.htm) Chrome/116.0.1938.76 Safari/537.36"
66.249.77.41 - - [11/Apr/2025:09:19:03 -0400] "GET /shopdetail/py/illuminizing/58097908.shtml HTTP/1.1" 200 27075 "-" "Mozilla/5.0 (Linux; Android 6.0.1; Nexus 5X Build/MMB29P) AppleWebKit/537.36 (KHTML, like Gecko) Chrome/135.0.7049.52 Mobile Safari/537.36 (compatible; GoogleOther)"
40.77.167.57 - - [11/Apr/2025:09:19:05 -0400] "GET /detail/caules/99772324.shtml HTTP/1.1" 200 26362 "-" "Mozilla/5.0 AppleWebKit/537.36 (KHTML, like Gecko; compatible; bingbot/2.0; +http://www.bing.com/bingbot.htm) Chrome/116.0.1938.76 Safari/537.36"
66.249.77.42 - - [11/Apr/2025:09:19:05 -0400] "GET /entity/truand115349284.shtml HTTP/1.1" 200 25163 "-" "Mozilla/5.0 (Linux; Android 6.0.1; Nexus 5X Build/MMB29P) AppleWebKit/537.36 (KHTML, like Gecko) Chrome/135.0.7049.52 Mobile Safari/537.36 (compatible; GoogleOther)"
66.249.77.40 - - [11/Apr/2025:09:19:08 -0400] "GET /info/q/wanhope/96915230.shtml HTTP/1.1" 200 28498 "-" "Mozilla/5.0 (Linux; Android 6.0.1; Nexus 5X Build/MMB29P) AppleWebKit/537.36 (KHTML, like Gecko) Chrome/135.0.7049.52 Mobile Safari/537.36 (compatible; GoogleOther)"
52.167.144.225 - - [11/Apr/2025:09:19:09 -0400] "GET /goods40106552.shtml HTTP/1.1" 200 25856 "-" "Mozilla/5.0 AppleWebKit/537.36 (KHTML, like Gecko; compatible; bingbot/2.0; +http://www.bing.com/bingbot.htm) Chrome/116.0.1938.76 Safari/537.36"
52.167.144.225 - - [11/Apr/2025:09:19:15 -0400] "GET /special/clifted32594814.shtml HTTP/1.1" 200 26243 "-" "Mozilla/5.0 AppleWebKit/537.36 (KHTML, like Gecko; compatible; bingbot/2.0; +http://www.bing.com/bingbot.htm) Chrome/116.0.1938.76 Safari/537.36"
66.249.77.40 - - [11/Apr/2025:09:19:19 -0400] "GET /shopping90531146.shtml HTTP/1.1" 200 26711 "-" "Mozilla/5.0 (Linux; Android 6.0.1; Nexus 5X Build/MMB29P) AppleWebKit/537.36 (KHTML, like Gecko) Chrome/135.0.7049.52 Mobile Safari/537.36 (compatible; GoogleOther)"
66.249.77.40 - - [11/Apr/2025:09:19:21 -0400] "GET /shopdetail/em/polypragmaty/37311182.shtml HTTP/1.1" 200 25748 "-" "Mozilla/5.0 (Linux; Android 6.0.1; Nexus 5X Build/MMB29P) AppleWebKit/537.36 (KHTML, like Gecko) Chrome/135.0.7049.52 Mobile Safari/537.36 (compatible; GoogleOther)"
52.167.144.225 - - [11/Apr/2025:09:19:22 -0400] "GET /items/112402394.shtml HTTP/1.1" 200 25481 "-" "Mozilla/5.0 AppleWebKit/537.36 (KHTML, like Gecko; compatible; bingbot/2.0; +http://www.bing.com/bingbot.htm) Chrome/116.0.1938.76 Safari/537.36"
66.249.77.40 - - [11/Apr/2025:09:19:24 -0400] "GET /info/ewi/cacuminate/72759734.shtml HTTP/1.1" 200 25003 "-" "Mozilla/5.0 (Linux; Android 6.0.1; Nexus 5X Build/MMB29P) AppleWebKit/537.36 (KHTML, like Gecko) Chrome/135.0.7049.52 Mobile Safari/537.36 (compatible; GoogleOther)"
66.249.77.40 - - [11/Apr/2025:09:19:25 -0400] "GET /detail/qiw/haustoria/113944970.shtml HTTP/1.1" 200 26757 "-" "Mozilla/5.0 (Linux; Android 6.0.1; Nexus 5X Build/MMB29P) AppleWebKit/537.36 (KHTML, like Gecko) Chrome/135.0.7049.52 Mobile Safari/537.36 (compatible; GoogleOther)"
40.77.167.57 - - [11/Apr/2025:09:19:26 -0400] "GET /items/progenerate57092596.shtml HTTP/1.1" 200 26510 "-" "Mozilla/5.0 AppleWebKit/537.36 (KHTML, like Gecko; compatible; bingbot/2.0; +http://www.bing.com/bingbot.htm) Chrome/116.0.1938.76 Safari/537.36"
66.249.77.40 - - [11/Apr/2025:09:19:29 -0400] "GET /products/b/ajacis/14691348.shtml HTTP/1.1" 200 26225 "-" "Mozilla/5.0 (Linux; Android 6.0.1; Nexus 5X Build/MMB29P) AppleWebKit/537.36 (KHTML, like Gecko) Chrome/135.0.7049.52 Mobile Safari/537.36 (compatible; GoogleOther)"
52.167.144.225 - - [11/Apr/2025:09:19:31 -0400] "GET /goodscode/franchised16063736.shtml HTTP/1.1" 200 28784 "-" "Mozilla/5.0 AppleWebKit/537.36 (KHTML, like Gecko; compatible; bingbot/2.0; +http://www.bing.com/bingbot.htm) Chrome/116.0.1938.76 Safari/537.36"
66.249.77.40 - - [11/Apr/2025:09:19:34 -0400] "GET /entity/swinger/32992780.shtml HTTP/1.1" 200 27801 "-" "Mozilla/5.0 (Linux; Android 6.0.1; Nexus 5X Build/MMB29P) AppleWebKit/537.36 (KHTML, like Gecko) Chrome/135.0.7049.52 Mobile Safari/537.36 (compatible; GoogleOther)"
66.249.77.40 - - [11/Apr/2025:09:19:36 -0400] "GET /goodscode/mycetozoan4998194.shtml HTTP/1.1" 200 27429 "-" "Mozilla/5.0 (Linux; Android 6.0.1; Nexus 5X Build/MMB29P) AppleWebKit/537.36 (KHTML, like Gecko) Chrome/135.0.7049.52 Mobile Safari/537.36 (compatible; GoogleOther)"
66.249.77.40 - - [11/Apr/2025:09:19:38 -0400] "GET /item/b/improficience/27554080.shtml HTTP/1.1" 200 28653 "-" "Mozilla/5.0 (Linux; Android 6.0.1; Nexus 5X Build/MMB29P) AppleWebKit/537.36 (KHTML, like Gecko) Chrome/135.0.7049.52 Mobile Safari/537.36 (compatible; GoogleOther)"
66.249.77.40 - - [11/Apr/2025:09:19:40 -0400] "GET /items/rou/thermotank/4292984.shtml HTTP/1.1" 200 27479 "-" "Mozilla/5.0 (Linux; Android 6.0.1; Nexus 5X Build/MMB29P) AppleWebKit/537.36 (KHTML, like Gecko) Chrome/135.0.7049.52 Mobile Safari/537.36 (compatible; GoogleOther)"
66.249.77.40 - - [11/Apr/2025:09:19:49 -0400] "GET /detail/fielding86737518.shtml HTTP/1.1" 200 25741 "-" "Mozilla/5.0 (Linux; Android 6.0.1; Nexus 5X Build/MMB29P) AppleWebKit/537.36 (KHTML, like Gecko) Chrome/135.0.7049.52 Mobile Safari/537.36 (compatible; GoogleOther)"
66.249.77.40 - - [11/Apr/2025:09:19:56 -0400] "GET /item/iai/tetragoniaceae/125657410.shtml HTTP/1.1" 200 26125 "-" "Mozilla/5.0 (Linux; Android 6.0.1; Nexus 5X Build/MMB29P) AppleWebKit/537.36 (KHTML, like Gecko) Chrome/135.0.7049.52 Mobile Safari/537.36 (compatible; GoogleOther)"
66.249.77.42 - - [11/Apr/2025:09:20:01 -0400] "GET /entity/56277190.shtml HTTP/1.1" 200 27308 "-" "Mozilla/5.0 (Linux; Android 6.0.1; Nexus 5X Build/MMB29P) AppleWebKit/537.36 (KHTML, like Gecko) Chrome/135.0.7049.52 Mobile Safari/537.36 (compatible; GoogleOther)"
157.55.39.63 - - [11/Apr/2025:09:20:02 -0400] "GET /info/deprecation32209480.shtml HTTP/1.1" 200 27157 "-" "Mozilla/5.0 AppleWebKit/537.36 (KHTML, like Gecko; compatible; bingbot/2.0; +http://www.bing.com/bingbot.htm) Chrome/116.0.1938.76 Safari/537.36"
66.249.77.40 - - [11/Apr/2025:09:20:03 -0400] "GET /items/v/tessellatum/114580768.shtml HTTP/1.1" 200 27932 "-" "Mozilla/5.0 (Linux; Android 6.0.1; Nexus 5X Build/MMB29P) AppleWebKit/537.36 (KHTML, like Gecko) Chrome/135.0.7049.52 Mobile Safari/537.36 (compatible; GoogleOther)"
66.249.77.41 - - [11/Apr/2025:09:20:08 -0400] "GET /goodscode/qes/kurchee/103246694.shtml HTTP/1.1" 200 28192 "-" "Mozilla/5.0 (Linux; Android 6.0.1; Nexus 5X Build/MMB29P) AppleWebKit/537.36 (KHTML, like Gecko) Chrome/135.0.7049.52 Mobile Safari/537.36 (compatible; GoogleOther)"
157.55.39.63 - - [11/Apr/2025:09:20:12 -0400] "GET /goodscode/heresiarch/42686306.shtml HTTP/1.1" 200 25594 "-" "Mozilla/5.0 AppleWebKit/537.36 (KHTML, like Gecko; compatible; bingbot/2.0; +http://www.bing.com/bingbot.htm) Chrome/116.0.1938.76 Safari/537.36"
157.55.39.63 - - [11/Apr/2025:09:20:15 -0400] "GET /products/121329458.shtml HTTP/1.1" 200 27479 "-" "Mozilla/5.0 AppleWebKit/537.36 (KHTML, like Gecko; compatible; bingbot/2.0; +http://www.bing.com/bingbot.htm) Chrome/116.0.1938.76 Safari/537.36"
66.249.77.40 - - [11/Apr/2025:09:20:15 -0400] "GET /shopdetail/repleader/6339648.shtml HTTP/1.1" 200 27684 "-" "Mozilla/5.0 (Linux; Android 6.0.1; Nexus 5X Build/MMB29P) AppleWebKit/537.36 (KHTML, like Gecko) Chrome/135.0.7049.52 Mobile Safari/537.36 (compatible; GoogleOther)"
3.133.91.217 - - [11/Apr/2025:09:20:17 -0400] "GET /ad917/?path=%2Fhome%2F.%2F.%2F..%2F..%2Flib64%2Fdovecot%2F..%2Flibxcb-record.so.0 HTTP/1.1" 200 964 "-" "Mozilla/5.0 AppleWebKit/537.36 (KHTML, like Gecko; compatible; ClaudeBot/1.0; +claudebot@anthropic.com)"
3.133.91.217 - - [11/Apr/2025:09:20:17 -0400] "GET /ad917/?path=%2Fhome%2F.%2F..%2F..%2Flib%2Fgcc%2F..%2Fudev%2Flibinput-fuzz-to-zero HTTP/1.1" 200 970 "-" "Mozilla/5.0 AppleWebKit/537.36 (KHTML, like Gecko; compatible; ClaudeBot/1.0; +claudebot@anthropic.com)"
3.133.91.217 - - [11/Apr/2025:09:20:17 -0400] "GET /ad917/?path=%2Fhome%2F.%2F.%2F..%2F..%2Flib64%2Fpgsql%2F..%2Flibgstisoff-1.0.so.0 HTTP/1.1" 200 965 "-" "Mozilla/5.0 AppleWebKit/537.36 (KHTML, like Gecko; compatible; ClaudeBot/1.0; +claudebot@anthropic.com)"
3.133.91.217 - - [11/Apr/2025:09:20:17 -0400] "GET /ad917/?path=%2Fhome%2F.%2F.%2F..%2F..%2Fhome2%2F..%2Flib64%2FlibodbctxtS.so.2.0.0 HTTP/1.1" 200 966 "-" "Mozilla/5.0 AppleWebKit/537.36 (KHTML, like Gecko; compatible; ClaudeBot/1.0; +claudebot@anthropic.com)"
3.133.91.217 - - [11/Apr/2025:09:20:17 -0400] "GET /ad917/?path=%2Fhome%2F.%2F.%2F..%2F..%2Flib64%2Fdovecot%2F..%2FlibGLdispatch.so.0 HTTP/1.1" 200 968 "-" "Mozilla/5.0 AppleWebKit/537.36 (KHTML, like Gecko; compatible; ClaudeBot/1.0; +claudebot@anthropic.com)"
66.249.77.40 - - [11/Apr/2025:09:20:17 -0400] "GET /entity/helpful52666970.shtml HTTP/1.1" 200 25319 "-" "Mozilla/5.0 (Linux; Android 6.0.1; Nexus 5X Build/MMB29P) AppleWebKit/537.36 (KHTML, like Gecko) Chrome/135.0.7049.52 Mobile Safari/537.36 (compatible; GoogleOther)"
3.133.91.217 - - [11/Apr/2025:09:20:19 -0400] "GET /ad917/?path=%2Fhome%2F.%2F.%2F..%2F..%2Flib64%2Fgems%2F..%2FlibodbcpsqlS.so.2.0.0 HTTP/1.1" 200 970 "-" "Mozilla/5.0 AppleWebKit/537.36 (KHTML, like Gecko; compatible; ClaudeBot/1.0; +claudebot@anthropic.com)"
3.133.91.217 - - [11/Apr/2025:09:20:19 -0400] "GET /ad917/?path=%2Fhome%2F.%2F..%2F..%2F.%2Fhome6%2F..%2Flib64%2Flibxcb-xinerama.so.0 HTTP/1.1" 200 965 "-" "Mozilla/5.0 AppleWebKit/537.36 (KHTML, like Gecko; compatible; ClaudeBot/1.0; +claudebot@anthropic.com)"
3.133.91.217 - - [11/Apr/2025:09:20:20 -0400] "GET /ad917/?path=%2Fhome%2F.%2F..%2F..%2F..%2Fhome%2F..%2Flib64%2Flibtemplate.so.2.0.0 HTTP/1.1" 200 955 "-" "Mozilla/5.0 AppleWebKit/537.36 (KHTML, like Gecko; compatible; ClaudeBot/1.0; +claudebot@anthropic.com)"
3.133.91.217 - - [11/Apr/2025:09:20:20 -0400] "GET /ad917/?path=%2Fhome%2F.%2F.%2F..%2F..%2Flib64%2Ffirebird%2F..%2Flibedit.so.0.0.56 HTTP/1.1" 200 966 "-" "Mozilla/5.0 AppleWebKit/537.36 (KHTML, like Gecko; compatible; ClaudeBot/1.0; +claudebot@anthropic.com)"
3.133.91.217 - - [11/Apr/2025:09:20:20 -0400] "GET /ad917/?path=%2Fhome%2F.%2F.%2F..%2F..%2Flib64%2Fdovecot%2F..%2Flibfreeblpriv3.chk HTTP/1.1" 200 967 "-" "Mozilla/5.0 AppleWebKit/537.36 (KHTML, like Gecko; compatible; ClaudeBot/1.0; +claudebot@anthropic.com)"
3.133.91.217 - - [11/Apr/2025:09:20:23 -0400] "GET /ad917/?path=%2Fhome%2F.%2F..%2F..%2F..%2Fhome%2F..%2Flib64%2FlibEGL_mesa.so.0.0.0 HTTP/1.1" 200 960 "-" "Mozilla/5.0 AppleWebKit/537.36 (KHTML, like Gecko; compatible; ClaudeBot/1.0; +claudebot@anthropic.com)"
3.133.91.217 - - [11/Apr/2025:09:20:23 -0400] "GET /ad917/?path=%2Fhome%2F.%2F.%2F..%2F..%2Flib64%2Fgroff%2F..%2Flibavahi-common.so.3 HTTP/1.1" 200 965 "-" "Mozilla/5.0 AppleWebKit/537.36 (KHTML, like Gecko; compatible; ClaudeBot/1.0; +claudebot@anthropic.com)"
157.55.39.63 - - [11/Apr/2025:09:20:22 -0400] "GET /special10425874.shtml HTTP/1.1" 200 28065 "-" "Mozilla/5.0 AppleWebKit/537.36 (KHTML, like Gecko; compatible; bingbot/2.0; +http://www.bing.com/bingbot.htm) Chrome/116.0.1938.76 Safari/537.36"
3.133.91.217 - - [11/Apr/2025:09:20:23 -0400] "GET /ad917/?path=%2Fhome%2F.%2F.%2F..%2F..%2Flib64%2Fhmaccalc%2F..%2Flibtss2-esys.so.0 HTTP/1.1" 200 968 "-" "Mozilla/5.0 AppleWebKit/537.36 (KHTML, like Gecko; compatible; ClaudeBot/1.0; +claudebot@anthropic.com)"
3.133.91.217 - - [11/Apr/2025:09:20:23 -0400] "GET /ad917/?path=%2Fhome%2F.%2F.%2F..%2F..%2Flib64%2Ftd-agent-bit%2F..%2Flibxcb-glx.so HTTP/1.1" 200 964 "-" "Mozilla/5.0 AppleWebKit/537.36 (KHTML, like Gecko; compatible; ClaudeBot/1.0; +claudebot@anthropic.com)"
3.133.91.217 - - [11/Apr/2025:09:20:23 -0400] "GET /ad917/?path=%2Fhome%2F.%2F.%2F..%2F..%2Flib64%2Fdovecot%2F..%2Flibnss_dns-2.28.so HTTP/1.1" 200 966 "-" "Mozilla/5.0 AppleWebKit/537.36 (KHTML, like Gecko; compatible; ClaudeBot/1.0; +claudebot@anthropic.com)"
40.77.167.57 - - [11/Apr/2025:09:20:23 -0400] "GET /item/oam/corsepresent/58561970.shtml HTTP/1.1" 200 26829 "-" "Mozilla/5.0 AppleWebKit/537.36 (KHTML, like Gecko; compatible; bingbot/2.0; +http://www.bing.com/bingbot.htm) Chrome/116.0.1938.76 Safari/537.36"
3.133.91.217 - - [11/Apr/2025:09:20:24 -0400] "GET /ad917/?path=%2Fhome%2F.%2F..%2F..%2F.%2Fhome6%2F..%2Flib64%2Flibnetsnmp.so.35.0.0 HTTP/1.1" 200 964 "-" "Mozilla/5.0 AppleWebKit/537.36 (KHTML, like Gecko; compatible; ClaudeBot/1.0; +claudebot@anthropic.com)"
66.249.77.40 - - [11/Apr/2025:09:20:24 -0400] "GET /detail/characters27926030.shtml HTTP/1.1" 200 26610 "-" "Mozilla/5.0 (Linux; Android 6.0.1; Nexus 5X Build/MMB29P) AppleWebKit/537.36 (KHTML, like Gecko) Chrome/135.0.7049.52 Mobile Safari/537.36 (compatible; GoogleOther)"
66.249.77.40 - - [11/Apr/2025:09:20:26 -0400] "GET /info/x/lenience/5011772.shtml HTTP/1.1" 200 26647 "-" "Mozilla/5.0 (Linux; Android 6.0.1; Nexus 5X Build/MMB29P) AppleWebKit/537.36 (KHTML, like Gecko) Chrome/135.0.7049.52 Mobile Safari/537.36 (compatible; GoogleOther)"
66.249.77.40 - - [11/Apr/2025:09:20:31 -0400] "GET /products/private/103817616.shtml HTTP/1.1" 200 27759 "-" "Mozilla/5.0 (Linux; Android 6.0.1; Nexus 5X Build/MMB29P) AppleWebKit/537.36 (KHTML, like Gecko) Chrome/135.0.7049.52 Mobile Safari/537.36 (compatible; GoogleOther)"
40.77.167.57 - - [11/Apr/2025:09:20:32 -0400] "GET /item/pavonine53238658.shtml HTTP/1.1" 200 27707 "-" "Mozilla/5.0 AppleWebKit/537.36 (KHTML, like Gecko; compatible; bingbot/2.0; +http://www.bing.com/bingbot.htm) Chrome/116.0.1938.76 Safari/537.36"
66.249.77.40 - - [11/Apr/2025:09:20:35 -0400] "GET /info/eww/gabbler/89575378.shtml HTTP/1.1" 200 29022 "-" "Mozilla/5.0 (Linux; Android 6.0.1; Nexus 5X Build/MMB29P) AppleWebKit/537.36 (KHTML, like Gecko) Chrome/135.0.7049.52 Mobile Safari/537.36 (compatible; GoogleOther)"
66.249.69.105 - - [11/Apr/2025:09:20:39 -0400] "GET /entity/n/plumassary/2371908.shtml HTTP/1.1" 200 27565 "-" "Mozilla/5.0 (Linux; Android 6.0.1; Nexus 5X Build/MMB29P) AppleWebKit/537.36 (KHTML, like Gecko) Chrome/135.0.7049.52 Mobile Safari/537.36 (compatible; GoogleOther)"
66.249.77.41 - - [11/Apr/2025:09:20:43 -0400] "GET /detail/p/macrolepidotum/123090488.shtml HTTP/1.1" 200 26552 "-" "Mozilla/5.0 (Linux; Android 6.0.1; Nexus 5X Build/MMB29P) AppleWebKit/537.36 (KHTML, like Gecko) Chrome/135.0.7049.52 Mobile Safari/537.36 (compatible; GoogleOther)"
40.77.167.7 - - [11/Apr/2025:09:20:51 -0400] "GET /shopdetail/nys/spongia/ HTTP/1.1" 200 26138 "-" "Mozilla/5.0 AppleWebKit/537.36 (KHTML, like Gecko; compatible; bingbot/2.0; +http://www.bing.com/bingbot.htm) Chrome/116.0.1938.76 Safari/537.36"
157.55.39.63 - - [11/Apr/2025:09:20:52 -0400] "GET /shopdetail/m/dislocation120677030.shtml HTTP/1.1" 200 29166 "-" "Mozilla/5.0 AppleWebKit/537.36 (KHTML, like Gecko; compatible; bingbot/2.0; +http://www.bing.com/bingbot.htm) Chrome/116.0.1938.76 Safari/537.36"
66.249.77.41 - - [11/Apr/2025:09:20:52 -0400] "GET /entity/aventine1556230.shtml HTTP/1.1" 200 26492 "-" "Mozilla/5.0 (Linux; Android 6.0.1; Nexus 5X Build/MMB29P) AppleWebKit/537.36 (KHTML, like Gecko) Chrome/135.0.7049.52 Mobile Safari/537.36 (compatible; GoogleOther)"
40.77.167.57 - - [11/Apr/2025:09:20:53 -0400] "GET /shopbrand/72905138.shtml HTTP/1.1" 200 26737 "-" "Mozilla/5.0 AppleWebKit/537.36 (KHTML, like Gecko; compatible; bingbot/2.0; +http://www.bing.com/bingbot.htm) Chrome/116.0.1938.76 Safari/537.36"
66.249.77.40 - - [11/Apr/2025:09:20:54 -0400] "GET /detail/phenylene/29916616.shtml HTTP/1.1" 200 25998 "-" "Mozilla/5.0 (Linux; Android 6.0.1; Nexus 5X Build/MMB29P) AppleWebKit/537.36 (KHTML, like Gecko) Chrome/135.0.7049.52 Mobile Safari/537.36 (compatible; GoogleOther)"
66.249.77.40 - - [11/Apr/2025:09:20:58 -0400] "GET /items/z/mustelinus/98680260.shtml HTTP/1.1" 200 26258 "-" "Mozilla/5.0 (Linux; Android 6.0.1; Nexus 5X Build/MMB29P) AppleWebKit/537.36 (KHTML, like Gecko) Chrome/135.0.7049.52 Mobile Safari/537.36 (compatible; GoogleOther)"
66.249.77.41 - - [11/Apr/2025:09:21:05 -0400] "GET /goodscode/c/auxetophone12337042.shtml HTTP/1.1" 200 28256 "-" "Mozilla/5.0 (Linux; Android 6.0.1; Nexus 5X Build/MMB29P) AppleWebKit/537.36 (KHTML, like Gecko) Chrome/135.0.7049.52 Mobile Safari/537.36 (compatible; GoogleOther)"
66.249.77.40 - - [11/Apr/2025:09:21:12 -0400] "GET /item/qas/lauryl/86738930.shtml HTTP/1.1" 200 28551 "-" "Mozilla/5.0 (Linux; Android 6.0.1; Nexus 5X Build/MMB29P) AppleWebKit/537.36 (KHTML, like Gecko) Chrome/135.0.7049.52 Mobile Safari/537.36 (compatible; GoogleOther)"
66.249.77.41 - - [11/Apr/2025:09:21:14 -0400] "GET /product/p/lepismoid/125640292.shtml HTTP/1.1" 200 27091 "-" "Mozilla/5.0 (Linux; Android 6.0.1; Nexus 5X Build/MMB29P) AppleWebKit/537.36 (KHTML, like Gecko) Chrome/135.0.7049.52 Mobile Safari/537.36 (compatible; GoogleOther)"
66.249.77.40 - - [11/Apr/2025:09:21:18 -0400] "GET /special122748906.shtml HTTP/1.1" 200 27305 "-" "Mozilla/5.0 (Linux; Android 6.0.1; Nexus 5X Build/MMB29P) AppleWebKit/537.36 (KHTML, like Gecko) Chrome/135.0.7049.52 Mobile Safari/537.36 (compatible; GoogleOther)"
157.55.39.63 - - [11/Apr/2025:09:21:20 -0400] "GET /products26402876.shtml HTTP/1.1" 200 24871 "-" "Mozilla/5.0 AppleWebKit/537.36 (KHTML, like Gecko; compatible; bingbot/2.0; +http://www.bing.com/bingbot.htm) Chrome/116.0.1938.76 Safari/537.36"
40.77.167.57 - - [11/Apr/2025:09:21:24 -0400] "GET /shopdetail34476892.shtml HTTP/1.1" 200 28909 "-" "Mozilla/5.0 AppleWebKit/537.36 (KHTML, like Gecko; compatible; bingbot/2.0; +http://www.bing.com/bingbot.htm) Chrome/116.0.1938.76 Safari/537.36"
207.46.13.150 - - [11/Apr/2025:09:21:25 -0400] "GET /shopbrand/zeugma/2757280.shtml HTTP/1.1" 200 26724 "-" "Mozilla/5.0 AppleWebKit/537.36 (KHTML, like Gecko; compatible; bingbot/2.0; +http://www.bing.com/bingbot.htm) Chrome/116.0.1938.76 Safari/537.36"
66.249.77.40 - - [11/Apr/2025:09:21:30 -0400] "GET /items/us/castrel/6011842.shtml HTTP/1.1" 200 27851 "-" "Mozilla/5.0 (Linux; Android 6.0.1; Nexus 5X Build/MMB29P) AppleWebKit/537.36 (KHTML, like Gecko) Chrome/135.0.7049.52 Mobile Safari/537.36 (compatible; GoogleOther)"
40.77.167.7 - - [11/Apr/2025:09:21:31 -0400] "GET /goodscode/delignate51305332.shtml HTTP/1.1" 200 26452 "-" "Mozilla/5.0 AppleWebKit/537.36 (KHTML, like Gecko; compatible; bingbot/2.0; +http://www.bing.com/bingbot.htm) Chrome/116.0.1938.76 Safari/537.36"
52.167.144.225 - - [11/Apr/2025:09:21:31 -0400] "GET /detail47768846.shtml HTTP/1.1" 200 24800 "-" "Mozilla/5.0 AppleWebKit/537.36 (KHTML, like Gecko; compatible; bingbot/2.0; +http://www.bing.com/bingbot.htm) Chrome/116.0.1938.76 Safari/537.36"
66.249.77.40 - - [11/Apr/2025:09:21:33 -0400] "GET /categories/1235158?num=33838 HTTP/1.1" 200 28380 "-" "Mozilla/5.0 (Linux; Android 6.0.1; Nexus 5X Build/MMB29P) AppleWebKit/537.36 (KHTML, like Gecko) Chrome/135.0.7049.52 Mobile Safari/537.36 (compatible; Googlebot/2.1; +http://www.google.com/bot.html)"
