66.249.77.40 - - [11/Apr/2025:11:26:18 -0400] "GET /entity/desolatus19581686.shtml HTTP/1.1" 200 26781 "-" "Mozilla/5.0 (Linux; Android 6.0.1; Nexus 5X Build/MMB29P) AppleWebKit/537.36 (KHTML, like Gecko) Chrome/135.0.7049.52 Mobile Safari/537.36 (compatible; GoogleOther)"
66.249.77.40 - - [11/Apr/2025:11:26:22 -0400] "GET /items/j/woodenness/101052584.shtml HTTP/1.1" 200 27176 "-" "Mozilla/5.0 (Linux; Android 6.0.1; Nexus 5X Build/MMB29P) AppleWebKit/537.36 (KHTML, like Gecko) Chrome/135.0.7049.52 Mobile Safari/537.36 (compatible; GoogleOther)"
66.249.77.40 - - [11/Apr/2025:11:26:23 -0400] "GET /item72847886.shtml HTTP/1.1" 200 26715 "-" "Mozilla/5.0 (Linux; Android 6.0.1; Nexus 5X Build/MMB29P) AppleWebKit/537.36 (KHTML, like Gecko) Chrome/135.0.7049.52 Mobile Safari/537.36 (compatible; GoogleOther)"
66.249.77.40 - - [11/Apr/2025:11:26:28 -0400] "GET /entity/kka/multiple/24538358.shtml HTTP/1.1" 200 27347 "-" "Mozilla/5.0 (Linux; Android 6.0.1; Nexus 5X Build/MMB29P) AppleWebKit/537.36 (KHTML, like Gecko) Chrome/135.0.7049.52 Mobile Safari/537.36 (compatible; GoogleOther)"
157.55.39.7 - - [11/Apr/2025:11:26:31 -0400] "GET /special/juvenileness24753052.shtml HTTP/1.1" 200 25447 "-" "Mozilla/5.0 AppleWebKit/537.36 (KHTML, like Gecko; compatible; bingbot/2.0; +http://www.bing.com/bingbot.htm) Chrome/116.0.1938.76 Safari/537.36"
66.249.77.40 - - [11/Apr/2025:11:26:35 -0400] "GET /entity/t/laissez/58680112.shtml HTTP/1.1" 200 26819 "-" "Mozilla/5.0 (Linux; Android 6.0.1; Nexus 5X Build/MMB29P) AppleWebKit/537.36 (KHTML, like Gecko) Chrome/135.0.7049.52 Mobile Safari/537.36 (compatible; GoogleOther)"
157.55.39.7 - - [11/Apr/2025:11:26:39 -0400] "GET /info69222110.shtml HTTP/1.1" 200 27552 "-" "Mozilla/5.0 AppleWebKit/537.36 (KHTML, like Gecko; compatible; bingbot/2.0; +http://www.bing.com/bingbot.htm) Chrome/116.0.1938.76 Safari/537.36"
66.249.77.41 - - [11/Apr/2025:11:26:40 -0400] "GET /entity/wkk/mandrake/73129586.shtml HTTP/1.1" 200 24540 "-" "Mozilla/5.0 (Linux; Android 6.0.1; Nexus 5X Build/MMB29P) AppleWebKit/537.36 (KHTML, like Gecko) Chrome/135.0.7049.52 Mobile Safari/537.36 (compatible; GoogleOther)"
66.249.77.41 - - [11/Apr/2025:11:26:46 -0400] "GET /shopbrand99641602.shtml HTTP/1.1" 200 27072 "-" "Mozilla/5.0 (Linux; Android 6.0.1; Nexus 5X Build/MMB29P) AppleWebKit/537.36 (KHTML, like Gecko) Chrome/135.0.7049.52 Mobile Safari/537.36 (compatible; GoogleOther)"
66.249.77.41 - - [11/Apr/2025:11:26:50 -0400] "GET /shopbrand/i/coldhearted/32082838.shtml HTTP/1.1" 200 27994 "-" "Mozilla/5.0 (Linux; Android 6.0.1; Nexus 5X Build/MMB29P) AppleWebKit/537.36 (KHTML, like Gecko) Chrome/135.0.7049.52 Mobile Safari/537.36 (compatible; GoogleOther)"
66.249.77.40 - - [11/Apr/2025:11:26:52 -0400] "GET /entity/economizing14694602.shtml HTTP/1.1" 200 29533 "-" "Mozilla/5.0 (Linux; Android 6.0.1; Nexus 5X Build/MMB29P) AppleWebKit/537.36 (KHTML, like Gecko) Chrome/135.0.7049.52 Mobile Safari/537.36 (compatible; GoogleOther)"
40.77.167.19 - - [11/Apr/2025:11:26:53 -0400] "GET /items/xbm/syllabicate41772860.shtml HTTP/1.1" 200 27400 "-" "Mozilla/5.0 AppleWebKit/537.36 (KHTML, like Gecko; compatible; bingbot/2.0; +http://www.bing.com/bingbot.htm) Chrome/116.0.1938.76 Safari/537.36"
66.249.77.41 - - [11/Apr/2025:11:26:58 -0400] "GET /entity/125739532.shtml HTTP/1.1" 200 29708 "-" "Mozilla/5.0 (Linux; Android 6.0.1; Nexus 5X Build/MMB29P) AppleWebKit/537.36 (KHTML, like Gecko) Chrome/135.0.7049.52 Mobile Safari/537.36 (compatible; GoogleOther)"
66.249.77.41 - - [11/Apr/2025:11:27:03 -0400] "GET /entity/tky/menge/29366400.shtml HTTP/1.1" 200 28175 "-" "Mozilla/5.0 (Linux; Android 6.0.1; Nexus 5X Build/MMB29P) AppleWebKit/537.36 (KHTML, like Gecko) Chrome/135.0.7049.52 Mobile Safari/537.36 (compatible; GoogleOther)"
40.77.167.18 - - [11/Apr/2025:11:27:04 -0400] "GET /product/tunned/118007882.shtml HTTP/1.1" 200 26163 "-" "Mozilla/5.0 AppleWebKit/537.36 (KHTML, like Gecko; compatible; bingbot/2.0; +http://www.bing.com/bingbot.htm) Chrome/116.0.1938.76 Safari/537.36"
66.249.77.40 - - [11/Apr/2025:11:27:05 -0400] "GET /items/across/34958696.shtml HTTP/1.1" 200 25905 "-" "Mozilla/5.0 (Linux; Android 6.0.1; Nexus 5X Build/MMB29P) AppleWebKit/537.36 (KHTML, like Gecko) Chrome/135.0.7049.52 Mobile Safari/537.36 (compatible; GoogleOther)"
66.249.77.40 - - [11/Apr/2025:11:27:09 -0400] "GET /goodscode/ui/missemblance/13527002.shtml HTTP/1.1" 200 25805 "-" "Mozilla/5.0 (Linux; Android 6.0.1; Nexus 5X Build/MMB29P) AppleWebKit/537.36 (KHTML, like Gecko) Chrome/135.0.7049.52 Mobile Safari/537.36 (compatible; GoogleOther)"
40.77.167.14 - - [11/Apr/2025:11:27:11 -0400] "GET /items/p/thoughtful/2761916.shtml HTTP/1.1" 200 28418 "-" "Mozilla/5.0 AppleWebKit/537.36 (KHTML, like Gecko; compatible; bingbot/2.0; +http://www.bing.com/bingbot.htm) Chrome/116.0.1938.76 Safari/537.36"
40.77.167.19 - - [11/Apr/2025:11:27:14 -0400] "GET /detail73563630.shtml HTTP/1.1" 200 27781 "-" "Mozilla/5.0 AppleWebKit/537.36 (KHTML, like Gecko; compatible; bingbot/2.0; +http://www.bing.com/bingbot.htm) Chrome/116.0.1938.76 Safari/537.36"
66.249.77.40 - - [11/Apr/2025:11:27:15 -0400] "GET /entity/beguiled39028076.shtml HTTP/1.1" 200 30286 "-" "Mozilla/5.0 (Linux; Android 6.0.1; Nexus 5X Build/MMB29P) AppleWebKit/537.36 (KHTML, like Gecko) Chrome/135.0.7049.52 Mobile Safari/537.36 (compatible; GoogleOther)"
66.249.77.40 - - [11/Apr/2025:11:27:17 -0400] "GET /items/jog/scurfiest/98835808.shtml HTTP/1.1" 200 26143 "-" "Mozilla/5.0 (Linux; Android 6.0.1; Nexus 5X Build/MMB29P) AppleWebKit/537.36 (KHTML, like Gecko) Chrome/135.0.7049.52 Mobile Safari/537.36 (compatible; GoogleOther)"
66.249.77.40 - - [11/Apr/2025:11:27:19 -0400] "GET /detail/cantaloupe24547420.shtml HTTP/1.1" 200 26129 "-" "Mozilla/5.0 (Linux; Android 6.0.1; Nexus 5X Build/MMB29P) AppleWebKit/537.36 (KHTML, like Gecko) Chrome/135.0.7049.52 Mobile Safari/537.36 (compatible; GoogleOther)"
157.55.39.52 - - [11/Apr/2025:11:27:21 -0400] "GET /product/aa/tephroite/122082974.shtml HTTP/1.1" 200 25558 "-" "Mozilla/5.0 AppleWebKit/537.36 (KHTML, like Gecko; compatible; bingbot/2.0; +http://www.bing.com/bingbot.htm) Chrome/116.0.1938.76 Safari/537.36"
66.249.77.40 - - [11/Apr/2025:11:27:24 -0400] "GET /entity/mugwumpery/97162612.shtml HTTP/1.1" 200 25958 "-" "Mozilla/5.0 (Linux; Android 6.0.1; Nexus 5X Build/MMB29P) AppleWebKit/537.36 (KHTML, like Gecko) Chrome/135.0.7049.52 Mobile Safari/537.36 (compatible; GoogleOther)"
157.55.39.52 - - [11/Apr/2025:11:27:29 -0400] "GET /entity/p/wagerer/122109856.shtml HTTP/1.1" 200 27182 "-" "Mozilla/5.0 AppleWebKit/537.36 (KHTML, like Gecko; compatible; bingbot/2.0; +http://www.bing.com/bingbot.htm) Chrome/116.0.1938.76 Safari/537.36"
66.249.77.40 - - [11/Apr/2025:11:27:30 -0400] "GET /shopping12426960.shtml HTTP/1.1" 200 25354 "-" "Mozilla/5.0 (Linux; Android 6.0.1; Nexus 5X Build/MMB29P) AppleWebKit/537.36 (KHTML, like Gecko) Chrome/135.0.7049.52 Mobile Safari/537.36 (compatible; GoogleOther)"
40.77.167.79 - - [11/Apr/2025:11:27:32 -0400] "GET /item75774242.shtml HTTP/1.1" 200 25411 "-" "Mozilla/5.0 AppleWebKit/537.36 (KHTML, like Gecko; compatible; bingbot/2.0; +http://www.bing.com/bingbot.htm) Chrome/116.0.1938.76 Safari/537.36"
157.55.39.52 - - [11/Apr/2025:11:27:34 -0400] "GET /info/69651314.shtml HTTP/1.1" 200 26073 "-" "Mozilla/5.0 AppleWebKit/537.36 (KHTML, like Gecko; compatible; bingbot/2.0; +http://www.bing.com/bingbot.htm) Chrome/116.0.1938.76 Safari/537.36"
66.249.77.40 - - [11/Apr/2025:11:27:35 -0400] "GET /items/wok/unpacker/56375030.shtml HTTP/1.1" 200 26873 "-" "Mozilla/5.0 (Linux; Android 6.0.1; Nexus 5X Build/MMB29P) AppleWebKit/537.36 (KHTML, like Gecko) Chrome/135.0.7049.52 Mobile Safari/537.36 (compatible; GoogleOther)"
66.249.77.40 - - [11/Apr/2025:11:27:38 -0400] "GET /info/skimp/236334.shtml HTTP/1.1" 200 29065 "-" "Mozilla/5.0 (Linux; Android 6.0.1; Nexus 5X Build/MMB29P) AppleWebKit/537.36 (KHTML, like Gecko) Chrome/135.0.7049.52 Mobile Safari/537.36 (compatible; GoogleOther)"
40.77.167.14 - - [11/Apr/2025:11:27:40 -0400] "GET /item/cymogene/75991924.shtml HTTP/1.1" 200 28773 "-" "Mozilla/5.0 AppleWebKit/537.36 (KHTML, like Gecko; compatible; bingbot/2.0; +http://www.bing.com/bingbot.htm) Chrome/116.0.1938.76 Safari/537.36"
66.249.77.41 - - [11/Apr/2025:11:27:41 -0400] "GET /entity/x/slavish/22405084.shtml HTTP/1.1" 200 25694 "-" "Mozilla/5.0 (Linux; Android 6.0.1; Nexus 5X Build/MMB29P) AppleWebKit/537.36 (KHTML, like Gecko) Chrome/135.0.7049.52 Mobile Safari/537.36 (compatible; GoogleOther)"
66.249.77.41 - - [11/Apr/2025:11:27:42 -0400] "GET /entity/rhinencephala/123191170.shtml HTTP/1.1" 200 26830 "-" "Mozilla/5.0 (Linux; Android 6.0.1; Nexus 5X Build/MMB29P) AppleWebKit/537.36 (KHTML, like Gecko) Chrome/135.0.7049.52 Mobile Safari/537.36 (compatible; GoogleOther)"
157.55.39.7 - - [11/Apr/2025:11:27:43 -0400] "GET /info115297724.shtml HTTP/1.1" 200 25692 "-" "Mozilla/5.0 AppleWebKit/537.36 (KHTML, like Gecko; compatible; bingbot/2.0; +http://www.bing.com/bingbot.htm) Chrome/116.0.1938.76 Safari/537.36"
40.77.167.18 - - [11/Apr/2025:11:27:45 -0400] "GET /products/jhu/oceanus14528976.shtml HTTP/1.1" 200 26329 "-" "Mozilla/5.0 AppleWebKit/537.36 (KHTML, like Gecko; compatible; bingbot/2.0; +http://www.bing.com/bingbot.htm) Chrome/116.0.1938.76 Safari/537.36"
66.249.77.41 - - [11/Apr/2025:11:27:47 -0400] "GET /entity/24601442.shtml HTTP/1.1" 200 30241 "-" "Mozilla/5.0 (Linux; Android 6.0.1; Nexus 5X Build/MMB29P) AppleWebKit/537.36 (KHTML, like Gecko) Chrome/135.0.7049.52 Mobile Safari/537.36 (compatible; GoogleOther)"
66.249.77.40 - - [11/Apr/2025:11:27:52 -0400] "GET /goodscode/commandeering31862338.shtml HTTP/1.1" 200 28766 "-" "Mozilla/5.0 (Linux; Android 6.0.1; Nexus 5X Build/MMB29P) AppleWebKit/537.36 (KHTML, like Gecko) Chrome/135.0.7049.52 Mobile Safari/537.36 (compatible; GoogleOther)"
157.55.39.7 - - [11/Apr/2025:11:27:54 -0400] "GET /detail/thriftlessness68837812.shtml HTTP/1.1" 200 28274 "-" "Mozilla/5.0 AppleWebKit/537.36 (KHTML, like Gecko; compatible; bingbot/2.0; +http://www.bing.com/bingbot.htm) Chrome/116.0.1938.76 Safari/537.36"
198.54.116.86 - - [11/Apr/2025:11:27:55 -0400] "POST /wp-cron.php?doing_wp_cron=1744385275.3400330543518066406250 HTTP/1.1" 200 0 "-" "WordPress/6.7.2; https://servethepeopleinc.org"
78.107.255.174 - - [11/Apr/2025:11:27:55 -0400] "POST /xmlrpc.php HTTP/1.1" 200 210 "-" "Mozilla/5.0 (Windows NT 10.0; Win64; x64; rv:65.0) Gecko/20100101 Firefox/65.0"
198.54.116.86 - - [11/Apr/2025:11:27:55 -0400] "POST /wp-admin/admin-ajax.php?action=async_litespeed&nonce=6AXqvPZdRCIODH0J3aUQD9B26rWOtyAy&litespeed_type=imgoptm HTTP/1.1" 200 21 "-" "WordPress/6.7.2; https://servethepeopleinc.org"
40.77.167.18 - - [11/Apr/2025:11:27:55 -0400] "GET /products/q/architecturally118044386.shtml HTTP/1.1" 200 26604 "-" "Mozilla/5.0 AppleWebKit/537.36 (KHTML, like Gecko; compatible; bingbot/2.0; +http://www.bing.com/bingbot.htm) Chrome/116.0.1938.76 Safari/537.36"
66.249.77.40 - - [11/Apr/2025:11:27:58 -0400] "GET /goodscode/t/osmund/1822948.shtml HTTP/1.1" 200 26636 "-" "Mozilla/5.0 (Linux; Android 6.0.1; Nexus 5X Build/MMB29P) AppleWebKit/537.36 (KHTML, like Gecko) Chrome/135.0.7049.52 Mobile Safari/537.36 (compatible; GoogleOther)"
40.77.167.19 - - [11/Apr/2025:11:28:03 -0400] "GET /info119208074.shtml HTTP/1.1" 200 27423 "-" "Mozilla/5.0 AppleWebKit/537.36 (KHTML, like Gecko; compatible; bingbot/2.0; +http://www.bing.com/bingbot.htm) Chrome/116.0.1938.76 Safari/537.36"
66.249.77.42 - - [11/Apr/2025:11:28:05 -0400] "GET /entity/21179702.shtml HTTP/1.1" 200 27734 "-" "Mozilla/5.0 (Linux; Android 6.0.1; Nexus 5X Build/MMB29P) AppleWebKit/537.36 (KHTML, like Gecko) Chrome/135.0.7049.52 Mobile Safari/537.36 (compatible; GoogleOther)"
66.249.77.42 - - [11/Apr/2025:11:28:05 -0400] "GET /product/egy/market/120626478.shtml HTTP/1.1" 200 30218 "-" "Mozilla/5.0 (Linux; Android 6.0.1; Nexus 5X Build/MMB29P) AppleWebKit/537.36 (KHTML, like Gecko) Chrome/135.0.7049.52 Mobile Safari/537.36 (compatible; Googlebot/2.1; +http://www.google.com/bot.html)"
40.77.167.18 - - [11/Apr/2025:11:28:07 -0400] "GET /product/inculpation106428278.shtml HTTP/1.1" 200 28140 "-" "Mozilla/5.0 AppleWebKit/537.36 (KHTML, like Gecko; compatible; bingbot/2.0; +http://www.bing.com/bingbot.htm) Chrome/116.0.1938.76 Safari/537.36"
66.249.77.41 - - [11/Apr/2025:11:28:08 -0400] "GET /products/kuq/invitatories/54234222.shtml HTTP/1.1" 200 28648 "-" "Mozilla/5.0 (Linux; Android 6.0.1; Nexus 5X Build/MMB29P) AppleWebKit/537.36 (KHTML, like Gecko) Chrome/135.0.7049.52 Mobile Safari/537.36 (compatible; GoogleOther)"
66.249.77.41 - - [11/Apr/2025:11:28:10 -0400] "GET /goodscode/to/pinole/97225480.shtml HTTP/1.1" 200 27901 "-" "Mozilla/5.0 (Linux; Android 6.0.1; Nexus 5X Build/MMB29P) AppleWebKit/537.36 (KHTML, like Gecko) Chrome/135.0.7049.52 Mobile Safari/537.36 (compatible; GoogleOther)"
157.55.39.7 - - [11/Apr/2025:11:28:15 -0400] "GET /special/contemplator29701876.shtml HTTP/1.1" 200 26593 "-" "Mozilla/5.0 AppleWebKit/537.36 (KHTML, like Gecko; compatible; bingbot/2.0; +http://www.bing.com/bingbot.htm) Chrome/116.0.1938.76 Safari/537.36"
66.249.77.40 - - [11/Apr/2025:11:28:16 -0400] "GET /entity/89805828.shtml HTTP/1.1" 200 25189 "-" "Mozilla/5.0 (Linux; Android 6.0.1; Nexus 5X Build/MMB29P) AppleWebKit/537.36 (KHTML, like Gecko) Chrome/135.0.7049.52 Mobile Safari/537.36 (compatible; GoogleOther)"
40.77.167.19 - - [11/Apr/2025:11:28:17 -0400] "GET /item/cas/evaluator/42046074.shtml HTTP/1.1" 200 26762 "-" "Mozilla/5.0 AppleWebKit/537.36 (KHTML, like Gecko; compatible; bingbot/2.0; +http://www.bing.com/bingbot.htm) Chrome/116.0.1938.76 Safari/537.36"
66.249.77.40 - - [11/Apr/2025:11:28:34 -0400] "GET /products/fanfaronade/108887462.shtml HTTP/1.1" 200 26570 "-" "Mozilla/5.0 (Linux; Android 6.0.1; Nexus 5X Build/MMB29P) AppleWebKit/537.36 (KHTML, like Gecko) Chrome/135.0.7049.52 Mobile Safari/537.36 (compatible; GoogleOther)"
66.249.77.40 - - [11/Apr/2025:11:28:36 -0400] "GET /items/fou/glycocholate/95933104.shtml HTTP/1.1" 200 26363 "-" "Mozilla/5.0 (Linux; Android 6.0.1; Nexus 5X Build/MMB29P) AppleWebKit/537.36 (KHTML, like Gecko) Chrome/135.0.7049.52 Mobile Safari/537.36 (compatible; GoogleOther)"
66.249.77.40 - - [11/Apr/2025:11:28:40 -0400] "GET /items/bw/cataphora/93956352.shtml HTTP/1.1" 200 27331 "-" "Mozilla/5.0 (Linux; Android 6.0.1; Nexus 5X Build/MMB29P) AppleWebKit/537.36 (KHTML, like Gecko) Chrome/135.0.7049.52 Mobile Safari/537.36 (compatible; GoogleOther)"
157.55.39.7 - - [11/Apr/2025:11:28:41 -0400] "GET /special/curship/118076174.shtml HTTP/1.1" 200 28018 "-" "Mozilla/5.0 AppleWebKit/537.36 (KHTML, like Gecko; compatible; bingbot/2.0; +http://www.bing.com/bingbot.htm) Chrome/116.0.1938.76 Safari/537.36"
66.249.77.40 - - [11/Apr/2025:11:28:41 -0400] "GET /shopdetail/hyq/completed/47209256.shtml HTTP/1.1" 200 26999 "-" "Mozilla/5.0 (Linux; Android 6.0.1; Nexus 5X Build/MMB29P) AppleWebKit/537.36 (KHTML, like Gecko) Chrome/135.0.7049.52 Mobile Safari/537.36 (compatible; GoogleOther)"
66.249.77.41 - - [11/Apr/2025:11:28:45 -0400] "GET /detail/101244134.shtml HTTP/1.1" 200 26662 "-" "Mozilla/5.0 (Linux; Android 6.0.1; Nexus 5X Build/MMB29P) AppleWebKit/537.36 (KHTML, like Gecko) Chrome/135.0.7049.52 Mobile Safari/537.36 (compatible; GoogleOther)"
66.249.77.40 - - [11/Apr/2025:11:28:48 -0400] "GET /shopdetail/cc/longdrawnout40283570.shtml HTTP/1.1" 200 25848 "-" "Mozilla/5.0 (Linux; Android 6.0.1; Nexus 5X Build/MMB29P) AppleWebKit/537.36 (KHTML, like Gecko) Chrome/135.0.7049.52 Mobile Safari/537.36 (compatible; GoogleOther)"
66.249.77.41 - - [11/Apr/2025:11:28:56 -0400] "GET /entity/101223020.shtml HTTP/1.1" 200 28298 "-" "Mozilla/5.0 (Linux; Android 6.0.1; Nexus 5X Build/MMB29P) AppleWebKit/537.36 (KHTML, like Gecko) Chrome/135.0.7049.52 Mobile Safari/537.36 (compatible; GoogleOther)"
66.249.77.41 - - [11/Apr/2025:11:29:01 -0400] "GET /items/u/medicamentally/99128930.shtml HTTP/1.1" 200 25774 "-" "Mozilla/5.0 (Linux; Android 6.0.1; Nexus 5X Build/MMB29P) AppleWebKit/537.36 (KHTML, like Gecko) Chrome/135.0.7049.52 Mobile Safari/537.36 (compatible; GoogleOther)"
66.249.77.42 - - [11/Apr/2025:11:29:03 -0400] "GET /item/96734148.shtml HTTP/1.1" 200 27894 "-" "Mozilla/5.0 (Linux; Android 6.0.1; Nexus 5X Build/MMB29P) AppleWebKit/537.36 (KHTML, like Gecko) Chrome/135.0.7049.52 Mobile Safari/537.36 (compatible; GoogleOther)"
66.249.77.40 - - [11/Apr/2025:11:29:09 -0400] "GET /item/xaw/spissated/86829856.shtml HTTP/1.1" 200 27643 "-" "Mozilla/5.0 (Linux; Android 6.0.1; Nexus 5X Build/MMB29P) AppleWebKit/537.36 (KHTML, like Gecko) Chrome/135.0.7049.52 Mobile Safari/537.36 (compatible; GoogleOther)"
66.249.77.40 - - [11/Apr/2025:11:29:11 -0400] "GET /detail/arrived86311408.shtml HTTP/1.1" 200 25401 "-" "Mozilla/5.0 (Linux; Android 6.0.1; Nexus 5X Build/MMB29P) AppleWebKit/537.36 (KHTML, like Gecko) Chrome/135.0.7049.52 Mobile Safari/537.36 (compatible; GoogleOther)"
66.249.77.40 - - [11/Apr/2025:11:29:15 -0400] "GET /entity/uu/amess63436926.shtml HTTP/1.1" 200 26367 "-" "Mozilla/5.0 (Linux; Android 6.0.1; Nexus 5X Build/MMB29P) AppleWebKit/537.36 (KHTML, like Gecko) Chrome/135.0.7049.52 Mobile Safari/537.36 (compatible; GoogleOther)"
66.249.77.40 - - [11/Apr/2025:11:29:19 -0400] "GET /entity/37365530.shtml HTTP/1.1" 200 27045 "-" "Mozilla/5.0 (Linux; Android 6.0.1; Nexus 5X Build/MMB29P) AppleWebKit/537.36 (KHTML, like Gecko) Chrome/135.0.7049.52 Mobile Safari/537.36 (compatible; GoogleOther)"
40.77.167.79 - - [11/Apr/2025:11:29:22 -0400] "GET /product/ugliness/122107418.shtml HTTP/1.1" 200 26245 "-" "Mozilla/5.0 AppleWebKit/537.36 (KHTML, like Gecko; compatible; bingbot/2.0; +http://www.bing.com/bingbot.htm) Chrome/116.0.1938.76 Safari/537.36"
66.249.77.40 - - [11/Apr/2025:11:29:22 -0400] "GET /detail/x/postured/9784840.shtml HTTP/1.1" 200 26242 "-" "Mozilla/5.0 (Linux; Android 6.0.1; Nexus 5X Build/MMB29P) AppleWebKit/537.36 (KHTML, like Gecko) Chrome/135.0.7049.52 Mobile Safari/537.36 (compatible; GoogleOther)"
40.77.167.18 - - [11/Apr/2025:11:29:25 -0400] "GET /products/intertransverse/20068822.shtml HTTP/1.1" 200 26398 "-" "Mozilla/5.0 AppleWebKit/537.36 (KHTML, like Gecko; compatible; bingbot/2.0; +http://www.bing.com/bingbot.htm) Chrome/116.0.1938.76 Safari/537.36"
40.77.167.79 - - [11/Apr/2025:11:29:26 -0400] "GET /shopping16768210.shtml HTTP/1.1" 200 27829 "-" "Mozilla/5.0 AppleWebKit/537.36 (KHTML, like Gecko; compatible; bingbot/2.0; +http://www.bing.com/bingbot.htm) Chrome/116.0.1938.76 Safari/537.36"
66.249.77.40 - - [11/Apr/2025:11:29:26 -0400] "GET /goodscode/interpenetrate101116574.shtml HTTP/1.1" 200 26515 "-" "Mozilla/5.0 (Linux; Android 6.0.1; Nexus 5X Build/MMB29P) AppleWebKit/537.36 (KHTML, like Gecko) Chrome/135.0.7049.52 Mobile Safari/537.36 (compatible; GoogleOther)"
66.249.77.40 - - [11/Apr/2025:11:29:27 -0400] "GET /info/e/focuses/67760574.shtml HTTP/1.1" 200 26268 "-" "Mozilla/5.0 (Linux; Android 6.0.1; Nexus 5X Build/MMB29P) AppleWebKit/537.36 (KHTML, like Gecko) Chrome/135.0.7049.52 Mobile Safari/537.36 (compatible; GoogleOther)"
66.249.77.40 - - [11/Apr/2025:11:29:29 -0400] "GET /items/q/adambulacral90776054.shtml HTTP/1.1" 200 26649 "-" "Mozilla/5.0 (Linux; Android 6.0.1; Nexus 5X Build/MMB29P) AppleWebKit/537.36 (KHTML, like Gecko) Chrome/135.0.7049.52 Mobile Safari/537.36 (compatible; GoogleOther)"
66.249.77.40 - - [11/Apr/2025:11:29:30 -0400] "GET /shopdetail/dirigent/122113282.shtml HTTP/1.1" 200 27750 "-" "Mozilla/5.0 (Linux; Android 6.0.1; Nexus 5X Build/MMB29P) AppleWebKit/537.36 (KHTML, like Gecko) Chrome/135.0.7049.52 Mobile Safari/537.36 (compatible; GoogleOther)"
66.249.77.40 - - [11/Apr/2025:11:29:32 -0400] "GET /entity/bicycler78492754.shtml HTTP/1.1" 200 25552 "-" "Mozilla/5.0 (Linux; Android 6.0.1; Nexus 5X Build/MMB29P) AppleWebKit/537.36 (KHTML, like Gecko) Chrome/135.0.7049.52 Mobile Safari/537.36 (compatible; GoogleOther)"
66.249.77.41 - - [11/Apr/2025:11:29:33 -0400] "GET /entity/93959170.shtml HTTP/1.1" 200 26854 "-" "Mozilla/5.0 (Linux; Android 6.0.1; Nexus 5X Build/MMB29P) AppleWebKit/537.36 (KHTML, like Gecko) Chrome/135.0.7049.52 Mobile Safari/537.36 (compatible; GoogleOther)"
40.77.167.18 - - [11/Apr/2025:11:29:34 -0400] "GET /shopdetail/90347234.shtml HTTP/1.1" 200 26124 "-" "Mozilla/5.0 AppleWebKit/537.36 (KHTML, like Gecko; compatible; bingbot/2.0; +http://www.bing.com/bingbot.htm) Chrome/116.0.1938.76 Safari/537.36"
66.249.77.41 - - [11/Apr/2025:11:29:39 -0400] "GET /goodscode/mythologically/51307112.shtml HTTP/1.1" 200 28164 "-" "Mozilla/5.0 (Linux; Android 6.0.1; Nexus 5X Build/MMB29P) AppleWebKit/537.36 (KHTML, like Gecko) Chrome/135.0.7049.52 Mobile Safari/537.36 (compatible; GoogleOther)"
157.55.39.7 - - [11/Apr/2025:11:29:43 -0400] "GET /product/yte/engirt83144338.shtml HTTP/1.1" 200 27687 "-" "Mozilla/5.0 AppleWebKit/537.36 (KHTML, like Gecko; compatible; bingbot/2.0; +http://www.bing.com/bingbot.htm) Chrome/116.0.1938.76 Safari/537.36"
66.249.77.40 - - [11/Apr/2025:11:29:44 -0400] "GET /item/megrim896444.shtml HTTP/1.1" 200 26617 "-" "Mozilla/5.0 (Linux; Android 6.0.1; Nexus 5X Build/MMB29P) AppleWebKit/537.36 (KHTML, like Gecko) Chrome/135.0.7049.52 Mobile Safari/537.36 (compatible; GoogleOther)"
52.167.144.197 - - [11/Apr/2025:11:29:45 -0400] "GET /product34969934.shtml HTTP/1.1" 200 25512 "-" "Mozilla/5.0 AppleWebKit/537.36 (KHTML, like Gecko; compatible; bingbot/2.0; +http://www.bing.com/bingbot.htm) Chrome/116.0.1938.76 Safari/537.36"
66.249.77.40 - - [11/Apr/2025:11:29:50 -0400] "GET /shopbrand56398062.shtml HTTP/1.1" 200 27349 "-" "Mozilla/5.0 (Linux; Android 6.0.1; Nexus 5X Build/MMB29P) AppleWebKit/537.36 (KHTML, like Gecko) Chrome/135.0.7049.52 Mobile Safari/537.36 (compatible; GoogleOther)"
66.249.77.40 - - [11/Apr/2025:11:29:57 -0400] "GET /goodscode/go/descensory/25591970.shtml HTTP/1.1" 200 26488 "-" "Mozilla/5.0 (Linux; Android 6.0.1; Nexus 5X Build/MMB29P) AppleWebKit/537.36 (KHTML, like Gecko) Chrome/135.0.7049.52 Mobile Safari/537.36 (compatible; GoogleOther)"
157.55.39.7 - - [11/Apr/2025:11:29:59 -0400] "GET /special/trusting88348490.shtml HTTP/1.1" 200 25221 "-" "Mozilla/5.0 AppleWebKit/537.36 (KHTML, like Gecko; compatible; bingbot/2.0; +http://www.bing.com/bingbot.htm) Chrome/116.0.1938.76 Safari/537.36"
66.249.77.42 - - [11/Apr/2025:11:30:01 -0400] "GET /goodscode/pretenseful/99377796.shtml HTTP/1.1" 200 26144 "-" "Mozilla/5.0 (Linux; Android 6.0.1; Nexus 5X Build/MMB29P) AppleWebKit/537.36 (KHTML, like Gecko) Chrome/135.0.7049.52 Mobile Safari/537.36 (compatible; GoogleOther)"
66.249.77.41 - - [11/Apr/2025:11:30:07 -0400] "GET /entity/wk/madake74330786.shtml HTTP/1.1" 200 26899 "-" "Mozilla/5.0 (Linux; Android 6.0.1; Nexus 5X Build/MMB29P) AppleWebKit/537.36 (KHTML, like Gecko) Chrome/135.0.7049.52 Mobile Safari/537.36 (compatible; GoogleOther)"
157.55.39.7 - - [11/Apr/2025:11:30:09 -0400] "GET /item/stauropus47031458.shtml HTTP/1.1" 200 26480 "-" "Mozilla/5.0 AppleWebKit/537.36 (KHTML, like Gecko; compatible; bingbot/2.0; +http://www.bing.com/bingbot.htm) Chrome/116.0.1938.76 Safari/537.36"
66.249.77.40 - - [11/Apr/2025:11:30:12 -0400] "GET /goodscode/featness80500492.shtml HTTP/1.1" 200 27199 "-" "Mozilla/5.0 (Linux; Android 6.0.1; Nexus 5X Build/MMB29P) AppleWebKit/537.36 (KHTML, like Gecko) Chrome/135.0.7049.52 Mobile Safari/537.36 (compatible; GoogleOther)"
40.77.167.79 - - [11/Apr/2025:11:30:13 -0400] "GET /products/slantwise75983254.shtml HTTP/1.1" 200 27427 "-" "Mozilla/5.0 AppleWebKit/537.36 (KHTML, like Gecko; compatible; bingbot/2.0; +http://www.bing.com/bingbot.htm) Chrome/116.0.1938.76 Safari/537.36"
157.55.39.7 - - [11/Apr/2025:11:30:13 -0400] "GET /product/121112338.shtml HTTP/1.1" 200 26587 "-" "Mozilla/5.0 AppleWebKit/537.36 (KHTML, like Gecko; compatible; bingbot/2.0; +http://www.bing.com/bingbot.htm) Chrome/116.0.1938.76 Safari/537.36"
66.249.77.40 - - [11/Apr/2025:11:30:18 -0400] "GET /special/xdk/caccabis120320340.shtml HTTP/1.1" 200 26770 "-" "Mozilla/5.0 (Linux; Android 6.0.1; Nexus 5X Build/MMB29P) AppleWebKit/537.36 (KHTML, like Gecko) Chrome/135.0.7049.52 Mobile Safari/537.36 (compatible; GoogleOther)"
66.249.77.40 - - [11/Apr/2025:11:30:19 -0400] "GET /sitemap-hot-2907792.xml HTTP/1.1" 200 9996 "-" "Mozilla/5.0 (compatible; Googlebot/2.1; +http://www.google.com/bot.html)"
66.249.77.40 - - [11/Apr/2025:11:30:20 -0400] "GET /entity/q/fridstool/80804954.shtml HTTP/1.1" 200 25265 "-" "Mozilla/5.0 (Linux; Android 6.0.1; Nexus 5X Build/MMB29P) AppleWebKit/537.36 (KHTML, like Gecko) Chrome/135.0.7049.52 Mobile Safari/537.36 (compatible; GoogleOther)"
52.167.144.197 - - [11/Apr/2025:11:30:22 -0400] "GET /items/pm/ormuzd/69563844.shtml HTTP/1.1" 200 26793 "-" "Mozilla/5.0 AppleWebKit/537.36 (KHTML, like Gecko; compatible; bingbot/2.0; +http://www.bing.com/bingbot.htm) Chrome/116.0.1938.76 Safari/537.36"
52.167.144.197 - - [11/Apr/2025:11:30:25 -0400] "GET /product/discomposing35403526.shtml HTTP/1.1" 200 28505 "-" "Mozilla/5.0 AppleWebKit/537.36 (KHTML, like Gecko; compatible; bingbot/2.0; +http://www.bing.com/bingbot.htm) Chrome/116.0.1938.76 Safari/537.36"
66.249.77.40 - - [11/Apr/2025:11:30:25 -0400] "GET /item/i/waterfurrow/2889390.shtml HTTP/1.1" 200 29092 "-" "Mozilla/5.0 (Linux; Android 6.0.1; Nexus 5X Build/MMB29P) AppleWebKit/537.36 (KHTML, like Gecko) Chrome/135.0.7049.52 Mobile Safari/537.36 (compatible; GoogleOther)"
66.249.77.40 - - [11/Apr/2025:11:30:29 -0400] "GET /entity/x/mendinant6212972.shtml HTTP/1.1" 200 25838 "-" "Mozilla/5.0 (Linux; Android 6.0.1; Nexus 5X Build/MMB29P) AppleWebKit/537.36 (KHTML, like Gecko) Chrome/135.0.7049.52 Mobile Safari/537.36 (compatible; GoogleOther)"
66.249.77.40 - - [11/Apr/2025:11:28:22 -0400] "GET /entity/foundation29365792.shtml HTTP/1.1" 200 26931 "-" "Mozilla/5.0 (Linux; Android 6.0.1; Nexus 5X Build/MMB29P) AppleWebKit/537.36 (KHTML, like Gecko) Chrome/135.0.7049.52 Mobile Safari/537.36 (compatible; GoogleOther)"
40.77.167.18 - - [11/Apr/2025:11:28:25 -0400] "GET /item/podocarpus5357452.shtml HTTP/1.1" 200 28190 "-" "Mozilla/5.0 AppleWebKit/537.36 (KHTML, like Gecko; compatible; bingbot/2.0; +http://www.bing.com/bingbot.htm) Chrome/116.0.1938.76 Safari/537.36"
40.77.167.18 - - [11/Apr/2025:11:28:27 -0400] "GET /item/mng/patrimonially57466610.shtml HTTP/1.1" 200 26174 "-" "Mozilla/5.0 AppleWebKit/537.36 (KHTML, like Gecko; compatible; bingbot/2.0; +http://www.bing.com/bingbot.htm) Chrome/116.0.1938.76 Safari/537.36"
66.249.77.40 - - [11/Apr/2025:11:28:28 -0400] "GET /item/yag/specificalness/71515710.shtml HTTP/1.1" 200 28484 "-" "Mozilla/5.0 (Linux; Android 6.0.1; Nexus 5X Build/MMB29P) AppleWebKit/537.36 (KHTML, like Gecko) Chrome/135.0.7049.52 Mobile Safari/537.36 (compatible; GoogleOther)"
66.249.77.40 - - [11/Apr/2025:11:30:35 -0400] "GET /item/outpension/21275768.shtml HTTP/1.1" 200 28653 "-" "Mozilla/5.0 (Linux; Android 6.0.1; Nexus 5X Build/MMB29P) AppleWebKit/537.36 (KHTML, like Gecko) Chrome/135.0.7049.52 Mobile Safari/537.36 (compatible; GoogleOther)"
40.77.167.18 - - [11/Apr/2025:11:30:35 -0400] "GET /products/ancon/119206564.shtml HTTP/1.1" 200 27470 "-" "Mozilla/5.0 AppleWebKit/537.36 (KHTML, like Gecko; compatible; bingbot/2.0; +http://www.bing.com/bingbot.htm) Chrome/116.0.1938.76 Safari/537.36"
66.249.77.40 - - [11/Apr/2025:11:30:39 -0400] "GET /shopdetail/huamachil235598.shtml HTTP/1.1" 200 28475 "-" "Mozilla/5.0 (Linux; Android 6.0.1; Nexus 5X Build/MMB29P) AppleWebKit/537.36 (KHTML, like Gecko) Chrome/135.0.7049.52 Mobile Safari/537.36 (compatible; GoogleOther)"
157.55.39.7 - - [11/Apr/2025:11:30:40 -0400] "GET /items/87569748.shtml HTTP/1.1" 200 26081 "-" "Mozilla/5.0 AppleWebKit/537.36 (KHTML, like Gecko; compatible; bingbot/2.0; +http://www.bing.com/bingbot.htm) Chrome/116.0.1938.76 Safari/537.36"
66.249.77.40 - - [11/Apr/2025:11:30:40 -0400] "GET /special/o/morphia/101240622.shtml HTTP/1.1" 200 26992 "-" "Mozilla/5.0 (Linux; Android 6.0.1; Nexus 5X Build/MMB29P) AppleWebKit/537.36 (KHTML, like Gecko) Chrome/135.0.7049.52 Mobile Safari/537.36 (compatible; GoogleOther)"
66.249.77.40 - - [11/Apr/2025:11:30:46 -0400] "GET /product/q/apheliotropic/92505782.shtml HTTP/1.1" 200 28076 "-" "Mozilla/5.0 (Linux; Android 6.0.1; Nexus 5X Build/MMB29P) AppleWebKit/537.36 (KHTML, like Gecko) Chrome/135.0.7049.52 Mobile Safari/537.36 (compatible; GoogleOther)"
66.249.77.41 - - [11/Apr/2025:11:30:47 -0400] "GET /entity/v/rakishness/81356620.shtml HTTP/1.1" 200 26440 "-" "Mozilla/5.0 (Linux; Android 6.0.1; Nexus 5X Build/MMB29P) AppleWebKit/537.36 (KHTML, like Gecko) Chrome/135.0.7049.52 Mobile Safari/537.36 (compatible; GoogleOther)"
52.167.144.197 - - [11/Apr/2025:11:30:52 -0400] "GET /goods67173586.shtml HTTP/1.1" 200 25208 "-" "Mozilla/5.0 AppleWebKit/537.36 (KHTML, like Gecko; compatible; bingbot/2.0; +http://www.bing.com/bingbot.htm) Chrome/116.0.1938.76 Safari/537.36"
66.249.77.41 - - [11/Apr/2025:11:30:52 -0400] "GET /item/donax84944622.shtml HTTP/1.1" 200 25530 "-" "Mozilla/5.0 (Linux; Android 6.0.1; Nexus 5X Build/MMB29P) AppleWebKit/537.36 (KHTML, like Gecko) Chrome/135.0.7049.52 Mobile Safari/537.36 (compatible; GoogleOther)"
52.167.144.197 - - [11/Apr/2025:11:30:57 -0400] "GET /entity96738916.shtml HTTP/1.1" 200 27031 "-" "Mozilla/5.0 AppleWebKit/537.36 (KHTML, like Gecko; compatible; bingbot/2.0; +http://www.bing.com/bingbot.htm) Chrome/116.0.1938.76 Safari/537.36"
66.249.77.40 - - [11/Apr/2025:11:30:57 -0400] "GET /special/b/insculption/31757124.shtml HTTP/1.1" 200 26888 "-" "Mozilla/5.0 (Linux; Android 6.0.1; Nexus 5X Build/MMB29P) AppleWebKit/537.36 (KHTML, like Gecko) Chrome/135.0.7049.52 Mobile Safari/537.36 (compatible; GoogleOther)"
66.249.77.42 - - [11/Apr/2025:11:31:03 -0400] "GET /item/remunerative6228226.shtml HTTP/1.1" 200 30017 "-" "Mozilla/5.0 (Linux; Android 6.0.1; Nexus 5X Build/MMB29P) AppleWebKit/537.36 (KHTML, like Gecko) Chrome/135.0.7049.52 Mobile Safari/537.36 (compatible; GoogleOther)"
66.249.77.41 - - [11/Apr/2025:11:31:04 -0400] "GET /detail/raptor/115349414.shtml HTTP/1.1" 200 27502 "-" "Mozilla/5.0 (Linux; Android 6.0.1; Nexus 5X Build/MMB29P) AppleWebKit/537.36 (KHTML, like Gecko) Chrome/135.0.7049.52 Mobile Safari/537.36 (compatible; GoogleOther)"
66.249.77.40 - - [11/Apr/2025:11:31:08 -0400] "GET /item/1651772.shtml HTTP/1.1" 200 27603 "-" "Mozilla/5.0 (Linux; Android 6.0.1; Nexus 5X Build/MMB29P) AppleWebKit/537.36 (KHTML, like Gecko) Chrome/135.0.7049.52 Mobile Safari/537.36 (compatible; GoogleOther)"
66.249.77.40 - - [11/Apr/2025:11:31:10 -0400] "GET /goodscode/p/legalism24635768.shtml HTTP/1.1" 200 25399 "-" "Mozilla/5.0 (Linux; Android 6.0.1; Nexus 5X Build/MMB29P) AppleWebKit/537.36 (KHTML, like Gecko) Chrome/135.0.7049.52 Mobile Safari/537.36 (compatible; GoogleOther)"
66.249.77.40 - - [11/Apr/2025:11:31:14 -0400] "GET /item/ingannation787096.shtml HTTP/1.1" 200 27817 "-" "Mozilla/5.0 (Linux; Android 6.0.1; Nexus 5X Build/MMB29P) AppleWebKit/537.36 (KHTML, like Gecko) Chrome/135.0.7049.52 Mobile Safari/537.36 (compatible; GoogleOther)"
40.77.167.18 - - [11/Apr/2025:11:31:14 -0400] "GET /product/knopped97710358.shtml HTTP/1.1" 200 28156 "-" "Mozilla/5.0 AppleWebKit/537.36 (KHTML, like Gecko; compatible; bingbot/2.0; +http://www.bing.com/bingbot.htm) Chrome/116.0.1938.76 Safari/537.36"
66.249.77.40 - - [11/Apr/2025:11:31:15 -0400] "GET /info/ywu/aculeous/115098458.shtml HTTP/1.1" 200 26356 "-" "Mozilla/5.0 (Linux; Android 6.0.1; Nexus 5X Build/MMB29P) AppleWebKit/537.36 (KHTML, like Gecko) Chrome/135.0.7049.52 Mobile Safari/537.36 (compatible; GoogleOther)"
66.249.77.40 - - [11/Apr/2025:11:31:21 -0400] "GET /entity/xkw/elaqueate/6232612.shtml HTTP/1.1" 200 26804 "-" "Mozilla/5.0 (Linux; Android 6.0.1; Nexus 5X Build/MMB29P) AppleWebKit/537.36 (KHTML, like Gecko) Chrome/135.0.7049.52 Mobile Safari/537.36 (compatible; GoogleOther)"
52.167.144.197 - - [11/Apr/2025:11:31:24 -0400] "GET /item/31456970.shtml HTTP/1.1" 200 29034 "-" "Mozilla/5.0 AppleWebKit/537.36 (KHTML, like Gecko; compatible; bingbot/2.0; +http://www.bing.com/bingbot.htm) Chrome/116.0.1938.76 Safari/537.36"
66.249.77.40 - - [11/Apr/2025:11:31:25 -0400] "GET /items100652018.shtml HTTP/1.1" 200 26306 "-" "Mozilla/5.0 (Linux; Android 6.0.1; Nexus 5X Build/MMB29P) AppleWebKit/537.36 (KHTML, like Gecko) Chrome/135.0.7049.52 Mobile Safari/537.36 (compatible; GoogleOther)"
66.249.77.40 - - [11/Apr/2025:11:31:27 -0400] "GET /goodscode/veu/navigating/108454600.shtml HTTP/1.1" 200 26482 "-" "Mozilla/5.0 (Linux; Android 6.0.1; Nexus 5X Build/MMB29P) AppleWebKit/537.36 (KHTML, like Gecko) Chrome/135.0.7049.52 Mobile Safari/537.36 (compatible; GoogleOther)"
66.249.77.40 - - [11/Apr/2025:11:31:31 -0400] "GET /special46051888.shtml HTTP/1.1" 200 27155 "-" "Mozilla/5.0 (Linux; Android 6.0.1; Nexus 5X Build/MMB29P) AppleWebKit/537.36 (KHTML, like Gecko) Chrome/135.0.7049.52 Mobile Safari/537.36 (compatible; GoogleOther)"
66.249.77.41 - - [11/Apr/2025:11:31:36 -0400] "GET /products/c/rustiness13428030.shtml HTTP/1.1" 200 25342 "-" "Mozilla/5.0 (Linux; Android 6.0.1; Nexus 5X Build/MMB29P) AppleWebKit/537.36 (KHTML, like Gecko) Chrome/135.0.7049.52 Mobile Safari/537.36 (compatible; GoogleOther)"
66.249.77.41 - - [11/Apr/2025:11:31:38 -0400] "GET /product/ngw/calving/104340700.shtml HTTP/1.1" 200 25261 "-" "Mozilla/5.0 (Linux; Android 6.0.1; Nexus 5X Build/MMB29P) AppleWebKit/537.36 (KHTML, like Gecko) Chrome/135.0.7049.52 Mobile Safari/537.36 (compatible; GoogleOther)"
198.54.116.86 - - [11/Apr/2025:11:31:40 -0400] "POST /wp-cron.php?doing_wp_cron=1744385500.6642820835113525390625 HTTP/1.1" 200 0 "-" "WordPress/6.7.2; https://servethepeopleinc.org"
94.103.88.24 - - [11/Apr/2025:11:31:40 -0400] "GET / HTTP/1.1" 200 32641 "-" "Mozilla/5.0 (Macintosh; Intel Mac OS X 10_15_7) AppleWebKit/537.36 (KHTML, like Gecko) Chrome/133.0.0.0 Safari/537.36"
198.54.116.86 - - [11/Apr/2025:11:31:40 -0400] "POST /wp-admin/admin-ajax.php?action=async_litespeed&nonce=NJdRkUmgbGjU2TbgPGh9p4s8rg9e2y23&litespeed_type=imgoptm HTTP/1.1" 200 21 "-" "WordPress/6.7.2; https://servethepeopleinc.org"
66.249.77.40 - - [11/Apr/2025:11:31:40 -0400] "GET /products/dus/crossmodality/108451660.shtml HTTP/1.1" 200 27142 "-" "Mozilla/5.0 (Linux; Android 6.0.1; Nexus 5X Build/MMB29P) AppleWebKit/537.36 (KHTML, like Gecko) Chrome/135.0.7049.52 Mobile Safari/537.36 (compatible; GoogleOther)"
66.249.77.40 - - [11/Apr/2025:11:31:42 -0400] "GET /detail/kilting/72931672.shtml HTTP/1.1" 200 25349 "-" "Mozilla/5.0 (Linux; Android 6.0.1; Nexus 5X Build/MMB29P) AppleWebKit/537.36 (KHTML, like Gecko) Chrome/135.0.7049.52 Mobile Safari/537.36 (compatible; GoogleOther)"
202.124.43.22 - - [11/Apr/2025:11:31:42 -0400] "POST / HTTP/1.1" 200 30218 "-" "Mozilla/5.0 (Macintosh; Intel Mac OS X 10_15_7) AppleWebKit/537.36 (KHTML, like Gecko) Chrome/133.0.0.0 Safari/537.36"
52.167.144.197 - - [11/Apr/2025:11:31:44 -0400] "GET /special/showy/21784166.shtml HTTP/1.1" 200 25430 "-" "Mozilla/5.0 AppleWebKit/537.36 (KHTML, like Gecko; compatible; bingbot/2.0; +http://www.bing.com/bingbot.htm) Chrome/116.0.1938.76 Safari/537.36"
202.124.43.22 - - [11/Apr/2025:11:31:45 -0400] "POST / HTTP/1.1" 200 32582 "-" "Mozilla/5.0 (Windows NT 10.0; Win64; x64) AppleWebKit/537.36 (KHTML, like Gecko) Chrome/120.0.0.0 Safari/537.36"
94.103.88.24 - - [11/Apr/2025:11:31:47 -0400] "GET /comments/feed/ HTTP/1.1" 200 742 "-" "Mozilla/5.0 (Macintosh; Intel Mac OS X 10_15_7) AppleWebKit/537.36 (KHTML, like Gecko) Chrome/133.0.0.0 Safari/537.36"
66.249.77.40 - - [11/Apr/2025:11:31:49 -0400] "GET /entity/t/prided/97346740.shtml HTTP/1.1" 200 26346 "-" "Mozilla/5.0 (Linux; Android 6.0.1; Nexus 5X Build/MMB29P) AppleWebKit/537.36 (KHTML, like Gecko) Chrome/135.0.7049.52 Mobile Safari/537.36 (compatible; GoogleOther)"
66.249.77.40 - - [11/Apr/2025:11:31:53 -0400] "GET /item/xnw/pesanted32964772.shtml HTTP/1.1" 200 28319 "-" "Mozilla/5.0 (Linux; Android 6.0.1; Nexus 5X Build/MMB29P) AppleWebKit/537.36 (KHTML, like Gecko) Chrome/135.0.7049.52 Mobile Safari/537.36 (compatible; GoogleOther)"
66.249.77.41 - - [11/Apr/2025:11:31:55 -0400] "GET /goods/qcg/inadvertence/43697686.shtml HTTP/1.1" 200 26583 "-" "Mozilla/5.0 (Linux; Android 6.0.1; Nexus 5X Build/MMB29P) AppleWebKit/537.36 (KHTML, like Gecko) Chrome/135.0.7049.52 Mobile Safari/537.36 (compatible; GoogleOther)"
157.55.39.52 - - [11/Apr/2025:11:31:58 -0400] "GET /item/122106038.shtml HTTP/1.1" 200 27882 "-" "Mozilla/5.0 AppleWebKit/537.36 (KHTML, like Gecko; compatible; bingbot/2.0; +http://www.bing.com/bingbot.htm) Chrome/116.0.1938.76 Safari/537.36"
94.103.88.24 - - [11/Apr/2025:11:31:58 -0400] "GET /contact-us/ HTTP/1.1" 200 26460 "-" "Mozilla/5.0 (Macintosh; Intel Mac OS X 10_15_7) AppleWebKit/537.36 (KHTML, like Gecko) Chrome/133.0.0.0 Safari/537.36"
66.249.77.40 - - [11/Apr/2025:11:31:59 -0400] "GET /product/c/inlayer111164198.shtml HTTP/1.1" 200 28454 "-" "Mozilla/5.0 (Linux; Android 6.0.1; Nexus 5X Build/MMB29P) AppleWebKit/537.36 (KHTML, like Gecko) Chrome/135.0.7049.52 Mobile Safari/537.36 (compatible; GoogleOther)"
198.54.116.86 - - [11/Apr/2025:11:32:01 -0400] "POST /wp-cron.php?doing_wp_cron=1744385521.4012629985809326171875 HTTP/1.1" 200 0 "-" "WordPress/6.7.2; https://servethepeopleinc.org"
202.124.43.22 - - [11/Apr/2025:11:32:00 -0400] "POST /contact-us/ HTTP/1.1" 200 23051 "-" "Mozilla/5.0 (Macintosh; Intel Mac OS X 10_15_7) AppleWebKit/537.36 (KHTML, like Gecko) Chrome/133.0.0.0 Safari/537.36"
202.124.43.22 - - [11/Apr/2025:11:32:03 -0400] "POST /contact-us/ HTTP/1.1" 200 26409 "-" "Mozilla/5.0 (Windows NT 10.0; Win64; x64) AppleWebKit/537.36 (KHTML, like Gecko) Chrome/120.0.0.0 Safari/537.36"
66.249.77.40 - - [11/Apr/2025:11:32:04 -0400] "GET /product/t/unguard/89164384.shtml HTTP/1.1" 200 27126 "-" "Mozilla/5.0 (Linux; Android 6.0.1; Nexus 5X Build/MMB29P) AppleWebKit/537.36 (KHTML, like Gecko) Chrome/135.0.7049.52 Mobile Safari/537.36 (compatible; GoogleOther)"
40.77.167.18 - - [11/Apr/2025:11:32:04 -0400] "GET /info/b/unsoundness/96769344.shtml HTTP/1.1" 200 25564 "-" "Mozilla/5.0 AppleWebKit/537.36 (KHTML, like Gecko; compatible; bingbot/2.0; +http://www.bing.com/bingbot.htm) Chrome/116.0.1938.76 Safari/537.36"
66.249.77.40 - - [11/Apr/2025:11:32:06 -0400] "GET /entity/797240.shtml HTTP/1.1" 200 26405 "-" "Mozilla/5.0 (Linux; Android 6.0.1; Nexus 5X Build/MMB29P) AppleWebKit/537.36 (KHTML, like Gecko) Chrome/135.0.7049.52 Mobile Safari/537.36 (compatible; GoogleOther)"
94.103.88.24 - - [11/Apr/2025:11:32:06 -0400] "GET /join-stp/ HTTP/1.1" 200 20630 "-" "Mozilla/5.0 (Macintosh; Intel Mac OS X 10_15_7) AppleWebKit/537.36 (KHTML, like Gecko) Chrome/133.0.0.0 Safari/537.36"
66.249.77.41 - - [11/Apr/2025:11:32:08 -0400] "GET /detail/zs/denominational/8814200.shtml HTTP/1.1" 200 28726 "-" "Mozilla/5.0 (Linux; Android 6.0.1; Nexus 5X Build/MMB29P) AppleWebKit/537.36 (KHTML, like Gecko) Chrome/135.0.7049.52 Mobile Safari/537.36 (compatible; GoogleOther)"
40.77.167.18 - - [11/Apr/2025:11:32:08 -0400] "GET /detail/monomeric/105526238.shtml HTTP/1.1" 200 27892 "-" "Mozilla/5.0 AppleWebKit/537.36 (KHTML, like Gecko; compatible; bingbot/2.0; +http://www.bing.com/bingbot.htm) Chrome/116.0.1938.76 Safari/537.36"
66.249.77.40 - - [11/Apr/2025:11:32:11 -0400] "GET /goodscode/21871768.shtml HTTP/1.1" 200 29820 "-" "Mozilla/5.0 (Linux; Android 6.0.1; Nexus 5X Build/MMB29P) AppleWebKit/537.36 (KHTML, like Gecko) Chrome/135.0.7049.52 Mobile Safari/537.36 (compatible; GoogleOther)"
52.167.144.197 - - [11/Apr/2025:11:32:13 -0400] "GET /goods/4450718.shtml HTTP/1.1" 200 25983 "-" "Mozilla/5.0 AppleWebKit/537.36 (KHTML, like Gecko; compatible; bingbot/2.0; +http://www.bing.com/bingbot.htm) Chrome/116.0.1938.76 Safari/537.36"
66.249.77.40 - - [11/Apr/2025:11:32:17 -0400] "GET /product/c/ressaldar/119168574.shtml HTTP/1.1" 200 27378 "-" "Mozilla/5.0 (Linux; Android 6.0.1; Nexus 5X Build/MMB29P) AppleWebKit/537.36 (KHTML, like Gecko) Chrome/135.0.7049.52 Mobile Safari/537.36 (compatible; GoogleOther)"
157.55.39.7 - - [11/Apr/2025:11:32:20 -0400] "GET /special/p/suppalpation/49586876.shtml HTTP/1.1" 200 28747 "-" "Mozilla/5.0 AppleWebKit/537.36 (KHTML, like Gecko; compatible; bingbot/2.0; +http://www.bing.com/bingbot.htm) Chrome/116.0.1938.76 Safari/537.36"
66.249.77.40 - - [11/Apr/2025:11:32:21 -0400] "GET /entity/g/embroiled/25281842.shtml HTTP/1.1" 200 25884 "-" "Mozilla/5.0 (Linux; Android 6.0.1; Nexus 5X Build/MMB29P) AppleWebKit/537.36 (KHTML, like Gecko) Chrome/135.0.7049.52 Mobile Safari/537.36 (compatible; GoogleOther)"
40.77.167.18 - - [11/Apr/2025:11:32:24 -0400] "GET /items78366436.shtml HTTP/1.1" 200 28696 "-" "Mozilla/5.0 AppleWebKit/537.36 (KHTML, like Gecko; compatible; bingbot/2.0; +http://www.bing.com/bingbot.htm) Chrome/116.0.1938.76 Safari/537.36"
40.77.167.4 - - [11/Apr/2025:11:32:25 -0400] "GET /product/68386412.shtml HTTP/1.1" 200 27266 "-" "Mozilla/5.0 AppleWebKit/537.36 (KHTML, like Gecko; compatible; bingbot/2.0; +http://www.bing.com/bingbot.htm) Chrome/116.0.1938.76 Safari/537.36"
66.249.77.40 - - [11/Apr/2025:11:32:27 -0400] "GET /item91682572.shtml HTTP/1.1" 200 28384 "-" "Mozilla/5.0 (Linux; Android 6.0.1; Nexus 5X Build/MMB29P) AppleWebKit/537.36 (KHTML, like Gecko) Chrome/135.0.7049.52 Mobile Safari/537.36 (compatible; GoogleOther)"
66.249.77.40 - - [11/Apr/2025:11:32:29 -0400] "GET /special/rqi/bonapartism/58831768.shtml HTTP/1.1" 200 25610 "-" "Mozilla/5.0 (Linux; Android 6.0.1; Nexus 5X Build/MMB29P) AppleWebKit/537.36 (KHTML, like Gecko) Chrome/135.0.7049.52 Mobile Safari/537.36 (compatible; GoogleOther)"
157.55.39.7 - - [11/Apr/2025:11:32:30 -0400] "GET /product50125820.shtml HTTP/1.1" 200 29369 "-" "Mozilla/5.0 AppleWebKit/537.36 (KHTML, like Gecko; compatible; bingbot/2.0; +http://www.bing.com/bingbot.htm) Chrome/116.0.1938.76 Safari/537.36"
66.249.77.40 - - [11/Apr/2025:11:32:32 -0400] "GET /entity/38998240.shtml HTTP/1.1" 200 29021 "-" "Mozilla/5.0 (Linux; Android 6.0.1; Nexus 5X Build/MMB29P) AppleWebKit/537.36 (KHTML, like Gecko) Chrome/135.0.7049.52 Mobile Safari/537.36 (compatible; GoogleOther)"
66.249.77.40 - - [11/Apr/2025:11:32:38 -0400] "GET /entity/polygraphic6128766.shtml HTTP/1.1" 200 26837 "-" "Mozilla/5.0 (Linux; Android 6.0.1; Nexus 5X Build/MMB29P) AppleWebKit/537.36 (KHTML, like Gecko) Chrome/135.0.7049.52 Mobile Safari/537.36 (compatible; GoogleOther)"
52.167.144.197 - - [11/Apr/2025:11:32:44 -0400] "GET /shopping94046866.shtml HTTP/1.1" 200 25485 "-" "Mozilla/5.0 AppleWebKit/537.36 (KHTML, like Gecko; compatible; bingbot/2.0; +http://www.bing.com/bingbot.htm) Chrome/116.0.1938.76 Safari/537.36"
40.77.167.241 - - [11/Apr/2025:11:32:45 -0400] "GET /goodscode/freudian45225328.shtml HTTP/1.1" 200 27934 "-" "Mozilla/5.0 AppleWebKit/537.36 (KHTML, like Gecko; compatible; bingbot/2.0; +http://www.bing.com/bingbot.htm) Chrome/116.0.1938.76 Safari/537.36"
66.249.77.40 - - [11/Apr/2025:11:29:52 -0400] "GET /items/u/drumhead/51885734.shtml HTTP/1.1" 200 25726 "-" "Mozilla/5.0 (Linux; Android 6.0.1; Nexus 5X Build/MMB29P) AppleWebKit/537.36 (KHTML, like Gecko) Chrome/135.0.7049.52 Mobile Safari/537.36 (compatible; GoogleOther)"
66.249.77.41 - - [11/Apr/2025:11:32:45 -0400] "GET /detail/c/severeness71480854.shtml HTTP/1.1" 200 28887 "-" "Mozilla/5.0 (Linux; Android 6.0.1; Nexus 5X Build/MMB29P) AppleWebKit/537.36 (KHTML, like Gecko) Chrome/135.0.7049.52 Mobile Safari/537.36 (compatible; GoogleOther)"
157.55.39.52 - - [11/Apr/2025:11:32:49 -0400] "GET /entity/paramount/52293822.shtml HTTP/1.1" 200 27596 "-" "Mozilla/5.0 AppleWebKit/537.36 (KHTML, like Gecko; compatible; bingbot/2.0; +http://www.bing.com/bingbot.htm) Chrome/116.0.1938.76 Safari/537.36"
66.249.77.40 - - [11/Apr/2025:11:32:49 -0400] "GET /entity/e/magen/32981402.shtml HTTP/1.1" 200 26294 "-" "Mozilla/5.0 (Linux; Android 6.0.1; Nexus 5X Build/MMB29P) AppleWebKit/537.36 (KHTML, like Gecko) Chrome/135.0.7049.52 Mobile Safari/537.36 (compatible; GoogleOther)"
157.55.39.7 - - [11/Apr/2025:11:32:50 -0400] "GET /product61272136.shtml HTTP/1.1" 200 28402 "-" "Mozilla/5.0 AppleWebKit/537.36 (KHTML, like Gecko; compatible; bingbot/2.0; +http://www.bing.com/bingbot.htm) Chrome/116.0.1938.76 Safari/537.36"
157.55.39.52 - - [11/Apr/2025:11:32:54 -0400] "GET /items/46673466.shtml HTTP/1.1" 200 25948 "-" "Mozilla/5.0 AppleWebKit/537.36 (KHTML, like Gecko; compatible; bingbot/2.0; +http://www.bing.com/bingbot.htm) Chrome/116.0.1938.76 Safari/537.36"
66.249.77.41 - - [11/Apr/2025:11:32:55 -0400] "GET /info/1662524.shtml HTTP/1.1" 200 27422 "-" "Mozilla/5.0 (Linux; Android 6.0.1; Nexus 5X Build/MMB29P) AppleWebKit/537.36 (KHTML, like Gecko) Chrome/135.0.7049.52 Mobile Safari/537.36 (compatible; GoogleOther)"
66.249.77.41 - - [11/Apr/2025:11:32:56 -0400] "GET /goodscode/r/teredo/89052916.shtml HTTP/1.1" 200 25394 "-" "Mozilla/5.0 (Linux; Android 6.0.1; Nexus 5X Build/MMB29P) AppleWebKit/537.36 (KHTML, like Gecko) Chrome/135.0.7049.52 Mobile Safari/537.36 (compatible; GoogleOther)"
157.55.39.7 - - [11/Apr/2025:11:32:59 -0400] "GET /product99877874.shtml HTTP/1.1" 200 27267 "-" "Mozilla/5.0 AppleWebKit/537.36 (KHTML, like Gecko; compatible; bingbot/2.0; +http://www.bing.com/bingbot.htm) Chrome/116.0.1938.76 Safari/537.36"
66.249.77.42 - - [11/Apr/2025:11:33:00 -0400] "GET /shopdetail/ui/reanimation119070986.shtml HTTP/1.1" 200 27438 "-" "Mozilla/5.0 (Linux; Android 6.0.1; Nexus 5X Build/MMB29P) AppleWebKit/537.36 (KHTML, like Gecko) Chrome/135.0.7049.52 Mobile Safari/537.36 (compatible; GoogleOther)"
66.249.77.40 - - [11/Apr/2025:11:33:06 -0400] "GET /shopdetail/n/poney58974716.shtml HTTP/1.1" 200 27316 "-" "Mozilla/5.0 (Linux; Android 6.0.1; Nexus 5X Build/MMB29P) AppleWebKit/537.36 (KHTML, like Gecko) Chrome/135.0.7049.52 Mobile Safari/537.36 (compatible; GoogleOther)"
66.249.77.40 - - [11/Apr/2025:11:33:09 -0400] "GET /item/vermifuge/533044.shtml HTTP/1.1" 200 26847 "-" "Mozilla/5.0 (Linux; Android 6.0.1; Nexus 5X Build/MMB29P) AppleWebKit/537.36 (KHTML, like Gecko) Chrome/135.0.7049.52 Mobile Safari/537.36 (compatible; GoogleOther)"
66.249.77.40 - - [11/Apr/2025:11:33:14 -0400] "GET /entity/mw/basined115751034.shtml HTTP/1.1" 200 28429 "-" "Mozilla/5.0 (Linux; Android 6.0.1; Nexus 5X Build/MMB29P) AppleWebKit/537.36 (KHTML, like Gecko) Chrome/135.0.7049.52 Mobile Safari/537.36 (compatible; GoogleOther)"
18.117.196.141 - - [11/Apr/2025:11:33:16 -0400] "GET /ad917/?path=%2Fhome%2F.%2F.%2F..%2F..%2Flib64%2Fapache2%2F..%2Flibrsvg-2.so.2.42.7 HTTP/1.1" 200 971 "-" "Mozilla/5.0 AppleWebKit/537.36 (KHTML, like Gecko; compatible; ClaudeBot/1.0; +claudebot@anthropic.com)"
18.117.196.141 - - [11/Apr/2025:11:33:16 -0400] "GET /ad917/?path=%2Fhome%2F.%2F.%2F..%2F..%2Flib64%2Fgssproxy%2F..%2Flibxcb-xselinux.so HTTP/1.1" 200 969 "-" "Mozilla/5.0 AppleWebKit/537.36 (KHTML, like Gecko; compatible; ClaudeBot/1.0; +claudebot@anthropic.com)"
18.117.196.141 - - [11/Apr/2025:11:33:16 -0400] "GET /ad917/?path=%2Fhome%2F.%2F.%2F..%2F..%2Flib64%2Fgems%2F..%2Flibgstwayland-1.0.so.0 HTTP/1.1" 200 969 "-" "Mozilla/5.0 AppleWebKit/537.36 (KHTML, like Gecko; compatible; ClaudeBot/1.0; +claudebot@anthropic.com)"
18.117.196.141 - - [11/Apr/2025:11:33:16 -0400] "GET /ad917/?path=%2Fhome%2F.%2F..%2F..%2F..%2Fhome%2F..%2Flib64%2Flibgstplayer-1.0.so.0 HTTP/1.1" 200 962 "-" "Mozilla/5.0 AppleWebKit/537.36 (KHTML, like Gecko; compatible; ClaudeBot/1.0; +claudebot@anthropic.com)"
18.117.196.141 - - [11/Apr/2025:11:33:16 -0400] "GET /ad917/?path=%2Fhome%2F.%2F.%2F..%2F..%2Flib64%2Fhmaccalc%2F..%2Flibxcb-render.so.0 HTTP/1.1" 200 967 "-" "Mozilla/5.0 AppleWebKit/537.36 (KHTML, like Gecko; compatible; ClaudeBot/1.0; +claudebot@anthropic.com)"
18.117.196.141 - - [11/Apr/2025:11:33:17 -0400] "GET /ad917/?path=%2Fhome%2F.%2F.%2F..%2F..%2Fhome5%2F..%2Flib64%2Flibnfnetlink.so.0.2.0 HTTP/1.1" 200 966 "-" "Mozilla/5.0 AppleWebKit/537.36 (KHTML, like Gecko; compatible; ClaudeBot/1.0; +claudebot@anthropic.com)"
18.117.196.141 - - [11/Apr/2025:11:33:17 -0400] "GET /ad917/?path=%2Fhome%2F.%2F.%2F..%2F..%2Flib64%2Fgems%2F..%2Flibwayland-client.so.0 HTTP/1.1" 200 969 "-" "Mozilla/5.0 AppleWebKit/537.36 (KHTML, like Gecko; compatible; ClaudeBot/1.0; +claudebot@anthropic.com)"
18.117.196.141 - - [11/Apr/2025:11:33:17 -0400] "GET /ad917/?path=%2Fhome%2F.%2F..%2F..%2F..%2Fhome%2F..%2Flib64%2FlibQt5Concurrent.so.5 HTTP/1.1" 200 962 "-" "Mozilla/5.0 AppleWebKit/537.36 (KHTML, like Gecko; compatible; ClaudeBot/1.0; +claudebot@anthropic.com)"
18.117.196.141 - - [11/Apr/2025:11:33:17 -0400] "GET /ad917/?path=%2Fhome%2F.%2F.%2F..%2F..%2Flib64%2Ffirebird%2F..%2FlibXfixes.so.3.1.0 HTTP/1.1" 200 969 "-" "Mozilla/5.0 AppleWebKit/537.36 (KHTML, like Gecko; compatible; ClaudeBot/1.0; +claudebot@anthropic.com)"
18.117.196.141 - - [11/Apr/2025:11:33:17 -0400] "GET /ad917/?path=%2Fhome%2F.%2F.%2F..%2F..%2Flib64%2Fkrb5%2F..%2Flibmemcached.so.11.0.0 HTTP/1.1" 200 968 "-" "Mozilla/5.0 AppleWebKit/537.36 (KHTML, like Gecko; compatible; ClaudeBot/1.0; +claudebot@anthropic.com)"
18.117.196.141 - - [11/Apr/2025:11:33:17 -0400] "GET /ad917/?path=%2Fhome%2F.%2F.%2F..%2F..%2Fhome5%2F..%2Flib64%2Flibgstwebrtc-1.0.so.0 HTTP/1.1" 200 966 "-" "Mozilla/5.0 AppleWebKit/537.36 (KHTML, like Gecko; compatible; ClaudeBot/1.0; +claudebot@anthropic.com)"
18.117.196.141 - - [11/Apr/2025:11:33:17 -0400] "GET /ad917/?path=%2Fhome%2F.%2F.%2F..%2F..%2Flib64%2Fdovecot%2F..%2Flibsodium.so.23.3.0 HTTP/1.1" 200 968 "-" "Mozilla/5.0 AppleWebKit/537.36 (KHTML, like Gecko; compatible; ClaudeBot/1.0; +claudebot@anthropic.com)"
66.249.77.40 - - [11/Apr/2025:11:33:18 -0400] "GET /entity/qkg/janusfaced/81362950.shtml HTTP/1.1" 200 26886 "-" "Mozilla/5.0 (Linux; Android 6.0.1; Nexus 5X Build/MMB29P) AppleWebKit/537.36 (KHTML, like Gecko) Chrome/135.0.7049.52 Mobile Safari/537.36 (compatible; GoogleOther)"
157.55.39.7 - - [11/Apr/2025:11:33:19 -0400] "GET /product/hornotine95618002.shtml HTTP/1.1" 200 24954 "-" "Mozilla/5.0 AppleWebKit/537.36 (KHTML, like Gecko; compatible; bingbot/2.0; +http://www.bing.com/bingbot.htm) Chrome/116.0.1938.76 Safari/537.36"
