66.249.77.40 - - [11/Apr/2025:09:08:13 -0400] "GET /products/iu/entomostracan/108002018.shtml HTTP/1.1" 200 27238 "-" "Mozilla/5.0 (Linux; Android 6.0.1; Nexus 5X Build/MMB29P) AppleWebKit/537.36 (KHTML, like Gecko) Chrome/135.0.7049.52 Mobile Safari/537.36 (compatible; GoogleOther)"
207.46.13.78 - - [11/Apr/2025:09:08:16 -0400] "GET /entity/h/pluto10449260.shtml HTTP/1.1" 200 25679 "-" "Mozilla/5.0 AppleWebKit/537.36 (KHTML, like Gecko; compatible; bingbot/2.0; +http://www.bing.com/bingbot.htm) Chrome/116.0.1938.76 Safari/537.36"
40.77.167.79 - - [11/Apr/2025:09:08:21 -0400] "GET /products/eui/philippinensis/105572150.shtml HTTP/1.1" 200 26277 "-" "Mozilla/5.0 AppleWebKit/537.36 (KHTML, like Gecko; compatible; bingbot/2.0; +http://www.bing.com/bingbot.htm) Chrome/116.0.1938.76 Safari/537.36"
66.249.77.40 - - [11/Apr/2025:09:08:23 -0400] "GET /products/r/heliconia/925192.shtml HTTP/1.1" 200 26453 "-" "Mozilla/5.0 (Linux; Android 6.0.1; Nexus 5X Build/MMB29P) AppleWebKit/537.36 (KHTML, like Gecko) Chrome/135.0.7049.52 Mobile Safari/537.36 (compatible; GoogleOther)"
18.191.112.81 - - [11/Apr/2025:09:08:24 -0400] "GET /robots.txt HTTP/1.1" 200 101 "-" "Mozilla/5.0 AppleWebKit/537.36 (KHTML, like Gecko; compatible; ClaudeBot/1.0; +claudebot@anthropic.com)"
18.191.112.81 - - [11/Apr/2025:09:08:25 -0400] "GET /ad917/?path=%2Fhome%2F.%2F.%2F..%2F..%2Flib64%2Fpulseaudio%2F..%2Flibsqlite3.so.0 HTTP/1.1" 200 964 "-" "Mozilla/5.0 AppleWebKit/537.36 (KHTML, like Gecko; compatible; ClaudeBot/1.0; +claudebot@anthropic.com)"
18.191.112.81 - - [11/Apr/2025:09:08:25 -0400] "GET /ad917/?path=%2Fhome%2F.%2F.%2F..%2F..%2Flib64%2Fpkgconfig%2F..%2Flibjbig2dec.so.0 HTTP/1.1" 200 969 "-" "Mozilla/5.0 AppleWebKit/537.36 (KHTML, like Gecko; compatible; ClaudeBot/1.0; +claudebot@anthropic.com)"
18.191.112.81 - - [11/Apr/2025:09:08:25 -0400] "GET /ad917/?path=%2Fhome%2F.%2F.%2F..%2F..%2Flib64%2Fapr-util-1%2F..%2Flibgcrypt.so.20 HTTP/1.1" 200 966 "-" "Mozilla/5.0 AppleWebKit/537.36 (KHTML, like Gecko; compatible; ClaudeBot/1.0; +claudebot@anthropic.com)"
18.191.112.81 - - [11/Apr/2025:09:08:25 -0400] "GET /ad917/?path=%2Fhome%2F.%2F.%2F..%2F..%2Flib64%2Flibibverbs%2F..%2Flibwmf-0.2.so.7 HTTP/1.1" 200 966 "-" "Mozilla/5.0 AppleWebKit/537.36 (KHTML, like Gecko; compatible; ClaudeBot/1.0; +claudebot@anthropic.com)"
18.191.112.81 - - [11/Apr/2025:09:08:25 -0400] "GET /ad917/?path=%2Fhome%2F.%2F.%2F..%2F..%2Flib64%2Flibibverbs%2F..%2FlibQt5Core.so.5 HTTP/1.1" 200 968 "-" "Mozilla/5.0 AppleWebKit/537.36 (KHTML, like Gecko; compatible; ClaudeBot/1.0; +claudebot@anthropic.com)"
18.191.112.81 - - [11/Apr/2025:09:08:25 -0400] "GET /ad917/?path=%2Fhome%2F.%2F.%2F..%2F..%2Flib64%2Fpulseaudio%2F..%2Flibibverbs.so.1 HTTP/1.1" 200 966 "-" "Mozilla/5.0 AppleWebKit/537.36 (KHTML, like Gecko; compatible; ClaudeBot/1.0; +claudebot@anthropic.com)"
18.191.112.81 - - [11/Apr/2025:09:08:25 -0400] "GET /ad917/?path=%2Fhome%2F.%2F.%2F..%2F..%2Flib64%2Flibibverbs%2F..%2Flibyaz_icu.so.5 HTTP/1.1" 200 966 "-" "Mozilla/5.0 AppleWebKit/537.36 (KHTML, like Gecko; compatible; ClaudeBot/1.0; +claudebot@anthropic.com)"
18.191.112.81 - - [11/Apr/2025:09:08:25 -0400] "GET /ad917/?path=%2Fhome%2F.%2F.%2F..%2F..%2Flib64%2Fcifs-utils%2F..%2Flibpcrecpp.so.0 HTTP/1.1" 200 966 "-" "Mozilla/5.0 AppleWebKit/537.36 (KHTML, like Gecko; compatible; ClaudeBot/1.0; +claudebot@anthropic.com)"
18.191.112.81 - - [11/Apr/2025:09:08:25 -0400] "GET /ad917/?path=%2Fhome%2F.%2F.%2F..%2F..%2Flib64%2Flibibverbs%2F..%2Flibaspell.so.15 HTTP/1.1" 200 965 "-" "Mozilla/5.0 AppleWebKit/537.36 (KHTML, like Gecko; compatible; ClaudeBot/1.0; +claudebot@anthropic.com)"
66.249.77.40 - - [11/Apr/2025:09:08:26 -0400] "GET /shopdetail/picturesquely/27668440.shtml HTTP/1.1" 200 27253 "-" "Mozilla/5.0 (Linux; Android 6.0.1; Nexus 5X Build/MMB29P) AppleWebKit/537.36 (KHTML, like Gecko) Chrome/135.0.7049.52 Mobile Safari/537.36 (compatible; GoogleOther)"
207.46.13.78 - - [11/Apr/2025:09:08:26 -0400] "GET /items49898772.shtml HTTP/1.1" 200 27805 "-" "Mozilla/5.0 AppleWebKit/537.36 (KHTML, like Gecko; compatible; bingbot/2.0; +http://www.bing.com/bingbot.htm) Chrome/116.0.1938.76 Safari/537.36"
66.249.77.40 - - [11/Apr/2025:09:08:27 -0400] "GET /items/z/tuefall/29919268.shtml HTTP/1.1" 200 27636 "-" "Mozilla/5.0 (Linux; Android 6.0.1; Nexus 5X Build/MMB29P) AppleWebKit/537.36 (KHTML, like Gecko) Chrome/135.0.7049.52 Mobile Safari/537.36 (compatible; GoogleOther)"
40.77.167.24 - - [11/Apr/2025:09:08:31 -0400] "GET /items34235712.shtml HTTP/1.1" 200 26143 "-" "Mozilla/5.0 AppleWebKit/537.36 (KHTML, like Gecko; compatible; bingbot/2.0; +http://www.bing.com/bingbot.htm) Chrome/116.0.1938.76 Safari/537.36"
40.77.167.44 - - [11/Apr/2025:09:08:31 -0400] "GET /goods/96983690.shtml HTTP/1.1" 200 25651 "-" "Mozilla/5.0 AppleWebKit/537.36 (KHTML, like Gecko; compatible; bingbot/2.0; +http://www.bing.com/bingbot.htm) Chrome/116.0.1938.76 Safari/537.36"
66.249.77.40 - - [11/Apr/2025:09:08:32 -0400] "GET /detail/biy/gladsomeness/66483896.shtml HTTP/1.1" 200 25751 "-" "Mozilla/5.0 (Linux; Android 6.0.1; Nexus 5X Build/MMB29P) AppleWebKit/537.36 (KHTML, like Gecko) Chrome/135.0.7049.52 Mobile Safari/537.36 (compatible; GoogleOther)"
66.249.77.40 - - [11/Apr/2025:09:08:34 -0400] "GET /shopdetail/ik/thermobarometer21479598.shtml HTTP/1.1" 200 27420 "-" "Mozilla/5.0 (Linux; Android 6.0.1; Nexus 5X Build/MMB29P) AppleWebKit/537.36 (KHTML, like Gecko) Chrome/135.0.7049.52 Mobile Safari/537.36 (compatible; GoogleOther)"
207.46.13.78 - - [11/Apr/2025:09:08:35 -0400] "GET /product/87607762.shtml HTTP/1.1" 200 27717 "-" "Mozilla/5.0 AppleWebKit/537.36 (KHTML, like Gecko; compatible; bingbot/2.0; +http://www.bing.com/bingbot.htm) Chrome/116.0.1938.76 Safari/537.36"
66.249.77.40 - - [11/Apr/2025:09:08:36 -0400] "GET /shopdetail/corokia/6226058.shtml HTTP/1.1" 200 25412 "-" "Mozilla/5.0 (Linux; Android 6.0.1; Nexus 5X Build/MMB29P) AppleWebKit/537.36 (KHTML, like Gecko) Chrome/135.0.7049.52 Mobile Safari/537.36 (compatible; GoogleOther)"
66.249.77.40 - - [11/Apr/2025:09:08:40 -0400] "GET /products12442748.shtml HTTP/1.1" 200 28528 "-" "Mozilla/5.0 (Linux; Android 6.0.1; Nexus 5X Build/MMB29P) AppleWebKit/537.36 (KHTML, like Gecko) Chrome/135.0.7049.52 Mobile Safari/537.36 (compatible; GoogleOther)"
66.249.77.41 - - [11/Apr/2025:09:08:44 -0400] "GET /goodscode/p/railer6018180.shtml HTTP/1.1" 200 29372 "-" "Mozilla/5.0 (Linux; Android 6.0.1; Nexus 5X Build/MMB29P) AppleWebKit/537.36 (KHTML, like Gecko) Chrome/135.0.7049.52 Mobile Safari/537.36 (compatible; GoogleOther)"
207.46.13.78 - - [11/Apr/2025:09:08:46 -0400] "GET /product/apaume/12677948.shtml HTTP/1.1" 200 28849 "-" "Mozilla/5.0 AppleWebKit/537.36 (KHTML, like Gecko; compatible; bingbot/2.0; +http://www.bing.com/bingbot.htm) Chrome/116.0.1938.76 Safari/537.36"
66.249.77.40 - - [11/Apr/2025:09:08:48 -0400] "GET /goods/continental21053974.shtml HTTP/1.1" 200 26283 "-" "Mozilla/5.0 (Linux; Android 6.0.1; Nexus 5X Build/MMB29P) AppleWebKit/537.36 (KHTML, like Gecko) Chrome/135.0.7049.52 Mobile Safari/537.36 (compatible; GoogleOther)"
66.249.77.41 - - [11/Apr/2025:09:08:50 -0400] "GET /goods/x/yeven/118468308.shtml HTTP/1.1" 200 28720 "-" "Mozilla/5.0 (Linux; Android 6.0.1; Nexus 5X Build/MMB29P) AppleWebKit/537.36 (KHTML, like Gecko) Chrome/135.0.7049.52 Mobile Safari/537.36 (compatible; GoogleOther)"
18.191.112.81 - - [11/Apr/2025:09:08:52 -0400] "GET /ad917/?path=%2Fhome%2F.%2F.%2F..%2F..%2Flib64%2Fapr-util-1%2F..%2Flibtdb.so.1.4.9 HTTP/1.1" 200 965 "-" "Mozilla/5.0 AppleWebKit/537.36 (KHTML, like Gecko; compatible; ClaudeBot/1.0; +claudebot@anthropic.com)"
66.249.77.40 - - [11/Apr/2025:09:08:52 -0400] "GET /shopdetail/cq/monger/96937558.shtml HTTP/1.1" 200 26409 "-" "Mozilla/5.0 (Linux; Android 6.0.1; Nexus 5X Build/MMB29P) AppleWebKit/537.36 (KHTML, like Gecko) Chrome/135.0.7049.52 Mobile Safari/537.36 (compatible; GoogleOther)"
18.191.112.81 - - [11/Apr/2025:09:08:52 -0400] "GET /ad917/?path=%2Fhome%2F.%2F.%2F..%2F..%2Flib64%2Fpulseaudio%2F..%2Flibpcprofile.so HTTP/1.1" 200 966 "-" "Mozilla/5.0 AppleWebKit/537.36 (KHTML, like Gecko; compatible; ClaudeBot/1.0; +claudebot@anthropic.com)"
40.77.167.24 - - [11/Apr/2025:09:08:52 -0400] "GET /goods/56926862.shtml HTTP/1.1" 200 28483 "-" "Mozilla/5.0 AppleWebKit/537.36 (KHTML, like Gecko; compatible; bingbot/2.0; +http://www.bing.com/bingbot.htm) Chrome/116.0.1938.76 Safari/537.36"
18.191.112.81 - - [11/Apr/2025:09:08:53 -0400] "GET /ad917/?path=%2Fhome%2F.%2F.%2F..%2F..%2Flib64%2Fpkgconfig%2F..%2Flibpanelw.so.5.9 HTTP/1.1" 200 969 "-" "Mozilla/5.0 AppleWebKit/537.36 (KHTML, like Gecko; compatible; ClaudeBot/1.0; +claudebot@anthropic.com)"
18.191.112.81 - - [11/Apr/2025:09:08:53 -0400] "GET /ad917/?path=%2Fhome%2F.%2F.%2F..%2F..%2Flib64%2Fsssd%2Fmodules%2Flibsss_autofs.so HTTP/1.1" 200 967 "-" "Mozilla/5.0 AppleWebKit/537.36 (KHTML, like Gecko; compatible; ClaudeBot/1.0; +claudebot@anthropic.com)"
18.191.112.81 - - [11/Apr/2025:09:08:54 -0400] "GET /ad917/?path=%2Fhome%2F.%2F.%2F..%2F..%2Flib64%2Fcifs-utils%2F..%2Flibhashkit.so.2 HTTP/1.1" 200 966 "-" "Mozilla/5.0 AppleWebKit/537.36 (KHTML, like Gecko; compatible; ClaudeBot/1.0; +claudebot@anthropic.com)"
66.249.77.40 - - [11/Apr/2025:09:08:53 -0400] "GET /entity/chack/86743502.shtml HTTP/1.1" 200 28586 "-" "Mozilla/5.0 (Linux; Android 6.0.1; Nexus 5X Build/MMB29P) AppleWebKit/537.36 (KHTML, like Gecko) Chrome/135.0.7049.52 Mobile Safari/537.36 (compatible; GoogleOther)"
66.249.77.40 - - [11/Apr/2025:09:08:55 -0400] "GET /goodscode/n/goujon/106361992.shtml HTTP/1.1" 200 26152 "-" "Mozilla/5.0 (Linux; Android 6.0.1; Nexus 5X Build/MMB29P) AppleWebKit/537.36 (KHTML, like Gecko) Chrome/135.0.7049.52 Mobile Safari/537.36 (compatible; GoogleOther)"
66.249.77.41 - - [11/Apr/2025:09:08:59 -0400] "GET /item/xk/sinfulness25533648.shtml HTTP/1.1" 200 28032 "-" "Mozilla/5.0 (Linux; Android 6.0.1; Nexus 5X Build/MMB29P) AppleWebKit/537.36 (KHTML, like Gecko) Chrome/135.0.7049.52 Mobile Safari/537.36 (compatible; GoogleOther)"
52.167.144.140 - - [11/Apr/2025:09:08:59 -0400] "GET /goodscode75692128.shtml HTTP/1.1" 200 27281 "-" "Mozilla/5.0 AppleWebKit/537.36 (KHTML, like Gecko; compatible; bingbot/2.0; +http://www.bing.com/bingbot.htm) Chrome/116.0.1938.76 Safari/537.36"
207.46.13.52 - - [11/Apr/2025:09:09:03 -0400] "GET /special/ey/galictis/52293486.shtml HTTP/1.1" 200 26673 "-" "Mozilla/5.0 AppleWebKit/537.36 (KHTML, like Gecko; compatible; bingbot/2.0; +http://www.bing.com/bingbot.htm) Chrome/116.0.1938.76 Safari/537.36"
66.249.77.40 - - [11/Apr/2025:09:09:05 -0400] "GET /categories/1247170?num=34124 HTTP/1.1" 200 27740 "-" "Mozilla/5.0 (Linux; Android 6.0.1; Nexus 5X Build/MMB29P) AppleWebKit/537.36 (KHTML, like Gecko) Chrome/135.0.7049.52 Mobile Safari/537.36 (compatible; Googlebot/2.1; +http://www.google.com/bot.html)"
66.249.77.40 - - [11/Apr/2025:09:09:08 -0400] "GET /entity/sturionian/32911048.shtml HTTP/1.1" 200 27366 "-" "Mozilla/5.0 (Linux; Android 6.0.1; Nexus 5X Build/MMB29P) AppleWebKit/537.36 (KHTML, like Gecko) Chrome/135.0.7049.52 Mobile Safari/537.36 (compatible; GoogleOther)"
52.167.144.140 - - [11/Apr/2025:09:09:09 -0400] "GET /products/w/moiety24785654.shtml HTTP/1.1" 200 26408 "-" "Mozilla/5.0 AppleWebKit/537.36 (KHTML, like Gecko; compatible; bingbot/2.0; +http://www.bing.com/bingbot.htm) Chrome/116.0.1938.76 Safari/537.36"
66.249.77.40 - - [11/Apr/2025:09:09:12 -0400] "GET /items/a/marrier/115368266.shtml HTTP/1.1" 200 26977 "-" "Mozilla/5.0 (Linux; Android 6.0.1; Nexus 5X Build/MMB29P) AppleWebKit/537.36 (KHTML, like Gecko) Chrome/135.0.7049.52 Mobile Safari/537.36 (compatible; GoogleOther)"
52.167.144.140 - - [11/Apr/2025:09:09:12 -0400] "GET /entity/tk/sensuousness75955552.shtml HTTP/1.1" 200 27651 "-" "Mozilla/5.0 AppleWebKit/537.36 (KHTML, like Gecko; compatible; bingbot/2.0; +http://www.bing.com/bingbot.htm) Chrome/116.0.1938.76 Safari/537.36"
66.249.77.40 - - [11/Apr/2025:09:09:16 -0400] "GET /shopdetail/illustratory/113136660.shtml HTTP/1.1" 200 27692 "-" "Mozilla/5.0 (Linux; Android 6.0.1; Nexus 5X Build/MMB29P) AppleWebKit/537.36 (KHTML, like Gecko) Chrome/135.0.7049.52 Mobile Safari/537.36 (compatible; GoogleOther)"
40.77.167.44 - - [11/Apr/2025:09:09:17 -0400] "GET /products/formulizing/122097066.shtml HTTP/1.1" 200 26817 "-" "Mozilla/5.0 AppleWebKit/537.36 (KHTML, like Gecko; compatible; bingbot/2.0; +http://www.bing.com/bingbot.htm) Chrome/116.0.1938.76 Safari/537.36"
207.46.13.52 - - [11/Apr/2025:09:09:24 -0400] "GET /items99218932.shtml HTTP/1.1" 200 27084 "-" "Mozilla/5.0 AppleWebKit/537.36 (KHTML, like Gecko; compatible; bingbot/2.0; +http://www.bing.com/bingbot.htm) Chrome/116.0.1938.76 Safari/537.36"
66.249.77.40 - - [11/Apr/2025:09:09:27 -0400] "GET /product/fu/hepatology/94182628.shtml HTTP/1.1" 200 25206 "-" "Mozilla/5.0 (compatible; Googlebot/2.1; +http://www.google.com/bot.html)"
40.77.167.79 - - [11/Apr/2025:09:09:30 -0400] "GET /special8235424.shtml HTTP/1.1" 200 27566 "-" "Mozilla/5.0 AppleWebKit/537.36 (KHTML, like Gecko; compatible; bingbot/2.0; +http://www.bing.com/bingbot.htm) Chrome/116.0.1938.76 Safari/537.36"
66.249.77.40 - - [11/Apr/2025:09:09:30 -0400] "GET /goodscode/lq/inspissate/4999192.shtml HTTP/1.1" 200 27659 "-" "Mozilla/5.0 (Linux; Android 6.0.1; Nexus 5X Build/MMB29P) AppleWebKit/537.36 (KHTML, like Gecko) Chrome/135.0.7049.52 Mobile Safari/537.36 (compatible; GoogleOther)"
40.77.167.24 - - [11/Apr/2025:09:09:34 -0400] "GET /goods10645484.shtml HTTP/1.1" 200 24940 "-" "Mozilla/5.0 AppleWebKit/537.36 (KHTML, like Gecko; compatible; bingbot/2.0; +http://www.bing.com/bingbot.htm) Chrome/116.0.1938.76 Safari/537.36"
52.167.144.140 - - [11/Apr/2025:09:09:39 -0400] "GET /product/122094064.shtml HTTP/1.1" 200 27560 "-" "Mozilla/5.0 AppleWebKit/537.36 (KHTML, like Gecko; compatible; bingbot/2.0; +http://www.bing.com/bingbot.htm) Chrome/116.0.1938.76 Safari/537.36"
66.249.77.40 - - [11/Apr/2025:09:09:40 -0400] "GET /items59338822.shtml HTTP/1.1" 200 27296 "-" "Mozilla/5.0 (Linux; Android 6.0.1; Nexus 5X Build/MMB29P) AppleWebKit/537.36 (KHTML, like Gecko) Chrome/135.0.7049.52 Mobile Safari/537.36 (compatible; GoogleOther)"
40.77.167.24 - - [11/Apr/2025:09:09:42 -0400] "GET /detail/perplexities28834172.shtml HTTP/1.1" 200 27424 "-" "Mozilla/5.0 AppleWebKit/537.36 (KHTML, like Gecko; compatible; bingbot/2.0; +http://www.bing.com/bingbot.htm) Chrome/116.0.1938.76 Safari/537.36"
52.167.144.140 - - [11/Apr/2025:09:09:43 -0400] "GET /entity/96887006.shtml HTTP/1.1" 200 27723 "-" "Mozilla/5.0 AppleWebKit/537.36 (KHTML, like Gecko; compatible; bingbot/2.0; +http://www.bing.com/bingbot.htm) Chrome/116.0.1938.76 Safari/537.36"
66.249.77.40 - - [11/Apr/2025:09:09:48 -0400] "GET /entity/vincibility31654136.shtml HTTP/1.1" 200 25543 "-" "Mozilla/5.0 (Linux; Android 6.0.1; Nexus 5X Build/MMB29P) AppleWebKit/537.36 (KHTML, like Gecko) Chrome/135.0.7049.52 Mobile Safari/537.36 (compatible; GoogleOther)"
207.46.13.52 - - [11/Apr/2025:09:09:48 -0400] "GET /info/qji/xyleborus74629758.shtml HTTP/1.1" 200 26013 "-" "Mozilla/5.0 AppleWebKit/537.36 (KHTML, like Gecko; compatible; bingbot/2.0; +http://www.bing.com/bingbot.htm) Chrome/116.0.1938.76 Safari/537.36"
66.249.77.40 - - [11/Apr/2025:09:09:50 -0400] "GET /info/rs/furthermost/31666068.shtml HTTP/1.1" 200 26906 "-" "Mozilla/5.0 (Linux; Android 6.0.1; Nexus 5X Build/MMB29P) AppleWebKit/537.36 (KHTML, like Gecko) Chrome/135.0.7049.52 Mobile Safari/537.36 (compatible; GoogleOther)"
66.249.77.40 - - [11/Apr/2025:09:09:52 -0400] "GET /goodscode/zes/startingly/73897400.shtml HTTP/1.1" 200 29000 "-" "Mozilla/5.0 (Linux; Android 6.0.1; Nexus 5X Build/MMB29P) AppleWebKit/537.36 (KHTML, like Gecko) Chrome/135.0.7049.52 Mobile Safari/537.36 (compatible; GoogleOther)"
207.46.13.78 - - [11/Apr/2025:09:09:55 -0400] "GET /detail89140712.shtml HTTP/1.1" 200 28483 "-" "Mozilla/5.0 AppleWebKit/537.36 (KHTML, like Gecko; compatible; bingbot/2.0; +http://www.bing.com/bingbot.htm) Chrome/116.0.1938.76 Safari/537.36"
66.249.77.41 - - [11/Apr/2025:09:09:57 -0400] "GET /shopdetail108049934.shtml HTTP/1.1" 200 25793 "-" "Mozilla/5.0 (Linux; Android 6.0.1; Nexus 5X Build/MMB29P) AppleWebKit/537.36 (KHTML, like Gecko) Chrome/135.0.7049.52 Mobile Safari/537.36 (compatible; GoogleOther)"
66.249.77.41 - - [11/Apr/2025:09:09:59 -0400] "GET /detail/17318512.shtml HTTP/1.1" 200 26209 "-" "Mozilla/5.0 (Linux; Android 6.0.1; Nexus 5X Build/MMB29P) AppleWebKit/537.36 (KHTML, like Gecko) Chrome/135.0.7049.52 Mobile Safari/537.36 (compatible; GoogleOther)"
66.249.77.42 - - [11/Apr/2025:09:10:01 -0400] "GET /info/dwo/guaranine/118984048.shtml HTTP/1.1" 200 25720 "-" "Mozilla/5.0 (Linux; Android 6.0.1; Nexus 5X Build/MMB29P) AppleWebKit/537.36 (KHTML, like Gecko) Chrome/135.0.7049.52 Mobile Safari/537.36 (compatible; GoogleOther)"
66.249.77.41 - - [11/Apr/2025:09:10:05 -0400] "GET /products/o/champed/74615462.shtml HTTP/1.1" 200 26976 "-" "Mozilla/5.0 (Linux; Android 6.0.1; Nexus 5X Build/MMB29P) AppleWebKit/537.36 (KHTML, like Gecko) Chrome/135.0.7049.52 Mobile Safari/537.36 (compatible; GoogleOther)"
66.249.77.41 - - [11/Apr/2025:09:10:07 -0400] "GET /info/ywg/omissus/96901434.shtml HTTP/1.1" 200 29927 "-" "Mozilla/5.0 (Linux; Android 6.0.1; Nexus 5X Build/MMB29P) AppleWebKit/537.36 (KHTML, like Gecko) Chrome/135.0.7049.52 Mobile Safari/537.36 (compatible; GoogleOther)"
66.249.77.40 - - [11/Apr/2025:09:10:14 -0400] "GET /shopbrand28833482.shtml HTTP/1.1" 200 28057 "-" "Mozilla/5.0 (Linux; Android 6.0.1; Nexus 5X Build/MMB29P) AppleWebKit/537.36 (KHTML, like Gecko) Chrome/135.0.7049.52 Mobile Safari/537.36 (compatible; GoogleOther)"
207.46.13.52 - - [11/Apr/2025:09:10:16 -0400] "GET /goods/10312390.shtml HTTP/1.1" 200 27050 "-" "Mozilla/5.0 AppleWebKit/537.36 (KHTML, like Gecko; compatible; bingbot/2.0; +http://www.bing.com/bingbot.htm) Chrome/116.0.1938.76 Safari/537.36"
66.249.77.40 - - [11/Apr/2025:09:10:20 -0400] "GET /entity/axw/diageotropism17190962.shtml HTTP/1.1" 200 26080 "-" "Mozilla/5.0 (Linux; Android 6.0.1; Nexus 5X Build/MMB29P) AppleWebKit/537.36 (KHTML, like Gecko) Chrome/135.0.7049.52 Mobile Safari/537.36 (compatible; GoogleOther)"
40.77.167.24 - - [11/Apr/2025:09:10:21 -0400] "GET /detail/redemptioner108041740.shtml HTTP/1.1" 200 27930 "-" "Mozilla/5.0 AppleWebKit/537.36 (KHTML, like Gecko; compatible; bingbot/2.0; +http://www.bing.com/bingbot.htm) Chrome/116.0.1938.76 Safari/537.36"
66.249.77.40 - - [11/Apr/2025:09:10:25 -0400] "GET /items/lq/capitalization/40066588.shtml HTTP/1.1" 200 27441 "-" "Mozilla/5.0 (Linux; Android 6.0.1; Nexus 5X Build/MMB29P) AppleWebKit/537.36 (KHTML, like Gecko) Chrome/135.0.7049.52 Mobile Safari/537.36 (compatible; GoogleOther)"
207.46.13.52 - - [11/Apr/2025:09:10:26 -0400] "GET /shopdetail/prophecies63203464.shtml HTTP/1.1" 200 26785 "-" "Mozilla/5.0 AppleWebKit/537.36 (KHTML, like Gecko; compatible; bingbot/2.0; +http://www.bing.com/bingbot.htm) Chrome/116.0.1938.76 Safari/537.36"
40.77.167.57 - - [11/Apr/2025:09:10:31 -0400] "GET /entity/planished/105841474.shtml HTTP/1.1" 200 27464 "-" "Mozilla/5.0 AppleWebKit/537.36 (KHTML, like Gecko; compatible; bingbot/2.0; +http://www.bing.com/bingbot.htm) Chrome/116.0.1938.76 Safari/537.36"
66.249.77.40 - - [11/Apr/2025:09:10:34 -0400] "GET /entity/upturn81278148.shtml HTTP/1.1" 200 26262 "-" "Mozilla/5.0 (Linux; Android 6.0.1; Nexus 5X Build/MMB29P) AppleWebKit/537.36 (KHTML, like Gecko) Chrome/135.0.7049.52 Mobile Safari/537.36 (compatible; GoogleOther)"
207.46.13.78 - - [11/Apr/2025:09:10:35 -0400] "GET /special/pm/valour33785556.shtml HTTP/1.1" 200 29375 "-" "Mozilla/5.0 AppleWebKit/537.36 (KHTML, like Gecko; compatible; bingbot/2.0; +http://www.bing.com/bingbot.htm) Chrome/116.0.1938.76 Safari/537.36"
66.249.77.40 - - [11/Apr/2025:09:10:36 -0400] "GET /items/poc/lickerous/81861964.shtml HTTP/1.1" 200 27246 "-" "Mozilla/5.0 (Linux; Android 6.0.1; Nexus 5X Build/MMB29P) AppleWebKit/537.36 (KHTML, like Gecko) Chrome/135.0.7049.52 Mobile Safari/537.36 (compatible; GoogleOther)"
40.77.167.57 - - [11/Apr/2025:09:10:36 -0400] "GET /goodscode/8968848.shtml HTTP/1.1" 200 28063 "-" "Mozilla/5.0 AppleWebKit/537.36 (KHTML, like Gecko; compatible; bingbot/2.0; +http://www.bing.com/bingbot.htm) Chrome/116.0.1938.76 Safari/537.36"
3.19.255.50 - - [11/Apr/2025:09:10:37 -0400] "GET /robots.txt HTTP/1.1" 200 101 "-" "Mozilla/5.0 AppleWebKit/537.36 (KHTML, like Gecko; compatible; ClaudeBot/1.0; +claudebot@anthropic.com)"
3.19.255.50 - - [11/Apr/2025:09:10:37 -0400] "GET /ad917/?path=%2Fhome%2F.%2F..%2F..%2Fvar%2Ftmp%2F..%2Flib64%2Flibisc.so.1107.0.7 HTTP/1.1" 200 967 "-" "Mozilla/5.0 AppleWebKit/537.36 (KHTML, like Gecko; compatible; ClaudeBot/1.0; +claudebot@anthropic.com)"
66.249.77.40 - - [11/Apr/2025:09:10:38 -0400] "GET /shopdetail/phthisipneumonia/33644142.shtml HTTP/1.1" 200 26338 "-" "Mozilla/5.0 (Linux; Android 6.0.1; Nexus 5X Build/MMB29P) AppleWebKit/537.36 (KHTML, like Gecko) Chrome/135.0.7049.52 Mobile Safari/537.36 (compatible; GoogleOther)"
66.249.77.40 - - [11/Apr/2025:09:10:40 -0400] "GET /info/mww/disquietful/12351738.shtml HTTP/1.1" 200 27591 "-" "Mozilla/5.0 (Linux; Android 6.0.1; Nexus 5X Build/MMB29P) AppleWebKit/537.36 (KHTML, like Gecko) Chrome/135.0.7049.52 Mobile Safari/537.36 (compatible; GoogleOther)"
66.249.77.40 - - [11/Apr/2025:09:10:42 -0400] "GET /special/w/subsigned/100748450.shtml HTTP/1.1" 200 27862 "-" "Mozilla/5.0 (Linux; Android 6.0.1; Nexus 5X Build/MMB29P) AppleWebKit/537.36 (KHTML, like Gecko) Chrome/135.0.7049.52 Mobile Safari/537.36 (compatible; GoogleOther)"
40.77.167.57 - - [11/Apr/2025:09:10:43 -0400] "GET /shopdetail/saggar/118049144.shtml HTTP/1.1" 200 26518 "-" "Mozilla/5.0 AppleWebKit/537.36 (KHTML, like Gecko; compatible; bingbot/2.0; +http://www.bing.com/bingbot.htm) Chrome/116.0.1938.76 Safari/537.36"
66.249.77.41 - - [11/Apr/2025:09:10:44 -0400] "GET /detail/sic/clamor/13162190.shtml HTTP/1.1" 200 29477 "-" "Mozilla/5.0 (Linux; Android 6.0.1; Nexus 5X Build/MMB29P) AppleWebKit/537.36 (KHTML, like Gecko) Chrome/135.0.7049.52 Mobile Safari/537.36 (compatible; GoogleOther)"
66.249.77.40 - - [11/Apr/2025:09:10:52 -0400] "GET /products/ke/tipcart/4294814.shtml HTTP/1.1" 200 27282 "-" "Mozilla/5.0 (Linux; Android 6.0.1; Nexus 5X Build/MMB29P) AppleWebKit/537.36 (KHTML, like Gecko) Chrome/135.0.7049.52 Mobile Safari/537.36 (compatible; GoogleOther)"
66.249.77.41 - - [11/Apr/2025:09:10:54 -0400] "GET /entity/he/pacificable118979800.shtml HTTP/1.1" 200 27923 "-" "Mozilla/5.0 (Linux; Android 6.0.1; Nexus 5X Build/MMB29P) AppleWebKit/537.36 (KHTML, like Gecko) Chrome/135.0.7049.52 Mobile Safari/537.36 (compatible; GoogleOther)"
52.167.144.140 - - [11/Apr/2025:09:10:59 -0400] "GET /items/la/recluseness52293696.shtml HTTP/1.1" 200 26597 "-" "Mozilla/5.0 AppleWebKit/537.36 (KHTML, like Gecko; compatible; bingbot/2.0; +http://www.bing.com/bingbot.htm) Chrome/116.0.1938.76 Safari/537.36"
40.77.167.79 - - [11/Apr/2025:09:11:01 -0400] "GET /goods/nonjuring82267096.shtml HTTP/1.1" 200 26291 "-" "Mozilla/5.0 AppleWebKit/537.36 (KHTML, like Gecko; compatible; bingbot/2.0; +http://www.bing.com/bingbot.htm) Chrome/116.0.1938.76 Safari/537.36"
66.249.77.41 - - [11/Apr/2025:09:11:01 -0400] "GET /entity/z/haycutter97063072.shtml HTTP/1.1" 200 28776 "-" "Mozilla/5.0 (Linux; Android 6.0.1; Nexus 5X Build/MMB29P) AppleWebKit/537.36 (KHTML, like Gecko) Chrome/135.0.7049.52 Mobile Safari/537.36 (compatible; GoogleOther)"
66.249.77.42 - - [11/Apr/2025:09:11:03 -0400] "GET /detail105735252.shtml HTTP/1.1" 200 30180 "-" "Mozilla/5.0 (Linux; Android 6.0.1; Nexus 5X Build/MMB29P) AppleWebKit/537.36 (KHTML, like Gecko) Chrome/135.0.7049.52 Mobile Safari/537.36 (compatible; Googlebot/2.1; +http://www.google.com/bot.html)"
40.77.167.57 - - [11/Apr/2025:09:11:06 -0400] "GET /special/outworth/63808816.shtml HTTP/1.1" 200 28535 "-" "Mozilla/5.0 AppleWebKit/537.36 (KHTML, like Gecko; compatible; bingbot/2.0; +http://www.bing.com/bingbot.htm) Chrome/116.0.1938.76 Safari/537.36"
66.249.77.40 - - [11/Apr/2025:09:11:08 -0400] "GET /entity/r/comptometer32886940.shtml HTTP/1.1" 200 26515 "-" "Mozilla/5.0 (Linux; Android 6.0.1; Nexus 5X Build/MMB29P) AppleWebKit/537.36 (KHTML, like Gecko) Chrome/135.0.7049.52 Mobile Safari/537.36 (compatible; GoogleOther)"
66.249.77.40 - - [11/Apr/2025:09:11:11 -0400] "GET /products/n/consolation/32976380.shtml HTTP/1.1" 200 26478 "-" "Mozilla/5.0 (Linux; Android 6.0.1; Nexus 5X Build/MMB29P) AppleWebKit/537.36 (KHTML, like Gecko) Chrome/135.0.7049.52 Mobile Safari/537.36 (compatible; GoogleOther)"
207.46.13.78 - - [11/Apr/2025:09:11:11 -0400] "GET /info/owc/benzoate/22043322.shtml HTTP/1.1" 200 25876 "-" "Mozilla/5.0 AppleWebKit/537.36 (KHTML, like Gecko; compatible; bingbot/2.0; +http://www.bing.com/bingbot.htm) Chrome/116.0.1938.76 Safari/537.36"
20.15.133.184 - - [11/Apr/2025:09:11:12 -0400] "GET /detail/scleroskeleton50823738.shtml HTTP/1.1" 200 25315 "-" "Mozilla/5.0 AppleWebKit/537.36 (KHTML, like Gecko; compatible; bingbot/2.0; +http://www.bing.com/bingbot.htm) Chrome/116.0.1938.76 Safari/537.36"
66.249.77.40 - - [11/Apr/2025:09:11:15 -0400] "GET /shopdetail/iyy/consubstantialism/118964558.shtml HTTP/1.1" 200 26154 "-" "Mozilla/5.0 (Linux; Android 6.0.1; Nexus 5X Build/MMB29P) AppleWebKit/537.36 (KHTML, like Gecko) Chrome/135.0.7049.52 Mobile Safari/537.36 (compatible; GoogleOther)"
40.77.167.79 - - [11/Apr/2025:09:11:20 -0400] "GET /detail97345442.shtml HTTP/1.1" 200 25863 "-" "Mozilla/5.0 AppleWebKit/537.36 (KHTML, like Gecko; compatible; bingbot/2.0; +http://www.bing.com/bingbot.htm) Chrome/116.0.1938.76 Safari/537.36"
66.249.77.40 - - [11/Apr/2025:09:11:23 -0400] "GET /products/dispassionately/117977748.shtml HTTP/1.1" 200 24772 "-" "Mozilla/5.0 (Linux; Android 6.0.1; Nexus 5X Build/MMB29P) AppleWebKit/537.36 (KHTML, like Gecko) Chrome/135.0.7049.52 Mobile Safari/537.36 (compatible; GoogleOther)"
40.77.167.79 - - [11/Apr/2025:09:11:24 -0400] "GET /info7161924.shtml HTTP/1.1" 200 26157 "-" "Mozilla/5.0 AppleWebKit/537.36 (KHTML, like Gecko; compatible; bingbot/2.0; +http://www.bing.com/bingbot.htm) Chrome/116.0.1938.76 Safari/537.36"
66.249.77.40 - - [11/Apr/2025:09:11:25 -0400] "GET /shopping/tenthredinidae/79866712.shtml HTTP/1.1" 200 29263 "-" "Mozilla/5.0 (Linux; Android 6.0.1; Nexus 5X Build/MMB29P) AppleWebKit/537.36 (KHTML, like Gecko) Chrome/135.0.7049.52 Mobile Safari/537.36 (compatible; GoogleOther)"
40.77.167.44 - - [11/Apr/2025:09:11:27 -0400] "GET /product/casting/51594812.shtml HTTP/1.1" 200 27249 "-" "Mozilla/5.0 AppleWebKit/537.36 (KHTML, like Gecko; compatible; bingbot/2.0; +http://www.bing.com/bingbot.htm) Chrome/116.0.1938.76 Safari/537.36"
66.249.77.40 - - [11/Apr/2025:09:11:29 -0400] "GET /shopping7500860.shtml HTTP/1.1" 200 28025 "-" "Mozilla/5.0 (Linux; Android 6.0.1; Nexus 5X Build/MMB29P) AppleWebKit/537.36 (KHTML, like Gecko) Chrome/135.0.7049.52 Mobile Safari/537.36 (compatible; Googlebot/2.1; +http://www.google.com/bot.html)"
66.249.77.40 - - [11/Apr/2025:09:11:29 -0400] "GET /goodscode/j/stratiform/24437864.shtml HTTP/1.1" 200 26584 "-" "Mozilla/5.0 (Linux; Android 6.0.1; Nexus 5X Build/MMB29P) AppleWebKit/537.36 (KHTML, like Gecko) Chrome/135.0.7049.52 Mobile Safari/537.36 (compatible; GoogleOther)"
207.46.13.52 - - [11/Apr/2025:09:11:35 -0400] "GET /detail/civies/47054826.shtml HTTP/1.1" 200 25793 "-" "Mozilla/5.0 AppleWebKit/537.36 (KHTML, like Gecko; compatible; bingbot/2.0; +http://www.bing.com/bingbot.htm) Chrome/116.0.1938.76 Safari/537.36"
207.46.13.78 - - [11/Apr/2025:09:11:36 -0400] "GET /items92232484.shtml HTTP/1.1" 200 27556 "-" "Mozilla/5.0 AppleWebKit/537.36 (KHTML, like Gecko; compatible; bingbot/2.0; +http://www.bing.com/bingbot.htm) Chrome/116.0.1938.76 Safari/537.36"
66.249.77.41 - - [11/Apr/2025:09:11:36 -0400] "GET /special/ni/windsucking12446780.shtml HTTP/1.1" 200 29815 "-" "Mozilla/5.0 (Linux; Android 6.0.1; Nexus 5X Build/MMB29P) AppleWebKit/537.36 (KHTML, like Gecko) Chrome/135.0.7049.52 Mobile Safari/537.36 (compatible; GoogleOther)"
40.77.167.79 - - [11/Apr/2025:09:11:40 -0400] "GET /items/p/blackfeet90961648.shtml HTTP/1.1" 200 26179 "-" "Mozilla/5.0 AppleWebKit/537.36 (KHTML, like Gecko; compatible; bingbot/2.0; +http://www.bing.com/bingbot.htm) Chrome/116.0.1938.76 Safari/537.36"
52.167.144.140 - - [11/Apr/2025:09:11:43 -0400] "GET /goodscode/2483960.shtml HTTP/1.1" 200 28181 "-" "Mozilla/5.0 AppleWebKit/537.36 (KHTML, like Gecko; compatible; bingbot/2.0; +http://www.bing.com/bingbot.htm) Chrome/116.0.1938.76 Safari/537.36"
66.249.77.41 - - [11/Apr/2025:09:11:43 -0400] "GET /goodscode/domain118994678.shtml HTTP/1.1" 200 27113 "-" "Mozilla/5.0 (Linux; Android 6.0.1; Nexus 5X Build/MMB29P) AppleWebKit/537.36 (KHTML, like Gecko) Chrome/135.0.7049.52 Mobile Safari/537.36 (compatible; GoogleOther)"
66.249.77.41 - - [11/Apr/2025:09:11:45 -0400] "GET /item/r/occiputs/107978304.shtml HTTP/1.1" 200 28348 "-" "Mozilla/5.0 (Linux; Android 6.0.1; Nexus 5X Build/MMB29P) AppleWebKit/537.36 (KHTML, like Gecko) Chrome/135.0.7049.52 Mobile Safari/537.36 (compatible; GoogleOther)"
207.46.13.78 - - [11/Apr/2025:09:11:46 -0400] "GET /goods/racemus77846160.shtml HTTP/1.1" 200 26110 "-" "Mozilla/5.0 AppleWebKit/537.36 (KHTML, like Gecko; compatible; bingbot/2.0; +http://www.bing.com/bingbot.htm) Chrome/116.0.1938.76 Safari/537.36"
66.249.77.41 - - [11/Apr/2025:09:11:48 -0400] "GET /special/vq/adderstongue/40085620.shtml HTTP/1.1" 200 27844 "-" "Mozilla/5.0 (Linux; Android 6.0.1; Nexus 5X Build/MMB29P) AppleWebKit/537.36 (KHTML, like Gecko) Chrome/135.0.7049.52 Mobile Safari/537.36 (compatible; GoogleOther)"
40.77.167.79 - - [11/Apr/2025:09:11:50 -0400] "GET /special/syndetic/20619506.shtml HTTP/1.1" 200 25315 "-" "Mozilla/5.0 AppleWebKit/537.36 (KHTML, like Gecko; compatible; bingbot/2.0; +http://www.bing.com/bingbot.htm) Chrome/116.0.1938.76 Safari/537.36"
66.249.77.41 - - [11/Apr/2025:09:11:52 -0400] "GET /goodscode108552050.shtml HTTP/1.1" 200 27700 "-" "Mozilla/5.0 (Linux; Android 6.0.1; Nexus 5X Build/MMB29P) AppleWebKit/537.36 (KHTML, like Gecko) Chrome/135.0.7049.52 Mobile Safari/537.36 (compatible; GoogleOther)"
66.249.77.40 - - [11/Apr/2025:09:11:54 -0400] "GET /info/latency/35844816.shtml HTTP/1.1" 200 25862 "-" "Mozilla/5.0 (Linux; Android 6.0.1; Nexus 5X Build/MMB29P) AppleWebKit/537.36 (KHTML, like Gecko) Chrome/135.0.7049.52 Mobile Safari/537.36 (compatible; GoogleOther)"
66.249.77.40 - - [11/Apr/2025:09:11:56 -0400] "GET /detail/rosarian/13046334.shtml HTTP/1.1" 200 25732 "-" "Mozilla/5.0 (Linux; Android 6.0.1; Nexus 5X Build/MMB29P) AppleWebKit/537.36 (KHTML, like Gecko) Chrome/135.0.7049.52 Mobile Safari/537.36 (compatible; GoogleOther)"
66.249.77.41 - - [11/Apr/2025:09:11:59 -0400] "GET /entity/h/rutila/20692220.shtml HTTP/1.1" 200 27672 "-" "Mozilla/5.0 (Linux; Android 6.0.1; Nexus 5X Build/MMB29P) AppleWebKit/537.36 (KHTML, like Gecko) Chrome/135.0.7049.52 Mobile Safari/537.36 (compatible; GoogleOther)"
66.249.77.40 - - [11/Apr/2025:09:12:03 -0400] "GET /goodscode/b/alkoran/123084376.shtml HTTP/1.1" 200 28112 "-" "Mozilla/5.0 (Linux; Android 6.0.1; Nexus 5X Build/MMB29P) AppleWebKit/537.36 (KHTML, like Gecko) Chrome/135.0.7049.52 Mobile Safari/537.36 (compatible; GoogleOther)"
66.249.77.40 - - [11/Apr/2025:09:12:05 -0400] "GET /goodscode/t/elide36048428.shtml HTTP/1.1" 200 26773 "-" "Mozilla/5.0 (Linux; Android 6.0.1; Nexus 5X Build/MMB29P) AppleWebKit/537.36 (KHTML, like Gecko) Chrome/135.0.7049.52 Mobile Safari/537.36 (compatible; GoogleOther)"
66.249.77.40 - - [11/Apr/2025:09:12:07 -0400] "GET /detail/r/cottonary/29937512.shtml HTTP/1.1" 200 24947 "-" "Mozilla/5.0 (Linux; Android 6.0.1; Nexus 5X Build/MMB29P) AppleWebKit/537.36 (KHTML, like Gecko) Chrome/135.0.7049.52 Mobile Safari/537.36 (compatible; GoogleOther)"
40.77.167.79 - - [11/Apr/2025:09:12:09 -0400] "GET /shopbrand/thirdings2087610.shtml HTTP/1.1" 200 27294 "-" "Mozilla/5.0 AppleWebKit/537.36 (KHTML, like Gecko; compatible; bingbot/2.0; +http://www.bing.com/bingbot.htm) Chrome/116.0.1938.76 Safari/537.36"
66.249.77.40 - - [11/Apr/2025:09:12:12 -0400] "GET /product/frenzical/45317978.shtml HTTP/1.1" 200 26319 "-" "Mozilla/5.0 (Linux; Android 6.0.1; Nexus 5X Build/MMB29P) AppleWebKit/537.36 (KHTML, like Gecko) Chrome/135.0.7049.52 Mobile Safari/537.36 (compatible; GoogleOther)"
40.77.167.57 - - [11/Apr/2025:09:12:13 -0400] "GET /shopping/c/eggar43644698.shtml HTTP/1.1" 200 27221 "-" "Mozilla/5.0 AppleWebKit/537.36 (KHTML, like Gecko; compatible; bingbot/2.0; +http://www.bing.com/bingbot.htm) Chrome/116.0.1938.76 Safari/537.36"
66.249.77.40 - - [11/Apr/2025:09:12:16 -0400] "GET /shopbrand/transversal/102873650.shtml HTTP/1.1" 200 27171 "-" "Mozilla/5.0 (Linux; Android 6.0.1; Nexus 5X Build/MMB29P) AppleWebKit/537.36 (KHTML, like Gecko) Chrome/135.0.7049.52 Mobile Safari/537.36 (compatible; GoogleOther)"
66.249.77.40 - - [11/Apr/2025:09:12:18 -0400] "GET /item/iau/paradoxurus/52935734.shtml HTTP/1.1" 200 26199 "-" "Mozilla/5.0 (Linux; Android 6.0.1; Nexus 5X Build/MMB29P) AppleWebKit/537.36 (KHTML, like Gecko) Chrome/135.0.7049.52 Mobile Safari/537.36 (compatible; GoogleOther)"
40.77.167.79 - - [11/Apr/2025:09:12:19 -0400] "GET /shopping/107902830.shtml HTTP/1.1" 200 27861 "-" "Mozilla/5.0 AppleWebKit/537.36 (KHTML, like Gecko; compatible; bingbot/2.0; +http://www.bing.com/bingbot.htm) Chrome/116.0.1938.76 Safari/537.36"
40.77.167.79 - - [11/Apr/2025:09:12:21 -0400] "GET /shopbrand/liturgy10270154.shtml HTTP/1.1" 200 26513 "-" "Mozilla/5.0 AppleWebKit/537.36 (KHTML, like Gecko; compatible; bingbot/2.0; +http://www.bing.com/bingbot.htm) Chrome/116.0.1938.76 Safari/537.36"
66.249.77.40 - - [11/Apr/2025:09:12:22 -0400] "GET /shopping/flibustier/7266920.shtml HTTP/1.1" 200 33473 "-" "Mozilla/5.0 (Linux; Android 6.0.1; Nexus 5X Build/MMB29P) AppleWebKit/537.36 (KHTML, like Gecko) Chrome/135.0.7049.52 Mobile Safari/537.36 (compatible; GoogleOther)"
66.249.77.40 - - [11/Apr/2025:09:12:24 -0400] "GET /products/h/heeding/32218280.shtml HTTP/1.1" 200 25679 "-" "Mozilla/5.0 (Linux; Android 6.0.1; Nexus 5X Build/MMB29P) AppleWebKit/537.36 (KHTML, like Gecko) Chrome/135.0.7049.52 Mobile Safari/537.36 (compatible; GoogleOther)"
40.77.167.57 - - [11/Apr/2025:09:12:24 -0400] "GET /item83319684.shtml HTTP/1.1" 200 24435 "-" "Mozilla/5.0 AppleWebKit/537.36 (KHTML, like Gecko; compatible; bingbot/2.0; +http://www.bing.com/bingbot.htm) Chrome/116.0.1938.76 Safari/537.36"
66.249.77.40 - - [11/Apr/2025:09:12:28 -0400] "GET /goodscode/xk/slabbiness/1562064.shtml HTTP/1.1" 200 28712 "-" "Mozilla/5.0 (Linux; Android 6.0.1; Nexus 5X Build/MMB29P) AppleWebKit/537.36 (KHTML, like Gecko) Chrome/135.0.7049.52 Mobile Safari/537.36 (compatible; GoogleOther)"
40.77.167.79 - - [11/Apr/2025:09:12:29 -0400] "GET /products/lm/oligospermous11771824.shtml HTTP/1.1" 200 27780 "-" "Mozilla/5.0 AppleWebKit/537.36 (KHTML, like Gecko; compatible; bingbot/2.0; +http://www.bing.com/bingbot.htm) Chrome/116.0.1938.76 Safari/537.36"
66.249.77.40 - - [11/Apr/2025:09:12:31 -0400] "GET /item/z/respectuous/10152912.shtml HTTP/1.1" 200 27993 "-" "Mozilla/5.0 (Linux; Android 6.0.1; Nexus 5X Build/MMB29P) AppleWebKit/537.36 (KHTML, like Gecko) Chrome/135.0.7049.52 Mobile Safari/537.36 (compatible; GoogleOther)"
66.249.77.40 - - [11/Apr/2025:09:12:33 -0400] "GET /shopping/84019300.shtml HTTP/1.1" 200 27728 "-" "Mozilla/5.0 (Linux; Android 6.0.1; Nexus 5X Build/MMB29P) AppleWebKit/537.36 (KHTML, like Gecko) Chrome/135.0.7049.52 Mobile Safari/537.36 (compatible; Googlebot/2.1; +http://www.google.com/bot.html)"
40.77.167.57 - - [11/Apr/2025:09:12:34 -0400] "GET /products31644392.shtml HTTP/1.1" 200 28842 "-" "Mozilla/5.0 AppleWebKit/537.36 (KHTML, like Gecko; compatible; bingbot/2.0; +http://www.bing.com/bingbot.htm) Chrome/116.0.1938.76 Safari/537.36"
207.46.13.52 - - [11/Apr/2025:09:12:35 -0400] "GET /product/ygq/levulinic/99101798.shtml HTTP/1.1" 200 25571 "-" "Mozilla/5.0 AppleWebKit/537.36 (KHTML, like Gecko; compatible; bingbot/2.0; +http://www.bing.com/bingbot.htm) Chrome/116.0.1938.76 Safari/537.36"
40.77.167.57 - - [11/Apr/2025:09:12:37 -0400] "GET /detail/5943782.shtml HTTP/1.1" 200 27082 "-" "Mozilla/5.0 AppleWebKit/537.36 (KHTML, like Gecko; compatible; bingbot/2.0; +http://www.bing.com/bingbot.htm) Chrome/116.0.1938.76 Safari/537.36"
66.249.77.40 - - [11/Apr/2025:09:12:38 -0400] "GET /goodscode/m/chromophotography76158374.shtml HTTP/1.1" 200 26923 "-" "Mozilla/5.0 (Linux; Android 6.0.1; Nexus 5X Build/MMB29P) AppleWebKit/537.36 (KHTML, like Gecko) Chrome/135.0.7049.52 Mobile Safari/537.36 (compatible; GoogleOther)"
40.77.167.57 - - [11/Apr/2025:09:12:40 -0400] "GET /items/adultery/ HTTP/1.1" 200 26266 "-" "Mozilla/5.0 AppleWebKit/537.36 (KHTML, like Gecko; compatible; bingbot/2.0; +http://www.bing.com/bingbot.htm) Chrome/116.0.1938.76 Safari/537.36"
52.167.144.140 - - [11/Apr/2025:09:12:41 -0400] "GET /shopdetail/93950152.shtml HTTP/1.1" 200 26728 "-" "Mozilla/5.0 AppleWebKit/537.36 (KHTML, like Gecko; compatible; bingbot/2.0; +http://www.bing.com/bingbot.htm) Chrome/116.0.1938.76 Safari/537.36"
66.249.77.40 - - [11/Apr/2025:09:12:42 -0400] "GET /goodscode/b/imagoes/71380360.shtml HTTP/1.1" 200 28450 "-" "Mozilla/5.0 (Linux; Android 6.0.1; Nexus 5X Build/MMB29P) AppleWebKit/537.36 (KHTML, like Gecko) Chrome/135.0.7049.52 Mobile Safari/537.36 (compatible; GoogleOther)"
157.55.39.63 - - [11/Apr/2025:09:12:43 -0400] "GET /product/suffisance95874366.shtml HTTP/1.1" 200 25733 "-" "Mozilla/5.0 AppleWebKit/537.36 (KHTML, like Gecko; compatible; bingbot/2.0; +http://www.bing.com/bingbot.htm) Chrome/116.0.1938.76 Safari/537.36"
66.249.77.41 - - [11/Apr/2025:09:12:47 -0400] "GET /info/o/punctured/682630.shtml HTTP/1.1" 200 26559 "-" "Mozilla/5.0 (Linux; Android 6.0.1; Nexus 5X Build/MMB29P) AppleWebKit/537.36 (KHTML, like Gecko) Chrome/135.0.7049.52 Mobile Safari/537.36 (compatible; GoogleOther)"
40.77.167.57 - - [11/Apr/2025:09:12:52 -0400] "GET /goods/35323742.shtml HTTP/1.1" 200 26131 "-" "Mozilla/5.0 AppleWebKit/537.36 (KHTML, like Gecko; compatible; bingbot/2.0; +http://www.bing.com/bingbot.htm) Chrome/116.0.1938.76 Safari/537.36"
66.249.77.40 - - [11/Apr/2025:09:12:56 -0400] "GET /detail/jiu/colegoose/31752000.shtml HTTP/1.1" 200 28297 "-" "Mozilla/5.0 (Linux; Android 6.0.1; Nexus 5X Build/MMB29P) AppleWebKit/537.36 (KHTML, like Gecko) Chrome/135.0.7049.52 Mobile Safari/537.36 (compatible; GoogleOther)"
40.77.167.44 - - [11/Apr/2025:09:12:58 -0400] "GET /product/fi/enflesh52315284.shtml HTTP/1.1" 200 25918 "-" "Mozilla/5.0 AppleWebKit/537.36 (KHTML, like Gecko; compatible; bingbot/2.0; +http://www.bing.com/bingbot.htm) Chrome/116.0.1938.76 Safari/537.36"
66.249.77.40 - - [11/Apr/2025:09:13:00 -0400] "GET /goodscode/qeg/enfeebling/101017858.shtml HTTP/1.1" 200 26529 "-" "Mozilla/5.0 (Linux; Android 6.0.1; Nexus 5X Build/MMB29P) AppleWebKit/537.36 (KHTML, like Gecko) Chrome/135.0.7049.52 Mobile Safari/537.36 (compatible; GoogleOther)"
66.249.77.40 - - [11/Apr/2025:09:13:05 -0400] "GET /info/started/71402080.shtml HTTP/1.1" 200 27638 "-" "Mozilla/5.0 (Linux; Android 6.0.1; Nexus 5X Build/MMB29P) AppleWebKit/537.36 (KHTML, like Gecko) Chrome/135.0.7049.52 Mobile Safari/537.36 (compatible; GoogleOther)"
40.77.167.57 - - [11/Apr/2025:09:13:12 -0400] "GET /detail10323306.shtml HTTP/1.1" 200 27384 "-" "Mozilla/5.0 AppleWebKit/537.36 (KHTML, like Gecko; compatible; bingbot/2.0; +http://www.bing.com/bingbot.htm) Chrome/116.0.1938.76 Safari/537.36"
66.249.77.40 - - [11/Apr/2025:09:13:17 -0400] "GET /goodscode/exsiccated/24557080.shtml HTTP/1.1" 200 26086 "-" "Mozilla/5.0 (Linux; Android 6.0.1; Nexus 5X Build/MMB29P) AppleWebKit/537.36 (KHTML, like Gecko) Chrome/135.0.7049.52 Mobile Safari/537.36 (compatible; GoogleOther)"
40.77.167.44 - - [11/Apr/2025:09:13:18 -0400] "GET /goodscode/76189138.shtml HTTP/1.1" 200 28834 "-" "Mozilla/5.0 AppleWebKit/537.36 (KHTML, like Gecko; compatible; bingbot/2.0; +http://www.bing.com/bingbot.htm) Chrome/116.0.1938.76 Safari/537.36"
66.249.77.40 - - [11/Apr/2025:09:13:22 -0400] "GET /info/oc/tidying/56272062.shtml HTTP/1.1" 200 27017 "-" "Mozilla/5.0 (Linux; Android 6.0.1; Nexus 5X Build/MMB29P) AppleWebKit/537.36 (KHTML, like Gecko) Chrome/135.0.7049.52 Mobile Safari/537.36 (compatible; GoogleOther)"
40.77.167.44 - - [11/Apr/2025:09:13:22 -0400] "GET /shopdetail39834942.shtml HTTP/1.1" 200 26695 "-" "Mozilla/5.0 AppleWebKit/537.36 (KHTML, like Gecko; compatible; bingbot/2.0; +http://www.bing.com/bingbot.htm) Chrome/116.0.1938.76 Safari/537.36"
40.77.167.57 - - [11/Apr/2025:09:13:22 -0400] "GET /special78366772.shtml HTTP/1.1" 200 26126 "-" "Mozilla/5.0 AppleWebKit/537.36 (KHTML, like Gecko; compatible; bingbot/2.0; +http://www.bing.com/bingbot.htm) Chrome/116.0.1938.76 Safari/537.36"
66.249.77.40 - - [11/Apr/2025:09:13:24 -0400] "GET /products/t/ammite/76183780.shtml HTTP/1.1" 200 28133 "-" "Mozilla/5.0 (Linux; Android 6.0.1; Nexus 5X Build/MMB29P) AppleWebKit/537.36 (KHTML, like Gecko) Chrome/135.0.7049.52 Mobile Safari/537.36 (compatible; GoogleOther)"
66.249.77.40 - - [11/Apr/2025:09:13:26 -0400] "GET /detail/oxidative20908822.shtml HTTP/1.1" 200 25486 "-" "Mozilla/5.0 (Linux; Android 6.0.1; Nexus 5X Build/MMB29P) AppleWebKit/537.36 (KHTML, like Gecko) Chrome/135.0.7049.52 Mobile Safari/537.36 (compatible; GoogleOther)"
66.249.77.40 - - [11/Apr/2025:09:13:28 -0400] "GET /shopdetail/j/erechthites31066288.shtml HTTP/1.1" 200 26556 "-" "Mozilla/5.0 (Linux; Android 6.0.1; Nexus 5X Build/MMB29P) AppleWebKit/537.36 (KHTML, like Gecko) Chrome/135.0.7049.52 Mobile Safari/537.36 (compatible; GoogleOther)"
157.55.39.63 - - [11/Apr/2025:09:13:28 -0400] "GET /shopdetail/pommelling100814914.shtml HTTP/1.1" 200 25510 "-" "Mozilla/5.0 AppleWebKit/537.36 (KHTML, like Gecko; compatible; bingbot/2.0; +http://www.bing.com/bingbot.htm) Chrome/116.0.1938.76 Safari/537.36"
66.249.77.40 - - [11/Apr/2025:09:13:31 -0400] "GET /detail/hva/agilis47146996.shtml HTTP/1.1" 200 26613 "-" "Mozilla/5.0 (Linux; Android 6.0.1; Nexus 5X Build/MMB29P) AppleWebKit/537.36 (KHTML, like Gecko) Chrome/135.0.7049.52 Mobile Safari/537.36 (compatible; GoogleOther)"
66.249.77.40 - - [11/Apr/2025:09:13:35 -0400] "GET /products/hue/charqui/108410332.shtml HTTP/1.1" 200 26698 "-" "Mozilla/5.0 (Linux; Android 6.0.1; Nexus 5X Build/MMB29P) AppleWebKit/537.36 (KHTML, like Gecko) Chrome/135.0.7049.52 Mobile Safari/537.36 (compatible; GoogleOther)"
157.55.39.63 - - [11/Apr/2025:09:13:36 -0400] "GET /products/36095850.shtml HTTP/1.1" 200 28326 "-" "Mozilla/5.0 AppleWebKit/537.36 (KHTML, like Gecko; compatible; bingbot/2.0; +http://www.bing.com/bingbot.htm) Chrome/116.0.1938.76 Safari/537.36"
66.249.77.40 - - [11/Apr/2025:09:13:37 -0400] "GET /goodscode/summoned101125378.shtml HTTP/1.1" 200 27277 "-" "Mozilla/5.0 (Linux; Android 6.0.1; Nexus 5X Build/MMB29P) AppleWebKit/537.36 (KHTML, like Gecko) Chrome/135.0.7049.52 Mobile Safari/537.36 (compatible; GoogleOther)"
66.249.77.40 - - [11/Apr/2025:09:13:39 -0400] "GET /items/x/referred/14577628.shtml HTTP/1.1" 200 26602 "-" "Mozilla/5.0 (Linux; Android 6.0.1; Nexus 5X Build/MMB29P) AppleWebKit/537.36 (KHTML, like Gecko) Chrome/135.0.7049.52 Mobile Safari/537.36 (compatible; GoogleOther)"
40.77.167.79 - - [11/Apr/2025:09:13:39 -0400] "GET /shopbrand/transversed3764186.shtml HTTP/1.1" 200 26766 "-" "Mozilla/5.0 AppleWebKit/537.36 (KHTML, like Gecko; compatible; bingbot/2.0; +http://www.bing.com/bingbot.htm) Chrome/116.0.1938.76 Safari/537.36"
157.55.39.63 - - [11/Apr/2025:09:13:41 -0400] "GET /shopbrand/paralyzation77879890.shtml HTTP/1.1" 200 26532 "-" "Mozilla/5.0 AppleWebKit/537.36 (KHTML, like Gecko; compatible; bingbot/2.0; +http://www.bing.com/bingbot.htm) Chrome/116.0.1938.76 Safari/537.36"
66.249.77.41 - - [11/Apr/2025:09:13:43 -0400] "GET /shopdetail/splinting50410610.shtml HTTP/1.1" 200 25774 "-" "Mozilla/5.0 (Linux; Android 6.0.1; Nexus 5X Build/MMB29P) AppleWebKit/537.36 (KHTML, like Gecko) Chrome/135.0.7049.52 Mobile Safari/537.36 (compatible; GoogleOther)"
66.249.77.41 - - [11/Apr/2025:09:13:44 -0400] "GET /entity/smartly71912194.shtml HTTP/1.1" 200 25116 "-" "Mozilla/5.0 (Linux; Android 6.0.1; Nexus 5X Build/MMB29P) AppleWebKit/537.36 (KHTML, like Gecko) Chrome/135.0.7049.52 Mobile Safari/537.36 (compatible; GoogleOther)"
66.249.77.41 - - [11/Apr/2025:09:13:48 -0400] "GET /products/e/portugal/107506082.shtml HTTP/1.1" 200 26311 "-" "Mozilla/5.0 (Linux; Android 6.0.1; Nexus 5X Build/MMB29P) AppleWebKit/537.36 (KHTML, like Gecko) Chrome/135.0.7049.52 Mobile Safari/537.36 (compatible; GoogleOther)"
157.55.39.63 - - [11/Apr/2025:09:13:48 -0400] "GET /detail89251276.shtml HTTP/1.1" 200 26084 "-" "Mozilla/5.0 AppleWebKit/537.36 (KHTML, like Gecko; compatible; bingbot/2.0; +http://www.bing.com/bingbot.htm) Chrome/116.0.1938.76 Safari/537.36"
66.249.77.41 - - [11/Apr/2025:09:13:49 -0400] "GET /entity/twitlark/118981900.shtml HTTP/1.1" 200 26958 "-" "Mozilla/5.0 (Linux; Android 6.0.1; Nexus 5X Build/MMB29P) AppleWebKit/537.36 (KHTML, like Gecko) Chrome/135.0.7049.52 Mobile Safari/537.36 (compatible; GoogleOther)"
66.249.77.40 - - [11/Apr/2025:09:13:51 -0400] "GET /items/n/ecurie/76171468.shtml HTTP/1.1" 200 28124 "-" "Mozilla/5.0 (Linux; Android 6.0.1; Nexus 5X Build/MMB29P) AppleWebKit/537.36 (KHTML, like Gecko) Chrome/135.0.7049.52 Mobile Safari/537.36 (compatible; GoogleOther)"
40.77.167.57 - - [11/Apr/2025:09:13:53 -0400] "GET /products/bumble/79973774.shtml HTTP/1.1" 200 27441 "-" "Mozilla/5.0 AppleWebKit/537.36 (KHTML, like Gecko; compatible; bingbot/2.0; +http://www.bing.com/bingbot.htm) Chrome/116.0.1938.76 Safari/537.36"
66.249.77.40 - - [11/Apr/2025:09:13:55 -0400] "GET /item/stipendiate/54536874.shtml HTTP/1.1" 200 26366 "-" "Mozilla/5.0 (Linux; Android 6.0.1; Nexus 5X Build/MMB29P) AppleWebKit/537.36 (KHTML, like Gecko) Chrome/135.0.7049.52 Mobile Safari/537.36 (compatible; GoogleOther)"
40.77.167.44 - - [11/Apr/2025:09:13:58 -0400] "GET /goodscode/122109518.shtml HTTP/1.1" 200 26527 "-" "Mozilla/5.0 AppleWebKit/537.36 (KHTML, like Gecko; compatible; bingbot/2.0; +http://www.bing.com/bingbot.htm) Chrome/116.0.1938.76 Safari/537.36"
40.77.167.79 - - [11/Apr/2025:09:14:01 -0400] "GET /special28642320.shtml HTTP/1.1" 200 26614 "-" "Mozilla/5.0 AppleWebKit/537.36 (KHTML, like Gecko; compatible; bingbot/2.0; +http://www.bing.com/bingbot.htm) Chrome/116.0.1938.76 Safari/537.36"
66.249.77.40 - - [11/Apr/2025:09:14:03 -0400] "GET /shopdetail/a/masker/108175262.shtml HTTP/1.1" 200 25632 "-" "Mozilla/5.0 (Linux; Android 6.0.1; Nexus 5X Build/MMB29P) AppleWebKit/537.36 (KHTML, like Gecko) Chrome/135.0.7049.52 Mobile Safari/537.36 (compatible; GoogleOther)"
40.77.167.57 - - [11/Apr/2025:09:14:05 -0400] "GET /products116749160.shtml HTTP/1.1" 200 25933 "-" "Mozilla/5.0 AppleWebKit/537.36 (KHTML, like Gecko; compatible; bingbot/2.0; +http://www.bing.com/bingbot.htm) Chrome/116.0.1938.76 Safari/537.36"
66.249.77.41 - - [11/Apr/2025:09:14:05 -0400] "GET /goods/carrancha/80725322.shtml HTTP/1.1" 200 30230 "-" "Mozilla/5.0 (Linux; Android 6.0.1; Nexus 5X Build/MMB29P) AppleWebKit/537.36 (KHTML, like Gecko) Chrome/135.0.7049.52 Mobile Safari/537.36 (compatible; GoogleOther)"
66.249.77.41 - - [11/Apr/2025:09:14:07 -0400] "GET /special/b/chemistry86732836.shtml HTTP/1.1" 200 26005 "-" "Mozilla/5.0 (Linux; Android 6.0.1; Nexus 5X Build/MMB29P) AppleWebKit/537.36 (KHTML, like Gecko) Chrome/135.0.7049.52 Mobile Safari/537.36 (compatible; GoogleOther)"
207.46.13.150 - - [11/Apr/2025:09:14:14 -0400] "GET /shopping76189928.shtml HTTP/1.1" 200 27560 "-" "Mozilla/5.0 AppleWebKit/537.36 (KHTML, like Gecko; compatible; bingbot/2.0; +http://www.bing.com/bingbot.htm) Chrome/116.0.1938.76 Safari/537.36"
66.249.77.40 - - [11/Apr/2025:09:14:16 -0400] "GET /special/gs/futurely6222026.shtml HTTP/1.1" 200 25814 "-" "Mozilla/5.0 (Linux; Android 6.0.1; Nexus 5X Build/MMB29P) AppleWebKit/537.36 (KHTML, like Gecko) Chrome/135.0.7049.52 Mobile Safari/537.36 (compatible; GoogleOther)"
66.249.77.40 - - [11/Apr/2025:09:14:21 -0400] "GET /goodscode/vee/appendicular/38836308.shtml HTTP/1.1" 200 26620 "-" "Mozilla/5.0 (Linux; Android 6.0.1; Nexus 5X Build/MMB29P) AppleWebKit/537.36 (KHTML, like Gecko) Chrome/135.0.7049.52 Mobile Safari/537.36 (compatible; GoogleOther)"
198.54.116.86 - - [11/Apr/2025:09:14:24 -0400] "POST /wp-cron.php?doing_wp_cron=1744377263.9957709312438964843750 HTTP/1.1" 200 0 "-" "WordPress/6.7.2; https://servethepeopleinc.org"
63.250.33.76 - - [11/Apr/2025:09:14:23 -0400] "POST /xmlrpc.php HTTP/1.1" 200 210 "-" "Mozilla/5.0 (Windows NT 10.0; Win64; x64; rv:59.0) Gecko/20100101 Firefox/59.0"
198.54.116.86 - - [11/Apr/2025:09:14:24 -0400] "POST /wp-admin/admin-ajax.php?action=async_litespeed&nonce=Tf4rRJMuCf6gM0Lj8EOGihy3kixVlP4A&litespeed_type=imgoptm HTTP/1.1" 200 21 "-" "WordPress/6.7.2; https://servethepeopleinc.org"
40.77.167.44 - - [11/Apr/2025:09:14:28 -0400] "GET /goodscode/sy/appall75953330.shtml HTTP/1.1" 200 28633 "-" "Mozilla/5.0 AppleWebKit/537.36 (KHTML, like Gecko; compatible; bingbot/2.0; +http://www.bing.com/bingbot.htm) Chrome/116.0.1938.76 Safari/537.36"
66.249.77.40 - - [11/Apr/2025:09:14:30 -0400] "GET /entity/tolerably54225760.shtml HTTP/1.1" 200 26827 "-" "Mozilla/5.0 (Linux; Android 6.0.1; Nexus 5X Build/MMB29P) AppleWebKit/537.36 (KHTML, like Gecko) Chrome/135.0.7049.52 Mobile Safari/537.36 (compatible; GoogleOther)"
40.77.167.44 - - [11/Apr/2025:09:14:32 -0400] "GET /items/hq/ichthyosaur75956156.shtml HTTP/1.1" 200 26600 "-" "Mozilla/5.0 AppleWebKit/537.36 (KHTML, like Gecko; compatible; bingbot/2.0; +http://www.bing.com/bingbot.htm) Chrome/116.0.1938.76 Safari/537.36"
52.167.144.140 - - [11/Apr/2025:09:14:34 -0400] "GET /shopdetail/wlo/pianograph75792926.shtml HTTP/1.1" 200 27857 "-" "Mozilla/5.0 AppleWebKit/537.36 (KHTML, like Gecko; compatible; bingbot/2.0; +http://www.bing.com/bingbot.htm) Chrome/116.0.1938.76 Safari/537.36"
