198.54.116.86 - - [16/Apr/2025:19:11:22 -0400] "POST /wp-admin/admin-ajax.php?action=async_litespeed&nonce=le9DtNcNpdMeZtUUdF7hSp0DWWFWFUym&litespeed_type=imgoptm HTTP/1.1" 200 21 "-" "WordPress/6.8; https://spekkshealth.com"
43.153.19.83 - - [16/Apr/2025:19:24:47 -0400] "GET /hello-world/ HTTP/1.1" 200 23141 "-" "Mozilla/5.0 (iPhone; CPU iPhone OS 13_2_3 like Mac OS X) AppleWebKit/605.1.15 (KHTML, like Gecko) Version/13.0.3 Mobile/15E148 Safari/604.1"
198.54.116.86 - - [16/Apr/2025:19:33:53 -0400] "POST /wp-cron.php?doing_wp_cron=1744846433.4368209838867187500000 HTTP/1.1" 200 0 "-" "WordPress/6.8; https://spekkshealth.com"
43.159.140.236 - - [16/Apr/2025:19:33:51 -0400] "GET /wp-json/oembed/1.0/embed?url=https%3A%2F%2Fspekkshealth.com%2Fabout-us%2F HTTP/1.1" 200 2157 "-" "Mozilla/5.0 (iPhone; CPU iPhone OS 13_2_3 like Mac OS X) AppleWebKit/605.1.15 (KHTML, like Gecko) Version/13.0.3 Mobile/15E148 Safari/604.1"
198.54.116.86 - - [16/Apr/2025:19:33:53 -0400] "POST /wp-admin/admin-ajax.php?action=async_litespeed&nonce=kh0knc6NZW5w5LV6qhwqPsLUii9UQg02&litespeed_type=imgoptm HTTP/1.1" 200 21 "-" "WordPress/6.8; https://spekkshealth.com"
198.54.116.86 - - [16/Apr/2025:19:40:13 -0400] "POST /wp-cron.php?doing_wp_cron=1744846813.6420030593872070312500 HTTP/1.1" 200 0 "-" "WordPress/6.8; https://spekkshealth.com"
43.155.27.244 - - [16/Apr/2025:19:40:12 -0400] "GET /wp-json/ HTTP/1.1" 200 240591 "-" "Mozilla/5.0 (iPhone; CPU iPhone OS 13_2_3 like Mac OS X) AppleWebKit/605.1.15 (KHTML, like Gecko) Version/13.0.3 Mobile/15E148 Safari/604.1"
198.54.116.86 - - [16/Apr/2025:19:40:13 -0400] "POST /wp-admin/admin-ajax.php?action=async_litespeed&nonce=DAy3E5XHlTKADiB717dteHpXagUzH3TB&litespeed_type=imgoptm HTTP/1.1" 200 21 "-" "WordPress/6.8; https://spekkshealth.com"
198.54.116.86 - - [16/Apr/2025:19:50:52 -0400] "POST /wp-cron.php?doing_wp_cron=1744847452.8054320812225341796875 HTTP/1.1" 200 0 "-" "WordPress/6.8; https://spekkshealth.com"
129.226.93.214 - - [16/Apr/2025:19:50:51 -0400] "GET /services/embed/ HTTP/1.1" 200 7155 "-" "Mozilla/5.0 (iPhone; CPU iPhone OS 13_2_3 like Mac OS X) AppleWebKit/605.1.15 (KHTML, like Gecko) Version/13.0.3 Mobile/15E148 Safari/604.1"
198.54.116.86 - - [16/Apr/2025:19:50:52 -0400] "POST /wp-admin/admin-ajax.php?action=async_litespeed&nonce=NBBWueo6LmPJ61XQT5qjBH2WyV2RJOul&litespeed_type=imgoptm HTTP/1.1" 200 21 "-" "WordPress/6.8; https://spekkshealth.com"
198.98.52.69 - - [16/Apr/2025:19:52:31 -0400] "GET /wp-login.php HTTP/1.1" 200 9107 "-" "Mozilla/5.0 (Macintosh; Intel Mac OS X 10_9_4) AppleWebKit/537.36 (KHTML, like Gecko) Chrome/36.0.1985.143 Safari/537.36"
198.54.116.86 - - [16/Apr/2025:19:52:33 -0400] "POST /wp-cron.php?doing_wp_cron=1744847553.5130600929260253906250 HTTP/1.1" 200 0 "-" "WordPress/6.8; https://spekkshealth.com"
198.98.52.69 - - [16/Apr/2025:19:52:31 -0400] "POST /wp-login.php HTTP/1.1" 200 9611 "-" "Mozilla/5.0 (Macintosh; Intel Mac OS X 10_9_4) AppleWebKit/537.36 (KHTML, like Gecko) Chrome/36.0.1985.143 Safari/537.36"
198.54.116.86 - - [16/Apr/2025:19:52:33 -0400] "POST /wp-admin/admin-ajax.php?action=async_litespeed&nonce=YVnT0gEjEajOvjsbZEVf7sewgRFey67K&litespeed_type=imgoptm HTTP/1.1" 200 21 "-" "WordPress/6.8; https://spekkshealth.com"
107.189.1.220 - - [16/Apr/2025:19:58:03 -0400] "GET / HTTP/1.1" 200 35662 "https://spekkshealth.com/login" "Mozilla/5.0 (Windows NT 6.1; WOW64; rv:54.0) Gecko/20100101 Firefox/54.0"
107.189.1.220 - - [16/Apr/2025:19:58:05 -0400] "GET /wp-login.php HTTP/1.1" 200 2526 "https://spekkshealth.com/login" "Mozilla/5.0 (Windows NT 6.1; WOW64; rv:54.0) Gecko/20100101 Firefox/54.0"
198.54.116.86 - - [16/Apr/2025:20:14:12 -0400] "POST /wp-cron.php?doing_wp_cron=1744848852.1023170948028564453125 HTTP/1.1" 200 0 "-" "WordPress/6.8; https://spekkshealth.com"
40.77.167.13 - - [16/Apr/2025:20:14:10 -0400] "GET /wp-sitemap-users-1.xml HTTP/1.1" 200 160 "-" "Mozilla/5.0 AppleWebKit/537.36 (KHTML, like Gecko; compatible; bingbot/2.0; +http://www.bing.com/bingbot.htm) Chrome/116.0.1938.76 Safari/537.36"
198.54.116.86 - - [16/Apr/2025:20:14:12 -0400] "POST /wp-admin/admin-ajax.php?action=async_litespeed&nonce=QjR6V2JKHNQ2bFmLkkMFtp3Pg65Pdhwr&litespeed_type=imgoptm HTTP/1.1" 200 21 "-" "WordPress/6.8; https://spekkshealth.com"
198.54.116.86 - - [16/Apr/2025:20:17:12 -0400] "POST /wp-cron.php?doing_wp_cron=1744849032.4808669090270996093750 HTTP/1.1" 200 0 "-" "WordPress/6.8; https://spekkshealth.com"
40.77.167.74 - - [16/Apr/2025:20:17:10 -0400] "GET /wp-sitemap-posts-post-1.xml HTTP/1.1" 200 194 "-" "Mozilla/5.0 AppleWebKit/537.36 (KHTML, like Gecko; compatible; bingbot/2.0; +http://www.bing.com/bingbot.htm) Chrome/116.0.1938.76 Safari/537.36"
40.77.167.74 - - [16/Apr/2025:20:17:12 -0400] "GET /sitemap.xml.gz HTTP/1.1" 301 0 "-" "Mozilla/5.0 AppleWebKit/537.36 (KHTML, like Gecko; compatible; bingbot/2.0; +http://www.bing.com/bingbot.htm) Chrome/116.0.1938.76 Safari/537.36"
198.54.116.86 - - [16/Apr/2025:20:17:12 -0400] "POST /wp-admin/admin-ajax.php?action=async_litespeed&nonce=OMU5QQyGBvKaW9BKqo1aq7f2eh614or5&litespeed_type=imgoptm HTTP/1.1" 200 21 "-" "WordPress/6.8; https://spekkshealth.com"
40.77.167.74 - - [16/Apr/2025:20:17:13 -0400] "GET /wp-sitemap.xml HTTP/1.1" 200 193 "-" "Mozilla/5.0 AppleWebKit/537.36 (KHTML, like Gecko; compatible; bingbot/2.0; +http://www.bing.com/bingbot.htm) Chrome/116.0.1938.76 Safari/537.36"
198.54.116.86 - - [16/Apr/2025:20:29:22 -0400] "POST /wp-cron.php?doing_wp_cron=1744849762.5935170650482177734375 HTTP/1.1" 200 0 "-" "WordPress/6.8; https://spekkshealth.com"
45.157.54.41 - - [16/Apr/2025:20:29:20 -0400] "GET /wp-content/plugins/drag-and-drop-multiple-file-upload-for-woocommerce/assets/js/codedropz-uploader-min.js HTTP/1.1" 404 88242 "-" "Mozilla/5.0 (Windows NT 10.0; Win64; x64) AppleWebKit/537.36 (KHTML, like Gecko) Chrome/127.0.0.0 Safari/537.36"
198.54.116.86 - - [16/Apr/2025:20:29:22 -0400] "POST /wp-admin/admin-ajax.php?action=async_litespeed&nonce=B0kIFwCgNapItx6tttlmazRVCHEmObAv&litespeed_type=imgoptm HTTP/1.1" 200 21 "-" "WordPress/6.8; https://spekkshealth.com"
45.61.184.136 - - [16/Apr/2025:20:44:33 -0400] "GET /wp-login.php HTTP/1.1" 200 9107 "-" "Mozilla/5.0 (iPad; CPU OS 7_1_2 like Mac OS X) AppleWebKit/537.51.2 (KHTML, like Gecko) Version/7.0 Mobile/11D257 Safari/9537.53"
198.54.116.86 - - [16/Apr/2025:20:44:35 -0400] "POST /wp-cron.php?doing_wp_cron=1744850675.6583840847015380859375 HTTP/1.1" 200 0 "-" "WordPress/6.8; https://spekkshealth.com"
45.61.184.136 - - [16/Apr/2025:20:44:33 -0400] "POST /wp-login.php HTTP/1.1" 200 9611 "-" "Mozilla/5.0 (iPad; CPU OS 7_1_2 like Mac OS X) AppleWebKit/537.51.2 (KHTML, like Gecko) Version/7.0 Mobile/11D257 Safari/9537.53"
198.54.116.86 - - [16/Apr/2025:20:44:35 -0400] "POST /wp-admin/admin-ajax.php?action=async_litespeed&nonce=YJxIdcU0rDOLEFvZbNYZ5SZOdfke9Xvj&litespeed_type=imgoptm HTTP/1.1" 200 21 "-" "WordPress/6.8; https://spekkshealth.com"
198.54.116.86 - - [16/Apr/2025:20:50:37 -0400] "POST /wp-cron.php?doing_wp_cron=1744851037.1847400665283203125000 HTTP/1.1" 200 0 "-" "WordPress/6.8; https://spekkshealth.com"
194.38.23.16 - - [16/Apr/2025:20:50:35 -0400] "GET /sites/all/libraries/elfinder/src/connectors/php/connector.php HTTP/1.1" 404 88242 "-" "ALittle Client"
198.54.116.86 - - [16/Apr/2025:20:50:37 -0400] "POST /wp-admin/admin-ajax.php?action=async_litespeed&nonce=er747cJjJan0yGj0fYzLr9PQirfPgjUP&litespeed_type=imgoptm HTTP/1.1" 200 21 "-" "WordPress/6.8; https://spekkshealth.com"
45.61.184.34 - - [16/Apr/2025:21:02:45 -0400] "GET /wp-login.php HTTP/1.1" 200 9107 "-" "Mozilla/5.0 (Macintosh; Intel Mac OS X 10.6; rv:31.0) Gecko/20100101 Firefox/31.0"
198.54.116.86 - - [16/Apr/2025:21:02:50 -0400] "POST /wp-cron.php?doing_wp_cron=1744851770.2254099845886230468750 HTTP/1.1" 200 0 "-" "WordPress/6.8; https://spekkshealth.com"
45.61.184.34 - - [16/Apr/2025:21:02:48 -0400] "POST /wp-login.php HTTP/1.1" 200 9585 "-" "Mozilla/5.0 (Macintosh; Intel Mac OS X 10.6; rv:31.0) Gecko/20100101 Firefox/31.0"
198.54.116.86 - - [16/Apr/2025:21:02:50 -0400] "POST /wp-admin/admin-ajax.php?action=async_litespeed&nonce=irpTrdEoe8dh61Xoms2yhxKZQMCDvpnD&litespeed_type=imgoptm HTTP/1.1" 200 21 "-" "WordPress/6.8; https://spekkshealth.com"
146.70.126.107 - - [16/Apr/2025:21:08:03 -0400] "GET / HTTP/1.1" 200 29914 "-" "Mozilla/5.0 (Linux; Android 4.4.4; Nexus 5 Build/KTU84P) AppleWebKit/537.36 (KHTML, like Gecko) Chrome/37.0.2062.76 Mobile Safari/537.36"
198.54.116.86 - - [16/Apr/2025:21:08:09 -0400] "POST /wp-cron.php?doing_wp_cron=1744852089.5689170360565185546875 HTTP/1.1" 200 0 "-" "WordPress/6.8; https://spekkshealth.com"
213.5.71.217 - - [16/Apr/2025:21:08:07 -0400] "GET /payment/index.php HTTP/1.1" 301 0 "-" "Mozilla/5.0 (Linux; Android 6.0; HTC One A9 Build/MRA58K) AppleWebKit/537.36 (KHTML, like Gecko) Chrome/61.0.3163.98 Mobile Safari/537.36"
213.5.71.217 - - [16/Apr/2025:21:08:09 -0400] "GET /payment/ HTTP/1.1" 404 16837 "-" "Mozilla/5.0 (Linux; Android 6.0; HTC One A9 Build/MRA58K) AppleWebKit/537.36 (KHTML, like Gecko) Chrome/61.0.3163.98 Mobile Safari/537.36"
198.54.116.86 - - [16/Apr/2025:21:08:09 -0400] "POST /wp-admin/admin-ajax.php?action=async_litespeed&nonce=XUvMm10kqWuUXUAm32JJKOBIw5wH0MvG&litespeed_type=imgoptm HTTP/1.1" 200 21 "-" "WordPress/6.8; https://spekkshealth.com"
92.255.57.39 - - [16/Apr/2025:22:53:55 -0400] "GET / HTTP/1.0" 200 164143 "https://spekkshealth.com/" "Mozilla/5.0 (Windows NT 10.0; Win64; x64) AppleWebKit/537.36 (KHTML, like Gecko) Chrome/131.0.0.0 Safari/537.36"
198.54.116.86 - - [16/Apr/2025:22:53:58 -0400] "POST /wp-cron.php?doing_wp_cron=1744858438.5580189228057861328125 HTTP/1.1" 200 0 "-" "WordPress/6.8; https://spekkshealth.com"
92.255.57.39 - - [16/Apr/2025:22:53:56 -0400] "POST / HTTP/1.0" 200 152717 "https://spekkshealth.com/" "Mozilla/5.0 (Windows NT 10.0; Win64; x64) AppleWebKit/537.36 (KHTML, like Gecko) Chrome/131.0.0.0 Safari/537.36"
198.54.116.86 - - [16/Apr/2025:22:53:58 -0400] "POST /wp-admin/admin-ajax.php?action=async_litespeed&nonce=gFruxRgK75Mbel8wEna3zTr5SPxwA8w4&litespeed_type=imgoptm HTTP/1.1" 200 0 "-" "WordPress/6.8; https://spekkshealth.com"
199.195.249.51 - - [16/Apr/2025:23:08:06 -0400] "GET /wp-login.php HTTP/1.1" 200 9107 "-" "Mozilla/5.0 (Windows NT 6.3; WOW64) AppleWebKit/537.36 (KHTML, like Gecko) Chrome/36.0.1985.143 Safari/537.36"
198.54.116.86 - - [16/Apr/2025:23:08:08 -0400] "POST /wp-cron.php?doing_wp_cron=1744859288.4240119457244873046875 HTTP/1.1" 200 0 "-" "WordPress/6.8; https://spekkshealth.com"
199.195.249.51 - - [16/Apr/2025:23:08:06 -0400] "POST /wp-login.php HTTP/1.1" 200 9611 "-" "Mozilla/5.0 (Windows NT 6.3; WOW64) AppleWebKit/537.36 (KHTML, like Gecko) Chrome/36.0.1985.143 Safari/537.36"
198.54.116.86 - - [16/Apr/2025:23:08:08 -0400] "POST /wp-admin/admin-ajax.php?action=async_litespeed&nonce=9oPNeqFePajjxEMKJEisBdCEfa3TUP0r&litespeed_type=imgoptm HTTP/1.1" 200 21 "-" "WordPress/6.8; https://spekkshealth.com"
198.98.48.90 - - [16/Apr/2025:23:21:12 -0400] "GET /wp-login.php HTTP/1.1" 200 9107 "-" "Mozilla/5.0 (X11; Linux x86_64) AppleWebKit/537.36 (KHTML, like Gecko) Chrome/35.0.1916.153 Safari/537.36"
198.54.116.86 - - [16/Apr/2025:23:21:26 -0400] "POST /wp-cron.php?doing_wp_cron=1744860086.5562129020690917968750 HTTP/1.1" 200 0 "-" "WordPress/6.8; https://spekkshealth.com"
198.98.48.90 - - [16/Apr/2025:23:21:24 -0400] "POST /wp-login.php HTTP/1.1" 200 9585 "-" "Mozilla/5.0 (X11; Linux x86_64) AppleWebKit/537.36 (KHTML, like Gecko) Chrome/35.0.1916.153 Safari/537.36"
198.54.116.86 - - [16/Apr/2025:23:21:26 -0400] "POST /wp-admin/admin-ajax.php?action=async_litespeed&nonce=B1whj8SlThRqSAbLc7rJ6WRQk6TsgoHY&litespeed_type=imgoptm HTTP/1.1" 200 21 "-" "WordPress/6.8; https://spekkshealth.com"
66.249.77.13 - - [16/Apr/2025:23:37:09 -0400] "GET /robots.txt HTTP/1.1" 200 97 "-" "Mozilla/5.0 (compatible; Googlebot/2.1; +http://www.google.com/bot.html)"
52.167.144.169 - - [16/Apr/2025:23:38:11 -0400] "GET /wp-sitemap.xml HTTP/1.1" 200 193 "-" "Mozilla/5.0 AppleWebKit/537.36 (KHTML, like Gecko; compatible; bingbot/2.0; +http://www.bing.com/bingbot.htm) Chrome/116.0.1938.76 Safari/537.36"
198.54.116.86 - - [16/Apr/2025:23:43:09 -0400] "POST /wp-cron.php?doing_wp_cron=1744861389.2892189025878906250000 HTTP/1.1" 200 0 "-" "WordPress/6.8; https://spekkshealth.com"
89.248.172.183 - - [16/Apr/2025:23:43:07 -0400] "GET /wp-content/plugins/instant-appointment/assets/css/bootstrap-icons.min.css HTTP/1.1" 404 19836 "-" "Mozilla/5.0 (iPhone; CPU iPhone OS 17_2 like Mac OS X) AppleWebKit/605.1.15 (KHTML, like Gecko) EdgiOS/120.0.2210.105 Version/17.0 Mobile/15E148 Safari/604.1"
198.54.116.86 - - [16/Apr/2025:23:43:09 -0400] "POST /wp-admin/admin-ajax.php?action=async_litespeed&nonce=NY9WoxiZQ64DTfAEuu3KBMY7iBDCnS5w&litespeed_type=imgoptm HTTP/1.1" 200 21 "-" "WordPress/6.8; https://spekkshealth.com"
45.61.184.34 - - [17/Apr/2025:00:00:39 -0400] "GET /wp-login.php HTTP/1.1" 200 9107 "-" "Mozilla/5.0 (Macintosh; Intel Mac OS X 10_7_5) AppleWebKit/537.77.4 (KHTML, like Gecko) Version/6.1.5 Safari/537.77.4"
198.54.116.86 - - [17/Apr/2025:00:00:41 -0400] "POST /wp-cron.php?doing_wp_cron=1744862441.1762979030609130859375 HTTP/1.1" 200 0 "-" "WordPress/6.8; https://spekkshealth.com"
45.61.184.34 - - [17/Apr/2025:00:00:39 -0400] "POST /wp-login.php HTTP/1.1" 200 9585 "-" "Mozilla/5.0 (Macintosh; Intel Mac OS X 10_7_5) AppleWebKit/537.77.4 (KHTML, like Gecko) Version/6.1.5 Safari/537.77.4"
198.54.116.86 - - [17/Apr/2025:00:00:41 -0400] "POST /wp-admin/admin-ajax.php?action=async_litespeed&nonce=JEUIA1lvmUw9tmAmoWRJPuOdznEvKhXs&litespeed_type=imgoptm HTTP/1.1" 200 21 "-" "WordPress/6.8; https://spekkshealth.com"
198.98.52.69 - - [17/Apr/2025:00:01:31 -0400] "GET /wp-login.php HTTP/1.1" 200 9107 "-" "Mozilla/5.0 (Windows NT 6.1; WOW64; rv:31.0) Gecko/20100101 Firefox/31.0"
198.54.116.86 - - [17/Apr/2025:00:02:22 -0400] "POST /wp-cron.php?doing_wp_cron=1744862542.4624900817871093750000 HTTP/1.1" 200 0 "-" "WordPress/6.8; https://spekkshealth.com"
198.98.52.69 - - [17/Apr/2025:00:02:20 -0400] "POST /wp-login.php HTTP/1.1" 200 9611 "-" "Mozilla/5.0 (Windows NT 6.1; WOW64; rv:31.0) Gecko/20100101 Firefox/31.0"
198.54.116.86 - - [17/Apr/2025:00:02:22 -0400] "POST /wp-admin/admin-ajax.php?action=async_litespeed&nonce=R1bdFWkoezy46KzpV7q1jZMroOzGs0ay&litespeed_type=imgoptm HTTP/1.1" 200 21 "-" "WordPress/6.8; https://spekkshealth.com"
198.54.116.86 - - [17/Apr/2025:00:19:07 -0400] "POST /wp-cron.php?doing_wp_cron=1744863547.7330560684204101562500 HTTP/1.1" 200 0 "-" "WordPress/6.8; https://spekkshealth.com"
52.169.85.234 - - [17/Apr/2025:00:19:06 -0400] "GET /403.php HTTP/1.1" 404 88587 "-" "-"
198.54.116.86 - - [17/Apr/2025:00:19:07 -0400] "POST /wp-admin/admin-ajax.php?action=async_litespeed&nonce=a6Zj1UU13aOa92DZoDmI2sV1sTHHZthv&litespeed_type=imgoptm HTTP/1.1" 200 21 "-" "WordPress/6.8; https://spekkshealth.com"
52.169.85.234 - - [17/Apr/2025:00:19:08 -0400] "GET /content.php HTTP/1.1" 404 87803 "-" "-"
52.169.85.234 - - [17/Apr/2025:00:19:09 -0400] "GET /wp-content/plugins/not/includes/about.php HTTP/1.1" 404 88242 "-" "-"
52.169.85.234 - - [17/Apr/2025:00:19:10 -0400] "GET /wp-content/plugins/simple/simple.php HTTP/1.1" 404 88242 "-" "-"
52.169.85.234 - - [17/Apr/2025:00:19:11 -0400] "GET /wp-content/plugins/wp-theme-editor/include.php HTTP/1.1" 404 88242 "-" "-"
52.169.85.234 - - [17/Apr/2025:00:19:12 -0400] "GET /wp-content/themes/aahana/json.php HTTP/1.1" 404 88242 "-" "-"
52.169.85.234 - - [17/Apr/2025:00:19:13 -0400] "GET /admin.php HTTP/1.1" 404 87803 "-" "-"
52.169.85.234 - - [17/Apr/2025:00:19:14 -0400] "GET /wp-content/plugins/awesome-coming-soon/come.php HTTP/1.1" 404 88242 "-" "-"
52.169.85.234 - - [17/Apr/2025:00:19:15 -0400] "GET /wp-content/plugins/wp-conflg.php HTTP/1.1" 404 88242 "-" "-"
52.169.85.234 - - [17/Apr/2025:00:19:16 -0400] "GET /berlin.php HTTP/1.1" 404 87803 "-" "-"
52.169.85.234 - - [17/Apr/2025:00:19:16 -0400] "GET /wp-includes/Requests/about.php HTTP/1.1" 404 88242 "-" "-"
198.54.116.86 - - [17/Apr/2025:00:19:17 -0400] "POST /wp-cron.php?doing_wp_cron=1744863557.5936210155487060546875 HTTP/1.1" 200 0 "-" "WordPress/6.8; https://spekkshealth.com"
52.169.85.234 - - [17/Apr/2025:00:19:17 -0400] "GET /wp-includes/style-engine/about.php HTTP/1.1" 404 88242 "-" "-"
198.54.116.86 - - [17/Apr/2025:00:19:17 -0400] "POST /wp-admin/admin-ajax.php?action=async_litespeed&nonce=2Ouh6t5dLyvjrhCIcduaTQ8XzL4wJLhE&litespeed_type=imgoptm HTTP/1.1" 200 21 "-" "WordPress/6.8; https://spekkshealth.com"
52.169.85.234 - - [17/Apr/2025:00:19:18 -0400] "GET /wp-includes/rest-api/about.php HTTP/1.1" 404 88242 "-" "-"
52.169.85.234 - - [17/Apr/2025:00:19:19 -0400] "GET /wp-includes/SimplePie/about.php HTTP/1.1" 404 88242 "-" "-"
52.169.85.234 - - [17/Apr/2025:00:19:19 -0400] "GET /wp-content/banners/about.php HTTP/1.1" 404 88242 "-" "-"
52.169.85.234 - - [17/Apr/2025:00:19:20 -0400] "GET /wp-content/about.php HTTP/1.1" 404 87803 "-" "-"
52.169.85.234 - - [17/Apr/2025:00:19:21 -0400] "GET /.well-known/about.php HTTP/1.1" 404 87803 "-" "-"
52.169.85.234 - - [17/Apr/2025:00:19:22 -0400] "GET /wp-includes/Text/about.php HTTP/1.1" 404 88242 "-" "-"
52.169.85.234 - - [17/Apr/2025:00:19:23 -0400] "GET /wp-includes/ID3/about.php HTTP/1.1" 404 88242 "-" "-"
52.169.85.234 - - [17/Apr/2025:00:19:24 -0400] "GET /img/about.php HTTP/1.1" 404 87803 "-" "-"
52.169.85.234 - - [17/Apr/2025:00:19:24 -0400] "GET /wp-content/languages/about.php HTTP/1.1" 404 88242 "-" "-"
52.169.85.234 - - [17/Apr/2025:00:19:25 -0400] "GET /wp-includes/customize/about.php HTTP/1.1" 404 88242 "-" "-"
52.169.85.234 - - [17/Apr/2025:00:19:26 -0400] "GET /wp-includes.bak/html-api/about.php HTTP/1.1" 404 88242 "-" "-"
52.169.85.234 - - [17/Apr/2025:00:19:27 -0400] "GET /wp-includes/widgets/about.php HTTP/1.1" 404 88242 "-" "-"
52.169.85.234 - - [17/Apr/2025:00:19:28 -0400] "GET /wp-includes/IXR/about.php HTTP/1.1" 404 88242 "-" "-"
52.169.85.234 - - [17/Apr/2025:00:19:29 -0400] "GET /wp-admin/js/about.php HTTP/1.1" 404 88242 "-" "-"
52.169.85.234 - - [17/Apr/2025:00:19:30 -0400] "GET /.well-known/pki-validation/about.php HTTP/1.1" 404 1251 "-" "-"
52.169.85.234 - - [17/Apr/2025:00:19:31 -0400] "GET /wp-includes/pomo/about.php HTTP/1.1" 404 88242 "-" "-"
52.169.85.234 - - [17/Apr/2025:00:19:32 -0400] "GET /wp-includes/block-patterns/about.php HTTP/1.1" 404 88242 "-" "-"
52.169.85.234 - - [17/Apr/2025:00:19:33 -0400] "GET /wp-content/updraft/about.php HTTP/1.1" 404 88242 "-" "-"
52.169.85.234 - - [17/Apr/2025:00:19:33 -0400] "GET /wp-content/upgrade-temp-backup/about.php HTTP/1.1" 404 88242 "-" "-"
52.169.85.234 - - [17/Apr/2025:00:19:34 -0400] "GET /wp-content/themes/about.php HTTP/1.1" 404 88242 "-" "-"
52.169.85.234 - - [17/Apr/2025:00:19:35 -0400] "GET /wp-admin/includes/about.php HTTP/1.1" 404 88242 "-" "-"
52.169.85.234 - - [17/Apr/2025:00:19:37 -0400] "GET /images/about.php HTTP/1.1" 404 87803 "-" "-"
52.169.85.234 - - [17/Apr/2025:00:19:38 -0400] "GET /wp-content/blogs.dir/about.php HTTP/1.1" 404 88242 "-" "-"
52.169.85.234 - - [17/Apr/2025:00:19:39 -0400] "GET /wp-includes/images/about.php HTTP/1.1" 404 88242 "-" "-"
52.169.85.234 - - [17/Apr/2025:00:19:40 -0400] "GET /wp-includes/about.php HTTP/1.1" 404 87803 "-" "-"
52.169.85.234 - - [17/Apr/2025:00:19:41 -0400] "GET /cgi-bin/about.php HTTP/1.1" 404 87803 "-" "-"
52.169.85.234 - - [17/Apr/2025:00:19:43 -0400] "GET /wp-content/gallery/about.php HTTP/1.1" 404 88242 "-" "-"
52.169.85.234 - - [17/Apr/2025:00:19:44 -0400] "GET /wp-includes/blocks/about.php HTTP/1.1" 404 88242 "-" "-"
52.169.85.234 - - [17/Apr/2025:00:19:44 -0400] "GET /wp-admin/css/about.php HTTP/1.1" 404 88242 "-" "-"
52.169.85.234 - - [17/Apr/2025:00:19:46 -0400] "GET /wp-admin/images/about.php HTTP/1.1" 404 88242 "-" "-"
52.169.85.234 - - [17/Apr/2025:00:19:47 -0400] "GET /.well-known/pki-validation/cloud.php HTTP/1.1" 404 1251 "-" "-"
52.169.85.234 - - [17/Apr/2025:00:19:48 -0400] "GET /.well-known/acme-challenge/cloud.php HTTP/1.1" 404 88242 "-" "-"
52.169.85.234 - - [17/Apr/2025:00:19:49 -0400] "GET /wp-admin/network/cloud.php HTTP/1.1" 404 88242 "-" "-"
52.169.85.234 - - [17/Apr/2025:00:19:51 -0400] "GET /cloud.php HTTP/1.1" 404 87803 "-" "-"
52.169.85.234 - - [17/Apr/2025:00:19:51 -0400] "GET /cgi-bin/cloud.php HTTP/1.1" 404 87803 "-" "-"
52.169.85.234 - - [17/Apr/2025:00:19:52 -0400] "GET /wp-content/updates.php HTTP/1.1" 404 87803 "-" "-"
52.169.85.234 - - [17/Apr/2025:00:19:54 -0400] "GET /css/cloud.php HTTP/1.1" 404 87803 "-" "-"
52.169.85.234 - - [17/Apr/2025:00:19:55 -0400] "GET /wp-admin/user/cloud.php HTTP/1.1" 404 88242 "-" "-"
52.169.85.234 - - [17/Apr/2025:00:19:55 -0400] "GET /img/cloud.php HTTP/1.1" 404 87803 "-" "-"
52.169.85.234 - - [17/Apr/2025:00:19:56 -0400] "GET /wp-admin/css/colors/coffee/cloud.php HTTP/1.1" 404 88242 "-" "-"
52.169.85.234 - - [17/Apr/2025:00:19:58 -0400] "GET /wp-admin/images/cloud.php HTTP/1.1" 404 88242 "-" "-"
52.169.85.234 - - [17/Apr/2025:00:19:59 -0400] "GET /avaa.php HTTP/1.1" 404 87803 "-" "-"
52.169.85.234 - - [17/Apr/2025:00:20:00 -0400] "GET /images/cloud.php HTTP/1.1" 404 87803 "-" "-"
52.169.85.234 - - [17/Apr/2025:00:20:01 -0400] "GET /wp-admin/js/widgets/cloud.php HTTP/1.1" 404 88242 "-" "-"
52.169.85.234 - - [17/Apr/2025:00:20:02 -0400] "GET /wp-includes/Requests/Text/admin.php HTTP/1.1" 404 88242 "-" "-"
52.169.85.234 - - [17/Apr/2025:00:20:03 -0400] "GET /wp-admin/css/colors/cloud.php HTTP/1.1" 404 88242 "-" "-"
52.169.85.234 - - [17/Apr/2025:00:20:04 -0400] "GET /wp-admin/includes/cloud.php HTTP/1.1" 404 88242 "-" "-"
52.169.85.234 - - [17/Apr/2025:00:20:05 -0400] "GET /wp-admin/css/colors/blue/cloud.php HTTP/1.1" 404 88242 "-" "-"
52.169.85.234 - - [17/Apr/2025:00:20:06 -0400] "GET /wp-admin/cloud.php HTTP/1.1" 404 87803 "-" "-"
52.169.85.234 - - [17/Apr/2025:00:20:07 -0400] "GET /updates.php HTTP/1.1" 404 87803 "-" "-"
52.169.85.234 - - [17/Apr/2025:00:20:08 -0400] "GET /libraries/legacy/updates.php HTTP/1.1" 404 88242 "-" "-"
52.169.85.234 - - [17/Apr/2025:00:20:10 -0400] "GET /libraries/phpmailer/updates.php HTTP/1.1" 404 88242 "-" "-"
52.169.85.234 - - [17/Apr/2025:00:20:11 -0400] "GET /libraries/vendor/updates.php HTTP/1.1" 404 88242 "-" "-"
52.169.85.234 - - [17/Apr/2025:00:20:12 -0400] "GET /alfa-rex.php7 HTTP/1.1" 404 87803 "-" "-"
52.169.85.234 - - [17/Apr/2025:00:20:14 -0400] "GET /alfanew.php HTTP/1.1" 404 87803 "-" "-"
52.169.85.234 - - [17/Apr/2025:00:20:15 -0400] "GET /wp-content/plugins/Cache/Cache.php HTTP/1.1" 404 88242 "-" "-"
198.54.116.86 - - [17/Apr/2025:00:20:17 -0400] "POST /wp-cron.php?doing_wp_cron=1744863617.1559510231018066406250 HTTP/1.1" 200 0 "-" "WordPress/6.8; https://spekkshealth.com"
52.169.85.234 - - [17/Apr/2025:00:20:17 -0400] "GET /wp-admin/js/widgets/about.php7 HTTP/1.1" 404 88242 "-" "-"
198.54.116.86 - - [17/Apr/2025:00:20:17 -0400] "POST /wp-admin/admin-ajax.php?action=async_litespeed&nonce=6GRa21skmpfitHqmZ6e80aRflVGTUwzO&litespeed_type=imgoptm HTTP/1.1" 200 21 "-" "WordPress/6.8; https://spekkshealth.com"
52.169.85.234 - - [17/Apr/2025:00:20:18 -0400] "GET /wp-p.php7 HTTP/1.1" 404 87803 "-" "-"
52.169.85.234 - - [17/Apr/2025:00:20:18 -0400] "GET /wp-admin/repeater.php HTTP/1.1" 404 87803 "-" "-"
52.169.85.234 - - [17/Apr/2025:00:20:19 -0400] "GET /wp-includes/repeater.php HTTP/1.1" 404 87803 "-" "-"
52.169.85.234 - - [17/Apr/2025:00:20:20 -0400] "GET /wp-content/repeater.php HTTP/1.1" 404 87803 "-" "-"
52.169.85.234 - - [17/Apr/2025:00:20:21 -0400] "GET /wsoyanz.php HTTP/1.1" 404 87803 "-" "-"
52.169.85.234 - - [17/Apr/2025:00:20:23 -0400] "GET /yanz.php HTTP/1.1" 404 87803 "-" "-"
52.169.85.234 - - [17/Apr/2025:00:20:24 -0400] "GET /wp-admin/js/about.php HTTP/1.1" 404 88242 "-" "-"
52.169.85.234 - - [17/Apr/2025:00:20:25 -0400] "GET /wp-content/plugins/seoo/wsoyanz.php HTTP/1.1" 404 88242 "-" "-"
52.169.85.234 - - [17/Apr/2025:00:20:26 -0400] "GET /wp-content/plugins/seoo/wsoyanz1.php HTTP/1.1" 404 88242 "-" "-"
52.169.85.234 - - [17/Apr/2025:00:20:27 -0400] "GET /cache-compat.php HTTP/1.1" 404 87803 "-" "-"
52.169.85.234 - - [17/Apr/2025:00:20:28 -0400] "GET /ajax-actions.php HTTP/1.1" 404 87803 "-" "-"
52.169.85.234 - - [17/Apr/2025:00:20:29 -0400] "GET /wp-admin/ajax-actions.php HTTP/1.1" 404 87803 "-" "-"
52.169.85.234 - - [17/Apr/2025:00:20:30 -0400] "GET /wp-consar.php HTTP/1.1" 404 87803 "-" "-"
52.169.85.234 - - [17/Apr/2025:00:20:31 -0400] "GET /repeater.php HTTP/1.1" 404 87803 "-" "-"
52.169.85.234 - - [17/Apr/2025:00:20:32 -0400] "GET /admin-post.php HTTP/1.1" 404 87803 "-" "-"
52.169.85.234 - - [17/Apr/2025:00:20:32 -0400] "GET /wp-admin/maint/maint/ajax-actions.php HTTP/1.1" 404 88242 "-" "-"
52.169.85.234 - - [17/Apr/2025:00:20:33 -0400] "GET /wp-admin/dropdown.php HTTP/1.1" 404 87803 "-" "-"
52.169.85.234 - - [17/Apr/2025:00:20:34 -0400] "GET /wp-admin/css/index.php HTTP/1.1" 301 0 "-" "-"
52.169.85.234 - - [17/Apr/2025:00:20:34 -0400] "GET /wp-admin/css/ HTTP/1.1" 200 29271 "-" "-"
52.169.85.234 - - [17/Apr/2025:00:20:35 -0400] "GET /dropdown.php HTTP/1.1" 404 87803 "-" "-"
52.169.85.234 - - [17/Apr/2025:00:20:36 -0400] "GET /about.php HTTP/1.1" 404 87803 "-" "-"
52.169.85.234 - - [17/Apr/2025:00:20:37 -0400] "GET /admin.php HTTP/1.1" 404 87803 "-" "-"
52.169.85.234 - - [17/Apr/2025:00:20:37 -0400] "GET /about.php7 HTTP/1.1" 404 87803 "-" "-"
52.169.85.234 - - [17/Apr/2025:00:20:39 -0400] "GET /alfanew.php7 HTTP/1.1" 404 87803 "-" "-"
52.169.85.234 - - [17/Apr/2025:00:20:40 -0400] "GET /adminfuns.php7 HTTP/1.1" 404 87803 "-" "-"
52.169.85.234 - - [17/Apr/2025:00:20:41 -0400] "GET /ebs.php7 HTTP/1.1" 404 87803 "-" "-"
52.169.85.234 - - [17/Apr/2025:00:20:42 -0400] "GET /ws.php7 HTTP/1.1" 404 87803 "-" "-"
52.169.85.234 - - [17/Apr/2025:00:20:43 -0400] "GET /alfanew2.php7 HTTP/1.1" 404 87803 "-" "-"
52.169.85.234 - - [17/Apr/2025:00:20:44 -0400] "GET /alfa-rex2.php7 HTTP/1.1" 404 87803 "-" "-"
52.169.85.234 - - [17/Apr/2025:00:20:45 -0400] "GET /.well-known/acme-challenge/cloud.php HTTP/1.1" 404 88242 "-" "-"
52.169.85.234 - - [17/Apr/2025:00:20:46 -0400] "GET /wp-admin/images/index.php HTTP/1.1" 301 0 "-" "-"
52.169.85.234 - - [17/Apr/2025:00:20:46 -0400] "GET /wp-admin/images/ HTTP/1.1" 200 22373 "-" "-"
52.169.85.234 - - [17/Apr/2025:00:20:47 -0400] "GET /wp-admin/css/colors/index.php HTTP/1.1" 301 0 "-" "-"
52.169.85.234 - - [17/Apr/2025:00:20:48 -0400] "GET /wp-admin/css/colors/ HTTP/1.1" 200 4716 "-" "-"
52.169.85.234 - - [17/Apr/2025:00:20:48 -0400] "GET /wp-content/themes/pridmag/db.php?u HTTP/1.1" 404 88242 "-" "-"
52.169.85.234 - - [17/Apr/2025:00:20:49 -0400] "GET /wp-content/themes/seotheme/mar.php HTTP/1.1" 404 88242 "-" "-"
52.169.85.234 - - [17/Apr/2025:00:20:50 -0400] "GET /wp-content/plugins/linkpreview/db.php?u HTTP/1.1" 404 88242 "-" "-"
52.169.85.234 - - [17/Apr/2025:00:20:51 -0400] "GET /wp-content/themes/seotheme/db.php?u HTTP/1.1" 404 88242 "-" "-"
52.169.85.234 - - [17/Apr/2025:00:20:52 -0400] "GET /wp-content/plugins/seoplugins/db.php?u HTTP/1.1" 404 88242 "-" "-"
52.169.85.234 - - [17/Apr/2025:00:20:53 -0400] "GET /wp-content/plugins/seoplugins/mar.php HTTP/1.1" 404 88242 "-" "-"
52.169.85.234 - - [17/Apr/2025:00:20:54 -0400] "GET /.well-known/pki-validation/xmrlpc.php?p= HTTP/1.1" 404 1251 "-" "-"
52.169.85.234 - - [17/Apr/2025:00:20:55 -0400] "GET /.well-known/acme-challenge/xmrlpc.php?p= HTTP/1.1" 301 0 "-" "-"
52.169.85.234 - - [17/Apr/2025:00:20:55 -0400] "GET /.well-known/acme-challenge/xmrlpc.php HTTP/1.1" 404 88242 "-" "-"
52.169.85.234 - - [17/Apr/2025:00:20:56 -0400] "GET /wp-admin/network/xmrlpc.php?p= HTTP/1.1" 301 0 "-" "-"
52.169.85.234 - - [17/Apr/2025:00:20:56 -0400] "GET /wp-admin/network/xmrlpc.php HTTP/1.1" 404 88242 "-" "-"
52.169.85.234 - - [17/Apr/2025:00:20:58 -0400] "GET /xmrlpc.php?p= HTTP/1.1" 301 0 "-" "-"
52.169.85.234 - - [17/Apr/2025:00:20:58 -0400] "GET /xmrlpc.php HTTP/1.1" 404 87803 "-" "-"
52.169.85.234 - - [17/Apr/2025:00:20:59 -0400] "GET /cgi-bin/xmrlpc.php?p= HTTP/1.1" 301 0 "-" "-"
52.169.85.234 - - [17/Apr/2025:00:20:59 -0400] "GET /cgi-bin/xmrlpc.php HTTP/1.1" 404 87803 "-" "-"
52.169.85.234 - - [17/Apr/2025:00:21:00 -0400] "GET /css/xmrlpc.php?p= HTTP/1.1" 301 0 "-" "-"
52.169.85.234 - - [17/Apr/2025:00:21:01 -0400] "GET /css/xmrlpc.php HTTP/1.1" 404 87803 "-" "-"
52.169.85.234 - - [17/Apr/2025:00:21:01 -0400] "GET /wp-admin/user/xmrlpc.php?p= HTTP/1.1" 301 0 "-" "-"
52.169.85.234 - - [17/Apr/2025:00:21:02 -0400] "GET /wp-admin/user/xmrlpc.php HTTP/1.1" 404 88242 "-" "-"
52.169.85.234 - - [17/Apr/2025:00:21:03 -0400] "GET /img/xmrlpc.php?p= HTTP/1.1" 301 0 "-" "-"
52.169.85.234 - - [17/Apr/2025:00:21:03 -0400] "GET /img/xmrlpc.php HTTP/1.1" 404 87803 "-" "-"
52.169.85.234 - - [17/Apr/2025:00:21:04 -0400] "GET /wp-admin/css/colors/coffee/xmrlpc.php?p= HTTP/1.1" 301 0 "-" "-"
52.169.85.234 - - [17/Apr/2025:00:21:04 -0400] "GET /wp-admin/css/colors/coffee/xmrlpc.php HTTP/1.1" 404 88242 "-" "-"
52.169.85.234 - - [17/Apr/2025:00:21:06 -0400] "GET /wp-admin/images/xmrlpc.php?p= HTTP/1.1" 301 0 "-" "-"
52.169.85.234 - - [17/Apr/2025:00:21:06 -0400] "GET /wp-admin/images/xmrlpc.php HTTP/1.1" 404 88242 "-" "-"
52.169.85.234 - - [17/Apr/2025:00:21:07 -0400] "GET /images/xmrlpc.php?p= HTTP/1.1" 301 0 "-" "-"
52.169.85.234 - - [17/Apr/2025:00:21:07 -0400] "GET /images/xmrlpc.php HTTP/1.1" 404 87803 "-" "-"
52.169.85.234 - - [17/Apr/2025:00:21:08 -0400] "GET /wp-admin/js/widgets/xmrlpc.php?p= HTTP/1.1" 301 0 "-" "-"
52.169.85.234 - - [17/Apr/2025:00:21:09 -0400] "GET /wp-admin/js/widgets/xmrlpc.php HTTP/1.1" 404 88242 "-" "-"
52.169.85.234 - - [17/Apr/2025:00:21:09 -0400] "GET /wp-admin/css/colors/xmrlpc.php?p= HTTP/1.1" 301 0 "-" "-"
52.169.85.234 - - [17/Apr/2025:00:21:10 -0400] "GET /wp-admin/css/colors/xmrlpc.php HTTP/1.1" 404 88242 "-" "-"
52.169.85.234 - - [17/Apr/2025:00:21:11 -0400] "GET /wp-admin/includes/xmrlpc.php?p= HTTP/1.1" 301 0 "-" "-"
52.169.85.234 - - [17/Apr/2025:00:21:11 -0400] "GET /wp-admin/includes/xmrlpc.php HTTP/1.1" 404 88242 "-" "-"
52.169.85.234 - - [17/Apr/2025:00:21:12 -0400] "GET /wp-admin/css/colors/blue/xmrlpc.php?p= HTTP/1.1" 301 0 "-" "-"
52.169.85.234 - - [17/Apr/2025:00:21:12 -0400] "GET /wp-admin/css/colors/blue/xmrlpc.php HTTP/1.1" 404 88242 "-" "-"
52.169.85.234 - - [17/Apr/2025:00:21:13 -0400] "GET /wp-admin/xmrlpc.php?p= HTTP/1.1" 301 0 "-" "-"
52.169.85.234 - - [17/Apr/2025:00:21:14 -0400] "GET /wp-admin/xmrlpc.php HTTP/1.1" 404 87803 "-" "-"
51.8.102.73 - - [17/Apr/2025:00:27:55 -0400] "GET /wp-content/uploads/2024/01/WDD-US-11012024-54158190614-SPEKKS-scaled.jpg HTTP/1.1" 200 131225 "-" "Mozilla/5.0 (Macintosh; Intel Mac OS X 10_15_7) AppleWebKit/537.36 (KHTML, like Gecko) Chrome/131.0.0.0 Safari/537.36; compatible; OAI-SearchBot/1.0; +https://openai.com/searchbot"
193.70.81.126 - - [17/Apr/2025:00:37:10 -0400] "GET /robots.txt HTTP/1.1" 200 117 "-" "Mozilla/5.0 (compatible; MJ12bot/v1.4.8; http://mj12bot.com/)"
193.70.81.126 - - [17/Apr/2025:00:37:12 -0400] "GET /about-us/ HTTP/1.1" 200 18073 "-" "Mozilla/5.0 (compatible; MJ12bot/v1.4.8; http://mj12bot.com/)"
193.70.81.126 - - [17/Apr/2025:00:37:13 -0400] "GET /book-appointment/ HTTP/1.1" 200 23250 "-" "Mozilla/5.0 (compatible; MJ12bot/v1.4.8; http://mj12bot.com/)"
193.70.81.126 - - [17/Apr/2025:00:37:15 -0400] "GET /contact-us/ HTTP/1.1" 200 22387 "-" "Mozilla/5.0 (compatible; MJ12bot/v1.4.8; http://mj12bot.com/)"
193.70.81.126 - - [17/Apr/2025:00:37:17 -0400] "GET /services/ HTTP/1.1" 200 18958 "-" "Mozilla/5.0 (compatible; MJ12bot/v1.4.8; http://mj12bot.com/)"
198.98.57.200 - - [17/Apr/2025:01:00:33 -0400] "GET /wp-login.php HTTP/1.1" 200 9107 "-" "Mozilla/5.0 (Macintosh; Intel Mac OS X 10_6_8) AppleWebKit/534.59.10 (KHTML, like Gecko) Version/5.1.9 Safari/534.59.10"
198.54.116.86 - - [17/Apr/2025:01:00:35 -0400] "POST /wp-cron.php?doing_wp_cron=1744866035.1067850589752197265625 HTTP/1.1" 200 0 "-" "WordPress/6.8; https://spekkshealth.com"
198.98.57.200 - - [17/Apr/2025:01:00:33 -0400] "POST /wp-login.php HTTP/1.1" 200 9611 "-" "Mozilla/5.0 (Macintosh; Intel Mac OS X 10_6_8) AppleWebKit/534.59.10 (KHTML, like Gecko) Version/5.1.9 Safari/534.59.10"
198.54.116.86 - - [17/Apr/2025:01:00:35 -0400] "POST /wp-admin/admin-ajax.php?action=async_litespeed&nonce=RolDy6q9sBaJONu2Q25Zbc6KpEOESpYb&litespeed_type=imgoptm HTTP/1.1" 200 21 "-" "WordPress/6.8; https://spekkshealth.com"
196.251.72.46 - - [17/Apr/2025:01:40:03 -0400] "GET / HTTP/1.1" 200 164143 "-" "Mozlila/5.0 (Linux; Android 7.0; SM-G892A Bulid/NRD90M; wv) AppleWebKit/537.36 (KHTML, like Gecko) Version/4.0 Chrome/60.0.3112.107 Moblie Safari/537.36"
198.54.116.86 - - [17/Apr/2025:01:40:06 -0400] "POST /wp-cron.php?doing_wp_cron=1744868406.5263218879699707031250 HTTP/1.1" 200 0 "-" "WordPress/6.8; https://spekkshealth.com"
198.54.116.86 - - [17/Apr/2025:01:40:06 -0400] "POST /wp-cron.php?doing_wp_cron=1744868406.5262389183044433593750 HTTP/1.1" 200 0 "-" "WordPress/6.8; https://spekkshealth.com"
198.54.116.86 - - [17/Apr/2025:01:40:06 -0400] "POST /wp-cron.php?doing_wp_cron=1744868406.5262999534606933593750 HTTP/1.1" 200 0 "-" "WordPress/6.8; https://spekkshealth.com"
196.251.72.46 - - [17/Apr/2025:01:40:03 -0400] "GET /wp-content/plugins/fix/up.php HTTP/1.1" 404 88242 "-" "Mozilla/5.0 (Windows NT 10.0; Win64; x64) AppleWebKit/537.36 (KHTML, like Gecko) Chrome/85.0.4183.102 Safari/537.36"
196.251.72.46 - - [17/Apr/2025:01:40:03 -0400] "GET /wp-content/plugins/apikey/apikey.php?test=hello HTTP/1.1" 404 88242 "-" "Mozlila/5.0 (Linux; Android 7.0; SM-G892A Bulid/NRD90M; wv) AppleWebKit/537.36 (KHTML, like Gecko) Version/4.0 Chrome/60.0.3112.107 Moblie Safari/537.36"
196.251.72.46 - - [17/Apr/2025:01:40:03 -0400] "GET /wp-content/themes/seotheme/db.php?u HTTP/1.1" 404 88242 "www.google.com" "Mozlila/5.0 (Linux; Android 7.0; SM-G892A Bulid/NRD90M; wv) AppleWebKit/537.36 (KHTML, like Gecko) Version/4.0 Chrome/60.0.3112.107 Moblie Safari/537.36"
196.251.72.46 - - [17/Apr/2025:01:40:03 -0400] "POST /wp-plain.php HTTP/1.1" 404 88517 "www.google.com" "Mozilla/5.0 (Linux; Android 7.0; SM-G892A Bulid/NRD90M; wv) AppleWebKit/537.36 (KHTML, like Gecko) Version/4.0 Chrome/60.0.3112.107 Moblie Safari/537.36"
196.251.72.46 - - [17/Apr/2025:01:40:07 -0400] "GET /wp-content/themes/seotheme/db.php?u HTTP/1.1" 404 88242 "www.google.com" "Mozlila/5.0 (Linux; Android 7.0; SM-G892A Bulid/NRD90M; wv) AppleWebKit/537.36 (KHTML, like Gecko) Version/4.0 Chrome/60.0.3112.107 Moblie Safari/537.36"
198.54.116.86 - - [17/Apr/2025:01:40:07 -0400] "POST /wp-admin/admin-ajax.php?action=async_litespeed&nonce=p34BGtoHk9qq9mfooLxTrOkhPv7eZGI8&litespeed_type=imgoptm HTTP/1.1" 200 21 "-" "WordPress/6.8; https://spekkshealth.com"
196.251.72.46 - - [17/Apr/2025:01:40:07 -0400] "GET /plugins/content/apismtp/apismtp.php?test=hello HTTP/1.1" 404 88242 "-" "Mozlila/5.0 (Linux; Android 7.0; SM-G892A Bulid/NRD90M; wv) AppleWebKit/537.36 (KHTML, like Gecko) Version/4.0 Chrome/60.0.3112.107 Moblie Safari/537.36"
196.251.72.46 - - [17/Apr/2025:01:40:07 -0400] "GET /zvneppjm.php?Fox=d3wL7 HTTP/1.1" 404 87803 "www.google.com" "Mozilla/5.0 (Linux; Android 7.0; SM-G892A Bulid/NRD90M; wv) AppleWebKit/537.36 (KHTML, like Gecko) Version/4.0 Chrome/60.0.3112.107 Moblie Safari/537.36"
196.251.72.46 - - [17/Apr/2025:01:40:08 -0400] "GET /wp-content/plugins/apikey/apikey.php.suspected?test=hello HTTP/1.1" 404 88242 "-" "Mozlila/5.0 (Linux; Android 7.0; SM-G892A Bulid/NRD90M; wv) AppleWebKit/537.36 (KHTML, like Gecko) Version/4.0 Chrome/60.0.3112.107 Moblie Safari/537.36"
196.251.72.46 - - [17/Apr/2025:01:40:10 -0400] "GET /plugins/content/apismtp/apismtp.php.suspected?test=hello HTTP/1.1" 404 88242 "-" "Mozlila/5.0 (Linux; Android 7.0; SM-G892A Bulid/NRD90M; wv) AppleWebKit/537.36 (KHTML, like Gecko) Version/4.0 Chrome/60.0.3112.107 Moblie Safari/537.36"
43.166.7.113 - - [17/Apr/2025:01:49:27 -0400] "GET / HTTP/1.1" 200 35662 "http://spekkshealth.com" "Mozilla/5.0 (iPhone; CPU iPhone OS 13_2_3 like Mac OS X) AppleWebKit/605.1.15 (KHTML, like Gecko) Version/13.0.3 Mobile/15E148 Safari/604.1"
43.167.239.66 - - [17/Apr/2025:02:03:26 -0400] "GET /contact-us/ HTTP/1.1" 200 25866 "-" "Mozilla/5.0 (iPhone; CPU iPhone OS 13_2_3 like Mac OS X) AppleWebKit/605.1.15 (KHTML, like Gecko) Version/13.0.3 Mobile/15E148 Safari/604.1"
198.54.116.86 - - [17/Apr/2025:02:14:21 -0400] "POST /wp-cron.php?doing_wp_cron=1744870461.0013580322265625000000 HTTP/1.1" 200 0 "-" "WordPress/6.8; https://spekkshealth.com"
49.51.203.164 - - [17/Apr/2025:02:14:19 -0400] "GET /wp-json/wp/v2/pages/11 HTTP/1.1" 200 104447 "-" "Mozilla/5.0 (iPhone; CPU iPhone OS 13_2_3 like Mac OS X) AppleWebKit/605.1.15 (KHTML, like Gecko) Version/13.0.3 Mobile/15E148 Safari/604.1"
198.54.116.86 - - [17/Apr/2025:02:14:21 -0400] "POST /wp-admin/admin-ajax.php?action=async_litespeed&nonce=yqwdR55J0NvJAegei2D7UgM5KoRam5By&litespeed_type=imgoptm HTTP/1.1" 200 21 "-" "WordPress/6.8; https://spekkshealth.com"
198.54.116.86 - - [17/Apr/2025:02:24:49 -0400] "POST /wp-cron.php?doing_wp_cron=1744871089.1534659862518310546875 HTTP/1.1" 200 0 "-" "WordPress/6.8; https://spekkshealth.com"
170.106.180.246 - - [17/Apr/2025:02:24:47 -0400] "GET /wp-json/oembed/1.0/embed?url=https%3A%2F%2Fspekkshealth.com%2F HTTP/1.1" 200 2125 "-" "Mozilla/5.0 (iPhone; CPU iPhone OS 13_2_3 like Mac OS X) AppleWebKit/605.1.15 (KHTML, like Gecko) Version/13.0.3 Mobile/15E148 Safari/604.1"
198.54.116.86 - - [17/Apr/2025:02:24:49 -0400] "POST /wp-admin/admin-ajax.php?action=async_litespeed&nonce=Hpe9uH0Pdukh5OL8yqpQIkpvGBQtocKC&litespeed_type=imgoptm HTTP/1.1" 200 21 "-" "WordPress/6.8; https://spekkshealth.com"
198.54.116.86 - - [17/Apr/2025:02:37:09 -0400] "POST /wp-cron.php?doing_wp_cron=1744871829.9581010341644287109375 HTTP/1.1" 200 0 "-" "WordPress/6.8; https://spekkshealth.com"
49.51.243.95 - - [17/Apr/2025:02:37:08 -0400] "GET /wp-json/oembed/1.0/embed?url=https%3A%2F%2Fspekkshealth.com%2F&format=xml HTTP/1.1" 200 1141 "-" "Mozilla/5.0 (iPhone; CPU iPhone OS 13_2_3 like Mac OS X) AppleWebKit/605.1.15 (KHTML, like Gecko) Version/13.0.3 Mobile/15E148 Safari/604.1"
198.54.116.86 - - [17/Apr/2025:02:37:10 -0400] "POST /wp-admin/admin-ajax.php?action=async_litespeed&nonce=nserpa9t1rB8eI31P0bCP6RUZCqibqu8&litespeed_type=imgoptm HTTP/1.1" 200 21 "-" "WordPress/6.8; https://spekkshealth.com"
198.54.116.86 - - [17/Apr/2025:02:45:30 -0400] "POST /wp-cron.php?doing_wp_cron=1744872330.2189180850982666015625 HTTP/1.1" 200 0 "-" "WordPress/6.8; https://spekkshealth.com"
43.133.187.11 - - [17/Apr/2025:02:45:28 -0400] "GET /wp-json/wp/v2/pages/23 HTTP/1.1" 200 23058 "-" "Mozilla/5.0 (iPhone; CPU iPhone OS 13_2_3 like Mac OS X) AppleWebKit/605.1.15 (KHTML, like Gecko) Version/13.0.3 Mobile/15E148 Safari/604.1"
198.54.116.86 - - [17/Apr/2025:02:45:30 -0400] "POST /wp-admin/admin-ajax.php?action=async_litespeed&nonce=ppty3Jx1AQFdvCy6RkFPUQKDs6FMGRvz&litespeed_type=imgoptm HTTP/1.1" 200 21 "-" "WordPress/6.8; https://spekkshealth.com"
198.54.116.86 - - [17/Apr/2025:02:56:14 -0400] "POST /wp-cron.php?doing_wp_cron=1744872974.9026460647583007812500 HTTP/1.1" 200 0 "-" "WordPress/6.8; https://spekkshealth.com"
101.32.208.70 - - [17/Apr/2025:02:56:12 -0400] "GET /?p=23 HTTP/1.1" 301 0 "-" "Mozilla/5.0 (iPhone; CPU iPhone OS 13_2_3 like Mac OS X) AppleWebKit/605.1.15 (KHTML, like Gecko) Version/13.0.3 Mobile/15E148 Safari/604.1"
198.54.116.86 - - [17/Apr/2025:02:56:15 -0400] "POST /wp-admin/admin-ajax.php?action=async_litespeed&nonce=JC3YSVivSlDlvEJIY3jz93jBsdYXEq2Q&litespeed_type=imgoptm HTTP/1.1" 200 21 "-" "WordPress/6.8; https://spekkshealth.com"
101.32.208.70 - - [17/Apr/2025:02:56:20 -0400] "GET /contact-us/ HTTP/1.1" 200 25866 "https://spekkshealth.com/?p=23" "Mozilla/5.0 (iPhone; CPU iPhone OS 13_2_3 like Mac OS X) AppleWebKit/605.1.15 (KHTML, like Gecko) Version/13.0.3 Mobile/15E148 Safari/604.1"
198.54.116.86 - - [17/Apr/2025:03:04:20 -0400] "POST /wp-cron.php?doing_wp_cron=1744873460.9322619438171386718750 HTTP/1.1" 200 0 "-" "WordPress/6.8; https://spekkshealth.com"
170.106.84.136 - - [17/Apr/2025:03:04:19 -0400] "GET /wp-json/oembed/1.0/embed?url=https%3A%2F%2Fspekkshealth.com%2Fcontact-us%2F HTTP/1.1" 200 2167 "-" "Mozilla/5.0 (iPhone; CPU iPhone OS 13_2_3 like Mac OS X) AppleWebKit/605.1.15 (KHTML, like Gecko) Version/13.0.3 Mobile/15E148 Safari/604.1"
198.54.116.86 - - [17/Apr/2025:03:04:21 -0400] "POST /wp-admin/admin-ajax.php?action=async_litespeed&nonce=qdxAI0pjQ8yzB8eu8CnjAAjz98Pjw1Fy&litespeed_type=imgoptm HTTP/1.1" 200 21 "-" "WordPress/6.8; https://spekkshealth.com"
43.135.182.43 - - [17/Apr/2025:03:13:16 -0400] "GET / HTTP/1.1" 200 35662 "-" "Mozilla/5.0 (iPhone; CPU iPhone OS 13_2_3 like Mac OS X) AppleWebKit/605.1.15 (KHTML, like Gecko) Version/13.0.3 Mobile/15E148 Safari/604.1"
198.98.54.73 - - [17/Apr/2025:03:17:20 -0400] "GET /wp-login.php HTTP/1.1" 200 9107 "-" "Mozilla/5.0 (Macintosh; Intel Mac OS X 10_9_4) AppleWebKit/537.36 (KHTML, like Gecko) Chrome/36.0.1985.143 Safari/537.36"
198.54.116.86 - - [17/Apr/2025:03:17:22 -0400] "POST /wp-cron.php?doing_wp_cron=1744874242.5048029422760009765625 HTTP/1.1" 200 0 "-" "WordPress/6.8; https://spekkshealth.com"
198.98.54.73 - - [17/Apr/2025:03:17:20 -0400] "POST /wp-login.php HTTP/1.1" 200 9611 "-" "Mozilla/5.0 (Macintosh; Intel Mac OS X 10_9_4) AppleWebKit/537.36 (KHTML, like Gecko) Chrome/36.0.1985.143 Safari/537.36"
198.54.116.86 - - [17/Apr/2025:03:17:22 -0400] "POST /wp-admin/admin-ajax.php?action=async_litespeed&nonce=0R2gCvOvLTsjejPIap4iV2jEr61XhcC8&litespeed_type=imgoptm HTTP/1.1" 200 21 "-" "WordPress/6.8; https://spekkshealth.com"
198.98.54.73 - - [17/Apr/2025:03:21:18 -0400] "GET /wp-login.php HTTP/1.1" 200 9107 "-" "Mozilla/5.0 (Windows NT 6.2; WOW64; rv:31.0) Gecko/20100101 Firefox/31.0"
198.54.116.86 - - [17/Apr/2025:03:21:20 -0400] "POST /wp-cron.php?doing_wp_cron=1744874480.6440839767456054687500 HTTP/1.1" 200 0 "-" "WordPress/6.8; https://spekkshealth.com"
198.98.54.73 - - [17/Apr/2025:03:21:18 -0400] "POST /wp-login.php HTTP/1.1" 200 9585 "-" "Mozilla/5.0 (Windows NT 6.2; WOW64; rv:31.0) Gecko/20100101 Firefox/31.0"
198.54.116.86 - - [17/Apr/2025:03:21:20 -0400] "POST /wp-admin/admin-ajax.php?action=async_litespeed&nonce=qoadYIBibT6uwbZb2DlK191Yt76rmITx&litespeed_type=imgoptm HTTP/1.1" 200 21 "-" "WordPress/6.8; https://spekkshealth.com"
198.54.116.86 - - [17/Apr/2025:03:23:10 -0400] "POST /wp-cron.php?doing_wp_cron=1744874590.5194098949432373046875 HTTP/1.1" 200 0 "-" "WordPress/6.8; https://spekkshealth.com"
43.157.153.236 - - [17/Apr/2025:03:23:08 -0400] "GET /embed/ HTTP/1.1" 301 0 "-" "Mozilla/5.0 (iPhone; CPU iPhone OS 13_2_3 like Mac OS X) AppleWebKit/605.1.15 (KHTML, like Gecko) Version/13.0.3 Mobile/15E148 Safari/604.1"
198.54.116.86 - - [17/Apr/2025:03:23:10 -0400] "POST /wp-admin/admin-ajax.php?action=async_litespeed&nonce=kGfyJ5rUjR0YR70wVp2GiFRUCXsgggvA&litespeed_type=imgoptm HTTP/1.1" 200 21 "-" "WordPress/6.8; https://spekkshealth.com"
43.157.153.236 - - [17/Apr/2025:03:23:13 -0400] "GET / HTTP/1.1" 200 35662 "https://spekkshealth.com/embed/" "Mozilla/5.0 (iPhone; CPU iPhone OS 13_2_3 like Mac OS X) AppleWebKit/605.1.15 (KHTML, like Gecko) Version/13.0.3 Mobile/15E148 Safari/604.1"
198.54.116.86 - - [17/Apr/2025:03:33:25 -0400] "POST /wp-cron.php?doing_wp_cron=1744875205.4058640003204345703125 HTTP/1.1" 200 0 "-" "WordPress/6.8; https://spekkshealth.com"
124.156.179.141 - - [17/Apr/2025:03:33:23 -0400] "GET /wp-json/oembed/1.0/embed?url=https%3A%2F%2Fspekkshealth.com%2Fcontact-us%2F&format=xml HTTP/1.1" 200 1151 "-" "Mozilla/5.0 (iPhone; CPU iPhone OS 13_2_3 like Mac OS X) AppleWebKit/605.1.15 (KHTML, like Gecko) Version/13.0.3 Mobile/15E148 Safari/604.1"
198.54.116.86 - - [17/Apr/2025:03:33:25 -0400] "POST /wp-admin/admin-ajax.php?action=async_litespeed&nonce=Rh5RwaelbA5w8yBUCAQMauHQegLClN7H&litespeed_type=imgoptm HTTP/1.1" 200 21 "-" "WordPress/6.8; https://spekkshealth.com"
45.61.188.237 - - [17/Apr/2025:04:05:21 -0400] "GET /wp-login.php HTTP/1.1" 200 9107 "-" "Mozilla/5.0 (iPad; CPU OS 7_1_2 like Mac OS X) AppleWebKit/537.51.2 (KHTML, like Gecko) Version/7.0 Mobile/11D257 Safari/9537.53"
198.54.116.86 - - [17/Apr/2025:04:05:23 -0400] "POST /wp-cron.php?doing_wp_cron=1744877123.7649180889129638671875 HTTP/1.1" 200 0 "-" "WordPress/6.8; https://spekkshealth.com"
45.61.188.237 - - [17/Apr/2025:04:05:21 -0400] "POST /wp-login.php HTTP/1.1" 200 9611 "-" "Mozilla/5.0 (iPad; CPU OS 7_1_2 like Mac OS X) AppleWebKit/537.51.2 (KHTML, like Gecko) Version/7.0 Mobile/11D257 Safari/9537.53"
198.54.116.86 - - [17/Apr/2025:04:05:23 -0400] "POST /wp-admin/admin-ajax.php?action=async_litespeed&nonce=QUuMyEWemStJPe27uFE0I2ECDjd6q12x&litespeed_type=imgoptm HTTP/1.1" 200 21 "-" "WordPress/6.8; https://spekkshealth.com"
138.246.253.24 - - [17/Apr/2025:04:06:53 -0400] "GET /robots.txt HTTP/1.1" 200 117 "-" "Mozilla/5.0 (Windows NT 10.0; Win64; x64) AppleWebKit/537.36 (KHTML, like Gecko) Chrome/103.0.5060.134 Safari/537.36"
45.61.184.136 - - [17/Apr/2025:04:09:54 -0400] "GET /wp-login.php HTTP/1.1" 200 9107 "-" "Mozilla/5.0 (X11; Ubuntu; Linux x86_64; rv:30.0) Gecko/20100101 Firefox/30.0"
198.54.116.86 - - [17/Apr/2025:04:09:56 -0400] "POST /wp-cron.php?doing_wp_cron=1744877396.4731609821319580078125 HTTP/1.1" 200 0 "-" "WordPress/6.8; https://spekkshealth.com"
45.61.184.136 - - [17/Apr/2025:04:09:54 -0400] "POST /wp-login.php HTTP/1.1" 200 9585 "-" "Mozilla/5.0 (X11; Ubuntu; Linux x86_64; rv:30.0) Gecko/20100101 Firefox/30.0"
198.54.116.86 - - [17/Apr/2025:04:09:56 -0400] "POST /wp-admin/admin-ajax.php?action=async_litespeed&nonce=O3jy59NWIkpVw8O3Dch44e9iPBD4zwk2&litespeed_type=imgoptm HTTP/1.1" 200 21 "-" "WordPress/6.8; https://spekkshealth.com"
82.102.19.179 - - [17/Apr/2025:04:21:30 -0400] "GET / HTTP/1.1" 200 29914 "-" "Mozilla/5.0 (Linux; Android 7.1.2; SM-J730GM Build/NRD90M) AppleWebKit/537.36 (KHTML, like Gecko) Chrome/63.0.3239.111 Mobile Safari/537.36"
/home/./servlmvm/./puppiesoftexas.com/../access-logs/spekkshealth.com.servethepeopleinc.org-ssl_log