207.46.13.130 - - [14/Apr/2025:09:11:08 -0400] "GET /detail/v/inusitate6961920.shtml HTTP/1.1" 200 27208 "-" "Mozilla/5.0 AppleWebKit/537.36 (KHTML, like Gecko; compatible; bingbot/2.0; +http://www.bing.com/bingbot.htm) Chrome/116.0.1938.76 Safari/537.36"
66.249.77.40 - - [14/Apr/2025:09:11:11 -0400] "GET /items/toa/cleanly/75220652.shtml HTTP/1.1" 200 27237 "-" "Mozilla/5.0 (Linux; Android 6.0.1; Nexus 5X Build/MMB29P) AppleWebKit/537.36 (KHTML, like Gecko) Chrome/135.0.7049.52 Mobile Safari/537.36 (compatible; GoogleOther)"
66.249.77.40 - - [14/Apr/2025:09:11:18 -0400] "GET /entity/dc/moveless124863312.shtml HTTP/1.1" 200 25552 "-" "Mozilla/5.0 (Linux; Android 6.0.1; Nexus 5X Build/MMB29P) AppleWebKit/537.36 (KHTML, like Gecko) Chrome/135.0.7049.52 Mobile Safari/537.36 (compatible; GoogleOther)"
66.249.77.40 - - [14/Apr/2025:09:11:37 -0400] "GET /entity/axw/achatina47418614.shtml HTTP/1.1" 200 25108 "-" "Mozilla/5.0 (Linux; Android 6.0.1; Nexus 5X Build/MMB29P) AppleWebKit/537.36 (KHTML, like Gecko) Chrome/135.0.7049.52 Mobile Safari/537.36 (compatible; GoogleOther)"
66.249.77.40 - - [14/Apr/2025:09:11:38 -0400] "GET /shopbrand/q/outthrow/67347146.shtml HTTP/1.1" 200 26196 "-" "Mozilla/5.0 (Linux; Android 6.0.1; Nexus 5X Build/MMB29P) AppleWebKit/537.36 (KHTML, like Gecko) Chrome/135.0.7049.52 Mobile Safari/537.36 (compatible; GoogleOther)"
52.167.144.169 - - [14/Apr/2025:09:11:47 -0400] "GET /shopdetail/sinistrously/51405396.shtml HTTP/1.1" 200 27389 "-" "Mozilla/5.0 AppleWebKit/537.36 (KHTML, like Gecko; compatible; bingbot/2.0; +http://www.bing.com/bingbot.htm) Chrome/116.0.1938.76 Safari/537.36"
52.167.144.208 - - [14/Apr/2025:09:11:48 -0400] "GET /special52470374.shtml HTTP/1.1" 200 27187 "-" "Mozilla/5.0 AppleWebKit/537.36 (KHTML, like Gecko; compatible; bingbot/2.0; +http://www.bing.com/bingbot.htm) Chrome/116.0.1938.76 Safari/537.36"
66.249.77.40 - - [14/Apr/2025:09:11:56 -0400] "GET /entity/p/oilsilk115982644.shtml HTTP/1.1" 200 25460 "-" "Mozilla/5.0 (Linux; Android 6.0.1; Nexus 5X Build/MMB29P) AppleWebKit/537.36 (KHTML, like Gecko) Chrome/135.0.7049.52 Mobile Safari/537.36 (compatible; GoogleOther)"
207.46.13.130 - - [14/Apr/2025:09:11:57 -0400] "GET /product/inerringly77580178.shtml HTTP/1.1" 200 29282 "-" "Mozilla/5.0 AppleWebKit/537.36 (KHTML, like Gecko; compatible; bingbot/2.0; +http://www.bing.com/bingbot.htm) Chrome/116.0.1938.76 Safari/537.36"
52.167.144.208 - - [14/Apr/2025:09:12:01 -0400] "GET /item/anathematized69062260.shtml HTTP/1.1" 200 26110 "-" "Mozilla/5.0 AppleWebKit/537.36 (KHTML, like Gecko; compatible; bingbot/2.0; +http://www.bing.com/bingbot.htm) Chrome/116.0.1938.76 Safari/537.36"
66.249.77.41 - - [14/Apr/2025:09:12:06 -0400] "GET /items/i/uniformitarianism/105106034.shtml HTTP/1.1" 200 25686 "-" "Mozilla/5.0 (Linux; Android 6.0.1; Nexus 5X Build/MMB29P) AppleWebKit/537.36 (KHTML, like Gecko) Chrome/135.0.7049.52 Mobile Safari/537.36 (compatible; GoogleOther)"
66.249.77.40 - - [14/Apr/2025:09:12:07 -0400] "GET /entity/q/pachuca/2449634.shtml HTTP/1.1" 200 28436 "-" "Mozilla/5.0 (Linux; Android 6.0.1; Nexus 5X Build/MMB29P) AppleWebKit/537.36 (KHTML, like Gecko) Chrome/135.0.7049.52 Mobile Safari/537.36 (compatible; GoogleOther)"
40.77.167.224 - - [14/Apr/2025:09:12:12 -0400] "GET /goods/78276370.shtml HTTP/1.1" 200 26072 "-" "Mozilla/5.0 AppleWebKit/537.36 (KHTML, like Gecko; compatible; bingbot/2.0; +http://www.bing.com/bingbot.htm) Chrome/116.0.1938.76 Safari/537.36"
66.249.77.41 - - [14/Apr/2025:09:12:15 -0400] "GET /entity/by/festally124889516.shtml HTTP/1.1" 200 25662 "-" "Mozilla/5.0 (Linux; Android 6.0.1; Nexus 5X Build/MMB29P) AppleWebKit/537.36 (KHTML, like Gecko) Chrome/135.0.7049.52 Mobile Safari/537.36 (compatible; GoogleOther)"
40.77.167.224 - - [14/Apr/2025:09:12:20 -0400] "GET /product/4603326.shtml HTTP/1.1" 200 27171 "-" "Mozilla/5.0 AppleWebKit/537.36 (KHTML, like Gecko; compatible; bingbot/2.0; +http://www.bing.com/bingbot.htm) Chrome/116.0.1938.76 Safari/537.36"
18.191.234.43 - - [14/Apr/2025:09:12:23 -0400] "GET /ad917/?path=%2Fhome%2Fservlmvm%2Fpublic_html%2Fad917%2F.%2F..%2Fwp-includes%2Finteractivity-api%2F.%2F..%2F..%2F597e1%2F..%2Fa4389%2F..%2F597e1 HTTP/1.1" 200 1636 "-" "Mozilla/5.0 AppleWebKit/537.36 (KHTML, like Gecko; compatible; ClaudeBot/1.0; +claudebot@anthropic.com)"
18.191.234.43 - - [14/Apr/2025:09:12:26 -0400] "GET /ad917/?path=%2Fhome%2Fservlmvm%2Fpublic_html%2Fad917%2F.%2F..%2Fwp-includes%2Finteractivity-api%2F.%2F..%2F..%2F597e1%2F..%2FXeGxNIJcC%2F.%2F.. HTTP/1.1" 200 2696 "-" "Mozilla/5.0 AppleWebKit/537.36 (KHTML, like Gecko; compatible; ClaudeBot/1.0; +claudebot@anthropic.com)"
18.191.234.43 - - [14/Apr/2025:09:12:29 -0400] "GET /ad917/?path=%2Fhome%2Fservlmvm%2Fpublic_html%2Fad917%2F.%2F..%2Fwp-includes%2Finteractivity-api%2F.%2F..%2F.%2Fassets%2F..%2FPHPMailer%2F.%2F.. HTTP/1.1" 200 8964 "-" "Mozilla/5.0 AppleWebKit/537.36 (KHTML, like Gecko; compatible; ClaudeBot/1.0; +claudebot@anthropic.com)"
207.46.13.130 - - [14/Apr/2025:09:12:29 -0400] "GET /detail67466024.shtml HTTP/1.1" 200 27393 "-" "Mozilla/5.0 AppleWebKit/537.36 (KHTML, like Gecko; compatible; bingbot/2.0; +http://www.bing.com/bingbot.htm) Chrome/116.0.1938.76 Safari/537.36"
18.191.234.43 - - [14/Apr/2025:09:12:32 -0400] "GET /ad917/?path=%2Fhome%2Fservlmvm%2Fpublic_html%2Fad917%2F.%2F..%2Fwp-includes%2Finteractivity-api%2F.%2F..%2F.%2Fassets%2F..%2Ffonts%2F..%2Ffonts HTTP/1.1" 200 1911 "-" "Mozilla/5.0 AppleWebKit/537.36 (KHTML, like Gecko; compatible; ClaudeBot/1.0; +claudebot@anthropic.com)"
66.249.77.40 - - [14/Apr/2025:09:12:33 -0400] "GET /info/ywg/daglock/103117098.shtml HTTP/1.1" 200 28533 "-" "Mozilla/5.0 (Linux; Android 6.0.1; Nexus 5X Build/MMB29P) AppleWebKit/537.36 (KHTML, like Gecko) Chrome/135.0.7049.52 Mobile Safari/537.36 (compatible; GoogleOther)"
40.77.167.224 - - [14/Apr/2025:09:12:33 -0400] "GET /product70524804.shtml HTTP/1.1" 200 28034 "-" "Mozilla/5.0 AppleWebKit/537.36 (KHTML, like Gecko; compatible; bingbot/2.0; +http://www.bing.com/bingbot.htm) Chrome/116.0.1938.76 Safari/537.36"
18.191.234.43 - - [14/Apr/2025:09:12:35 -0400] "GET /ad917/?path=%2Fhome%2Fservlmvm%2Fpublic_html%2Fad917%2F.%2F..%2Fwp-includes%2Finteractivity-api%2F.%2F..%2F..%2F597e1%2F..%2F5275b%2F..%2Fad917 HTTP/1.1" 200 1704 "-" "Mozilla/5.0 AppleWebKit/537.36 (KHTML, like Gecko; compatible; ClaudeBot/1.0; +claudebot@anthropic.com)"
66.249.77.40 - - [14/Apr/2025:09:12:35 -0400] "GET /goodscode/t/dispense47419344.shtml HTTP/1.1" 200 27557 "-" "Mozilla/5.0 (Linux; Android 6.0.1; Nexus 5X Build/MMB29P) AppleWebKit/537.36 (KHTML, like Gecko) Chrome/135.0.7049.52 Mobile Safari/537.36 (compatible; GoogleOther)"
18.191.234.43 - - [14/Apr/2025:09:12:38 -0400] "GET /ad917/?path=%2Fhome%2Fservlmvm%2Fpublic_html%2Fad917%2F.%2F..%2Fwp-includes%2Finteractivity-api%2F.%2F..%2F..%2F597e1%2F..%2F5275b%2F..%2Fa4389 HTTP/1.1" 200 1641 "-" "Mozilla/5.0 AppleWebKit/537.36 (KHTML, like Gecko; compatible; ClaudeBot/1.0; +claudebot@anthropic.com)"
52.167.144.169 - - [14/Apr/2025:09:12:40 -0400] "GET /product552426.shtml HTTP/1.1" 200 25766 "-" "Mozilla/5.0 AppleWebKit/537.36 (KHTML, like Gecko; compatible; bingbot/2.0; +http://www.bing.com/bingbot.htm) Chrome/116.0.1938.76 Safari/537.36"
18.191.234.43 - - [14/Apr/2025:09:12:41 -0400] "GET /ad917/?path=%2Fhome%2Fservlmvm%2Fpublic_html%2Fad917%2F.%2F..%2Fwp-includes%2Finteractivity-api%2F.%2F..%2F..%2F597e1%2F..%2F5275b%2F..%2F597e1 HTTP/1.1" 200 1632 "-" "Mozilla/5.0 AppleWebKit/537.36 (KHTML, like Gecko; compatible; ClaudeBot/1.0; +claudebot@anthropic.com)"
66.249.77.40 - - [14/Apr/2025:09:12:54 -0400] "GET /special/lqa/parse/43697472.shtml HTTP/1.1" 200 26138 "-" "Mozilla/5.0 (Linux; Android 6.0.1; Nexus 5X Build/MMB29P) AppleWebKit/537.36 (KHTML, like Gecko) Chrome/135.0.7049.52 Mobile Safari/537.36 (compatible; GoogleOther)"
66.249.77.42 - - [14/Apr/2025:09:13:00 -0400] "GET /goodscode/t/discost/16291964.shtml HTTP/1.1" 200 26295 "-" "Mozilla/5.0 (Linux; Android 6.0.1; Nexus 5X Build/MMB29P) AppleWebKit/537.36 (KHTML, like Gecko) Chrome/135.0.7049.52 Mobile Safari/537.36 (compatible; GoogleOther)"
40.77.167.224 - - [14/Apr/2025:09:13:00 -0400] "GET /goods/91348384.shtml HTTP/1.1" 200 25001 "-" "Mozilla/5.0 AppleWebKit/537.36 (KHTML, like Gecko; compatible; bingbot/2.0; +http://www.bing.com/bingbot.htm) Chrome/116.0.1938.76 Safari/537.36"
40.77.167.224 - - [14/Apr/2025:09:13:09 -0400] "GET /info67082584.shtml HTTP/1.1" 200 26067 "-" "Mozilla/5.0 AppleWebKit/537.36 (KHTML, like Gecko; compatible; bingbot/2.0; +http://www.bing.com/bingbot.htm) Chrome/116.0.1938.76 Safari/537.36"
66.249.77.40 - - [14/Apr/2025:09:13:13 -0400] "GET /entity/nonpartisanship61094822.shtml HTTP/1.1" 200 27126 "-" "Mozilla/5.0 (Linux; Android 6.0.1; Nexus 5X Build/MMB29P) AppleWebKit/537.36 (KHTML, like Gecko) Chrome/135.0.7049.52 Mobile Safari/537.36 (compatible; GoogleOther)"
52.167.144.208 - - [14/Apr/2025:09:13:17 -0400] "GET /item42379612.shtml HTTP/1.1" 200 25680 "-" "Mozilla/5.0 AppleWebKit/537.36 (KHTML, like Gecko; compatible; bingbot/2.0; +http://www.bing.com/bingbot.htm) Chrome/116.0.1938.76 Safari/537.36"
66.249.77.40 - - [14/Apr/2025:09:13:27 -0400] "GET /goodscode/n/homaloid/105078956.shtml HTTP/1.1" 200 27093 "-" "Mozilla/5.0 (Linux; Android 6.0.1; Nexus 5X Build/MMB29P) AppleWebKit/537.36 (KHTML, like Gecko) Chrome/135.0.7049.52 Mobile Safari/537.36 (compatible; GoogleOther)"
52.167.144.166 - - [14/Apr/2025:09:13:29 -0400] "GET /shopdetail/c/washbowl46571322.shtml HTTP/1.1" 200 29587 "-" "Mozilla/5.0 AppleWebKit/537.36 (KHTML, like Gecko; compatible; bingbot/2.0; +http://www.bing.com/bingbot.htm) Chrome/116.0.1938.76 Safari/537.36"
52.167.144.169 - - [14/Apr/2025:09:13:37 -0400] "GET /info99611296.shtml HTTP/1.1" 200 26228 "-" "Mozilla/5.0 AppleWebKit/537.36 (KHTML, like Gecko; compatible; bingbot/2.0; +http://www.bing.com/bingbot.htm) Chrome/116.0.1938.76 Safari/537.36"
66.249.77.40 - - [14/Apr/2025:09:13:40 -0400] "GET /detail4392406.shtml HTTP/1.1" 200 28146 "-" "Mozilla/5.0 (Linux; Android 6.0.1; Nexus 5X Build/MMB29P) AppleWebKit/537.36 (KHTML, like Gecko) Chrome/135.0.7049.52 Mobile Safari/537.36 (compatible; GoogleOther)"
66.249.77.40 - - [14/Apr/2025:09:13:45 -0400] "GET /item/consanguined/108775780.shtml HTTP/1.1" 200 27671 "-" "Mozilla/5.0 (Linux; Android 6.0.1; Nexus 5X Build/MMB29P) AppleWebKit/537.36 (KHTML, like Gecko) Chrome/135.0.7049.52 Mobile Safari/537.36 (compatible; GoogleOther)"
52.167.144.208 - - [14/Apr/2025:09:13:49 -0400] "GET /product/festinate71130070.shtml HTTP/1.1" 200 27098 "-" "Mozilla/5.0 AppleWebKit/537.36 (KHTML, like Gecko; compatible; bingbot/2.0; +http://www.bing.com/bingbot.htm) Chrome/116.0.1938.76 Safari/537.36"
198.54.116.86 - - [14/Apr/2025:09:13:52 -0400] "POST /wp-cron.php?doing_wp_cron=1744636432.2680239677429199218750 HTTP/1.1" 200 0 "-" "WordPress/6.7.2; https://servethepeopleinc.org"
104.244.75.153 - - [14/Apr/2025:09:13:52 -0400] "GET /wp-login.php HTTP/1.1" 200 6169 "-" "Mozilla/5.0 (Macintosh; Intel Mac OS X 10.9; rv:30.0) Gecko/20100101 Firefox/30.0"
198.54.116.86 - - [14/Apr/2025:09:13:52 -0400] "POST /wp-admin/admin-ajax.php?action=async_litespeed&nonce=kLc1A40BqGp6b9I0XfosVz8ZWh4j1xso&litespeed_type=imgoptm HTTP/1.1" 200 21 "-" "WordPress/6.7.2; https://servethepeopleinc.org"
66.249.77.40 - - [14/Apr/2025:09:13:53 -0400] "GET /entity/nursepond117178840.shtml HTTP/1.1" 200 29111 "-" "Mozilla/5.0 (Linux; Android 6.0.1; Nexus 5X Build/MMB29P) AppleWebKit/537.36 (KHTML, like Gecko) Chrome/135.0.7049.52 Mobile Safari/537.36 (compatible; GoogleOther)"
40.77.167.47 - - [14/Apr/2025:09:13:53 -0400] "GET /shopbrand/b/marattiales59789920.shtml HTTP/1.1" 200 27652 "-" "Mozilla/5.0 AppleWebKit/537.36 (KHTML, like Gecko; compatible; bingbot/2.0; +http://www.bing.com/bingbot.htm) Chrome/116.0.1938.76 Safari/537.36"
66.249.77.40 - - [14/Apr/2025:09:13:54 -0400] "GET /detail/invertible/105081732.shtml HTTP/1.1" 200 26743 "-" "Mozilla/5.0 (Linux; Android 6.0.1; Nexus 5X Build/MMB29P) AppleWebKit/537.36 (KHTML, like Gecko) Chrome/135.0.7049.52 Mobile Safari/537.36 (compatible; GoogleOther)"
104.244.75.153 - - [14/Apr/2025:09:13:56 -0400] "POST /wp-login.php HTTP/1.1" 200 6688 "-" "Mozilla/5.0 (Macintosh; Intel Mac OS X 10.9; rv:30.0) Gecko/20100101 Firefox/30.0"
207.46.13.130 - - [14/Apr/2025:09:13:58 -0400] "GET /entity/artiste5353888.shtml HTTP/1.1" 200 28125 "-" "Mozilla/5.0 AppleWebKit/537.36 (KHTML, like Gecko; compatible; bingbot/2.0; +http://www.bing.com/bingbot.htm) Chrome/116.0.1938.76 Safari/537.36"
52.167.144.166 - - [14/Apr/2025:09:13:58 -0400] "GET /detail/85300870.shtml HTTP/1.1" 200 29497 "-" "Mozilla/5.0 AppleWebKit/537.36 (KHTML, like Gecko; compatible; bingbot/2.0; +http://www.bing.com/bingbot.htm) Chrome/116.0.1938.76 Safari/537.36"
52.167.144.208 - - [14/Apr/2025:09:14:03 -0400] "GET /entity/72899652.shtml HTTP/1.1" 200 25201 "-" "Mozilla/5.0 AppleWebKit/537.36 (KHTML, like Gecko; compatible; bingbot/2.0; +http://www.bing.com/bingbot.htm) Chrome/116.0.1938.76 Safari/537.36"
40.77.167.47 - - [14/Apr/2025:09:14:10 -0400] "GET /shopping/10378410.shtml HTTP/1.1" 200 27451 "-" "Mozilla/5.0 AppleWebKit/537.36 (KHTML, like Gecko; compatible; bingbot/2.0; +http://www.bing.com/bingbot.htm) Chrome/116.0.1938.76 Safari/537.36"
66.249.77.42 - - [14/Apr/2025:09:14:11 -0400] "GET /entity/bozah43700290.shtml HTTP/1.1" 200 26315 "-" "Mozilla/5.0 (Linux; Android 6.0.1; Nexus 5X Build/MMB29P) AppleWebKit/537.36 (KHTML, like Gecko) Chrome/135.0.7049.52 Mobile Safari/537.36 (compatible; GoogleOther)"
66.249.77.40 - - [14/Apr/2025:09:14:21 -0400] "GET /info/hwo/pyroscope/95809728.shtml HTTP/1.1" 200 27947 "-" "Mozilla/5.0 (Linux; Android 6.0.1; Nexus 5X Build/MMB29P) AppleWebKit/537.36 (KHTML, like Gecko) Chrome/135.0.7049.52 Mobile Safari/537.36 (compatible; GoogleOther)"
52.167.144.208 - - [14/Apr/2025:09:14:27 -0400] "GET /special/v/overruler46074148.shtml HTTP/1.1" 200 28839 "-" "Mozilla/5.0 AppleWebKit/537.36 (KHTML, like Gecko; compatible; bingbot/2.0; +http://www.bing.com/bingbot.htm) Chrome/116.0.1938.76 Safari/537.36"
66.249.77.40 - - [14/Apr/2025:09:14:30 -0400] "GET /entity/o/inspissated/27304562.shtml HTTP/1.1" 200 30076 "-" "Mozilla/5.0 (Linux; Android 6.0.1; Nexus 5X Build/MMB29P) AppleWebKit/537.36 (KHTML, like Gecko) Chrome/135.0.7049.52 Mobile Safari/537.36 (compatible; GoogleOther)"
40.77.167.47 - - [14/Apr/2025:09:14:32 -0400] "GET /item/enm/identifiable72568586.shtml HTTP/1.1" 200 25286 "-" "Mozilla/5.0 AppleWebKit/537.36 (KHTML, like Gecko; compatible; bingbot/2.0; +http://www.bing.com/bingbot.htm) Chrome/116.0.1938.76 Safari/537.36"
52.167.144.169 - - [14/Apr/2025:09:14:33 -0400] "GET /detail/antiperistaltic/23005898.shtml HTTP/1.1" 200 27972 "-" "Mozilla/5.0 AppleWebKit/537.36 (KHTML, like Gecko; compatible; bingbot/2.0; +http://www.bing.com/bingbot.htm) Chrome/116.0.1938.76 Safari/537.36"
207.46.13.130 - - [14/Apr/2025:09:14:39 -0400] "GET /shopbrand/rewardable/101370722.shtml HTTP/1.1" 200 28796 "-" "Mozilla/5.0 AppleWebKit/537.36 (KHTML, like Gecko; compatible; bingbot/2.0; +http://www.bing.com/bingbot.htm) Chrome/116.0.1938.76 Safari/537.36"
52.167.144.169 - - [14/Apr/2025:09:14:41 -0400] "GET /goodscode/68377222.shtml HTTP/1.1" 200 27969 "-" "Mozilla/5.0 AppleWebKit/537.36 (KHTML, like Gecko; compatible; bingbot/2.0; +http://www.bing.com/bingbot.htm) Chrome/116.0.1938.76 Safari/537.36"
66.249.77.40 - - [14/Apr/2025:09:14:49 -0400] "GET /info/pwc/erecter/58907032.shtml HTTP/1.1" 200 27112 "-" "Mozilla/5.0 (Linux; Android 6.0.1; Nexus 5X Build/MMB29P) AppleWebKit/537.36 (KHTML, like Gecko) Chrome/135.0.7049.52 Mobile Safari/537.36 (compatible; GoogleOther)"
66.249.77.40 - - [14/Apr/2025:09:14:49 -0400] "GET /entity/a/cornucopia/108780278.shtml HTTP/1.1" 200 26861 "-" "Mozilla/5.0 (Linux; Android 6.0.1; Nexus 5X Build/MMB29P) AppleWebKit/537.36 (KHTML, like Gecko) Chrome/135.0.7049.52 Mobile Safari/537.36 (compatible; GoogleOther)"
207.46.13.130 - - [14/Apr/2025:09:14:57 -0400] "GET /products/catalogs/106496738.shtml HTTP/1.1" 200 26051 "-" "Mozilla/5.0 AppleWebKit/537.36 (KHTML, like Gecko; compatible; bingbot/2.0; +http://www.bing.com/bingbot.htm) Chrome/116.0.1938.76 Safari/537.36"
3.137.188.121 - - [14/Apr/2025:09:14:58 -0400] "GET /ad917/?path=%2Fhome%2Fservlmvm%2Fpublic_html%2Fad917%2F.%2F..%2Fwp-includes%2Finteractivity-api%2F.%2F..%2F.%2Fassets%2F..%2FRequests%2F..%2F.. HTTP/1.1" 200 2595 "-" "Mozilla/5.0 AppleWebKit/537.36 (KHTML, like Gecko; compatible; ClaudeBot/1.0; +claudebot@anthropic.com)"
3.137.188.121 - - [14/Apr/2025:09:15:00 -0400] "GET /ad917/?path=%2Fhome%2Fservlmvm%2Fpublic_html%2Fad917%2F.%2F..%2Fwp-includes%2Finteractivity-api%2F.%2F..%2F.%2Fassets%2F..%2FRequests%2F..%2Fjs HTTP/1.1" 200 4541 "-" "Mozilla/5.0 AppleWebKit/537.36 (KHTML, like Gecko; compatible; ClaudeBot/1.0; +claudebot@anthropic.com)"
52.167.144.208 - - [14/Apr/2025:09:15:01 -0400] "GET /shopping54117504.shtml HTTP/1.1" 200 28778 "-" "Mozilla/5.0 AppleWebKit/537.36 (KHTML, like Gecko; compatible; bingbot/2.0; +http://www.bing.com/bingbot.htm) Chrome/116.0.1938.76 Safari/537.36"
3.137.188.121 - - [14/Apr/2025:09:15:03 -0400] "GET /ad917/?path=%2Fhome%2Fservlmvm%2Fpublic_html%2Fad917%2F.%2F..%2Fwp-includes%2Finteractivity-api%2F.%2F..%2F..%2F597e1%2F..%2Fwp-admin%2Fjs%2F.. HTTP/1.1" 200 4267 "-" "Mozilla/5.0 AppleWebKit/537.36 (KHTML, like Gecko; compatible; ClaudeBot/1.0; +claudebot@anthropic.com)"
3.137.188.121 - - [14/Apr/2025:09:15:06 -0400] "GET /ad917/?path=%2Fhome%2Fservlmvm%2Fpublic_html%2Fad917%2F.%2F..%2Fwp-includes%2Finteractivity-api%2F.%2F..%2F..%2F597e1%2F..%2Fa4389%2Fa4389%2F.. HTTP/1.1" 200 1640 "-" "Mozilla/5.0 AppleWebKit/537.36 (KHTML, like Gecko; compatible; ClaudeBot/1.0; +claudebot@anthropic.com)"
66.249.77.40 - - [14/Apr/2025:09:15:07 -0400] "GET /sitemap-hot-2909792.xml HTTP/1.1" 200 10099 "-" "Mozilla/5.0 (compatible; Googlebot/2.1; +http://www.google.com/bot.html)"
207.46.13.130 - - [14/Apr/2025:09:15:07 -0400] "GET /item2268584.shtml HTTP/1.1" 200 27787 "-" "Mozilla/5.0 AppleWebKit/537.36 (KHTML, like Gecko; compatible; bingbot/2.0; +http://www.bing.com/bingbot.htm) Chrome/116.0.1938.76 Safari/537.36"
207.46.13.18 - - [14/Apr/2025:09:15:08 -0400] "GET /shopdetail85250168.shtml HTTP/1.1" 200 28841 "-" "Mozilla/5.0 AppleWebKit/537.36 (KHTML, like Gecko; compatible; bingbot/2.0; +http://www.bing.com/bingbot.htm) Chrome/116.0.1938.76 Safari/537.36"
66.249.77.40 - - [14/Apr/2025:09:15:09 -0400] "GET /entity/hauberque15508630.shtml HTTP/1.1" 200 27605 "-" "Mozilla/5.0 (Linux; Android 6.0.1; Nexus 5X Build/MMB29P) AppleWebKit/537.36 (KHTML, like Gecko) Chrome/135.0.7049.52 Mobile Safari/537.36 (compatible; GoogleOther)"
3.137.188.121 - - [14/Apr/2025:09:15:09 -0400] "GET /ad917/?path=%2Fhome%2Fservlmvm%2Fpublic_html%2Fad917%2F.%2F..%2Fwp-includes%2Finteractivity-api%2F.%2F..%2F..%2F597e1%2F..%2F5275b%2F5275b%2F.. HTTP/1.1" 200 1636 "-" "Mozilla/5.0 AppleWebKit/537.36 (KHTML, like Gecko; compatible; ClaudeBot/1.0; +claudebot@anthropic.com)"
207.46.13.130 - - [14/Apr/2025:09:15:11 -0400] "GET /shopping/a/bayardly5187698.shtml HTTP/1.1" 200 27381 "-" "Mozilla/5.0 AppleWebKit/537.36 (KHTML, like Gecko; compatible; bingbot/2.0; +http://www.bing.com/bingbot.htm) Chrome/116.0.1938.76 Safari/537.36"
3.137.188.121 - - [14/Apr/2025:09:15:12 -0400] "GET /ad917/?path=%2Fhome%2Fservlmvm%2Fpublic_html%2Fad917%2F.%2F..%2Fwp-includes%2Finteractivity-api%2F.%2F..%2F..%2F597e1%2F..%2Fa4389%2F..%2Fa4389 HTTP/1.1" 200 1635 "-" "Mozilla/5.0 AppleWebKit/537.36 (KHTML, like Gecko; compatible; ClaudeBot/1.0; +claudebot@anthropic.com)"
3.137.188.121 - - [14/Apr/2025:09:15:15 -0400] "GET /ad917/?path=%2Fhome%2Fservlmvm%2Fpublic_html%2Fad917%2F.%2F..%2Fwp-includes%2Finteractivity-api%2F.%2F..%2F..%2F597e1%2F..%2Fa4389%2F..%2Fad917 HTTP/1.1" 200 1703 "-" "Mozilla/5.0 AppleWebKit/537.36 (KHTML, like Gecko; compatible; ClaudeBot/1.0; +claudebot@anthropic.com)"
66.249.77.40 - - [14/Apr/2025:09:15:17 -0400] "GET /items/ioi/bartramian/103105426.shtml HTTP/1.1" 200 28723 "-" "Mozilla/5.0 (Linux; Android 6.0.1; Nexus 5X Build/MMB29P) AppleWebKit/537.36 (KHTML, like Gecko) Chrome/135.0.7049.52 Mobile Safari/537.36 (compatible; GoogleOther)"
52.167.144.169 - - [14/Apr/2025:09:15:18 -0400] "GET /shopping76099968.shtml HTTP/1.1" 200 25352 "-" "Mozilla/5.0 AppleWebKit/537.36 (KHTML, like Gecko; compatible; bingbot/2.0; +http://www.bing.com/bingbot.htm) Chrome/116.0.1938.76 Safari/537.36"
52.167.144.208 - - [14/Apr/2025:09:15:18 -0400] "GET /special64772732.shtml HTTP/1.1" 200 32063 "-" "Mozilla/5.0 AppleWebKit/537.36 (KHTML, like Gecko; compatible; bingbot/2.0; +http://www.bing.com/bingbot.htm) Chrome/116.0.1938.76 Safari/537.36"
40.77.167.47 - - [14/Apr/2025:09:15:22 -0400] "GET /goodscode/31222548.shtml HTTP/1.1" 200 27704 "-" "Mozilla/5.0 AppleWebKit/537.36 (KHTML, like Gecko; compatible; bingbot/2.0; +http://www.bing.com/bingbot.htm) Chrome/116.0.1938.76 Safari/537.36"
66.249.77.40 - - [14/Apr/2025:09:15:23 -0400] "GET /special/4392926.shtml HTTP/1.1" 200 25933 "-" "Mozilla/5.0 (Linux; Android 6.0.1; Nexus 5X Build/MMB29P) AppleWebKit/537.36 (KHTML, like Gecko) Chrome/135.0.7049.52 Mobile Safari/537.36 (compatible; GoogleOther)"
52.167.144.166 - - [14/Apr/2025:09:15:26 -0400] "GET /info13095814.shtml HTTP/1.1" 200 26035 "-" "Mozilla/5.0 AppleWebKit/537.36 (KHTML, like Gecko; compatible; bingbot/2.0; +http://www.bing.com/bingbot.htm) Chrome/116.0.1938.76 Safari/537.36"
66.249.77.40 - - [14/Apr/2025:09:15:28 -0400] "GET /entity/uniovulate37432878.shtml HTTP/1.1" 200 26656 "-" "Mozilla/5.0 (Linux; Android 6.0.1; Nexus 5X Build/MMB29P) AppleWebKit/537.36 (KHTML, like Gecko) Chrome/135.0.7049.52 Mobile Safari/537.36 (compatible; GoogleOther)"
52.167.144.208 - - [14/Apr/2025:09:15:28 -0400] "GET /shopbrand/l/stratiotes33890300.shtml HTTP/1.1" 200 26235 "-" "Mozilla/5.0 AppleWebKit/537.36 (KHTML, like Gecko; compatible; bingbot/2.0; +http://www.bing.com/bingbot.htm) Chrome/116.0.1938.76 Safari/537.36"
40.77.167.47 - - [14/Apr/2025:09:15:41 -0400] "GET /detail/30373052.shtml HTTP/1.1" 200 26501 "-" "Mozilla/5.0 AppleWebKit/537.36 (KHTML, like Gecko; compatible; bingbot/2.0; +http://www.bing.com/bingbot.htm) Chrome/116.0.1938.76 Safari/537.36"
66.249.77.40 - - [14/Apr/2025:09:15:43 -0400] "GET /items/j/irregularities/16312212.shtml HTTP/1.1" 200 26674 "-" "Mozilla/5.0 (Linux; Android 6.0.1; Nexus 5X Build/MMB29P) AppleWebKit/537.36 (KHTML, like Gecko) Chrome/135.0.7049.52 Mobile Safari/537.36 (compatible; GoogleOther)"
40.77.167.47 - - [14/Apr/2025:09:15:45 -0400] "GET /info/countercourant101229340.shtml HTTP/1.1" 200 30017 "-" "Mozilla/5.0 AppleWebKit/537.36 (KHTML, like Gecko; compatible; bingbot/2.0; +http://www.bing.com/bingbot.htm) Chrome/116.0.1938.76 Safari/537.36"
66.249.77.40 - - [14/Apr/2025:09:15:47 -0400] "GET /entity/drachmae106222300.shtml HTTP/1.1" 200 27216 "-" "Mozilla/5.0 (Linux; Android 6.0.1; Nexus 5X Build/MMB29P) AppleWebKit/537.36 (KHTML, like Gecko) Chrome/135.0.7049.52 Mobile Safari/537.36 (compatible; GoogleOther)"
40.77.167.47 - - [14/Apr/2025:09:15:49 -0400] "GET /special/hatchboat/4846106.shtml HTTP/1.1" 200 26697 "-" "Mozilla/5.0 AppleWebKit/537.36 (KHTML, like Gecko; compatible; bingbot/2.0; +http://www.bing.com/bingbot.htm) Chrome/116.0.1938.76 Safari/537.36"
207.46.13.155 - - [14/Apr/2025:09:15:52 -0400] "GET /goods52306926.shtml HTTP/1.1" 200 25307 "-" "Mozilla/5.0 AppleWebKit/537.36 (KHTML, like Gecko; compatible; bingbot/2.0; +http://www.bing.com/bingbot.htm) Chrome/116.0.1938.76 Safari/537.36"
52.167.144.208 - - [14/Apr/2025:09:15:58 -0400] "GET /shopdetail/deerstalking/60127532.shtml HTTP/1.1" 200 27908 "-" "Mozilla/5.0 AppleWebKit/537.36 (KHTML, like Gecko; compatible; bingbot/2.0; +http://www.bing.com/bingbot.htm) Chrome/116.0.1938.76 Safari/537.36"
52.167.144.208 - - [14/Apr/2025:09:16:03 -0400] "GET /detail/dominical13797382.shtml HTTP/1.1" 200 28087 "-" "Mozilla/5.0 AppleWebKit/537.36 (KHTML, like Gecko; compatible; bingbot/2.0; +http://www.bing.com/bingbot.htm) Chrome/116.0.1938.76 Safari/537.36"
66.249.77.42 - - [14/Apr/2025:09:16:06 -0400] "GET /entity/ornithopodioides25362754.shtml HTTP/1.1" 200 26797 "-" "Mozilla/5.0 (Linux; Android 6.0.1; Nexus 5X Build/MMB29P) AppleWebKit/537.36 (KHTML, like Gecko) Chrome/135.0.7049.52 Mobile Safari/537.36 (compatible; GoogleOther)"
207.46.13.155 - - [14/Apr/2025:09:16:09 -0400] "GET /products122390100.shtml HTTP/1.1" 200 26000 "-" "Mozilla/5.0 AppleWebKit/537.36 (KHTML, like Gecko; compatible; bingbot/2.0; +http://www.bing.com/bingbot.htm) Chrome/116.0.1938.76 Safari/537.36"
66.249.77.40 - - [14/Apr/2025:09:16:10 -0400] "GET /items/unconstraint/106229974.shtml HTTP/1.1" 200 26578 "-" "Mozilla/5.0 (Linux; Android 6.0.1; Nexus 5X Build/MMB29P) AppleWebKit/537.36 (KHTML, like Gecko) Chrome/135.0.7049.52 Mobile Safari/537.36 (compatible; GoogleOther)"
207.46.13.155 - - [14/Apr/2025:09:16:13 -0400] "GET /detail/f/megalomania/62088764.shtml HTTP/1.1" 200 27886 "-" "Mozilla/5.0 AppleWebKit/537.36 (KHTML, like Gecko; compatible; bingbot/2.0; +http://www.bing.com/bingbot.htm) Chrome/116.0.1938.76 Safari/537.36"
207.46.13.155 - - [14/Apr/2025:09:16:20 -0400] "GET /shopping/regeneration/109302270.shtml HTTP/1.1" 200 26780 "-" "Mozilla/5.0 AppleWebKit/537.36 (KHTML, like Gecko; compatible; bingbot/2.0; +http://www.bing.com/bingbot.htm) Chrome/116.0.1938.76 Safari/537.36"
40.77.167.47 - - [14/Apr/2025:09:16:25 -0400] "GET /info75713294.shtml HTTP/1.1" 200 27411 "-" "Mozilla/5.0 AppleWebKit/537.36 (KHTML, like Gecko; compatible; bingbot/2.0; +http://www.bing.com/bingbot.htm) Chrome/116.0.1938.76 Safari/537.36"
66.249.77.40 - - [14/Apr/2025:09:16:26 -0400] "GET /detail/perseus103103364.shtml HTTP/1.1" 200 27711 "-" "Mozilla/5.0 (Linux; Android 6.0.1; Nexus 5X Build/MMB29P) AppleWebKit/537.36 (KHTML, like Gecko) Chrome/135.0.7049.52 Mobile Safari/537.36 (compatible; GoogleOther)"
207.46.13.155 - - [14/Apr/2025:09:16:31 -0400] "GET /items/mou/handover/64442242.shtml HTTP/1.1" 200 25413 "-" "Mozilla/5.0 AppleWebKit/537.36 (KHTML, like Gecko; compatible; bingbot/2.0; +http://www.bing.com/bingbot.htm) Chrome/116.0.1938.76 Safari/537.36"
207.46.13.155 - - [14/Apr/2025:09:16:34 -0400] "GET /items/olden100792204.shtml HTTP/1.1" 200 27458 "-" "Mozilla/5.0 AppleWebKit/537.36 (KHTML, like Gecko; compatible; bingbot/2.0; +http://www.bing.com/bingbot.htm) Chrome/116.0.1938.76 Safari/537.36"
157.55.39.14 - - [14/Apr/2025:09:16:35 -0400] "GET /products/rhe/distracting53300836.shtml HTTP/1.1" 200 27241 "-" "Mozilla/5.0 AppleWebKit/537.36 (KHTML, like Gecko; compatible; bingbot/2.0; +http://www.bing.com/bingbot.htm) Chrome/116.0.1938.76 Safari/537.36"
40.77.167.47 - - [14/Apr/2025:09:16:36 -0400] "GET /product/diligently83896978.shtml HTTP/1.1" 200 27408 "-" "Mozilla/5.0 AppleWebKit/537.36 (KHTML, like Gecko; compatible; bingbot/2.0; +http://www.bing.com/bingbot.htm) Chrome/116.0.1938.76 Safari/537.36"
66.249.77.40 - - [14/Apr/2025:09:16:38 -0400] "GET /items/t/leucophlegmatic/115968632.shtml HTTP/1.1" 200 27010 "-" "Mozilla/5.0 (Linux; Android 6.0.1; Nexus 5X Build/MMB29P) AppleWebKit/537.36 (KHTML, like Gecko) Chrome/135.0.7049.52 Mobile Safari/537.36 (compatible; GoogleOther)"
52.167.144.166 - - [14/Apr/2025:09:16:39 -0400] "GET /special/mulloid/51330904.shtml HTTP/1.1" 200 24968 "-" "Mozilla/5.0 AppleWebKit/537.36 (KHTML, like Gecko; compatible; bingbot/2.0; +http://www.bing.com/bingbot.htm) Chrome/116.0.1938.76 Safari/537.36"
66.249.77.40 - - [14/Apr/2025:09:16:45 -0400] "GET /goodscode/121398628.shtml HTTP/1.1" 200 25464 "-" "Mozilla/5.0 (Linux; Android 6.0.1; Nexus 5X Build/MMB29P) AppleWebKit/537.36 (KHTML, like Gecko) Chrome/135.0.7049.52 Mobile Safari/537.36 (compatible; GoogleOther)"
52.167.144.169 - - [14/Apr/2025:09:16:48 -0400] "GET /items13009180.shtml HTTP/1.1" 200 26870 "-" "Mozilla/5.0 AppleWebKit/537.36 (KHTML, like Gecko; compatible; bingbot/2.0; +http://www.bing.com/bingbot.htm) Chrome/116.0.1938.76 Safari/537.36"
52.167.144.208 - - [14/Apr/2025:09:16:48 -0400] "GET /product66551704.shtml HTTP/1.1" 200 26043 "-" "Mozilla/5.0 AppleWebKit/537.36 (KHTML, like Gecko; compatible; bingbot/2.0; +http://www.bing.com/bingbot.htm) Chrome/116.0.1938.76 Safari/537.36"
52.167.144.169 - - [14/Apr/2025:09:16:52 -0400] "GET /special13107302.shtml HTTP/1.1" 200 25810 "-" "Mozilla/5.0 AppleWebKit/537.36 (KHTML, like Gecko; compatible; bingbot/2.0; +http://www.bing.com/bingbot.htm) Chrome/116.0.1938.76 Safari/537.36"
52.167.144.208 - - [14/Apr/2025:09:16:57 -0400] "GET /shopdetail/122364878.shtml HTTP/1.1" 200 25934 "-" "Mozilla/5.0 AppleWebKit/537.36 (KHTML, like Gecko; compatible; bingbot/2.0; +http://www.bing.com/bingbot.htm) Chrome/116.0.1938.76 Safari/537.36"
157.55.39.14 - - [14/Apr/2025:09:17:00 -0400] "GET /detail/coxcombically52381098.shtml HTTP/1.1" 200 28193 "-" "Mozilla/5.0 AppleWebKit/537.36 (KHTML, like Gecko; compatible; bingbot/2.0; +http://www.bing.com/bingbot.htm) Chrome/116.0.1938.76 Safari/537.36"
52.167.144.169 - - [14/Apr/2025:09:17:04 -0400] "GET /special/petty53298278.shtml HTTP/1.1" 200 25613 "-" "Mozilla/5.0 AppleWebKit/537.36 (KHTML, like Gecko; compatible; bingbot/2.0; +http://www.bing.com/bingbot.htm) Chrome/116.0.1938.76 Safari/537.36"
66.249.77.41 - - [14/Apr/2025:09:17:04 -0400] "GET /entity/9728964.shtml HTTP/1.1" 200 28354 "-" "Mozilla/5.0 (Linux; Android 6.0.1; Nexus 5X Build/MMB29P) AppleWebKit/537.36 (KHTML, like Gecko) Chrome/135.0.7049.52 Mobile Safari/537.36 (compatible; GoogleOther)"
66.249.77.42 - - [14/Apr/2025:09:17:05 -0400] "GET /items/n/starveling/47397252.shtml HTTP/1.1" 200 26283 "-" "Mozilla/5.0 (Linux; Android 6.0.1; Nexus 5X Build/MMB29P) AppleWebKit/537.36 (KHTML, like Gecko) Chrome/135.0.7049.52 Mobile Safari/537.36 (compatible; GoogleOther)"
66.249.77.41 - - [14/Apr/2025:09:17:06 -0400] "GET /shopbrand3426104.shtml HTTP/1.1" 200 26382 "-" "Mozilla/5.0 (Linux; Android 6.0.1; Nexus 5X Build/MMB29P) AppleWebKit/537.36 (KHTML, like Gecko) Chrome/135.0.7049.52 Mobile Safari/537.36 (compatible; GoogleOther)"
52.167.144.169 - - [14/Apr/2025:09:17:10 -0400] "GET /special/lm/pinery22045360.shtml HTTP/1.1" 200 25569 "-" "Mozilla/5.0 AppleWebKit/537.36 (KHTML, like Gecko; compatible; bingbot/2.0; +http://www.bing.com/bingbot.htm) Chrome/116.0.1938.76 Safari/537.36"
52.167.144.166 - - [14/Apr/2025:09:17:17 -0400] "GET /goods76001368.shtml HTTP/1.1" 200 27718 "-" "Mozilla/5.0 AppleWebKit/537.36 (KHTML, like Gecko; compatible; bingbot/2.0; +http://www.bing.com/bingbot.htm) Chrome/116.0.1938.76 Safari/537.36"
52.167.144.208 - - [14/Apr/2025:09:17:18 -0400] "GET /product/ue/minorat90485750.shtml HTTP/1.1" 200 27542 "-" "Mozilla/5.0 AppleWebKit/537.36 (KHTML, like Gecko; compatible; bingbot/2.0; +http://www.bing.com/bingbot.htm) Chrome/116.0.1938.76 Safari/537.36"
52.167.144.169 - - [14/Apr/2025:09:17:21 -0400] "GET /goodscode/subservient22358390.shtml HTTP/1.1" 200 30850 "-" "Mozilla/5.0 AppleWebKit/537.36 (KHTML, like Gecko; compatible; bingbot/2.0; +http://www.bing.com/bingbot.htm) Chrome/116.0.1938.76 Safari/537.36"
3.14.133.138 - - [14/Apr/2025:09:17:22 -0400] "GET /ad917/?path=%2Fhome%2F.%2F..%2Flib%2Flocale%2F..%2F..%2Ftmp%2F. HTTP/1.1" 200 1527 "-" "Mozilla/5.0 AppleWebKit/537.36 (KHTML, like Gecko; compatible; ClaudeBot/1.0; +claudebot@anthropic.com)"
66.249.77.41 - - [14/Apr/2025:09:17:24 -0400] "GET /detail/ii/creativeness35647126.shtml HTTP/1.1" 200 27908 "-" "Mozilla/5.0 (Linux; Android 6.0.1; Nexus 5X Build/MMB29P) AppleWebKit/537.36 (KHTML, like Gecko) Chrome/135.0.7049.52 Mobile Safari/537.36 (compatible; GoogleOther)"
3.14.133.138 - - [14/Apr/2025:09:17:25 -0400] "GET /ad917/?path=%2Fhome%2F.%2F..%2Fhome2%2F..%2F..%2Fproc%2Firq%2F8 HTTP/1.1" 200 1684 "-" "Mozilla/5.0 AppleWebKit/537.36 (KHTML, like Gecko; compatible; ClaudeBot/1.0; +claudebot@anthropic.com)"
3.14.133.138 - - [14/Apr/2025:09:17:28 -0400] "GET /ad917/?path=%2Fhome%2F.%2F..%2Fhome2%2F..%2F..%2Fproc%2Firq%2F0 HTTP/1.1" 200 1686 "-" "Mozilla/5.0 AppleWebKit/537.36 (KHTML, like Gecko; compatible; ClaudeBot/1.0; +claudebot@anthropic.com)"
52.167.144.208 - - [14/Apr/2025:09:17:28 -0400] "GET /products/15491212.shtml HTTP/1.1" 200 26580 "-" "Mozilla/5.0 AppleWebKit/537.36 (KHTML, like Gecko; compatible; bingbot/2.0; +http://www.bing.com/bingbot.htm) Chrome/116.0.1938.76 Safari/537.36"
3.14.133.138 - - [14/Apr/2025:09:17:31 -0400] "GET /ad917/?path=%2Fhome%2F.%2F..%2Fhome2%2F..%2F..%2Fproc%2Firq%2F1 HTTP/1.1" 200 1655 "-" "Mozilla/5.0 AppleWebKit/537.36 (KHTML, like Gecko; compatible; ClaudeBot/1.0; +claudebot@anthropic.com)"
66.249.77.40 - - [14/Apr/2025:09:17:32 -0400] "GET /items/q/strident89522374.shtml HTTP/1.1" 200 28553 "-" "Mozilla/5.0 (Linux; Android 6.0.1; Nexus 5X Build/MMB29P) AppleWebKit/537.36 (KHTML, like Gecko) Chrome/135.0.7049.52 Mobile Safari/537.36 (compatible; GoogleOther)"
52.167.144.208 - - [14/Apr/2025:09:17:33 -0400] "GET /info/b/organific8106668.shtml HTTP/1.1" 200 27065 "-" "Mozilla/5.0 AppleWebKit/537.36 (KHTML, like Gecko; compatible; bingbot/2.0; +http://www.bing.com/bingbot.htm) Chrome/116.0.1938.76 Safari/537.36"
3.14.133.138 - - [14/Apr/2025:09:17:34 -0400] "GET /ad917/?path=%2Fhome%2F.%2F..%2Flib%2Flocale%2F..%2F..%2Fvar%2F. HTTP/1.1" 200 1756 "-" "Mozilla/5.0 AppleWebKit/537.36 (KHTML, like Gecko; compatible; ClaudeBot/1.0; +claudebot@anthropic.com)"
3.14.133.138 - - [14/Apr/2025:09:17:37 -0400] "GET /ad917/?path=%2Fhome%2F.%2F..%2Fhome2%2F..%2F..%2Fproc%2Firq%2F2 HTTP/1.1" 200 1689 "-" "Mozilla/5.0 AppleWebKit/537.36 (KHTML, like Gecko; compatible; ClaudeBot/1.0; +claudebot@anthropic.com)"
52.167.144.208 - - [14/Apr/2025:09:17:37 -0400] "GET /detail/unclog115175908.shtml HTTP/1.1" 200 26801 "-" "Mozilla/5.0 AppleWebKit/537.36 (KHTML, like Gecko; compatible; bingbot/2.0; +http://www.bing.com/bingbot.htm) Chrome/116.0.1938.76 Safari/537.36"
157.55.39.14 - - [14/Apr/2025:09:17:39 -0400] "GET /detail56200616.shtml HTTP/1.1" 200 28874 "-" "Mozilla/5.0 AppleWebKit/537.36 (KHTML, like Gecko; compatible; bingbot/2.0; +http://www.bing.com/bingbot.htm) Chrome/116.0.1938.76 Safari/537.36"
3.14.133.138 - - [14/Apr/2025:09:17:40 -0400] "GET /ad917/?path=%2Fhome%2F.%2F..%2Flib%2Flocale%2F..%2F..%2Fetc%2F. HTTP/1.1" 403 1242 "-" "Mozilla/5.0 AppleWebKit/537.36 (KHTML, like Gecko; compatible; ClaudeBot/1.0; +claudebot@anthropic.com)"
40.77.167.47 - - [14/Apr/2025:09:17:42 -0400] "GET /product/19813768.shtml HTTP/1.1" 200 27028 "-" "Mozilla/5.0 AppleWebKit/537.36 (KHTML, like Gecko; compatible; bingbot/2.0; +http://www.bing.com/bingbot.htm) Chrome/116.0.1938.76 Safari/537.36"
3.14.133.138 - - [14/Apr/2025:09:17:43 -0400] "GET /ad917/?path=%2Fhome%2F.%2F..%2Fhome2%2F..%2F..%2Fproc%2Firq%2F4 HTTP/1.1" 200 1716 "-" "Mozilla/5.0 AppleWebKit/537.36 (KHTML, like Gecko; compatible; ClaudeBot/1.0; +claudebot@anthropic.com)"
66.249.77.40 - - [14/Apr/2025:09:17:43 -0400] "GET /entity/75696898.shtml HTTP/1.1" 200 25562 "-" "Mozilla/5.0 (Linux; Android 6.0.1; Nexus 5X Build/MMB29P) AppleWebKit/537.36 (KHTML, like Gecko) Chrome/135.0.7049.52 Mobile Safari/537.36 (compatible; GoogleOther)"
52.14.88.125 - - [14/Apr/2025:09:17:44 -0400] "GET /ad917/?path=%2Fhome%2F.%2F.%2F..%2F..%2Flib64%2Fdsulib%2F.%2F..%2Fgconv%2FIBM1112.so HTTP/1.1" 200 976 "-" "Mozilla/5.0 AppleWebKit/537.36 (KHTML, like Gecko; compatible; ClaudeBot/1.0; +claudebot@anthropic.com)"
52.14.88.125 - - [14/Apr/2025:09:17:44 -0400] "GET /ad917/?path=%2Fhome%2F.%2F..%2F..%2Fvar%2Flog%2F..%2Fsoftaculous%2Fespo%2F..%2Fpiwik HTTP/1.1" 200 2292 "-" "Mozilla/5.0 AppleWebKit/537.36 (KHTML, like Gecko; compatible; ClaudeBot/1.0; +claudebot@anthropic.com)"
52.14.88.125 - - [14/Apr/2025:09:17:44 -0400] "GET /ad917/?path=%2Fhome%2F.%2F.%2F..%2F..%2Flib64%2Fgssproxy%2F..%2Fpython2.7%2Fwave.pyc HTTP/1.1" 200 973 "-" "Mozilla/5.0 AppleWebKit/537.36 (KHTML, like Gecko; compatible; ClaudeBot/1.0; +claudebot@anthropic.com)"
52.14.88.125 - - [14/Apr/2025:09:17:44 -0400] "GET /ad917/?path=%2Fhome%2F.%2F..%2F..%2Fvar%2Flib%2F..%2Fsoftaculous%2Fzikula%2Finfo.xml HTTP/1.1" 200 4088 "-" "Mozilla/5.0 AppleWebKit/537.36 (KHTML, like Gecko; compatible; ClaudeBot/1.0; +claudebot@anthropic.com)"
52.14.88.125 - - [14/Apr/2025:09:17:44 -0400] "GET /ad917/?path=%2Fhome%2F.%2F..%2F..%2Fvar%2Flog%2F..%2Fsoftaculous%2Fespo%2F..%2Fkirby HTTP/1.1" 200 2153 "-" "Mozilla/5.0 AppleWebKit/537.36 (KHTML, like Gecko; compatible; ClaudeBot/1.0; +claudebot@anthropic.com)"
52.14.88.125 - - [14/Apr/2025:09:17:45 -0400] "GET /ad917/?path=%2Fhome%2F.%2F.%2F..%2F..%2Flib64%2Fdsulib%2F.%2F..%2Fgconv%2FIBM1390.so HTTP/1.1" 200 976 "-" "Mozilla/5.0 AppleWebKit/537.36 (KHTML, like Gecko; compatible; ClaudeBot/1.0; +claudebot@anthropic.com)"
52.14.88.125 - - [14/Apr/2025:09:17:45 -0400] "GET /ad917/?path=%2Fhome%2F.%2F..%2F..%2Fvar%2Flib%2F..%2Fsoftaculous%2Fzurmo%2F.%2Fphp81 HTTP/1.1" 200 1681 "-" "Mozilla/5.0 AppleWebKit/537.36 (KHTML, like Gecko; compatible; ClaudeBot/1.0; +claudebot@anthropic.com)"
52.14.88.125 - - [14/Apr/2025:09:17:45 -0400] "GET /ad917/?path=%2Fhome%2F.%2F.%2F..%2F..%2Flib64%2Ftd-agent-bit%2F..%2F..%2Fbin%2Fnohup HTTP/1.1" 200 979 "-" "Mozilla/5.0 AppleWebKit/537.36 (KHTML, like Gecko; compatible; ClaudeBot/1.0; +claudebot@anthropic.com)"
52.14.88.125 - - [14/Apr/2025:09:17:45 -0400] "GET /ad917/?path=%2Fhome%2F.%2F.%2F..%2F..%2Flib64%2Ftd-agent-bit%2F..%2F..%2Fetc%2Fhosts HTTP/1.1" 403 1242 "-" "Mozilla/5.0 AppleWebKit/537.36 (KHTML, like Gecko; compatible; ClaudeBot/1.0; +claudebot@anthropic.com)"
52.14.88.125 - - [14/Apr/2025:09:17:45 -0400] "GET /ad917/?path=%2Fhome%2F.%2F..%2F..%2F..%2Fhome%2F..%2Flib64%2Fpython2.7%2FDoc%2Ftools HTTP/1.1" 200 1448 "-" "Mozilla/5.0 AppleWebKit/537.36 (KHTML, like Gecko; compatible; ClaudeBot/1.0; +claudebot@anthropic.com)"
52.14.88.125 - - [14/Apr/2025:09:17:46 -0400] "GET /ad917/?path=%2Fhome%2F.%2F..%2F..%2Fvar%2Ftmp%2F..%2Fhome5%2F..%2Flib64%2Flibibverbs HTTP/1.1" 200 1908 "-" "Mozilla/5.0 AppleWebKit/537.36 (KHTML, like Gecko; compatible; ClaudeBot/1.0; +claudebot@anthropic.com)"
3.14.133.138 - - [14/Apr/2025:09:17:46 -0400] "GET /ad917/?path=%2Fhome%2F.%2F..%2Fhome2%2F..%2F..%2Fproc%2Fbus%2F. HTTP/1.1" 200 1480 "-" "Mozilla/5.0 AppleWebKit/537.36 (KHTML, like Gecko; compatible; ClaudeBot/1.0; +claudebot@anthropic.com)"
52.167.144.166 - - [14/Apr/2025:09:17:46 -0400] "GET /special13119788.shtml HTTP/1.1" 200 27365 "-" "Mozilla/5.0 AppleWebKit/537.36 (KHTML, like Gecko; compatible; bingbot/2.0; +http://www.bing.com/bingbot.htm) Chrome/116.0.1938.76 Safari/537.36"
3.14.133.138 - - [14/Apr/2025:09:17:49 -0400] "GET /ad917/?path=%2Fhome%2F.%2F..%2Flib%2Flocale%2F..%2F..%2Fbin%2F. HTTP/1.1" 200 13852 "-" "Mozilla/5.0 AppleWebKit/537.36 (KHTML, like Gecko; compatible; ClaudeBot/1.0; +claudebot@anthropic.com)"
52.167.144.208 - - [14/Apr/2025:09:17:49 -0400] "GET /goods/asarabacca/61279322.shtml HTTP/1.1" 200 28187 "-" "Mozilla/5.0 AppleWebKit/537.36 (KHTML, like Gecko; compatible; bingbot/2.0; +http://www.bing.com/bingbot.htm) Chrome/116.0.1938.76 Safari/537.36"
3.14.133.138 - - [14/Apr/2025:09:17:52 -0400] "GET /ad917/?path=%2Fhome%2F.%2F..%2Fhome2%2F..%2F..%2Fproc%2Firq%2F9 HTTP/1.1" 200 1716 "-" "Mozilla/5.0 AppleWebKit/537.36 (KHTML, like Gecko; compatible; ClaudeBot/1.0; +claudebot@anthropic.com)"
40.77.167.47 - - [14/Apr/2025:09:17:53 -0400] "GET /shopdetail/u/schneiderian77392686.shtml HTTP/1.1" 200 26445 "-" "Mozilla/5.0 AppleWebKit/537.36 (KHTML, like Gecko; compatible; bingbot/2.0; +http://www.bing.com/bingbot.htm) Chrome/116.0.1938.76 Safari/537.36"
3.14.133.138 - - [14/Apr/2025:09:17:55 -0400] "GET /ad917/?path=%2Fhome%2F.%2F..%2Fhome2%2F..%2F..%2Fproc%2Firq%2F5 HTTP/1.1" 200 1655 "-" "Mozilla/5.0 AppleWebKit/537.36 (KHTML, like Gecko; compatible; ClaudeBot/1.0; +claudebot@anthropic.com)"
3.14.133.138 - - [14/Apr/2025:09:17:58 -0400] "GET /ad917/?path=%2Fhome%2F.%2F..%2Fhome2%2F..%2F..%2Fproc%2F..%2F.. HTTP/1.1" 200 1831 "-" "Mozilla/5.0 AppleWebKit/537.36 (KHTML, like Gecko; compatible; ClaudeBot/1.0; +claudebot@anthropic.com)"
52.167.144.208 - - [14/Apr/2025:09:17:59 -0400] "GET /shopping63690476.shtml HTTP/1.1" 200 25958 "-" "Mozilla/5.0 AppleWebKit/537.36 (KHTML, like Gecko; compatible; bingbot/2.0; +http://www.bing.com/bingbot.htm) Chrome/116.0.1938.76 Safari/537.36"
66.249.77.40 - - [14/Apr/2025:09:17:59 -0400] "GET /products/a/wittier/95811686.shtml HTTP/1.1" 200 26259 "-" "Mozilla/5.0 (Linux; Android 6.0.1; Nexus 5X Build/MMB29P) AppleWebKit/537.36 (KHTML, like Gecko) Chrome/135.0.7049.52 Mobile Safari/537.36 (compatible; GoogleOther)"
3.14.133.138 - - [14/Apr/2025:09:18:01 -0400] "GET /ad917/?path=%2Fhome%2F.%2F..%2F..%2Fhome4%2F..%2Fsbin%2F..%2F.. HTTP/1.1" 200 1836 "-" "Mozilla/5.0 AppleWebKit/537.36 (KHTML, like Gecko; compatible; ClaudeBot/1.0; +claudebot@anthropic.com)"
66.249.77.40 - - [14/Apr/2025:09:18:02 -0400] "GET /entity/124898776.shtml HTTP/1.1" 200 25846 "-" "Mozilla/5.0 (Linux; Android 6.0.1; Nexus 5X Build/MMB29P) AppleWebKit/537.36 (KHTML, like Gecko) Chrome/135.0.7049.52 Mobile Safari/537.36 (compatible; GoogleOther)"
3.14.133.138 - - [14/Apr/2025:09:18:04 -0400] "GET /ad917/?path=%2Fhome%2F.%2F..%2Fhome2%2F..%2F..%2Fproc%2Firq%2F. HTTP/1.1" 200 2743 "-" "Mozilla/5.0 AppleWebKit/537.36 (KHTML, like Gecko; compatible; ClaudeBot/1.0; +claudebot@anthropic.com)"
3.14.133.138 - - [14/Apr/2025:09:18:07 -0400] "GET /ad917/?path=%2Fhome%2F.%2F..%2Fhome4%2F..%2Fopt%2Falt%2Faom%2F. HTTP/1.1" 200 1488 "-" "Mozilla/5.0 AppleWebKit/537.36 (KHTML, like Gecko; compatible; ClaudeBot/1.0; +claudebot@anthropic.com)"
207.46.13.155 - - [14/Apr/2025:09:18:08 -0400] "GET /info8970104.shtml HTTP/1.1" 200 26891 "-" "Mozilla/5.0 AppleWebKit/537.36 (KHTML, like Gecko; compatible; bingbot/2.0; +http://www.bing.com/bingbot.htm) Chrome/116.0.1938.76 Safari/537.36"
157.55.39.14 - - [14/Apr/2025:09:18:09 -0400] "GET /shopping85313908.shtml HTTP/1.1" 200 26098 "-" "Mozilla/5.0 AppleWebKit/537.36 (KHTML, like Gecko; compatible; bingbot/2.0; +http://www.bing.com/bingbot.htm) Chrome/116.0.1938.76 Safari/537.36"
3.14.133.138 - - [14/Apr/2025:09:18:10 -0400] "GET /ad917/?path=%2Fhome%2F.%2F..%2Fhome2%2F..%2F..%2Fproc%2Firq%2F6 HTTP/1.1" 200 1688 "-" "Mozilla/5.0 AppleWebKit/537.36 (KHTML, like Gecko; compatible; ClaudeBot/1.0; +claudebot@anthropic.com)"
52.167.144.208 - - [14/Apr/2025:09:18:12 -0400] "GET /goodscode32037054.shtml HTTP/1.1" 200 26913 "-" "Mozilla/5.0 AppleWebKit/537.36 (KHTML, like Gecko; compatible; bingbot/2.0; +http://www.bing.com/bingbot.htm) Chrome/116.0.1938.76 Safari/537.36"
3.14.133.138 - - [14/Apr/2025:09:18:13 -0400] "GET /ad917/?path=%2Fhome%2F.%2F..%2Fhome5%2F..%2Fopt%2Fcxs%2F..%2F. HTTP/1.1" 200 1926 "-" "Mozilla/5.0 AppleWebKit/537.36 (KHTML, like Gecko; compatible; ClaudeBot/1.0; +claudebot@anthropic.com)"
3.14.133.138 - - [14/Apr/2025:09:18:16 -0400] "GET /ad917/?path=%2Fhome%2F.%2F..%2Fhome2%2F..%2F..%2Fproc%2F..%2F. HTTP/1.1" 200 1869 "-" "Mozilla/5.0 AppleWebKit/537.36 (KHTML, like Gecko; compatible; ClaudeBot/1.0; +claudebot@anthropic.com)"
3.14.133.138 - - [14/Apr/2025:09:18:19 -0400] "GET /ad917/?path=%2Fhome%2F.%2F..%2F..%2Fhome4%2F..%2Fsbin%2F..%2F. HTTP/1.1" 200 1733 "-" "Mozilla/5.0 AppleWebKit/537.36 (KHTML, like Gecko; compatible; ClaudeBot/1.0; +claudebot@anthropic.com)"
52.167.144.208 - - [14/Apr/2025:09:18:20 -0400] "GET /detail/religiosum111997720.shtml HTTP/1.1" 200 27241 "-" "Mozilla/5.0 AppleWebKit/537.36 (KHTML, like Gecko; compatible; bingbot/2.0; +http://www.bing.com/bingbot.htm) Chrome/116.0.1938.76 Safari/537.36"
66.249.77.40 - - [14/Apr/2025:09:18:21 -0400] "GET /entity/61091734.shtml HTTP/1.1" 200 26153 "-" "Mozilla/5.0 (Linux; Android 6.0.1; Nexus 5X Build/MMB29P) AppleWebKit/537.36 (KHTML, like Gecko) Chrome/135.0.7049.52 Mobile Safari/537.36 (compatible; GoogleOther)"
3.14.133.138 - - [14/Apr/2025:09:18:22 -0400] "GET /ad917/?path=%2Fhome%2Fservlmvm%2Flogs%2F..%2Fmail%2F.Drafts HTTP/1.1" 200 1623 "-" "Mozilla/5.0 AppleWebKit/537.36 (KHTML, like Gecko; compatible; ClaudeBot/1.0; +claudebot@anthropic.com)"
40.77.167.47 - - [14/Apr/2025:09:18:24 -0400] "GET /products/72244766.shtml HTTP/1.1" 200 26159 "-" "Mozilla/5.0 AppleWebKit/537.36 (KHTML, like Gecko; compatible; bingbot/2.0; +http://www.bing.com/bingbot.htm) Chrome/116.0.1938.76 Safari/537.36"
3.14.133.138 - - [14/Apr/2025:09:18:25 -0400] "GET /ad917/?path=%2Fhome%2Fservlmvm%2Flogs%2F..%2Fmail%2F.Trash HTTP/1.1" 200 1624 "-" "Mozilla/5.0 AppleWebKit/537.36 (KHTML, like Gecko; compatible; ClaudeBot/1.0; +claudebot@anthropic.com)"
66.249.77.40 - - [14/Apr/2025:09:18:27 -0400] "GET /info/ui/enrapture/76077854.shtml HTTP/1.1" 200 27154 "-" "Mozilla/5.0 (Linux; Android 6.0.1; Nexus 5X Build/MMB29P) AppleWebKit/537.36 (KHTML, like Gecko) Chrome/135.0.7049.52 Mobile Safari/537.36 (compatible; GoogleOther)"
3.14.133.138 - - [14/Apr/2025:09:18:28 -0400] "GET /ad917/?path=%2Fhome%2Fservlmvm%2Flogs%2F..%2Fmail%2F.Junk HTTP/1.1" 200 1619 "-" "Mozilla/5.0 AppleWebKit/537.36 (KHTML, like Gecko; compatible; ClaudeBot/1.0; +claudebot@anthropic.com)"
207.46.13.155 - - [14/Apr/2025:09:18:29 -0400] "GET /item/ve/chemic14969556.shtml HTTP/1.1" 200 25841 "-" "Mozilla/5.0 AppleWebKit/537.36 (KHTML, like Gecko; compatible; bingbot/2.0; +http://www.bing.com/bingbot.htm) Chrome/116.0.1938.76 Safari/537.36"
157.55.39.14 - - [14/Apr/2025:09:18:30 -0400] "GET /item88454666.shtml HTTP/1.1" 200 29247 "-" "Mozilla/5.0 AppleWebKit/537.36 (KHTML, like Gecko; compatible; bingbot/2.0; +http://www.bing.com/bingbot.htm) Chrome/116.0.1938.76 Safari/537.36"
3.14.133.138 - - [14/Apr/2025:09:18:31 -0400] "GET /ad917/?path=%2Fhome%2Fservlmvm%2Flogs%2F..%2Fmail%2Fcur HTTP/1.1" 200 1429 "-" "Mozilla/5.0 AppleWebKit/537.36 (KHTML, like Gecko; compatible; ClaudeBot/1.0; +claudebot@anthropic.com)"
3.14.133.138 - - [14/Apr/2025:09:18:34 -0400] "GET /ad917/?path=%2Fhome%2Fservlmvm%2Flogs%2F..%2Fmail%2Ftmp HTTP/1.1" 200 1428 "-" "Mozilla/5.0 AppleWebKit/537.36 (KHTML, like Gecko; compatible; ClaudeBot/1.0; +claudebot@anthropic.com)"
52.167.144.208 - - [14/Apr/2025:09:18:34 -0400] "GET /items9057820.shtml HTTP/1.1" 200 26895 "-" "Mozilla/5.0 AppleWebKit/537.36 (KHTML, like Gecko; compatible; bingbot/2.0; +http://www.bing.com/bingbot.htm) Chrome/116.0.1938.76 Safari/537.36"
3.14.133.138 - - [14/Apr/2025:09:18:37 -0400] "GET /ad917/?path=%2Fhome%2Fservlmvm%2Flogs%2F..%2Fmail%2Fnew HTTP/1.1" 200 44960 "-" "Mozilla/5.0 AppleWebKit/537.36 (KHTML, like Gecko; compatible; ClaudeBot/1.0; +claudebot@anthropic.com)"
52.167.144.208 - - [14/Apr/2025:09:18:39 -0400] "GET /product69868826.shtml HTTP/1.1" 200 28958 "-" "Mozilla/5.0 AppleWebKit/537.36 (KHTML, like Gecko; compatible; bingbot/2.0; +http://www.bing.com/bingbot.htm) Chrome/116.0.1938.76 Safari/537.36"
3.14.133.138 - - [14/Apr/2025:09:18:40 -0400] "GET /ad917/?path=%2Fhome%2Fservlmvm%2Flogs%2F..%2Fmail%2F.. HTTP/1.1" 200 2404 "-" "Mozilla/5.0 AppleWebKit/537.36 (KHTML, like Gecko; compatible; ClaudeBot/1.0; +claudebot@anthropic.com)"
66.249.77.40 - - [14/Apr/2025:09:18:41 -0400] "GET /entity/spitalhouse61089568.shtml HTTP/1.1" 200 26829 "-" "Mozilla/5.0 (Linux; Android 6.0.1; Nexus 5X Build/MMB29P) AppleWebKit/537.36 (KHTML, like Gecko) Chrome/135.0.7049.52 Mobile Safari/537.36 (compatible; GoogleOther)"
3.14.133.138 - - [14/Apr/2025:09:18:43 -0400] "GET /ad917/?path=%2Fhome%2Fservlmvm%2Flogs%2F..%2Fmail%2F. HTTP/1.1" 200 2226 "-" "Mozilla/5.0 AppleWebKit/537.36 (KHTML, like Gecko; compatible; ClaudeBot/1.0; +claudebot@anthropic.com)"
40.77.167.47 - - [14/Apr/2025:09:18:44 -0400] "GET /product68814522.shtml HTTP/1.1" 200 27033 "-" "Mozilla/5.0 AppleWebKit/537.36 (KHTML, like Gecko; compatible; bingbot/2.0; +http://www.bing.com/bingbot.htm) Chrome/116.0.1938.76 Safari/537.36"
66.249.77.40 - - [14/Apr/2025:09:18:48 -0400] "GET /entity/qxs/dailiness89518070.shtml HTTP/1.1" 200 26636 "-" "Mozilla/5.0 (Linux; Android 6.0.1; Nexus 5X Build/MMB29P) AppleWebKit/537.36 (KHTML, like Gecko) Chrome/135.0.7049.52 Mobile Safari/537.36 (compatible; GoogleOther)"
207.46.13.155 - - [14/Apr/2025:09:18:50 -0400] "GET /product/101634016.shtml HTTP/1.1" 200 26370 "-" "Mozilla/5.0 AppleWebKit/537.36 (KHTML, like Gecko; compatible; bingbot/2.0; +http://www.bing.com/bingbot.htm) Chrome/116.0.1938.76 Safari/537.36"
52.167.144.169 - - [14/Apr/2025:09:18:50 -0400] "GET /shopdetail28702594.shtml HTTP/1.1" 200 27200 "-" "Mozilla/5.0 AppleWebKit/537.36 (KHTML, like Gecko; compatible; bingbot/2.0; +http://www.bing.com/bingbot.htm) Chrome/116.0.1938.76 Safari/537.36"
66.249.77.40 - - [14/Apr/2025:09:18:53 -0400] "GET /sitemap-item-843.xml HTTP/1.1" 200 10281 "-" "Mozilla/5.0 (compatible; Googlebot/2.1; +http://www.google.com/bot.html)"
66.249.77.40 - - [14/Apr/2025:09:18:54 -0400] "GET /products/t/paragnath/89511656.shtml HTTP/1.1" 200 27836 "-" "Mozilla/5.0 (Linux; Android 6.0.1; Nexus 5X Build/MMB29P) AppleWebKit/537.36 (KHTML, like Gecko) Chrome/135.0.7049.52 Mobile Safari/537.36 (compatible; GoogleOther)"
40.77.167.47 - - [14/Apr/2025:09:18:54 -0400] "GET /shopbrand/cavity60567360.shtml HTTP/1.1" 200 25782 "-" "Mozilla/5.0 AppleWebKit/537.36 (KHTML, like Gecko; compatible; bingbot/2.0; +http://www.bing.com/bingbot.htm) Chrome/116.0.1938.76 Safari/537.36"
66.249.77.40 - - [14/Apr/2025:09:19:00 -0400] "GET /entity/dickeybird9755738.shtml HTTP/1.1" 200 27599 "-" "Mozilla/5.0 (Linux; Android 6.0.1; Nexus 5X Build/MMB29P) AppleWebKit/537.36 (KHTML, like Gecko) Chrome/135.0.7049.52 Mobile Safari/537.36 (compatible; GoogleOther)"
40.77.167.47 - - [14/Apr/2025:09:19:03 -0400] "GET /detail66601648.shtml HTTP/1.1" 200 27060 "-" "Mozilla/5.0 AppleWebKit/537.36 (KHTML, like Gecko; compatible; bingbot/2.0; +http://www.bing.com/bingbot.htm) Chrome/116.0.1938.76 Safari/537.36"
52.167.144.166 - - [14/Apr/2025:09:19:06 -0400] "GET /shopbrand/u/thirsty/51631234.shtml HTTP/1.1" 200 27790 "-" "Mozilla/5.0 AppleWebKit/537.36 (KHTML, like Gecko; compatible; bingbot/2.0; +http://www.bing.com/bingbot.htm) Chrome/116.0.1938.76 Safari/537.36"
