3.144.158.54 - - [14/Apr/2025:10:51:48 -0400] "GET /ad917/?path=%2Fhome%2F.%2F..%2Fusr%2Flib64%2F.%2Fsssd%2F..%2Flibverto.so.1 HTTP/1.1" 200 966 "-" "Mozilla/5.0 AppleWebKit/537.36 (KHTML, like Gecko; compatible; ClaudeBot/1.0; +claudebot@anthropic.com)"
3.144.158.54 - - [14/Apr/2025:10:51:51 -0400] "GET /ad917/?path=%2Fhome%2F.%2F..%2Fusr%2Flib64%2F.%2Fsssd%2F..%2Flibpthread.so HTTP/1.1" 200 967 "-" "Mozilla/5.0 AppleWebKit/537.36 (KHTML, like Gecko; compatible; ClaudeBot/1.0; +claudebot@anthropic.com)"
3.144.158.54 - - [14/Apr/2025:10:51:54 -0400] "GET /ad917/?path=%2Fhome%2F.%2F..%2Fusr%2Flib64%2F.%2Fsssd%2F..%2Flibformw.so.5 HTTP/1.1" 200 968 "-" "Mozilla/5.0 AppleWebKit/537.36 (KHTML, like Gecko; compatible; ClaudeBot/1.0; +claudebot@anthropic.com)"
3.144.158.54 - - [14/Apr/2025:10:51:57 -0400] "GET /ad917/?path=%2Fhome%2F.%2F..%2Fusr%2Flib64%2F.%2Fsssd%2F..%2Flibtermcap.so HTTP/1.1" 200 984 "-" "Mozilla/5.0 AppleWebKit/537.36 (KHTML, like Gecko; compatible; ClaudeBot/1.0; +claudebot@anthropic.com)"
66.249.77.40 - - [14/Apr/2025:10:51:57 -0400] "GET /items/n/proostracum/95803492.shtml HTTP/1.1" 200 29598 "-" "Mozilla/5.0 (Linux; Android 6.0.1; Nexus 5X Build/MMB29P) AppleWebKit/537.36 (KHTML, like Gecko) Chrome/135.0.7049.52 Mobile Safari/537.36 (compatible; GoogleOther)"
40.77.167.47 - - [14/Apr/2025:10:51:59 -0400] "GET /product/heterogangliate/85287064.shtml HTTP/1.1" 200 25950 "-" "Mozilla/5.0 AppleWebKit/537.36 (KHTML, like Gecko; compatible; bingbot/2.0; +http://www.bing.com/bingbot.htm) Chrome/116.0.1938.76 Safari/537.36"
3.144.158.54 - - [14/Apr/2025:10:52:00 -0400] "GET /ad917/?path=%2Fhome%2F.%2F..%2Fusr%2Flib64%2F.%2Fsssd%2F..%2Flibmount.so.1 HTTP/1.1" 200 966 "-" "Mozilla/5.0 AppleWebKit/537.36 (KHTML, like Gecko; compatible; ClaudeBot/1.0; +claudebot@anthropic.com)"
3.144.158.54 - - [14/Apr/2025:10:52:03 -0400] "GET /ad917/?path=%2Fhome%2F.%2F..%2Fusr%2Flib64%2F.%2Fsssd%2F..%2Flibmenuw.so.6 HTTP/1.1" 200 968 "-" "Mozilla/5.0 AppleWebKit/537.36 (KHTML, like Gecko; compatible; ClaudeBot/1.0; +claudebot@anthropic.com)"
66.249.77.41 - - [14/Apr/2025:10:52:02 -0400] "GET /entity/124877844.shtml HTTP/1.1" 200 25746 "-" "Mozilla/5.0 (Linux; Android 6.0.1; Nexus 5X Build/MMB29P) AppleWebKit/537.36 (KHTML, like Gecko) Chrome/135.0.7049.52 Mobile Safari/537.36 (compatible; GoogleOther)"
3.144.158.54 - - [14/Apr/2025:10:52:06 -0400] "GET /ad917/?path=%2Fhome%2F.%2F..%2Fusr%2Flib64%2F.%2Fsssd%2F..%2Flibtinfo.so.6 HTTP/1.1" 200 967 "-" "Mozilla/5.0 AppleWebKit/537.36 (KHTML, like Gecko; compatible; ClaudeBot/1.0; +claudebot@anthropic.com)"
3.144.158.54 - - [14/Apr/2025:10:52:09 -0400] "GET /ad917/?path=%2Fhome%2F.%2F..%2Fusr%2Flib64%2F.%2Fsssd%2F..%2Flibcrack.so.2 HTTP/1.1" 200 966 "-" "Mozilla/5.0 AppleWebKit/537.36 (KHTML, like Gecko; compatible; ClaudeBot/1.0; +claudebot@anthropic.com)"
3.144.158.54 - - [14/Apr/2025:10:52:12 -0400] "GET /ad917/?path=%2Fhome%2F.%2F..%2Fusr%2Flib64%2F.%2Fsssd%2F..%2Flibib_util.so HTTP/1.1" 200 967 "-" "Mozilla/5.0 AppleWebKit/537.36 (KHTML, like Gecko; compatible; ClaudeBot/1.0; +claudebot@anthropic.com)"
3.144.158.54 - - [14/Apr/2025:10:52:15 -0400] "GET /ad917/?path=%2Fhome%2F.%2F..%2Fusr%2Flib64%2F.%2Fsssd%2F..%2Flibpython3.so HTTP/1.1" 200 967 "-" "Mozilla/5.0 AppleWebKit/537.36 (KHTML, like Gecko; compatible; ClaudeBot/1.0; +claudebot@anthropic.com)"
3.144.158.54 - - [14/Apr/2025:10:52:18 -0400] "GET /ad917/?path=%2Fhome%2F.%2F..%2Fusr%2Flib64%2F.%2Fsssd%2F..%2Flibpanel.so.6 HTTP/1.1" 200 966 "-" "Mozilla/5.0 AppleWebKit/537.36 (KHTML, like Gecko; compatible; ClaudeBot/1.0; +claudebot@anthropic.com)"
40.77.167.47 - - [14/Apr/2025:10:52:17 -0400] "GET /special3481086.shtml HTTP/1.1" 200 27202 "-" "Mozilla/5.0 AppleWebKit/537.36 (KHTML, like Gecko; compatible; bingbot/2.0; +http://www.bing.com/bingbot.htm) Chrome/116.0.1938.76 Safari/537.36"
40.77.167.32 - - [14/Apr/2025:10:52:17 -0400] "GET /product/34898052.shtml HTTP/1.1" 200 30092 "-" "Mozilla/5.0 AppleWebKit/537.36 (KHTML, like Gecko; compatible; bingbot/2.0; +http://www.bing.com/bingbot.htm) Chrome/116.0.1938.76 Safari/537.36"
3.144.158.54 - - [14/Apr/2025:10:52:21 -0400] "GET /ad917/?path=%2Fhome%2F.%2F..%2Fusr%2Flib64%2F.%2Fsssd%2F..%2Flibkcapi.so.1 HTTP/1.1" 200 966 "-" "Mozilla/5.0 AppleWebKit/537.36 (KHTML, like Gecko; compatible; ClaudeBot/1.0; +claudebot@anthropic.com)"
66.249.77.40 - - [14/Apr/2025:10:52:22 -0400] "GET /entity/australopithecine50823402.shtml HTTP/1.1" 200 27891 "-" "Mozilla/5.0 (Linux; Android 6.0.1; Nexus 5X Build/MMB29P) AppleWebKit/537.36 (KHTML, like Gecko) Chrome/135.0.7049.52 Mobile Safari/537.36 (compatible; GoogleOther)"
40.77.167.149 - - [14/Apr/2025:10:52:36 -0400] "GET /products/nw/pultaceous99478024.shtml HTTP/1.1" 200 25302 "-" "Mozilla/5.0 AppleWebKit/537.36 (KHTML, like Gecko; compatible; bingbot/2.0; +http://www.bing.com/bingbot.htm) Chrome/116.0.1938.76 Safari/537.36"
66.249.77.40 - - [14/Apr/2025:10:52:41 -0400] "GET /entity/fu/frondous/61090660.shtml HTTP/1.1" 200 25159 "-" "Mozilla/5.0 (Linux; Android 6.0.1; Nexus 5X Build/MMB29P) AppleWebKit/537.36 (KHTML, like Gecko) Chrome/135.0.7049.52 Mobile Safari/537.36 (compatible; GoogleOther)"
40.77.167.47 - - [14/Apr/2025:10:52:46 -0400] "GET /items/vbq/galera75693556.shtml HTTP/1.1" 200 25426 "-" "Mozilla/5.0 AppleWebKit/537.36 (KHTML, like Gecko; compatible; bingbot/2.0; +http://www.bing.com/bingbot.htm) Chrome/116.0.1938.76 Safari/537.36"
3.15.240.39 - - [14/Apr/2025:10:52:48 -0400] "GET /ad917/?path=%2Fhome%2F.%2F..%2Fusr%2Flib64%2F.%2Fsssd%2F..%2Flibpam_misc.so HTTP/1.1" 200 967 "-" "Mozilla/5.0 AppleWebKit/537.36 (KHTML, like Gecko; compatible; ClaudeBot/1.0; +claudebot@anthropic.com)"
3.15.240.39 - - [14/Apr/2025:10:52:51 -0400] "GET /ad917/?path=%2Fhome%2F.%2F..%2Fusr%2Flib64%2F.%2Fsssd%2F..%2Flibkrb5.so.3.3 HTTP/1.1" 200 967 "-" "Mozilla/5.0 AppleWebKit/537.36 (KHTML, like Gecko; compatible; ClaudeBot/1.0; +claudebot@anthropic.com)"
66.249.77.40 - - [14/Apr/2025:10:52:52 -0400] "GET /products/muk/sagittaefolium/43687706.shtml HTTP/1.1" 200 27738 "-" "Mozilla/5.0 (Linux; Android 6.0.1; Nexus 5X Build/MMB29P) AppleWebKit/537.36 (KHTML, like Gecko) Chrome/135.0.7049.52 Mobile Safari/537.36 (compatible; GoogleOther)"
3.15.240.39 - - [14/Apr/2025:10:52:54 -0400] "GET /ad917/?path=%2Fhome%2F.%2F..%2Fusr%2Flib64%2F.%2Fsssd%2F..%2FNetworkManager HTTP/1.1" 200 1499 "-" "Mozilla/5.0 AppleWebKit/537.36 (KHTML, like Gecko; compatible; ClaudeBot/1.0; +claudebot@anthropic.com)"
3.15.240.39 - - [14/Apr/2025:10:52:57 -0400] "GET /ad917/?path=%2Fhome%2F.%2F..%2Fusr%2Flib64%2F.%2Fsssd%2F..%2Flibcap-ng.so.0 HTTP/1.1" 200 967 "-" "Mozilla/5.0 AppleWebKit/537.36 (KHTML, like Gecko; compatible; ClaudeBot/1.0; +claudebot@anthropic.com)"
3.15.240.39 - - [14/Apr/2025:10:53:00 -0400] "GET /ad917/?path=%2Fhome%2F.%2F..%2Fusr%2Flib64%2F.%2Fsssd%2F..%2Flibdns.so.1115 HTTP/1.1" 200 966 "-" "Mozilla/5.0 AppleWebKit/537.36 (KHTML, like Gecko; compatible; ClaudeBot/1.0; +claudebot@anthropic.com)"
66.249.77.40 - - [14/Apr/2025:10:53:00 -0400] "GET /entity/optimum/95797144.shtml HTTP/1.1" 200 28850 "-" "Mozilla/5.0 (Linux; Android 6.0.1; Nexus 5X Build/MMB29P) AppleWebKit/537.36 (KHTML, like Gecko) Chrome/135.0.7049.52 Mobile Safari/537.36 (compatible; GoogleOther)"
3.15.240.39 - - [14/Apr/2025:10:53:03 -0400] "GET /ad917/?path=%2Fhome%2F.%2F..%2Fusr%2Flib64%2F.%2Fsssd%2F..%2Flibpanelw.so.5 HTTP/1.1" 200 966 "-" "Mozilla/5.0 AppleWebKit/537.36 (KHTML, like Gecko; compatible; ClaudeBot/1.0; +claudebot@anthropic.com)"
3.15.240.39 - - [14/Apr/2025:10:53:06 -0400] "GET /ad917/?path=%2Fhome%2F.%2F..%2Fusr%2Flib64%2F.%2Fsssd%2F..%2FlibXfixes.so.3 HTTP/1.1" 200 969 "-" "Mozilla/5.0 AppleWebKit/537.36 (KHTML, like Gecko; compatible; ClaudeBot/1.0; +claudebot@anthropic.com)"
66.249.77.40 - - [14/Apr/2025:10:53:05 -0400] "GET /info/vociferant/300968.shtml HTTP/1.1" 200 28388 "-" "Mozilla/5.0 (Linux; Android 6.0.1; Nexus 5X Build/MMB29P) AppleWebKit/537.36 (KHTML, like Gecko) Chrome/135.0.7049.52 Mobile Safari/537.36 (compatible; GoogleOther)"
3.15.240.39 - - [14/Apr/2025:10:53:09 -0400] "GET /ad917/?path=%2Fhome%2F.%2F..%2Fusr%2Flib64%2F.%2Fsssd%2F..%2Flibcap.so.2.48 HTTP/1.1" 200 967 "-" "Mozilla/5.0 AppleWebKit/537.36 (KHTML, like Gecko; compatible; ClaudeBot/1.0; +claudebot@anthropic.com)"
52.167.144.212 - - [14/Apr/2025:10:53:10 -0400] "GET /info/ojc/supportless110902638.shtml HTTP/1.1" 200 26276 "-" "Mozilla/5.0 AppleWebKit/537.36 (KHTML, like Gecko; compatible; bingbot/2.0; +http://www.bing.com/bingbot.htm) Chrome/116.0.1938.76 Safari/537.36"
3.15.240.39 - - [14/Apr/2025:10:53:12 -0400] "GET /ad917/?path=%2Fhome%2F.%2F..%2Fusr%2Flib64%2F.%2Fsssd%2F..%2Flibgssrpc.so.4 HTTP/1.1" 200 966 "-" "Mozilla/5.0 AppleWebKit/537.36 (KHTML, like Gecko; compatible; ClaudeBot/1.0; +claudebot@anthropic.com)"
3.15.240.39 - - [14/Apr/2025:10:53:15 -0400] "GET /ad917/?path=%2Fhome%2F.%2F..%2Fusr%2Flib64%2F.%2Fsssd%2F..%2Flibsss_sudo.so HTTP/1.1" 200 964 "-" "Mozilla/5.0 AppleWebKit/537.36 (KHTML, like Gecko; compatible; ClaudeBot/1.0; +claudebot@anthropic.com)"
40.77.167.149 - - [14/Apr/2025:10:53:15 -0400] "GET /products/recallment76568814.shtml HTTP/1.1" 200 25747 "-" "Mozilla/5.0 AppleWebKit/537.36 (KHTML, like Gecko; compatible; bingbot/2.0; +http://www.bing.com/bingbot.htm) Chrome/116.0.1938.76 Safari/537.36"
3.15.240.39 - - [14/Apr/2025:10:53:18 -0400] "GET /ad917/?path=%2Fhome%2F.%2F..%2Fusr%2Flib64%2F.%2Fsssd%2F..%2Flibjasper.so.4 HTTP/1.1" 200 966 "-" "Mozilla/5.0 AppleWebKit/537.36 (KHTML, like Gecko; compatible; ClaudeBot/1.0; +claudebot@anthropic.com)"
40.77.167.32 - - [14/Apr/2025:10:53:17 -0400] "GET /product109690774.shtml HTTP/1.1" 200 26644 "-" "Mozilla/5.0 AppleWebKit/537.36 (KHTML, like Gecko; compatible; bingbot/2.0; +http://www.bing.com/bingbot.htm) Chrome/116.0.1938.76 Safari/537.36"
66.249.77.40 - - [14/Apr/2025:10:53:19 -0400] "GET /detail/viu/scleriasis/25340296.shtml HTTP/1.1" 200 29223 "-" "Mozilla/5.0 (Linux; Android 6.0.1; Nexus 5X Build/MMB29P) AppleWebKit/537.36 (KHTML, like Gecko) Chrome/135.0.7049.52 Mobile Safari/537.36 (compatible; GoogleOther)"
66.249.77.40 - - [14/Apr/2025:10:53:20 -0400] "GET /entity/employ83480356.shtml HTTP/1.1" 200 29276 "-" "Mozilla/5.0 (Linux; Android 6.0.1; Nexus 5X Build/MMB29P) AppleWebKit/537.36 (KHTML, like Gecko) Chrome/135.0.7049.52 Mobile Safari/537.36 (compatible; GoogleOther)"
3.15.240.39 - - [14/Apr/2025:10:53:21 -0400] "GET /ad917/?path=%2Fhome%2F.%2F..%2Fusr%2Flib64%2F.%2Fsssd%2F..%2Flibdbus-1.so.3 HTTP/1.1" 200 967 "-" "Mozilla/5.0 AppleWebKit/537.36 (KHTML, like Gecko; compatible; ClaudeBot/1.0; +claudebot@anthropic.com)"
3.15.240.39 - - [14/Apr/2025:10:53:24 -0400] "GET /ad917/?path=%2Fhome%2F.%2F..%2Fusr%2Flib64%2F.%2Fsssd%2F..%2Flibform.so.6.1 HTTP/1.1" 200 967 "-" "Mozilla/5.0 AppleWebKit/537.36 (KHTML, like Gecko; compatible; ClaudeBot/1.0; +claudebot@anthropic.com)"
3.15.240.39 - - [14/Apr/2025:10:53:27 -0400] "GET /ad917/?path=%2Fhome%2F.%2F..%2Fusr%2Flib64%2F.%2Fsssd%2F..%2FlibQt5Sql.so.5 HTTP/1.1" 200 969 "-" "Mozilla/5.0 AppleWebKit/537.36 (KHTML, like Gecko; compatible; ClaudeBot/1.0; +claudebot@anthropic.com)"
3.15.240.39 - - [14/Apr/2025:10:53:30 -0400] "GET /ad917/?path=%2Fhome%2F.%2F..%2Fusr%2Flib64%2F.%2Fsssd%2F..%2Flibdatrie.so.1 HTTP/1.1" 200 966 "-" "Mozilla/5.0 AppleWebKit/537.36 (KHTML, like Gecko; compatible; ClaudeBot/1.0; +claudebot@anthropic.com)"
40.77.167.47 - - [14/Apr/2025:10:53:30 -0400] "GET /shopping10217702.shtml HTTP/1.1" 200 25184 "-" "Mozilla/5.0 AppleWebKit/537.36 (KHTML, like Gecko; compatible; bingbot/2.0; +http://www.bing.com/bingbot.htm) Chrome/116.0.1938.76 Safari/537.36"
3.15.240.39 - - [14/Apr/2025:10:53:33 -0400] "GET /ad917/?path=%2Fhome%2F.%2F..%2Fusr%2Flib64%2F.%2Fsssd%2F..%2Flibpcre2-32.so HTTP/1.1" 200 967 "-" "Mozilla/5.0 AppleWebKit/537.36 (KHTML, like Gecko; compatible; ClaudeBot/1.0; +claudebot@anthropic.com)"
3.15.240.39 - - [14/Apr/2025:10:53:36 -0400] "GET /ad917/?path=%2Fhome%2F.%2F..%2Fusr%2Flib64%2F.%2Fsssd%2F..%2Flibparted.so.2 HTTP/1.1" 200 966 "-" "Mozilla/5.0 AppleWebKit/537.36 (KHTML, like Gecko; compatible; ClaudeBot/1.0; +claudebot@anthropic.com)"
40.77.167.32 - - [14/Apr/2025:10:53:37 -0400] "GET /item/ve/hardfeatured8049552.shtml HTTP/1.1" 200 26537 "-" "Mozilla/5.0 AppleWebKit/537.36 (KHTML, like Gecko; compatible; bingbot/2.0; +http://www.bing.com/bingbot.htm) Chrome/116.0.1938.76 Safari/537.36"
40.77.167.149 - - [14/Apr/2025:10:53:38 -0400] "GET /shopdetail/oraculous39840322.shtml HTTP/1.1" 200 27142 "-" "Mozilla/5.0 AppleWebKit/537.36 (KHTML, like Gecko; compatible; bingbot/2.0; +http://www.bing.com/bingbot.htm) Chrome/116.0.1938.76 Safari/537.36"
3.15.240.39 - - [14/Apr/2025:10:53:39 -0400] "GET /ad917/?path=%2Fhome%2F.%2F..%2Fusr%2Flib64%2F.%2Fsssd%2F..%2Flibasprintf.so HTTP/1.1" 200 967 "-" "Mozilla/5.0 AppleWebKit/537.36 (KHTML, like Gecko; compatible; ClaudeBot/1.0; +claudebot@anthropic.com)"
66.249.77.40 - - [14/Apr/2025:10:53:39 -0400] "GET /entity/mk/artemisa15518474.shtml HTTP/1.1" 200 27155 "-" "Mozilla/5.0 (Linux; Android 6.0.1; Nexus 5X Build/MMB29P) AppleWebKit/537.36 (KHTML, like Gecko) Chrome/135.0.7049.52 Mobile Safari/537.36 (compatible; GoogleOther)"
3.15.240.39 - - [14/Apr/2025:10:53:42 -0400] "GET /ad917/?path=%2Fhome%2F.%2F..%2Fusr%2Flib64%2F.%2Fsssd%2F..%2Flibpcre2-16.so HTTP/1.1" 200 967 "-" "Mozilla/5.0 AppleWebKit/537.36 (KHTML, like Gecko; compatible; ClaudeBot/1.0; +claudebot@anthropic.com)"
3.15.240.39 - - [14/Apr/2025:10:53:45 -0400] "GET /ad917/?path=%2Fhome%2F.%2F..%2Fusr%2Flib64%2F.%2Fsssd%2F..%2Flibext2fs.so.2 HTTP/1.1" 200 968 "-" "Mozilla/5.0 AppleWebKit/537.36 (KHTML, like Gecko; compatible; ClaudeBot/1.0; +claudebot@anthropic.com)"
3.15.240.39 - - [14/Apr/2025:10:53:48 -0400] "GET /ad917/?path=%2Fhome%2F.%2F..%2Fusr%2Flib64%2F.%2Fsssd%2F..%2FlibSM.so.6.0.1 HTTP/1.1" 200 968 "-" "Mozilla/5.0 AppleWebKit/537.36 (KHTML, like Gecko; compatible; ClaudeBot/1.0; +claudebot@anthropic.com)"
52.167.144.212 - - [14/Apr/2025:10:53:47 -0400] "GET /item/kreosote/106723828.shtml HTTP/1.1" 200 27450 "-" "Mozilla/5.0 AppleWebKit/537.36 (KHTML, like Gecko; compatible; bingbot/2.0; +http://www.bing.com/bingbot.htm) Chrome/116.0.1938.76 Safari/537.36"
66.249.77.40 - - [14/Apr/2025:10:53:50 -0400] "GET /items/t/docility111781824.shtml HTTP/1.1" 200 26802 "-" "Mozilla/5.0 (Linux; Android 6.0.1; Nexus 5X Build/MMB29P) AppleWebKit/537.36 (KHTML, like Gecko) Chrome/135.0.7049.52 Mobile Safari/537.36 (compatible; GoogleOther)"
3.15.240.39 - - [14/Apr/2025:10:53:51 -0400] "GET /ad917/?path=%2Fhome%2F.%2F..%2Fusr%2Flib64%2F.%2Fsssd%2F..%2Flibxcb-dri2.so HTTP/1.1" 200 967 "-" "Mozilla/5.0 AppleWebKit/537.36 (KHTML, like Gecko; compatible; ClaudeBot/1.0; +claudebot@anthropic.com)"
3.15.240.39 - - [14/Apr/2025:10:53:54 -0400] "GET /ad917/?path=%2Fhome%2F.%2F..%2Fusr%2Flib64%2F.%2Fsssd%2F..%2Flibxcb-dri3.so HTTP/1.1" 200 967 "-" "Mozilla/5.0 AppleWebKit/537.36 (KHTML, like Gecko; compatible; ClaudeBot/1.0; +claudebot@anthropic.com)"
3.15.240.39 - - [14/Apr/2025:10:53:57 -0400] "GET /ad917/?path=%2Fhome%2F.%2F..%2Fusr%2Flib64%2F.%2Fsssd%2F..%2Flibruby.so.2.5 HTTP/1.1" 200 968 "-" "Mozilla/5.0 AppleWebKit/537.36 (KHTML, like Gecko; compatible; ClaudeBot/1.0; +claudebot@anthropic.com)"
40.77.167.32 - - [14/Apr/2025:10:53:58 -0400] "GET /info/beseech121717070.shtml HTTP/1.1" 200 25385 "-" "Mozilla/5.0 AppleWebKit/537.36 (KHTML, like Gecko; compatible; bingbot/2.0; +http://www.bing.com/bingbot.htm) Chrome/116.0.1938.76 Safari/537.36"
3.15.240.39 - - [14/Apr/2025:10:54:00 -0400] "GET /ad917/?path=%2Fhome%2F.%2F..%2Fusr%2Flib64%2F.%2Fsssd%2F..%2Flibicuuc.so.60 HTTP/1.1" 200 968 "-" "Mozilla/5.0 AppleWebKit/537.36 (KHTML, like Gecko; compatible; ClaudeBot/1.0; +claudebot@anthropic.com)"
66.249.77.41 - - [14/Apr/2025:10:54:00 -0400] "GET /entity/meliorated77531932.shtml HTTP/1.1" 200 30745 "-" "Mozilla/5.0 (Linux; Android 6.0.1; Nexus 5X Build/MMB29P) AppleWebKit/537.36 (KHTML, like Gecko) Chrome/135.0.7049.52 Mobile Safari/537.36 (compatible; GoogleOther)"
66.249.77.40 - - [14/Apr/2025:10:54:01 -0400] "GET /detail/ni/attinge/93914348.shtml HTTP/1.1" 200 25076 "-" "Mozilla/5.0 (Linux; Android 6.0.1; Nexus 5X Build/MMB29P) AppleWebKit/537.36 (KHTML, like Gecko) Chrome/135.0.7049.52 Mobile Safari/537.36 (compatible; GoogleOther)"
3.15.240.39 - - [14/Apr/2025:10:54:03 -0400] "GET /ad917/?path=%2Fhome%2F.%2F..%2Fusr%2Flib64%2F.%2Fsssd%2F..%2Flibmemusage.so HTTP/1.1" 200 967 "-" "Mozilla/5.0 AppleWebKit/537.36 (KHTML, like Gecko; compatible; ClaudeBot/1.0; +claudebot@anthropic.com)"
52.167.144.212 - - [14/Apr/2025:10:54:02 -0400] "GET /goods/i/chishona39793530.shtml HTTP/1.1" 200 26569 "-" "Mozilla/5.0 AppleWebKit/537.36 (KHTML, like Gecko; compatible; bingbot/2.0; +http://www.bing.com/bingbot.htm) Chrome/116.0.1938.76 Safari/537.36"
3.15.240.39 - - [14/Apr/2025:10:54:06 -0400] "GET /ad917/?path=%2Fhome%2F.%2F..%2Fusr%2Flib64%2F.%2Fsssd%2F..%2Flibrecode.so.0 HTTP/1.1" 200 966 "-" "Mozilla/5.0 AppleWebKit/537.36 (KHTML, like Gecko; compatible; ClaudeBot/1.0; +claudebot@anthropic.com)"
3.15.240.39 - - [14/Apr/2025:10:54:09 -0400] "GET /ad917/?path=%2Fhome%2F.%2F..%2Fusr%2Flib64%2F.%2Fsssd%2F..%2Flibk5crypto.so HTTP/1.1" 200 968 "-" "Mozilla/5.0 AppleWebKit/537.36 (KHTML, like Gecko; compatible; ClaudeBot/1.0; +claudebot@anthropic.com)"
40.77.167.149 - - [14/Apr/2025:10:54:08 -0400] "GET /shopdetail/k/lumbering/61743826.shtml HTTP/1.1" 200 29472 "-" "Mozilla/5.0 AppleWebKit/537.36 (KHTML, like Gecko; compatible; bingbot/2.0; +http://www.bing.com/bingbot.htm) Chrome/116.0.1938.76 Safari/537.36"
3.15.240.39 - - [14/Apr/2025:10:54:12 -0400] "GET /ad917/?path=%2Fhome%2F.%2F..%2Fusr%2Flib64%2F.%2Fsssd%2F..%2Flibwsutil.so.9 HTTP/1.1" 200 967 "-" "Mozilla/5.0 AppleWebKit/537.36 (KHTML, like Gecko; compatible; ClaudeBot/1.0; +claudebot@anthropic.com)"
66.249.77.41 - - [14/Apr/2025:10:54:13 -0400] "GET /item/iy/forenoon/16302362.shtml HTTP/1.1" 200 28402 "-" "Mozilla/5.0 (Linux; Android 6.0.1; Nexus 5X Build/MMB29P) AppleWebKit/537.36 (KHTML, like Gecko) Chrome/135.0.7049.52 Mobile Safari/537.36 (compatible; GoogleOther)"
3.15.240.39 - - [14/Apr/2025:10:54:15 -0400] "GET /ad917/?path=%2Fhome%2F.%2F..%2Fusr%2Flib64%2F.%2Fsssd%2F..%2FlibQt5Xml.so.5 HTTP/1.1" 200 970 "-" "Mozilla/5.0 AppleWebKit/537.36 (KHTML, like Gecko; compatible; ClaudeBot/1.0; +claudebot@anthropic.com)"
66.249.77.40 - - [14/Apr/2025:10:54:17 -0400] "GET /entity/topaz9745558.shtml HTTP/1.1" 200 27225 "-" "Mozilla/5.0 (Linux; Android 6.0.1; Nexus 5X Build/MMB29P) AppleWebKit/537.36 (KHTML, like Gecko) Chrome/135.0.7049.52 Mobile Safari/537.36 (compatible; GoogleOther)"
3.15.240.39 - - [14/Apr/2025:10:54:18 -0400] "GET /ad917/?path=%2Fhome%2F.%2F..%2Fusr%2Flib64%2F.%2Fsssd%2F..%2Flibmcrypt.so.4 HTTP/1.1" 200 967 "-" "Mozilla/5.0 AppleWebKit/537.36 (KHTML, like Gecko; compatible; ClaudeBot/1.0; +claudebot@anthropic.com)"
40.77.167.149 - - [14/Apr/2025:10:54:18 -0400] "GET /item/growled/68414152.shtml HTTP/1.1" 200 26028 "-" "Mozilla/5.0 AppleWebKit/537.36 (KHTML, like Gecko; compatible; bingbot/2.0; +http://www.bing.com/bingbot.htm) Chrome/116.0.1938.76 Safari/537.36"
3.15.240.39 - - [14/Apr/2025:10:54:21 -0400] "GET /ad917/?path=%2Fhome%2F.%2F..%2Fusr%2Flib64%2F.%2Fsssd%2F..%2Flibgovernor.so HTTP/1.1" 200 967 "-" "Mozilla/5.0 AppleWebKit/537.36 (KHTML, like Gecko; compatible; ClaudeBot/1.0; +claudebot@anthropic.com)"
3.15.240.39 - - [14/Apr/2025:10:54:24 -0400] "GET /ad917/?path=%2Fhome%2F.%2F..%2Fusr%2Flib64%2F.%2Fsssd%2F..%2Flibstdc++.so.6 HTTP/1.1" 200 1226 "-" "Mozilla/5.0 AppleWebKit/537.36 (KHTML, like Gecko; compatible; ClaudeBot/1.0; +claudebot@anthropic.com)"
3.15.240.39 - - [14/Apr/2025:10:54:27 -0400] "GET /ad917/?path=%2Fhome%2F.%2F..%2Fusr%2Flib64%2F.%2Fsssd%2F..%2Flibipset.so.13 HTTP/1.1" 200 966 "-" "Mozilla/5.0 AppleWebKit/537.36 (KHTML, like Gecko; compatible; ClaudeBot/1.0; +claudebot@anthropic.com)"
40.77.167.32 - - [14/Apr/2025:10:54:27 -0400] "GET /shopping5173876.shtml HTTP/1.1" 200 25341 "-" "Mozilla/5.0 AppleWebKit/537.36 (KHTML, like Gecko; compatible; bingbot/2.0; +http://www.bing.com/bingbot.htm) Chrome/116.0.1938.76 Safari/537.36"
3.15.240.39 - - [14/Apr/2025:10:54:30 -0400] "GET /ad917/?path=%2Fhome%2F.%2F..%2Fusr%2Flib64%2F.%2Fsssd%2F..%2FlibsapdbS.so.2 HTTP/1.1" 200 966 "-" "Mozilla/5.0 AppleWebKit/537.36 (KHTML, like Gecko; compatible; ClaudeBot/1.0; +claudebot@anthropic.com)"
20.15.133.175 - - [14/Apr/2025:10:54:31 -0400] "GET /items/iu/probality76151654.shtml HTTP/1.1" 200 26657 "-" "Mozilla/5.0 AppleWebKit/537.36 (KHTML, like Gecko; compatible; bingbot/2.0; +http://www.bing.com/bingbot.htm) Chrome/116.0.1938.76 Safari/537.36"
3.15.240.39 - - [14/Apr/2025:10:54:33 -0400] "GET /ad917/?path=%2Fhome%2F.%2F..%2Fusr%2Flib64%2F.%2Fsssd%2F..%2Flibcgraph.so.6 HTTP/1.1" 200 966 "-" "Mozilla/5.0 AppleWebKit/537.36 (KHTML, like Gecko; compatible; ClaudeBot/1.0; +claudebot@anthropic.com)"
3.15.240.39 - - [14/Apr/2025:10:54:36 -0400] "GET /ad917/?path=%2Fhome%2F.%2F..%2Fusr%2Flib64%2F.%2Fsssd%2F..%2FlibXv.so.1.0.0 HTTP/1.1" 200 966 "-" "Mozilla/5.0 AppleWebKit/537.36 (KHTML, like Gecko; compatible; ClaudeBot/1.0; +claudebot@anthropic.com)"
40.77.167.149 - - [14/Apr/2025:10:54:36 -0400] "GET /products/featherhead/13109590.shtml HTTP/1.1" 200 27326 "-" "Mozilla/5.0 AppleWebKit/537.36 (KHTML, like Gecko; compatible; bingbot/2.0; +http://www.bing.com/bingbot.htm) Chrome/116.0.1938.76 Safari/537.36"
40.77.167.32 - - [14/Apr/2025:10:54:37 -0400] "GET /shopping/97307428.shtml HTTP/1.1" 200 26668 "-" "Mozilla/5.0 AppleWebKit/537.36 (KHTML, like Gecko; compatible; bingbot/2.0; +http://www.bing.com/bingbot.htm) Chrome/116.0.1938.76 Safari/537.36"
3.15.240.39 - - [14/Apr/2025:10:54:39 -0400] "GET /ad917/?path=%2Fhome%2F.%2F..%2Fusr%2Flib64%2F.%2Fsssd%2F..%2FlibGLESv2.so.2 HTTP/1.1" 200 970 "-" "Mozilla/5.0 AppleWebKit/537.36 (KHTML, like Gecko; compatible; ClaudeBot/1.0; +claudebot@anthropic.com)"
40.77.167.149 - - [14/Apr/2025:10:54:40 -0400] "GET /special/la/butcherliness/96883332.shtml HTTP/1.1" 200 25902 "-" "Mozilla/5.0 AppleWebKit/537.36 (KHTML, like Gecko; compatible; bingbot/2.0; +http://www.bing.com/bingbot.htm) Chrome/116.0.1938.76 Safari/537.36"
66.249.77.40 - - [14/Apr/2025:10:54:41 -0400] "GET /goodscode/mew/interpreted/44618154.shtml HTTP/1.1" 200 29909 "-" "Mozilla/5.0 (Linux; Android 6.0.1; Nexus 5X Build/MMB29P) AppleWebKit/537.36 (KHTML, like Gecko) Chrome/135.0.7049.52 Mobile Safari/537.36 (compatible; GoogleOther)"
3.15.240.39 - - [14/Apr/2025:10:54:42 -0400] "GET /ad917/?path=%2Fhome%2F.%2F..%2Fusr%2Flib64%2F.%2Fsssd%2F..%2Flibinput.so.10 HTTP/1.1" 200 963 "-" "Mozilla/5.0 AppleWebKit/537.36 (KHTML, like Gecko; compatible; ClaudeBot/1.0; +claudebot@anthropic.com)"
3.15.240.39 - - [14/Apr/2025:10:54:45 -0400] "GET /ad917/?path=%2Fhome%2F.%2F..%2Fusr%2Flib64%2F.%2Fsssd%2F..%2Flibgd.so.3.0.5 HTTP/1.1" 200 966 "-" "Mozilla/5.0 AppleWebKit/537.36 (KHTML, like Gecko; compatible; ClaudeBot/1.0; +claudebot@anthropic.com)"
40.77.167.47 - - [14/Apr/2025:10:54:46 -0400] "GET /products/ni/saying99381992.shtml HTTP/1.1" 200 31514 "-" "Mozilla/5.0 AppleWebKit/537.36 (KHTML, like Gecko; compatible; bingbot/2.0; +http://www.bing.com/bingbot.htm) Chrome/116.0.1938.76 Safari/537.36"
3.15.240.39 - - [14/Apr/2025:10:54:48 -0400] "GET /ad917/?path=%2Fhome%2F.%2F..%2Fusr%2Flib64%2F.%2Fsssd%2F..%2Flibodbccr.so.2 HTTP/1.1" 200 967 "-" "Mozilla/5.0 AppleWebKit/537.36 (KHTML, like Gecko; compatible; ClaudeBot/1.0; +claudebot@anthropic.com)"
66.249.77.40 - - [14/Apr/2025:10:54:48 -0400] "GET /special/nativeness/1518380.shtml HTTP/1.1" 200 25729 "-" "Mozilla/5.0 (Linux; Android 6.0.1; Nexus 5X Build/MMB29P) AppleWebKit/537.36 (KHTML, like Gecko) Chrome/135.0.7049.52 Mobile Safari/537.36 (compatible; GoogleOther)"
40.77.167.47 - - [14/Apr/2025:10:54:50 -0400] "GET /goodscode/beater/63185514.shtml HTTP/1.1" 200 25604 "-" "Mozilla/5.0 AppleWebKit/537.36 (KHTML, like Gecko; compatible; bingbot/2.0; +http://www.bing.com/bingbot.htm) Chrome/116.0.1938.76 Safari/537.36"
40.77.167.32 - - [14/Apr/2025:10:54:57 -0400] "GET /shopping89936444.shtml HTTP/1.1" 200 30243 "-" "Mozilla/5.0 AppleWebKit/537.36 (KHTML, like Gecko; compatible; bingbot/2.0; +http://www.bing.com/bingbot.htm) Chrome/116.0.1938.76 Safari/537.36"
40.77.167.32 - - [14/Apr/2025:10:55:06 -0400] "GET /special646800.shtml HTTP/1.1" 200 27564 "-" "Mozilla/5.0 AppleWebKit/537.36 (KHTML, like Gecko; compatible; bingbot/2.0; +http://www.bing.com/bingbot.htm) Chrome/116.0.1938.76 Safari/537.36"
66.249.77.42 - - [14/Apr/2025:10:55:08 -0400] "GET /shopbrand/a/fleeten/75248250.shtml HTTP/1.1" 200 27061 "-" "Mozilla/5.0 (Linux; Android 6.0.1; Nexus 5X Build/MMB29P) AppleWebKit/537.36 (KHTML, like Gecko) Chrome/135.0.7049.52 Mobile Safari/537.36 (compatible; GoogleOther)"
40.77.167.32 - - [14/Apr/2025:10:55:11 -0400] "GET /detail18832040.shtml HTTP/1.1" 200 26953 "-" "Mozilla/5.0 AppleWebKit/537.36 (KHTML, like Gecko; compatible; bingbot/2.0; +http://www.bing.com/bingbot.htm) Chrome/116.0.1938.76 Safari/537.36"
18.222.23.166 - - [14/Apr/2025:10:55:12 -0400] "GET /ad917/?path=%2Fhome%2F.%2F..%2Flib%2Flocale%2F..%2F..%2Flib64%2Flibuuid.so.1 HTTP/1.1" 200 970 "-" "Mozilla/5.0 AppleWebKit/537.36 (KHTML, like Gecko; compatible; ClaudeBot/1.0; +claudebot@anthropic.com)"
18.222.23.166 - - [14/Apr/2025:10:55:15 -0400] "GET /ad917/?path=%2Fhome%2F.%2F..%2Fusr%2Fshare%2F.%2Fsnmp%2Fmibs%2FSNMPv2-TC.txt HTTP/1.1" 200 10520 "-" "Mozilla/5.0 AppleWebKit/537.36 (KHTML, like Gecko; compatible; ClaudeBot/1.0; +claudebot@anthropic.com)"
66.249.77.40 - - [14/Apr/2025:10:55:15 -0400] "GET /entity/ckg/enfiercing/2708894.shtml HTTP/1.1" 200 28428 "-" "Mozilla/5.0 (Linux; Android 6.0.1; Nexus 5X Build/MMB29P) AppleWebKit/537.36 (KHTML, like Gecko) Chrome/135.0.7049.52 Mobile Safari/537.36 (compatible; GoogleOther)"
18.222.23.166 - - [14/Apr/2025:10:55:18 -0400] "GET /ad917/?path=%2Fhome%2F.%2F..%2Flib%2Flocale%2F..%2F..%2Flib64%2FlibtdsS.so.2 HTTP/1.1" 200 972 "-" "Mozilla/5.0 AppleWebKit/537.36 (KHTML, like Gecko; compatible; ClaudeBot/1.0; +claudebot@anthropic.com)"
52.167.144.212 - - [14/Apr/2025:10:55:18 -0400] "GET /shopdetail25886868.shtml HTTP/1.1" 200 25593 "-" "Mozilla/5.0 AppleWebKit/537.36 (KHTML, like Gecko; compatible; bingbot/2.0; +http://www.bing.com/bingbot.htm) Chrome/116.0.1938.76 Safari/537.36"
40.77.167.47 - - [14/Apr/2025:10:55:20 -0400] "GET /product/lm/ordal2508388.shtml HTTP/1.1" 200 25400 "-" "Mozilla/5.0 AppleWebKit/537.36 (KHTML, like Gecko; compatible; bingbot/2.0; +http://www.bing.com/bingbot.htm) Chrome/116.0.1938.76 Safari/537.36"
18.222.23.166 - - [14/Apr/2025:10:55:21 -0400] "GET /ad917/?path=%2Fhome%2F.%2F..%2Flib%2Flocale%2F..%2F..%2Flib64%2Flibisl.so.15 HTTP/1.1" 200 970 "-" "Mozilla/5.0 AppleWebKit/537.36 (KHTML, like Gecko; compatible; ClaudeBot/1.0; +claudebot@anthropic.com)"
52.167.144.212 - - [14/Apr/2025:10:55:23 -0400] "GET /shopping/m/lifestring40422610.shtml HTTP/1.1" 200 28601 "-" "Mozilla/5.0 AppleWebKit/537.36 (KHTML, like Gecko; compatible; bingbot/2.0; +http://www.bing.com/bingbot.htm) Chrome/116.0.1938.76 Safari/537.36"
18.222.23.166 - - [14/Apr/2025:10:55:24 -0400] "GET /ad917/?path=%2Fhome%2F.%2F..%2Flib%2Flocale%2F..%2F..%2Flib64%2Flibpcre.so.1 HTTP/1.1" 200 970 "-" "Mozilla/5.0 AppleWebKit/537.36 (KHTML, like Gecko; compatible; ClaudeBot/1.0; +claudebot@anthropic.com)"
18.222.23.166 - - [14/Apr/2025:10:55:45 -0400] "GET /ad917/?path=%2Fhome%2F.%2F..%2Flib%2Flocale%2F..%2F..%2Flib64%2Flibxdot.so.4 HTTP/1.1" 200 971 "-" "Mozilla/5.0 AppleWebKit/537.36 (KHTML, like Gecko; compatible; ClaudeBot/1.0; +claudebot@anthropic.com)"
40.77.167.32 - - [14/Apr/2025:10:55:47 -0400] "GET /product/65435328.shtml HTTP/1.1" 200 25776 "-" "Mozilla/5.0 AppleWebKit/537.36 (KHTML, like Gecko; compatible; bingbot/2.0; +http://www.bing.com/bingbot.htm) Chrome/116.0.1938.76 Safari/537.36"
40.77.167.47 - - [14/Apr/2025:10:55:47 -0400] "GET /goods76299972.shtml HTTP/1.1" 200 26397 "-" "Mozilla/5.0 AppleWebKit/537.36 (KHTML, like Gecko; compatible; bingbot/2.0; +http://www.bing.com/bingbot.htm) Chrome/116.0.1938.76 Safari/537.36"
18.222.23.166 - - [14/Apr/2025:10:55:48 -0400] "GET /ad917/?path=%2Fhome%2F.%2F..%2Flib%2Flocale%2F..%2F..%2Flib64%2Flibisl.so.13 HTTP/1.1" 200 970 "-" "Mozilla/5.0 AppleWebKit/537.36 (KHTML, like Gecko; compatible; ClaudeBot/1.0; +claudebot@anthropic.com)"
198.54.116.86 - - [14/Apr/2025:10:55:49 -0400] "POST /wp-cron.php?doing_wp_cron=1744642549.2061729431152343750000 HTTP/1.1" 200 0 "-" "WordPress/6.7.2; https://servethepeopleinc.org"
45.61.184.34 - - [14/Apr/2025:10:55:49 -0400] "GET /wp-login.php HTTP/1.1" 200 6169 "-" "Mozilla/5.0 (Windows NT 6.3; WOW64) AppleWebKit/537.36 (KHTML, like Gecko) Chrome/35.0.1916.153 Safari/537.36"
198.54.116.86 - - [14/Apr/2025:10:55:49 -0400] "POST /wp-admin/admin-ajax.php?action=async_litespeed&nonce=XYJ9D2ier3LvXHaXZJ4n8kf4AnhL4Em6&litespeed_type=imgoptm HTTP/1.1" 200 21 "-" "WordPress/6.7.2; https://servethepeopleinc.org"
45.61.184.34 - - [14/Apr/2025:10:55:49 -0400] "POST /wp-login.php HTTP/1.1" 200 6688 "-" "Mozilla/5.0 (Windows NT 6.3; WOW64) AppleWebKit/537.36 (KHTML, like Gecko) Chrome/35.0.1916.153 Safari/537.36"
40.77.167.32 - - [14/Apr/2025:10:55:49 -0400] "GET /info/cnidocell108305164.shtml HTTP/1.1" 200 27477 "-" "Mozilla/5.0 AppleWebKit/537.36 (KHTML, like Gecko; compatible; bingbot/2.0; +http://www.bing.com/bingbot.htm) Chrome/116.0.1938.76 Safari/537.36"
18.222.23.166 - - [14/Apr/2025:10:55:51 -0400] "GET /ad917/?path=%2Fhome%2F.%2F..%2Flib%2Flocale%2F..%2F..%2Flib64%2Flibuser.so.1 HTTP/1.1" 200 970 "-" "Mozilla/5.0 AppleWebKit/537.36 (KHTML, like Gecko; compatible; ClaudeBot/1.0; +claudebot@anthropic.com)"
66.249.77.40 - - [14/Apr/2025:10:55:53 -0400] "GET /products43708744.shtml HTTP/1.1" 200 25670 "-" "Mozilla/5.0 (Linux; Android 6.0.1; Nexus 5X Build/MMB29P) AppleWebKit/537.36 (KHTML, like Gecko) Chrome/135.0.7049.52 Mobile Safari/537.36 (compatible; GoogleOther)"
18.222.23.166 - - [14/Apr/2025:10:55:54 -0400] "GET /ad917/?path=%2Fhome%2F.%2F..%2Flib%2Flocale%2F..%2F..%2Flib64%2Flibxml2.so.2 HTTP/1.1" 200 970 "-" "Mozilla/5.0 AppleWebKit/537.36 (KHTML, like Gecko; compatible; ClaudeBot/1.0; +claudebot@anthropic.com)"
18.222.23.166 - - [14/Apr/2025:10:55:57 -0400] "GET /ad917/?path=%2Fhome%2F.%2F..%2Flib%2Flocale%2F..%2F..%2Flib64%2Flibpamc.so.0 HTTP/1.1" 200 970 "-" "Mozilla/5.0 AppleWebKit/537.36 (KHTML, like Gecko; compatible; ClaudeBot/1.0; +claudebot@anthropic.com)"
18.222.23.166 - - [14/Apr/2025:10:56:00 -0400] "GET /ad917/?path=%2Fhome%2F.%2F..%2Flib%2Flocale%2F..%2F..%2Flib64%2Flibudev.so.1 HTTP/1.1" 200 970 "-" "Mozilla/5.0 AppleWebKit/537.36 (KHTML, like Gecko; compatible; ClaudeBot/1.0; +claudebot@anthropic.com)"
18.222.23.166 - - [14/Apr/2025:10:56:03 -0400] "GET /ad917/?path=%2Fhome%2F.%2F..%2Flib%2Flocale%2F..%2F..%2Flib64%2Flibsrtp.so.1 HTTP/1.1" 200 969 "-" "Mozilla/5.0 AppleWebKit/537.36 (KHTML, like Gecko; compatible; ClaudeBot/1.0; +claudebot@anthropic.com)"
66.249.77.41 - - [14/Apr/2025:10:56:02 -0400] "GET /products/b/blackletter/44834980.shtml HTTP/1.1" 200 27031 "-" "Mozilla/5.0 (Linux; Android 6.0.1; Nexus 5X Build/MMB29P) AppleWebKit/537.36 (KHTML, like Gecko) Chrome/135.0.7049.52 Mobile Safari/537.36 (compatible; GoogleOther)"
18.222.23.166 - - [14/Apr/2025:10:56:06 -0400] "GET /ad917/?path=%2Fhome%2F.%2F..%2Flib%2Flocale%2F..%2F..%2Flib64%2Flibtcl8.6.so HTTP/1.1" 200 970 "-" "Mozilla/5.0 AppleWebKit/537.36 (KHTML, like Gecko; compatible; ClaudeBot/1.0; +claudebot@anthropic.com)"
18.222.23.166 - - [14/Apr/2025:10:56:09 -0400] "GET /ad917/?path=%2Fhome%2F.%2F..%2Flib%2Flocale%2F..%2F..%2Flib64%2Flibcrypto.so HTTP/1.1" 200 970 "-" "Mozilla/5.0 AppleWebKit/537.36 (KHTML, like Gecko; compatible; ClaudeBot/1.0; +claudebot@anthropic.com)"
18.222.23.166 - - [14/Apr/2025:10:56:12 -0400] "GET /ad917/?path=%2Fhome%2F.%2F..%2Flib%2Flocale%2F..%2F..%2Flib64%2Flibkmod.so.2 HTTP/1.1" 200 971 "-" "Mozilla/5.0 AppleWebKit/537.36 (KHTML, like Gecko; compatible; ClaudeBot/1.0; +claudebot@anthropic.com)"
66.249.77.40 - - [14/Apr/2025:10:56:13 -0400] "GET /entity/124912788.shtml HTTP/1.1" 200 26279 "-" "Mozilla/5.0 (Linux; Android 6.0.1; Nexus 5X Build/MMB29P) AppleWebKit/537.36 (KHTML, like Gecko) Chrome/135.0.7049.52 Mobile Safari/537.36 (compatible; GoogleOther)"
18.222.23.166 - - [14/Apr/2025:10:56:15 -0400] "GET /ad917/?path=%2Fhome%2F.%2F..%2Flib%2Flocale%2F..%2F..%2Flib64%2Flibss.so.2.0 HTTP/1.1" 200 968 "-" "Mozilla/5.0 AppleWebKit/537.36 (KHTML, like Gecko; compatible; ClaudeBot/1.0; +claudebot@anthropic.com)"
18.222.23.166 - - [14/Apr/2025:10:56:18 -0400] "GET /ad917/?path=%2Fhome%2F.%2F..%2Flib%2Flocale%2F..%2F..%2Flib64%2Flibpopt.so.0 HTTP/1.1" 200 970 "-" "Mozilla/5.0 AppleWebKit/537.36 (KHTML, like Gecko; compatible; ClaudeBot/1.0; +claudebot@anthropic.com)"
52.167.144.212 - - [14/Apr/2025:10:56:18 -0400] "GET /product/bagged117604032.shtml HTTP/1.1" 200 26665 "-" "Mozilla/5.0 AppleWebKit/537.36 (KHTML, like Gecko; compatible; bingbot/2.0; +http://www.bing.com/bingbot.htm) Chrome/116.0.1938.76 Safari/537.36"
18.222.23.166 - - [14/Apr/2025:10:56:21 -0400] "GET /ad917/?path=%2Fhome%2F.%2F..%2Flib%2Flocale%2F..%2F..%2Flib64%2Flibopus.so.0 HTTP/1.1" 200 970 "-" "Mozilla/5.0 AppleWebKit/537.36 (KHTML, like Gecko; compatible; ClaudeBot/1.0; +claudebot@anthropic.com)"
52.167.144.212 - - [14/Apr/2025:10:56:21 -0400] "GET /items/108652850.shtml HTTP/1.1" 200 25114 "-" "Mozilla/5.0 AppleWebKit/537.36 (KHTML, like Gecko; compatible; bingbot/2.0; +http://www.bing.com/bingbot.htm) Chrome/116.0.1938.76 Safari/537.36"
52.167.144.212 - - [14/Apr/2025:10:56:23 -0400] "GET /info5240168.shtml HTTP/1.1" 200 26007 "-" "Mozilla/5.0 AppleWebKit/537.36 (KHTML, like Gecko; compatible; bingbot/2.0; +http://www.bing.com/bingbot.htm) Chrome/116.0.1938.76 Safari/537.36"
18.222.23.166 - - [14/Apr/2025:10:56:24 -0400] "GET /ad917/?path=%2Fhome%2F.%2F..%2Flib%2Flocale%2F..%2F..%2Flib64%2Flibpmem.so.1 HTTP/1.1" 200 970 "-" "Mozilla/5.0 AppleWebKit/537.36 (KHTML, like Gecko; compatible; ClaudeBot/1.0; +claudebot@anthropic.com)"
18.222.23.166 - - [14/Apr/2025:10:56:27 -0400] "GET /ad917/?path=%2Fhome%2F.%2F..%2Flib%2Flocale%2F..%2F..%2Flib64%2Flibxcb-xv.so HTTP/1.1" 200 971 "-" "Mozilla/5.0 AppleWebKit/537.36 (KHTML, like Gecko; compatible; ClaudeBot/1.0; +claudebot@anthropic.com)"
18.222.23.166 - - [14/Apr/2025:10:56:30 -0400] "GET /ad917/?path=%2Fhome%2F.%2F..%2Flib%2Flocale%2F..%2F..%2Flib64%2Flibcord.so.1 HTTP/1.1" 200 970 "-" "Mozilla/5.0 AppleWebKit/537.36 (KHTML, like Gecko; compatible; ClaudeBot/1.0; +claudebot@anthropic.com)"
66.249.77.40 - - [14/Apr/2025:10:56:30 -0400] "GET /info/ewm/stultifying/91334606.shtml HTTP/1.1" 200 26325 "-" "Mozilla/5.0 (Linux; Android 6.0.1; Nexus 5X Build/MMB29P) AppleWebKit/537.36 (KHTML, like Gecko) Chrome/135.0.7049.52 Mobile Safari/537.36 (compatible; GoogleOther)"
66.249.77.40 - - [14/Apr/2025:10:56:31 -0400] "GET /goodscode/anybody/2183728.shtml HTTP/1.1" 200 25304 "-" "Mozilla/5.0 (Linux; Android 6.0.1; Nexus 5X Build/MMB29P) AppleWebKit/537.36 (KHTML, like Gecko) Chrome/135.0.7049.52 Mobile Safari/537.36 (compatible; GoogleOther)"
66.249.77.40 - - [14/Apr/2025:10:56:32 -0400] "GET /entity/112910512.shtml HTTP/1.1" 200 27272 "-" "Mozilla/5.0 (Linux; Android 6.0.1; Nexus 5X Build/MMB29P) AppleWebKit/537.36 (KHTML, like Gecko) Chrome/135.0.7049.52 Mobile Safari/537.36 (compatible; GoogleOther)"
18.222.23.166 - - [14/Apr/2025:10:56:33 -0400] "GET /ad917/?path=%2Fhome%2F.%2F..%2Flib%2Flocale%2F..%2F..%2Flib64%2Flibodbc.so.2 HTTP/1.1" 200 970 "-" "Mozilla/5.0 AppleWebKit/537.36 (KHTML, like Gecko; compatible; ClaudeBot/1.0; +claudebot@anthropic.com)"
18.222.23.166 - - [14/Apr/2025:10:56:36 -0400] "GET /ad917/?path=%2Fhome%2F.%2F..%2Flib%2Flocale%2F..%2F..%2Flib64%2Flibestr.so.0 HTTP/1.1" 200 969 "-" "Mozilla/5.0 AppleWebKit/537.36 (KHTML, like Gecko; compatible; ClaudeBot/1.0; +claudebot@anthropic.com)"
18.222.23.166 - - [14/Apr/2025:10:56:39 -0400] "GET /ad917/?path=%2Fhome%2F.%2F..%2Flib%2Flocale%2F..%2F..%2Flib64%2Flibidn.so.11 HTTP/1.1" 200 970 "-" "Mozilla/5.0 AppleWebKit/537.36 (KHTML, like Gecko; compatible; ClaudeBot/1.0; +claudebot@anthropic.com)"
18.222.23.166 - - [14/Apr/2025:10:56:42 -0400] "GET /ad917/?path=%2Fhome%2F.%2F..%2Flib%2Flocale%2F..%2F..%2Flib64%2Flibgvpr.so.2 HTTP/1.1" 200 971 "-" "Mozilla/5.0 AppleWebKit/537.36 (KHTML, like Gecko; compatible; ClaudeBot/1.0; +claudebot@anthropic.com)"
18.222.23.166 - - [14/Apr/2025:10:56:45 -0400] "GET /ad917/?path=%2Fhome%2F.%2F..%2Flib%2Flocale%2F..%2F..%2Flib64%2Flibpcre16.so HTTP/1.1" 200 970 "-" "Mozilla/5.0 AppleWebKit/537.36 (KHTML, like Gecko; compatible; ClaudeBot/1.0; +claudebot@anthropic.com)"
40.77.167.47 - - [14/Apr/2025:10:56:47 -0400] "GET /goodscode/longhorn/52004484.shtml HTTP/1.1" 200 27770 "-" "Mozilla/5.0 AppleWebKit/537.36 (KHTML, like Gecko; compatible; bingbot/2.0; +http://www.bing.com/bingbot.htm) Chrome/116.0.1938.76 Safari/537.36"
18.222.23.166 - - [14/Apr/2025:10:56:48 -0400] "GET /ad917/?path=%2Fhome%2F.%2F..%2Flib%2Flocale%2F..%2F..%2Flib64%2Flibsolv.so.1 HTTP/1.1" 200 969 "-" "Mozilla/5.0 AppleWebKit/537.36 (KHTML, like Gecko; compatible; ClaudeBot/1.0; +claudebot@anthropic.com)"
198.54.116.86 - - [14/Apr/2025:10:56:48 -0400] "POST /wp-cron.php?doing_wp_cron=1744642608.5049641132354736328125 HTTP/1.1" 200 0 "-" "WordPress/6.7.2; https://servethepeopleinc.org"
198.98.62.50 - - [14/Apr/2025:10:56:48 -0400] "GET /wp-login.php HTTP/1.1" 200 6169 "-" "Mozilla/5.0 (Macintosh; Intel Mac OS X 10.8; rv:30.0) Gecko/20100101 Firefox/30.0"
40.77.167.32 - - [14/Apr/2025:10:56:48 -0400] "GET /entity/t/haematogenesis95434664.shtml HTTP/1.1" 200 26353 "-" "Mozilla/5.0 AppleWebKit/537.36 (KHTML, like Gecko; compatible; bingbot/2.0; +http://www.bing.com/bingbot.htm) Chrome/116.0.1938.76 Safari/537.36"
198.98.62.50 - - [14/Apr/2025:10:56:48 -0400] "POST /wp-login.php HTTP/1.1" 200 6652 "-" "Mozilla/5.0 (Macintosh; Intel Mac OS X 10.8; rv:30.0) Gecko/20100101 Firefox/30.0"
198.54.116.86 - - [14/Apr/2025:10:56:48 -0400] "POST /wp-admin/admin-ajax.php?action=async_litespeed&nonce=30PVaX36M0g5eGaXne3YTY8OKCpoGf9x&litespeed_type=imgoptm HTTP/1.1" 200 21 "-" "WordPress/6.7.2; https://servethepeopleinc.org"
18.222.23.166 - - [14/Apr/2025:10:56:51 -0400] "GET /ad917/?path=%2Fhome%2F.%2F..%2Flib%2Flocale%2F..%2F..%2Flib64%2Flibssl.so.10 HTTP/1.1" 200 968 "-" "Mozilla/5.0 AppleWebKit/537.36 (KHTML, like Gecko; compatible; ClaudeBot/1.0; +claudebot@anthropic.com)"
66.249.77.40 - - [14/Apr/2025:10:56:51 -0400] "GET /detail/eim/fimbriated/121389722.shtml HTTP/1.1" 200 26989 "-" "Mozilla/5.0 (Linux; Android 6.0.1; Nexus 5X Build/MMB29P) AppleWebKit/537.36 (KHTML, like Gecko) Chrome/135.0.7049.52 Mobile Safari/537.36 (compatible; GoogleOther)"
18.222.23.166 - - [14/Apr/2025:10:56:54 -0400] "GET /ad917/?path=%2Fhome%2F.%2F..%2Flib%2Flocale%2F..%2F..%2Flib64%2Flibcurl.so.4 HTTP/1.1" 200 971 "-" "Mozilla/5.0 AppleWebKit/537.36 (KHTML, like Gecko; compatible; ClaudeBot/1.0; +claudebot@anthropic.com)"
66.249.77.40 - - [14/Apr/2025:10:55:26 -0400] "GET /special/irreverence/83567610.shtml HTTP/1.1" 200 28493 "-" "Mozilla/5.0 (Linux; Android 6.0.1; Nexus 5X Build/MMB29P) AppleWebKit/537.36 (KHTML, like Gecko) Chrome/135.0.7049.52 Mobile Safari/537.36 (compatible; GoogleOther)"
18.222.23.166 - - [14/Apr/2025:10:55:27 -0400] "GET /ad917/?path=%2Fhome%2F.%2F..%2Flib%2Flocale%2F..%2F..%2Flib64%2Flibnpth.so.0 HTTP/1.1" 200 971 "-" "Mozilla/5.0 AppleWebKit/537.36 (KHTML, like Gecko; compatible; ClaudeBot/1.0; +claudebot@anthropic.com)"
18.222.23.166 - - [14/Apr/2025:10:55:30 -0400] "GET /ad917/?path=%2Fhome%2F.%2F..%2Flib%2Flocale%2F..%2F..%2Flib64%2Ftd-agent-bit HTTP/1.1" 200 1538 "-" "Mozilla/5.0 AppleWebKit/537.36 (KHTML, like Gecko; compatible; ClaudeBot/1.0; +claudebot@anthropic.com)"
52.167.144.212 - - [14/Apr/2025:10:55:30 -0400] "GET /product/spitvenom/88630076.shtml HTTP/1.1" 200 28400 "-" "Mozilla/5.0 AppleWebKit/537.36 (KHTML, like Gecko; compatible; bingbot/2.0; +http://www.bing.com/bingbot.htm) Chrome/116.0.1938.76 Safari/537.36"
18.222.23.166 - - [14/Apr/2025:10:55:33 -0400] "GET /ad917/?path=%2Fhome%2F.%2F..%2Flib%2Flocale%2F..%2F..%2Flib64%2Flibgssrpc.so HTTP/1.1" 200 970 "-" "Mozilla/5.0 AppleWebKit/537.36 (KHTML, like Gecko; compatible; ClaudeBot/1.0; +claudebot@anthropic.com)"
66.249.77.40 - - [14/Apr/2025:10:55:34 -0400] "GET /goodscode/89517734.shtml HTTP/1.1" 200 28869 "-" "Mozilla/5.0 (Linux; Android 6.0.1; Nexus 5X Build/MMB29P) AppleWebKit/537.36 (KHTML, like Gecko) Chrome/135.0.7049.52 Mobile Safari/537.36 (compatible; GoogleOther)"
66.249.77.40 - - [14/Apr/2025:10:55:35 -0400] "GET /items/t/triceps/77518156.shtml HTTP/1.1" 200 27915 "-" "Mozilla/5.0 (Linux; Android 6.0.1; Nexus 5X Build/MMB29P) AppleWebKit/537.36 (KHTML, like Gecko) Chrome/135.0.7049.52 Mobile Safari/537.36 (compatible; GoogleOther)"
18.222.23.166 - - [14/Apr/2025:10:55:36 -0400] "GET /ad917/?path=%2Fhome%2F.%2F..%2Flib%2Flocale%2F..%2F..%2Flib64%2Flibsmime3.so HTTP/1.1" 200 969 "-" "Mozilla/5.0 AppleWebKit/537.36 (KHTML, like Gecko; compatible; ClaudeBot/1.0; +claudebot@anthropic.com)"
18.222.23.166 - - [14/Apr/2025:10:55:39 -0400] "GET /ad917/?path=%2Fhome%2F.%2F..%2Flib%2Flocale%2F..%2F..%2Flib64%2Flibjson-c.so HTTP/1.1" 200 970 "-" "Mozilla/5.0 AppleWebKit/537.36 (KHTML, like Gecko; compatible; ClaudeBot/1.0; +claudebot@anthropic.com)"
18.222.23.166 - - [14/Apr/2025:10:55:42 -0400] "GET /ad917/?path=%2Fhome%2F.%2F..%2Flib%2Flocale%2F..%2F..%2Flib64%2Flibform.so.6 HTTP/1.1" 200 970 "-" "Mozilla/5.0 AppleWebKit/537.36 (KHTML, like Gecko; compatible; ClaudeBot/1.0; +claudebot@anthropic.com)"
18.222.23.166 - - [14/Apr/2025:10:56:57 -0400] "GET /ad917/?path=%2Fhome%2F.%2F..%2Flib%2Flocale%2F..%2F..%2Flib64%2Flibglut.so.3 HTTP/1.1" 200 971 "-" "Mozilla/5.0 AppleWebKit/537.36 (KHTML, like Gecko; compatible; ClaudeBot/1.0; +claudebot@anthropic.com)"
66.249.77.40 - - [14/Apr/2025:10:56:57 -0400] "GET /items/y/hyperchloric/117179794.shtml HTTP/1.1" 200 25833 "-" "Mozilla/5.0 (Linux; Android 6.0.1; Nexus 5X Build/MMB29P) AppleWebKit/537.36 (KHTML, like Gecko) Chrome/135.0.7049.52 Mobile Safari/537.36 (compatible; GoogleOther)"
40.77.167.32 - - [14/Apr/2025:10:56:58 -0400] "GET /shopping44440452.shtml HTTP/1.1" 200 27657 "-" "Mozilla/5.0 AppleWebKit/537.36 (KHTML, like Gecko; compatible; bingbot/2.0; +http://www.bing.com/bingbot.htm) Chrome/116.0.1938.76 Safari/537.36"
18.222.23.166 - - [14/Apr/2025:10:57:00 -0400] "GET /ad917/?path=%2Fhome%2F.%2F..%2Flib%2Flocale%2F..%2F..%2Flib64%2Flibgmp.so.10 HTTP/1.1" 200 971 "-" "Mozilla/5.0 AppleWebKit/537.36 (KHTML, like Gecko; compatible; ClaudeBot/1.0; +claudebot@anthropic.com)"
18.222.23.166 - - [14/Apr/2025:10:57:03 -0400] "GET /ad917/?path=%2Fhome%2F.%2F..%2Flib%2Flocale%2F..%2F..%2Flib64%2Flibyajl.so.2 HTTP/1.1" 200 970 "-" "Mozilla/5.0 AppleWebKit/537.36 (KHTML, like Gecko; compatible; ClaudeBot/1.0; +claudebot@anthropic.com)"
18.222.23.166 - - [14/Apr/2025:10:57:06 -0400] "GET /ad917/?path=%2Fhome%2F.%2F..%2Flib%2Flocale%2F..%2F..%2Flib64%2Flibmenu.so.5 HTTP/1.1" 200 970 "-" "Mozilla/5.0 AppleWebKit/537.36 (KHTML, like Gecko; compatible; ClaudeBot/1.0; +claudebot@anthropic.com)"
18.222.23.166 - - [14/Apr/2025:10:57:09 -0400] "GET /ad917/?path=%2Fhome%2F.%2F..%2Flib%2Flocale%2F..%2F..%2Flib64%2Flibattr.so.1 HTTP/1.1" 200 970 "-" "Mozilla/5.0 AppleWebKit/537.36 (KHTML, like Gecko; compatible; ClaudeBot/1.0; +claudebot@anthropic.com)"
66.249.77.40 - - [14/Apr/2025:10:57:10 -0400] "GET /entity/unruinate/44863240.shtml HTTP/1.1" 200 28140 "-" "Mozilla/5.0 (Linux; Android 6.0.1; Nexus 5X Build/MMB29P) AppleWebKit/537.36 (KHTML, like Gecko) Chrome/135.0.7049.52 Mobile Safari/537.36 (compatible; GoogleOther)"
40.77.167.32 - - [14/Apr/2025:10:57:19 -0400] "GET /shopbrand/50116022.shtml HTTP/1.1" 200 28128 "-" "Mozilla/5.0 AppleWebKit/537.36 (KHTML, like Gecko; compatible; bingbot/2.0; +http://www.bing.com/bingbot.htm) Chrome/116.0.1938.76 Safari/537.36"
52.167.144.212 - - [14/Apr/2025:10:57:24 -0400] "GET /detail167054.shtml HTTP/1.1" 200 27665 "-" "Mozilla/5.0 AppleWebKit/537.36 (KHTML, like Gecko; compatible; bingbot/2.0; +http://www.bing.com/bingbot.htm) Chrome/116.0.1938.76 Safari/537.36"
66.249.77.41 - - [14/Apr/2025:10:57:24 -0400] "GET /shopbrand/ii/scratched/110719942.shtml HTTP/1.1" 200 26987 "-" "Mozilla/5.0 (Linux; Android 6.0.1; Nexus 5X Build/MMB29P) AppleWebKit/537.36 (KHTML, like Gecko) Chrome/135.0.7049.52 Mobile Safari/537.36 (compatible; GoogleOther)"
66.249.77.40 - - [14/Apr/2025:10:57:30 -0400] "GET /entity/l/glorifying119340392.shtml HTTP/1.1" 200 24937 "-" "Mozilla/5.0 (Linux; Android 6.0.1; Nexus 5X Build/MMB29P) AppleWebKit/537.36 (KHTML, like Gecko) Chrome/135.0.7049.52 Mobile Safari/537.36 (compatible; GoogleOther)"
18.217.207.112 - - [14/Apr/2025:10:57:37 -0400] "GET /ad917/?path=%2Fhome%2F.%2F..%2Fusr%2Flib64%2F.%2Fsssd%2F..%2Flibxcb-glx.so.0 HTTP/1.1" 200 976 "-" "Mozilla/5.0 AppleWebKit/537.36 (KHTML, like Gecko; compatible; ClaudeBot/1.0; +claudebot@anthropic.com)"
18.217.207.112 - - [14/Apr/2025:10:57:40 -0400] "GET /ad917/?path=%2Fhome%2F.%2F..%2Fusr%2Flib64%2F.%2Fsssd%2F..%2Flibpcre2-8.so.0 HTTP/1.1" 200 976 "-" "Mozilla/5.0 AppleWebKit/537.36 (KHTML, like Gecko; compatible; ClaudeBot/1.0; +claudebot@anthropic.com)"
18.217.207.112 - - [14/Apr/2025:10:57:43 -0400] "GET /ad917/?path=%2Fhome%2F.%2F..%2Fusr%2Flib64%2F.%2Fsssd%2F..%2Flibusb-1.0.so.0 HTTP/1.1" 200 974 "-" "Mozilla/5.0 AppleWebKit/537.36 (KHTML, like Gecko; compatible; ClaudeBot/1.0; +claudebot@anthropic.com)"
18.217.207.112 - - [14/Apr/2025:10:57:46 -0400] "GET /ad917/?path=%2Fhome%2F.%2F..%2Fusr%2Flib64%2F.%2Fsssd%2F..%2Flibasm-0.190.so HTTP/1.1" 200 975 "-" "Mozilla/5.0 AppleWebKit/537.36 (KHTML, like Gecko; compatible; ClaudeBot/1.0; +claudebot@anthropic.com)"
18.217.207.112 - - [14/Apr/2025:10:57:49 -0400] "GET /ad917/?path=%2Fhome%2F.%2F..%2Fusr%2Flib64%2F.%2Fsssd%2F..%2Flibgearman.so.8 HTTP/1.1" 200 974 "-" "Mozilla/5.0 AppleWebKit/537.36 (KHTML, like Gecko; compatible; ClaudeBot/1.0; +claudebot@anthropic.com)"
66.249.77.40 - - [14/Apr/2025:10:57:49 -0400] "GET /entity/aureole/77516066.shtml HTTP/1.1" 200 26387 "-" "Mozilla/5.0 (Linux; Android 6.0.1; Nexus 5X Build/MMB29P) AppleWebKit/537.36 (KHTML, like Gecko) Chrome/135.0.7049.52 Mobile Safari/537.36 (compatible; GoogleOther)"
18.217.207.112 - - [14/Apr/2025:10:57:52 -0400] "GET /ad917/?path=%2Fhome%2F.%2F..%2Fusr%2Flib64%2F.%2Fsssd%2F..%2Flibdrm.so.2.4.0 HTTP/1.1" 200 974 "-" "Mozilla/5.0 AppleWebKit/537.36 (KHTML, like Gecko; compatible; ClaudeBot/1.0; +claudebot@anthropic.com)"
66.249.77.40 - - [14/Apr/2025:10:57:51 -0400] "GET /goodscode/d/neustria/8232268.shtml HTTP/1.1" 200 27578 "-" "Mozilla/5.0 (Linux; Android 6.0.1; Nexus 5X Build/MMB29P) AppleWebKit/537.36 (KHTML, like Gecko) Chrome/135.0.7049.52 Mobile Safari/537.36 (compatible; GoogleOther)"
18.217.207.112 - - [14/Apr/2025:10:57:55 -0400] "GET /ad917/?path=%2Fhome%2F.%2F..%2Fusr%2Flib64%2F.%2Fsssd%2F..%2Flibkdb5.so.10.0 HTTP/1.1" 200 975 "-" "Mozilla/5.0 AppleWebKit/537.36 (KHTML, like Gecko; compatible; ClaudeBot/1.0; +claudebot@anthropic.com)"
18.217.207.112 - - [14/Apr/2025:10:57:58 -0400] "GET /ad917/?path=%2Fhome%2F.%2F..%2Fusr%2Flib64%2F.%2Fsssd%2F..%2Flibgpg-error.so HTTP/1.1" 200 975 "-" "Mozilla/5.0 AppleWebKit/537.36 (KHTML, like Gecko; compatible; ClaudeBot/1.0; +claudebot@anthropic.com)"
52.167.144.212 - - [14/Apr/2025:10:57:59 -0400] "GET /shopbrand/firefly120961948.shtml HTTP/1.1" 200 25265 "-" "Mozilla/5.0 AppleWebKit/537.36 (KHTML, like Gecko; compatible; bingbot/2.0; +http://www.bing.com/bingbot.htm) Chrome/116.0.1938.76 Safari/537.36"
18.217.207.112 - - [14/Apr/2025:10:58:01 -0400] "GET /ad917/?path=%2Fhome%2F.%2F..%2Fusr%2Flib64%2F.%2Fsssd%2F..%2Flibseccomp.so.2 HTTP/1.1" 200 974 "-" "Mozilla/5.0 AppleWebKit/537.36 (KHTML, like Gecko; compatible; ClaudeBot/1.0; +claudebot@anthropic.com)"
18.217.207.112 - - [14/Apr/2025:10:58:04 -0400] "GET /ad917/?path=%2Fhome%2F.%2F..%2Fusr%2Flib64%2F.%2Fsssd%2F..%2Flibtdb.so.1.4.9 HTTP/1.1" 200 975 "-" "Mozilla/5.0 AppleWebKit/537.36 (KHTML, like Gecko; compatible; ClaudeBot/1.0; +claudebot@anthropic.com)"
18.217.207.112 - - [14/Apr/2025:10:58:07 -0400] "GET /ad917/?path=%2Fhome%2F.%2F..%2Fusr%2Flib64%2F.%2Fsssd%2F..%2Flibgpm.so.2.1.0 HTTP/1.1" 200 975 "-" "Mozilla/5.0 AppleWebKit/537.36 (KHTML, like Gecko; compatible; ClaudeBot/1.0; +claudebot@anthropic.com)"
52.167.144.206 - - [14/Apr/2025:10:58:07 -0400] "GET /products52150354.shtml HTTP/1.1" 200 26372 "-" "Mozilla/5.0 AppleWebKit/537.36 (KHTML, like Gecko; compatible; bingbot/2.0; +http://www.bing.com/bingbot.htm) Chrome/116.0.1938.76 Safari/537.36"
66.249.77.40 - - [14/Apr/2025:10:58:08 -0400] "GET /entity/q/metaphoricalness25363022.shtml HTTP/1.1" 200 27999 "-" "Mozilla/5.0 (Linux; Android 6.0.1; Nexus 5X Build/MMB29P) AppleWebKit/537.36 (KHTML, like Gecko) Chrome/135.0.7049.52 Mobile Safari/537.36 (compatible; GoogleOther)"
18.217.207.112 - - [14/Apr/2025:10:58:10 -0400] "GET /ad917/?path=%2Fhome%2F.%2F..%2Fusr%2Flib64%2F.%2Fsssd%2F..%2Flibncurses.so.5 HTTP/1.1" 200 975 "-" "Mozilla/5.0 AppleWebKit/537.36 (KHTML, like Gecko; compatible; ClaudeBot/1.0; +claudebot@anthropic.com)"
18.217.207.112 - - [14/Apr/2025:10:58:13 -0400] "GET /ad917/?path=%2Fhome%2F.%2F..%2Fusr%2Flib64%2F.%2Fsssd%2F..%2FlibXxf86vm.so.1 HTTP/1.1" 200 977 "-" "Mozilla/5.0 AppleWebKit/537.36 (KHTML, like Gecko; compatible; ClaudeBot/1.0; +claudebot@anthropic.com)"
66.249.77.41 - - [14/Apr/2025:10:58:14 -0400] "GET /special/saturnia2706422.shtml HTTP/1.1" 200 27282 "-" "Mozilla/5.0 (Linux; Android 6.0.1; Nexus 5X Build/MMB29P) AppleWebKit/537.36 (KHTML, like Gecko) Chrome/135.0.7049.52 Mobile Safari/537.36 (compatible; GoogleOther)"
