40.77.167.157 - - [14/Apr/2025:12:58:09 -0400] "GET /shopdetail60338880.shtml HTTP/1.1" 200 25347 "-" "Mozilla/5.0 AppleWebKit/537.36 (KHTML, like Gecko; compatible; bingbot/2.0; +http://www.bing.com/bingbot.htm) Chrome/116.0.1938.76 Safari/537.36"
66.249.77.40 - - [14/Apr/2025:12:58:11 -0400] "GET /info/acheron3773074.shtml HTTP/1.1" 200 25568 "-" "Mozilla/5.0 (Linux; Android 6.0.1; Nexus 5X Build/MMB29P) AppleWebKit/537.36 (KHTML, like Gecko) Chrome/135.0.7049.84 Mobile Safari/537.36 (compatible; GoogleOther)"
40.77.167.56 - - [14/Apr/2025:12:58:14 -0400] "GET /shopping54257192.shtml HTTP/1.1" 200 26405 "-" "Mozilla/5.0 AppleWebKit/537.36 (KHTML, like Gecko; compatible; bingbot/2.0; +http://www.bing.com/bingbot.htm) Chrome/116.0.1938.76 Safari/537.36"
66.249.77.40 - - [14/Apr/2025:12:58:16 -0400] "GET /entity/p/synoecious/31996876.shtml HTTP/1.1" 200 25152 "-" "Mozilla/5.0 (Linux; Android 6.0.1; Nexus 5X Build/MMB29P) AppleWebKit/537.36 (KHTML, like Gecko) Chrome/135.0.7049.84 Mobile Safari/537.36 (compatible; GoogleOther)"
66.249.77.40 - - [14/Apr/2025:12:58:17 -0400] "GET /special/288100.shtml HTTP/1.1" 200 25888 "-" "Mozilla/5.0 (Linux; Android 6.0.1; Nexus 5X Build/MMB29P) AppleWebKit/537.36 (KHTML, like Gecko) Chrome/135.0.7049.84 Mobile Safari/537.36 (compatible; GoogleOther)"
40.77.167.5 - - [14/Apr/2025:12:58:19 -0400] "GET /detail/26285074.shtml HTTP/1.1" 200 24882 "-" "Mozilla/5.0 AppleWebKit/537.36 (KHTML, like Gecko; compatible; bingbot/2.0; +http://www.bing.com/bingbot.htm) Chrome/116.0.1938.76 Safari/537.36"
66.249.77.40 - - [14/Apr/2025:12:58:23 -0400] "GET /info/q/kingfish3776430.shtml HTTP/1.1" 200 27495 "-" "Mozilla/5.0 (Linux; Android 6.0.1; Nexus 5X Build/MMB29P) AppleWebKit/537.36 (KHTML, like Gecko) Chrome/135.0.7049.84 Mobile Safari/537.36 (compatible; GoogleOther)"
40.77.167.5 - - [14/Apr/2025:12:58:30 -0400] "GET /detail/17784458.shtml HTTP/1.1" 200 26761 "-" "Mozilla/5.0 AppleWebKit/537.36 (KHTML, like Gecko; compatible; bingbot/2.0; +http://www.bing.com/bingbot.htm) Chrome/116.0.1938.76 Safari/537.36"
66.249.77.40 - - [14/Apr/2025:12:58:33 -0400] "GET /product/verein/2753126.shtml HTTP/1.1" 200 27892 "-" "Mozilla/5.0 (Linux; Android 6.0.1; Nexus 5X Build/MMB29P) AppleWebKit/537.36 (KHTML, like Gecko) Chrome/135.0.7049.84 Mobile Safari/537.36 (compatible; GoogleOther)"
66.249.77.40 - - [14/Apr/2025:12:58:34 -0400] "GET /shopbrand/fzy/beery3286684.shtml HTTP/1.1" 200 27143 "-" "Mozilla/5.0 (Linux; Android 6.0.1; Nexus 5X Build/MMB29P) AppleWebKit/537.36 (KHTML, like Gecko) Chrome/135.0.7049.84 Mobile Safari/537.36 (compatible; GoogleOther)"
40.77.167.56 - - [14/Apr/2025:12:58:35 -0400] "GET /detail/106036708.shtml HTTP/1.1" 200 27963 "-" "Mozilla/5.0 AppleWebKit/537.36 (KHTML, like Gecko; compatible; bingbot/2.0; +http://www.bing.com/bingbot.htm) Chrome/116.0.1938.76 Safari/537.36"
66.249.77.40 - - [14/Apr/2025:12:58:43 -0400] "GET /goodscode/ui/thysanoptera57329306.shtml HTTP/1.1" 200 26788 "-" "Mozilla/5.0 (Linux; Android 6.0.1; Nexus 5X Build/MMB29P) AppleWebKit/537.36 (KHTML, like Gecko) Chrome/135.0.7049.84 Mobile Safari/537.36 (compatible; GoogleOther)"
40.77.167.157 - - [14/Apr/2025:12:58:45 -0400] "GET /detail11537144.shtml HTTP/1.1" 200 28096 "-" "Mozilla/5.0 AppleWebKit/537.36 (KHTML, like Gecko; compatible; bingbot/2.0; +http://www.bing.com/bingbot.htm) Chrome/116.0.1938.76 Safari/537.36"
40.77.167.5 - - [14/Apr/2025:12:58:49 -0400] "GET /goods42602726.shtml HTTP/1.1" 200 25455 "-" "Mozilla/5.0 AppleWebKit/537.36 (KHTML, like Gecko; compatible; bingbot/2.0; +http://www.bing.com/bingbot.htm) Chrome/116.0.1938.76 Safari/537.36"
40.77.167.5 - - [14/Apr/2025:12:58:59 -0400] "GET /info/93894256.shtml HTTP/1.1" 200 29827 "-" "Mozilla/5.0 AppleWebKit/537.36 (KHTML, like Gecko; compatible; bingbot/2.0; +http://www.bing.com/bingbot.htm) Chrome/116.0.1938.76 Safari/537.36"
40.77.167.67 - - [14/Apr/2025:12:59:01 -0400] "GET /products/vue/prieve/46592784.shtml HTTP/1.1" 200 28378 "-" "Mozilla/5.0 AppleWebKit/537.36 (KHTML, like Gecko; compatible; bingbot/2.0; +http://www.bing.com/bingbot.htm) Chrome/116.0.1938.76 Safari/537.36"
40.77.167.5 - - [14/Apr/2025:12:59:02 -0400] "GET /shopping/isonomic/78359022.shtml HTTP/1.1" 200 26355 "-" "Mozilla/5.0 AppleWebKit/537.36 (KHTML, like Gecko; compatible; bingbot/2.0; +http://www.bing.com/bingbot.htm) Chrome/116.0.1938.76 Safari/537.36"
66.249.77.41 - - [14/Apr/2025:12:59:09 -0400] "GET /entity/trephine53280926.shtml HTTP/1.1" 200 29447 "-" "Mozilla/5.0 (Linux; Android 6.0.1; Nexus 5X Build/MMB29P) AppleWebKit/537.36 (KHTML, like Gecko) Chrome/135.0.7049.84 Mobile Safari/537.36 (compatible; GoogleOther)"
66.249.77.42 - - [14/Apr/2025:12:59:10 -0400] "GET /shopbrand/p/scarifier/406408.shtml HTTP/1.1" 200 25631 "-" "Mozilla/5.0 (Linux; Android 6.0.1; Nexus 5X Build/MMB29P) AppleWebKit/537.36 (KHTML, like Gecko) Chrome/135.0.7049.84 Mobile Safari/537.36 (compatible; GoogleOther)"
66.249.77.41 - - [14/Apr/2025:12:59:11 -0400] "GET /shopdetail/stirte/2815286.shtml HTTP/1.1" 200 33462 "-" "Mozilla/5.0 (Linux; Android 6.0.1; Nexus 5X Build/MMB29P) AppleWebKit/537.36 (KHTML, like Gecko) Chrome/135.0.7049.84 Mobile Safari/537.36 (compatible; GoogleOther)"
66.249.77.41 - - [14/Apr/2025:12:59:15 -0400] "GET /goods/p/whitneyite1532244.shtml HTTP/1.1" 200 24942 "-" "Mozilla/5.0 (Linux; Android 6.0.1; Nexus 5X Build/MMB29P) AppleWebKit/537.36 (KHTML, like Gecko) Chrome/135.0.7049.84 Mobile Safari/537.36 (compatible; GoogleOther)"
40.77.167.48 - - [14/Apr/2025:12:59:20 -0400] "GET /detail106839076.shtml HTTP/1.1" 200 26280 "-" "Mozilla/5.0 AppleWebKit/537.36 (KHTML, like Gecko; compatible; bingbot/2.0; +http://www.bing.com/bingbot.htm) Chrome/116.0.1938.76 Safari/537.36"
66.249.77.40 - - [14/Apr/2025:12:59:21 -0400] "GET /entity/2679794.shtml HTTP/1.1" 200 27346 "-" "Mozilla/5.0 (Linux; Android 6.0.1; Nexus 5X Build/MMB29P) AppleWebKit/537.36 (KHTML, like Gecko) Chrome/135.0.7049.84 Mobile Safari/537.36 (compatible; GoogleOther)"
40.77.167.47 - - [14/Apr/2025:12:59:25 -0400] "GET /items/vg/purkinjes60765932.shtml HTTP/1.1" 200 27048 "-" "Mozilla/5.0 AppleWebKit/537.36 (KHTML, like Gecko; compatible; bingbot/2.0; +http://www.bing.com/bingbot.htm) Chrome/116.0.1938.76 Safari/537.36"
66.249.77.40 - - [14/Apr/2025:12:59:27 -0400] "GET /goods3771730.shtml HTTP/1.1" 200 29522 "-" "Mozilla/5.0 (Linux; Android 6.0.1; Nexus 5X Build/MMB29P) AppleWebKit/537.36 (KHTML, like Gecko) Chrome/135.0.7049.84 Mobile Safari/537.36 (compatible; GoogleOther)"
13.59.78.40 - - [14/Apr/2025:12:59:28 -0400] "GET /ad917/?path=%2Fhome%2F.%2F..%2Fusr%2Flib64%2F.%2Fsssd%2Fmodules%2Fsssd_krb5_localauth_plugin.so HTTP/1.1" 200 992 "-" "Mozilla/5.0 AppleWebKit/537.36 (KHTML, like Gecko; compatible; ClaudeBot/1.0; +claudebot@anthropic.com)"
66.249.77.40 - - [14/Apr/2025:12:59:28 -0400] "GET /special/j/poghaden2466760.shtml HTTP/1.1" 200 28622 "-" "Mozilla/5.0 (Linux; Android 6.0.1; Nexus 5X Build/MMB29P) AppleWebKit/537.36 (KHTML, like Gecko) Chrome/135.0.7049.84 Mobile Safari/537.36 (compatible; GoogleOther)"
13.59.78.40 - - [14/Apr/2025:12:59:31 -0400] "GET /ad917/?path=%2Fhome%2F.%2F..%2Fhome4%2F..%2Fopt%2Falt%2Fruby34%2Fx86_64-redhat-linux-gnu HTTP/1.1" 200 1476 "-" "Mozilla/5.0 AppleWebKit/537.36 (KHTML, like Gecko; compatible; ClaudeBot/1.0; +claudebot@anthropic.com)"
66.249.77.40 - - [14/Apr/2025:12:59:33 -0400] "GET /entity/b/nebulated2812652.shtml HTTP/1.1" 200 26792 "-" "Mozilla/5.0 (Linux; Android 6.0.1; Nexus 5X Build/MMB29P) AppleWebKit/537.36 (KHTML, like Gecko) Chrome/135.0.7049.84 Mobile Safari/537.36 (compatible; GoogleOther)"
13.59.78.40 - - [14/Apr/2025:12:59:34 -0400] "GET /ad917/?path=%2Fhome%2Fservlmvm%2F..%2F..%2Flib64%2Fldb%2F..%2FlibXcomposite.so.1.0.0 HTTP/1.1" 200 968 "-" "Mozilla/5.0 AppleWebKit/537.36 (KHTML, like Gecko; compatible; ClaudeBot/1.0; +claudebot@anthropic.com)"
66.249.77.40 - - [14/Apr/2025:12:59:35 -0400] "GET /entity/19260340.shtml HTTP/1.1" 200 27013 "-" "Mozilla/5.0 (Linux; Android 6.0.1; Nexus 5X Build/MMB29P) AppleWebKit/537.36 (KHTML, like Gecko) Chrome/135.0.7049.84 Mobile Safari/537.36 (compatible; GoogleOther)"
13.59.78.40 - - [14/Apr/2025:12:59:37 -0400] "GET /ad917/?path=%2Fhome%2F.%2Fservlmvm%2Fspekkshealth.com%2Fwp-includes%2F.%2Foption.php HTTP/1.1" 200 20478 "-" "Mozilla/5.0 AppleWebKit/537.36 (KHTML, like Gecko; compatible; ClaudeBot/1.0; +claudebot@anthropic.com)"
66.249.77.40 - - [14/Apr/2025:12:59:38 -0400] "GET /shopbrand/n/nomopelmous/3528336.shtml HTTP/1.1" 200 29218 "-" "Mozilla/5.0 (Linux; Android 6.0.1; Nexus 5X Build/MMB29P) AppleWebKit/537.36 (KHTML, like Gecko) Chrome/135.0.7049.84 Mobile Safari/537.36 (compatible; GoogleOther)"
40.77.167.48 - - [14/Apr/2025:12:59:39 -0400] "GET /detail/diageotropism98116768.shtml HTTP/1.1" 200 24316 "-" "Mozilla/5.0 AppleWebKit/537.36 (KHTML, like Gecko; compatible; bingbot/2.0; +http://www.bing.com/bingbot.htm) Chrome/116.0.1938.76 Safari/537.36"
13.59.78.40 - - [14/Apr/2025:12:59:40 -0400] "GET /ad917/?path=%2Fhome%2F.%2F..%2F..%2Fvar%2Flog%2F..%2Fsoftaculous%2Fespo%2F..%2Fdotcl HTTP/1.1" 200 2136 "-" "Mozilla/5.0 AppleWebKit/537.36 (KHTML, like Gecko; compatible; ClaudeBot/1.0; +claudebot@anthropic.com)"
52.167.144.191 - - [14/Apr/2025:12:59:40 -0400] "GET /info/interoperculum/63206282.shtml HTTP/1.1" 200 26461 "-" "Mozilla/5.0 AppleWebKit/537.36 (KHTML, like Gecko; compatible; bingbot/2.0; +http://www.bing.com/bingbot.htm) Chrome/116.0.1938.76 Safari/537.36"
13.59.78.40 - - [14/Apr/2025:12:59:43 -0400] "GET /ad917/?path=%2Fhome%2F.%2F.%2F..%2F..%2Flib64%2Ffirebird%2F..%2F.%2Fgirepository-1.0 HTTP/1.1" 200 2937 "-" "Mozilla/5.0 AppleWebKit/537.36 (KHTML, like Gecko; compatible; ClaudeBot/1.0; +claudebot@anthropic.com)"
40.77.167.48 - - [14/Apr/2025:12:59:44 -0400] "GET /entity/incastelled103468108.shtml HTTP/1.1" 200 26548 "-" "Mozilla/5.0 AppleWebKit/537.36 (KHTML, like Gecko; compatible; bingbot/2.0; +http://www.bing.com/bingbot.htm) Chrome/116.0.1938.76 Safari/537.36"
13.59.78.40 - - [14/Apr/2025:12:59:46 -0400] "GET /ad917/?path=%2Fhome%2F.%2F.%2F..%2F..%2Flib64%2Ffirebird%2F..%2F.%2Flibmvec-2.28.so HTTP/1.1" 200 969 "-" "Mozilla/5.0 AppleWebKit/537.36 (KHTML, like Gecko; compatible; ClaudeBot/1.0; +claudebot@anthropic.com)"
13.59.78.40 - - [14/Apr/2025:12:59:49 -0400] "GET /ad917/?path=%2Fhome%2F.%2F..%2Fusr%2Flib64%2F.%2Fsssd%2Fmodules%2Flibsss_autofs.so HTTP/1.1" 200 977 "-" "Mozilla/5.0 AppleWebKit/537.36 (KHTML, like Gecko; compatible; ClaudeBot/1.0; +claudebot@anthropic.com)"
66.249.77.41 - - [14/Apr/2025:12:59:51 -0400] "GET /shopdetail2915266.shtml HTTP/1.1" 200 26611 "-" "Mozilla/5.0 (Linux; Android 6.0.1; Nexus 5X Build/MMB29P) AppleWebKit/537.36 (KHTML, like Gecko) Chrome/135.0.7049.84 Mobile Safari/537.36 (compatible; GoogleOther)"
66.249.77.40 - - [14/Apr/2025:13:00:02 -0400] "GET /shopdetail/cinosternon/2471258.shtml HTTP/1.1" 200 26522 "-" "Mozilla/5.0 (Linux; Android 6.0.1; Nexus 5X Build/MMB29P) AppleWebKit/537.36 (KHTML, like Gecko) Chrome/135.0.7049.84 Mobile Safari/537.36 (compatible; GoogleOther)"
52.167.144.196 - - [14/Apr/2025:13:00:06 -0400] "GET /items/rhyming/75907818.shtml HTTP/1.1" 200 27300 "-" "Mozilla/5.0 AppleWebKit/537.36 (KHTML, like Gecko; compatible; bingbot/2.0; +http://www.bing.com/bingbot.htm) Chrome/116.0.1938.76 Safari/537.36"
66.249.77.41 - - [14/Apr/2025:13:00:07 -0400] "GET /item/collusiveness/1461058.shtml HTTP/1.1" 200 26028 "-" "Mozilla/5.0 (Linux; Android 6.0.1; Nexus 5X Build/MMB29P) AppleWebKit/537.36 (KHTML, like Gecko) Chrome/135.0.7049.84 Mobile Safari/537.36 (compatible; GoogleOther)"
66.249.77.41 - - [14/Apr/2025:13:00:08 -0400] "GET /shopping/nonprossed/3531066.shtml HTTP/1.1" 200 26836 "-" "Mozilla/5.0 (Linux; Android 6.0.1; Nexus 5X Build/MMB29P) AppleWebKit/537.36 (KHTML, like Gecko) Chrome/135.0.7049.84 Mobile Safari/537.36 (compatible; GoogleOther)"
66.249.77.40 - - [14/Apr/2025:13:00:12 -0400] "GET /product/a/missile/4288918.shtml HTTP/1.1" 200 27280 "-" "Mozilla/5.0 (Linux; Android 6.0.1; Nexus 5X Build/MMB29P) AppleWebKit/537.36 (KHTML, like Gecko) Chrome/135.0.7049.84 Mobile Safari/537.36 (compatible; GoogleOther)"
40.77.167.67 - - [14/Apr/2025:13:00:19 -0400] "GET /info/sacramentally103281066.shtml HTTP/1.1" 200 26887 "-" "Mozilla/5.0 AppleWebKit/537.36 (KHTML, like Gecko; compatible; bingbot/2.0; +http://www.bing.com/bingbot.htm) Chrome/116.0.1938.76 Safari/537.36"
66.249.77.40 - - [14/Apr/2025:13:00:21 -0400] "GET /info/conchyliologist2249898.shtml HTTP/1.1" 200 27487 "-" "Mozilla/5.0 (Linux; Android 6.0.1; Nexus 5X Build/MMB29P) AppleWebKit/537.36 (KHTML, like Gecko) Chrome/135.0.7049.84 Mobile Safari/537.36 (compatible; GoogleOther)"
40.77.167.48 - - [14/Apr/2025:13:00:29 -0400] "GET /goodscode/lived9013936.shtml HTTP/1.1" 200 25818 "-" "Mozilla/5.0 AppleWebKit/537.36 (KHTML, like Gecko; compatible; bingbot/2.0; +http://www.bing.com/bingbot.htm) Chrome/116.0.1938.76 Safari/537.36"
66.249.77.40 - - [14/Apr/2025:13:00:31 -0400] "GET /detail/j/problem2467852.shtml HTTP/1.1" 200 26612 "-" "Mozilla/5.0 (Linux; Android 6.0.1; Nexus 5X Build/MMB29P) AppleWebKit/537.36 (KHTML, like Gecko) Chrome/135.0.7049.84 Mobile Safari/537.36 (compatible; GoogleOther)"
52.167.144.196 - - [14/Apr/2025:13:00:33 -0400] "GET /product8203418.shtml HTTP/1.1" 200 27350 "-" "Mozilla/5.0 AppleWebKit/537.36 (KHTML, like Gecko; compatible; bingbot/2.0; +http://www.bing.com/bingbot.htm) Chrome/116.0.1938.76 Safari/537.36"
52.167.144.196 - - [14/Apr/2025:13:00:44 -0400] "GET /special19920764.shtml HTTP/1.1" 200 25242 "-" "Mozilla/5.0 AppleWebKit/537.36 (KHTML, like Gecko; compatible; bingbot/2.0; +http://www.bing.com/bingbot.htm) Chrome/116.0.1938.76 Safari/537.36"
66.249.77.40 - - [14/Apr/2025:13:00:50 -0400] "GET /detail/digitiform1619180.shtml HTTP/1.1" 200 27529 "-" "Mozilla/5.0 (Linux; Android 6.0.1; Nexus 5X Build/MMB29P) AppleWebKit/537.36 (KHTML, like Gecko) Chrome/135.0.7049.84 Mobile Safari/537.36 (compatible; GoogleOther)"
52.167.144.196 - - [14/Apr/2025:13:00:53 -0400] "GET /goods64039038.shtml HTTP/1.1" 200 27510 "-" "Mozilla/5.0 AppleWebKit/537.36 (KHTML, like Gecko; compatible; bingbot/2.0; +http://www.bing.com/bingbot.htm) Chrome/116.0.1938.76 Safari/537.36"
66.249.77.40 - - [14/Apr/2025:13:00:57 -0400] "GET /goodscode/des/vermicule/2680540.shtml HTTP/1.1" 200 24853 "-" "Mozilla/5.0 (Linux; Android 6.0.1; Nexus 5X Build/MMB29P) AppleWebKit/537.36 (KHTML, like Gecko) Chrome/135.0.7049.84 Mobile Safari/537.36 (compatible; GoogleOther)"
66.249.77.40 - - [14/Apr/2025:13:00:59 -0400] "GET /detail/outdazzle1457630.shtml HTTP/1.1" 200 25281 "-" "Mozilla/5.0 (Linux; Android 6.0.1; Nexus 5X Build/MMB29P) AppleWebKit/537.36 (KHTML, like Gecko) Chrome/135.0.7049.84 Mobile Safari/537.36 (compatible; GoogleOther)"
66.249.77.40 - - [14/Apr/2025:13:01:00 -0400] "GET /entity/freest1708492.shtml HTTP/1.1" 200 27064 "-" "Mozilla/5.0 (Linux; Android 6.0.1; Nexus 5X Build/MMB29P) AppleWebKit/537.36 (KHTML, like Gecko) Chrome/135.0.7049.84 Mobile Safari/537.36 (compatible; GoogleOther)"
40.77.167.67 - - [14/Apr/2025:13:01:02 -0400] "GET /product/ngi/bolshevism/47373308.shtml HTTP/1.1" 200 25741 "-" "Mozilla/5.0 AppleWebKit/537.36 (KHTML, like Gecko; compatible; bingbot/2.0; +http://www.bing.com/bingbot.htm) Chrome/116.0.1938.76 Safari/537.36"
66.249.77.40 - - [14/Apr/2025:13:01:02 -0400] "GET /product/ho/apologist1618176.shtml HTTP/1.1" 200 27568 "-" "Mozilla/5.0 (Linux; Android 6.0.1; Nexus 5X Build/MMB29P) AppleWebKit/537.36 (KHTML, like Gecko) Chrome/135.0.7049.84 Mobile Safari/537.36 (compatible; GoogleOther)"
52.167.144.196 - - [14/Apr/2025:13:01:04 -0400] "GET /info114620210.shtml HTTP/1.1" 200 28957 "-" "Mozilla/5.0 AppleWebKit/537.36 (KHTML, like Gecko; compatible; bingbot/2.0; +http://www.bing.com/bingbot.htm) Chrome/116.0.1938.76 Safari/537.36"
198.54.116.86 - - [14/Apr/2025:13:01:05 -0400] "POST /wp-cron.php?doing_wp_cron=1744650065.3239259719848632812500 HTTP/1.1" 200 0 "-" "WordPress/6.7.2; https://servethepeopleinc.org"
134.17.14.122 - - [14/Apr/2025:13:01:04 -0400] "GET /membership-pricing/ HTTP/1.1" 404 16704 "-" "Mozilla/4.0 (compatible; MSIE 6.0; Windows NT 5.1; SV1)"
198.54.116.86 - - [14/Apr/2025:13:01:05 -0400] "POST /wp-admin/admin-ajax.php?action=async_litespeed&nonce=45gnyFbjGNVnvOB592jZ5OTLc3Kex85Y&litespeed_type=imgoptm HTTP/1.1" 200 21 "-" "WordPress/6.7.2; https://servethepeopleinc.org"
52.167.144.196 - - [14/Apr/2025:13:01:08 -0400] "GET /entity/jxg/arithmetic2425312.shtml HTTP/1.1" 200 28315 "-" "Mozilla/5.0 AppleWebKit/537.36 (KHTML, like Gecko; compatible; bingbot/2.0; +http://www.bing.com/bingbot.htm) Chrome/116.0.1938.76 Safari/537.36"
66.249.77.40 - - [14/Apr/2025:13:01:10 -0400] "GET /shopping/1234396.shtml HTTP/1.1" 200 25942 "-" "Mozilla/5.0 (Linux; Android 6.0.1; Nexus 5X Build/MMB29P) AppleWebKit/537.36 (KHTML, like Gecko) Chrome/135.0.7049.84 Mobile Safari/537.36 (compatible; Googlebot/2.1; +http://www.google.com/bot.html)"
66.249.77.40 - - [14/Apr/2025:13:01:11 -0400] "GET /detail/amputation1448438.shtml HTTP/1.1" 200 26747 "-" "Mozilla/5.0 (Linux; Android 6.0.1; Nexus 5X Build/MMB29P) AppleWebKit/537.36 (KHTML, like Gecko) Chrome/135.0.7049.84 Mobile Safari/537.36 (compatible; GoogleOther)"
40.77.167.48 - - [14/Apr/2025:13:01:14 -0400] "GET /product/14861092.shtml HTTP/1.1" 200 27226 "-" "Mozilla/5.0 AppleWebKit/537.36 (KHTML, like Gecko; compatible; bingbot/2.0; +http://www.bing.com/bingbot.htm) Chrome/116.0.1938.76 Safari/537.36"
66.249.77.40 - - [14/Apr/2025:13:01:14 -0400] "GET /special/kq/empeople/2813034.shtml HTTP/1.1" 200 25180 "-" "Mozilla/5.0 (Linux; Android 6.0.1; Nexus 5X Build/MMB29P) AppleWebKit/537.36 (KHTML, like Gecko) Chrome/135.0.7049.84 Mobile Safari/537.36 (compatible; GoogleOther)"
66.249.77.40 - - [14/Apr/2025:13:01:21 -0400] "GET /detail/b/delsarte1447572.shtml HTTP/1.1" 200 27008 "-" "Mozilla/5.0 (Linux; Android 6.0.1; Nexus 5X Build/MMB29P) AppleWebKit/537.36 (KHTML, like Gecko) Chrome/135.0.7049.84 Mobile Safari/537.36 (compatible; GoogleOther)"
52.167.144.196 - - [14/Apr/2025:13:01:26 -0400] "GET /special/83820152.shtml HTTP/1.1" 200 30304 "-" "Mozilla/5.0 AppleWebKit/537.36 (KHTML, like Gecko; compatible; bingbot/2.0; +http://www.bing.com/bingbot.htm) Chrome/116.0.1938.76 Safari/537.36"
66.249.77.40 - - [14/Apr/2025:13:01:27 -0400] "GET /items/42677418.shtml HTTP/1.1" 200 26516 "-" "Mozilla/5.0 (Linux; Android 6.0.1; Nexus 5X Build/MMB29P) AppleWebKit/537.36 (KHTML, like Gecko) Chrome/135.0.7049.84 Mobile Safari/537.36 (compatible; GoogleOther)"
52.167.144.191 - - [14/Apr/2025:13:01:28 -0400] "GET /product52587422.shtml HTTP/1.1" 200 25446 "-" "Mozilla/5.0 AppleWebKit/537.36 (KHTML, like Gecko; compatible; bingbot/2.0; +http://www.bing.com/bingbot.htm) Chrome/116.0.1938.76 Safari/537.36"
66.249.77.40 - - [14/Apr/2025:13:01:30 -0400] "GET /info/backrest/2467668.shtml HTTP/1.1" 200 26764 "-" "Mozilla/5.0 (Linux; Android 6.0.1; Nexus 5X Build/MMB29P) AppleWebKit/537.36 (KHTML, like Gecko) Chrome/135.0.7049.84 Mobile Safari/537.36 (compatible; GoogleOther)"
40.77.167.47 - - [14/Apr/2025:13:01:46 -0400] "GET /info/tk/shafiite32362912.shtml HTTP/1.1" 200 25822 "-" "Mozilla/5.0 AppleWebKit/537.36 (KHTML, like Gecko; compatible; bingbot/2.0; +http://www.bing.com/bingbot.htm) Chrome/116.0.1938.76 Safari/537.36"
3.137.169.218 - - [14/Apr/2025:13:01:54 -0400] "GET /ad917/?path=%2Fhome%2F.%2F..%2Fhome4%2F..%2Fopt%2Falt%2Fcyrus-sasl%2F.. HTTP/1.1" 200 3157 "-" "Mozilla/5.0 AppleWebKit/537.36 (KHTML, like Gecko; compatible; ClaudeBot/1.0; +claudebot@anthropic.com)"
66.249.77.40 - - [14/Apr/2025:13:01:53 -0400] "GET /entity/f/revivify2799636.shtml HTTP/1.1" 200 25751 "-" "Mozilla/5.0 (Linux; Android 6.0.1; Nexus 5X Build/MMB29P) AppleWebKit/537.36 (KHTML, like Gecko) Chrome/135.0.7049.84 Mobile Safari/537.36 (compatible; GoogleOther)"
52.167.144.196 - - [14/Apr/2025:13:01:53 -0400] "GET /products/shillishalli82945480.shtml HTTP/1.1" 200 28112 "-" "Mozilla/5.0 AppleWebKit/537.36 (KHTML, like Gecko; compatible; bingbot/2.0; +http://www.bing.com/bingbot.htm) Chrome/116.0.1938.76 Safari/537.36"
3.137.169.218 - - [14/Apr/2025:13:01:56 -0400] "GET /ad917/?path=%2Fhome%2F.%2F..%2Flib%2Flocale%2F..%2F..%2Fsbin%2Fsendmail HTTP/1.1" 200 1505 "-" "Mozilla/5.0 AppleWebKit/537.36 (KHTML, like Gecko; compatible; ClaudeBot/1.0; +claudebot@anthropic.com)"
3.137.169.218 - - [14/Apr/2025:13:01:59 -0400] "GET /ad917/?path=%2Fhome%2F.%2F..%2Fhome4%2F..%2Fopt%2Falt%2Fpython312%2F.. HTTP/1.1" 200 3156 "-" "Mozilla/5.0 AppleWebKit/537.36 (KHTML, like Gecko; compatible; ClaudeBot/1.0; +claudebot@anthropic.com)"
3.137.169.218 - - [14/Apr/2025:13:02:02 -0400] "GET /ad917/?path=%2Fhome%2F.%2F..%2Fhome4%2F..%2Fopt%2Falt%2Fopenssl11%2F.. HTTP/1.1" 200 3192 "-" "Mozilla/5.0 AppleWebKit/537.36 (KHTML, like Gecko; compatible; ClaudeBot/1.0; +claudebot@anthropic.com)"
66.249.77.41 - - [14/Apr/2025:13:02:05 -0400] "GET /detail2719290.shtml HTTP/1.1" 200 26954 "-" "Mozilla/5.0 (Linux; Android 6.0.1; Nexus 5X Build/MMB29P) AppleWebKit/537.36 (KHTML, like Gecko) Chrome/135.0.7049.84 Mobile Safari/537.36 (compatible; GoogleOther)"
3.137.169.218 - - [14/Apr/2025:13:02:05 -0400] "GET /ad917/?path=%2Fhome%2F.%2F..%2Fhome4%2F..%2Fopt%2Falt%2Fpython311%2F.. HTTP/1.1" 200 3309 "-" "Mozilla/5.0 AppleWebKit/537.36 (KHTML, like Gecko; compatible; ClaudeBot/1.0; +claudebot@anthropic.com)"
52.167.144.196 - - [14/Apr/2025:13:02:06 -0400] "GET /special/do/chevachie91146784.shtml HTTP/1.1" 200 26914 "-" "Mozilla/5.0 AppleWebKit/537.36 (KHTML, like Gecko; compatible; bingbot/2.0; +http://www.bing.com/bingbot.htm) Chrome/116.0.1938.76 Safari/537.36"
3.137.169.218 - - [14/Apr/2025:13:02:08 -0400] "GET /ad917/?path=%2Fhome%2F.%2F..%2Fhome4%2F..%2Fopt%2Falt%2Fopenldap11%2F. HTTP/1.1" 200 1547 "-" "Mozilla/5.0 AppleWebKit/537.36 (KHTML, like Gecko; compatible; ClaudeBot/1.0; +claudebot@anthropic.com)"
66.249.77.41 - - [14/Apr/2025:13:02:10 -0400] "GET /goodscode/i/spellwork2812870.shtml HTTP/1.1" 200 27476 "-" "Mozilla/5.0 (Linux; Android 6.0.1; Nexus 5X Build/MMB29P) AppleWebKit/537.36 (KHTML, like Gecko) Chrome/135.0.7049.84 Mobile Safari/537.36 (compatible; GoogleOther)"
3.137.169.218 - - [14/Apr/2025:13:02:11 -0400] "GET /ad917/?path=%2Fhome%2F.%2F..%2Fhome4%2F..%2Fopt%2Falt%2Flibssh211%2F.. HTTP/1.1" 200 3183 "-" "Mozilla/5.0 AppleWebKit/537.36 (KHTML, like Gecko; compatible; ClaudeBot/1.0; +claudebot@anthropic.com)"
3.137.169.218 - - [14/Apr/2025:13:02:14 -0400] "GET /ad917/?path=%2Fhome%2F.%2F..%2Fhome4%2F..%2Fopt%2Falt%2Fnet-snmp11%2F. HTTP/1.1" 200 1452 "-" "Mozilla/5.0 AppleWebKit/537.36 (KHTML, like Gecko; compatible; ClaudeBot/1.0; +claudebot@anthropic.com)"
66.249.77.40 - - [14/Apr/2025:13:02:14 -0400] "GET /special/2752172.shtml HTTP/1.1" 200 27812 "-" "Mozilla/5.0 (Linux; Android 6.0.1; Nexus 5X Build/MMB29P) AppleWebKit/537.36 (KHTML, like Gecko) Chrome/135.0.7049.84 Mobile Safari/537.36 (compatible; GoogleOther)"
66.249.77.40 - - [14/Apr/2025:13:02:16 -0400] "GET /info/lwq/quadripennate/2583688.shtml HTTP/1.1" 200 26755 "-" "Mozilla/5.0 (Linux; Android 6.0.1; Nexus 5X Build/MMB29P) AppleWebKit/537.36 (KHTML, like Gecko) Chrome/135.0.7049.84 Mobile Safari/537.36 (compatible; GoogleOther)"
3.137.169.218 - - [14/Apr/2025:13:02:17 -0400] "GET /ad917/?path=%2Fhome%2F.%2F..%2Fhome4%2F..%2Fopt%2Falt%2Fcyrus-sasl%2F. HTTP/1.1" 200 1544 "-" "Mozilla/5.0 AppleWebKit/537.36 (KHTML, like Gecko; compatible; ClaudeBot/1.0; +claudebot@anthropic.com)"
66.249.77.40 - - [14/Apr/2025:13:02:20 -0400] "GET /detail/f/bucco2797468.shtml HTTP/1.1" 200 25630 "-" "Mozilla/5.0 (Linux; Android 6.0.1; Nexus 5X Build/MMB29P) AppleWebKit/537.36 (KHTML, like Gecko) Chrome/135.0.7049.84 Mobile Safari/537.36 (compatible; GoogleOther)"
40.77.167.48 - - [14/Apr/2025:13:02:20 -0400] "GET /products59990444.shtml HTTP/1.1" 200 25902 "-" "Mozilla/5.0 AppleWebKit/537.36 (KHTML, like Gecko; compatible; bingbot/2.0; +http://www.bing.com/bingbot.htm) Chrome/116.0.1938.76 Safari/537.36"
3.137.169.218 - - [14/Apr/2025:13:02:20 -0400] "GET /ad917/?path=%2Fhome%2F.%2F..%2Fhome4%2F..%2Fopt%2Falt%2Flibssh211%2F. HTTP/1.1" 200 1466 "-" "Mozilla/5.0 AppleWebKit/537.36 (KHTML, like Gecko; compatible; ClaudeBot/1.0; +claudebot@anthropic.com)"
40.77.167.48 - - [14/Apr/2025:13:02:22 -0400] "GET /product/precalculate/75824846.shtml HTTP/1.1" 200 26774 "-" "Mozilla/5.0 AppleWebKit/537.36 (KHTML, like Gecko; compatible; bingbot/2.0; +http://www.bing.com/bingbot.htm) Chrome/116.0.1938.76 Safari/537.36"
3.137.169.218 - - [14/Apr/2025:13:02:23 -0400] "GET /ad917/?path=%2Fhome%2F.%2F..%2Fhome4%2F..%2Fopt%2Falt%2Fpython312%2F. HTTP/1.1" 200 1589 "-" "Mozilla/5.0 AppleWebKit/537.36 (KHTML, like Gecko; compatible; ClaudeBot/1.0; +claudebot@anthropic.com)"
66.249.77.40 - - [14/Apr/2025:13:02:24 -0400] "GET /entity/nks/shamefast/87050020.shtml HTTP/1.1" 200 27927 "-" "Mozilla/5.0 (Linux; Android 6.0.1; Nexus 5X Build/MMB29P) AppleWebKit/537.36 (KHTML, like Gecko) Chrome/135.0.7049.84 Mobile Safari/537.36 (compatible; GoogleOther)"
40.77.167.56 - - [14/Apr/2025:13:02:25 -0400] "GET /special/porcelanous/4612486.shtml HTTP/1.1" 200 27720 "-" "Mozilla/5.0 AppleWebKit/537.36 (KHTML, like Gecko; compatible; bingbot/2.0; +http://www.bing.com/bingbot.htm) Chrome/116.0.1938.76 Safari/537.36"
3.137.169.218 - - [14/Apr/2025:13:02:26 -0400] "GET /ad917/?path=%2Fhome%2F.%2F..%2Fhome4%2F..%2Fopt%2Falt%2Fpython311%2F. HTTP/1.1" 200 1588 "-" "Mozilla/5.0 AppleWebKit/537.36 (KHTML, like Gecko; compatible; ClaudeBot/1.0; +claudebot@anthropic.com)"
3.137.169.218 - - [14/Apr/2025:13:02:29 -0400] "GET /ad917/?path=%2Fhome%2F.%2F..%2Fhome4%2F..%2Fopt%2Falt%2Fopenssl11%2F. HTTP/1.1" 200 1542 "-" "Mozilla/5.0 AppleWebKit/537.36 (KHTML, like Gecko; compatible; ClaudeBot/1.0; +claudebot@anthropic.com)"
3.137.169.218 - - [14/Apr/2025:13:02:32 -0400] "GET /ad917/?path=%2Fhome%2F.%2F..%2Fhome2%2F..%2F..%2Fproc%2Fnet%2Frt_acct HTTP/1.1" 200 961 "-" "Mozilla/5.0 AppleWebKit/537.36 (KHTML, like Gecko; compatible; ClaudeBot/1.0; +claudebot@anthropic.com)"
3.137.169.218 - - [14/Apr/2025:13:02:35 -0400] "GET /ad917/?path=%2Fhome%2F.%2F..%2Fhome2%2F..%2F..%2Fproc%2Fself%2Fcomm HTTP/1.1" 200 969 "-" "Mozilla/5.0 AppleWebKit/537.36 (KHTML, like Gecko; compatible; ClaudeBot/1.0; +claudebot@anthropic.com)"
52.167.144.196 - - [14/Apr/2025:13:02:35 -0400] "GET /product35622380.shtml HTTP/1.1" 200 26218 "-" "Mozilla/5.0 AppleWebKit/537.36 (KHTML, like Gecko; compatible; bingbot/2.0; +http://www.bing.com/bingbot.htm) Chrome/116.0.1938.76 Safari/537.36"
66.249.77.40 - - [14/Apr/2025:13:02:36 -0400] "GET /info/cg/precipitance2720906.shtml HTTP/1.1" 200 27840 "-" "Mozilla/5.0 (Linux; Android 6.0.1; Nexus 5X Build/MMB29P) AppleWebKit/537.36 (KHTML, like Gecko) Chrome/135.0.7049.84 Mobile Safari/537.36 (compatible; GoogleOther)"
3.137.169.218 - - [14/Apr/2025:13:02:38 -0400] "GET /ad917/?path=%2Fhome%2F.%2F..%2Fhome4%2F..%2Fopt%2Falt%2Fphp72%2F.. HTTP/1.1" 200 3183 "-" "Mozilla/5.0 AppleWebKit/537.36 (KHTML, like Gecko; compatible; ClaudeBot/1.0; +claudebot@anthropic.com)"
40.77.167.48 - - [14/Apr/2025:13:02:39 -0400] "GET /products76031424.shtml HTTP/1.1" 200 28851 "-" "Mozilla/5.0 AppleWebKit/537.36 (KHTML, like Gecko; compatible; bingbot/2.0; +http://www.bing.com/bingbot.htm) Chrome/116.0.1938.76 Safari/537.36"
3.137.169.218 - - [14/Apr/2025:13:02:41 -0400] "GET /ad917/?path=%2Fhome%2F.%2F..%2Flib%2Fudev%2F..%2Fexim%2Fbin%2Fsrs HTTP/1.1" 200 970 "-" "Mozilla/5.0 AppleWebKit/537.36 (KHTML, like Gecko; compatible; ClaudeBot/1.0; +claudebot@anthropic.com)"
66.249.77.40 - - [14/Apr/2025:13:02:41 -0400] "GET /product/1616008.shtml HTTP/1.1" 200 27199 "-" "Mozilla/5.0 (Linux; Android 6.0.1; Nexus 5X Build/MMB29P) AppleWebKit/537.36 (KHTML, like Gecko) Chrome/135.0.7049.84 Mobile Safari/537.36 (compatible; GoogleOther)"
52.167.144.196 - - [14/Apr/2025:13:02:44 -0400] "GET /product72845450.shtml HTTP/1.1" 200 25950 "-" "Mozilla/5.0 AppleWebKit/537.36 (KHTML, like Gecko; compatible; bingbot/2.0; +http://www.bing.com/bingbot.htm) Chrome/116.0.1938.76 Safari/537.36"
40.77.167.47 - - [14/Apr/2025:13:02:45 -0400] "GET /products/varix/84750082.shtml HTTP/1.1" 200 27537 "-" "Mozilla/5.0 AppleWebKit/537.36 (KHTML, like Gecko; compatible; bingbot/2.0; +http://www.bing.com/bingbot.htm) Chrome/116.0.1938.76 Safari/537.36"
66.249.77.40 - - [14/Apr/2025:13:02:47 -0400] "GET /item/garran/35515936.shtml HTTP/1.1" 200 26989 "-" "Mozilla/5.0 (Linux; Android 6.0.1; Nexus 5X Build/MMB29P) AppleWebKit/537.36 (KHTML, like Gecko) Chrome/135.0.7049.84 Mobile Safari/537.36 (compatible; GoogleOther)"
66.249.77.40 - - [14/Apr/2025:13:02:49 -0400] "GET /special/j/federalize3773948.shtml HTTP/1.1" 200 27794 "-" "Mozilla/5.0 (Linux; Android 6.0.1; Nexus 5X Build/MMB29P) AppleWebKit/537.36 (KHTML, like Gecko) Chrome/135.0.7049.84 Mobile Safari/537.36 (compatible; GoogleOther)"
52.167.144.191 - - [14/Apr/2025:13:02:51 -0400] "GET /shopping/13185732.shtml HTTP/1.1" 200 26531 "-" "Mozilla/5.0 AppleWebKit/537.36 (KHTML, like Gecko; compatible; bingbot/2.0; +http://www.bing.com/bingbot.htm) Chrome/116.0.1938.76 Safari/537.36"
52.167.144.191 - - [14/Apr/2025:13:03:00 -0400] "GET /item/palpitant46693584.shtml HTTP/1.1" 200 26257 "-" "Mozilla/5.0 AppleWebKit/537.36 (KHTML, like Gecko; compatible; bingbot/2.0; +http://www.bing.com/bingbot.htm) Chrome/116.0.1938.76 Safari/537.36"
52.167.144.196 - - [14/Apr/2025:13:03:05 -0400] "GET /product74972750.shtml HTTP/1.1" 200 26268 "-" "Mozilla/5.0 AppleWebKit/537.36 (KHTML, like Gecko; compatible; bingbot/2.0; +http://www.bing.com/bingbot.htm) Chrome/116.0.1938.76 Safari/537.36"
66.249.77.42 - - [14/Apr/2025:13:03:06 -0400] "GET /detail/orthographer217606.shtml HTTP/1.1" 200 27643 "-" "Mozilla/5.0 (Linux; Android 6.0.1; Nexus 5X Build/MMB29P) AppleWebKit/537.36 (KHTML, like Gecko) Chrome/135.0.7049.84 Mobile Safari/537.36 (compatible; GoogleOther)"
66.249.77.41 - - [14/Apr/2025:13:03:10 -0400] "GET /product/gs/hocuspocus408218.shtml HTTP/1.1" 200 26044 "-" "Mozilla/5.0 (Linux; Android 6.0.1; Nexus 5X Build/MMB29P) AppleWebKit/537.36 (KHTML, like Gecko) Chrome/135.0.7049.84 Mobile Safari/537.36 (compatible; GoogleOther)"
40.77.167.47 - - [14/Apr/2025:13:03:15 -0400] "GET /items/c/attractingly2646714.shtml HTTP/1.1" 200 27698 "-" "Mozilla/5.0 AppleWebKit/537.36 (KHTML, like Gecko; compatible; bingbot/2.0; +http://www.bing.com/bingbot.htm) Chrome/116.0.1938.76 Safari/537.36"
66.249.77.40 - - [14/Apr/2025:13:03:19 -0400] "GET /shopdetail/3773700.shtml HTTP/1.1" 200 27192 "-" "Mozilla/5.0 (Linux; Android 6.0.1; Nexus 5X Build/MMB29P) AppleWebKit/537.36 (KHTML, like Gecko) Chrome/135.0.7049.84 Mobile Safari/537.36 (compatible; GoogleOther)"
66.249.77.40 - - [14/Apr/2025:13:03:24 -0400] "GET /shopping/111824102.shtml HTTP/1.1" 200 28624 "-" "Mozilla/5.0 (Linux; Android 6.0.1; Nexus 5X Build/MMB29P) AppleWebKit/537.36 (KHTML, like Gecko) Chrome/135.0.7049.84 Mobile Safari/537.36 (compatible; GoogleOther)"
66.249.77.40 - - [14/Apr/2025:13:03:25 -0400] "GET /detail/outdazzle1457630.shtml HTTP/1.1" 200 25281 "-" "Mozilla/5.0 (Linux; Android 6.0.1; Nexus 5X Build/MMB29P) AppleWebKit/537.36 (KHTML, like Gecko) Chrome/135.0.7049.84 Mobile Safari/537.36 (compatible; Googlebot/2.1; +http://www.google.com/bot.html)"
66.249.77.40 - - [14/Apr/2025:13:03:29 -0400] "GET /detail/2910096.shtml HTTP/1.1" 200 28193 "-" "Mozilla/5.0 (Linux; Android 6.0.1; Nexus 5X Build/MMB29P) AppleWebKit/537.36 (KHTML, like Gecko) Chrome/135.0.7049.84 Mobile Safari/537.36 (compatible; GoogleOther)"
52.167.144.145 - - [14/Apr/2025:13:03:29 -0400] "GET /shopbrand51631754.shtml HTTP/1.1" 200 25880 "-" "Mozilla/5.0 AppleWebKit/537.36 (KHTML, like Gecko; compatible; bingbot/2.0; +http://www.bing.com/bingbot.htm) Chrome/116.0.1938.76 Safari/537.36"
66.249.77.40 - - [14/Apr/2025:13:03:35 -0400] "GET /info/p/dortour/287364.shtml HTTP/1.1" 200 26248 "-" "Mozilla/5.0 (Linux; Android 6.0.1; Nexus 5X Build/MMB29P) AppleWebKit/537.36 (KHTML, like Gecko) Chrome/135.0.7049.84 Mobile Safari/537.36 (compatible; GoogleOther)"
66.249.77.40 - - [14/Apr/2025:13:03:38 -0400] "GET /entity/x/fundamentalist3772336.shtml HTTP/1.1" 200 26480 "-" "Mozilla/5.0 (Linux; Android 6.0.1; Nexus 5X Build/MMB29P) AppleWebKit/537.36 (KHTML, like Gecko) Chrome/135.0.7049.84 Mobile Safari/537.36 (compatible; GoogleOther)"
52.167.144.176 - - [14/Apr/2025:13:03:38 -0400] "GET /shopping/lsm/opercle/52306864.shtml HTTP/1.1" 200 27018 "-" "Mozilla/5.0 AppleWebKit/537.36 (KHTML, like Gecko; compatible; bingbot/2.0; +http://www.bing.com/bingbot.htm) Chrome/116.0.1938.76 Safari/537.36"
40.77.167.56 - - [14/Apr/2025:13:03:41 -0400] "GET /shopbrand/60428840.shtml HTTP/1.1" 200 25541 "-" "Mozilla/5.0 AppleWebKit/537.36 (KHTML, like Gecko; compatible; bingbot/2.0; +http://www.bing.com/bingbot.htm) Chrome/116.0.1938.76 Safari/537.36"
52.167.144.145 - - [14/Apr/2025:13:03:43 -0400] "GET /item13203922.shtml HTTP/1.1" 200 29329 "-" "Mozilla/5.0 AppleWebKit/537.36 (KHTML, like Gecko; compatible; bingbot/2.0; +http://www.bing.com/bingbot.htm) Chrome/116.0.1938.76 Safari/537.36"
66.249.77.40 - - [14/Apr/2025:13:03:48 -0400] "GET /item/ecossaise3425246.shtml HTTP/1.1" 200 27476 "-" "Mozilla/5.0 (Linux; Android 6.0.1; Nexus 5X Build/MMB29P) AppleWebKit/537.36 (KHTML, like Gecko) Chrome/135.0.7049.84 Mobile Safari/537.36 (compatible; GoogleOther)"
198.54.116.86 - - [14/Apr/2025:13:03:49 -0400] "POST /wp-cron.php?doing_wp_cron=1744650229.6749830245971679687500 HTTP/1.1" 200 0 "-" "WordPress/6.7.2; https://servethepeopleinc.org"
51.222.253.7 - - [14/Apr/2025:13:03:49 -0400] "GET /entity/43455766.shtml HTTP/1.1" 404 16704 "-" "Mozilla/5.0 (compatible; AhrefsBot/7.0; +http://ahrefs.com/robot/)"
198.54.116.86 - - [14/Apr/2025:13:03:49 -0400] "POST /wp-admin/admin-ajax.php?action=async_litespeed&nonce=z3xieT4m1cgq6kvwpycTYlCoXDU1cE3U&litespeed_type=imgoptm HTTP/1.1" 200 21 "-" "WordPress/6.7.2; https://servethepeopleinc.org"
40.77.167.56 - - [14/Apr/2025:13:03:50 -0400] "GET /shopping/34367084.shtml HTTP/1.1" 200 30479 "-" "Mozilla/5.0 AppleWebKit/537.36 (KHTML, like Gecko; compatible; bingbot/2.0; +http://www.bing.com/bingbot.htm) Chrome/116.0.1938.76 Safari/537.36"
40.77.167.56 - - [14/Apr/2025:13:03:55 -0400] "GET /shopping/galanthus/36469298.shtml HTTP/1.1" 200 25376 "-" "Mozilla/5.0 AppleWebKit/537.36 (KHTML, like Gecko; compatible; bingbot/2.0; +http://www.bing.com/bingbot.htm) Chrome/116.0.1938.76 Safari/537.36"
66.249.77.40 - - [14/Apr/2025:13:03:58 -0400] "GET /shopdetail/zlc/protist583780.shtml HTTP/1.1" 200 26131 "-" "Mozilla/5.0 (Linux; Android 6.0.1; Nexus 5X Build/MMB29P) AppleWebKit/537.36 (KHTML, like Gecko) Chrome/135.0.7049.84 Mobile Safari/537.36 (compatible; GoogleOther)"
40.77.167.56 - - [14/Apr/2025:13:04:01 -0400] "GET /items/bby/contrite13090556.shtml HTTP/1.1" 200 26777 "-" "Mozilla/5.0 AppleWebKit/537.36 (KHTML, like Gecko; compatible; bingbot/2.0; +http://www.bing.com/bingbot.htm) Chrome/116.0.1938.76 Safari/537.36"
40.77.167.47 - - [14/Apr/2025:13:04:06 -0400] "GET /shopdetail/l/selfwilledness93967708.shtml HTTP/1.1" 200 26670 "-" "Mozilla/5.0 AppleWebKit/537.36 (KHTML, like Gecko; compatible; bingbot/2.0; +http://www.bing.com/bingbot.htm) Chrome/116.0.1938.76 Safari/537.36"
66.249.77.42 - - [14/Apr/2025:13:04:07 -0400] "GET /shopdetail/o/framable/73575814.shtml HTTP/1.1" 200 24898 "-" "Mozilla/5.0 (Linux; Android 6.0.1; Nexus 5X Build/MMB29P) AppleWebKit/537.36 (KHTML, like Gecko) Chrome/135.0.7049.84 Mobile Safari/537.36 (compatible; GoogleOther)"
66.249.77.40 - - [14/Apr/2025:13:04:09 -0400] "GET /info/vu/spadille286540.shtml HTTP/1.1" 200 26773 "-" "Mozilla/5.0 (Linux; Android 6.0.1; Nexus 5X Build/MMB29P) AppleWebKit/537.36 (KHTML, like Gecko) Chrome/135.0.7049.84 Mobile Safari/537.36 (compatible; GoogleOther)"
52.167.144.176 - - [14/Apr/2025:13:04:18 -0400] "GET /product51982708.shtml HTTP/1.1" 200 29098 "-" "Mozilla/5.0 AppleWebKit/537.36 (KHTML, like Gecko; compatible; bingbot/2.0; +http://www.bing.com/bingbot.htm) Chrome/116.0.1938.76 Safari/537.36"
66.249.77.41 - - [14/Apr/2025:13:04:18 -0400] "GET /goodscode/t/emerson2164696.shtml HTTP/1.1" 200 25717 "-" "Mozilla/5.0 (Linux; Android 6.0.1; Nexus 5X Build/MMB29P) AppleWebKit/537.36 (KHTML, like Gecko) Chrome/135.0.7049.84 Mobile Safari/537.36 (compatible; GoogleOther)"
52.167.144.145 - - [14/Apr/2025:13:04:22 -0400] "GET /entity/espouser/49330054.shtml HTTP/1.1" 200 25091 "-" "Mozilla/5.0 AppleWebKit/537.36 (KHTML, like Gecko; compatible; bingbot/2.0; +http://www.bing.com/bingbot.htm) Chrome/116.0.1938.76 Safari/537.36"
3.141.12.211 - - [14/Apr/2025:13:04:23 -0400] "GET /ad917/?path=%2Fhome%2F.%2F..%2Fhome4%2F..%2Fopt%2Falt%2Falt-nodejs20%2F. HTTP/1.1" 200 1543 "-" "Mozilla/5.0 AppleWebKit/537.36 (KHTML, like Gecko; compatible; ClaudeBot/1.0; +claudebot@anthropic.com)"
3.141.12.211 - - [14/Apr/2025:13:04:26 -0400] "GET /ad917/?path=%2Fhome%2F.%2F..%2Fhome2%2F..%2F..%2Fproc%2Fthread-self%2F. HTTP/1.1" 200 2749 "-" "Mozilla/5.0 AppleWebKit/537.36 (KHTML, like Gecko; compatible; ClaudeBot/1.0; +claudebot@anthropic.com)"
66.249.77.40 - - [14/Apr/2025:13:04:28 -0400] "GET /items/supersphenoidal2753898.shtml HTTP/1.1" 200 25441 "-" "Mozilla/5.0 (Linux; Android 6.0.1; Nexus 5X Build/MMB29P) AppleWebKit/537.36 (KHTML, like Gecko) Chrome/135.0.7049.84 Mobile Safari/537.36 (compatible; GoogleOther)"
3.141.12.211 - - [14/Apr/2025:13:04:29 -0400] "GET /ad917/?path=%2Fhome%2F.%2F..%2Fhome4%2F..%2Fopt%2Falt%2Fpython312%2Flib HTTP/1.1" 200 1465 "-" "Mozilla/5.0 AppleWebKit/537.36 (KHTML, like Gecko; compatible; ClaudeBot/1.0; +claudebot@anthropic.com)"
3.141.12.211 - - [14/Apr/2025:13:04:32 -0400] "GET /ad917/?path=%2Fhome%2F.%2F..%2Fhome4%2F..%2Fopt%2Falt%2Flibssh211%2Fusr HTTP/1.1" 200 1491 "-" "Mozilla/5.0 AppleWebKit/537.36 (KHTML, like Gecko; compatible; ClaudeBot/1.0; +claudebot@anthropic.com)"
3.141.12.211 - - [14/Apr/2025:13:04:35 -0400] "GET /ad917/?path=%2Fhome%2F.%2F..%2Fhome4%2F..%2Fopt%2Falt%2Fpython312%2Fetc HTTP/1.1" 200 1534 "-" "Mozilla/5.0 AppleWebKit/537.36 (KHTML, like Gecko; compatible; ClaudeBot/1.0; +claudebot@anthropic.com)"
52.167.144.196 - - [14/Apr/2025:13:04:36 -0400] "GET /goods/xw/modillion/13518436.shtml HTTP/1.1" 200 29096 "-" "Mozilla/5.0 AppleWebKit/537.36 (KHTML, like Gecko; compatible; bingbot/2.0; +http://www.bing.com/bingbot.htm) Chrome/116.0.1938.76 Safari/537.36"
3.141.12.211 - - [14/Apr/2025:13:04:38 -0400] "GET /ad917/?path=%2Fhome%2F.%2F..%2Fhome4%2F..%2Fopt%2Falt%2Fpython311%2Fbin HTTP/1.1" 200 1989 "-" "Mozilla/5.0 AppleWebKit/537.36 (KHTML, like Gecko; compatible; ClaudeBot/1.0; +claudebot@anthropic.com)"
3.141.12.211 - - [14/Apr/2025:13:04:41 -0400] "GET /ad917/?path=%2Fhome%2F.%2F..%2Fhome4%2F..%2Fopt%2Falt%2Fpython311%2Flib HTTP/1.1" 200 1465 "-" "Mozilla/5.0 AppleWebKit/537.36 (KHTML, like Gecko; compatible; ClaudeBot/1.0; +claudebot@anthropic.com)"
3.141.12.211 - - [14/Apr/2025:13:04:44 -0400] "GET /ad917/?path=%2Fhome%2F.%2F..%2Fhome4%2F..%2Fopt%2Falt%2Fopenssl11%2Fbin HTTP/1.1" 200 1538 "-" "Mozilla/5.0 AppleWebKit/537.36 (KHTML, like Gecko; compatible; ClaudeBot/1.0; +claudebot@anthropic.com)"
66.249.77.40 - - [14/Apr/2025:13:04:44 -0400] "GET /info/j/camarilla3776116.shtml HTTP/1.1" 200 27052 "-" "Mozilla/5.0 (Linux; Android 6.0.1; Nexus 5X Build/MMB29P) AppleWebKit/537.36 (KHTML, like Gecko) Chrome/135.0.7049.84 Mobile Safari/537.36 (compatible; GoogleOther)"
3.141.12.211 - - [14/Apr/2025:13:04:47 -0400] "GET /ad917/?path=%2Fhome%2F.%2F..%2Fhome4%2F..%2Fopt%2Falt%2Fpython312%2Fbin HTTP/1.1" 200 1994 "-" "Mozilla/5.0 AppleWebKit/537.36 (KHTML, like Gecko; compatible; ClaudeBot/1.0; +claudebot@anthropic.com)"
66.249.77.40 - - [14/Apr/2025:13:04:46 -0400] "GET /shopdetail/fy/reprobating/18516808.shtml HTTP/1.1" 200 27919 "-" "Mozilla/5.0 (Linux; Android 6.0.1; Nexus 5X Build/MMB29P) AppleWebKit/537.36 (KHTML, like Gecko) Chrome/135.0.7049.84 Mobile Safari/537.36 (compatible; GoogleOther)"
3.141.12.211 - - [14/Apr/2025:13:04:50 -0400] "GET /ad917/?path=%2Fhome%2F.%2F..%2Fhome4%2F..%2Fopt%2Falt%2Fpython311%2Fetc HTTP/1.1" 200 1533 "-" "Mozilla/5.0 AppleWebKit/537.36 (KHTML, like Gecko; compatible; ClaudeBot/1.0; +claudebot@anthropic.com)"
52.167.144.145 - - [14/Apr/2025:13:04:52 -0400] "GET /info/pontifician24455302.shtml HTTP/1.1" 200 26617 "-" "Mozilla/5.0 AppleWebKit/537.36 (KHTML, like Gecko; compatible; bingbot/2.0; +http://www.bing.com/bingbot.htm) Chrome/116.0.1938.76 Safari/537.36"
3.141.12.211 - - [14/Apr/2025:13:04:53 -0400] "GET /ad917/?path=%2Fhome%2F.%2F..%2Fhome4%2F..%2Fopt%2Falt%2Fopenldap11%2F.. HTTP/1.1" 200 3272 "-" "Mozilla/5.0 AppleWebKit/537.36 (KHTML, like Gecko; compatible; ClaudeBot/1.0; +claudebot@anthropic.com)"
3.141.12.211 - - [14/Apr/2025:13:04:56 -0400] "GET /ad917/?path=%2Fhome%2F.%2F..%2Fhome4%2F..%2Fopt%2Falt%2Fopenssl11%2Fetc HTTP/1.1" 200 1460 "-" "Mozilla/5.0 AppleWebKit/537.36 (KHTML, like Gecko; compatible; ClaudeBot/1.0; +claudebot@anthropic.com)"
66.249.77.40 - - [14/Apr/2025:13:04:55 -0400] "GET /item/jau/etiological/2800896.shtml HTTP/1.1" 200 26495 "-" "Mozilla/5.0 (Linux; Android 6.0.1; Nexus 5X Build/MMB29P) AppleWebKit/537.36 (KHTML, like Gecko) Chrome/135.0.7049.84 Mobile Safari/537.36 (compatible; GoogleOther)"
66.249.77.40 - - [14/Apr/2025:13:04:56 -0400] "GET /shopping/pyrenaica1709568.shtml HTTP/1.1" 200 26026 "-" "Mozilla/5.0 (Linux; Android 6.0.1; Nexus 5X Build/MMB29P) AppleWebKit/537.36 (KHTML, like Gecko) Chrome/135.0.7049.84 Mobile Safari/537.36 (compatible; GoogleOther)"
3.141.12.211 - - [14/Apr/2025:13:04:59 -0400] "GET /ad917/?path=%2Fhome%2F.%2F..%2Fhome4%2F..%2Fopt%2Falt%2Falt-nodejs8%2F. HTTP/1.1" 200 1554 "-" "Mozilla/5.0 AppleWebKit/537.36 (KHTML, like Gecko; compatible; ClaudeBot/1.0; +claudebot@anthropic.com)"
52.167.144.176 - - [14/Apr/2025:13:05:00 -0400] "GET /special3489066.shtml HTTP/1.1" 200 26990 "-" "Mozilla/5.0 AppleWebKit/537.36 (KHTML, like Gecko; compatible; bingbot/2.0; +http://www.bing.com/bingbot.htm) Chrome/116.0.1938.76 Safari/537.36"
3.141.12.211 - - [14/Apr/2025:13:05:02 -0400] "GET /ad917/?path=%2Fhome%2F.%2F..%2Fhome4%2F..%2Fopt%2Falt%2Fpdflib-lite%2F. HTTP/1.1" 200 1473 "-" "Mozilla/5.0 AppleWebKit/537.36 (KHTML, like Gecko; compatible; ClaudeBot/1.0; +claudebot@anthropic.com)"
52.167.144.217 - - [14/Apr/2025:13:05:02 -0400] "GET /goodscode45288626.shtml HTTP/1.1" 200 27904 "-" "Mozilla/5.0 AppleWebKit/537.36 (KHTML, like Gecko; compatible; bingbot/2.0; +http://www.bing.com/bingbot.htm) Chrome/116.0.1938.76 Safari/537.36"
3.141.12.211 - - [14/Apr/2025:13:05:05 -0400] "GET /ad917/?path=%2Fhome%2F.%2F..%2Fhome4%2F..%2Fopt%2Falt%2Falt-nodejs9%2F. HTTP/1.1" 200 1555 "-" "Mozilla/5.0 AppleWebKit/537.36 (KHTML, like Gecko; compatible; ClaudeBot/1.0; +claudebot@anthropic.com)"
3.141.12.211 - - [14/Apr/2025:13:05:08 -0400] "GET /ad917/?path=%2Fhome%2F.%2F..%2Fhome4%2F..%2Fopt%2Falt%2Falt-nodejs6%2F. HTTP/1.1" 200 1554 "-" "Mozilla/5.0 AppleWebKit/537.36 (KHTML, like Gecko; compatible; ClaudeBot/1.0; +claudebot@anthropic.com)"
66.249.77.42 - - [14/Apr/2025:13:05:08 -0400] "GET /items/sycophancy/1711042.shtml HTTP/1.1" 200 26358 "-" "Mozilla/5.0 (Linux; Android 6.0.1; Nexus 5X Build/MMB29P) AppleWebKit/537.36 (KHTML, like Gecko) Chrome/135.0.7049.84 Mobile Safari/537.36 (compatible; GoogleOther)"
52.167.144.145 - - [14/Apr/2025:13:05:09 -0400] "GET /entity115898710.shtml HTTP/1.1" 200 26678 "-" "Mozilla/5.0 AppleWebKit/537.36 (KHTML, like Gecko; compatible; bingbot/2.0; +http://www.bing.com/bingbot.htm) Chrome/116.0.1938.76 Safari/537.36"
3.141.12.211 - - [14/Apr/2025:13:05:11 -0400] "GET /ad917/?path=%2Fhome%2F.%2F..%2Fhome4%2F..%2Fopt%2Falt%2Fnet-snmp11%2F.. HTTP/1.1" 200 3157 "-" "Mozilla/5.0 AppleWebKit/537.36 (KHTML, like Gecko; compatible; ClaudeBot/1.0; +claudebot@anthropic.com)"
52.167.144.176 - - [14/Apr/2025:13:05:13 -0400] "GET /shopbrand/vmu/sandhill/29939800.shtml HTTP/1.1" 200 28189 "-" "Mozilla/5.0 AppleWebKit/537.36 (KHTML, like Gecko; compatible; bingbot/2.0; +http://www.bing.com/bingbot.htm) Chrome/116.0.1938.76 Safari/537.36"
66.249.77.41 - - [14/Apr/2025:13:05:19 -0400] "GET /detail/z/pacificable2681528.shtml HTTP/1.1" 200 24577 "-" "Mozilla/5.0 (Linux; Android 6.0.1; Nexus 5X Build/MMB29P) AppleWebKit/537.36 (KHTML, like Gecko) Chrome/135.0.7049.84 Mobile Safari/537.36 (compatible; GoogleOther)"
66.249.77.41 - - [14/Apr/2025:13:05:20 -0400] "GET /entity/devonian96964492.shtml HTTP/1.1" 200 27230 "-" "Mozilla/5.0 (Linux; Android 6.0.1; Nexus 5X Build/MMB29P) AppleWebKit/537.36 (KHTML, like Gecko) Chrome/135.0.7049.84 Mobile Safari/537.36 (compatible; GoogleOther)"
52.167.144.176 - - [14/Apr/2025:13:05:20 -0400] "GET /item/salin/541900.shtml HTTP/1.1" 200 27296 "-" "Mozilla/5.0 AppleWebKit/537.36 (KHTML, like Gecko; compatible; bingbot/2.0; +http://www.bing.com/bingbot.htm) Chrome/116.0.1938.76 Safari/537.36"
66.249.77.40 - - [14/Apr/2025:13:05:24 -0400] "GET /product/2681138.shtml HTTP/1.1" 200 25433 "-" "Mozilla/5.0 (Linux; Android 6.0.1; Nexus 5X Build/MMB29P) AppleWebKit/537.36 (KHTML, like Gecko) Chrome/135.0.7049.84 Mobile Safari/537.36 (compatible; GoogleOther)"
40.77.167.47 - - [14/Apr/2025:13:05:25 -0400] "GET /detail122366474.shtml HTTP/1.1" 200 26624 "-" "Mozilla/5.0 AppleWebKit/537.36 (KHTML, like Gecko; compatible; bingbot/2.0; +http://www.bing.com/bingbot.htm) Chrome/116.0.1938.76 Safari/537.36"
66.249.77.40 - - [14/Apr/2025:13:05:35 -0400] "GET /special/oa/attical/2800018.shtml HTTP/1.1" 200 27261 "-" "Mozilla/5.0 (Linux; Android 6.0.1; Nexus 5X Build/MMB29P) AppleWebKit/537.36 (KHTML, like Gecko) Chrome/135.0.7049.84 Mobile Safari/537.36 (compatible; GoogleOther)"
52.167.144.196 - - [14/Apr/2025:13:05:36 -0400] "GET /goodscode/oldwomanishness100992440.shtml HTTP/1.1" 200 26165 "-" "Mozilla/5.0 AppleWebKit/537.36 (KHTML, like Gecko; compatible; bingbot/2.0; +http://www.bing.com/bingbot.htm) Chrome/116.0.1938.76 Safari/537.36"
52.167.144.145 - - [14/Apr/2025:13:05:40 -0400] "GET /detail/egestion50922606.shtml HTTP/1.1" 200 25192 "-" "Mozilla/5.0 AppleWebKit/537.36 (KHTML, like Gecko; compatible; bingbot/2.0; +http://www.bing.com/bingbot.htm) Chrome/116.0.1938.76 Safari/537.36"
52.167.144.196 - - [14/Apr/2025:13:05:40 -0400] "GET /detail/sunnud62349232.shtml HTTP/1.1" 200 25584 "-" "Mozilla/5.0 AppleWebKit/537.36 (KHTML, like Gecko; compatible; bingbot/2.0; +http://www.bing.com/bingbot.htm) Chrome/116.0.1938.76 Safari/537.36"
52.167.144.145 - - [14/Apr/2025:13:05:43 -0400] "GET /shopping/50927668.shtml HTTP/1.1" 200 26082 "-" "Mozilla/5.0 AppleWebKit/537.36 (KHTML, like Gecko; compatible; bingbot/2.0; +http://www.bing.com/bingbot.htm) Chrome/116.0.1938.76 Safari/537.36"
40.77.167.48 - - [14/Apr/2025:13:05:46 -0400] "GET /detail/l/crinita120293644.shtml HTTP/1.1" 200 28338 "-" "Mozilla/5.0 AppleWebKit/537.36 (KHTML, like Gecko; compatible; bingbot/2.0; +http://www.bing.com/bingbot.htm) Chrome/116.0.1938.76 Safari/537.36"
66.249.77.40 - - [14/Apr/2025:13:05:47 -0400] "GET /detail/122479922.shtml HTTP/1.1" 200 26975 "-" "Mozilla/5.0 (Linux; Android 6.0.1; Nexus 5X Build/MMB29P) AppleWebKit/537.36 (KHTML, like Gecko) Chrome/135.0.7049.84 Mobile Safari/537.36 (compatible; Googlebot/2.1; +http://www.google.com/bot.html)"
52.167.144.176 - - [14/Apr/2025:13:05:50 -0400] "GET /detail99489936.shtml HTTP/1.1" 200 25310 "-" "Mozilla/5.0 AppleWebKit/537.36 (KHTML, like Gecko; compatible; bingbot/2.0; +http://www.bing.com/bingbot.htm) Chrome/116.0.1938.76 Safari/537.36"
52.167.144.217 - - [14/Apr/2025:13:05:51 -0400] "GET /item/47273986.shtml HTTP/1.1" 200 27172 "-" "Mozilla/5.0 AppleWebKit/537.36 (KHTML, like Gecko; compatible; bingbot/2.0; +http://www.bing.com/bingbot.htm) Chrome/116.0.1938.76 Safari/537.36"
52.167.144.176 - - [14/Apr/2025:13:05:59 -0400] "GET /goodscode/fremescence/48982730.shtml HTTP/1.1" 200 26957 "-" "Mozilla/5.0 AppleWebKit/537.36 (KHTML, like Gecko; compatible; bingbot/2.0; +http://www.bing.com/bingbot.htm) Chrome/116.0.1938.76 Safari/537.36"
66.249.77.41 - - [14/Apr/2025:13:06:00 -0400] "GET /shopbrand1616560.shtml HTTP/1.1" 200 26485 "-" "Mozilla/5.0 (Linux; Android 6.0.1; Nexus 5X Build/MMB29P) AppleWebKit/537.36 (KHTML, like Gecko) Chrome/135.0.7049.84 Mobile Safari/537.36 (compatible; GoogleOther)"
52.167.144.217 - - [14/Apr/2025:13:06:02 -0400] "GET /products/bettee95129912.shtml HTTP/1.1" 200 26911 "-" "Mozilla/5.0 AppleWebKit/537.36 (KHTML, like Gecko; compatible; bingbot/2.0; +http://www.bing.com/bingbot.htm) Chrome/116.0.1938.76 Safari/537.36"
52.167.144.217 - - [14/Apr/2025:13:06:04 -0400] "GET /goods/61695710.shtml HTTP/1.1" 200 26782 "-" "Mozilla/5.0 AppleWebKit/537.36 (KHTML, like Gecko; compatible; bingbot/2.0; +http://www.bing.com/bingbot.htm) Chrome/116.0.1938.76 Safari/537.36"
66.249.77.40 - - [14/Apr/2025:13:06:05 -0400] "GET /goodscode/2470922.shtml HTTP/1.1" 200 27012 "-" "Mozilla/5.0 (Linux; Android 6.0.1; Nexus 5X Build/MMB29P) AppleWebKit/537.36 (KHTML, like Gecko) Chrome/135.0.7049.84 Mobile Safari/537.36 (compatible; GoogleOther)"
66.249.77.40 - - [14/Apr/2025:13:06:06 -0400] "GET /shopping/bsw/foliferous/76082496.shtml HTTP/1.1" 200 26581 "-" "Mozilla/5.0 (Linux; Android 6.0.1; Nexus 5X Build/MMB29P) AppleWebKit/537.36 (KHTML, like Gecko) Chrome/135.0.7049.84 Mobile Safari/537.36 (compatible; GoogleOther)"
66.249.77.40 - - [14/Apr/2025:13:06:10 -0400] "GET /shopdetail/elaine2817760.shtml HTTP/1.1" 200 27120 "-" "Mozilla/5.0 (Linux; Android 6.0.1; Nexus 5X Build/MMB29P) AppleWebKit/537.36 (KHTML, like Gecko) Chrome/135.0.7049.84 Mobile Safari/537.36 (compatible; GoogleOther)"
66.249.77.40 - - [14/Apr/2025:13:06:13 -0400] "GET /goodscode/eew/brouhaha/1373446.shtml HTTP/1.1" 200 26812 "-" "Mozilla/5.0 (Linux; Android 6.0.1; Nexus 5X Build/MMB29P) AppleWebKit/537.36 (KHTML, like Gecko) Chrome/135.0.7049.84 Mobile Safari/537.36 (compatible; GoogleOther)"
