uawdijnntqw1x1x1
IP : 18.217.107.111
Hostname : server86.web-hosting.com
Kernel : Linux server86.web-hosting.com 4.18.0-513.18.1.lve.el8.x86_64 #1 SMP Thu Feb 22 12:55:50 UTC 2024 x86_64
Disable Function : None :)
OS : Linux
PATH:
/
home
/
.
/
servlmvm
/
lscache
/
5
/
..
/
..
/
access-logs
/
spekkshealth.com.servethepeopleinc.org-ssl_log
/
/
195.191.219.133 - - [14/Apr/2025:08:42:56 -0400] "GET /robots.txt HTTP/1.1" 200 97 "-" "Mozilla/5.0 (compatible; MJ12bot/v2.0.0; http://mj12bot.com/)"
195.191.219.133 - - [14/Apr/2025:08:42:57 -0400] "GET / HTTP/1.1" 200 29787 "-" "Mozilla/5.0 (compatible; MJ12bot/v2.0.0; http://mj12bot.com/)"
45.61.184.136 - - [14/Apr/2025:09:55:06 -0400] "GET /wp-login.php HTTP/1.1" 200 9123 "-" "Mozilla/5.0 (Windows NT 6.2; WOW64; rv:31.0) Gecko/20100101 Firefox/31.0"
198.54.116.86 - - [14/Apr/2025:09:55:08 -0400] "POST /wp-cron.php?doing_wp_cron=1744638908.8205590248107910156250 HTTP/1.1" 200 0 "-" "WordPress/6.7.2; https://spekkshealth.com"
45.61.184.136 - - [14/Apr/2025:09:55:06 -0400] "POST /wp-login.php HTTP/1.1" 200 9627 "-" "Mozilla/5.0 (Windows NT 6.2; WOW64; rv:31.0) Gecko/20100101 Firefox/31.0"
198.54.116.86 - - [14/Apr/2025:09:55:09 -0400] "POST /wp-admin/admin-ajax.php?action=async_litespeed&nonce=RVyLnI0rNs0OISLBvVeokDYYMTH7DhL0&litespeed_type=imgoptm HTTP/1.1" 200 21 "-" "WordPress/6.7.2; https://spekkshealth.com"
198.98.49.67 - - [14/Apr/2025:09:57:54 -0400] "GET /wp-login.php HTTP/1.1" 200 9123 "-" "Mozilla/5.0 (X11; Ubuntu; Linux i686; rv:31.0) Gecko/20100101 Firefox/31.0"
198.54.116.86 - - [14/Apr/2025:09:57:56 -0400] "POST /wp-cron.php?doing_wp_cron=1744639076.4523749351501464843750 HTTP/1.1" 200 0 "-" "WordPress/6.7.2; https://spekkshealth.com"
198.98.49.67 - - [14/Apr/2025:09:57:54 -0400] "POST /wp-login.php HTTP/1.1" 200 9601 "-" "Mozilla/5.0 (X11; Ubuntu; Linux i686; rv:31.0) Gecko/20100101 Firefox/31.0"
198.54.116.86 - - [14/Apr/2025:09:57:56 -0400] "POST /wp-admin/admin-ajax.php?action=async_litespeed&nonce=wxMGfT1ack7cS04NYUTZEWP2vj1ojQaJ&litespeed_type=imgoptm HTTP/1.1" 200 21 "-" "WordPress/6.7.2; https://spekkshealth.com"
54.36.148.140 - - [14/Apr/2025:10:00:41 -0400] "GET /category/uncategorized/ HTTP/1.1" 200 17688 "-" "Mozilla/5.0 (compatible; AhrefsBot/7.0; +http://ahrefs.com/robot/)"
104.244.73.51 - - [14/Apr/2025:10:50:51 -0400] "GET /wp-login.php HTTP/1.1" 200 9123 "-" "Mozilla/5.0 (Windows NT 6.3; WOW64) AppleWebKit/537.36 (KHTML, like Gecko) Chrome/35.0.1916.153 Safari/537.36"
198.54.116.86 - - [14/Apr/2025:10:50:53 -0400] "POST /wp-cron.php?doing_wp_cron=1744642253.8792519569396972656250 HTTP/1.1" 200 0 "-" "WordPress/6.7.2; https://spekkshealth.com"
104.244.73.51 - - [14/Apr/2025:10:50:51 -0400] "POST /wp-login.php HTTP/1.1" 200 9627 "-" "Mozilla/5.0 (Windows NT 6.3; WOW64) AppleWebKit/537.36 (KHTML, like Gecko) Chrome/35.0.1916.153 Safari/537.36"
198.54.116.86 - - [14/Apr/2025:10:50:54 -0400] "POST /wp-admin/admin-ajax.php?action=async_litespeed&nonce=w8AMIzQ0Uep1IHRBLd7gV1jaH1fslSuD&litespeed_type=imgoptm HTTP/1.1" 200 21 "-" "WordPress/6.7.2; https://spekkshealth.com"
81.19.208.94 - - [14/Apr/2025:10:56:41 -0400] "GET /wp-admin/admin-post.php?swp_debug=load_options&swp_url=<pre>system('cat HTTP/1.1" 403 1242 "-" "Mozilla/5.0 (Macintosh; Intel Mac OS X 10_15_7) AppleWebKit/605.1.15 (KHTML, like Gecko) Version/18.0 Safari/605.1.26"
81.19.208.94 - - [14/Apr/2025:10:56:41 -0400] "POST /wp-content/plugins/wp-file-manager/lib/php/connector.minimal.php HTTP/1.1" 403 1242 "-" "Mozilla/5.0 (Macintosh; Intel Mac OS X 10_15_1) AppleWebKit/537.36 (KHTML, like Gecko) Chrome/78.0.3904.108 Safari/537.36"
81.19.208.94 - - [14/Apr/2025:10:56:41 -0400] "GET / HTTP/1.1" 200 35493 "-" "Mozilla/5.0 (CentOS; Linux i686) AppleWebKit/537.36 (KHTML, like Gecko) Chrome/129.0.0.0 Safari/537.36"
81.19.208.94 - - [14/Apr/2025:10:56:43 -0400] "GET / HTTP/1.1" 200 35493 "-" "Mozilla/5.0 (X11; Linux i686) AppleWebKit/537.36 (KHTML, like Gecko) Chrome/118.0.0.0 Safari/537.36"
198.54.116.86 - - [14/Apr/2025:10:56:45 -0400] "POST /wp-cron.php?doing_wp_cron=1744642605.2048869132995605468750 HTTP/1.1" 200 0 "-" "WordPress/6.7.2; https://spekkshealth.com"
198.54.116.86 - - [14/Apr/2025:10:56:45 -0400] "POST /wp-cron.php?doing_wp_cron=1744642605.2048869132995605468750 HTTP/1.1" 200 0 "-" "WordPress/6.7.2; https://spekkshealth.com"
81.19.208.94 - - [14/Apr/2025:10:56:41 -0400] "POST /wp-json/buddypress/v1/signup HTTP/1.1" 404 114 "-" "Mozilla/5.0 (Windows NT 6.3; Win64; x64) AppleWebKit/537.36 (KHTML, like Gecko) Chrome/49.0.2623.87 Safari/537.36"
81.19.208.94 - - [14/Apr/2025:10:56:41 -0400] "GET /?p=1 HTTP/1.1" 301 0 "-" "Mozilla/5.0 (X11; Linux i686) AppleWebKit/537.36 (KHTML, like Gecko) Chrome/129.0.0.0 Safari/537.36"
81.19.208.94 - - [14/Apr/2025:10:56:41 -0400] "GET /wp-json/lp/v1/load_content_via_ajax/?callback={\"class\"%3a\"LP_Debug\",\"method\"%3a\"var_dump\"}&args=\"2vgMLw0ePhsyf4AvizM9hAgZCXG\" HTTP/1.1" 404 114 "-" "Mozilla/5.0 (SS; Linux x86_64) AppleWebKit/537.36 (KHTML, like Gecko) Chrome/120.0.0.0 Safari/537.36"
81.19.208.94 - - [14/Apr/2025:10:56:41 -0400] "POST /wp-admin/admin-ajax.php HTTP/1.1" 400 21 "-" "Mozilla/5.0 (Windows NT 10.0; Win64; x64; rv:102.0) Gecko/20100101 Firefox/102.0"
81.19.208.94 - - [14/Apr/2025:10:56:41 -0400] "GET /wp-admin/admin-ajax.php?action=upg_datatable&field=field:exec:head+-1+/etc/passwd:NULL:NULL HTTP/1.1" 400 21 "-" "Mozilla/5.0 (Macintosh; Intel Mac OS X 11) AppleWebKit/616.13.10 (KHTML, like Gecko) Version/17.2.97 Safari/616.13.10"
198.54.116.86 - - [14/Apr/2025:10:56:45 -0400] "POST /wp-admin/admin-ajax.php?action=async_litespeed&nonce=VvQ5NuTc4Y9rSK0iPZhtWsPjQQWdOvkk&litespeed_type=imgoptm HTTP/1.1" 200 21 "-" "WordPress/6.7.2; https://spekkshealth.com"
198.54.116.86 - - [14/Apr/2025:10:56:45 -0400] "POST /wp-admin/admin-ajax.php?action=async_litespeed&nonce=KsLoHsvRMAzf7ivckVwJ5tv2NymTrR0L&litespeed_type=imgoptm HTTP/1.1" 200 21 "-" "WordPress/6.7.2; https://spekkshealth.com"
18.191.199.234 - - [14/Apr/2025:11:05:31 -0400] "GET /wp-content/plugins/litespeed-cache/readme.txt HTTP/1.1" 200 12066 "-" "Mozlila/5.0 (Linux; Android 7.0; SM-G892A Bulid/NRD90M; wv) AppleWebKit/537.36 (KHTML, like Gecko) Version/4.0 Chrome/60.0.3112.107 Moblie Safari/537.36"
198.98.49.67 - - [14/Apr/2025:11:19:10 -0400] "GET /wp-login.php HTTP/1.1" 200 9123 "-" "Mozilla/5.0 (Windows NT 6.1) AppleWebKit/537.36 (KHTML, like Gecko) Chrome/36.0.1985.143 Safari/537.36"
198.54.116.86 - - [14/Apr/2025:11:19:12 -0400] "POST /wp-cron.php?doing_wp_cron=1744643952.9185359477996826171875 HTTP/1.1" 200 0 "-" "WordPress/6.7.2; https://spekkshealth.com"
198.98.49.67 - - [14/Apr/2025:11:19:10 -0400] "POST /wp-login.php HTTP/1.1" 200 9601 "-" "Mozilla/5.0 (Windows NT 6.1) AppleWebKit/537.36 (KHTML, like Gecko) Chrome/36.0.1985.143 Safari/537.36"
198.54.116.86 - - [14/Apr/2025:11:19:13 -0400] "POST /wp-admin/admin-ajax.php?action=async_litespeed&nonce=LiighBBy3DHMO2Ss95sLvgZVMfl4pOQA&litespeed_type=imgoptm HTTP/1.1" 200 21 "-" "WordPress/6.7.2; https://spekkshealth.com"
198.98.57.200 - - [14/Apr/2025:11:46:37 -0400] "GET /wp-login.php HTTP/1.1" 200 9123 "-" "Mozilla/5.0 (Windows NT 6.1; rv:30.0) Gecko/20100101 Firefox/30.0"
198.54.116.86 - - [14/Apr/2025:11:46:39 -0400] "POST /wp-cron.php?doing_wp_cron=1744645599.7668900489807128906250 HTTP/1.1" 200 0 "-" "WordPress/6.7.2; https://spekkshealth.com"
198.98.57.200 - - [14/Apr/2025:11:46:37 -0400] "POST /wp-login.php HTTP/1.1" 200 9601 "-" "Mozilla/5.0 (Windows NT 6.1; rv:30.0) Gecko/20100101 Firefox/30.0"
198.54.116.86 - - [14/Apr/2025:11:46:39 -0400] "POST /wp-admin/admin-ajax.php?action=async_litespeed&nonce=Iei0oXwrycneUEG6bkEvK14s64aIb8pV&litespeed_type=imgoptm HTTP/1.1" 200 21 "-" "WordPress/6.7.2; https://spekkshealth.com"
198.1.205.216 - - [14/Apr/2025:12:04:25 -0400] "GET /wp-includes/1AuSTyNFrOZ.php?watchx=true HTTP/1.1" 200 191 "http://spekkshealth.com/wp-includes/1AuSTyNFrOZ.php?watchx=true" "Mozilla/5.0 (Windows NT 10.0; Win64; x64) AppleWebKit/537.36 (KHTML, like Gecko) Chrome/119.0.0.0 Safari/537.36"
45.61.187.186 - - [14/Apr/2025:12:05:28 -0400] "GET /wp-login.php HTTP/1.1" 200 9123 "-" "Mozilla/5.0 (Macintosh; Intel Mac OS X 10.9; rv:30.0) Gecko/20100101 Firefox/30.0"
198.54.116.86 - - [14/Apr/2025:12:05:30 -0400] "POST /wp-cron.php?doing_wp_cron=1744646730.5217790603637695312500 HTTP/1.1" 200 0 "-" "WordPress/6.7.2; https://spekkshealth.com"
45.61.187.186 - - [14/Apr/2025:12:05:28 -0400] "POST /wp-login.php HTTP/1.1" 200 9627 "-" "Mozilla/5.0 (Macintosh; Intel Mac OS X 10.9; rv:30.0) Gecko/20100101 Firefox/30.0"
198.54.116.86 - - [14/Apr/2025:12:05:30 -0400] "POST /wp-admin/admin-ajax.php?action=async_litespeed&nonce=l9mL4SCFqYhmsXEgoH2Wc5UJoNPu6riy&litespeed_type=imgoptm HTTP/1.1" 200 21 "-" "WordPress/6.7.2; https://spekkshealth.com"
43.153.102.138 - - [14/Apr/2025:12:13:57 -0400] "GET / HTTP/1.1" 200 35493 "http://spekkshealth.com" "Mozilla/5.0 (iPhone; CPU iPhone OS 13_2_3 like Mac OS X) AppleWebKit/605.1.15 (KHTML, like Gecko) Version/13.0.3 Mobile/15E148 Safari/604.1"
198.54.116.86 - - [14/Apr/2025:12:24:21 -0400] "POST /wp-cron.php?doing_wp_cron=1744647861.0251309871673583984375 HTTP/1.1" 200 0 "-" "WordPress/6.7.2; https://spekkshealth.com"
13.218.47.110 - - [14/Apr/2025:12:24:18 -0400] "GET /extracte_wordprees/filemanger/index.php HTTP/1.1" 301 0 "-" "Mozilla/5.0 (Windows NT 10.0; Win64; x64) AppleWebKit/537.36 (KHTML, like Gecko) Chrome/118.0.0.0 Safari/537.36"
13.218.47.110 - - [14/Apr/2025:12:24:21 -0400] "GET /extracte_wordprees/filemanger/ HTTP/1.1" 404 19560 "-" "Mozilla/5.0 (Windows NT 10.0; Win64; x64) AppleWebKit/537.36 (KHTML, like Gecko) Chrome/118.0.0.0 Safari/537.36"
198.54.116.86 - - [14/Apr/2025:12:24:21 -0400] "POST /wp-admin/admin-ajax.php?action=async_litespeed&nonce=ZJvIoCshUWr9erdxyrYb1bfRLc0b3Dhc&litespeed_type=imgoptm HTTP/1.1" 200 21 "-" "WordPress/6.7.2; https://spekkshealth.com"
13.218.47.110 - - [14/Apr/2025:12:24:21 -0400] "GET /extracte_wordprees/filemanger/index.php/extracted_files/filemanger/index.php HTTP/1.1" 301 0 "-" "Mozilla/5.0 (Windows NT 10.0; Win64; x64) AppleWebKit/537.36 (KHTML, like Gecko) Chrome/118.0.0.0 Safari/537.36"
13.218.47.110 - - [14/Apr/2025:12:24:22 -0400] "GET /extracte_wordprees/filemanger/extracted_files/filemanger/ HTTP/1.1" 404 19626 "-" "Mozilla/5.0 (Windows NT 10.0; Win64; x64) AppleWebKit/537.36 (KHTML, like Gecko) Chrome/118.0.0.0 Safari/537.36"
13.218.47.110 - - [14/Apr/2025:12:24:22 -0400] "GET /extracte_wordprees/filemanger/index.php/extracted_files/filemanger/index.php/extractes_wordprees/filemanger/index.php HTTP/1.1" 301 0 "-" "Mozilla/5.0 (Windows NT 10.0; Win64; x64) AppleWebKit/537.36 (KHTML, like Gecko) Chrome/118.0.0.0 Safari/537.36"
13.218.47.110 - - [14/Apr/2025:12:24:22 -0400] "GET /extracte_wordprees/filemanger/extracted_files/filemanger/extractes_wordprees/filemanger/ HTTP/1.1" 404 19626 "-" "Mozilla/5.0 (Windows NT 10.0; Win64; x64) AppleWebKit/537.36 (KHTML, like Gecko) Chrome/118.0.0.0 Safari/537.36"
203.23.179.39 - - [14/Apr/2025:12:41:22 -0400] "GET /contact-us/ HTTP/1.1" 200 22213 "-" "Mozilla/5.0 (Windows NT 10.0; Win64; x64) AppleWebKit/537.36 (KHTML, like Gecko) Chrome/114.0.0.0 Safari/537.36"
198.54.116.86 - - [14/Apr/2025:12:41:28 -0400] "POST /wp-cron.php?doing_wp_cron=1744648888.0076460838317871093750 HTTP/1.1" 200 0 "-" "WordPress/6.7.2; https://spekkshealth.com"
203.23.179.39 - - [14/Apr/2025:12:41:26 -0400] "POST /contact-us/ HTTP/1.1" 200 19836 "https://spekkshealth.com/contact-us/" "Mozilla/5.0 (Windows NT 10.0; Win64; x64) AppleWebKit/537.36 (KHTML, like Gecko) Chrome/114.0.0.0 Safari/537.36"
198.54.116.86 - - [14/Apr/2025:12:41:28 -0400] "POST /wp-admin/admin-ajax.php?action=async_litespeed&nonce=u7n0BN4P76mP9vqGCUl2yd0jz1jtUTuh&litespeed_type=imgoptm HTTP/1.1" 200 21 "-" "WordPress/6.7.2; https://spekkshealth.com"
159.138.49.222 - - [14/Apr/2025:12:47:55 -0400] "GET / HTTP/1.1" 200 29787 "https://spekkshealth.com/" "Mozilla/5.0 (Windows NT 10.0; Win64; x64) AppleWebKit/537.36 (KHTML, like Gecko) Chrome/101.0.4951.67 Safari/537.36"
198.54.116.86 - - [14/Apr/2025:12:55:13 -0400] "POST /wp-cron.php?doing_wp_cron=1744649713.8556869029998779296875 HTTP/1.1" 200 0 "-" "WordPress/6.7.2; https://spekkshealth.com"
54.162.254.6 - - [14/Apr/2025:12:55:11 -0400] "POST /wp-content/plugins/wp-automatic/inc/csv.php HTTP/1.1" 404 16622 "-" "Mozilla/5.0 (Windows NT 5.1; WOW64) AppleWebKit/537.36 (KHTML, like Gecko) Firefox/53.0"
198.54.116.86 - - [14/Apr/2025:12:55:13 -0400] "POST /wp-admin/admin-ajax.php?action=async_litespeed&nonce=3td94K1NCAXjn63CygCZeq4blTt3c2zw&litespeed_type=imgoptm HTTP/1.1" 200 21 "-" "WordPress/6.7.2; https://spekkshealth.com"
156.253.172.187 - - [14/Apr/2025:13:05:40 -0400] "GET /contact-us/ HTTP/1.1" 200 22213 "-" "Mozilla/5.0 (Windows NT 10.0; Win64; x64) AppleWebKit/537.36 (KHTML, like Gecko) Chrome/114.0.0.0 Safari/537.36"
198.54.116.86 - - [14/Apr/2025:13:05:43 -0400] "POST /wp-cron.php?doing_wp_cron=1744650343.2844409942626953125000 HTTP/1.1" 200 0 "-" "WordPress/6.7.2; https://spekkshealth.com"
156.253.172.187 - - [14/Apr/2025:13:05:41 -0400] "POST /contact-us/ HTTP/1.1" 200 19836 "https://spekkshealth.com/contact-us/" "Mozilla/5.0 (Windows NT 10.0; Win64; x64) AppleWebKit/537.36 (KHTML, like Gecko) Chrome/114.0.0.0 Safari/537.36"
198.54.116.86 - - [14/Apr/2025:13:05:43 -0400] "POST /wp-admin/admin-ajax.php?action=async_litespeed&nonce=gXEHx0JDgq5d2PClMtQCPL0tFuaxnqBA&litespeed_type=imgoptm HTTP/1.1" 200 21 "-" "WordPress/6.7.2; https://spekkshealth.com"
31.11.36.228 - - [14/Apr/2025:13:46:35 -0400] "GET / HTTP/1.1" 200 29787 "https://www.google.co.jp" "Mozilla/5.0 (Macintosh; Intel Mac OS X 10_15_7; rv:129.0) Gecko/20100101 Firefox/129.0"
198.54.116.86 - - [14/Apr/2025:13:46:39 -0400] "POST /wp-cron.php?doing_wp_cron=1744652799.1815490722656250000000 HTTP/1.1" 200 0 "-" "WordPress/6.7.2; https://spekkshealth.com"
31.11.36.228 - - [14/Apr/2025:13:46:36 -0400] "GET /index.php?rest_route=/wp/v2/users HTTP/1.1" 200 644 "https://spekkshealth.com" "Mozilla/5.0 (Windows NT 10.0; Win64; x64) AppleWebKit/537.36 (KHTML, like Gecko) Chrome/112.0.5615.138 Safari/537.36 Edg/112.0.1722.68"
198.54.116.86 - - [14/Apr/2025:13:46:39 -0400] "POST /wp-admin/admin-ajax.php?action=async_litespeed&nonce=zXwWwqGos9rXUW6qbWIVKrwHmzgq9gD0&litespeed_type=imgoptm HTTP/1.1" 200 21 "-" "WordPress/6.7.2; https://spekkshealth.com"
52.167.144.195 - - [14/Apr/2025:13:47:31 -0400] "GET /wp-sitemap.xml HTTP/1.1" 200 193 "-" "Mozilla/5.0 AppleWebKit/537.36 (KHTML, like Gecko; compatible; bingbot/2.0; +http://www.bing.com/bingbot.htm) Chrome/116.0.1938.76 Safari/537.36"
198.54.116.86 - - [14/Apr/2025:13:57:09 -0400] "POST /wp-cron.php?doing_wp_cron=1744653429.5932679176330566406250 HTTP/1.1" 200 0 "-" "WordPress/6.7.2; https://spekkshealth.com"
40.123.38.81 - - [14/Apr/2025:13:57:07 -0400] "GET /autoload_classmap.php HTTP/1.1" 404 88138 "-" "-"
198.54.116.86 - - [14/Apr/2025:13:57:09 -0400] "POST /wp-admin/admin-ajax.php?action=async_litespeed&nonce=ApXapXpJt0CLrbTtejxF5hmiRiHFdsuD&litespeed_type=imgoptm HTTP/1.1" 200 21 "-" "WordPress/6.7.2; https://spekkshealth.com"
40.123.38.81 - - [14/Apr/2025:13:57:10 -0400] "GET /post.php HTTP/1.1" 404 87354 "-" "-"
40.123.38.81 - - [14/Apr/2025:13:57:10 -0400] "GET /1.php HTTP/1.1" 404 87354 "-" "-"
40.123.38.81 - - [14/Apr/2025:13:57:10 -0400] "GET /flower.php HTTP/1.1" 404 87354 "-" "-"
198.54.116.86 - - [14/Apr/2025:13:57:11 -0400] "POST /wp-cron.php?doing_wp_cron=1744653431.3398020267486572265625 HTTP/1.1" 200 0 "-" "WordPress/6.7.2; https://spekkshealth.com"
40.123.38.81 - - [14/Apr/2025:13:57:11 -0400] "GET /admin.php HTTP/1.1" 404 87354 "-" "-"
198.54.116.86 - - [14/Apr/2025:13:57:11 -0400] "POST /wp-admin/admin-ajax.php?action=async_litespeed&nonce=MrwMG2IgQbLzk522rouGhtF0XwXvjZU3&litespeed_type=imgoptm HTTP/1.1" 200 21 "-" "WordPress/6.7.2; https://spekkshealth.com"
40.123.38.81 - - [14/Apr/2025:13:57:11 -0400] "GET /file.php HTTP/1.1" 404 87354 "-" "-"
40.123.38.81 - - [14/Apr/2025:13:57:12 -0400] "GET /meta.php HTTP/1.1" 404 87354 "-" "-"
40.123.38.81 - - [14/Apr/2025:13:57:12 -0400] "GET /index.php HTTP/1.1" 301 0 "-" "-"
40.123.38.81 - - [14/Apr/2025:13:57:12 -0400] "GET / HTTP/1.1" 200 163700 "-" "-"
40.123.38.81 - - [14/Apr/2025:13:57:12 -0400] "GET /about.php HTTP/1.1" 404 87354 "-" "-"
40.123.38.81 - - [14/Apr/2025:13:57:12 -0400] "GET /randkeyword.php HTTP/1.1" 404 87354 "-" "-"
40.123.38.81 - - [14/Apr/2025:13:57:13 -0400] "GET /goods.php HTTP/1.1" 404 87354 "-" "-"
40.123.38.81 - - [14/Apr/2025:13:57:13 -0400] "GET /hehe.php HTTP/1.1" 404 87354 "-" "-"
40.123.38.81 - - [14/Apr/2025:13:57:13 -0400] "GET /yindu.php HTTP/1.1" 404 87354 "-" "-"
40.123.38.81 - - [14/Apr/2025:13:57:14 -0400] "GET /wp-admin/class-db.php HTTP/1.1" 404 87354 "-" "-"
40.123.38.81 - - [14/Apr/2025:13:57:14 -0400] "GET /baxa1.phP8 HTTP/1.1" 404 87354 "-" "-"
40.123.38.81 - - [14/Apr/2025:13:57:14 -0400] "GET /baxa1.php HTTP/1.1" 404 87354 "-" "-"
40.123.38.81 - - [14/Apr/2025:13:57:15 -0400] "GET /.well-known/index.php HTTP/1.1" 301 0 "-" "-"
40.123.38.81 - - [14/Apr/2025:13:57:15 -0400] "GET /.well-known/ HTTP/1.1" 200 1595 "-" "-"
40.123.38.81 - - [14/Apr/2025:13:57:15 -0400] "GET /libraries/phpmailer/index.php HTTP/1.1" 301 0 "-" "-"
40.123.38.81 - - [14/Apr/2025:13:57:15 -0400] "GET /libraries/phpmailer/ HTTP/1.1" 404 87354 "-" "-"
40.123.38.81 - - [14/Apr/2025:13:57:16 -0400] "GET /wp-admin/autoload_classmap.php HTTP/1.1" 404 87354 "-" "-"
40.123.38.81 - - [14/Apr/2025:13:57:16 -0400] "GET /wp-admin/css/colors/blue/1.php HTTP/1.1" 404 87793 "-" "-"
40.123.38.81 - - [14/Apr/2025:13:57:16 -0400] "GET /wp-content/plugins/about.php HTTP/1.1" 404 87793 "-" "-"
40.123.38.81 - - [14/Apr/2025:13:57:17 -0400] "GET /wp-content/plugins/index.php HTTP/1.1" 200 0 "-" "-"
40.123.38.81 - - [14/Apr/2025:13:57:17 -0400] "GET /wp-content/plugins/about.php HTTP/1.1" 404 87793 "-" "-"
40.123.38.81 - - [14/Apr/2025:13:57:17 -0400] "GET /wp-content/uploads/BbUMY/flower.php HTTP/1.1" 404 1251 "-" "-"
40.123.38.81 - - [14/Apr/2025:13:57:17 -0400] "GET /wp-includes/ID3/file.php HTTP/1.1" 404 87793 "-" "-"
40.123.38.81 - - [14/Apr/2025:13:57:18 -0400] "GET /wp-includes/Text/Diff/Engine/about.php HTTP/1.1" 404 87793 "-" "-"
40.123.38.81 - - [14/Apr/2025:13:57:18 -0400] "GET /wp-includes/Text/Diff/Engine/index.php HTTP/1.1" 301 0 "-" "-"
40.123.38.81 - - [14/Apr/2025:13:57:18 -0400] "GET /wp-includes/Text/Diff/Engine/ HTTP/1.1" 200 2445 "-" "-"
40.123.38.81 - - [14/Apr/2025:13:57:18 -0400] "GET /wp-includes/css/index.php HTTP/1.1" 301 0 "-" "-"
40.123.38.81 - - [14/Apr/2025:13:57:18 -0400] "GET /wp-includes/css/ HTTP/1.1" 200 13425 "-" "-"
40.123.38.81 - - [14/Apr/2025:13:57:19 -0400] "GET /wp-includes/css/xc.php HTTP/1.1" 404 87793 "-" "-"
40.123.38.81 - - [14/Apr/2025:13:57:19 -0400] "GET /wp-includes/images/about.php HTTP/1.1" 404 87793 "-" "-"
40.123.38.81 - - [14/Apr/2025:13:57:19 -0400] "GET /wp-includes/images/crystal/index.php HTTP/1.1" 301 0 "-" "-"
40.123.38.81 - - [14/Apr/2025:13:57:19 -0400] "GET /wp-includes/images/crystal/ HTTP/1.1" 200 4639 "-" "-"
40.123.38.81 - - [14/Apr/2025:13:57:20 -0400] "GET /wp/index.php HTTP/1.1" 301 0 "-" "-"
40.123.38.81 - - [14/Apr/2025:13:57:20 -0400] "GET /wp/ HTTP/1.1" 404 87354 "-" "-"
40.123.38.81 - - [14/Apr/2025:13:57:20 -0400] "GET /user.php HTTP/1.1" 404 87354 "-" "-"
40.123.38.81 - - [14/Apr/2025:13:57:20 -0400] "GET /wp-2019.php HTTP/1.1" 404 87354 "-" "-"
40.123.38.81 - - [14/Apr/2025:13:57:21 -0400] "GET /chosen.php HTTP/1.1" 404 87354 "-" "-"
40.123.38.81 - - [14/Apr/2025:13:57:21 -0400] "GET /functions.php HTTP/1.1" 404 87354 "-" "-"
40.123.38.81 - - [14/Apr/2025:13:57:21 -0400] "GET /cron.php HTTP/1.1" 404 87354 "-" "-"
40.123.38.81 - - [14/Apr/2025:13:57:22 -0400] "GET /edit.php HTTP/1.1" 404 87354 "-" "-"
40.123.38.81 - - [14/Apr/2025:13:57:22 -0400] "GET /gecko-new.php HTTP/1.1" 404 87354 "-" "-"
40.123.38.81 - - [14/Apr/2025:13:57:22 -0400] "GET /cookie.php HTTP/1.1" 404 87354 "-" "-"
40.123.38.81 - - [14/Apr/2025:13:57:23 -0400] "GET /xleet.php HTTP/1.1" 404 87354 "-" "-"
40.123.38.81 - - [14/Apr/2025:13:57:23 -0400] "GET /spip.php HTTP/1.1" 404 87354 "-" "-"
40.123.38.81 - - [14/Apr/2025:13:57:23 -0400] "GET /22.php HTTP/1.1" 404 87354 "-" "-"
40.123.38.81 - - [14/Apr/2025:13:57:24 -0400] "GET /room.php HTTP/1.1" 404 87354 "-" "-"
40.123.38.81 - - [14/Apr/2025:13:57:24 -0400] "GET /disagreed.php HTTP/1.1" 404 87354 "-" "-"
40.123.38.81 - - [14/Apr/2025:13:57:24 -0400] "GET /text.php HTTP/1.1" 404 87354 "-" "-"
40.123.38.81 - - [14/Apr/2025:13:57:25 -0400] "GET /alfa-rex.php HTTP/1.1" 404 87354 "-" "-"
40.123.38.81 - - [14/Apr/2025:13:57:25 -0400] "GET /alfa-rex.php7 HTTP/1.1" 404 87354 "-" "-"
40.123.38.81 - - [14/Apr/2025:13:57:26 -0400] "GET /feeds.php HTTP/1.1" 404 87354 "-" "-"
40.123.38.81 - - [14/Apr/2025:13:57:26 -0400] "GET /radio.php HTTP/1.1" 404 87354 "-" "-"
40.123.38.81 - - [14/Apr/2025:13:57:26 -0400] "GET /dropdown.php HTTP/1.1" 404 87354 "-" "-"
40.123.38.81 - - [14/Apr/2025:13:57:26 -0400] "GET /defaults.php HTTP/1.1" 404 87354 "-" "-"
40.123.38.81 - - [14/Apr/2025:13:57:27 -0400] "GET /system.php HTTP/1.1" 404 87354 "-" "-"
40.123.38.81 - - [14/Apr/2025:13:57:27 -0400] "GET /colors.php HTTP/1.1" 404 87354 "-" "-"
40.123.38.81 - - [14/Apr/2025:13:57:28 -0400] "GET /updates.php HTTP/1.1" 404 87354 "-" "-"
40.123.38.81 - - [14/Apr/2025:13:57:28 -0400] "GET /alfa-rex1.php HTTP/1.1" 404 87354 "-" "-"
40.123.38.81 - - [14/Apr/2025:13:57:28 -0400] "GET /wp-index.php HTTP/1.1" 404 87354 "-" "-"
40.123.38.81 - - [14/Apr/2025:13:57:29 -0400] "GET /wp-admin.php HTTP/1.1" 404 87354 "-" "-"
40.123.38.81 - - [14/Apr/2025:13:57:29 -0400] "GET /alfa.php HTTP/1.1" 404 87354 "-" "-"
40.123.38.81 - - [14/Apr/2025:13:57:29 -0400] "GET /alfanew.php7 HTTP/1.1" 404 87354 "-" "-"
40.123.38.81 - - [14/Apr/2025:13:57:30 -0400] "GET /locale.php HTTP/1.1" 404 87354 "-" "-"
40.123.38.81 - - [14/Apr/2025:13:57:30 -0400] "GET /wxo.php HTTP/1.1" 404 87354 "-" "-"
40.123.38.81 - - [14/Apr/2025:13:57:30 -0400] "GET /colour.php HTTP/1.1" 404 87354 "-" "-"
40.123.38.81 - - [14/Apr/2025:13:57:31 -0400] "GET /files.php HTTP/1.1" 404 87354 "-" "-"
40.123.38.81 - - [14/Apr/2025:13:57:31 -0400] "GET /install.php HTTP/1.1" 404 87354 "-" "-"
40.123.38.81 - - [14/Apr/2025:13:57:31 -0400] "GET /wp-contentt.php HTTP/1.1" 404 87354 "-" "-"
40.123.38.81 - - [14/Apr/2025:13:57:31 -0400] "GET /config.php7 HTTP/1.1" 404 87354 "-" "-"
40.123.38.81 - - [14/Apr/2025:13:57:32 -0400] "GET /config.php HTTP/1.1" 404 87354 "-" "-"
40.123.38.81 - - [14/Apr/2025:13:57:32 -0400] "GET /theme.php HTTP/1.1" 404 87354 "-" "-"
40.123.38.81 - - [14/Apr/2025:13:57:32 -0400] "GET /block-bindings.php HTTP/1.1" 404 87354 "-" "-"
40.123.38.81 - - [14/Apr/2025:13:57:33 -0400] "GET /class_api.php HTTP/1.1" 404 87354 "-" "-"
40.123.38.81 - - [14/Apr/2025:13:57:33 -0400] "GET /inputs.php HTTP/1.1" 200 0 "-" "-"
199.195.249.51 - - [14/Apr/2025:14:08:59 -0400] "GET /wp-login.php HTTP/1.1" 200 9123 "-" "Mozilla/5.0 (Windows NT 6.2; WOW64) AppleWebKit/537.36 (KHTML, like Gecko) Chrome/36.0.1985.125 Safari/537.36"
198.54.116.86 - - [14/Apr/2025:14:09:01 -0400] "POST /wp-cron.php?doing_wp_cron=1744654141.2278959751129150390625 HTTP/1.1" 200 0 "-" "WordPress/6.7.2; https://spekkshealth.com"
199.195.249.51 - - [14/Apr/2025:14:08:59 -0400] "POST /wp-login.php HTTP/1.1" 200 9627 "-" "Mozilla/5.0 (Windows NT 6.2; WOW64) AppleWebKit/537.36 (KHTML, like Gecko) Chrome/36.0.1985.125 Safari/537.36"
198.54.116.86 - - [14/Apr/2025:14:09:01 -0400] "POST /wp-admin/admin-ajax.php?action=async_litespeed&nonce=Q6GoSyzghil5pLIa1nTycxy5vbQJjzS6&litespeed_type=imgoptm HTTP/1.1" 200 21 "-" "WordPress/6.7.2; https://spekkshealth.com"
45.61.187.186 - - [14/Apr/2025:14:10:50 -0400] "GET /wp-login.php HTTP/1.1" 200 9123 "-" "Mozilla/5.0 (Macintosh; Intel Mac OS X 10.8; rv:30.0) Gecko/20100101 Firefox/30.0"
198.54.116.86 - - [14/Apr/2025:14:10:52 -0400] "POST /wp-cron.php?doing_wp_cron=1744654252.8605830669403076171875 HTTP/1.1" 200 0 "-" "WordPress/6.7.2; https://spekkshealth.com"
45.61.187.186 - - [14/Apr/2025:14:10:50 -0400] "POST /wp-login.php HTTP/1.1" 200 9601 "-" "Mozilla/5.0 (Macintosh; Intel Mac OS X 10.8; rv:30.0) Gecko/20100101 Firefox/30.0"
198.54.116.86 - - [14/Apr/2025:14:10:53 -0400] "POST /wp-admin/admin-ajax.php?action=async_litespeed&nonce=MsWSwGZxbqDjekxWYwnytDlpgEfKQ97i&litespeed_type=imgoptm HTTP/1.1" 200 21 "-" "WordPress/6.7.2; https://spekkshealth.com"
92.204.188.249 - - [14/Apr/2025:14:27:51 -0400] "GET / HTTP/1.0" 200 163700 "https://spekkshealth.com/" "Mozilla/5.0 (Windows NT 10.0; Win64; x64) AppleWebKit/537.36 (KHTML, like Gecko) Chrome/130.0.0.0 Safari/537.36 CCleaner/130.0.0.0"
198.54.116.86 - - [14/Apr/2025:14:27:55 -0400] "POST /wp-cron.php?doing_wp_cron=1744655275.1263980865478515625000 HTTP/1.1" 200 0 "-" "WordPress/6.7.2; https://spekkshealth.com"
92.204.188.249 - - [14/Apr/2025:14:27:53 -0400] "POST / HTTP/1.0" 200 152256 "https://spekkshealth.com/" "Mozilla/5.0 (Windows NT 10.0; Win64; x64) AppleWebKit/537.36 (KHTML, like Gecko) Chrome/130.0.0.0 Safari/537.36 CCleaner/130.0.0.0"
198.54.116.86 - - [14/Apr/2025:14:27:55 -0400] "POST /wp-admin/admin-ajax.php?action=async_litespeed&nonce=rJxhMbIIDHS3Z0jXuuUsj09NvXaXLVY0&litespeed_type=imgoptm HTTP/1.1" 200 21 "-" "WordPress/6.7.2; https://spekkshealth.com"
198.54.116.86 - - [14/Apr/2025:14:57:56 -0400] "POST /wp-cron.php?doing_wp_cron=1744657076.9618649482727050781250 HTTP/1.1" 200 0 "-" "WordPress/6.7.2; https://spekkshealth.com"
51.178.27.186 - - [14/Apr/2025:14:57:54 -0400] "GET / HTTP/1.1" 200 163682 "-" "Mozilla/5.0 (Windows NT 10.0; Win64; x64) AppleWebKit/537.36 (KHTML, like Gecko) Chrome/88.0.4240.193 Safari/537.36"
51.178.27.186 - - [14/Apr/2025:14:57:57 -0400] "GET //wp-includes/wlwmanifest.xml HTTP/1.1" 301 0 "-" "Mozilla/5.0 (Windows NT 10.0; Win64; x64) AppleWebKit/537.36 (KHTML, like Gecko) Chrome/88.0.4240.193 Safari/537.36"
51.178.27.186 - - [14/Apr/2025:14:57:58 -0400] "GET / HTTP/1.1" 200 163682 "-" "Mozilla/5.0 (Windows NT 10.0; Win64; x64) AppleWebKit/537.36 (KHTML, like Gecko) Chrome/88.0.4240.193 Safari/537.36"
198.54.116.86 - - [14/Apr/2025:14:58:00 -0400] "POST /wp-admin/admin-ajax.php?action=async_litespeed&nonce=OyN34y6PcbSAiCBLqsYaz6K3kTwyOUV8&litespeed_type=imgoptm HTTP/1.1" 200 21 "-" "WordPress/6.7.2; https://spekkshealth.com"
134.17.14.122 - - [14/Apr/2025:14:58:24 -0400] "GET /membership-pricing/ HTTP/1.1" 404 16670 "-" "Mozilla/4.0 (compatible; MSIE 6.0; Windows NT 5.1; SV1)"
198.54.116.86 - - [14/Apr/2025:15:06:56 -0400] "POST /wp-cron.php?doing_wp_cron=1744657616.0146729946136474609375 HTTP/1.1" 200 0 "-" "WordPress/6.7.2; https://spekkshealth.com"
209.141.33.127 - - [14/Apr/2025:15:06:53 -0400] "GET /wp-login.php HTTP/1.1" 200 9123 "-" "Mozilla/5.0 (Macintosh; Intel Mac OS X 10.9; rv:30.0) Gecko/20100101 Firefox/30.0"
209.141.33.127 - - [14/Apr/2025:15:06:56 -0400] "POST /wp-login.php HTTP/1.1" 200 9627 "-" "Mozilla/5.0 (Macintosh; Intel Mac OS X 10.9; rv:30.0) Gecko/20100101 Firefox/30.0"
198.54.116.86 - - [14/Apr/2025:15:06:56 -0400] "POST /wp-admin/admin-ajax.php?action=async_litespeed&nonce=qxrrdJY2KHzDEycLlmstVGPIyU5igGSR&litespeed_type=imgoptm HTTP/1.1" 200 21 "-" "WordPress/6.7.2; https://spekkshealth.com"
104.244.75.153 - - [14/Apr/2025:15:08:45 -0400] "GET /wp-login.php HTTP/1.1" 200 9123 "-" "Mozilla/5.0 (iPhone; CPU iPhone OS 7_1 like Mac OS X) AppleWebKit/537.51.2 (KHTML, like Gecko) Version/7.0 Mobile/11D167 Safari/9537.53"
198.54.116.86 - - [14/Apr/2025:15:08:59 -0400] "POST /wp-cron.php?doing_wp_cron=1744657739.1497569084167480468750 HTTP/1.1" 200 0 "-" "WordPress/6.7.2; https://spekkshealth.com"
104.244.75.153 - - [14/Apr/2025:15:08:56 -0400] "POST /wp-login.php HTTP/1.1" 200 9601 "-" "Mozilla/5.0 (iPhone; CPU iPhone OS 7_1 like Mac OS X) AppleWebKit/537.51.2 (KHTML, like Gecko) Version/7.0 Mobile/11D167 Safari/9537.53"
198.54.116.86 - - [14/Apr/2025:15:08:59 -0400] "POST /wp-admin/admin-ajax.php?action=async_litespeed&nonce=6ttTLvtZcgmaPnC4nxA9oQplaHiroebz&litespeed_type=imgoptm HTTP/1.1" 200 21 "-" "WordPress/6.7.2; https://spekkshealth.com"
192.104.34.34 - - [14/Apr/2025:15:54:11 -0400] "GET / HTTP/1.1" 200 29765 "-" "Mozilla/5.0 (Windows NT 10.0; Win64; x64) AppleWebKit/537.36 (KHTML, like Gecko) Chrome/134.0.0.0 Safari/537.36"
3.213.106.226 - - [14/Apr/2025:15:56:48 -0400] "GET /robots.txt HTTP/1.1" 200 111 "-" "Mozilla/5.0 AppleWebKit/537.36 (KHTML, like Gecko; compatible; Amazonbot/0.1; +https://developer.amazon.com/support/amazonbot) Chrome/119.0.6045.214 Safari/537.36"
52.204.71.8 - - [14/Apr/2025:15:56:51 -0400] "GET / HTTP/1.1" 200 35478 "-" "Mozilla/5.0 AppleWebKit/537.36 (KHTML, like Gecko; compatible; Amazonbot/0.1; +https://developer.amazon.com/support/amazonbot) Chrome/119.0.6045.214 Safari/537.36"
84.17.48.167 - - [14/Apr/2025:15:59:44 -0400] "GET / HTTP/1.0" 200 163682 "https://spekkshealth.com/" "Mozilla/5.0 (Windows NT 10.0; Win64; x64) AppleWebKit/537.36 (KHTML, like Gecko) Chrome/129.0.0.0 Safari/537.36"
84.17.48.167 - - [14/Apr/2025:15:59:46 -0400] "POST / HTTP/1.0" 200 152256 "https://spekkshealth.com/" "Mozilla/5.0 (Windows NT 10.0; Win64; x64) AppleWebKit/537.36 (KHTML, like Gecko) Chrome/129.0.0.0 Safari/537.36"
198.98.55.56 - - [14/Apr/2025:16:03:31 -0400] "GET /wp-login.php HTTP/1.1" 200 9123 "-" "Mozilla/5.0 (iPhone; CPU iPhone OS 7_0_4 like Mac OS X) AppleWebKit/537.51.1 (KHTML, like Gecko) Version/7.0 Mobile/11B554a Safari/9537.53"
198.98.55.56 - - [14/Apr/2025:16:03:31 -0400] "POST /wp-login.php HTTP/1.1" 200 9601 "-" "Mozilla/5.0 (iPhone; CPU iPhone OS 7_0_4 like Mac OS X) AppleWebKit/537.51.1 (KHTML, like Gecko) Version/7.0 Mobile/11B554a Safari/9537.53"
85.208.96.200 - - [14/Apr/2025:16:36:56 -0400] "GET /robots.txt HTTP/1.1" 200 111 "-" "Mozilla/5.0 (compatible; SemrushBot/7~bl; +http://www.semrush.com/bot.html)"
85.208.96.210 - - [14/Apr/2025:16:36:57 -0400] "GET /services/ HTTP/1.1" 200 21846 "-" "Mozilla/5.0 (compatible; SemrushBot/7~bl; +http://www.semrush.com/bot.html)"
198.98.62.238 - - [14/Apr/2025:16:41:05 -0400] "GET /wp-login.php HTTP/1.1" 200 9123 "-" "Mozilla/5.0 (Macintosh; Intel Mac OS X 10_9_3) AppleWebKit/537.36 (KHTML, like Gecko) Chrome/35.0.1916.153 Safari/537.36"
198.98.62.238 - - [14/Apr/2025:16:47:17 -0400] "POST /wp-login.php HTTP/1.1" 200 9627 "-" "Mozilla/5.0 (Macintosh; Intel Mac OS X 10_9_3) AppleWebKit/537.36 (KHTML, like Gecko) Chrome/35.0.1916.153 Safari/537.36"
125.75.66.97 - - [14/Apr/2025:16:50:00 -0400] "GET / HTTP/1.1" 200 35501 "http://spekkshealth.com" "Mozilla/5.0 (iPhone; CPU iPhone OS 13_2_3 like Mac OS X) AppleWebKit/605.1.15 (KHTML, like Gecko) Version/13.0.3 Mobile/15E148 Safari/604.1"
170.106.197.109 - - [14/Apr/2025:18:08:30 -0400] "GET / HTTP/1.1" 200 35501 "http://spekkshealth.com" "Mozilla/5.0 (iPhone; CPU iPhone OS 13_2_3 like Mac OS X) AppleWebKit/605.1.15 (KHTML, like Gecko) Version/13.0.3 Mobile/15E148 Safari/604.1"
199.195.249.51 - - [14/Apr/2025:18:23:39 -0400] "GET /wp-login.php HTTP/1.1" 200 9123 "-" "Mozilla/5.0 (X11; Linux x86_64) AppleWebKit/537.36 (KHTML, like Gecko) Chrome/35.0.1916.153 Safari/537.36"
199.195.249.51 - - [14/Apr/2025:18:23:39 -0400] "POST /wp-login.php HTTP/1.1" 200 9627 "-" "Mozilla/5.0 (X11; Linux x86_64) AppleWebKit/537.36 (KHTML, like Gecko) Chrome/35.0.1916.153 Safari/537.36"
156.253.164.25 - - [14/Apr/2025:18:31:15 -0400] "GET /contact-us/ HTTP/1.1" 200 22225 "-" "Mozilla/5.0 (Windows NT 10.0; Win64; x64) AppleWebKit/537.36 (KHTML, like Gecko) Chrome/114.0.0.0 Safari/537.36"
156.253.164.25 - - [14/Apr/2025:18:31:18 -0400] "POST /contact-us/ HTTP/1.1" 200 19835 "https://spekkshealth.com/contact-us/" "Mozilla/5.0 (Windows NT 10.0; Win64; x64) AppleWebKit/537.36 (KHTML, like Gecko) Chrome/114.0.0.0 Safari/537.36"
198.98.62.50 - - [14/Apr/2025:19:05:17 -0400] "GET /wp-login.php HTTP/1.1" 200 9123 "-" "Mozilla/5.0 (X11; Ubuntu; Linux x86_64; rv:31.0) Gecko/20100101 Firefox/31.0"
198.98.62.50 - - [14/Apr/2025:19:05:17 -0400] "POST /wp-login.php HTTP/1.1" 200 9627 "-" "Mozilla/5.0 (X11; Ubuntu; Linux x86_64; rv:31.0) Gecko/20100101 Firefox/31.0"
54.36.148.152 - - [14/Apr/2025:19:05:31 -0400] "GET /robots.txt HTTP/1.1" 200 97 "-" "Mozilla/5.0 (compatible; AhrefsBot/7.0; +http://ahrefs.com/robot/)"
54.36.149.68 - - [14/Apr/2025:19:05:32 -0400] "GET /author/admin/ HTTP/1.1" 200 17674 "-" "Mozilla/5.0 (compatible; AhrefsBot/7.0; +http://ahrefs.com/robot/)"
/home/./servlmvm/lscache/5/../../access-logs/spekkshealth.com.servethepeopleinc.org-ssl_log