3.15.31.240 - - [21/Apr/2025:10:36:57 -0400] "GET /ad917/?path=%2Fhome%2F.%2F..%2Fbin%2F..%2F.%2Fshare%2Flocale%2Fcho%2F..%2Fgba HTTP/1.1" 200 1485 "-" "Mozilla/5.0 AppleWebKit/537.36 (KHTML, like Gecko; compatible; ClaudeBot/1.0; +claudebot@anthropic.com)"
3.15.31.240 - - [21/Apr/2025:10:37:00 -0400] "GET /ad917/?path=%2Fhome%2F.%2F..%2Fbin%2F..%2F.%2Fshare%2Flocale%2Faus%2F..%2Fcmn HTTP/1.1" 200 1485 "-" "Mozilla/5.0 AppleWebKit/537.36 (KHTML, like Gecko; compatible; ClaudeBot/1.0; +claudebot@anthropic.com)"
40.77.167.55 - - [21/Apr/2025:10:37:02 -0400] "GET /detail/121762010.shtml HTTP/1.1" 404 16944 "-" "Mozilla/5.0 AppleWebKit/537.36 (KHTML, like Gecko; compatible; bingbot/2.0; +http://www.bing.com/bingbot.htm) Chrome/116.0.1938.76 Safari/537.36"
3.15.31.240 - - [21/Apr/2025:10:37:03 -0400] "GET /ad917/?path=%2Fhome%2F.%2F..%2Fbin%2F..%2F.%2Fshare%2Flocale%2Faus%2F..%2Fegy HTTP/1.1" 200 1485 "-" "Mozilla/5.0 AppleWebKit/537.36 (KHTML, like Gecko; compatible; ClaudeBot/1.0; +claudebot@anthropic.com)"
3.15.31.240 - - [21/Apr/2025:10:37:06 -0400] "GET /ad917/?path=%2Fhome%2F.%2F..%2Fbin%2F..%2F.%2Fshare%2Flocale%2Fgil%2F..%2Fwar HTTP/1.1" 200 1485 "-" "Mozilla/5.0 AppleWebKit/537.36 (KHTML, like Gecko; compatible; ClaudeBot/1.0; +claudebot@anthropic.com)"
3.15.31.240 - - [21/Apr/2025:10:37:09 -0400] "GET /ad917/?path=%2Fhome%2F.%2F..%2Fbin%2F..%2F.%2Fshare%2Flocale%2Fcho%2F..%2Fkar HTTP/1.1" 200 1485 "-" "Mozilla/5.0 AppleWebKit/537.36 (KHTML, like Gecko; compatible; ClaudeBot/1.0; +claudebot@anthropic.com)"
198.54.116.86 - - [21/Apr/2025:10:37:11 -0400] "POST /wp-cron.php?doing_wp_cron=1745246231.4515249729156494140625 HTTP/1.1" 200 0 "-" "WordPress/6.8; https://servethepeopleinc.org"
40.77.167.36 - - [21/Apr/2025:10:37:11 -0400] "GET /items/hyperthermia46785862.shtml HTTP/1.1" 301 0 "-" "Mozilla/5.0 AppleWebKit/537.36 (KHTML, like Gecko; compatible; bingbot/2.0; +http://www.bing.com/bingbot.htm) Chrome/116.0.1938.76 Safari/537.36"
198.54.116.86 - - [21/Apr/2025:10:37:11 -0400] "POST /wp-admin/admin-ajax.php?action=async_litespeed&nonce=jXevG0Ra0uRcPKdjQVmzas54HsMhdo9q&litespeed_type=imgoptm HTTP/1.1" 200 21 "-" "WordPress/6.8; https://servethepeopleinc.org"
3.15.31.240 - - [21/Apr/2025:10:37:12 -0400] "GET /ad917/?path=%2Fhome%2F.%2F..%2Fbin%2F..%2F.%2Fshare%2Flocale%2Faus%2F..%2Fbas HTTP/1.1" 200 1484 "-" "Mozilla/5.0 AppleWebKit/537.36 (KHTML, like Gecko; compatible; ClaudeBot/1.0; +claudebot@anthropic.com)"
3.15.31.240 - - [21/Apr/2025:10:37:15 -0400] "GET /ad917/?path=%2Fhome%2F.%2F..%2Fbin%2F..%2F.%2Fshare%2Flocale%2Fckb%2F..%2Fnew HTTP/1.1" 200 1487 "-" "Mozilla/5.0 AppleWebKit/537.36 (KHTML, like Gecko; compatible; ClaudeBot/1.0; +claudebot@anthropic.com)"
66.249.65.169 - - [21/Apr/2025:10:37:15 -0400] "GET /product/amblyopia/4866372.shtml HTTP/1.1" 404 16951 "-" "Mozilla/5.0 (Linux; Android 6.0.1; Nexus 5X Build/MMB29P) AppleWebKit/537.36 (KHTML, like Gecko) Chrome/135.0.7049.95 Mobile Safari/537.36 (compatible; Googlebot/2.1; +http://www.google.com/bot.html)"
3.15.31.240 - - [21/Apr/2025:10:37:18 -0400] "GET /ad917/?path=%2Fhome%2F.%2F..%2Fbin%2F..%2F.%2Fshare%2Flocale%2Fckb%2F..%2Fyao HTTP/1.1" 200 1487 "-" "Mozilla/5.0 AppleWebKit/537.36 (KHTML, like Gecko; compatible; ClaudeBot/1.0; +claudebot@anthropic.com)"
3.15.31.240 - - [21/Apr/2025:10:37:21 -0400] "GET /ad917/?path=%2Fhome%2F.%2F..%2Fbin%2F..%2F.%2Fshare%2Flocale%2Fckb%2F..%2Fchp HTTP/1.1" 200 1486 "-" "Mozilla/5.0 AppleWebKit/537.36 (KHTML, like Gecko; compatible; ClaudeBot/1.0; +claudebot@anthropic.com)"
198.54.116.86 - - [21/Apr/2025:10:37:21 -0400] "POST /wp-cron.php?doing_wp_cron=1745246241.3417639732360839843750 HTTP/1.1" 200 0 "-" "WordPress/6.8; https://servethepeopleinc.org"
40.77.167.36 - - [21/Apr/2025:10:37:21 -0400] "GET /products/ehi/cicatrized12865718.shtml HTTP/1.1" 301 0 "-" "Mozilla/5.0 AppleWebKit/537.36 (KHTML, like Gecko; compatible; bingbot/2.0; +http://www.bing.com/bingbot.htm) Chrome/116.0.1938.76 Safari/537.36"
3.15.31.240 - - [21/Apr/2025:10:37:24 -0400] "GET /ad917/?path=%2Fhome%2F.%2F..%2Fbin%2F..%2F.%2Fshare%2Flocale%2Fckb%2F..%2Fsam HTTP/1.1" 200 1485 "-" "Mozilla/5.0 AppleWebKit/537.36 (KHTML, like Gecko; compatible; ClaudeBot/1.0; +claudebot@anthropic.com)"
3.15.31.240 - - [21/Apr/2025:10:37:27 -0400] "GET /ad917/?path=%2Fhome%2F.%2F..%2Fbin%2F..%2F.%2Fshare%2Flocale%2Fgil%2F..%2Fmwl HTTP/1.1" 200 1485 "-" "Mozilla/5.0 AppleWebKit/537.36 (KHTML, like Gecko; compatible; ClaudeBot/1.0; +claudebot@anthropic.com)"
3.15.31.240 - - [21/Apr/2025:10:37:30 -0400] "GET /ad917/?path=%2Fhome%2F.%2F..%2Fbin%2F..%2F.%2Fshare%2Flocale%2Fgil%2F..%2Fbrx HTTP/1.1" 200 1485 "-" "Mozilla/5.0 AppleWebKit/537.36 (KHTML, like Gecko; compatible; ClaudeBot/1.0; +claudebot@anthropic.com)"
3.15.31.240 - - [21/Apr/2025:10:37:33 -0400] "GET /ad917/?path=%2Fhome%2F.%2F..%2Fbin%2F..%2F.%2Fshare%2Flocale%2Fckb%2F..%2Fosa HTTP/1.1" 200 1485 "-" "Mozilla/5.0 AppleWebKit/537.36 (KHTML, like Gecko; compatible; ClaudeBot/1.0; +claudebot@anthropic.com)"
3.15.31.240 - - [21/Apr/2025:10:37:36 -0400] "GET /ad917/?path=%2Fhome%2F.%2F..%2Fbin%2F..%2F.%2Fshare%2Flocale%2Fcho%2F..%2Fniu HTTP/1.1" 200 1486 "-" "Mozilla/5.0 AppleWebKit/537.36 (KHTML, like Gecko; compatible; ClaudeBot/1.0; +claudebot@anthropic.com)"
40.77.167.116 - - [21/Apr/2025:10:37:41 -0400] "GET /shopbrand/carbureted76108246.shtml HTTP/1.1" 404 16941 "-" "Mozilla/5.0 AppleWebKit/537.36 (KHTML, like Gecko; compatible; bingbot/2.0; +http://www.bing.com/bingbot.htm) Chrome/116.0.1938.76 Safari/537.36"
40.77.167.9 - - [21/Apr/2025:10:37:54 -0400] "GET /info/s/vicenary99862622.shtml HTTP/1.1" 404 16951 "-" "Mozilla/5.0 AppleWebKit/537.36 (KHTML, like Gecko; compatible; bingbot/2.0; +http://www.bing.com/bingbot.htm) Chrome/116.0.1938.76 Safari/537.36"
40.77.167.36 - - [21/Apr/2025:10:38:03 -0400] "GET /shopping/60796088.shtml HTTP/1.1" 301 0 "-" "Mozilla/5.0 AppleWebKit/537.36 (KHTML, like Gecko; compatible; bingbot/2.0; +http://www.bing.com/bingbot.htm) Chrome/116.0.1938.76 Safari/537.36"
198.54.116.86 - - [21/Apr/2025:10:38:31 -0400] "POST /wp-cron.php?doing_wp_cron=1745246311.7040688991546630859375 HTTP/1.1" 200 0 "-" "WordPress/6.8; https://servethepeopleinc.org"
40.77.167.55 - - [21/Apr/2025:10:38:31 -0400] "GET /special/wda/adulterator86703162.shtml HTTP/1.1" 404 16953 "-" "Mozilla/5.0 AppleWebKit/537.36 (KHTML, like Gecko; compatible; bingbot/2.0; +http://www.bing.com/bingbot.htm) Chrome/116.0.1938.76 Safari/537.36"
198.54.116.86 - - [21/Apr/2025:10:38:31 -0400] "POST /wp-admin/admin-ajax.php?action=async_litespeed&nonce=CUYz3wPd1yZPpExSSOJnMN0nNXtdAMQP&litespeed_type=imgoptm HTTP/1.1" 200 21 "-" "WordPress/6.8; https://servethepeopleinc.org"
18.116.50.130 - - [21/Apr/2025:10:38:35 -0400] "GET /ad917/?path=%2Fhome%2F.%2Fservlmvm%2F.clwpos%2F..%2Ftmp%2Fwebalizer%2F..%2Fanalog HTTP/1.1" 200 1467 "-" "Mozilla/5.0 AppleWebKit/537.36 (KHTML, like Gecko; compatible; ClaudeBot/1.0; +claudebot@anthropic.com)"
40.77.167.55 - - [21/Apr/2025:10:38:35 -0400] "GET /special/spectroelectric/ HTTP/1.1" 404 16942 "-" "Mozilla/5.0 AppleWebKit/537.36 (KHTML, like Gecko; compatible; bingbot/2.0; +http://www.bing.com/bingbot.htm) Chrome/116.0.1938.76 Safari/537.36"
18.116.50.130 - - [21/Apr/2025:10:38:37 -0400] "GET /ad917/?path=%2Fhome%2F.%2F..%2Fvar%2Fsoftaculous%2Fwallabag%2Fphp82%2F..%2Fimages HTTP/1.1" 200 1559 "-" "Mozilla/5.0 AppleWebKit/537.36 (KHTML, like Gecko; compatible; ClaudeBot/1.0; +claudebot@anthropic.com)"
18.116.50.130 - - [21/Apr/2025:10:38:40 -0400] "GET /ad917/?path=%2Fhome%2F.%2F..%2Fvar%2Fsoftaculous%2Fblab%2F..%2Fframadate%2Fimages HTTP/1.1" 200 1572 "-" "Mozilla/5.0 AppleWebKit/537.36 (KHTML, like Gecko; compatible; ClaudeBot/1.0; +claudebot@anthropic.com)"
18.116.50.130 - - [21/Apr/2025:10:38:43 -0400] "GET /ad917/?path=%2Fhome%2F.%2F..%2Fvar%2Fsoftaculous%2Fblab%2F..%2Fmaiancart%2Fimages HTTP/1.1" 200 1573 "-" "Mozilla/5.0 AppleWebKit/537.36 (KHTML, like Gecko; compatible; ClaudeBot/1.0; +claudebot@anthropic.com)"
18.116.50.130 - - [21/Apr/2025:10:38:46 -0400] "GET /ad917/?path=%2Fhome%2F.%2F..%2Flib64%2Fgawk%2F..%2Fpython3.8%2Fimportlib%2Fabc.py HTTP/1.1" 200 4450 "-" "Mozilla/5.0 AppleWebKit/537.36 (KHTML, like Gecko; compatible; ClaudeBot/1.0; +claudebot@anthropic.com)"
18.116.50.130 - - [21/Apr/2025:10:38:49 -0400] "GET /ad917/?path=%2Fhome%2F.%2F..%2Fbin%2F.%2F..%2Fsbin%2F..%2Finclude%2Fmisc%2Focxl.h HTTP/1.1" 200 1777 "-" "Mozilla/5.0 AppleWebKit/537.36 (KHTML, like Gecko; compatible; ClaudeBot/1.0; +claudebot@anthropic.com)"
18.116.50.130 - - [21/Apr/2025:10:38:52 -0400] "GET /ad917/?path=%2Fhome%2F.%2F..%2Fbin%2F.%2F..%2Fsbin%2F..%2Finclude%2Fuuid%2Fuuid.h HTTP/1.1" 200 2556 "-" "Mozilla/5.0 AppleWebKit/537.36 (KHTML, like Gecko; compatible; ClaudeBot/1.0; +claudebot@anthropic.com)"
18.116.50.130 - - [21/Apr/2025:10:38:55 -0400] "GET /ad917/?path=%2Fhome%2Fservlmvm%2F.%2F.%2F.trash%2F..%2Flscache%2F3%2Fa%2F..%2F.. HTTP/1.1" 200 1772 "-" "Mozilla/5.0 AppleWebKit/537.36 (KHTML, like Gecko; compatible; ClaudeBot/1.0; +claudebot@anthropic.com)"
18.116.50.130 - - [21/Apr/2025:10:38:58 -0400] "GET /ad917/?path=%2Fhome%2Fservlmvm%2F.%2F.%2F.trash%2F..%2Flscache%2F5%2F6%2F..%2F.. HTTP/1.1" 200 1799 "-" "Mozilla/5.0 AppleWebKit/537.36 (KHTML, like Gecko; compatible; ClaudeBot/1.0; +claudebot@anthropic.com)"
18.116.50.130 - - [21/Apr/2025:10:39:01 -0400] "GET /ad917/?path=%2Fhome%2F.%2F..%2Fhome2%2F..%2F..%2Fproc%2Firq%2F72%2F..%2F104%2F.. HTTP/1.1" 200 2983 "-" "Mozilla/5.0 AppleWebKit/537.36 (KHTML, like Gecko; compatible; ClaudeBot/1.0; +claudebot@anthropic.com)"
18.116.50.130 - - [21/Apr/2025:10:39:04 -0400] "GET /ad917/?path=%2Fhome%2F.%2F..%2Fhome2%2F..%2F..%2Fproc%2Firq%2F72%2F..%2F112%2F.. HTTP/1.1" 200 3001 "-" "Mozilla/5.0 AppleWebKit/537.36 (KHTML, like Gecko; compatible; ClaudeBot/1.0; +claudebot@anthropic.com)"
18.116.50.130 - - [21/Apr/2025:10:39:07 -0400] "GET /ad917/?path=%2Fhome%2F.%2F..%2Fhome2%2F..%2F..%2Fproc%2Firq%2F72%2F..%2F114%2F.. HTTP/1.1" 200 2964 "-" "Mozilla/5.0 AppleWebKit/537.36 (KHTML, like Gecko; compatible; ClaudeBot/1.0; +claudebot@anthropic.com)"
18.116.50.130 - - [21/Apr/2025:10:39:10 -0400] "GET /ad917/?path=%2Fhome%2F.%2F..%2Fhome2%2F..%2F..%2Fproc%2Firq%2F72%2F..%2F109%2F.. HTTP/1.1" 200 2974 "-" "Mozilla/5.0 AppleWebKit/537.36 (KHTML, like Gecko; compatible; ClaudeBot/1.0; +claudebot@anthropic.com)"
198.54.116.86 - - [21/Apr/2025:10:39:12 -0400] "POST /wp-cron.php?doing_wp_cron=1745246352.4729681015014648437500 HTTP/1.1" 200 0 "-" "WordPress/6.8; https://servethepeopleinc.org"
40.77.167.36 - - [21/Apr/2025:10:39:12 -0400] "GET /goodscode/sec/manganesic/68494922.shtml HTTP/1.1" 301 0 "-" "Mozilla/5.0 AppleWebKit/537.36 (KHTML, like Gecko; compatible; bingbot/2.0; +http://www.bing.com/bingbot.htm) Chrome/116.0.1938.76 Safari/537.36"
198.54.116.86 - - [21/Apr/2025:10:39:12 -0400] "POST /wp-admin/admin-ajax.php?action=async_litespeed&nonce=cB2QNADoxeKqAUuBlqt1tBM2tD6hYkP8&litespeed_type=imgoptm HTTP/1.1" 200 21 "-" "WordPress/6.8; https://servethepeopleinc.org"
18.116.50.130 - - [21/Apr/2025:10:39:13 -0400] "GET /ad917/?path=%2Fhome%2F.%2F..%2Fhome2%2F..%2F..%2Fproc%2Firq%2F72%2F..%2F121%2F.. HTTP/1.1" 200 2972 "-" "Mozilla/5.0 AppleWebKit/537.36 (KHTML, like Gecko; compatible; ClaudeBot/1.0; +claudebot@anthropic.com)"
18.116.50.130 - - [21/Apr/2025:10:39:16 -0400] "GET /ad917/?path=%2Fhome%2F.%2F..%2Fhome2%2F..%2F..%2Fproc%2Firq%2F72%2F..%2F122%2F.. HTTP/1.1" 200 2972 "-" "Mozilla/5.0 AppleWebKit/537.36 (KHTML, like Gecko; compatible; ClaudeBot/1.0; +claudebot@anthropic.com)"
18.116.50.130 - - [21/Apr/2025:10:39:19 -0400] "GET /ad917/?path=%2Fhome%2Fservlmvm%2F.%2Fpublic_ftp%2F.%2F..%2Fssl%2F.%2F.%2F..%2F.. HTTP/1.1" 200 1491 "-" "Mozilla/5.0 AppleWebKit/537.36 (KHTML, like Gecko; compatible; ClaudeBot/1.0; +claudebot@anthropic.com)"
18.116.50.130 - - [21/Apr/2025:10:39:22 -0400] "GET /ad917/?path=%2Fhome%2Fservlmvm%2F.%2F.%2Fmail%2F.Sent%2F..%2F.%2F.Sent%2F..%2F.. HTTP/1.1" 200 2581 "-" "Mozilla/5.0 AppleWebKit/537.36 (KHTML, like Gecko; compatible; ClaudeBot/1.0; +claudebot@anthropic.com)"
18.116.50.130 - - [21/Apr/2025:10:39:25 -0400] "GET /ad917/?path=%2Fhome%2F.%2F..%2Fhome2%2F..%2F..%2Fproc%2Firq%2F72%2F..%2F106%2F.. HTTP/1.1" 200 2994 "-" "Mozilla/5.0 AppleWebKit/537.36 (KHTML, like Gecko; compatible; ClaudeBot/1.0; +claudebot@anthropic.com)"
18.116.50.130 - - [21/Apr/2025:10:39:28 -0400] "GET /ad917/?path=%2Fhome%2F.%2F..%2Fhome2%2F..%2F..%2Fproc%2Firq%2F72%2F..%2F102%2F.. HTTP/1.1" 200 2974 "-" "Mozilla/5.0 AppleWebKit/537.36 (KHTML, like Gecko; compatible; ClaudeBot/1.0; +claudebot@anthropic.com)"
18.116.50.130 - - [21/Apr/2025:10:39:31 -0400] "GET /ad917/?path=%2Fhome%2F.%2F..%2Fhome2%2F..%2F..%2Fproc%2Firq%2F72%2F..%2F117%2F.. HTTP/1.1" 200 2974 "-" "Mozilla/5.0 AppleWebKit/537.36 (KHTML, like Gecko; compatible; ClaudeBot/1.0; +claudebot@anthropic.com)"
18.116.50.130 - - [21/Apr/2025:10:39:34 -0400] "GET /ad917/?path=%2Fhome%2Fservlmvm%2F.%2F.%2F.trash%2F..%2Flscache%2Ff%2F3%2F..%2F.. HTTP/1.1" 200 1775 "-" "Mozilla/5.0 AppleWebKit/537.36 (KHTML, like Gecko; compatible; ClaudeBot/1.0; +claudebot@anthropic.com)"
18.116.50.130 - - [21/Apr/2025:10:39:37 -0400] "GET /ad917/?path=%2Fhome%2F.%2F..%2Fhome2%2F..%2F..%2Fproc%2Firq%2F72%2F..%2F123%2F.. HTTP/1.1" 200 2979 "-" "Mozilla/5.0 AppleWebKit/537.36 (KHTML, like Gecko; compatible; ClaudeBot/1.0; +claudebot@anthropic.com)"
18.116.50.130 - - [21/Apr/2025:10:39:40 -0400] "GET /ad917/?path=%2Fhome%2Fservlmvm%2F.%2F.%2F.trash%2F..%2Flscache%2Fd%2F4%2F..%2F.. HTTP/1.1" 200 1776 "-" "Mozilla/5.0 AppleWebKit/537.36 (KHTML, like Gecko; compatible; ClaudeBot/1.0; +claudebot@anthropic.com)"
18.116.50.130 - - [21/Apr/2025:10:39:43 -0400] "GET /ad917/?path=%2Fhome%2F.%2F..%2Fhome2%2F..%2F..%2Fproc%2Firq%2F72%2F..%2F115%2F.. HTTP/1.1" 200 2913 "-" "Mozilla/5.0 AppleWebKit/537.36 (KHTML, like Gecko; compatible; ClaudeBot/1.0; +claudebot@anthropic.com)"
18.116.50.130 - - [21/Apr/2025:10:39:46 -0400] "GET /ad917/?path=%2Fhome%2Fservlmvm%2F.%2F.%2F.trash%2F..%2Flscache%2Ff%2Ff%2F..%2F.. HTTP/1.1" 200 1767 "-" "Mozilla/5.0 AppleWebKit/537.36 (KHTML, like Gecko; compatible; ClaudeBot/1.0; +claudebot@anthropic.com)"
18.116.50.130 - - [21/Apr/2025:10:39:49 -0400] "GET /ad917/?path=%2Fhome%2F.%2F..%2Fhome2%2F..%2F..%2Fproc%2Firq%2F72%2F..%2F100%2F.. HTTP/1.1" 200 3017 "-" "Mozilla/5.0 AppleWebKit/537.36 (KHTML, like Gecko; compatible; ClaudeBot/1.0; +claudebot@anthropic.com)"
18.116.50.130 - - [21/Apr/2025:10:39:52 -0400] "GET /ad917/?path=%2Fhome%2F.%2F..%2Fhome2%2F..%2F..%2Fproc%2Firq%2F72%2F..%2F120%2F.. HTTP/1.1" 200 2846 "-" "Mozilla/5.0 AppleWebKit/537.36 (KHTML, like Gecko; compatible; ClaudeBot/1.0; +claudebot@anthropic.com)"
18.116.50.130 - - [21/Apr/2025:10:39:55 -0400] "GET /ad917/?path=%2Fhome%2F.%2F..%2Fhome2%2F..%2F..%2Fproc%2Firq%2F72%2F..%2F113%2F.. HTTP/1.1" 200 2937 "-" "Mozilla/5.0 AppleWebKit/537.36 (KHTML, like Gecko; compatible; ClaudeBot/1.0; +claudebot@anthropic.com)"
18.116.50.130 - - [21/Apr/2025:10:39:58 -0400] "GET /ad917/?path=%2Fhome%2F.%2F.%2F..%2Fbin%2F..%2Flib64%2Fgawk%2F..%2Fkrb5%2Fplugins HTTP/1.1" 200 1583 "-" "Mozilla/5.0 AppleWebKit/537.36 (KHTML, like Gecko; compatible; ClaudeBot/1.0; +claudebot@anthropic.com)"
198.54.116.86 - - [21/Apr/2025:10:40:19 -0400] "POST /wp-cron.php?doing_wp_cron=1745246419.1641290187835693359375 HTTP/1.1" 200 0 "-" "WordPress/6.8; https://servethepeopleinc.org"
66.249.65.169 - - [21/Apr/2025:10:40:18 -0400] "GET /item/by/dereligionize/6956792.shtml HTTP/1.1" 404 16952 "-" "Mozilla/5.0 (Linux; Android 6.0.1; Nexus 5X Build/MMB29P) AppleWebKit/537.36 (KHTML, like Gecko) Chrome/135.0.7049.95 Mobile Safari/537.36 (compatible; Googlebot/2.1; +http://www.google.com/bot.html)"
198.54.116.86 - - [21/Apr/2025:10:40:19 -0400] "POST /wp-admin/admin-ajax.php?action=async_litespeed&nonce=yRTZf2pDcznLlnGFAWr4RWESKMK2DJu1&litespeed_type=imgoptm HTTP/1.1" 200 21 "-" "WordPress/6.8; https://servethepeopleinc.org"
40.77.167.9 - - [21/Apr/2025:10:40:46 -0400] "GET /info/idolum37480864.shtml HTTP/1.1" 404 16943 "-" "Mozilla/5.0 AppleWebKit/537.36 (KHTML, like Gecko; compatible; bingbot/2.0; +http://www.bing.com/bingbot.htm) Chrome/116.0.1938.76 Safari/537.36"
40.77.167.9 - - [21/Apr/2025:10:40:50 -0400] "GET /entity90490390.shtml HTTP/1.1" 404 16942 "-" "Mozilla/5.0 AppleWebKit/537.36 (KHTML, like Gecko; compatible; bingbot/2.0; +http://www.bing.com/bingbot.htm) Chrome/116.0.1938.76 Safari/537.36"
66.249.65.169 - - [21/Apr/2025:10:40:53 -0400] "GET /special/ko/entastic100602646.shtml HTTP/1.1" 404 16950 "-" "Mozilla/5.0 (compatible; Googlebot/2.1; +http://www.google.com/bot.html)"
3.17.4.37 - - [21/Apr/2025:10:40:58 -0400] "GET /ad917/?path=%2Fhome%2F.%2F..%2Fbin%2F..%2F.%2Fshare%2Flocale%2Fgil%2F..%2Fen%40arabic HTTP/1.1" 200 1492 "-" "Mozilla/5.0 AppleWebKit/537.36 (KHTML, like Gecko; compatible; ClaudeBot/1.0; +claudebot@anthropic.com)"
3.17.4.37 - - [21/Apr/2025:10:41:00 -0400] "GET /ad917/?path=%2Fhome%2F.%2F..%2Fbin%2F..%2F.%2Fshare%2Flocale%2Fckb%2F..%2Fde.us-ascii HTTP/1.1" 200 1490 "-" "Mozilla/5.0 AppleWebKit/537.36 (KHTML, like Gecko; compatible; ClaudeBot/1.0; +claudebot@anthropic.com)"
52.167.144.216 - - [21/Apr/2025:10:41:00 -0400] "GET /shopbrand/106952828.shtml HTTP/1.1" 404 16941 "-" "Mozilla/5.0 AppleWebKit/537.36 (KHTML, like Gecko; compatible; bingbot/2.0; +http://www.bing.com/bingbot.htm) Chrome/116.0.1938.76 Safari/537.36"
3.17.4.37 - - [21/Apr/2025:10:41:03 -0400] "GET /ad917/?path=%2Fhome%2F.%2F..%2Fbin%2F..%2F.%2Fshare%2Flocale%2Fckb%2F..%2Fen%40hebrew HTTP/1.1" 200 1493 "-" "Mozilla/5.0 AppleWebKit/537.36 (KHTML, like Gecko; compatible; ClaudeBot/1.0; +claudebot@anthropic.com)"
3.17.4.37 - - [21/Apr/2025:10:41:06 -0400] "GET /ad917/?path=%2Fhome%2F.%2F..%2Fbin%2F..%2F.%2Fshare%2Flocale%2Fgil%2F..%2Ffr.us-ascii HTTP/1.1" 200 1489 "-" "Mozilla/5.0 AppleWebKit/537.36 (KHTML, like Gecko; compatible; ClaudeBot/1.0; +claudebot@anthropic.com)"
3.17.4.37 - - [21/Apr/2025:10:41:09 -0400] "GET /ad917/?path=%2Fhome%2F.%2F..%2Fbin%2F..%2F.%2Fshare%2Flocale%2Fckb%2F..%2Fca.us-ascii HTTP/1.1" 200 1490 "-" "Mozilla/5.0 AppleWebKit/537.36 (KHTML, like Gecko; compatible; ClaudeBot/1.0; +claudebot@anthropic.com)"
198.54.116.86 - - [21/Apr/2025:10:41:10 -0400] "POST /wp-cron.php?doing_wp_cron=1745246470.8899669647216796875000 HTTP/1.1" 200 0 "-" "WordPress/6.8; https://servethepeopleinc.org"
52.167.144.216 - - [21/Apr/2025:10:41:10 -0400] "GET /detail/sparerib60029672.shtml HTTP/1.1" 404 16941 "-" "Mozilla/5.0 AppleWebKit/537.36 (KHTML, like Gecko; compatible; bingbot/2.0; +http://www.bing.com/bingbot.htm) Chrome/116.0.1938.76 Safari/537.36"
198.54.116.86 - - [21/Apr/2025:10:41:11 -0400] "POST /wp-admin/admin-ajax.php?action=async_litespeed&nonce=uqAvx99Lefi3tGKn7yyo5Mwx2x3gjknX&litespeed_type=imgoptm HTTP/1.1" 200 21 "-" "WordPress/6.8; https://servethepeopleinc.org"
3.17.4.37 - - [21/Apr/2025:10:41:12 -0400] "GET /ad917/?path=%2Fhome%2F.%2F..%2Fbin%2F..%2F.%2Fshare%2Flocale%2Faus%2F..%2Fes.us-ascii HTTP/1.1" 200 1489 "-" "Mozilla/5.0 AppleWebKit/537.36 (KHTML, like Gecko; compatible; ClaudeBot/1.0; +claudebot@anthropic.com)"
3.17.4.37 - - [21/Apr/2025:10:41:15 -0400] "GET /ad917/?path=%2Fhome%2F.%2F..%2Fbin%2F..%2F.%2Fshare%2Flocale%2Fgil%2F..%2Fde.us-ascii HTTP/1.1" 200 1489 "-" "Mozilla/5.0 AppleWebKit/537.36 (KHTML, like Gecko; compatible; ClaudeBot/1.0; +claudebot@anthropic.com)"
3.17.4.37 - - [21/Apr/2025:10:41:18 -0400] "GET /ad917/?path=%2Fhome%2F.%2F..%2Fbin%2F..%2F.%2Fshare%2Flocale%2Fgil%2F..%2Fkok%40latin HTTP/1.1" 200 1493 "-" "Mozilla/5.0 AppleWebKit/537.36 (KHTML, like Gecko; compatible; ClaudeBot/1.0; +claudebot@anthropic.com)"
3.17.4.37 - - [21/Apr/2025:10:41:21 -0400] "GET /ad917/?path=%2Fhome%2F.%2F..%2Fbin%2F..%2F.%2Fshare%2Flocale%2Fgil%2F..%2Fpt.us-ascii HTTP/1.1" 200 1489 "-" "Mozilla/5.0 AppleWebKit/537.36 (KHTML, like Gecko; compatible; ClaudeBot/1.0; +claudebot@anthropic.com)"
3.17.4.37 - - [21/Apr/2025:10:41:24 -0400] "GET /ad917/?path=%2Fhome%2F.%2F..%2Fbin%2F..%2F.%2Fshare%2Flocale%2Fckb%2F..%2Fpt.us-ascii HTTP/1.1" 200 1490 "-" "Mozilla/5.0 AppleWebKit/537.36 (KHTML, like Gecko; compatible; ClaudeBot/1.0; +claudebot@anthropic.com)"
198.54.116.86 - - [21/Apr/2025:10:41:26 -0400] "POST /wp-cron.php?doing_wp_cron=1745246486.1274271011352539062500 HTTP/1.1" 200 0 "-" "WordPress/6.8; https://servethepeopleinc.org"
40.77.167.9 - - [21/Apr/2025:10:41:25 -0400] "GET /product/prudentially46100066.shtml HTTP/1.1" 404 16943 "-" "Mozilla/5.0 AppleWebKit/537.36 (KHTML, like Gecko; compatible; bingbot/2.0; +http://www.bing.com/bingbot.htm) Chrome/116.0.1938.76 Safari/537.36"
3.17.4.37 - - [21/Apr/2025:10:41:27 -0400] "GET /ad917/?path=%2Fhome%2F.%2F..%2Fbin%2F..%2F.%2Fshare%2Flocale%2Fgil%2F..%2Fen%40hebrew HTTP/1.1" 200 1492 "-" "Mozilla/5.0 AppleWebKit/537.36 (KHTML, like Gecko; compatible; ClaudeBot/1.0; +claudebot@anthropic.com)"
3.17.4.37 - - [21/Apr/2025:10:41:30 -0400] "GET /ad917/?path=%2Fhome%2F.%2F..%2Fbin%2F..%2F.%2Fshare%2Flocale%2Fgil%2F..%2Fca.us-ascii HTTP/1.1" 200 1489 "-" "Mozilla/5.0 AppleWebKit/537.36 (KHTML, like Gecko; compatible; ClaudeBot/1.0; +claudebot@anthropic.com)"
3.17.4.37 - - [21/Apr/2025:10:41:33 -0400] "GET /ad917/?path=%2Fhome%2F.%2F..%2Fbin%2F..%2F.%2Fshare%2Flocale%2Fcho%2F..%2Fes.us-ascii HTTP/1.1" 200 1489 "-" "Mozilla/5.0 AppleWebKit/537.36 (KHTML, like Gecko; compatible; ClaudeBot/1.0; +claudebot@anthropic.com)"
3.17.4.37 - - [21/Apr/2025:10:41:36 -0400] "GET /ad917/?path=%2Fhome%2F.%2F..%2Fbin%2F..%2F.%2Fshare%2Flocale%2Fckb%2F..%2Fnl.us-ascii HTTP/1.1" 200 1490 "-" "Mozilla/5.0 AppleWebKit/537.36 (KHTML, like Gecko; compatible; ClaudeBot/1.0; +claudebot@anthropic.com)"
3.17.4.37 - - [21/Apr/2025:10:41:39 -0400] "GET /ad917/?path=%2Fhome%2F.%2F..%2Fbin%2F..%2F.%2Fshare%2Flocale%2Faus%2F..%2Fen%40hebrew HTTP/1.1" 200 1490 "-" "Mozilla/5.0 AppleWebKit/537.36 (KHTML, like Gecko; compatible; ClaudeBot/1.0; +claudebot@anthropic.com)"
3.17.4.37 - - [21/Apr/2025:10:41:42 -0400] "GET /ad917/?path=%2Fhome%2F.%2F..%2Fbin%2F..%2F.%2Fshare%2Flocale%2Faus%2F..%2Fno.us-ascii HTTP/1.1" 200 1489 "-" "Mozilla/5.0 AppleWebKit/537.36 (KHTML, like Gecko; compatible; ClaudeBot/1.0; +claudebot@anthropic.com)"
3.17.4.37 - - [21/Apr/2025:10:41:45 -0400] "GET /ad917/?path=%2Fhome%2F.%2F..%2Fbin%2F..%2F.%2Fshare%2Flocale%2Faus%2F..%2Fde.us-ascii HTTP/1.1" 200 1489 "-" "Mozilla/5.0 AppleWebKit/537.36 (KHTML, like Gecko; compatible; ClaudeBot/1.0; +claudebot@anthropic.com)"
3.17.4.37 - - [21/Apr/2025:10:41:48 -0400] "GET /ad917/?path=%2Fhome%2F.%2F..%2Fbin%2F..%2F.%2Fshare%2Flocale%2Fckb%2F..%2Ffr.us-ascii HTTP/1.1" 200 1490 "-" "Mozilla/5.0 AppleWebKit/537.36 (KHTML, like Gecko; compatible; ClaudeBot/1.0; +claudebot@anthropic.com)"
3.17.4.37 - - [21/Apr/2025:10:41:51 -0400] "GET /ad917/?path=%2Fhome%2F.%2F..%2Fbin%2F..%2F.%2Fshare%2Flocale%2Fcho%2F..%2Fnl.us-ascii HTTP/1.1" 200 1489 "-" "Mozilla/5.0 AppleWebKit/537.36 (KHTML, like Gecko; compatible; ClaudeBot/1.0; +claudebot@anthropic.com)"
3.17.4.37 - - [21/Apr/2025:10:41:54 -0400] "GET /ad917/?path=%2Fhome%2F.%2F..%2Fbin%2F..%2F.%2Fshare%2Flocale%2Fgil%2F..%2Fde%40hebrew HTTP/1.1" 200 1492 "-" "Mozilla/5.0 AppleWebKit/537.36 (KHTML, like Gecko; compatible; ClaudeBot/1.0; +claudebot@anthropic.com)"
3.17.4.37 - - [21/Apr/2025:10:41:57 -0400] "GET /ad917/?path=%2Fhome%2F.%2F..%2Fbin%2F..%2F.%2Fshare%2Flocale%2Fckb%2F..%2Fes.us-ascii HTTP/1.1" 200 1490 "-" "Mozilla/5.0 AppleWebKit/537.36 (KHTML, like Gecko; compatible; ClaudeBot/1.0; +claudebot@anthropic.com)"
3.17.4.37 - - [21/Apr/2025:10:42:00 -0400] "GET /ad917/?path=%2Fhome%2F.%2F..%2Fbin%2F..%2F.%2Fshare%2Flocale%2Faus%2F..%2Fen%40arabic HTTP/1.1" 200 1492 "-" "Mozilla/5.0 AppleWebKit/537.36 (KHTML, like Gecko; compatible; ClaudeBot/1.0; +claudebot@anthropic.com)"
3.17.4.37 - - [21/Apr/2025:10:42:03 -0400] "GET /ad917/?path=%2Fhome%2F.%2F..%2Fbin%2F..%2F.%2Fshare%2Flocale%2Fcho%2F..%2Fen%40arabic HTTP/1.1" 200 1490 "-" "Mozilla/5.0 AppleWebKit/537.36 (KHTML, like Gecko; compatible; ClaudeBot/1.0; +claudebot@anthropic.com)"
3.17.4.37 - - [21/Apr/2025:10:42:06 -0400] "GET /ad917/?path=%2Fhome%2F.%2F..%2Fbin%2F..%2F.%2Fshare%2Flocale%2Faus%2F..%2Fpt.us-ascii HTTP/1.1" 200 1489 "-" "Mozilla/5.0 AppleWebKit/537.36 (KHTML, like Gecko; compatible; ClaudeBot/1.0; +claudebot@anthropic.com)"
3.17.4.37 - - [21/Apr/2025:10:42:09 -0400] "GET /ad917/?path=%2Fhome%2F.%2F..%2Fbin%2F..%2F.%2Fshare%2Flocale%2Faus%2F..%2Ffr.us-ascii HTTP/1.1" 200 1489 "-" "Mozilla/5.0 AppleWebKit/537.36 (KHTML, like Gecko; compatible; ClaudeBot/1.0; +claudebot@anthropic.com)"
3.17.4.37 - - [21/Apr/2025:10:42:12 -0400] "GET /ad917/?path=%2Fhome%2F.%2F..%2Fbin%2F..%2F.%2Fshare%2Flocale%2Fgil%2F..%2Fnl.us-ascii HTTP/1.1" 200 1489 "-" "Mozilla/5.0 AppleWebKit/537.36 (KHTML, like Gecko; compatible; ClaudeBot/1.0; +claudebot@anthropic.com)"
3.17.4.37 - - [21/Apr/2025:10:42:15 -0400] "GET /ad917/?path=%2Fhome%2F.%2F..%2Fbin%2F..%2F.%2Fshare%2Flocale%2Faus%2F..%2Fca.us-ascii HTTP/1.1" 200 1489 "-" "Mozilla/5.0 AppleWebKit/537.36 (KHTML, like Gecko; compatible; ClaudeBot/1.0; +claudebot@anthropic.com)"
3.17.4.37 - - [21/Apr/2025:10:42:18 -0400] "GET /ad917/?path=%2Fhome%2F.%2F..%2Fbin%2F..%2F.%2Fshare%2Flocale%2Fcho%2F..%2Fno.us-ascii HTTP/1.1" 200 1489 "-" "Mozilla/5.0 AppleWebKit/537.36 (KHTML, like Gecko; compatible; ClaudeBot/1.0; +claudebot@anthropic.com)"
3.17.4.37 - - [21/Apr/2025:10:42:21 -0400] "GET /ad917/?path=%2Fhome%2F.%2F..%2Fbin%2F..%2F.%2Fshare%2Flocale%2Fckb%2F..%2Fde%40hebrew HTTP/1.1" 200 1493 "-" "Mozilla/5.0 AppleWebKit/537.36 (KHTML, like Gecko; compatible; ClaudeBot/1.0; +claudebot@anthropic.com)"
3.17.4.37 - - [21/Apr/2025:10:42:24 -0400] "GET /ad917/?path=%2Fhome%2F.%2F..%2Fbin%2F..%2F.%2Fshare%2Flocale%2Fgba%2F..%2Fpt.us-ascii HTTP/1.1" 200 1489 "-" "Mozilla/5.0 AppleWebKit/537.36 (KHTML, like Gecko; compatible; ClaudeBot/1.0; +claudebot@anthropic.com)"
3.17.4.37 - - [21/Apr/2025:10:42:27 -0400] "GET /ad917/?path=%2Fhome%2F.%2F..%2Fbin%2F..%2F.%2Fshare%2Flocale%2Fgba%2F..%2Fde%40hebrew HTTP/1.1" 200 1491 "-" "Mozilla/5.0 AppleWebKit/537.36 (KHTML, like Gecko; compatible; ClaudeBot/1.0; +claudebot@anthropic.com)"
3.144.252.78 - - [21/Apr/2025:10:43:32 -0400] "GET /ad917/?path=%2Fhome%2Fservlmvm%2F.%2F.%2F..%2F..%2F.%2Fusr%2Flib64%2F.%2Flibicuuc.so.60.3 HTTP/1.1" 200 980 "-" "Mozilla/5.0 AppleWebKit/537.36 (KHTML, like Gecko; compatible; ClaudeBot/1.0; +claudebot@anthropic.com)"
3.144.252.78 - - [21/Apr/2025:10:43:35 -0400] "GET /ad917/?path=%2Fhome%2Fservlmvm%2F.%2F.%2F..%2F..%2F.%2Fusr%2Flib64%2F.%2Fp11-kit-proxy.so HTTP/1.1" 200 982 "-" "Mozilla/5.0 AppleWebKit/537.36 (KHTML, like Gecko; compatible; ClaudeBot/1.0; +claudebot@anthropic.com)"
3.144.252.78 - - [21/Apr/2025:10:43:38 -0400] "GET /ad917/?path=%2Fhome%2Fservlmvm%2F.%2F.%2F..%2F..%2F.%2Fusr%2Flib64%2F.%2Flibreadline.so.7 HTTP/1.1" 200 980 "-" "Mozilla/5.0 AppleWebKit/537.36 (KHTML, like Gecko; compatible; ClaudeBot/1.0; +claudebot@anthropic.com)"
198.54.116.86 - - [21/Apr/2025:10:43:41 -0400] "POST /wp-cron.php?doing_wp_cron=1745246621.3217949867248535156250 HTTP/1.1" 200 0 "-" "WordPress/6.8; https://servethepeopleinc.org"
3.144.252.78 - - [21/Apr/2025:10:43:41 -0400] "GET /ad917/?path=%2Fhome%2Fservlmvm%2F.%2F.%2F..%2F..%2F.%2Fusr%2Flib64%2F.%2Flibpipeline.so.1 HTTP/1.1" 200 979 "-" "Mozilla/5.0 AppleWebKit/537.36 (KHTML, like Gecko; compatible; ClaudeBot/1.0; +claudebot@anthropic.com)"
52.167.144.216 - - [21/Apr/2025:10:43:41 -0400] "GET /item37854410.shtml HTTP/1.1" 404 16943 "-" "Mozilla/5.0 AppleWebKit/537.36 (KHTML, like Gecko; compatible; bingbot/2.0; +http://www.bing.com/bingbot.htm) Chrome/116.0.1938.76 Safari/537.36"
198.54.116.86 - - [21/Apr/2025:10:43:41 -0400] "POST /wp-admin/admin-ajax.php?action=async_litespeed&nonce=cesndcWvg5C8yKIOizoFifyy4rLCxj6X&litespeed_type=imgoptm HTTP/1.1" 200 21 "-" "WordPress/6.8; https://servethepeopleinc.org"
3.144.252.78 - - [21/Apr/2025:10:43:44 -0400] "GET /ad917/?path=%2Fhome%2Fservlmvm%2F.%2F.%2F..%2F..%2F.%2Fusr%2Flib64%2F.%2Fgirepository-1.0 HTTP/1.1" 200 3000 "-" "Mozilla/5.0 AppleWebKit/537.36 (KHTML, like Gecko; compatible; ClaudeBot/1.0; +claudebot@anthropic.com)"
40.77.167.9 - - [21/Apr/2025:10:43:45 -0400] "GET /item/tno/regrated66492232.shtml HTTP/1.1" 404 16951 "-" "Mozilla/5.0 AppleWebKit/537.36 (KHTML, like Gecko; compatible; bingbot/2.0; +http://www.bing.com/bingbot.htm) Chrome/116.0.1938.76 Safari/537.36"
3.144.252.78 - - [21/Apr/2025:10:43:47 -0400] "GET /ad917/?path=%2Fhome%2Fservlmvm%2F.%2F.%2F..%2F..%2F.%2Fusr%2Flib64%2F.%2Flibfreetype.so.6 HTTP/1.1" 200 980 "-" "Mozilla/5.0 AppleWebKit/537.36 (KHTML, like Gecko; compatible; ClaudeBot/1.0; +claudebot@anthropic.com)"
3.144.252.78 - - [21/Apr/2025:10:43:50 -0400] "GET /ad917/?path=%2Fhome%2Fservlmvm%2F.%2F.%2F..%2F..%2F.%2Fusr%2Flib64%2F.%2FlibtdsS.so.2.0.0 HTTP/1.1" 200 981 "-" "Mozilla/5.0 AppleWebKit/537.36 (KHTML, like Gecko; compatible; ClaudeBot/1.0; +claudebot@anthropic.com)"
52.167.144.216 - - [21/Apr/2025:10:43:52 -0400] "GET /shopping/ty/hauynite77048580.shtml HTTP/1.1" 404 16951 "-" "Mozilla/5.0 AppleWebKit/537.36 (KHTML, like Gecko; compatible; bingbot/2.0; +http://www.bing.com/bingbot.htm) Chrome/116.0.1938.76 Safari/537.36"
3.144.252.78 - - [21/Apr/2025:10:43:53 -0400] "GET /ad917/?path=%2Fhome%2Fservlmvm%2F.%2F.%2F..%2F..%2F.%2Fusr%2Flib64%2F.%2Flibjbig85.so.2.1 HTTP/1.1" 200 981 "-" "Mozilla/5.0 AppleWebKit/537.36 (KHTML, like Gecko; compatible; ClaudeBot/1.0; +claudebot@anthropic.com)"
3.144.252.78 - - [21/Apr/2025:10:43:56 -0400] "GET /ad917/?path=%2Fhome%2Fservlmvm%2F.%2F.%2F..%2F..%2F.%2Fusr%2Flib64%2F.%2FlibEGL_mesa.so.0 HTTP/1.1" 200 982 "-" "Mozilla/5.0 AppleWebKit/537.36 (KHTML, like Gecko; compatible; ClaudeBot/1.0; +claudebot@anthropic.com)"
3.144.252.78 - - [21/Apr/2025:10:43:59 -0400] "GET /ad917/?path=%2Fhome%2Fservlmvm%2F.%2F.%2F..%2F..%2F.%2Fusr%2Flib64%2F.%2Flibgmp.so.10.3.2 HTTP/1.1" 200 980 "-" "Mozilla/5.0 AppleWebKit/537.36 (KHTML, like Gecko; compatible; ClaudeBot/1.0; +claudebot@anthropic.com)"
3.144.252.78 - - [21/Apr/2025:10:44:02 -0400] "GET /ad917/?path=%2Fhome%2Fservlmvm%2F.%2F.%2F..%2F..%2F.%2Fusr%2Flib64%2F.%2Flibcurl.so.4.5.0 HTTP/1.1" 200 980 "-" "Mozilla/5.0 AppleWebKit/537.36 (KHTML, like Gecko; compatible; ClaudeBot/1.0; +claudebot@anthropic.com)"
51.222.253.16 - - [21/Apr/2025:10:44:02 -0400] "GET /goodscode/16031836.shtml HTTP/1.1" 404 16941 "-" "Mozilla/5.0 (compatible; AhrefsBot/7.0; +http://ahrefs.com/robot/)"
3.144.252.78 - - [21/Apr/2025:10:44:05 -0400] "GET /ad917/?path=%2Fhome%2Fservlmvm%2F.%2F.%2F..%2F..%2F.%2Fusr%2Flib64%2F.%2Flibtiff.so.5.3.0 HTTP/1.1" 200 980 "-" "Mozilla/5.0 AppleWebKit/537.36 (KHTML, like Gecko; compatible; ClaudeBot/1.0; +claudebot@anthropic.com)"
3.144.252.78 - - [21/Apr/2025:10:44:08 -0400] "GET /ad917/?path=%2Fhome%2Fservlmvm%2F.%2F.%2F..%2F..%2F.%2Fusr%2Flib64%2F.%2Flibhgfs.so.0.0.0 HTTP/1.1" 200 980 "-" "Mozilla/5.0 AppleWebKit/537.36 (KHTML, like Gecko; compatible; ClaudeBot/1.0; +claudebot@anthropic.com)"
3.144.252.78 - - [21/Apr/2025:10:44:11 -0400] "GET /ad917/?path=%2Fhome%2Fservlmvm%2F.%2F.%2F..%2F..%2F.%2Fusr%2Flib64%2F.%2Flibsecret-1.so.0 HTTP/1.1" 200 979 "-" "Mozilla/5.0 AppleWebKit/537.36 (KHTML, like Gecko; compatible; ClaudeBot/1.0; +claudebot@anthropic.com)"
3.144.252.78 - - [21/Apr/2025:10:44:14 -0400] "GET /ad917/?path=%2Fhome%2F.%2F..%2Fusr%2Flib64%2F.%2Fsssd%2F..%2Fgroff%2F..%2Flibxcb-xkb.so.1 HTTP/1.1" 200 991 "-" "Mozilla/5.0 AppleWebKit/537.36 (KHTML, like Gecko; compatible; ClaudeBot/1.0; +claudebot@anthropic.com)"
3.144.252.78 - - [21/Apr/2025:10:44:17 -0400] "GET /ad917/?path=%2Fhome%2F.%2F..%2Fusr%2Flib64%2F.%2Fsssd%2F..%2Fgroff%2F..%2FlibICE.so.6.3.0 HTTP/1.1" 200 993 "-" "Mozilla/5.0 AppleWebKit/537.36 (KHTML, like Gecko; compatible; ClaudeBot/1.0; +claudebot@anthropic.com)"
3.144.252.78 - - [21/Apr/2025:10:44:20 -0400] "GET /ad917/?path=%2Fhome%2F.%2F..%2Fusr%2Flib64%2F.%2Fsssd%2F..%2Fgroff%2F..%2Flibunbound.so.2 HTTP/1.1" 200 990 "-" "Mozilla/5.0 AppleWebKit/537.36 (KHTML, like Gecko; compatible; ClaudeBot/1.0; +claudebot@anthropic.com)"
3.144.252.78 - - [21/Apr/2025:10:44:23 -0400] "GET /ad917/?path=%2Fhome%2F.%2F..%2Fusr%2Flib64%2F.%2Fsssd%2F..%2Fgroff%2F..%2Flibsodium.so.23 HTTP/1.1" 200 990 "-" "Mozilla/5.0 AppleWebKit/537.36 (KHTML, like Gecko; compatible; ClaudeBot/1.0; +claudebot@anthropic.com)"
3.144.252.78 - - [21/Apr/2025:10:44:26 -0400] "GET /ad917/?path=%2Fhome%2F.%2F..%2Fusr%2Fshare%2F.%2Fsnmp%2F..%2Ffonts%2F..%2Fcrypto-policies HTTP/1.1" 200 1817 "-" "Mozilla/5.0 AppleWebKit/537.36 (KHTML, like Gecko; compatible; ClaudeBot/1.0; +claudebot@anthropic.com)"
3.144.252.78 - - [21/Apr/2025:10:44:29 -0400] "GET /ad917/?path=%2Fhome%2F.%2F..%2Fusr%2Flib64%2F.%2Fsssd%2F..%2Fgroff%2F..%2Flibxslt-plugins HTTP/1.1" 200 1473 "-" "Mozilla/5.0 AppleWebKit/537.36 (KHTML, like Gecko; compatible; ClaudeBot/1.0; +claudebot@anthropic.com)"
3.144.252.78 - - [21/Apr/2025:10:44:32 -0400] "GET /ad917/?path=%2Fhome%2F.%2F..%2Fusr%2Flib64%2F.%2Fsssd%2F..%2Fgroff%2F..%2Flibformw.so.5.9 HTTP/1.1" 200 990 "-" "Mozilla/5.0 AppleWebKit/537.36 (KHTML, like Gecko; compatible; ClaudeBot/1.0; +claudebot@anthropic.com)"
3.144.252.78 - - [21/Apr/2025:10:44:35 -0400] "GET /ad917/?path=%2Fhome%2F.%2F..%2Fusr%2Flib64%2F.%2Fsssd%2F..%2Fgroff%2F..%2Flibhashkit.so.2 HTTP/1.1" 200 991 "-" "Mozilla/5.0 AppleWebKit/537.36 (KHTML, like Gecko; compatible; ClaudeBot/1.0; +claudebot@anthropic.com)"
3.144.252.78 - - [21/Apr/2025:10:44:38 -0400] "GET /ad917/?path=%2Fhome%2F.%2F..%2Fusr%2Flib64%2F.%2Fsssd%2F..%2Fgroff%2F..%2Flibfontenc.so.1 HTTP/1.1" 200 989 "-" "Mozilla/5.0 AppleWebKit/537.36 (KHTML, like Gecko; compatible; ClaudeBot/1.0; +claudebot@anthropic.com)"
3.144.252.78 - - [21/Apr/2025:10:44:41 -0400] "GET /ad917/?path=%2Fhome%2F.%2F..%2Fusr%2Flib64%2F.%2Fsssd%2F..%2Fgroff%2F..%2Flibsystemd.so.0 HTTP/1.1" 200 990 "-" "Mozilla/5.0 AppleWebKit/537.36 (KHTML, like Gecko; compatible; ClaudeBot/1.0; +claudebot@anthropic.com)"
3.144.252.78 - - [21/Apr/2025:10:44:44 -0400] "GET /ad917/?path=%2Fhome%2F.%2F..%2Fusr%2Flib64%2F.%2Fsssd%2F..%2Fgroff%2F..%2Flibp11.so.3.4.2 HTTP/1.1" 200 991 "-" "Mozilla/5.0 AppleWebKit/537.36 (KHTML, like Gecko; compatible; ClaudeBot/1.0; +claudebot@anthropic.com)"
3.144.252.78 - - [21/Apr/2025:10:44:47 -0400] "GET /ad917/?path=%2Fhome%2F.%2F..%2Fusr%2Flib64%2F.%2Fsssd%2F..%2Fgroff%2F..%2Flibp11-kit.so.0 HTTP/1.1" 200 990 "-" "Mozilla/5.0 AppleWebKit/537.36 (KHTML, like Gecko; compatible; ClaudeBot/1.0; +claudebot@anthropic.com)"
3.144.252.78 - - [21/Apr/2025:10:44:50 -0400] "GET /ad917/?path=%2Fhome%2F.%2F..%2Fusr%2Flib64%2F.%2Fsssd%2F..%2Fgroff%2F..%2Flibxmlsec1.so.1 HTTP/1.1" 200 990 "-" "Mozilla/5.0 AppleWebKit/537.36 (KHTML, like Gecko; compatible; ClaudeBot/1.0; +claudebot@anthropic.com)"
3.144.252.78 - - [21/Apr/2025:10:44:53 -0400] "GET /ad917/?path=%2Fhome%2F.%2F..%2Fusr%2Flib64%2F.%2Fsssd%2F..%2Fgroff%2F..%2FlibXmu.so.6.2.0 HTTP/1.1" 200 992 "-" "Mozilla/5.0 AppleWebKit/537.36 (KHTML, like Gecko; compatible; ClaudeBot/1.0; +claudebot@anthropic.com)"
3.144.252.78 - - [21/Apr/2025:10:44:56 -0400] "GET /ad917/?path=%2Fhome%2F.%2F..%2Fusr%2Flib64%2F.%2Fsssd%2F..%2Fgroff%2F..%2Flibxcb-glx.so.0 HTTP/1.1" 200 992 "-" "Mozilla/5.0 AppleWebKit/537.36 (KHTML, like Gecko; compatible; ClaudeBot/1.0; +claudebot@anthropic.com)"
3.144.252.78 - - [21/Apr/2025:10:44:59 -0400] "GET /ad917/?path=%2Fhome%2F.%2F..%2Fusr%2Flib64%2F.%2Fsssd%2F..%2Fgroff%2F..%2Fliblve.so.0.9.0 HTTP/1.1" 200 990 "-" "Mozilla/5.0 AppleWebKit/537.36 (KHTML, like Gecko; compatible; ClaudeBot/1.0; +claudebot@anthropic.com)"
198.54.116.86 - - [21/Apr/2025:10:45:01 -0400] "POST /wp-cron.php?doing_wp_cron=1745246701.5236320495605468750000 HTTP/1.1" 200 0 "-" "WordPress/6.8; https://servethepeopleinc.org"
52.167.144.196 - - [21/Apr/2025:10:45:01 -0400] "GET /items/tiresomely2291180.shtml HTTP/1.1" 301 0 "-" "Mozilla/5.0 AppleWebKit/537.36 (KHTML, like Gecko; compatible; bingbot/2.0; +http://www.bing.com/bingbot.htm) Chrome/116.0.1938.76 Safari/537.36"
198.54.116.86 - - [21/Apr/2025:10:45:01 -0400] "POST /wp-admin/admin-ajax.php?action=async_litespeed&nonce=UQi4rsF7Z7GfQ9vG6671GEIUGgnXLLoh&litespeed_type=imgoptm HTTP/1.1" 200 21 "-" "WordPress/6.8; https://servethepeopleinc.org"
40.77.167.230 - - [21/Apr/2025:10:45:05 -0400] "GET /items/51627592.shtml HTTP/1.1" 301 0 "-" "Mozilla/5.0 AppleWebKit/537.36 (KHTML, like Gecko; compatible; bingbot/2.0; +http://www.bing.com/bingbot.htm) Chrome/116.0.1938.76 Safari/537.36"
198.54.116.86 - - [21/Apr/2025:10:45:11 -0400] "POST /wp-cron.php?doing_wp_cron=1745246711.5436010360717773437500 HTTP/1.1" 200 0 "-" "WordPress/6.8; https://servethepeopleinc.org"
40.77.167.3 - - [21/Apr/2025:10:45:11 -0400] "GET /detail72217366.shtml HTTP/1.1" 404 16942 "-" "Mozilla/5.0 AppleWebKit/537.36 (KHTML, like Gecko; compatible; bingbot/2.0; +http://www.bing.com/bingbot.htm) Chrome/116.0.1938.76 Safari/537.36"
198.54.116.86 - - [21/Apr/2025:10:45:11 -0400] "POST /wp-admin/admin-ajax.php?action=async_litespeed&nonce=obDmGevuHhsqVUifrYPdODIlekWtV7ZM&litespeed_type=imgoptm HTTP/1.1" 200 21 "-" "WordPress/6.8; https://servethepeopleinc.org"
40.77.167.230 - - [21/Apr/2025:10:45:12 -0400] "GET /item/preposterousness/16764968.shtml HTTP/1.1" 301 0 "-" "Mozilla/5.0 AppleWebKit/537.36 (KHTML, like Gecko; compatible; bingbot/2.0; +http://www.bing.com/bingbot.htm) Chrome/116.0.1938.76 Safari/537.36"
40.77.167.3 - - [21/Apr/2025:10:45:15 -0400] "GET /detail27139034.shtml HTTP/1.1" 404 16941 "-" "Mozilla/5.0 AppleWebKit/537.36 (KHTML, like Gecko; compatible; bingbot/2.0; +http://www.bing.com/bingbot.htm) Chrome/116.0.1938.76 Safari/537.36"
198.54.116.86 - - [21/Apr/2025:10:45:37 -0400] "POST /wp-cron.php?doing_wp_cron=1745246737.0877859592437744140625 HTTP/1.1" 200 0 "-" "WordPress/6.8; https://servethepeopleinc.org"
40.77.167.36 - - [21/Apr/2025:10:45:36 -0400] "GET /detail/16745510.shtml HTTP/1.1" 301 0 "-" "Mozilla/5.0 AppleWebKit/537.36 (KHTML, like Gecko; compatible; bingbot/2.0; +http://www.bing.com/bingbot.htm) Chrome/116.0.1938.76 Safari/537.36"
52.167.144.216 - - [21/Apr/2025:10:45:53 -0400] "GET /info13720036.shtml HTTP/1.1" 404 16941 "-" "Mozilla/5.0 AppleWebKit/537.36 (KHTML, like Gecko; compatible; bingbot/2.0; +http://www.bing.com/bingbot.htm) Chrome/116.0.1938.76 Safari/537.36"
40.77.167.3 - - [21/Apr/2025:10:46:01 -0400] "GET /special/hdo/admittance121075332.shtml HTTP/1.1" 404 16951 "-" "Mozilla/5.0 AppleWebKit/537.36 (KHTML, like Gecko; compatible; bingbot/2.0; +http://www.bing.com/bingbot.htm) Chrome/116.0.1938.76 Safari/537.36"
3.144.30.77 - - [21/Apr/2025:10:46:01 -0400] "GET /ad917/?path=%2Fhome%2F.%2F..%2Fusr%2Flib64%2F.%2Fsssd%2F..%2Fgroff%2F..%2Flibwebpmux.so.3.0.2 HTTP/1.1" 200 989 "-" "Mozilla/5.0 AppleWebKit/537.36 (KHTML, like Gecko; compatible; ClaudeBot/1.0; +claudebot@anthropic.com)"
3.144.30.77 - - [21/Apr/2025:10:46:04 -0400] "GET /ad917/?path=%2Fhome%2F.%2F..%2Fusr%2Flib64%2F.%2Fsssd%2F..%2Fgroff%2F..%2Flibwiretap.so.8.0.2 HTTP/1.1" 200 987 "-" "Mozilla/5.0 AppleWebKit/537.36 (KHTML, like Gecko; compatible; ClaudeBot/1.0; +claudebot@anthropic.com)"
66.249.65.169 - - [21/Apr/2025:10:46:05 -0400] "GET /sitemap-hot-2915792.xml HTTP/1.1" 404 16941 "-" "Mozilla/5.0 (compatible; Googlebot/2.1; +http://www.google.com/bot.html)"
52.167.144.216 - - [21/Apr/2025:10:46:05 -0400] "GET /product51732996.shtml HTTP/1.1" 404 16941 "-" "Mozilla/5.0 AppleWebKit/537.36 (KHTML, like Gecko; compatible; bingbot/2.0; +http://www.bing.com/bingbot.htm) Chrome/116.0.1938.76 Safari/537.36"
3.144.30.77 - - [21/Apr/2025:10:46:07 -0400] "GET /ad917/?path=%2Fhome%2F.%2F..%2Fusr%2Flib64%2F.%2Fsssd%2F..%2Fgroff%2F..%2Flibxcb-xf86dri.so.0 HTTP/1.1" 200 990 "-" "Mozilla/5.0 AppleWebKit/537.36 (KHTML, like Gecko; compatible; ClaudeBot/1.0; +claudebot@anthropic.com)"
198.54.116.86 - - [21/Apr/2025:10:46:10 -0400] "POST /wp-cron.php?doing_wp_cron=1745246770.4920599460601806640625 HTTP/1.1" 200 0 "-" "WordPress/6.8; https://servethepeopleinc.org"
40.77.167.9 - - [21/Apr/2025:10:46:10 -0400] "GET /detail/cachuca122562998.shtml HTTP/1.1" 404 16941 "-" "Mozilla/5.0 AppleWebKit/537.36 (KHTML, like Gecko; compatible; bingbot/2.0; +http://www.bing.com/bingbot.htm) Chrome/116.0.1938.76 Safari/537.36"
3.144.30.77 - - [21/Apr/2025:10:46:10 -0400] "GET /ad917/?path=%2Fhome%2F.%2F..%2Fusr%2Flib64%2F.%2Fsssd%2F..%2Fgroff%2F..%2Flibgssapi_krb5.so.2 HTTP/1.1" 200 989 "-" "Mozilla/5.0 AppleWebKit/537.36 (KHTML, like Gecko; compatible; ClaudeBot/1.0; +claudebot@anthropic.com)"
198.54.116.86 - - [21/Apr/2025:10:46:10 -0400] "POST /wp-admin/admin-ajax.php?action=async_litespeed&nonce=Eq6Dnw7nO9ogAuFmIhoQxulJ5qD8sI3n&litespeed_type=imgoptm HTTP/1.1" 200 21 "-" "WordPress/6.8; https://servethepeopleinc.org"
3.144.30.77 - - [21/Apr/2025:10:46:13 -0400] "GET /ad917/?path=%2Fhome%2F.%2F..%2Fusr%2Flib64%2F.%2Fsssd%2F..%2Fgroff%2F..%2FlibX11-xcb.so.1.0.0 HTTP/1.1" 200 989 "-" "Mozilla/5.0 AppleWebKit/537.36 (KHTML, like Gecko; compatible; ClaudeBot/1.0; +claudebot@anthropic.com)"
3.144.30.77 - - [21/Apr/2025:10:46:16 -0400] "GET /ad917/?path=%2Fhome%2F.%2F..%2Fusr%2Flib64%2F.%2Fsssd%2F..%2Fgroff%2F..%2Flibenchant.so.1.6.0 HTTP/1.1" 200 987 "-" "Mozilla/5.0 AppleWebKit/537.36 (KHTML, like Gecko; compatible; ClaudeBot/1.0; +claudebot@anthropic.com)"
3.144.30.77 - - [21/Apr/2025:10:46:19 -0400] "GET /ad917/?path=%2Fhome%2F.%2F..%2Fusr%2Flib64%2F.%2Fsssd%2F..%2Fgroff%2F..%2Flibdhcpctl.so.0.0.0 HTTP/1.1" 200 987 "-" "Mozilla/5.0 AppleWebKit/537.36 (KHTML, like Gecko; compatible; ClaudeBot/1.0; +claudebot@anthropic.com)"
3.137.157.182 - - [21/Apr/2025:10:46:21 -0400] "GET /ad917/?path=%2Fhome%2F.%2F..%2Fhome4%2F..%2Fopt%2Falt%2Faom%2F..%2Fphp52 HTTP/1.1" 200 1575 "-" "Mozilla/5.0 AppleWebKit/537.36 (KHTML, like Gecko; compatible; ClaudeBot/1.0; +claudebot@anthropic.com)"
3.137.157.182 - - [21/Apr/2025:10:46:21 -0400] "GET /ad917/?path=%2Fhome%2F.%2F..%2Fhome2%2F..%2F..%2Fproc%2Firq%2F107%2Fnode HTTP/1.1" 200 969 "-" "Mozilla/5.0 AppleWebKit/537.36 (KHTML, like Gecko; compatible; ClaudeBot/1.0; +claudebot@anthropic.com)"
3.137.157.182 - - [21/Apr/2025:10:46:21 -0400] "GET /ad917/?path=%2Fhome%2Fservlmvm%2F..%2Fservlmvm%2F..%2F..%2Fbin%2F.%2Fgeqn HTTP/1.1" 200 958 "-" "Mozilla/5.0 AppleWebKit/537.36 (KHTML, like Gecko; compatible; ClaudeBot/1.0; +claudebot@anthropic.com)"
3.137.157.182 - - [21/Apr/2025:10:46:21 -0400] "GET /ad917/?path=%2Fhome%2Fservlmvm%2F..%2Fservlmvm%2F..%2F..%2Fvar%2Frun%2F.. HTTP/1.1" 200 1890 "-" "Mozilla/5.0 AppleWebKit/537.36 (KHTML, like Gecko; compatible; ClaudeBot/1.0; +claudebot@anthropic.com)"
3.137.157.182 - - [21/Apr/2025:10:46:21 -0400] "GET /ad917/?path=%2Fhome%2Fservlmvm%2F..%2Fservlmvm%2F..%2F..%2Fvar%2Fwww%2F.. HTTP/1.1" 200 1759 "-" "Mozilla/5.0 AppleWebKit/537.36 (KHTML, like Gecko; compatible; ClaudeBot/1.0; +claudebot@anthropic.com)"
3.144.30.77 - - [21/Apr/2025:10:46:22 -0400] "GET /ad917/?path=%2Fhome%2F.%2F..%2Fusr%2Flib64%2F.%2Fsssd%2F..%2Fgroff%2F..%2Flibdbus-glib-1.so.2 HTTP/1.1" 200 988 "-" "Mozilla/5.0 AppleWebKit/537.36 (KHTML, like Gecko; compatible; ClaudeBot/1.0; +claudebot@anthropic.com)"
3.137.157.182 - - [21/Apr/2025:10:46:22 -0400] "GET /ad917/?path=%2Fhome%2Fservlmvm%2F..%2Fservlmvm%2F..%2F..%2Fbin%2F.%2Fsize HTTP/1.1" 200 958 "-" "Mozilla/5.0 AppleWebKit/537.36 (KHTML, like Gecko; compatible; ClaudeBot/1.0; +claudebot@anthropic.com)"
3.137.157.182 - - [21/Apr/2025:10:46:22 -0400] "GET /ad917/?path=%2Fhome%2Fservlmvm%2F..%2Fservlmvm%2F..%2F..%2Fbin%2F.%2Fjoin HTTP/1.1" 200 956 "-" "Mozilla/5.0 AppleWebKit/537.36 (KHTML, like Gecko; compatible; ClaudeBot/1.0; +claudebot@anthropic.com)"
3.137.157.182 - - [21/Apr/2025:10:46:22 -0400] "GET /ad917/?path=%2Fhome%2Fservlmvm%2F..%2Fservlmvm%2F..%2F..%2Fbin%2F.%2Fzcat HTTP/1.1" 200 1949 "-" "Mozilla/5.0 AppleWebKit/537.36 (KHTML, like Gecko; compatible; ClaudeBot/1.0; +claudebot@anthropic.com)"
3.137.157.182 - - [21/Apr/2025:10:46:23 -0400] "GET /ad917/?path=%2Fhome%2Fservlmvm%2F..%2Fservlmvm%2F..%2F..%2Fbin%2F.%2FMail HTTP/1.1" 200 960 "-" "Mozilla/5.0 AppleWebKit/537.36 (KHTML, like Gecko; compatible; ClaudeBot/1.0; +claudebot@anthropic.com)"
3.137.157.182 - - [21/Apr/2025:10:46:23 -0400] "GET /ad917/?path=%2Fhome%2Fservlmvm%2F..%2Fservlmvm%2F..%2F..%2Fbin%2F.%2Fnice HTTP/1.1" 200 957 "-" "Mozilla/5.0 AppleWebKit/537.36 (KHTML, like Gecko; compatible; ClaudeBot/1.0; +claudebot@anthropic.com)"
3.137.157.182 - - [21/Apr/2025:10:46:24 -0400] "GET /ad917/?path=%2Fhome%2F.%2F..%2Fhome2%2F..%2F..%2Fproc%2F..%2Flib64%2Fldb HTTP/1.1" 200 1630 "-" "Mozilla/5.0 AppleWebKit/537.36 (KHTML, like Gecko; compatible; ClaudeBot/1.0; +claudebot@anthropic.com)"
3.137.157.182 - - [21/Apr/2025:10:46:24 -0400] "GET /ad917/?path=%2Fhome%2Fservlmvm%2F..%2Fservlmvm%2F..%2F..%2Fbin%2F.%2Fshuf HTTP/1.1" 200 958 "-" "Mozilla/5.0 AppleWebKit/537.36 (KHTML, like Gecko; compatible; ClaudeBot/1.0; +claudebot@anthropic.com)"
3.137.157.182 - - [21/Apr/2025:10:46:24 -0400] "GET /ad917/?path=%2Fhome%2Fservlmvm%2F..%2Fservlmvm%2F..%2F..%2Fbin%2F.%2Fdiff HTTP/1.1" 200 958 "-" "Mozilla/5.0 AppleWebKit/537.36 (KHTML, like Gecko; compatible; ClaudeBot/1.0; +claudebot@anthropic.com)"
3.137.157.182 - - [21/Apr/2025:10:46:24 -0400] "GET /ad917/?path=%2Fhome%2Fservlmvm%2F..%2Fservlmvm%2F..%2F..%2Fbin%2F.%2Fh2ph HTTP/1.1" 200 11683 "-" "Mozilla/5.0 AppleWebKit/537.36 (KHTML, like Gecko; compatible; ClaudeBot/1.0; +claudebot@anthropic.com)"
3.144.30.77 - - [21/Apr/2025:10:46:25 -0400] "GET /ad917/?path=%2Fhome%2F.%2F..%2Fusr%2Flib64%2F.%2Fsssd%2F..%2Fgroff%2F..%2Flibsqlite3.so.0.8.6 HTTP/1.1" 200 987 "-" "Mozilla/5.0 AppleWebKit/537.36 (KHTML, like Gecko; compatible; ClaudeBot/1.0; +claudebot@anthropic.com)"
3.144.30.77 - - [21/Apr/2025:10:46:28 -0400] "GET /ad917/?path=%2Fhome%2F.%2F..%2Fusr%2Flib64%2F.%2Fsssd%2F..%2Fgroff%2F..%2Flibnss_resolve.so.2 HTTP/1.1" 200 987 "-" "Mozilla/5.0 AppleWebKit/537.36 (KHTML, like Gecko; compatible; ClaudeBot/1.0; +claudebot@anthropic.com)"
3.144.30.77 - - [21/Apr/2025:10:46:31 -0400] "GET /ad917/?path=%2Fhome%2F.%2F..%2Fusr%2Flib64%2F.%2Fsssd%2F..%2Fgroff%2F..%2Flibpcre32.so.0.0.10 HTTP/1.1" 200 987 "-" "Mozilla/5.0 AppleWebKit/537.36 (KHTML, like Gecko; compatible; ClaudeBot/1.0; +claudebot@anthropic.com)"
198.54.116.86 - - [21/Apr/2025:10:46:31 -0400] "POST /wp-cron.php?doing_wp_cron=1745246791.8218560218811035156250 HTTP/1.1" 200 0 "-" "WordPress/6.8; https://servethepeopleinc.org"
40.77.167.3 - - [21/Apr/2025:10:46:31 -0400] "GET /products/h/emprising25374716.shtml HTTP/1.1" 404 16953 "-" "Mozilla/5.0 AppleWebKit/537.36 (KHTML, like Gecko; compatible; bingbot/2.0; +http://www.bing.com/bingbot.htm) Chrome/116.0.1938.76 Safari/537.36"
3.144.30.77 - - [21/Apr/2025:10:46:34 -0400] "GET /ad917/?path=%2Fhome%2F.%2F..%2Fusr%2Flib64%2F.%2Fsssd%2F..%2Fgroff%2F..%2Flibevent_openssl.so HTTP/1.1" 200 987 "-" "Mozilla/5.0 AppleWebKit/537.36 (KHTML, like Gecko; compatible; ClaudeBot/1.0; +claudebot@anthropic.com)"
3.144.30.77 - - [21/Apr/2025:10:46:37 -0400] "GET /ad917/?path=%2Fhome%2F.%2F..%2Fusr%2Flib64%2F.%2Fsssd%2F..%2Fgroff%2F..%2Flibnss_systemd.so.2 HTTP/1.1" 200 986 "-" "Mozilla/5.0 AppleWebKit/537.36 (KHTML, like Gecko; compatible; ClaudeBot/1.0; +claudebot@anthropic.com)"
3.144.30.77 - - [21/Apr/2025:10:46:40 -0400] "GET /ad917/?path=%2Fhome%2F.%2F..%2Fusr%2Flib64%2F.%2Fsssd%2F..%2Fgroff%2F..%2Flibrsvg-2.so.2.42.7 HTTP/1.1" 200 989 "-" "Mozilla/5.0 AppleWebKit/537.36 (KHTML, like Gecko; compatible; ClaudeBot/1.0; +claudebot@anthropic.com)"
3.144.30.77 - - [21/Apr/2025:10:46:43 -0400] "GET /ad917/?path=%2Fhome%2F.%2F..%2Fusr%2Flib64%2F.%2Fsssd%2F..%2Fgroff%2F..%2Flibkrb5support.so.0 HTTP/1.1" 200 985 "-" "Mozilla/5.0 AppleWebKit/537.36 (KHTML, like Gecko; compatible; ClaudeBot/1.0; +claudebot@anthropic.com)"
3.144.30.77 - - [21/Apr/2025:10:46:46 -0400] "GET /ad917/?path=%2Fhome%2F.%2F..%2Fusr%2Flib64%2F.%2Fsssd%2F..%2Fgroff%2F..%2Flibtclenvmodules.so HTTP/1.1" 200 988 "-" "Mozilla/5.0 AppleWebKit/537.36 (KHTML, like Gecko; compatible; ClaudeBot/1.0; +claudebot@anthropic.com)"
3.144.30.77 - - [21/Apr/2025:10:46:49 -0400] "GET /ad917/?path=%2Fhome%2F.%2F..%2Fusr%2Flib64%2F.%2Fsssd%2F..%2Fgroff%2F..%2Flibmvec_nonshared.a HTTP/1.1" 200 988 "-" "Mozilla/5.0 AppleWebKit/537.36 (KHTML, like Gecko; compatible; ClaudeBot/1.0; +claudebot@anthropic.com)"
3.144.30.77 - - [21/Apr/2025:10:46:52 -0400] "GET /ad917/?path=%2Fhome%2F.%2F..%2Fusr%2Flib64%2F.%2Fsssd%2F..%2Fgroff%2F..%2Flibkadm5clnt_mit.so HTTP/1.1" 200 988 "-" "Mozilla/5.0 AppleWebKit/537.36 (KHTML, like Gecko; compatible; ClaudeBot/1.0; +claudebot@anthropic.com)"
3.144.30.77 - - [21/Apr/2025:10:46:55 -0400] "GET /ad917/?path=%2Fhome%2F.%2F..%2Fusr%2Flib64%2F.%2Fsssd%2F..%2Fgroff%2F..%2Flibgobject-2.0.so.0 HTTP/1.1" 200 988 "-" "Mozilla/5.0 AppleWebKit/537.36 (KHTML, like Gecko; compatible; ClaudeBot/1.0; +claudebot@anthropic.com)"
3.144.30.77 - - [21/Apr/2025:10:46:58 -0400] "GET /ad917/?path=%2Fhome%2F.%2F..%2Fusr%2Flib64%2F.%2Fsssd%2F..%2Fgroff%2F..%2Flibvmtools.so.0.0.0 HTTP/1.1" 200 988 "-" "Mozilla/5.0 AppleWebKit/537.36 (KHTML, like Gecko; compatible; ClaudeBot/1.0; +claudebot@anthropic.com)"
3.144.30.77 - - [21/Apr/2025:10:47:01 -0400] "GET /ad917/?path=%2Fhome%2F.%2F..%2Fusr%2Flib64%2F.%2Fsssd%2F..%2Fgroff%2F..%2Flibcrypto.so.1.1.1k HTTP/1.1" 200 988 "-" "Mozilla/5.0 AppleWebKit/537.36 (KHTML, like Gecko; compatible; ClaudeBot/1.0; +claudebot@anthropic.com)"
3.144.30.77 - - [21/Apr/2025:10:47:04 -0400] "GET /ad917/?path=%2Fhome%2F.%2F..%2Fusr%2Flib64%2F.%2Fsssd%2F..%2Fgroff%2F..%2Flibdrm_nouveau.so.2 HTTP/1.1" 200 988 "-" "Mozilla/5.0 AppleWebKit/537.36 (KHTML, like Gecko; compatible; ClaudeBot/1.0; +claudebot@anthropic.com)"
