18.188.100.195 - - [21/Apr/2025:13:25:34 -0400] "GET /ad917/?path=%2Fhome%2Fservlmvm%2F..%2F..%2Fusr%2Fshare%2Flibtool%2F..%2Flocale%2Fady%2F..%2Ffo%2F..%2Fmg%2F..%2Flb HTTP/1.1" 200 1548 "-" "Mozilla/5.0 AppleWebKit/537.36 (KHTML, like Gecko; compatible; ClaudeBot/1.0; +claudebot@anthropic.com)"
18.188.100.195 - - [21/Apr/2025:13:25:37 -0400] "GET /ad917/?path=%2Fhome%2Fservlmvm%2F..%2F..%2Fusr%2Fshare%2Flibtool%2F..%2Flocale%2Fgoh%2F..%2Fca%2F..%2Fmg%2F..%2Fts HTTP/1.1" 200 1549 "-" "Mozilla/5.0 AppleWebKit/537.36 (KHTML, like Gecko; compatible; ClaudeBot/1.0; +claudebot@anthropic.com)"
66.249.65.168 - - [21/Apr/2025:13:25:39 -0400] "GET /detail/eim/bigeye/38410826.shtml HTTP/1.1" 404 16951 "-" "Mozilla/5.0 (Linux; Android 6.0.1; Nexus 5X Build/MMB29P) AppleWebKit/537.36 (KHTML, like Gecko) Chrome/135.0.7049.95 Mobile Safari/537.36 (compatible; GoogleOther)"
18.188.100.195 - - [21/Apr/2025:13:25:40 -0400] "GET /ad917/?path=%2Fhome%2Fservlmvm%2F..%2F..%2Fusr%2Fshare%2Faclocal%2F..%2Flocale%2Fhai%2F..%2Fpa%2F..%2Fho%2F..%2Fis HTTP/1.1" 200 1547 "-" "Mozilla/5.0 AppleWebKit/537.36 (KHTML, like Gecko; compatible; ClaudeBot/1.0; +claudebot@anthropic.com)"
18.188.100.195 - - [21/Apr/2025:13:25:43 -0400] "GET /ad917/?path=%2Fhome%2Fservlmvm%2F..%2F..%2Fusr%2Fshare%2Flibtool%2F..%2Flocale%2Fgsw%2F..%2Fvo%2F..%2Fti%2F..%2Fdv HTTP/1.1" 200 1548 "-" "Mozilla/5.0 AppleWebKit/537.36 (KHTML, like Gecko; compatible; ClaudeBot/1.0; +claudebot@anthropic.com)"
18.188.100.195 - - [21/Apr/2025:13:25:46 -0400] "GET /ad917/?path=%2Fhome%2Fservlmvm%2F..%2F..%2Fusr%2Fshare%2Flibtool%2F..%2Flocale%2Fbra%2F..%2Ffo%2F..%2Fab%2F..%2Fzu HTTP/1.1" 200 1550 "-" "Mozilla/5.0 AppleWebKit/537.36 (KHTML, like Gecko; compatible; ClaudeBot/1.0; +claudebot@anthropic.com)"
18.188.100.195 - - [21/Apr/2025:13:25:49 -0400] "GET /ad917/?path=%2Fhome%2Fservlmvm%2F..%2F..%2Fusr%2Fshare%2Faclocal%2F..%2Flocale%2Fwen%2F..%2Fch%2F..%2Fzh%2F..%2Fug HTTP/1.1" 200 1548 "-" "Mozilla/5.0 AppleWebKit/537.36 (KHTML, like Gecko; compatible; ClaudeBot/1.0; +claudebot@anthropic.com)"
86.109.170.96 - - [21/Apr/2025:13:25:51 -0400] "GET /wp-login.php HTTP/1.1" 200 2027 "-" "GRequests/0.10"
52.167.144.187 - - [21/Apr/2025:13:25:51 -0400] "GET /goodscode66915068.shtml HTTP/1.1" 404 16940 "-" "Mozilla/5.0 AppleWebKit/537.36 (KHTML, like Gecko; compatible; bingbot/2.0; +http://www.bing.com/bingbot.htm) Chrome/116.0.1938.76 Safari/537.36"
86.109.170.96 - - [21/Apr/2025:13:25:51 -0400] "POST /wp-login.php HTTP/1.1" 200 2177 "-" "GRequests/0.10"
18.188.100.195 - - [21/Apr/2025:13:25:52 -0400] "GET /ad917/?path=%2Fhome%2Fservlmvm%2F..%2F..%2Fusr%2Fshare%2Faclocal%2F..%2Flocale%2Fhai%2F..%2Fpa%2F..%2Fho%2F..%2Fas HTTP/1.1" 200 1546 "-" "Mozilla/5.0 AppleWebKit/537.36 (KHTML, like Gecko; compatible; ClaudeBot/1.0; +claudebot@anthropic.com)"
18.188.100.195 - - [21/Apr/2025:13:25:55 -0400] "GET /ad917/?path=%2Fhome%2Fservlmvm%2F..%2F..%2Fusr%2Fshare%2Flibtool%2F..%2Flocale%2Fbra%2F..%2Fua%2F..%2Fel%2F..%2Ftr HTTP/1.1" 200 1576 "-" "Mozilla/5.0 AppleWebKit/537.36 (KHTML, like Gecko; compatible; ClaudeBot/1.0; +claudebot@anthropic.com)"
66.249.65.168 - - [21/Apr/2025:13:25:56 -0400] "GET /items/cynurenic44152348.shtml HTTP/1.1" 404 16941 "-" "Mozilla/5.0 (Linux; Android 6.0.1; Nexus 5X Build/MMB29P) AppleWebKit/537.36 (KHTML, like Gecko) Chrome/135.0.7049.95 Mobile Safari/537.36 (compatible; GoogleOther)"
18.188.100.195 - - [21/Apr/2025:13:25:58 -0400] "GET /ad917/?path=%2Fhome%2Fservlmvm%2F..%2F..%2Fusr%2Fshare%2Flibtool%2F..%2Flocale%2Fbra%2F..%2Fua%2F..%2Fel%2F..%2Fro HTTP/1.1" 200 1575 "-" "Mozilla/5.0 AppleWebKit/537.36 (KHTML, like Gecko; compatible; ClaudeBot/1.0; +claudebot@anthropic.com)"
18.188.100.195 - - [21/Apr/2025:13:26:01 -0400] "GET /ad917/?path=%2Fhome%2Fservlmvm%2F..%2F..%2Fusr%2Fshare%2Faclocal%2F..%2Flocale%2Fhai%2F..%2Fpa%2F..%2Fbg%2F..%2Fff HTTP/1.1" 200 1548 "-" "Mozilla/5.0 AppleWebKit/537.36 (KHTML, like Gecko; compatible; ClaudeBot/1.0; +claudebot@anthropic.com)"
18.188.100.195 - - [21/Apr/2025:13:26:04 -0400] "GET /ad917/?path=%2Fhome%2Fservlmvm%2F..%2F..%2Fusr%2Fshare%2Faclocal%2F..%2Flocale%2Fhai%2F..%2Fpa%2F..%2Fbg%2F..%2Fam HTTP/1.1" 200 1544 "-" "Mozilla/5.0 AppleWebKit/537.36 (KHTML, like Gecko; compatible; ClaudeBot/1.0; +claudebot@anthropic.com)"
198.54.116.86 - - [21/Apr/2025:13:26:07 -0400] "POST /wp-cron.php?doing_wp_cron=1745256367.5993809700012207031250 HTTP/1.1" 200 0 "-" "WordPress/6.8; https://servethepeopleinc.org"
40.77.167.79 - - [21/Apr/2025:13:26:07 -0400] "GET /goods/11972688.shtml HTTP/1.1" 404 16942 "-" "Mozilla/5.0 AppleWebKit/537.36 (KHTML, like Gecko; compatible; bingbot/2.0; +http://www.bing.com/bingbot.htm) Chrome/116.0.1938.76 Safari/537.36"
18.188.100.195 - - [21/Apr/2025:13:26:07 -0400] "GET /ad917/?path=%2Fhome%2Fservlmvm%2F..%2F..%2Fusr%2Fshare%2Flibtool%2F..%2Flocale%2Fhit%2F..%2Fbs%2F..%2Fbg%2F..%2Fhy HTTP/1.1" 200 1548 "-" "Mozilla/5.0 AppleWebKit/537.36 (KHTML, like Gecko; compatible; ClaudeBot/1.0; +claudebot@anthropic.com)"
198.54.116.86 - - [21/Apr/2025:13:26:07 -0400] "POST /wp-admin/admin-ajax.php?action=async_litespeed&nonce=4Jr1QdRKxQknypGL6eUW6B47fiV4Cz9P&litespeed_type=imgoptm HTTP/1.1" 200 21 "-" "WordPress/6.8; https://servethepeopleinc.org"
18.188.100.195 - - [21/Apr/2025:13:26:10 -0400] "GET /ad917/?path=%2Fhome%2Fservlmvm%2F..%2F..%2Fusr%2Fshare%2Flibtool%2F..%2Flocale%2Fgsw%2F..%2Fvo%2F..%2Fti%2F..%2Fia HTTP/1.1" 200 1576 "-" "Mozilla/5.0 AppleWebKit/537.36 (KHTML, like Gecko; compatible; ClaudeBot/1.0; +claudebot@anthropic.com)"
18.188.100.195 - - [21/Apr/2025:13:26:13 -0400] "GET /ad917/?path=%2Fhome%2Fservlmvm%2F..%2F..%2Fusr%2Fshare%2Faclocal%2F..%2Flocale%2Fhai%2F..%2Fpa%2F..%2Fho%2F..%2Fio HTTP/1.1" 200 1546 "-" "Mozilla/5.0 AppleWebKit/537.36 (KHTML, like Gecko; compatible; ClaudeBot/1.0; +claudebot@anthropic.com)"
18.188.100.195 - - [21/Apr/2025:13:26:16 -0400] "GET /ad917/?path=%2Fhome%2Fservlmvm%2F..%2F..%2Fusr%2Fshare%2Flibtool%2F..%2Flocale%2Fgoh%2F..%2Fca%2F..%2Fmg%2F..%2Fmk HTTP/1.1" 200 1548 "-" "Mozilla/5.0 AppleWebKit/537.36 (KHTML, like Gecko; compatible; ClaudeBot/1.0; +claudebot@anthropic.com)"
18.188.100.195 - - [21/Apr/2025:13:26:19 -0400] "GET /ad917/?path=%2Fhome%2Fservlmvm%2F..%2F..%2Fusr%2Fshare%2Flibtool%2F..%2Flocale%2Fbra%2F..%2Ffo%2F..%2Fab%2F..%2Fbg HTTP/1.1" 200 1577 "-" "Mozilla/5.0 AppleWebKit/537.36 (KHTML, like Gecko; compatible; ClaudeBot/1.0; +claudebot@anthropic.com)"
18.188.100.195 - - [21/Apr/2025:13:26:22 -0400] "GET /ad917/?path=%2Fhome%2Fservlmvm%2F..%2F..%2Fusr%2Fshare%2Faclocal%2F..%2Flocale%2Fhai%2F..%2Fpa%2F..%2Fbg%2F..%2Fbn HTTP/1.1" 200 1545 "-" "Mozilla/5.0 AppleWebKit/537.36 (KHTML, like Gecko; compatible; ClaudeBot/1.0; +claudebot@anthropic.com)"
18.188.100.195 - - [21/Apr/2025:13:26:25 -0400] "GET /ad917/?path=%2Fhome%2Fservlmvm%2F..%2F..%2Fusr%2Fshare%2Faclocal%2F..%2Flocale%2Flam%2F..%2Fur%2F..%2Fht%2F..%2Fln HTTP/1.1" 200 1544 "-" "Mozilla/5.0 AppleWebKit/537.36 (KHTML, like Gecko; compatible; ClaudeBot/1.0; +claudebot@anthropic.com)"
18.188.100.195 - - [21/Apr/2025:13:26:28 -0400] "GET /ad917/?path=%2Fhome%2Fservlmvm%2F..%2F..%2Fusr%2Fshare%2Faclocal%2F..%2Flocale%2Fhai%2F..%2Fpa%2F..%2Fho%2F..%2Fhe HTTP/1.1" 200 1542 "-" "Mozilla/5.0 AppleWebKit/537.36 (KHTML, like Gecko; compatible; ClaudeBot/1.0; +claudebot@anthropic.com)"
18.188.100.195 - - [21/Apr/2025:13:26:31 -0400] "GET /ad917/?path=%2Fhome%2Fservlmvm%2F..%2F..%2Fusr%2Fshare%2Flibtool%2F..%2Flocale%2Fbra%2F..%2Ffo%2F..%2Fab%2F..%2Fto HTTP/1.1" 200 1545 "-" "Mozilla/5.0 AppleWebKit/537.36 (KHTML, like Gecko; compatible; ClaudeBot/1.0; +claudebot@anthropic.com)"
18.188.100.195 - - [21/Apr/2025:13:26:34 -0400] "GET /ad917/?path=%2Fhome%2Fservlmvm%2F..%2F..%2Fusr%2Fshare%2Flibtool%2F..%2Flocale%2Fgsw%2F..%2Fvo%2F..%2Fro%2F..%2Fse HTTP/1.1" 200 1545 "-" "Mozilla/5.0 AppleWebKit/537.36 (KHTML, like Gecko; compatible; ClaudeBot/1.0; +claudebot@anthropic.com)"
18.188.100.195 - - [21/Apr/2025:13:26:37 -0400] "GET /ad917/?path=%2Fhome%2Fservlmvm%2F..%2F..%2Fusr%2Fshare%2Faclocal%2F..%2Flocale%2Flam%2F..%2Fur%2F..%2Fht%2F..%2Fbs HTTP/1.1" 200 1546 "-" "Mozilla/5.0 AppleWebKit/537.36 (KHTML, like Gecko; compatible; ClaudeBot/1.0; +claudebot@anthropic.com)"
198.54.116.86 - - [21/Apr/2025:13:26:38 -0400] "POST /wp-cron.php?doing_wp_cron=1745256398.7821650505065917968750 HTTP/1.1" 200 0 "-" "WordPress/6.8; https://servethepeopleinc.org"
52.167.144.209 - - [21/Apr/2025:13:26:38 -0400] "GET /where-we-work/ HTTP/1.1" 200 18041 "-" "Mozilla/5.0 AppleWebKit/537.36 (KHTML, like Gecko; compatible; bingbot/2.0; +http://www.bing.com/bingbot.htm) Chrome/116.0.1938.76 Safari/537.36"
52.167.144.172 - - [21/Apr/2025:13:26:39 -0400] "GET /items29908300.shtml HTTP/1.1" 301 0 "-" "Mozilla/5.0 AppleWebKit/537.36 (KHTML, like Gecko; compatible; bingbot/2.0; +http://www.bing.com/bingbot.htm) Chrome/116.0.1938.76 Safari/537.36"
18.188.100.195 - - [21/Apr/2025:13:26:40 -0400] "GET /ad917/?path=%2Fhome%2Fservlmvm%2F..%2F..%2Fusr%2Fshare%2Flibtool%2F..%2Flocale%2Fady%2F..%2Ffo%2F..%2Fmg%2F..%2Fgd HTTP/1.1" 200 1550 "-" "Mozilla/5.0 AppleWebKit/537.36 (KHTML, like Gecko; compatible; ClaudeBot/1.0; +claudebot@anthropic.com)"
18.188.100.195 - - [21/Apr/2025:13:26:43 -0400] "GET /ad917/?path=%2Fhome%2Fservlmvm%2F..%2F..%2Fusr%2Fshare%2Flibtool%2F..%2Flocale%2Fgoh%2F..%2Fca%2F..%2Fmg%2F..%2Fkv HTTP/1.1" 200 1551 "-" "Mozilla/5.0 AppleWebKit/537.36 (KHTML, like Gecko; compatible; ClaudeBot/1.0; +claudebot@anthropic.com)"
52.167.144.172 - - [21/Apr/2025:13:26:43 -0400] "GET /info/alcea/2279822.shtml HTTP/1.1" 301 0 "-" "Mozilla/5.0 AppleWebKit/537.36 (KHTML, like Gecko; compatible; bingbot/2.0; +http://www.bing.com/bingbot.htm) Chrome/116.0.1938.76 Safari/537.36"
18.188.100.195 - - [21/Apr/2025:13:26:46 -0400] "GET /ad917/?path=%2Fhome%2Fservlmvm%2F..%2F..%2Fusr%2Fshare%2Flibtool%2F..%2Flocale%2Fbra%2F..%2Ffo%2F..%2Fab%2F..%2Fpi HTTP/1.1" 200 1548 "-" "Mozilla/5.0 AppleWebKit/537.36 (KHTML, like Gecko; compatible; ClaudeBot/1.0; +claudebot@anthropic.com)"
18.188.100.195 - - [21/Apr/2025:13:26:49 -0400] "GET /ad917/?path=%2Fhome%2Fservlmvm%2F..%2F..%2Fusr%2Fshare%2Flibtool%2F..%2Flocale%2Fhit%2F..%2Fbs%2F..%2Fbg%2F..%2Fnl HTTP/1.1" 200 1575 "-" "Mozilla/5.0 AppleWebKit/537.36 (KHTML, like Gecko; compatible; ClaudeBot/1.0; +claudebot@anthropic.com)"
66.249.65.169 - - [21/Apr/2025:13:26:50 -0400] "GET /products/kue/conico/101136650.shtml HTTP/1.1" 404 16950 "-" "Mozilla/5.0 (Linux; Android 6.0.1; Nexus 5X Build/MMB29P) AppleWebKit/537.36 (KHTML, like Gecko) Chrome/135.0.7049.95 Mobile Safari/537.36 (compatible; GoogleOther)"
52.167.144.172 - - [21/Apr/2025:13:27:02 -0400] "GET /products/chishona/28810362.shtml HTTP/1.1" 301 0 "-" "Mozilla/5.0 AppleWebKit/537.36 (KHTML, like Gecko; compatible; bingbot/2.0; +http://www.bing.com/bingbot.htm) Chrome/116.0.1938.76 Safari/537.36"
198.54.116.86 - - [21/Apr/2025:13:27:07 -0400] "POST /wp-cron.php?doing_wp_cron=1745256427.1052639484405517578125 HTTP/1.1" 200 0 "-" "WordPress/6.8; https://servethepeopleinc.org"
40.77.167.52 - - [21/Apr/2025:13:27:06 -0400] "GET /shopbrand/frangulin/28810320.shtml HTTP/1.1" 301 0 "-" "Mozilla/5.0 AppleWebKit/537.36 (KHTML, like Gecko; compatible; bingbot/2.0; +http://www.bing.com/bingbot.htm) Chrome/116.0.1938.76 Safari/537.36"
198.54.116.86 - - [21/Apr/2025:13:27:07 -0400] "POST /wp-admin/admin-ajax.php?action=async_litespeed&nonce=CrjQgwbEPxn1qkc2gMtqm3YyVoECuxIC&litespeed_type=imgoptm HTTP/1.1" 200 21 "-" "WordPress/6.8; https://servethepeopleinc.org"
52.167.144.209 - - [21/Apr/2025:13:27:08 -0400] "GET /wp-content/plugins/js_composer/assets/css/js_composer.min.css?ver=7.3 HTTP/1.1" 200 40992 "-" "Mozilla/5.0 AppleWebKit/537.36 (KHTML, like Gecko; compatible; bingbot/2.0; +http://www.bing.com/bingbot.htm) Chrome/116.0.1938.76 Safari/537.36"
52.167.144.187 - - [21/Apr/2025:13:27:12 -0400] "GET /wp-content/plugins/give/assets/dist/css/give-donation-summary.css?ver=3.3.0 HTTP/1.1" 200 465 "-" "Mozilla/5.0 AppleWebKit/537.36 (KHTML, like Gecko; compatible; bingbot/2.0; +http://www.bing.com/bingbot.htm) Chrome/116.0.1938.76 Safari/537.36"
40.77.167.79 - - [21/Apr/2025:13:27:15 -0400] "GET /wp-content/plugins/give/assets/dist/css/give.css?ver=3.3.0 HTTP/1.1" 200 13358 "-" "Mozilla/5.0 AppleWebKit/537.36 (KHTML, like Gecko; compatible; bingbot/2.0; +http://www.bing.com/bingbot.htm) Chrome/116.0.1938.76 Safari/537.36"
52.167.144.187 - - [21/Apr/2025:13:27:16 -0400] "GET /wp-content/plugins/revslider/public/assets/css/rs6.css?ver=6.6.20 HTTP/1.1" 200 11961 "-" "Mozilla/5.0 AppleWebKit/537.36 (KHTML, like Gecko; compatible; bingbot/2.0; +http://www.bing.com/bingbot.htm) Chrome/116.0.1938.76 Safari/537.36"
52.167.144.187 - - [21/Apr/2025:13:27:18 -0400] "GET /wp-content/themes/woodmart/css/parts/el-social-icons.min.css?ver=7.3.2 HTTP/1.1" 200 1130 "-" "Mozilla/5.0 AppleWebKit/537.36 (KHTML, like Gecko; compatible; bingbot/2.0; +http://www.bing.com/bingbot.htm) Chrome/116.0.1938.76 Safari/537.36"
198.54.116.86 - - [21/Apr/2025:13:27:21 -0400] "POST /wp-cron.php?doing_wp_cron=1745256441.3239879608154296875000 HTTP/1.1" 200 0 "-" "WordPress/6.8; https://servethepeopleinc.org"
52.167.144.187 - - [21/Apr/2025:13:27:21 -0400] "GET /detail/resistibleness12127562.shtml HTTP/1.1" 404 16941 "-" "Mozilla/5.0 AppleWebKit/537.36 (KHTML, like Gecko; compatible; bingbot/2.0; +http://www.bing.com/bingbot.htm) Chrome/116.0.1938.76 Safari/537.36"
52.167.144.187 - - [21/Apr/2025:13:27:24 -0400] "GET /wp-content/themes/woodmart/css/parts/int-wpb-base-deprecated.min.css?ver=7.3.2 HTTP/1.1" 200 301 "-" "Mozilla/5.0 AppleWebKit/537.36 (KHTML, like Gecko; compatible; bingbot/2.0; +http://www.bing.com/bingbot.htm) Chrome/116.0.1938.76 Safari/537.36"
52.167.144.187 - - [21/Apr/2025:13:27:27 -0400] "GET /wp-content/themes/woodmart/css/parts/opt-widget-collapse.min.css?ver=7.3.2 HTTP/1.1" 200 349 "-" "Mozilla/5.0 AppleWebKit/537.36 (KHTML, like Gecko; compatible; bingbot/2.0; +http://www.bing.com/bingbot.htm) Chrome/116.0.1938.76 Safari/537.36"
52.167.144.187 - - [21/Apr/2025:13:27:30 -0400] "GET /wp-content/themes/woodmart/css/parts/page-title.min.css?ver=7.3.2 HTTP/1.1" 200 204 "-" "Mozilla/5.0 AppleWebKit/537.36 (KHTML, like Gecko; compatible; bingbot/2.0; +http://www.bing.com/bingbot.htm) Chrome/116.0.1938.76 Safari/537.36"
40.77.167.79 - - [21/Apr/2025:13:27:33 -0400] "GET /wp-content/themes/woodmart/css/bootstrap-light.min.css?ver=7.3.2 HTTP/1.1" 200 812 "-" "Mozilla/5.0 AppleWebKit/537.36 (KHTML, like Gecko; compatible; bingbot/2.0; +http://www.bing.com/bingbot.htm) Chrome/116.0.1938.76 Safari/537.36"
40.77.167.79 - - [21/Apr/2025:13:27:37 -0400] "GET /wp-content/themes/woodmart/css/parts/base.min.css?ver=7.3.2 HTTP/1.1" 200 10433 "-" "Mozilla/5.0 AppleWebKit/537.36 (KHTML, like Gecko; compatible; bingbot/2.0; +http://www.bing.com/bingbot.htm) Chrome/116.0.1938.76 Safari/537.36"
40.77.167.79 - - [21/Apr/2025:13:27:39 -0400] "GET /wp-content/themes/woodmart/css/parts/int-mc4wp.min.css?ver=7.3.2 HTTP/1.1" 200 352 "-" "Mozilla/5.0 AppleWebKit/537.36 (KHTML, like Gecko; compatible; bingbot/2.0; +http://www.bing.com/bingbot.htm) Chrome/116.0.1938.76 Safari/537.36"
52.167.144.209 - - [21/Apr/2025:13:27:42 -0400] "GET /special/xdk/furze8057280.shtml HTTP/1.1" 404 16951 "-" "Mozilla/5.0 AppleWebKit/537.36 (KHTML, like Gecko; compatible; bingbot/2.0; +http://www.bing.com/bingbot.htm) Chrome/116.0.1938.76 Safari/537.36"
52.167.144.209 - - [21/Apr/2025:13:27:45 -0400] "GET /entity/folio45181374.shtml HTTP/1.1" 404 16941 "-" "Mozilla/5.0 AppleWebKit/537.36 (KHTML, like Gecko; compatible; bingbot/2.0; +http://www.bing.com/bingbot.htm) Chrome/116.0.1938.76 Safari/537.36"
52.167.144.209 - - [21/Apr/2025:13:27:48 -0400] "GET /wp-content/plugins/js_composer/assets/lib/bower/animate-css/animate.min.css?ver=7.3 HTTP/1.1" 200 2248 "-" "Mozilla/5.0 AppleWebKit/537.36 (KHTML, like Gecko; compatible; bingbot/2.0; +http://www.bing.com/bingbot.htm) Chrome/116.0.1938.76 Safari/537.36"
52.167.144.209 - - [21/Apr/2025:13:27:51 -0400] "GET /wp-content/themes/woodmart/css/parts/el-list.min.css?ver=7.3.2 HTTP/1.1" 200 387 "-" "Mozilla/5.0 AppleWebKit/537.36 (KHTML, like Gecko; compatible; bingbot/2.0; +http://www.bing.com/bingbot.htm) Chrome/116.0.1938.76 Safari/537.36"
52.167.144.209 - - [21/Apr/2025:13:27:54 -0400] "GET /wp-content/themes/woodmart/css/parts/el-text-block.min.css?ver=7.3.2 HTTP/1.1" 200 110 "-" "Mozilla/5.0 AppleWebKit/537.36 (KHTML, like Gecko; compatible; bingbot/2.0; +http://www.bing.com/bingbot.htm) Chrome/116.0.1938.76 Safari/537.36"
40.77.167.52 - - [21/Apr/2025:13:27:54 -0400] "GET /special/ko/apostemate61744918.shtml HTTP/1.1" 301 0 "-" "Mozilla/5.0 AppleWebKit/537.36 (KHTML, like Gecko; compatible; bingbot/2.0; +http://www.bing.com/bingbot.htm) Chrome/116.0.1938.76 Safari/537.36"
52.167.144.209 - - [21/Apr/2025:13:27:57 -0400] "GET /wp-content/themes/woodmart/css/parts/footer-base.min.css?ver=7.3.2 HTTP/1.1" 200 360 "-" "Mozilla/5.0 AppleWebKit/537.36 (KHTML, like Gecko; compatible; bingbot/2.0; +http://www.bing.com/bingbot.htm) Chrome/116.0.1938.76 Safari/537.36"
52.167.144.209 - - [21/Apr/2025:13:28:00 -0400] "GET /wp-content/themes/woodmart/css/parts/header-base.min.css?ver=7.3.2 HTTP/1.1" 200 2509 "-" "Mozilla/5.0 AppleWebKit/537.36 (KHTML, like Gecko; compatible; bingbot/2.0; +http://www.bing.com/bingbot.htm) Chrome/116.0.1938.76 Safari/537.36"
52.15.237.212 - - [21/Apr/2025:13:28:01 -0400] "GET /ad917/?path=%2Fhome%2Fservlmvm%2F..%2F..%2Fusr%2Fshare%2Flibtool%2F..%2Flocale%2Fady%2F..%2Ffo%2F..%2Fmg%2F..%2Fko HTTP/1.1" 200 1582 "-" "Mozilla/5.0 AppleWebKit/537.36 (KHTML, like Gecko; compatible; ClaudeBot/1.0; +claudebot@anthropic.com)"
52.167.144.209 - - [21/Apr/2025:13:28:03 -0400] "GET /wp-content/themes/woodmart/css/parts/header-el-base.min.css?ver=7.3.2 HTTP/1.1" 200 811 "-" "Mozilla/5.0 AppleWebKit/537.36 (KHTML, like Gecko; compatible; bingbot/2.0; +http://www.bing.com/bingbot.htm) Chrome/116.0.1938.76 Safari/537.36"
52.15.237.212 - - [21/Apr/2025:13:28:04 -0400] "GET /ad917/?path=%2Fhome%2Fservlmvm%2F..%2F..%2Fusr%2Fshare%2Faclocal%2F..%2Flocale%2Fhai%2F..%2Fpa%2F..%2Fbg%2F..%2Fwa HTTP/1.1" 200 1551 "-" "Mozilla/5.0 AppleWebKit/537.36 (KHTML, like Gecko; compatible; ClaudeBot/1.0; +claudebot@anthropic.com)"
52.167.144.209 - - [21/Apr/2025:13:28:06 -0400] "GET /wp-content/themes/woodmart/css/parts/int-rev-slider.min.css?ver=7.3.2 HTTP/1.1" 200 256 "-" "Mozilla/5.0 AppleWebKit/537.36 (KHTML, like Gecko; compatible; bingbot/2.0; +http://www.bing.com/bingbot.htm) Chrome/116.0.1938.76 Safari/537.36"
52.15.237.212 - - [21/Apr/2025:13:28:07 -0400] "GET /ad917/?path=%2Fhome%2Fservlmvm%2F..%2F..%2Fusr%2Fshare%2Flibtool%2F..%2Flocale%2Fady%2F..%2Ffo%2F..%2Fmg%2F..%2Fkv HTTP/1.1" 200 1554 "-" "Mozilla/5.0 AppleWebKit/537.36 (KHTML, like Gecko; compatible; ClaudeBot/1.0; +claudebot@anthropic.com)"
198.54.116.86 - - [21/Apr/2025:13:28:08 -0400] "POST /wp-cron.php?doing_wp_cron=1745256488.3866651058197021484375 HTTP/1.1" 200 0 "-" "WordPress/6.8; https://servethepeopleinc.org"
40.77.167.52 - - [21/Apr/2025:13:28:08 -0400] "GET /info/p/skiffling45129316.shtml HTTP/1.1" 301 0 "-" "Mozilla/5.0 AppleWebKit/537.36 (KHTML, like Gecko; compatible; bingbot/2.0; +http://www.bing.com/bingbot.htm) Chrome/116.0.1938.76 Safari/537.36"
198.54.116.86 - - [21/Apr/2025:13:28:08 -0400] "POST /wp-admin/admin-ajax.php?action=async_litespeed&nonce=ct7XdFOUH3bGVuyILhErIrWHs7uAaGRT&litespeed_type=imgoptm HTTP/1.1" 200 21 "-" "WordPress/6.8; https://servethepeopleinc.org"
52.167.144.209 - - [21/Apr/2025:13:28:09 -0400] "GET /wp-content/themes/woodmart/css/parts/int-wbp-el-animations.min.css?ver=7.3.2 HTTP/1.1" 200 678 "-" "Mozilla/5.0 AppleWebKit/537.36 (KHTML, like Gecko; compatible; bingbot/2.0; +http://www.bing.com/bingbot.htm) Chrome/116.0.1938.76 Safari/537.36"
52.15.237.212 - - [21/Apr/2025:13:28:10 -0400] "GET /ad917/?path=%2Fhome%2Fservlmvm%2F..%2F..%2Fusr%2Fshare%2Faclocal%2F..%2Flocale%2Fhai%2F..%2Fpa%2F..%2Fho%2F..%2Flt HTTP/1.1" 200 1579 "-" "Mozilla/5.0 AppleWebKit/537.36 (KHTML, like Gecko; compatible; ClaudeBot/1.0; +claudebot@anthropic.com)"
40.77.167.131 - - [21/Apr/2025:13:28:11 -0400] "GET /products/o/malacoclemmys/80288338.shtml HTTP/1.1" 301 0 "-" "Mozilla/5.0 AppleWebKit/537.36 (KHTML, like Gecko; compatible; bingbot/2.0; +http://www.bing.com/bingbot.htm) Chrome/116.0.1938.76 Safari/537.36"
52.167.144.209 - - [21/Apr/2025:13:28:12 -0400] "GET /wp-content/themes/woodmart/css/parts/int-wpb-base.min.css?ver=7.3.2 HTTP/1.1" 200 2653 "-" "Mozilla/5.0 AppleWebKit/537.36 (KHTML, like Gecko; compatible; bingbot/2.0; +http://www.bing.com/bingbot.htm) Chrome/116.0.1938.76 Safari/537.36"
52.15.237.212 - - [21/Apr/2025:13:28:13 -0400] "GET /ad917/?path=%2Fhome%2Fservlmvm%2F..%2F..%2Fusr%2Fshare%2Flibtool%2F..%2Flocale%2Fgoh%2F..%2Fca%2F..%2Fmg%2F..%2Fbh HTTP/1.1" 200 1555 "-" "Mozilla/5.0 AppleWebKit/537.36 (KHTML, like Gecko; compatible; ClaudeBot/1.0; +claudebot@anthropic.com)"
52.167.144.209 - - [21/Apr/2025:13:28:15 -0400] "GET /wp-content/themes/woodmart/css/parts/opt-scrolltotop.min.css?ver=7.3.2 HTTP/1.1" 200 345 "-" "Mozilla/5.0 AppleWebKit/537.36 (KHTML, like Gecko; compatible; bingbot/2.0; +http://www.bing.com/bingbot.htm) Chrome/116.0.1938.76 Safari/537.36"
52.15.237.212 - - [21/Apr/2025:13:28:16 -0400] "GET /ad917/?path=%2Fhome%2Fservlmvm%2F..%2F..%2Fusr%2Fshare%2Flibtool%2F..%2Flocale%2Fbra%2F..%2Fua%2F..%2Fel%2F..%2Fve HTTP/1.1" 200 1548 "-" "Mozilla/5.0 AppleWebKit/537.36 (KHTML, like Gecko; compatible; ClaudeBot/1.0; +claudebot@anthropic.com)"
52.167.144.209 - - [21/Apr/2025:13:28:18 -0400] "GET /wp-content/themes/woodmart/css/parts/mod-tools.min.css?ver=7.3.2 HTTP/1.1" 200 863 "-" "Mozilla/5.0 AppleWebKit/537.36 (KHTML, like Gecko; compatible; bingbot/2.0; +http://www.bing.com/bingbot.htm) Chrome/116.0.1938.76 Safari/537.36"
52.15.237.212 - - [21/Apr/2025:13:28:19 -0400] "GET /ad917/?path=%2Fhome%2Fservlmvm%2F..%2F..%2Fusr%2Fshare%2Flibtool%2F..%2Flocale%2Fbra%2F..%2Ffo%2F..%2Fab%2F..%2Fpa HTTP/1.1" 200 1553 "-" "Mozilla/5.0 AppleWebKit/537.36 (KHTML, like Gecko; compatible; ClaudeBot/1.0; +claudebot@anthropic.com)"
52.167.144.209 - - [21/Apr/2025:13:28:21 -0400] "GET /wp-content/uploads/useanyfont/uaf.css?ver=1704783504 HTTP/1.1" 200 236 "-" "Mozilla/5.0 AppleWebKit/537.36 (KHTML, like Gecko; compatible; bingbot/2.0; +http://www.bing.com/bingbot.htm) Chrome/116.0.1938.76 Safari/537.36"
198.54.116.86 - - [21/Apr/2025:13:28:22 -0400] "POST /wp-cron.php?doing_wp_cron=1745256502.6691179275512695312500 HTTP/1.1" 200 0 "-" "WordPress/6.8; https://servethepeopleinc.org"
52.167.144.172 - - [21/Apr/2025:13:28:22 -0400] "GET /product/74631190.shtml HTTP/1.1" 301 0 "-" "Mozilla/5.0 AppleWebKit/537.36 (KHTML, like Gecko; compatible; bingbot/2.0; +http://www.bing.com/bingbot.htm) Chrome/116.0.1938.76 Safari/537.36"
52.15.237.212 - - [21/Apr/2025:13:28:22 -0400] "GET /ad917/?path=%2Fhome%2Fservlmvm%2F..%2F..%2Fusr%2Fshare%2Flibtool%2F..%2Flocale%2Fbra%2F..%2Ffo%2F..%2Fab%2F..%2Fmg HTTP/1.1" 200 1554 "-" "Mozilla/5.0 AppleWebKit/537.36 (KHTML, like Gecko; compatible; ClaudeBot/1.0; +claudebot@anthropic.com)"
52.167.144.209 - - [21/Apr/2025:13:28:25 -0400] "GET /wp-includes/css/dist/block-library/style.min.css?ver=6.8 HTTP/1.1" 200 14358 "-" "Mozilla/5.0 AppleWebKit/537.36 (KHTML, like Gecko; compatible; bingbot/2.0; +http://www.bing.com/bingbot.htm) Chrome/116.0.1938.76 Safari/537.36"
52.15.237.212 - - [21/Apr/2025:13:28:25 -0400] "GET /ad917/?path=%2Fhome%2Fservlmvm%2F..%2F..%2Fusr%2Fshare%2Flibtool%2F..%2Flocale%2Fgsw%2F..%2Fvo%2F..%2Fro%2F..%2Ffa HTTP/1.1" 200 1554 "-" "Mozilla/5.0 AppleWebKit/537.36 (KHTML, like Gecko; compatible; ClaudeBot/1.0; +claudebot@anthropic.com)"
52.167.144.187 - - [21/Apr/2025:13:28:27 -0400] "GET /goodscode103248410.shtml HTTP/1.1" 404 16941 "-" "Mozilla/5.0 AppleWebKit/537.36 (KHTML, like Gecko; compatible; bingbot/2.0; +http://www.bing.com/bingbot.htm) Chrome/116.0.1938.76 Safari/537.36"
52.15.237.212 - - [21/Apr/2025:13:28:28 -0400] "GET /ad917/?path=%2Fhome%2Fservlmvm%2F..%2F..%2Fusr%2Fshare%2Flibtool%2F..%2Flocale%2Fgoh%2F..%2Fca%2F..%2Fmg%2F..%2Fmt HTTP/1.1" 200 1554 "-" "Mozilla/5.0 AppleWebKit/537.36 (KHTML, like Gecko; compatible; ClaudeBot/1.0; +claudebot@anthropic.com)"
52.15.237.212 - - [21/Apr/2025:13:28:31 -0400] "GET /ad917/?path=%2Fhome%2Fservlmvm%2F..%2F..%2Fusr%2Fshare%2Flibtool%2F..%2Flocale%2Fgoh%2F..%2Fca%2F..%2Fmg%2F..%2Fsm HTTP/1.1" 200 1555 "-" "Mozilla/5.0 AppleWebKit/537.36 (KHTML, like Gecko; compatible; ClaudeBot/1.0; +claudebot@anthropic.com)"
52.15.237.212 - - [21/Apr/2025:13:28:34 -0400] "GET /ad917/?path=%2Fhome%2Fservlmvm%2F..%2F..%2Fusr%2Fshare%2Faclocal%2F..%2Flocale%2Flam%2F..%2Fur%2F..%2Fbn%2F..%2Ffa HTTP/1.1" 200 1552 "-" "Mozilla/5.0 AppleWebKit/537.36 (KHTML, like Gecko; compatible; ClaudeBot/1.0; +claudebot@anthropic.com)"
52.167.144.187 - - [21/Apr/2025:13:28:37 -0400] "GET /wp-content/themes/woodmart/css/parts/wp-gutenberg.min.css?ver=7.3.2 HTTP/1.1" 200 1904 "-" "Mozilla/5.0 AppleWebKit/537.36 (KHTML, like Gecko; compatible; bingbot/2.0; +http://www.bing.com/bingbot.htm) Chrome/116.0.1938.76 Safari/537.36"
52.15.237.212 - - [21/Apr/2025:13:28:37 -0400] "GET /ad917/?path=%2Fhome%2Fservlmvm%2F..%2F..%2Fusr%2Fshare%2Faclocal%2F..%2Flocale%2Flam%2F..%2Fur%2F..%2Fzu%2F..%2Fha HTTP/1.1" 200 1551 "-" "Mozilla/5.0 AppleWebKit/537.36 (KHTML, like Gecko; compatible; ClaudeBot/1.0; +claudebot@anthropic.com)"
66.249.65.168 - - [21/Apr/2025:13:28:38 -0400] "GET /goodscode/des/supraclavicle/94525384.shtml HTTP/1.1" 404 16951 "-" "Mozilla/5.0 (Linux; Android 6.0.1; Nexus 5X Build/MMB29P) AppleWebKit/537.36 (KHTML, like Gecko) Chrome/135.0.7049.95 Mobile Safari/537.36 (compatible; GoogleOther)"
66.249.65.170 - - [21/Apr/2025:13:28:40 -0400] "GET /entity/prosiliency70646836.shtml HTTP/1.1" 404 16942 "-" "Mozilla/5.0 (Linux; Android 6.0.1; Nexus 5X Build/MMB29P) AppleWebKit/537.36 (KHTML, like Gecko) Chrome/135.0.7049.95 Mobile Safari/537.36 (compatible; GoogleOther)"
52.15.237.212 - - [21/Apr/2025:13:28:40 -0400] "GET /ad917/?path=%2Fhome%2Fservlmvm%2F..%2F..%2Fusr%2Fshare%2Faclocal%2F..%2Flocale%2Ffrr%2F..%2Fel%2F..%2Fuk%2F..%2Ftn HTTP/1.1" 200 1549 "-" "Mozilla/5.0 AppleWebKit/537.36 (KHTML, like Gecko; compatible; ClaudeBot/1.0; +claudebot@anthropic.com)"
52.15.237.212 - - [21/Apr/2025:13:28:43 -0400] "GET /ad917/?path=%2Fhome%2Fservlmvm%2F..%2F..%2Fusr%2Fshare%2Faclocal%2F..%2Flocale%2Ffrr%2F..%2Fel%2F..%2Fuk%2F..%2Fas HTTP/1.1" 200 1549 "-" "Mozilla/5.0 AppleWebKit/537.36 (KHTML, like Gecko; compatible; ClaudeBot/1.0; +claudebot@anthropic.com)"
52.15.237.212 - - [21/Apr/2025:13:28:46 -0400] "GET /ad917/?path=%2Fhome%2Fservlmvm%2F..%2F..%2Fusr%2Fshare%2Faclocal%2F..%2Flocale%2Fhai%2F..%2Fpa%2F..%2Fho%2F..%2Fmt HTTP/1.1" 200 1553 "-" "Mozilla/5.0 AppleWebKit/537.36 (KHTML, like Gecko; compatible; ClaudeBot/1.0; +claudebot@anthropic.com)"
52.15.237.212 - - [21/Apr/2025:13:28:49 -0400] "GET /ad917/?path=%2Fhome%2Fservlmvm%2F..%2F..%2Fusr%2Fshare%2Faclocal%2F..%2Flocale%2Ffrr%2F..%2Fel%2F..%2Fse%2F..%2Fay HTTP/1.1" 200 1551 "-" "Mozilla/5.0 AppleWebKit/537.36 (KHTML, like Gecko; compatible; ClaudeBot/1.0; +claudebot@anthropic.com)"
52.15.237.212 - - [21/Apr/2025:13:28:52 -0400] "GET /ad917/?path=%2Fhome%2Fservlmvm%2F..%2F..%2Fusr%2Fshare%2Faclocal%2F..%2Flocale%2Flam%2F..%2Fur%2F..%2Fzu%2F..%2Fqu HTTP/1.1" 200 1553 "-" "Mozilla/5.0 AppleWebKit/537.36 (KHTML, like Gecko; compatible; ClaudeBot/1.0; +claudebot@anthropic.com)"
52.15.237.212 - - [21/Apr/2025:13:28:55 -0400] "GET /ad917/?path=%2Fhome%2Fservlmvm%2F..%2F..%2Fusr%2Fshare%2Faclocal%2F..%2Flocale%2Flam%2F..%2Fur%2F..%2Fht%2F..%2Fkl HTTP/1.1" 200 1551 "-" "Mozilla/5.0 AppleWebKit/537.36 (KHTML, like Gecko; compatible; ClaudeBot/1.0; +claudebot@anthropic.com)"
52.15.237.212 - - [21/Apr/2025:13:28:58 -0400] "GET /ad917/?path=%2Fhome%2Fservlmvm%2F..%2F..%2Fusr%2Fshare%2Flibtool%2F..%2Flocale%2Fgsw%2F..%2Fvo%2F..%2Fro%2F..%2Fhr HTTP/1.1" 200 1581 "-" "Mozilla/5.0 AppleWebKit/537.36 (KHTML, like Gecko; compatible; ClaudeBot/1.0; +claudebot@anthropic.com)"
198.54.116.86 - - [21/Apr/2025:13:29:01 -0400] "POST /wp-cron.php?doing_wp_cron=1745256541.5622301101684570312500 HTTP/1.1" 200 0 "-" "WordPress/6.8; https://servethepeopleinc.org"
52.167.144.187 - - [21/Apr/2025:13:29:01 -0400] "GET /info420940.shtml HTTP/1.1" 404 16942 "-" "Mozilla/5.0 AppleWebKit/537.36 (KHTML, like Gecko; compatible; bingbot/2.0; +http://www.bing.com/bingbot.htm) Chrome/116.0.1938.76 Safari/537.36"
52.15.237.212 - - [21/Apr/2025:13:29:01 -0400] "GET /ad917/?path=%2Fhome%2Fservlmvm%2F..%2F..%2Fusr%2Fshare%2Faclocal%2F..%2Flocale%2Fhai%2F..%2Fpa%2F..%2Ffy%2F..%2Fho HTTP/1.1" 200 1552 "-" "Mozilla/5.0 AppleWebKit/537.36 (KHTML, like Gecko; compatible; ClaudeBot/1.0; +claudebot@anthropic.com)"
52.15.237.212 - - [21/Apr/2025:13:29:04 -0400] "GET /ad917/?path=%2Fhome%2Fservlmvm%2F..%2F..%2Fusr%2Fshare%2Faclocal%2F..%2Flocale%2Fhai%2F..%2Fpa%2F..%2Ffy%2F..%2Fhy HTTP/1.1" 200 1552 "-" "Mozilla/5.0 AppleWebKit/537.36 (KHTML, like Gecko; compatible; ClaudeBot/1.0; +claudebot@anthropic.com)"
52.15.237.212 - - [21/Apr/2025:13:29:07 -0400] "GET /ad917/?path=%2Fhome%2Fservlmvm%2F..%2F..%2Fusr%2Fshare%2Faclocal%2F..%2Flocale%2Ffrr%2F..%2Fel%2F..%2Fcv%2F..%2Fam HTTP/1.1" 200 1552 "-" "Mozilla/5.0 AppleWebKit/537.36 (KHTML, like Gecko; compatible; ClaudeBot/1.0; +claudebot@anthropic.com)"
52.15.237.212 - - [21/Apr/2025:13:29:10 -0400] "GET /ad917/?path=%2Fhome%2Fservlmvm%2F..%2F..%2Fusr%2Fshare%2Faclocal%2F..%2Flocale%2Flam%2F..%2Fur%2F..%2Fht%2F..%2Fuz HTTP/1.1" 200 1550 "-" "Mozilla/5.0 AppleWebKit/537.36 (KHTML, like Gecko; compatible; ClaudeBot/1.0; +claudebot@anthropic.com)"
52.15.237.212 - - [21/Apr/2025:13:29:13 -0400] "GET /ad917/?path=%2Fhome%2Fservlmvm%2F..%2F..%2Fusr%2Fshare%2Faclocal%2F..%2Flocale%2Flam%2F..%2Fur%2F..%2Fht%2F..%2Fgl HTTP/1.1" 200 1579 "-" "Mozilla/5.0 AppleWebKit/537.36 (KHTML, like Gecko; compatible; ClaudeBot/1.0; +claudebot@anthropic.com)"
52.15.237.212 - - [21/Apr/2025:13:29:16 -0400] "GET /ad917/?path=%2Fhome%2Fservlmvm%2F..%2F..%2Fusr%2Fshare%2Faclocal%2F..%2Flocale%2Flam%2F..%2Fur%2F..%2Fht%2F..%2Fru HTTP/1.1" 200 1579 "-" "Mozilla/5.0 AppleWebKit/537.36 (KHTML, like Gecko; compatible; ClaudeBot/1.0; +claudebot@anthropic.com)"
198.54.116.86 - - [21/Apr/2025:13:29:18 -0400] "POST /wp-cron.php?doing_wp_cron=1745256558.0348720550537109375000 HTTP/1.1" 200 0 "-" "WordPress/6.8; https://servethepeopleinc.org"
40.77.167.79 - - [21/Apr/2025:13:29:17 -0400] "GET /items/indiscovery109749822.shtml HTTP/1.1" 404 16941 "-" "Mozilla/5.0 AppleWebKit/537.36 (KHTML, like Gecko; compatible; bingbot/2.0; +http://www.bing.com/bingbot.htm) Chrome/116.0.1938.76 Safari/537.36"
198.54.116.86 - - [21/Apr/2025:13:29:18 -0400] "POST /wp-admin/admin-ajax.php?action=async_litespeed&nonce=YDNPhgRNvJizLgZ04YuGJkkqWUzkffdd&litespeed_type=imgoptm HTTP/1.1" 200 21 "-" "WordPress/6.8; https://servethepeopleinc.org"
52.15.237.212 - - [21/Apr/2025:13:29:19 -0400] "GET /ad917/?path=%2Fhome%2Fservlmvm%2F..%2F..%2Fusr%2Fshare%2Flibtool%2F..%2Flocale%2Fgoh%2F..%2Fca%2F..%2Fmg%2F..%2Fto HTTP/1.1" 200 1555 "-" "Mozilla/5.0 AppleWebKit/537.36 (KHTML, like Gecko; compatible; ClaudeBot/1.0; +claudebot@anthropic.com)"
52.15.237.212 - - [21/Apr/2025:13:29:22 -0400] "GET /ad917/?path=%2Fhome%2Fservlmvm%2F..%2F..%2Fusr%2Fshare%2Faclocal%2F..%2Flocale%2Ffrr%2F..%2Fel%2F..%2Fcv%2F..%2Fkw HTTP/1.1" 200 1552 "-" "Mozilla/5.0 AppleWebKit/537.36 (KHTML, like Gecko; compatible; ClaudeBot/1.0; +claudebot@anthropic.com)"
52.15.237.212 - - [21/Apr/2025:13:29:25 -0400] "GET /ad917/?path=%2Fhome%2Fservlmvm%2F..%2F..%2Fusr%2Fshare%2Faclocal%2F..%2Flocale%2Fhai%2F..%2Fpa%2F..%2Fbg%2F..%2Fza HTTP/1.1" 200 1551 "-" "Mozilla/5.0 AppleWebKit/537.36 (KHTML, like Gecko; compatible; ClaudeBot/1.0; +claudebot@anthropic.com)"
52.15.237.212 - - [21/Apr/2025:13:29:28 -0400] "GET /ad917/?path=%2Fhome%2Fservlmvm%2F..%2F..%2Fusr%2Fshare%2Flibtool%2F..%2Flocale%2Fgsw%2F..%2Fvo%2F..%2Fro%2F..%2Fzh HTTP/1.1" 200 1555 "-" "Mozilla/5.0 AppleWebKit/537.36 (KHTML, like Gecko; compatible; ClaudeBot/1.0; +claudebot@anthropic.com)"
52.15.237.212 - - [21/Apr/2025:13:29:31 -0400] "GET /ad917/?path=%2Fhome%2Fservlmvm%2F..%2F..%2Fusr%2Fshare%2Faclocal%2F..%2Flocale%2Fwen%2F..%2Fch%2F..%2Fzh%2F..%2Fnr HTTP/1.1" 200 1553 "-" "Mozilla/5.0 AppleWebKit/537.36 (KHTML, like Gecko; compatible; ClaudeBot/1.0; +claudebot@anthropic.com)"
52.15.237.212 - - [21/Apr/2025:13:29:34 -0400] "GET /ad917/?path=%2Fhome%2Fservlmvm%2F..%2F..%2Fusr%2Fshare%2Faclocal%2F..%2Flocale%2Fhai%2F..%2Fpa%2F..%2Fho%2F..%2Fsl HTTP/1.1" 200 1579 "-" "Mozilla/5.0 AppleWebKit/537.36 (KHTML, like Gecko; compatible; ClaudeBot/1.0; +claudebot@anthropic.com)"
40.77.167.131 - - [21/Apr/2025:13:29:35 -0400] "GET /product/papillar32346868.shtml HTTP/1.1" 301 0 "-" "Mozilla/5.0 AppleWebKit/537.36 (KHTML, like Gecko; compatible; bingbot/2.0; +http://www.bing.com/bingbot.htm) Chrome/116.0.1938.76 Safari/537.36"
52.15.237.212 - - [21/Apr/2025:13:29:37 -0400] "GET /ad917/?path=%2Fhome%2Fservlmvm%2F..%2F..%2Fusr%2Fshare%2Flibtool%2F..%2Flocale%2Fbra%2F..%2Ffo%2F..%2Fja%2F..%2Fms HTTP/1.1" 200 1583 "-" "Mozilla/5.0 AppleWebKit/537.36 (KHTML, like Gecko; compatible; ClaudeBot/1.0; +claudebot@anthropic.com)"
52.15.237.212 - - [21/Apr/2025:13:29:40 -0400] "GET /ad917/?path=%2Fhome%2Fservlmvm%2F..%2F..%2Fusr%2Fshare%2Faclocal%2F..%2Flocale%2Flam%2F..%2Fur%2F..%2Fbn%2F..%2Frw HTTP/1.1" 200 1552 "-" "Mozilla/5.0 AppleWebKit/537.36 (KHTML, like Gecko; compatible; ClaudeBot/1.0; +claudebot@anthropic.com)"
52.15.237.212 - - [21/Apr/2025:13:29:43 -0400] "GET /ad917/?path=%2Fhome%2Fservlmvm%2F..%2F..%2Fusr%2Fshare%2Flibtool%2F..%2Flocale%2Fbra%2F..%2Ffo%2F..%2Fja%2F..%2Fqu HTTP/1.1" 200 1554 "-" "Mozilla/5.0 AppleWebKit/537.36 (KHTML, like Gecko; compatible; ClaudeBot/1.0; +claudebot@anthropic.com)"
52.15.237.212 - - [21/Apr/2025:13:29:46 -0400] "GET /ad917/?path=%2Fhome%2Fservlmvm%2F..%2F..%2Fusr%2Fshare%2Faclocal%2F..%2Flocale%2Flam%2F..%2Fur%2F..%2Fbn%2F..%2Fte HTTP/1.1" 200 1547 "-" "Mozilla/5.0 AppleWebKit/537.36 (KHTML, like Gecko; compatible; ClaudeBot/1.0; +claudebot@anthropic.com)"
52.15.237.212 - - [21/Apr/2025:13:29:49 -0400] "GET /ad917/?path=%2Fhome%2Fservlmvm%2F..%2F..%2Fusr%2Fshare%2Flibtool%2F..%2Flocale%2Fgsw%2F..%2Fvo%2F..%2Fro%2F..%2Fgl HTTP/1.1" 200 1581 "-" "Mozilla/5.0 AppleWebKit/537.36 (KHTML, like Gecko; compatible; ClaudeBot/1.0; +claudebot@anthropic.com)"
52.15.237.212 - - [21/Apr/2025:13:29:52 -0400] "GET /ad917/?path=%2Fhome%2Fservlmvm%2F..%2F..%2Fusr%2Fshare%2Faclocal%2F..%2Flocale%2Fhai%2F..%2Fpa%2F..%2Fho%2F..%2Fpi HTTP/1.1" 200 1550 "-" "Mozilla/5.0 AppleWebKit/537.36 (KHTML, like Gecko; compatible; ClaudeBot/1.0; +claudebot@anthropic.com)"
52.15.237.212 - - [21/Apr/2025:13:29:55 -0400] "GET /ad917/?path=%2Fhome%2Fservlmvm%2F..%2F..%2Fusr%2Fshare%2Flibtool%2F..%2Flocale%2Fady%2F..%2Ffo%2F..%2Fmg%2F..%2Ffo HTTP/1.1" 200 1546 "-" "Mozilla/5.0 AppleWebKit/537.36 (KHTML, like Gecko; compatible; ClaudeBot/1.0; +claudebot@anthropic.com)"
52.15.237.212 - - [21/Apr/2025:13:29:58 -0400] "GET /ad917/?path=%2Fhome%2Fservlmvm%2F..%2F..%2Fusr%2Fshare%2Flibtool%2F..%2Flocale%2Fbra%2F..%2Ffo%2F..%2Fja%2F..%2Fwa HTTP/1.1" 200 1553 "-" "Mozilla/5.0 AppleWebKit/537.36 (KHTML, like Gecko; compatible; ClaudeBot/1.0; +claudebot@anthropic.com)"
52.15.237.212 - - [21/Apr/2025:13:30:01 -0400] "GET /ad917/?path=%2Fhome%2Fservlmvm%2F..%2F..%2Fusr%2Fshare%2Faclocal%2F..%2Flocale%2Fhai%2F..%2Fpa%2F..%2Ffy%2F..%2Fur HTTP/1.1" 200 1551 "-" "Mozilla/5.0 AppleWebKit/537.36 (KHTML, like Gecko; compatible; ClaudeBot/1.0; +claudebot@anthropic.com)"
198.54.116.86 - - [21/Apr/2025:13:30:28 -0400] "POST /wp-cron.php?doing_wp_cron=1745256628.6331059932708740234375 HTTP/1.1" 200 0 "-" "WordPress/6.8; https://servethepeopleinc.org"
40.77.167.131 - - [21/Apr/2025:13:30:28 -0400] "GET /shopbrand13852486.shtml HTTP/1.1" 301 0 "-" "Mozilla/5.0 AppleWebKit/537.36 (KHTML, like Gecko; compatible; bingbot/2.0; +http://www.bing.com/bingbot.htm) Chrome/116.0.1938.76 Safari/537.36"
40.77.167.79 - - [21/Apr/2025:13:30:28 -0400] "GET /info27083810.shtml HTTP/1.1" 404 16944 "-" "Mozilla/5.0 AppleWebKit/537.36 (KHTML, like Gecko; compatible; bingbot/2.0; +http://www.bing.com/bingbot.htm) Chrome/116.0.1938.76 Safari/537.36"
198.54.116.86 - - [21/Apr/2025:13:30:28 -0400] "POST /wp-admin/admin-ajax.php?action=async_litespeed&nonce=75ulnXnOV3yCHUHSX2LAtt9kipNbre0O&litespeed_type=imgoptm HTTP/1.1" 200 21 "-" "WordPress/6.8; https://servethepeopleinc.org"
52.167.144.187 - - [21/Apr/2025:13:30:42 -0400] "GET /detail59784458.shtml HTTP/1.1" 404 16941 "-" "Mozilla/5.0 AppleWebKit/537.36 (KHTML, like Gecko; compatible; bingbot/2.0; +http://www.bing.com/bingbot.htm) Chrome/116.0.1938.76 Safari/537.36"
40.77.167.131 - - [21/Apr/2025:13:30:46 -0400] "GET /info/68518712.shtml HTTP/1.1" 301 0 "-" "Mozilla/5.0 AppleWebKit/537.36 (KHTML, like Gecko; compatible; bingbot/2.0; +http://www.bing.com/bingbot.htm) Chrome/116.0.1938.76 Safari/537.36"
40.77.167.79 - - [21/Apr/2025:13:30:56 -0400] "GET /item/45308840.shtml HTTP/1.1" 404 16941 "-" "Mozilla/5.0 AppleWebKit/537.36 (KHTML, like Gecko; compatible; bingbot/2.0; +http://www.bing.com/bingbot.htm) Chrome/116.0.1938.76 Safari/537.36"
18.217.251.235 - - [21/Apr/2025:13:31:04 -0400] "GET /robots.txt HTTP/1.1" 200 101 "-" "Mozilla/5.0 AppleWebKit/537.36 (KHTML, like Gecko; compatible; ClaudeBot/1.0; +claudebot@anthropic.com)"
18.217.251.235 - - [21/Apr/2025:13:31:04 -0400] "GET /ad917/?path=%2Fhome%2Fservlmvm%2F..%2F..%2Fusr%2Fshare%2Flibtool%2F..%2Flocale%2Fbra%2F..%2Fua%2F..%2Fel%2F..%2F.. HTTP/1.1" 200 2737 "-" "Mozilla/5.0 AppleWebKit/537.36 (KHTML, like Gecko; compatible; ClaudeBot/1.0; +claudebot@anthropic.com)"
18.217.251.235 - - [21/Apr/2025:13:31:07 -0400] "GET /ad917/?path=%2Fhome%2Fservlmvm%2F..%2F..%2Fusr%2Fshare%2Faclocal%2F..%2Flocale%2Fwen%2F..%2Fch%2F..%2Fzh%2F..%2Fkw HTTP/1.1" 200 1550 "-" "Mozilla/5.0 AppleWebKit/537.36 (KHTML, like Gecko; compatible; ClaudeBot/1.0; +claudebot@anthropic.com)"
18.217.251.235 - - [21/Apr/2025:13:31:10 -0400] "GET /ad917/?path=%2Fhome%2Fservlmvm%2F..%2F..%2Fusr%2Fshare%2Faclocal%2F..%2Flocale%2Fhai%2F..%2Fpa%2F..%2Ffy%2F..%2Fks HTTP/1.1" 200 1550 "-" "Mozilla/5.0 AppleWebKit/537.36 (KHTML, like Gecko; compatible; ClaudeBot/1.0; +claudebot@anthropic.com)"
198.54.116.86 - - [21/Apr/2025:13:31:10 -0400] "POST /wp-cron.php?doing_wp_cron=1745256670.8815529346466064453125 HTTP/1.1" 200 0 "-" "WordPress/6.8; https://servethepeopleinc.org"
66.249.65.169 - - [21/Apr/2025:13:31:10 -0400] "GET /entity/71895814.shtml HTTP/1.1" 404 16941 "-" "Mozilla/5.0 (Linux; Android 6.0.1; Nexus 5X Build/MMB29P) AppleWebKit/537.36 (KHTML, like Gecko) Chrome/135.0.7049.95 Mobile Safari/537.36 (compatible; GoogleOther)"
198.54.116.86 - - [21/Apr/2025:13:31:11 -0400] "POST /wp-admin/admin-ajax.php?action=async_litespeed&nonce=74BQNOhQyiop6AvP49X1zDM5MUqs1S4c&litespeed_type=imgoptm HTTP/1.1" 200 21 "-" "WordPress/6.8; https://servethepeopleinc.org"
18.217.251.235 - - [21/Apr/2025:13:31:13 -0400] "GET /ad917/?path=%2Fhome%2Fservlmvm%2F..%2F..%2Fusr%2Fshare%2Flibtool%2F..%2Flocale%2Fgsw%2F..%2Fvo%2F..%2Fti%2F..%2Ftg HTTP/1.1" 200 1548 "-" "Mozilla/5.0 AppleWebKit/537.36 (KHTML, like Gecko; compatible; ClaudeBot/1.0; +claudebot@anthropic.com)"
18.217.251.235 - - [21/Apr/2025:13:31:16 -0400] "GET /ad917/?path=%2Fhome%2Fservlmvm%2F..%2F..%2Fusr%2Fshare%2Flibtool%2F..%2Flocale%2Fbra%2F..%2Ffo%2F..%2Fja%2F..%2Fas HTTP/1.1" 200 1550 "-" "Mozilla/5.0 AppleWebKit/537.36 (KHTML, like Gecko; compatible; ClaudeBot/1.0; +claudebot@anthropic.com)"
18.217.251.235 - - [21/Apr/2025:13:31:19 -0400] "GET /ad917/?path=%2Fhome%2Fservlmvm%2F..%2F..%2Fusr%2Fshare%2Flibtool%2F..%2Flocale%2Fhit%2F..%2Fbs%2F..%2Fbg%2F..%2Fna HTTP/1.1" 200 1547 "-" "Mozilla/5.0 AppleWebKit/537.36 (KHTML, like Gecko; compatible; ClaudeBot/1.0; +claudebot@anthropic.com)"
18.217.251.235 - - [21/Apr/2025:13:31:22 -0400] "GET /ad917/?path=%2Fhome%2Fservlmvm%2F..%2F..%2Fusr%2Fshare%2Flibtool%2F..%2Flocale%2Fbra%2F..%2Ffo%2F..%2Fab%2F..%2Fco HTTP/1.1" 200 1547 "-" "Mozilla/5.0 AppleWebKit/537.36 (KHTML, like Gecko; compatible; ClaudeBot/1.0; +claudebot@anthropic.com)"
18.217.251.235 - - [21/Apr/2025:13:31:25 -0400] "GET /ad917/?path=%2Fhome%2Fservlmvm%2F..%2F..%2Fusr%2Fshare%2Faclocal%2F..%2Flocale%2Flam%2F..%2Fur%2F..%2Fht%2F..%2Fbh HTTP/1.1" 200 1548 "-" "Mozilla/5.0 AppleWebKit/537.36 (KHTML, like Gecko; compatible; ClaudeBot/1.0; +claudebot@anthropic.com)"
18.217.251.235 - - [21/Apr/2025:13:31:28 -0400] "GET /ad917/?path=%2Fhome%2Fservlmvm%2F..%2F..%2Fusr%2Fshare%2Faclocal%2F..%2Flocale%2Fhai%2F..%2Fpa%2F..%2Fho%2F..%2Flu HTTP/1.1" 200 1547 "-" "Mozilla/5.0 AppleWebKit/537.36 (KHTML, like Gecko; compatible; ClaudeBot/1.0; +claudebot@anthropic.com)"
18.217.251.235 - - [21/Apr/2025:13:31:31 -0400] "GET /ad917/?path=%2Fhome%2Fservlmvm%2F..%2F..%2Fusr%2Fshare%2Faclocal%2F..%2Flocale%2Flam%2F..%2Fur%2F..%2Fbn%2F..%2Ftt HTTP/1.1" 200 1548 "-" "Mozilla/5.0 AppleWebKit/537.36 (KHTML, like Gecko; compatible; ClaudeBot/1.0; +claudebot@anthropic.com)"
18.217.251.235 - - [21/Apr/2025:13:31:34 -0400] "GET /ad917/?path=%2Fhome%2Fservlmvm%2F..%2F..%2Fusr%2Fshare%2Flibtool%2F..%2Flocale%2Fgsw%2F..%2Fvo%2F..%2Fro%2F..%2Flu HTTP/1.1" 200 1549 "-" "Mozilla/5.0 AppleWebKit/537.36 (KHTML, like Gecko; compatible; ClaudeBot/1.0; +claudebot@anthropic.com)"
18.217.251.235 - - [21/Apr/2025:13:31:37 -0400] "GET /ad917/?path=%2Fhome%2Fservlmvm%2F..%2F..%2Fusr%2Fshare%2Faclocal%2F..%2Flocale%2Flam%2F..%2Fur%2F..%2Fht%2F..%2Fkn HTTP/1.1" 200 1547 "-" "Mozilla/5.0 AppleWebKit/537.36 (KHTML, like Gecko; compatible; ClaudeBot/1.0; +claudebot@anthropic.com)"
18.217.251.235 - - [21/Apr/2025:13:31:40 -0400] "GET /ad917/?path=%2Fhome%2Fservlmvm%2F..%2F..%2Fusr%2Fshare%2Flibtool%2F..%2Flocale%2Fhit%2F..%2Fbs%2F..%2Fbg%2F..%2Fha HTTP/1.1" 200 1547 "-" "Mozilla/5.0 AppleWebKit/537.36 (KHTML, like Gecko; compatible; ClaudeBot/1.0; +claudebot@anthropic.com)"
18.217.251.235 - - [21/Apr/2025:13:31:43 -0400] "GET /ad917/?path=%2Fhome%2Fservlmvm%2F..%2F..%2Fusr%2Fshare%2Faclocal%2F..%2Flocale%2Flam%2F..%2Fur%2F..%2Fzu%2F..%2Fbh HTTP/1.1" 200 1550 "-" "Mozilla/5.0 AppleWebKit/537.36 (KHTML, like Gecko; compatible; ClaudeBot/1.0; +claudebot@anthropic.com)"
18.217.251.235 - - [21/Apr/2025:13:31:46 -0400] "GET /ad917/?path=%2Fhome%2Fservlmvm%2F..%2F..%2Fusr%2Fshare%2Flibtool%2F..%2Flocale%2Fgsw%2F..%2Fvo%2F..%2Fro%2F..%2Fce HTTP/1.1" 200 1548 "-" "Mozilla/5.0 AppleWebKit/537.36 (KHTML, like Gecko; compatible; ClaudeBot/1.0; +claudebot@anthropic.com)"
18.217.251.235 - - [21/Apr/2025:13:31:49 -0400] "GET /ad917/?path=%2Fhome%2Fservlmvm%2F..%2F..%2Fusr%2Fshare%2Flibtool%2F..%2Flocale%2Fgoh%2F..%2Fca%2F..%2Fmg%2F..%2Fmy HTTP/1.1" 200 1551 "-" "Mozilla/5.0 AppleWebKit/537.36 (KHTML, like Gecko; compatible; ClaudeBot/1.0; +claudebot@anthropic.com)"
198.54.116.86 - - [21/Apr/2025:13:31:49 -0400] "POST /wp-cron.php?doing_wp_cron=1745256709.9680600166320800781250 HTTP/1.1" 200 0 "-" "WordPress/6.8; https://servethepeopleinc.org"
52.167.144.209 - - [21/Apr/2025:13:31:49 -0400] "GET /detail/noetian/37564658.shtml HTTP/1.1" 404 16953 "-" "Mozilla/5.0 AppleWebKit/537.36 (KHTML, like Gecko; compatible; bingbot/2.0; +http://www.bing.com/bingbot.htm) Chrome/116.0.1938.76 Safari/537.36"
18.217.251.235 - - [21/Apr/2025:13:31:52 -0400] "GET /ad917/?path=%2Fhome%2Fservlmvm%2F..%2F..%2Fusr%2Fshare%2Flibtool%2F..%2Flocale%2Fgsw%2F..%2Fvo%2F..%2Fti%2F..%2Fbs HTTP/1.1" 200 1550 "-" "Mozilla/5.0 AppleWebKit/537.36 (KHTML, like Gecko; compatible; ClaudeBot/1.0; +claudebot@anthropic.com)"
18.217.251.235 - - [21/Apr/2025:13:31:55 -0400] "GET /ad917/?path=%2Fhome%2Fservlmvm%2F..%2F..%2Fusr%2Fshare%2Flibtool%2F..%2Flocale%2Fbra%2F..%2Ffo%2F..%2Fja%2F..%2Fnr HTTP/1.1" 200 1547 "-" "Mozilla/5.0 AppleWebKit/537.36 (KHTML, like Gecko; compatible; ClaudeBot/1.0; +claudebot@anthropic.com)"
18.217.251.235 - - [21/Apr/2025:13:31:58 -0400] "GET /ad917/?path=%2Fhome%2Fservlmvm%2F..%2F..%2Fusr%2Fshare%2Faclocal%2F..%2Flocale%2Fhai%2F..%2Fpa%2F..%2Fbg%2F..%2Fch HTTP/1.1" 200 1549 "-" "Mozilla/5.0 AppleWebKit/537.36 (KHTML, like Gecko; compatible; ClaudeBot/1.0; +claudebot@anthropic.com)"
18.217.251.235 - - [21/Apr/2025:13:32:01 -0400] "GET /ad917/?path=%2Fhome%2Fservlmvm%2F..%2F..%2Fusr%2Fshare%2Faclocal%2F..%2Flocale%2Flam%2F..%2Fur%2F..%2Fzu%2F..%2Fty HTTP/1.1" 200 1549 "-" "Mozilla/5.0 AppleWebKit/537.36 (KHTML, like Gecko; compatible; ClaudeBot/1.0; +claudebot@anthropic.com)"
18.217.251.235 - - [21/Apr/2025:13:32:04 -0400] "GET /ad917/?path=%2Fhome%2Fservlmvm%2F..%2F..%2Fusr%2Fshare%2Faclocal%2F..%2Flocale%2Fwen%2F..%2Fch%2F..%2Fzh%2F..%2Fhi HTTP/1.1" 200 1548 "-" "Mozilla/5.0 AppleWebKit/537.36 (KHTML, like Gecko; compatible; ClaudeBot/1.0; +claudebot@anthropic.com)"
18.217.251.235 - - [21/Apr/2025:13:32:07 -0400] "GET /ad917/?path=%2Fhome%2Fservlmvm%2F..%2F..%2Fusr%2Fshare%2Flibtool%2F..%2Flocale%2Fbra%2F..%2Fua%2F..%2Fel%2F..%2Fvi HTTP/1.1" 200 1575 "-" "Mozilla/5.0 AppleWebKit/537.36 (KHTML, like Gecko; compatible; ClaudeBot/1.0; +claudebot@anthropic.com)"
18.217.251.235 - - [21/Apr/2025:13:32:10 -0400] "GET /ad917/?path=%2Fhome%2Fservlmvm%2F..%2F..%2Fusr%2Fshare%2Faclocal%2F..%2Flocale%2Flam%2F..%2Fur%2F..%2Fbn%2F..%2Fga HTTP/1.1" 200 1574 "-" "Mozilla/5.0 AppleWebKit/537.36 (KHTML, like Gecko; compatible; ClaudeBot/1.0; +claudebot@anthropic.com)"
18.217.251.235 - - [21/Apr/2025:13:32:13 -0400] "GET /ad917/?path=%2Fhome%2Fservlmvm%2F..%2F..%2Fusr%2Fshare%2Faclocal%2F..%2Flocale%2Fhai%2F..%2Fpa%2F..%2Fbg%2F..%2Fan HTTP/1.1" 200 1549 "-" "Mozilla/5.0 AppleWebKit/537.36 (KHTML, like Gecko; compatible; ClaudeBot/1.0; +claudebot@anthropic.com)"
198.54.116.86 - - [21/Apr/2025:13:32:15 -0400] "POST /wp-cron.php?doing_wp_cron=1745256735.5281050205230712890625 HTTP/1.1" 200 0 "-" "WordPress/6.8; https://servethepeopleinc.org"
66.249.65.168 - - [21/Apr/2025:13:32:15 -0400] "GET /products/p/hairsbreadth/85033196.shtml HTTP/1.1" 404 16952 "-" "Mozilla/5.0 (Linux; Android 6.0.1; Nexus 5X Build/MMB29P) AppleWebKit/537.36 (KHTML, like Gecko) Chrome/135.0.7049.95 Mobile Safari/537.36 (compatible; Googlebot/2.1; +http://www.google.com/bot.html)"
198.54.116.86 - - [21/Apr/2025:13:32:15 -0400] "POST /wp-admin/admin-ajax.php?action=async_litespeed&nonce=aiJwrJjFI1d27Jl5WaAEFyCXJt8HF6uM&litespeed_type=imgoptm HTTP/1.1" 200 21 "-" "WordPress/6.8; https://servethepeopleinc.org"
18.217.251.235 - - [21/Apr/2025:13:32:16 -0400] "GET /ad917/?path=%2Fhome%2Fservlmvm%2F..%2F..%2Fusr%2Fshare%2Faclocal%2F..%2Flocale%2Fhai%2F..%2Fpa%2F..%2Ffy%2F..%2Fcy HTTP/1.1" 200 1549 "-" "Mozilla/5.0 AppleWebKit/537.36 (KHTML, like Gecko; compatible; ClaudeBot/1.0; +claudebot@anthropic.com)"
198.54.116.86 - - [21/Apr/2025:13:32:18 -0400] "POST /wp-cron.php?doing_wp_cron=1745256738.2480940818786621093750 HTTP/1.1" 200 0 "-" "WordPress/6.8; https://servethepeopleinc.org"
66.249.65.169 - - [21/Apr/2025:13:32:18 -0400] "GET /item/laq/concessionary/9665308.shtml HTTP/1.1" 404 16952 "-" "Mozilla/5.0 (Linux; Android 6.0.1; Nexus 5X Build/MMB29P) AppleWebKit/537.36 (KHTML, like Gecko) Chrome/135.0.7049.95 Mobile Safari/537.36 (compatible; GoogleOther)"
18.217.251.235 - - [21/Apr/2025:13:32:19 -0400] "GET /ad917/?path=%2Fhome%2Fservlmvm%2F..%2F..%2Fusr%2Fshare%2Flibtool%2F..%2Flocale%2Fhit%2F..%2Fbs%2F..%2Fbg%2F..%2Fie HTTP/1.1" 200 1544 "-" "Mozilla/5.0 AppleWebKit/537.36 (KHTML, like Gecko; compatible; ClaudeBot/1.0; +claudebot@anthropic.com)"
18.217.251.235 - - [21/Apr/2025:13:32:22 -0400] "GET /ad917/?path=%2Fhome%2Fservlmvm%2F..%2F..%2Fusr%2Fshare%2Flibtool%2F..%2Flocale%2Fgoh%2F..%2Fca%2F..%2Fmg%2F..%2Fsu HTTP/1.1" 200 1552 "-" "Mozilla/5.0 AppleWebKit/537.36 (KHTML, like Gecko; compatible; ClaudeBot/1.0; +claudebot@anthropic.com)"
18.217.251.235 - - [21/Apr/2025:13:32:25 -0400] "GET /ad917/?path=%2Fhome%2Fservlmvm%2F..%2F..%2Fusr%2Fshare%2Flibtool%2F..%2Flocale%2Fady%2F..%2Ffo%2F..%2Fmg%2F..%2Fos HTTP/1.1" 200 1551 "-" "Mozilla/5.0 AppleWebKit/537.36 (KHTML, like Gecko; compatible; ClaudeBot/1.0; +claudebot@anthropic.com)"
18.217.251.235 - - [21/Apr/2025:13:32:28 -0400] "GET /ad917/?path=%2Fhome%2Fservlmvm%2F..%2F..%2Fusr%2Fshare%2Faclocal%2F..%2Flocale%2Ffrr%2F..%2Fel%2F..%2Fuk%2F..%2Fve HTTP/1.1" 200 1543 "-" "Mozilla/5.0 AppleWebKit/537.36 (KHTML, like Gecko; compatible; ClaudeBot/1.0; +claudebot@anthropic.com)"
52.167.144.209 - - [21/Apr/2025:13:32:29 -0400] "GET /entity/4833974.shtml HTTP/1.1" 404 16941 "-" "Mozilla/5.0 AppleWebKit/537.36 (KHTML, like Gecko; compatible; bingbot/2.0; +http://www.bing.com/bingbot.htm) Chrome/116.0.1938.76 Safari/537.36"
18.217.251.235 - - [21/Apr/2025:13:32:31 -0400] "GET /ad917/?path=%2Fhome%2Fservlmvm%2F..%2F..%2Fusr%2Fshare%2Flibtool%2F..%2Flocale%2Fbra%2F..%2Ffo%2F..%2Fab%2F..%2Fmh HTTP/1.1" 200 1550 "-" "Mozilla/5.0 AppleWebKit/537.36 (KHTML, like Gecko; compatible; ClaudeBot/1.0; +claudebot@anthropic.com)"
18.217.251.235 - - [21/Apr/2025:13:32:34 -0400] "GET /ad917/?path=%2Fhome%2Fservlmvm%2F..%2F..%2Fusr%2Fshare%2Faclocal%2F..%2Flocale%2Ffrr%2F..%2Fel%2F..%2Fcv%2F..%2Fsa HTTP/1.1" 200 1548 "-" "Mozilla/5.0 AppleWebKit/537.36 (KHTML, like Gecko; compatible; ClaudeBot/1.0; +claudebot@anthropic.com)"
18.217.251.235 - - [21/Apr/2025:13:32:37 -0400] "GET /ad917/?path=%2Fhome%2Fservlmvm%2F..%2F..%2Fusr%2Fshare%2Flibtool%2F..%2Flocale%2Fady%2F..%2Ffo%2F..%2Fmg%2F..%2Fla HTTP/1.1" 200 1549 "-" "Mozilla/5.0 AppleWebKit/537.36 (KHTML, like Gecko; compatible; ClaudeBot/1.0; +claudebot@anthropic.com)"
18.217.251.235 - - [21/Apr/2025:13:32:40 -0400] "GET /ad917/?path=%2Fhome%2Fservlmvm%2F..%2F..%2Fusr%2Fshare%2Faclocal%2F..%2Flocale%2Flam%2F..%2Fur%2F..%2Fzu%2F..%2Fkk HTTP/1.1" 200 1576 "-" "Mozilla/5.0 AppleWebKit/537.36 (KHTML, like Gecko; compatible; ClaudeBot/1.0; +claudebot@anthropic.com)"
