52.167.144.231 - - [21/Apr/2025:09:30:35 -0400] "GET /products/consanguineal107502906.shtml HTTP/1.1" 404 16942 "-" "Mozilla/5.0 AppleWebKit/537.36 (KHTML, like Gecko; compatible; bingbot/2.0; +http://www.bing.com/bingbot.htm) Chrome/116.0.1938.76 Safari/537.36"
111.172.249.49 - - [21/Apr/2025:09:30:36 -0400] "GET / HTTP/1.1" 301 0 "http://www.servethepeopleinc.org" "Mozilla/5.0 (iPhone; CPU iPhone OS 13_2_3 like Mac OS X) AppleWebKit/605.1.15 (KHTML, like Gecko) Version/13.0.3 Mobile/15E148 Safari/604.1"
3.136.17.154 - - [21/Apr/2025:09:30:38 -0400] "GET /ad917/?path=%2Fhome%2F..%2Flib64%2Fbind9-export%2F..%2Flibtomcrypt.so.1 HTTP/1.1" 200 955 "-" "Mozilla/5.0 AppleWebKit/537.36 (KHTML, like Gecko; compatible; ClaudeBot/1.0; +claudebot@anthropic.com)"
3.136.17.154 - - [21/Apr/2025:09:30:38 -0400] "GET /ad917/?path=%2Fhome%2F..%2Flib64%2Fbind9-export%2F..%2Fc++-plesk-10.3.0 HTTP/1.1" 200 1215 "-" "Mozilla/5.0 AppleWebKit/537.36 (KHTML, like Gecko; compatible; ClaudeBot/1.0; +claudebot@anthropic.com)"
3.136.17.154 - - [21/Apr/2025:09:30:38 -0400] "GET /ad917/?path=%2Fhome%2F..%2Flib64%2Fbind9-export%2F..%2FlibXaw7.so.7.0.0 HTTP/1.1" 200 956 "-" "Mozilla/5.0 AppleWebKit/537.36 (KHTML, like Gecko; compatible; ClaudeBot/1.0; +claudebot@anthropic.com)"
3.136.17.154 - - [21/Apr/2025:09:30:38 -0400] "GET /ad917/?path=%2Fhome%2F..%2Flib64%2Fbind9-export%2F..%2Flibopus.so.0.6.1 HTTP/1.1" 200 954 "-" "Mozilla/5.0 AppleWebKit/537.36 (KHTML, like Gecko; compatible; ClaudeBot/1.0; +claudebot@anthropic.com)"
3.136.17.154 - - [21/Apr/2025:09:30:38 -0400] "GET /ad917/?path=%2Fhome%2F..%2Flib64%2Fbind9-export%2F..%2FlibIex-2_2.so.12 HTTP/1.1" 200 958 "-" "Mozilla/5.0 AppleWebKit/537.36 (KHTML, like Gecko; compatible; ClaudeBot/1.0; +claudebot@anthropic.com)"
3.136.17.154 - - [21/Apr/2025:09:30:39 -0400] "GET /ad917/?path=%2Fhome%2F..%2Flib64%2Fbind9-export%2F..%2Flibnpth.so.0.1.1 HTTP/1.1" 200 955 "-" "Mozilla/5.0 AppleWebKit/537.36 (KHTML, like Gecko; compatible; ClaudeBot/1.0; +claudebot@anthropic.com)"
3.136.17.154 - - [21/Apr/2025:09:30:39 -0400] "GET /ad917/?path=%2Fhome%2F..%2Flib64%2Fbind9-export%2F..%2Flibisccfg.so.163 HTTP/1.1" 200 955 "-" "Mozilla/5.0 AppleWebKit/537.36 (KHTML, like Gecko; compatible; ClaudeBot/1.0; +claudebot@anthropic.com)"
3.136.17.154 - - [21/Apr/2025:09:30:39 -0400] "GET /ad917/?path=%2Fhome%2F..%2Flib64%2Fbind9-export%2F..%2FlibXinerama.so.1 HTTP/1.1" 200 956 "-" "Mozilla/5.0 AppleWebKit/537.36 (KHTML, like Gecko; compatible; ClaudeBot/1.0; +claudebot@anthropic.com)"
3.136.17.154 - - [21/Apr/2025:09:30:39 -0400] "GET /ad917/?path=%2Fhome%2F..%2Flib64%2Fgtk-2.0%2F..%2FlibQt5Quick.so.5.15.3 HTTP/1.1" 200 959 "-" "Mozilla/5.0 AppleWebKit/537.36 (KHTML, like Gecko; compatible; ClaudeBot/1.0; +claudebot@anthropic.com)"
3.136.17.154 - - [21/Apr/2025:09:30:39 -0400] "GET /ad917/?path=%2Fhome%2F..%2Flib64%2Flibuser%2F..%2F.libgnutls.so.30.hmac HTTP/1.1" 200 1012 "-" "Mozilla/5.0 AppleWebKit/537.36 (KHTML, like Gecko; compatible; ClaudeBot/1.0; +claudebot@anthropic.com)"
3.136.17.154 - - [21/Apr/2025:09:30:39 -0400] "GET /ad917/?path=%2Fhome%2F..%2Flib64%2Fxtables%2F..%2FlibQt5Network.so.5.15 HTTP/1.1" 200 956 "-" "Mozilla/5.0 AppleWebKit/537.36 (KHTML, like Gecko; compatible; ClaudeBot/1.0; +claudebot@anthropic.com)"
52.167.144.231 - - [21/Apr/2025:09:30:45 -0400] "GET /detail/astounded114709304.shtml HTTP/1.1" 404 16945 "-" "Mozilla/5.0 AppleWebKit/537.36 (KHTML, like Gecko; compatible; bingbot/2.0; +http://www.bing.com/bingbot.htm) Chrome/116.0.1938.76 Safari/537.36"
40.77.167.150 - - [21/Apr/2025:09:30:57 -0400] "GET /products/adsorptive/61749340.shtml HTTP/1.1" 404 16952 "-" "Mozilla/5.0 AppleWebKit/537.36 (KHTML, like Gecko; compatible; bingbot/2.0; +http://www.bing.com/bingbot.htm) Chrome/116.0.1938.76 Safari/537.36"
52.167.144.231 - - [21/Apr/2025:09:31:04 -0400] "GET /shopbrand28403356.shtml HTTP/1.1" 404 16943 "-" "Mozilla/5.0 AppleWebKit/537.36 (KHTML, like Gecko; compatible; bingbot/2.0; +http://www.bing.com/bingbot.htm) Chrome/116.0.1938.76 Safari/537.36"
198.54.116.86 - - [21/Apr/2025:09:31:14 -0400] "POST /wp-cron.php?doing_wp_cron=1745242274.8103790283203125000000 HTTP/1.1" 200 0 "-" "WordPress/6.8; https://servethepeopleinc.org"
66.249.65.168 - - [21/Apr/2025:09:31:14 -0400] "GET /shopping/spagyrist20343518.shtml HTTP/1.1" 404 16942 "-" "Mozilla/5.0 (Linux; Android 6.0.1; Nexus 5X Build/MMB29P) AppleWebKit/537.36 (KHTML, like Gecko) Chrome/135.0.7049.95 Mobile Safari/537.36 (compatible; Googlebot/2.1; +http://www.google.com/bot.html)"
198.54.116.86 - - [21/Apr/2025:09:31:15 -0400] "POST /wp-admin/admin-ajax.php?action=async_litespeed&nonce=woJr6ucNd6UM1wdELdM3deeusBWvSyzm&litespeed_type=imgoptm HTTP/1.1" 200 21 "-" "WordPress/6.8; https://servethepeopleinc.org"
198.54.116.86 - - [21/Apr/2025:09:31:30 -0400] "POST /wp-cron.php?doing_wp_cron=1745242290.4732720851898193359375 HTTP/1.1" 200 0 "-" "WordPress/6.8; https://servethepeopleinc.org"
52.167.144.158 - - [21/Apr/2025:09:31:30 -0400] "GET /goodscode/x/quadrupling22040340.shtml HTTP/1.1" 301 0 "-" "Mozilla/5.0 AppleWebKit/537.36 (KHTML, like Gecko; compatible; bingbot/2.0; +http://www.bing.com/bingbot.htm) Chrome/116.0.1938.76 Safari/537.36"
52.167.144.231 - - [21/Apr/2025:09:31:53 -0400] "GET /shopbrand/60335704.shtml HTTP/1.1" 404 16942 "-" "Mozilla/5.0 AppleWebKit/537.36 (KHTML, like Gecko; compatible; bingbot/2.0; +http://www.bing.com/bingbot.htm) Chrome/116.0.1938.76 Safari/537.36"
198.54.116.86 - - [21/Apr/2025:09:32:25 -0400] "POST /wp-cron.php?doing_wp_cron=1745242344.9984149932861328125000 HTTP/1.1" 200 0 "-" "WordPress/6.8; https://servethepeopleinc.org"
52.167.144.169 - - [21/Apr/2025:09:32:24 -0400] "GET /goods/diffusiveness88060354.shtml HTTP/1.1" 301 0 "-" "Mozilla/5.0 AppleWebKit/537.36 (KHTML, like Gecko; compatible; bingbot/2.0; +http://www.bing.com/bingbot.htm) Chrome/116.0.1938.76 Safari/537.36"
198.54.116.86 - - [21/Apr/2025:09:32:25 -0400] "POST /wp-admin/admin-ajax.php?action=async_litespeed&nonce=6sbytscji3ndzlYvtm7Q21a7R7u5BvVP&litespeed_type=imgoptm HTTP/1.1" 200 21 "-" "WordPress/6.8; https://servethepeopleinc.org"
40.77.167.17 - - [21/Apr/2025:09:32:29 -0400] "GET /detail/hyptiotes42911752.shtml HTTP/1.1" 404 16942 "-" "Mozilla/5.0 AppleWebKit/537.36 (KHTML, like Gecko; compatible; bingbot/2.0; +http://www.bing.com/bingbot.htm) Chrome/116.0.1938.76 Safari/537.36"
40.77.167.150 - - [21/Apr/2025:09:32:34 -0400] "GET /product/sagittal15857898.shtml HTTP/1.1" 404 16942 "-" "Mozilla/5.0 AppleWebKit/537.36 (KHTML, like Gecko; compatible; bingbot/2.0; +http://www.bing.com/bingbot.htm) Chrome/116.0.1938.76 Safari/537.36"
52.167.144.169 - - [21/Apr/2025:09:32:36 -0400] "GET /goodscode/accumulation45334506.shtml HTTP/1.1" 301 0 "-" "Mozilla/5.0 AppleWebKit/537.36 (KHTML, like Gecko; compatible; bingbot/2.0; +http://www.bing.com/bingbot.htm) Chrome/116.0.1938.76 Safari/537.36"
40.77.167.150 - - [21/Apr/2025:09:32:38 -0400] "GET /item/pm/empight68496960.shtml HTTP/1.1" 404 16951 "-" "Mozilla/5.0 AppleWebKit/537.36 (KHTML, like Gecko; compatible; bingbot/2.0; +http://www.bing.com/bingbot.htm) Chrome/116.0.1938.76 Safari/537.36"
40.77.167.150 - - [21/Apr/2025:09:32:46 -0400] "GET /info57666736.shtml HTTP/1.1" 404 16942 "-" "Mozilla/5.0 AppleWebKit/537.36 (KHTML, like Gecko; compatible; bingbot/2.0; +http://www.bing.com/bingbot.htm) Chrome/116.0.1938.76 Safari/537.36"
52.167.144.162 - - [21/Apr/2025:09:32:52 -0400] "GET /special/66812806.shtml HTTP/1.1" 404 16943 "-" "Mozilla/5.0 AppleWebKit/537.36 (KHTML, like Gecko; compatible; bingbot/2.0; +http://www.bing.com/bingbot.htm) Chrome/116.0.1938.76 Safari/537.36"
52.167.144.158 - - [21/Apr/2025:09:32:59 -0400] "GET /items/103289944.shtml HTTP/1.1" 301 0 "-" "Mozilla/5.0 AppleWebKit/537.36 (KHTML, like Gecko; compatible; bingbot/2.0; +http://www.bing.com/bingbot.htm) Chrome/116.0.1938.76 Safari/537.36"
198.54.116.86 - - [21/Apr/2025:09:33:59 -0400] "POST /wp-cron.php?doing_wp_cron=1745242439.2839739322662353515625 HTTP/1.1" 200 0 "-" "WordPress/6.8; https://servethepeopleinc.org"
66.249.65.169 - - [21/Apr/2025:09:33:59 -0400] "GET /items/p/taurid4778776.shtml HTTP/1.1" 404 16954 "-" "Mozilla/5.0 (Linux; Android 6.0.1; Nexus 5X Build/MMB29P) AppleWebKit/537.36 (KHTML, like Gecko) Chrome/135.0.7049.95 Mobile Safari/537.36 (compatible; GoogleOther)"
198.54.116.86 - - [21/Apr/2025:09:33:59 -0400] "POST /wp-admin/admin-ajax.php?action=async_litespeed&nonce=a5o0ehqMdZFBeAt0HNNHwwFYLkfdVPyv&litespeed_type=imgoptm HTTP/1.1" 200 21 "-" "WordPress/6.8; https://servethepeopleinc.org"
198.54.116.86 - - [21/Apr/2025:09:34:31 -0400] "POST /wp-cron.php?doing_wp_cron=1745242471.0728480815887451171875 HTTP/1.1" 200 0 "-" "WordPress/6.8; https://servethepeopleinc.org"
40.77.167.17 - - [21/Apr/2025:09:34:30 -0400] "GET /detail93523668.shtml HTTP/1.1" 404 16945 "-" "Mozilla/5.0 AppleWebKit/537.36 (KHTML, like Gecko; compatible; bingbot/2.0; +http://www.bing.com/bingbot.htm) Chrome/116.0.1938.76 Safari/537.36"
198.54.116.86 - - [21/Apr/2025:09:34:31 -0400] "POST /wp-admin/admin-ajax.php?action=async_litespeed&nonce=hqdx14Y8v8YulfhoX9XAiE3hf6bH7y9k&litespeed_type=imgoptm HTTP/1.1" 200 21 "-" "WordPress/6.8; https://servethepeopleinc.org"
52.167.144.203 - - [21/Apr/2025:09:34:34 -0400] "GET /products/28824516.shtml HTTP/1.1" 301 0 "-" "Mozilla/5.0 AppleWebKit/537.36 (KHTML, like Gecko; compatible; bingbot/2.0; +http://www.bing.com/bingbot.htm) Chrome/116.0.1938.76 Safari/537.36"
198.54.116.86 - - [21/Apr/2025:09:35:10 -0400] "POST /wp-cron.php?doing_wp_cron=1745242510.0606570243835449218750 HTTP/1.1" 200 0 "-" "WordPress/6.8; https://servethepeopleinc.org"
40.77.167.56 - - [21/Apr/2025:09:37:47 -0400] "GET /detail/28686126.shtml HTTP/1.1" 404 16942 "-" "Mozilla/5.0 AppleWebKit/537.36 (KHTML, like Gecko; compatible; bingbot/2.0; +http://www.bing.com/bingbot.htm) Chrome/116.0.1938.76 Safari/537.36"
40.77.167.243 - - [21/Apr/2025:09:38:06 -0400] "GET /product/teeming61751030.shtml HTTP/1.1" 301 0 "-" "Mozilla/5.0 AppleWebKit/537.36 (KHTML, like Gecko; compatible; bingbot/2.0; +http://www.bing.com/bingbot.htm) Chrome/116.0.1938.76 Safari/537.36"
52.167.144.162 - - [21/Apr/2025:09:38:06 -0400] "GET /detail/ew/fluxion34819222.shtml HTTP/1.1" 404 16951 "-" "Mozilla/5.0 AppleWebKit/537.36 (KHTML, like Gecko; compatible; bingbot/2.0; +http://www.bing.com/bingbot.htm) Chrome/116.0.1938.76 Safari/537.36"
198.54.116.86 - - [21/Apr/2025:09:38:08 -0400] "POST /wp-cron.php?doing_wp_cron=1745242688.9043040275573730468750 HTTP/1.1" 200 0 "-" "WordPress/6.8; https://servethepeopleinc.org"
40.77.167.243 - - [21/Apr/2025:09:38:08 -0400] "GET /info/68340326.shtml HTTP/1.1" 301 0 "-" "Mozilla/5.0 AppleWebKit/537.36 (KHTML, like Gecko; compatible; bingbot/2.0; +http://www.bing.com/bingbot.htm) Chrome/116.0.1938.76 Safari/537.36"
198.54.116.86 - - [21/Apr/2025:09:38:09 -0400] "POST /wp-admin/admin-ajax.php?action=async_litespeed&nonce=exyZVBrLNvHxYekSe5TbqTsNsYxRlAD7&litespeed_type=imgoptm HTTP/1.1" 200 21 "-" "WordPress/6.8; https://servethepeopleinc.org"
40.77.167.243 - - [21/Apr/2025:09:38:12 -0400] "GET /goods85305154.shtml HTTP/1.1" 301 0 "-" "Mozilla/5.0 AppleWebKit/537.36 (KHTML, like Gecko; compatible; bingbot/2.0; +http://www.bing.com/bingbot.htm) Chrome/116.0.1938.76 Safari/537.36"
198.54.116.86 - - [21/Apr/2025:09:38:35 -0400] "POST /wp-cron.php?doing_wp_cron=1745242715.5373630523681640625000 HTTP/1.1" 200 0 "-" "WordPress/6.8; https://servethepeopleinc.org"
40.77.167.243 - - [21/Apr/2025:09:38:35 -0400] "GET /product/shrug/ HTTP/1.1" 301 0 "-" "Mozilla/5.0 AppleWebKit/537.36 (KHTML, like Gecko; compatible; bingbot/2.0; +http://www.bing.com/bingbot.htm) Chrome/116.0.1938.76 Safari/537.36"
198.54.116.86 - - [21/Apr/2025:09:39:16 -0400] "POST /wp-cron.php?doing_wp_cron=1745242756.1645090579986572265625 HTTP/1.1" 200 0 "-" "WordPress/6.8; https://servethepeopleinc.org"
66.249.65.170 - - [21/Apr/2025:09:39:15 -0400] "GET /shopdetail122081110.shtml HTTP/1.1" 404 16943 "-" "Mozilla/5.0 (Linux; Android 6.0.1; Nexus 5X Build/MMB29P) AppleWebKit/537.36 (KHTML, like Gecko) Chrome/135.0.7049.95 Mobile Safari/537.36 (compatible; Googlebot/2.1; +http://www.google.com/bot.html)"
198.54.116.86 - - [21/Apr/2025:09:39:16 -0400] "POST /wp-admin/admin-ajax.php?action=async_litespeed&nonce=UAH6kzp0hB40G4Bd3XBButDv8FvobuPb&litespeed_type=imgoptm HTTP/1.1" 200 21 "-" "WordPress/6.8; https://servethepeopleinc.org"
40.77.167.69 - - [21/Apr/2025:09:39:29 -0400] "GET /goodscode/f/theophilanthropism/96954076.shtml HTTP/1.1" 301 0 "-" "Mozilla/5.0 AppleWebKit/537.36 (KHTML, like Gecko; compatible; bingbot/2.0; +http://www.bing.com/bingbot.htm) Chrome/116.0.1938.76 Safari/537.36"
66.249.65.170 - - [21/Apr/2025:09:40:01 -0400] "GET /products/la/orthopedist577668.shtml HTTP/1.1" 404 16952 "-" "Mozilla/5.0 (Linux; Android 6.0.1; Nexus 5X Build/MMB29P) AppleWebKit/537.36 (KHTML, like Gecko) Chrome/135.0.7049.95 Mobile Safari/537.36 (compatible; Googlebot/2.1; +http://www.google.com/bot.html)"
198.54.116.86 - - [21/Apr/2025:09:40:25 -0400] "POST /wp-cron.php?doing_wp_cron=1745242824.9936931133270263671875 HTTP/1.1" 200 0 "-" "WordPress/6.8; https://servethepeopleinc.org"
52.167.144.162 - - [21/Apr/2025:09:40:24 -0400] "GET /goods42027952.shtml HTTP/1.1" 404 16942 "-" "Mozilla/5.0 AppleWebKit/537.36 (KHTML, like Gecko; compatible; bingbot/2.0; +http://www.bing.com/bingbot.htm) Chrome/116.0.1938.76 Safari/537.36"
198.54.116.86 - - [21/Apr/2025:09:40:25 -0400] "POST /wp-admin/admin-ajax.php?action=async_litespeed&nonce=gueRRRu2IKRmfMTWIngxnHXtF8lKdsYZ&litespeed_type=imgoptm HTTP/1.1" 200 21 "-" "WordPress/6.8; https://servethepeopleinc.org"
52.167.144.158 - - [21/Apr/2025:09:35:09 -0400] "GET /shopbrand/29917906.shtml HTTP/1.1" 301 0 "-" "Mozilla/5.0 AppleWebKit/537.36 (KHTML, like Gecko; compatible; bingbot/2.0; +http://www.bing.com/bingbot.htm) Chrome/116.0.1938.76 Safari/537.36"
198.54.116.86 - - [21/Apr/2025:09:35:10 -0400] "POST /wp-admin/admin-ajax.php?action=async_litespeed&nonce=1BRhX8Tm2UI9fN7TILcET9X4IZLpDLkk&litespeed_type=imgoptm HTTP/1.1" 200 21 "-" "WordPress/6.8; https://servethepeopleinc.org"
40.77.167.56 - - [21/Apr/2025:09:35:15 -0400] "GET /shopping/20371386.shtml HTTP/1.1" 404 16943 "-" "Mozilla/5.0 AppleWebKit/537.36 (KHTML, like Gecko; compatible; bingbot/2.0; +http://www.bing.com/bingbot.htm) Chrome/116.0.1938.76 Safari/537.36"
198.54.116.86 - - [21/Apr/2025:09:35:25 -0400] "POST /wp-cron.php?doing_wp_cron=1745242525.7447099685668945312500 HTTP/1.1" 200 0 "-" "WordPress/6.8; https://servethepeopleinc.org"
52.167.144.162 - - [21/Apr/2025:09:35:25 -0400] "GET /shopbrand/7569744.shtml HTTP/1.1" 404 16942 "-" "Mozilla/5.0 AppleWebKit/537.36 (KHTML, like Gecko; compatible; bingbot/2.0; +http://www.bing.com/bingbot.htm) Chrome/116.0.1938.76 Safari/537.36"
198.54.116.86 - - [21/Apr/2025:09:36:21 -0400] "POST /wp-cron.php?doing_wp_cron=1745242581.1007170677185058593750 HTTP/1.1" 200 0 "-" "WordPress/6.8; https://servethepeopleinc.org"
66.249.65.169 - - [21/Apr/2025:09:36:20 -0400] "GET /special119101332.shtml HTTP/1.1" 404 16942 "-" "Mozilla/5.0 (Linux; Android 6.0.1; Nexus 5X Build/MMB29P) AppleWebKit/537.36 (KHTML, like Gecko) Chrome/135.0.7049.95 Mobile Safari/537.36 (compatible; Googlebot/2.1; +http://www.google.com/bot.html)"
198.54.116.86 - - [21/Apr/2025:09:36:21 -0400] "POST /wp-admin/admin-ajax.php?action=async_litespeed&nonce=98QSsx1kGQZ6xzj5ytELcHSBvaE9gtkw&litespeed_type=imgoptm HTTP/1.1" 200 21 "-" "WordPress/6.8; https://servethepeopleinc.org"
40.77.167.56 - - [21/Apr/2025:09:36:46 -0400] "GET /item97079720.shtml HTTP/1.1" 404 16941 "-" "Mozilla/5.0 AppleWebKit/537.36 (KHTML, like Gecko; compatible; bingbot/2.0; +http://www.bing.com/bingbot.htm) Chrome/116.0.1938.76 Safari/537.36"
40.77.167.56 - - [21/Apr/2025:09:36:50 -0400] "GET /detail/77418700.shtml HTTP/1.1" 404 16942 "-" "Mozilla/5.0 AppleWebKit/537.36 (KHTML, like Gecko; compatible; bingbot/2.0; +http://www.bing.com/bingbot.htm) Chrome/116.0.1938.76 Safari/537.36"
198.54.116.86 - - [21/Apr/2025:09:37:10 -0400] "POST /wp-cron.php?doing_wp_cron=1745242630.8780920505523681640625 HTTP/1.1" 200 0 "-" "WordPress/6.8; https://servethepeopleinc.org"
52.167.144.158 - - [21/Apr/2025:09:37:10 -0400] "GET /special/v/curacy85248572.shtml HTTP/1.1" 301 0 "-" "Mozilla/5.0 AppleWebKit/537.36 (KHTML, like Gecko; compatible; bingbot/2.0; +http://www.bing.com/bingbot.htm) Chrome/116.0.1938.76 Safari/537.36"
198.54.116.86 - - [21/Apr/2025:09:37:11 -0400] "POST /wp-admin/admin-ajax.php?action=async_litespeed&nonce=G5lsGqfEnOcUYxSNtmSInWBTtPZnx3tq&litespeed_type=imgoptm HTTP/1.1" 200 21 "-" "WordPress/6.8; https://servethepeopleinc.org"
52.167.144.188 - - [21/Apr/2025:09:37:14 -0400] "GET /items/j/dartos/28832008.shtml HTTP/1.1" 301 0 "-" "Mozilla/5.0 AppleWebKit/537.36 (KHTML, like Gecko; compatible; bingbot/2.0; +http://www.bing.com/bingbot.htm) Chrome/116.0.1938.76 Safari/537.36"
198.54.116.86 - - [21/Apr/2025:09:37:17 -0400] "POST /wp-cron.php?doing_wp_cron=1745242637.1721370220184326171875 HTTP/1.1" 200 0 "-" "WordPress/6.8; https://servethepeopleinc.org"
40.77.167.56 - - [21/Apr/2025:09:37:17 -0400] "GET /info/mk/conjoining120303518.shtml HTTP/1.1" 404 16951 "-" "Mozilla/5.0 AppleWebKit/537.36 (KHTML, like Gecko; compatible; bingbot/2.0; +http://www.bing.com/bingbot.htm) Chrome/116.0.1938.76 Safari/537.36"
40.77.167.243 - - [21/Apr/2025:09:40:25 -0400] "GET /item51322850.shtml HTTP/1.1" 301 0 "-" "Mozilla/5.0 AppleWebKit/537.36 (KHTML, like Gecko; compatible; bingbot/2.0; +http://www.bing.com/bingbot.htm) Chrome/116.0.1938.76 Safari/537.36"
198.54.116.86 - - [21/Apr/2025:09:41:20 -0400] "POST /wp-cron.php?doing_wp_cron=1745242880.6556138992309570312500 HTTP/1.1" 200 0 "-" "WordPress/6.8; https://servethepeopleinc.org"
40.77.167.69 - - [21/Apr/2025:09:41:20 -0400] "GET /product/85152412.shtml HTTP/1.1" 301 0 "-" "Mozilla/5.0 AppleWebKit/537.36 (KHTML, like Gecko; compatible; bingbot/2.0; +http://www.bing.com/bingbot.htm) Chrome/116.0.1938.76 Safari/537.36"
198.54.116.86 - - [21/Apr/2025:09:41:20 -0400] "POST /wp-admin/admin-ajax.php?action=async_litespeed&nonce=xn8NX61HDMswzlhZX7bv032lEA90K0Bk&litespeed_type=imgoptm HTTP/1.1" 200 21 "-" "WordPress/6.8; https://servethepeopleinc.org"
52.167.144.162 - - [21/Apr/2025:09:41:25 -0400] "GET /goodscode/purchasable101103492.shtml HTTP/1.1" 404 16942 "-" "Mozilla/5.0 AppleWebKit/537.36 (KHTML, like Gecko; compatible; bingbot/2.0; +http://www.bing.com/bingbot.htm) Chrome/116.0.1938.76 Safari/537.36"
66.249.65.170 - - [21/Apr/2025:09:41:30 -0400] "GET /product/ni/umbretta103697576.shtml HTTP/1.1" 404 16951 "-" "Mozilla/5.0 (Linux; Android 6.0.1; Nexus 5X Build/MMB29P) AppleWebKit/537.36 (KHTML, like Gecko) Chrome/135.0.7049.95 Mobile Safari/537.36 (compatible; GoogleOther)"
40.77.167.243 - - [21/Apr/2025:09:41:37 -0400] "GET /item/repudilate63193666.shtml HTTP/1.1" 301 0 "-" "Mozilla/5.0 AppleWebKit/537.36 (KHTML, like Gecko; compatible; bingbot/2.0; +http://www.bing.com/bingbot.htm) Chrome/116.0.1938.76 Safari/537.36"
198.54.116.86 - - [21/Apr/2025:09:42:24 -0400] "POST /wp-cron.php?doing_wp_cron=1745242944.9329850673675537109375 HTTP/1.1" 200 0 "-" "WordPress/6.8; https://servethepeopleinc.org"
52.167.144.162 - - [21/Apr/2025:09:42:24 -0400] "GET /detail/magnifico90139388.shtml HTTP/1.1" 404 16941 "-" "Mozilla/5.0 AppleWebKit/537.36 (KHTML, like Gecko; compatible; bingbot/2.0; +http://www.bing.com/bingbot.htm) Chrome/116.0.1938.76 Safari/537.36"
198.54.116.86 - - [21/Apr/2025:09:42:25 -0400] "POST /wp-admin/admin-ajax.php?action=async_litespeed&nonce=8efeMByTfzDShX4jAFcrC5uD9Vt8pnvl&litespeed_type=imgoptm HTTP/1.1" 200 21 "-" "WordPress/6.8; https://servethepeopleinc.org"
66.249.65.169 - - [21/Apr/2025:09:42:25 -0400] "GET /goods/ycg/bindweed/89267262.shtml HTTP/1.1" 404 16952 "-" "Mozilla/5.0 (compatible; Googlebot/2.1; +http://www.google.com/bot.html)"
40.77.167.56 - - [21/Apr/2025:09:42:47 -0400] "GET /special88280854.shtml HTTP/1.1" 404 16943 "-" "Mozilla/5.0 AppleWebKit/537.36 (KHTML, like Gecko; compatible; bingbot/2.0; +http://www.bing.com/bingbot.htm) Chrome/116.0.1938.76 Safari/537.36"
40.77.167.69 - - [21/Apr/2025:09:42:50 -0400] "GET /products/121594010.shtml HTTP/1.1" 301 0 "-" "Mozilla/5.0 AppleWebKit/537.36 (KHTML, like Gecko; compatible; bingbot/2.0; +http://www.bing.com/bingbot.htm) Chrome/116.0.1938.76 Safari/537.36"
40.77.167.56 - - [21/Apr/2025:09:42:57 -0400] "GET /goodscode/t/pulverous20360740.shtml HTTP/1.1" 404 16950 "-" "Mozilla/5.0 AppleWebKit/537.36 (KHTML, like Gecko; compatible; bingbot/2.0; +http://www.bing.com/bingbot.htm) Chrome/116.0.1938.76 Safari/537.36"
3.147.76.86 - - [21/Apr/2025:09:43:12 -0400] "GET /ad917/?path=%2Fhome%2F..%2Fhome2%2F..%2Flib64%2FlibOpenIPMIcmdlang.so.0 HTTP/1.1" 200 958 "-" "Mozilla/5.0 AppleWebKit/537.36 (KHTML, like Gecko; compatible; ClaudeBot/1.0; +claudebot@anthropic.com)"
3.147.76.86 - - [21/Apr/2025:09:43:12 -0400] "GET /ad917/?path=%2Fhome%2F..%2Fhome6%2F..%2Flib64%2F.libhogweed.so.4.5.hmac HTTP/1.1" 200 1005 "-" "Mozilla/5.0 AppleWebKit/537.36 (KHTML, like Gecko; compatible; ClaudeBot/1.0; +claudebot@anthropic.com)"
3.147.76.86 - - [21/Apr/2025:09:43:12 -0400] "GET /ad917/?path=%2Fhome%2F..%2Flib64%2Frpm-plugins%2F..%2Flibpcreposix.so.0 HTTP/1.1" 200 950 "-" "Mozilla/5.0 AppleWebKit/537.36 (KHTML, like Gecko; compatible; ClaudeBot/1.0; +claudebot@anthropic.com)"
3.147.76.86 - - [21/Apr/2025:09:43:12 -0400] "GET /ad917/?path=%2Fhome%2F..%2Flib64%2Frpm-plugins%2F..%2Flibevdev.so.2.3.0 HTTP/1.1" 200 950 "-" "Mozilla/5.0 AppleWebKit/537.36 (KHTML, like Gecko; compatible; ClaudeBot/1.0; +claudebot@anthropic.com)"
3.147.76.86 - - [21/Apr/2025:09:43:12 -0400] "GET /ad917/?path=%2Fhome%2F..%2Flib64%2Frpm-plugins%2F..%2Fliblab_gamut.so.1 HTTP/1.1" 200 951 "-" "Mozilla/5.0 AppleWebKit/537.36 (KHTML, like Gecko; compatible; ClaudeBot/1.0; +claudebot@anthropic.com)"
3.147.76.86 - - [21/Apr/2025:09:43:13 -0400] "GET /ad917/?path=%2Fhome%2F..%2Flib64%2Frpm-plugins%2F..%2Flibgailutil.so.18 HTTP/1.1" 200 951 "-" "Mozilla/5.0 AppleWebKit/537.36 (KHTML, like Gecko; compatible; ClaudeBot/1.0; +claudebot@anthropic.com)"
3.147.76.86 - - [21/Apr/2025:09:43:13 -0400] "GET /ad917/?path=%2Fhome%2F..%2Fhome1%2F..%2Flib64%2Flibply-boot-client.so.5 HTTP/1.1" 200 954 "-" "Mozilla/5.0 AppleWebKit/537.36 (KHTML, like Gecko; compatible; ClaudeBot/1.0; +claudebot@anthropic.com)"
3.147.76.86 - - [21/Apr/2025:09:43:13 -0400] "GET /ad917/?path=%2Fhome%2F..%2Flib64%2Frpm-plugins%2F..%2Flibfftw3_omp.so.3 HTTP/1.1" 200 952 "-" "Mozilla/5.0 AppleWebKit/537.36 (KHTML, like Gecko; compatible; ClaudeBot/1.0; +claudebot@anthropic.com)"
3.147.76.86 - - [21/Apr/2025:09:43:13 -0400] "GET /ad917/?path=%2Fhome%2F..%2Fhome1%2F..%2Flib64%2FlibOpenIPMIcmdlang.so.0 HTTP/1.1" 200 958 "-" "Mozilla/5.0 AppleWebKit/537.36 (KHTML, like Gecko; compatible; ClaudeBot/1.0; +claudebot@anthropic.com)"
3.147.76.86 - - [21/Apr/2025:09:43:13 -0400] "GET /ad917/?path=%2Fhome%2F..%2Flib64%2Fdovecot%2F..%2Flibgudev-1.0.so.0.2.0 HTTP/1.1" 200 954 "-" "Mozilla/5.0 AppleWebKit/537.36 (KHTML, like Gecko; compatible; ClaudeBot/1.0; +claudebot@anthropic.com)"
3.147.76.86 - - [21/Apr/2025:09:43:14 -0400] "GET /ad917/?path=%2Fhome%2F..%2Flib64%2Fdovecot%2F..%2Flibgstplayer-1.0.so.0 HTTP/1.1" 200 954 "-" "Mozilla/5.0 AppleWebKit/537.36 (KHTML, like Gecko; compatible; ClaudeBot/1.0; +claudebot@anthropic.com)"
3.147.76.86 - - [21/Apr/2025:09:43:14 -0400] "GET /ad917/?path=%2Fhome%2F..%2Flib64%2Frsyslog%2F..%2Flibpwquality.so.1.0.2 HTTP/1.1" 200 953 "-" "Mozilla/5.0 AppleWebKit/537.36 (KHTML, like Gecko; compatible; ClaudeBot/1.0; +claudebot@anthropic.com)"
198.54.116.86 - - [21/Apr/2025:09:44:07 -0400] "POST /wp-cron.php?doing_wp_cron=1745243047.3568038940429687500000 HTTP/1.1" 200 0 "-" "WordPress/6.8; https://servethepeopleinc.org"
40.77.167.56 - - [21/Apr/2025:09:44:07 -0400] "GET /special30054406.shtml HTTP/1.1" 404 16941 "-" "Mozilla/5.0 AppleWebKit/537.36 (KHTML, like Gecko; compatible; bingbot/2.0; +http://www.bing.com/bingbot.htm) Chrome/116.0.1938.76 Safari/537.36"
198.54.116.86 - - [21/Apr/2025:09:44:07 -0400] "POST /wp-admin/admin-ajax.php?action=async_litespeed&nonce=56UplbTBjE4O56m31fmaU7EnCNvSU37x&litespeed_type=imgoptm HTTP/1.1" 200 21 "-" "WordPress/6.8; https://servethepeopleinc.org"
198.54.116.86 - - [21/Apr/2025:09:44:16 -0400] "POST /wp-cron.php?doing_wp_cron=1745243056.4158179759979248046875 HTTP/1.1" 200 0 "-" "WordPress/6.8; https://servethepeopleinc.org"
40.77.167.56 - - [21/Apr/2025:09:44:16 -0400] "GET /entity/72892176.shtml HTTP/1.1" 404 16941 "-" "Mozilla/5.0 AppleWebKit/537.36 (KHTML, like Gecko; compatible; bingbot/2.0; +http://www.bing.com/bingbot.htm) Chrome/116.0.1938.76 Safari/537.36"
52.167.144.179 - - [21/Apr/2025:09:44:26 -0400] "GET /shopbrand/saltate113330846.shtml HTTP/1.1" 404 16941 "-" "Mozilla/5.0 AppleWebKit/537.36 (KHTML, like Gecko; compatible; bingbot/2.0; +http://www.bing.com/bingbot.htm) Chrome/116.0.1938.76 Safari/537.36"
52.167.144.190 - - [21/Apr/2025:09:44:42 -0400] "GET /product/jg/hydrometallurgical/ HTTP/1.1" 404 16951 "-" "Mozilla/5.0 AppleWebKit/537.36 (KHTML, like Gecko; compatible; bingbot/2.0; +http://www.bing.com/bingbot.htm) Chrome/116.0.1938.76 Safari/537.36"
198.54.116.86 - - [21/Apr/2025:09:45:17 -0400] "POST /wp-cron.php?doing_wp_cron=1745243117.4791378974914550781250 HTTP/1.1" 200 0 "-" "WordPress/6.8; https://servethepeopleinc.org"
40.77.167.5 - - [21/Apr/2025:09:46:46 -0400] "GET /shopdetail/p/biziura63885444.shtml HTTP/1.1" 404 16950 "-" "Mozilla/5.0 AppleWebKit/537.36 (KHTML, like Gecko; compatible; bingbot/2.0; +http://www.bing.com/bingbot.htm) Chrome/116.0.1938.76 Safari/537.36"
40.77.167.5 - - [21/Apr/2025:09:46:57 -0400] "GET /shopdetail/retry112447960.shtml HTTP/1.1" 404 16940 "-" "Mozilla/5.0 AppleWebKit/537.36 (KHTML, like Gecko; compatible; bingbot/2.0; +http://www.bing.com/bingbot.htm) Chrome/116.0.1938.76 Safari/537.36"
198.54.116.86 - - [21/Apr/2025:09:47:09 -0400] "POST /wp-cron.php?doing_wp_cron=1745243228.9982089996337890625000 HTTP/1.1" 200 0 "-" "WordPress/6.8; https://servethepeopleinc.org"
40.77.167.5 - - [21/Apr/2025:09:47:08 -0400] "GET /detail101889496.shtml HTTP/1.1" 404 16942 "-" "Mozilla/5.0 AppleWebKit/537.36 (KHTML, like Gecko; compatible; bingbot/2.0; +http://www.bing.com/bingbot.htm) Chrome/116.0.1938.76 Safari/537.36"
198.54.116.86 - - [21/Apr/2025:09:47:09 -0400] "POST /wp-admin/admin-ajax.php?action=async_litespeed&nonce=HfZnSvSHhWRkQrcRleov0G9TAB96aivf&litespeed_type=imgoptm HTTP/1.1" 200 21 "-" "WordPress/6.8; https://servethepeopleinc.org"
40.77.167.56 - - [21/Apr/2025:09:45:17 -0400] "GET /detail/40044564.shtml HTTP/1.1" 404 16940 "-" "Mozilla/5.0 AppleWebKit/537.36 (KHTML, like Gecko; compatible; bingbot/2.0; +http://www.bing.com/bingbot.htm) Chrome/116.0.1938.76 Safari/537.36"
198.54.116.86 - - [21/Apr/2025:09:45:17 -0400] "POST /wp-admin/admin-ajax.php?action=async_litespeed&nonce=XdyW3wYfd7a0fPeAHtTcbhqjN41aM9AA&litespeed_type=imgoptm HTTP/1.1" 200 21 "-" "WordPress/6.8; https://servethepeopleinc.org"
52.167.144.188 - - [21/Apr/2025:09:45:27 -0400] "GET /entity/b/incantation60784748.shtml HTTP/1.1" 301 0 "-" "Mozilla/5.0 AppleWebKit/537.36 (KHTML, like Gecko; compatible; bingbot/2.0; +http://www.bing.com/bingbot.htm) Chrome/116.0.1938.76 Safari/537.36"
52.167.144.179 - - [21/Apr/2025:09:45:44 -0400] "GET /detail/termagant/69667106.shtml HTTP/1.1" 404 16951 "-" "Mozilla/5.0 AppleWebKit/537.36 (KHTML, like Gecko; compatible; bingbot/2.0; +http://www.bing.com/bingbot.htm) Chrome/116.0.1938.76 Safari/537.36"
198.54.116.86 - - [21/Apr/2025:09:46:07 -0400] "POST /wp-cron.php?doing_wp_cron=1745243167.6023099422454833984375 HTTP/1.1" 200 0 "-" "WordPress/6.8; https://servethepeopleinc.org"
40.77.167.6 - - [21/Apr/2025:09:46:07 -0400] "GET /entity/d/deliveries48871048.shtml HTTP/1.1" 301 0 "-" "Mozilla/5.0 AppleWebKit/537.36 (KHTML, like Gecko; compatible; bingbot/2.0; +http://www.bing.com/bingbot.htm) Chrome/116.0.1938.76 Safari/537.36"
198.54.116.86 - - [21/Apr/2025:09:46:07 -0400] "POST /wp-admin/admin-ajax.php?action=async_litespeed&nonce=ZkFcNWJx40zcyPkE3DmEpeIrRnmxJI6s&litespeed_type=imgoptm HTTP/1.1" 200 21 "-" "WordPress/6.8; https://servethepeopleinc.org"
51.222.253.13 - - [21/Apr/2025:09:46:09 -0400] "GET /goodscode/100799260.shtml HTTP/1.1" 404 16941 "-" "Mozilla/5.0 (compatible; AhrefsBot/7.0; +http://ahrefs.com/robot/)"
52.167.144.190 - - [21/Apr/2025:09:46:14 -0400] "GET /shopdetail/norian6305224.shtml HTTP/1.1" 404 16940 "-" "Mozilla/5.0 AppleWebKit/537.36 (KHTML, like Gecko; compatible; bingbot/2.0; +http://www.bing.com/bingbot.htm) Chrome/116.0.1938.76 Safari/537.36"
198.54.116.86 - - [21/Apr/2025:09:46:27 -0400] "POST /wp-cron.php?doing_wp_cron=1745243187.6460540294647216796875 HTTP/1.1" 200 0 "-" "WordPress/6.8; https://servethepeopleinc.org"
52.167.144.179 - - [21/Apr/2025:09:46:27 -0400] "GET /shopbrand/37225588.shtml HTTP/1.1" 404 16943 "-" "Mozilla/5.0 AppleWebKit/537.36 (KHTML, like Gecko; compatible; bingbot/2.0; +http://www.bing.com/bingbot.htm) Chrome/116.0.1938.76 Safari/537.36"
52.167.144.179 - - [21/Apr/2025:09:49:26 -0400] "GET /shopping/37204268.shtml HTTP/1.1" 404 16941 "-" "Mozilla/5.0 AppleWebKit/537.36 (KHTML, like Gecko; compatible; bingbot/2.0; +http://www.bing.com/bingbot.htm) Chrome/116.0.1938.76 Safari/537.36"
40.77.167.6 - - [21/Apr/2025:09:49:48 -0400] "GET /shopbrand/sickerly/108277874.shtml HTTP/1.1" 301 0 "-" "Mozilla/5.0 AppleWebKit/537.36 (KHTML, like Gecko; compatible; bingbot/2.0; +http://www.bing.com/bingbot.htm) Chrome/116.0.1938.76 Safari/537.36"
198.54.116.86 - - [21/Apr/2025:09:50:12 -0400] "POST /wp-cron.php?doing_wp_cron=1745243412.0441548824310302734375 HTTP/1.1" 200 0 "-" "WordPress/6.8; https://servethepeopleinc.org"
52.167.144.190 - - [21/Apr/2025:09:50:11 -0400] "GET /products/clubrush103622400.shtml HTTP/1.1" 404 16944 "-" "Mozilla/5.0 AppleWebKit/537.36 (KHTML, like Gecko; compatible; bingbot/2.0; +http://www.bing.com/bingbot.htm) Chrome/116.0.1938.76 Safari/537.36"
198.54.116.86 - - [21/Apr/2025:09:50:12 -0400] "POST /wp-admin/admin-ajax.php?action=async_litespeed&nonce=Uc2uXjS3tl8HyeghNTOjkGCtV7MMoF7Q&litespeed_type=imgoptm HTTP/1.1" 200 21 "-" "WordPress/6.8; https://servethepeopleinc.org"
66.249.65.168 - - [21/Apr/2025:09:50:15 -0400] "GET /entity/pm/furled4782036.shtml HTTP/1.1" 404 16952 "-" "Mozilla/5.0 (Linux; Android 6.0.1; Nexus 5X Build/MMB29P) AppleWebKit/537.36 (KHTML, like Gecko) Chrome/135.0.7049.95 Mobile Safari/537.36 (compatible; GoogleOther)"
198.54.116.86 - - [21/Apr/2025:09:50:16 -0400] "POST /wp-cron.php?doing_wp_cron=1745243416.2383658885955810546875 HTTP/1.1" 200 0 "-" "WordPress/6.8; https://servethepeopleinc.org"
40.77.167.3 - - [21/Apr/2025:09:50:16 -0400] "GET /items/93935940.shtml HTTP/1.1" 301 0 "-" "Mozilla/5.0 AppleWebKit/537.36 (KHTML, like Gecko; compatible; bingbot/2.0; +http://www.bing.com/bingbot.htm) Chrome/116.0.1938.76 Safari/537.36"
52.167.144.190 - - [21/Apr/2025:09:50:20 -0400] "GET /detail/hq/glooming62887100.shtml HTTP/1.1" 404 16952 "-" "Mozilla/5.0 AppleWebKit/537.36 (KHTML, like Gecko; compatible; bingbot/2.0; +http://www.bing.com/bingbot.htm) Chrome/116.0.1938.76 Safari/537.36"
40.77.167.5 - - [21/Apr/2025:09:50:25 -0400] "GET /product/71470408.shtml HTTP/1.1" 404 16944 "-" "Mozilla/5.0 AppleWebKit/537.36 (KHTML, like Gecko; compatible; bingbot/2.0; +http://www.bing.com/bingbot.htm) Chrome/116.0.1938.76 Safari/537.36"
40.77.167.6 - - [21/Apr/2025:09:50:27 -0400] "GET /shopping/68339354.shtml HTTP/1.1" 301 0 "-" "Mozilla/5.0 AppleWebKit/537.36 (KHTML, like Gecko; compatible; bingbot/2.0; +http://www.bing.com/bingbot.htm) Chrome/116.0.1938.76 Safari/537.36"
52.167.144.190 - - [21/Apr/2025:09:50:40 -0400] "GET /detail54942850.shtml HTTP/1.1" 404 16944 "-" "Mozilla/5.0 AppleWebKit/537.36 (KHTML, like Gecko; compatible; bingbot/2.0; +http://www.bing.com/bingbot.htm) Chrome/116.0.1938.76 Safari/537.36"
198.54.116.86 - - [21/Apr/2025:09:51:07 -0400] "POST /wp-cron.php?doing_wp_cron=1745243467.3547239303588867187500 HTTP/1.1" 200 0 "-" "WordPress/6.8; https://servethepeopleinc.org"
52.167.144.179 - - [21/Apr/2025:09:51:07 -0400] "GET /items32496218.shtml HTTP/1.1" 404 16942 "-" "Mozilla/5.0 AppleWebKit/537.36 (KHTML, like Gecko; compatible; bingbot/2.0; +http://www.bing.com/bingbot.htm) Chrome/116.0.1938.76 Safari/537.36"
198.54.116.86 - - [21/Apr/2025:09:51:07 -0400] "POST /wp-admin/admin-ajax.php?action=async_litespeed&nonce=ZBw1jawBlwMdYua4Ni0HmXQiWKRBocGK&litespeed_type=imgoptm HTTP/1.1" 200 21 "-" "WordPress/6.8; https://servethepeopleinc.org"
198.54.116.86 - - [21/Apr/2025:09:51:28 -0400] "POST /wp-cron.php?doing_wp_cron=1745243488.0393109321594238281250 HTTP/1.1" 200 0 "-" "WordPress/6.8; https://servethepeopleinc.org"
40.77.167.6 - - [21/Apr/2025:09:51:27 -0400] "GET /info2913520.shtml HTTP/1.1" 301 0 "-" "Mozilla/5.0 AppleWebKit/537.36 (KHTML, like Gecko; compatible; bingbot/2.0; +http://www.bing.com/bingbot.htm) Chrome/116.0.1938.76 Safari/537.36"
52.167.144.190 - - [21/Apr/2025:09:47:13 -0400] "GET /shopping/iu/wrack73459874.shtml HTTP/1.1" 404 16953 "-" "Mozilla/5.0 AppleWebKit/537.36 (KHTML, like Gecko; compatible; bingbot/2.0; +http://www.bing.com/bingbot.htm) Chrome/116.0.1938.76 Safari/537.36"
198.54.116.86 - - [21/Apr/2025:09:47:18 -0400] "POST /wp-cron.php?doing_wp_cron=1745243238.8718640804290771484375 HTTP/1.1" 200 0 "-" "WordPress/6.8; https://servethepeopleinc.org"
52.167.144.179 - - [21/Apr/2025:09:47:18 -0400] "GET /items/ko/microphotography60312214.shtml HTTP/1.1" 404 16950 "-" "Mozilla/5.0 AppleWebKit/537.36 (KHTML, like Gecko; compatible; bingbot/2.0; +http://www.bing.com/bingbot.htm) Chrome/116.0.1938.76 Safari/537.36"
40.77.167.5 - - [21/Apr/2025:09:47:37 -0400] "GET /items/a/scoot3544254.shtml HTTP/1.1" 404 16951 "-" "Mozilla/5.0 AppleWebKit/537.36 (KHTML, like Gecko; compatible; bingbot/2.0; +http://www.bing.com/bingbot.htm) Chrome/116.0.1938.76 Safari/537.36"
52.167.144.190 - - [21/Apr/2025:09:47:51 -0400] "GET /special/padow/ HTTP/1.1" 404 16941 "-" "Mozilla/5.0 AppleWebKit/537.36 (KHTML, like Gecko; compatible; bingbot/2.0; +http://www.bing.com/bingbot.htm) Chrome/116.0.1938.76 Safari/537.36"
40.77.167.6 - - [21/Apr/2025:09:47:56 -0400] "GET /goodscode/brw/haquebut58227204.shtml HTTP/1.1" 301 0 "-" "Mozilla/5.0 AppleWebKit/537.36 (KHTML, like Gecko; compatible; bingbot/2.0; +http://www.bing.com/bingbot.htm) Chrome/116.0.1938.76 Safari/537.36"
198.54.116.86 - - [21/Apr/2025:09:48:16 -0400] "POST /wp-cron.php?doing_wp_cron=1745243296.5926969051361083984375 HTTP/1.1" 200 0 "-" "WordPress/6.8; https://servethepeopleinc.org"
40.77.167.3 - - [21/Apr/2025:09:48:16 -0400] "GET /items/disventure50550796.shtml HTTP/1.1" 301 0 "-" "Mozilla/5.0 AppleWebKit/537.36 (KHTML, like Gecko; compatible; bingbot/2.0; +http://www.bing.com/bingbot.htm) Chrome/116.0.1938.76 Safari/537.36"
198.54.116.86 - - [21/Apr/2025:09:48:16 -0400] "POST /wp-admin/admin-ajax.php?action=async_litespeed&nonce=CtZbpTdmEyySFX65P9cA11dwstmWkdjb&litespeed_type=imgoptm HTTP/1.1" 200 21 "-" "WordPress/6.8; https://servethepeopleinc.org"
40.77.167.3 - - [21/Apr/2025:09:48:19 -0400] "GET /special/23130760.shtml HTTP/1.1" 301 0 "-" "Mozilla/5.0 AppleWebKit/537.36 (KHTML, like Gecko; compatible; bingbot/2.0; +http://www.bing.com/bingbot.htm) Chrome/116.0.1938.76 Safari/537.36"
66.249.65.170 - - [21/Apr/2025:09:48:21 -0400] "GET /shopdetail/transelementation69991866.shtml HTTP/1.1" 404 16941 "-" "Mozilla/5.0 (compatible; Googlebot/2.1; +http://www.google.com/bot.html)"
52.167.144.190 - - [21/Apr/2025:09:48:40 -0400] "GET /items/2589766.shtml HTTP/1.1" 404 16941 "-" "Mozilla/5.0 AppleWebKit/537.36 (KHTML, like Gecko; compatible; bingbot/2.0; +http://www.bing.com/bingbot.htm) Chrome/116.0.1938.76 Safari/537.36"
198.54.116.86 - - [21/Apr/2025:09:49:22 -0400] "POST /wp-cron.php?doing_wp_cron=1745243362.5061759948730468750000 HTTP/1.1" 200 0 "-" "WordPress/6.8; https://servethepeopleinc.org"
52.167.144.190 - - [21/Apr/2025:09:49:22 -0400] "GET /goodscode/cookery93528818.shtml HTTP/1.1" 404 16941 "-" "Mozilla/5.0 AppleWebKit/537.36 (KHTML, like Gecko; compatible; bingbot/2.0; +http://www.bing.com/bingbot.htm) Chrome/116.0.1938.76 Safari/537.36"
198.54.116.86 - - [21/Apr/2025:09:49:22 -0400] "POST /wp-admin/admin-ajax.php?action=async_litespeed&nonce=eQxvYubhKP4sBnF6kQT380rrGLGzKkcX&litespeed_type=imgoptm HTTP/1.1" 200 21 "-" "WordPress/6.8; https://servethepeopleinc.org"
52.167.144.190 - - [21/Apr/2025:09:51:40 -0400] "GET /item2526720.shtml HTTP/1.1" 404 16944 "-" "Mozilla/5.0 AppleWebKit/537.36 (KHTML, like Gecko; compatible; bingbot/2.0; +http://www.bing.com/bingbot.htm) Chrome/116.0.1938.76 Safari/537.36"
198.54.116.86 - - [21/Apr/2025:09:52:16 -0400] "POST /wp-cron.php?doing_wp_cron=1745243536.7113580703735351562500 HTTP/1.1" 200 0 "-" "WordPress/6.8; https://servethepeopleinc.org"
40.77.167.3 - - [21/Apr/2025:09:52:16 -0400] "GET /shopdetail/unknight/6861246.shtml HTTP/1.1" 301 0 "-" "Mozilla/5.0 AppleWebKit/537.36 (KHTML, like Gecko; compatible; bingbot/2.0; +http://www.bing.com/bingbot.htm) Chrome/116.0.1938.76 Safari/537.36"
198.54.116.86 - - [21/Apr/2025:09:52:16 -0400] "POST /wp-admin/admin-ajax.php?action=async_litespeed&nonce=RvrOKsY8odIE8cYI3MX5eHkEhr9j0zRm&litespeed_type=imgoptm HTTP/1.1" 200 21 "-" "WordPress/6.8; https://servethepeopleinc.org"
198.54.116.86 - - [21/Apr/2025:09:55:58 -0400] "POST /wp-cron.php?doing_wp_cron=1745243758.8342480659484863281250 HTTP/1.1" 200 0 "-" "WordPress/6.8; https://servethepeopleinc.org"
40.77.167.5 - - [21/Apr/2025:09:55:58 -0400] "GET /goods/fanatic/101827888.shtml HTTP/1.1" 404 16950 "-" "Mozilla/5.0 AppleWebKit/537.36 (KHTML, like Gecko; compatible; bingbot/2.0; +http://www.bing.com/bingbot.htm) Chrome/116.0.1938.76 Safari/537.36"
198.54.116.86 - - [21/Apr/2025:09:55:58 -0400] "POST /wp-admin/admin-ajax.php?action=async_litespeed&nonce=GJSEr6ncnf2mWbrwqLm08qN7oBRPHHlr&litespeed_type=imgoptm HTTP/1.1" 200 21 "-" "WordPress/6.8; https://servethepeopleinc.org"
198.54.116.86 - - [21/Apr/2025:09:56:46 -0400] "POST /wp-cron.php?doing_wp_cron=1745243806.8015079498291015625000 HTTP/1.1" 200 0 "-" "WordPress/6.8; https://servethepeopleinc.org"
52.167.144.211 - - [21/Apr/2025:09:56:46 -0400] "GET /detail83904236.shtml HTTP/1.1" 404 16941 "-" "Mozilla/5.0 AppleWebKit/537.36 (KHTML, like Gecko; compatible; bingbot/2.0; +http://www.bing.com/bingbot.htm) Chrome/116.0.1938.76 Safari/537.36"
198.54.116.86 - - [21/Apr/2025:09:56:46 -0400] "POST /wp-admin/admin-ajax.php?action=async_litespeed&nonce=03CL0JKiCy9faLbYBR6o9opOujeqDQE2&litespeed_type=imgoptm HTTP/1.1" 200 21 "-" "WordPress/6.8; https://servethepeopleinc.org"
52.167.144.211 - - [21/Apr/2025:09:56:49 -0400] "GET /detail/lenticelle76731308.shtml HTTP/1.1" 404 16943 "-" "Mozilla/5.0 AppleWebKit/537.36 (KHTML, like Gecko; compatible; bingbot/2.0; +http://www.bing.com/bingbot.htm) Chrome/116.0.1938.76 Safari/537.36"
3.149.25.222 - - [21/Apr/2025:09:58:00 -0400] "GET /robots.txt HTTP/1.1" 200 101 "-" "Mozilla/5.0 AppleWebKit/537.36 (KHTML, like Gecko; compatible; ClaudeBot/1.0; +claudebot@anthropic.com)"
3.149.25.222 - - [21/Apr/2025:09:58:01 -0400] "GET /ad917/?path=%2Fhome%2Fservlmvm%2F.%2F.%2Flscache%2F.%2Fa%2F.%2F1%2F.%2F0 HTTP/1.1" 200 1533 "-" "Mozilla/5.0 AppleWebKit/537.36 (KHTML, like Gecko; compatible; ClaudeBot/1.0; +claudebot@anthropic.com)"
3.149.25.222 - - [21/Apr/2025:09:58:01 -0400] "GET /ad917/?path=%2Fhome%2Fservlmvm%2F.%2F.%2Flscache%2F.%2Fa%2F.%2F2%2F2%2F. HTTP/1.1" 200 1762 "-" "Mozilla/5.0 AppleWebKit/537.36 (KHTML, like Gecko; compatible; ClaudeBot/1.0; +claudebot@anthropic.com)"
3.149.25.222 - - [21/Apr/2025:09:58:01 -0400] "GET /ad917/?path=%2Fhome%2Fservlmvm%2F.%2F.%2Flscache%2F.%2Fa%2F.%2F.%2F0%2Fb HTTP/1.1" 200 1669 "-" "Mozilla/5.0 AppleWebKit/537.36 (KHTML, like Gecko; compatible; ClaudeBot/1.0; +claudebot@anthropic.com)"
3.149.25.222 - - [21/Apr/2025:09:58:01 -0400] "GET /ad917/?path=%2Fhome%2F..%2F.%2Flib64%2Fgstreamer-1.0%2F..%2Flibtspi.so.1 HTTP/1.1" 200 960 "-" "Mozilla/5.0 AppleWebKit/537.36 (KHTML, like Gecko; compatible; ClaudeBot/1.0; +claudebot@anthropic.com)"
3.149.25.222 - - [21/Apr/2025:09:58:01 -0400] "GET /ad917/?path=%2Fhome%2Fservlmvm%2F.%2F.%2Flscache%2F.%2Fa%2F.%2F.%2F0%2F2 HTTP/1.1" 200 1762 "-" "Mozilla/5.0 AppleWebKit/537.36 (KHTML, like Gecko; compatible; ClaudeBot/1.0; +claudebot@anthropic.com)"
3.149.25.222 - - [21/Apr/2025:09:58:01 -0400] "GET /ad917/?path=%2Fhome%2F..%2Fhome4%2F..%2Flib64%2Fpkgconfig%2Flibtiff-4.pc HTTP/1.1" 200 1105 "-" "Mozilla/5.0 AppleWebKit/537.36 (KHTML, like Gecko; compatible; ClaudeBot/1.0; +claudebot@anthropic.com)"
3.149.25.222 - - [21/Apr/2025:09:58:01 -0400] "GET /ad917/?path=%2Fhome%2F..%2Fhome1%2F..%2Flib64%2Fpython3.6%2Ftraceback.py HTTP/1.1" 200 7602 "-" "Mozilla/5.0 AppleWebKit/537.36 (KHTML, like Gecko; compatible; ClaudeBot/1.0; +claudebot@anthropic.com)"
3.149.25.222 - - [21/Apr/2025:09:58:01 -0400] "GET /ad917/?path=%2Fhome%2F..%2F.%2Flib64%2Fgstreamer-1.0%2F..%2Flibksba.so.8 HTTP/1.1" 200 959 "-" "Mozilla/5.0 AppleWebKit/537.36 (KHTML, like Gecko; compatible; ClaudeBot/1.0; +claudebot@anthropic.com)"
3.149.25.222 - - [21/Apr/2025:09:58:01 -0400] "GET /ad917/?path=%2Fhome%2F..%2Fhome2%2F..%2Flib64%2Fpython3.6%2Fposixpath.py HTTP/1.1" 200 6234 "-" "Mozilla/5.0 AppleWebKit/537.36 (KHTML, like Gecko; compatible; ClaudeBot/1.0; +claudebot@anthropic.com)"
3.149.25.222 - - [21/Apr/2025:09:58:01 -0400] "GET /ad917/?path=%2Fhome%2F..%2F.%2Flib64%2Fopen-vm-tools%2F..%2Flibcurl.so.4 HTTP/1.1" 200 959 "-" "Mozilla/5.0 AppleWebKit/537.36 (KHTML, like Gecko; compatible; ClaudeBot/1.0; +claudebot@anthropic.com)"
198.54.116.86 - - [21/Apr/2025:09:58:18 -0400] "POST /wp-cron.php?doing_wp_cron=1745243898.3761761188507080078125 HTTP/1.1" 200 0 "-" "WordPress/6.8; https://servethepeopleinc.org"
40.77.167.4 - - [21/Apr/2025:09:58:18 -0400] "GET /product/columbidae/94097472.shtml HTTP/1.1" 404 16951 "-" "Mozilla/5.0 AppleWebKit/537.36 (KHTML, like Gecko; compatible; bingbot/2.0; +http://www.bing.com/bingbot.htm) Chrome/116.0.1938.76 Safari/537.36"
198.54.116.86 - - [21/Apr/2025:09:58:18 -0400] "POST /wp-admin/admin-ajax.php?action=async_litespeed&nonce=EZetMy9RH40dPTfm2anKR5DAI1AHmMol&litespeed_type=imgoptm HTTP/1.1" 200 21 "-" "WordPress/6.8; https://servethepeopleinc.org"
3.149.25.222 - - [21/Apr/2025:09:58:30 -0400] "GET /ad917/?path=%2Fhome%2F..%2F.%2Flib64%2Fopen-vm-tools%2F..%2FlibXmuu.so.1 HTTP/1.1" 200 961 "-" "Mozilla/5.0 AppleWebKit/537.36 (KHTML, like Gecko; compatible; ClaudeBot/1.0; +claudebot@anthropic.com)"
3.149.25.222 - - [21/Apr/2025:09:58:31 -0400] "GET /ad917/?path=%2Fhome%2F..%2F.%2Flib64%2Fopen-vm-tools%2F..%2Ftd-agent-bit HTTP/1.1" 200 1523 "-" "Mozilla/5.0 AppleWebKit/537.36 (KHTML, like Gecko; compatible; ClaudeBot/1.0; +claudebot@anthropic.com)"
3.149.25.222 - - [21/Apr/2025:09:58:31 -0400] "GET /ad917/?path=%2Fhome%2F..%2F.%2Flib64%2Fopen-vm-tools%2F..%2Flibjasper.so HTTP/1.1" 200 959 "-" "Mozilla/5.0 AppleWebKit/537.36 (KHTML, like Gecko; compatible; ClaudeBot/1.0; +claudebot@anthropic.com)"
3.149.25.222 - - [21/Apr/2025:09:58:31 -0400] "GET /ad917/?path=%2Fhome%2F..%2Flib64%2Fxtables%2F..%2Fxtables%2Flibxt_TOS.so HTTP/1.1" 200 962 "-" "Mozilla/5.0 AppleWebKit/537.36 (KHTML, like Gecko; compatible; ClaudeBot/1.0; +claudebot@anthropic.com)"
3.149.25.222 - - [21/Apr/2025:09:58:31 -0400] "GET /ad917/?path=%2Fhome%2F..%2F.%2Flib64%2Fopen-vm-tools%2F..%2Flibteam.so.5 HTTP/1.1" 200 960 "-" "Mozilla/5.0 AppleWebKit/537.36 (KHTML, like Gecko; compatible; ClaudeBot/1.0; +claudebot@anthropic.com)"
3.149.25.222 - - [21/Apr/2025:09:58:32 -0400] "GET /ad917/?path=%2Fhome%2Fservlmvm%2F..%2F.%2F.%2F..%2Fvar%2Ftmp%2F..%2Fbin HTTP/1.1" 200 14975 "-" "Mozilla/5.0 AppleWebKit/537.36 (KHTML, like Gecko; compatible; ClaudeBot/1.0; +claudebot@anthropic.com)"
3.149.25.222 - - [21/Apr/2025:09:58:32 -0400] "GET /ad917/?path=%2Fhome%2Fservlmvm%2Flogs%2F..%2F.cphorde%2F..%2Flscache%2Fc HTTP/1.1" 200 1633 "-" "Mozilla/5.0 AppleWebKit/537.36 (KHTML, like Gecko; compatible; ClaudeBot/1.0; +claudebot@anthropic.com)"
3.149.25.222 - - [21/Apr/2025:09:58:32 -0400] "GET /ad917/?path=%2Fhome%2Fservlmvm%2Fwww%2F..%2Fpublic_ftp%2F..%2F.trash%2F. HTTP/1.1" 200 1457 "-" "Mozilla/5.0 AppleWebKit/537.36 (KHTML, like Gecko; compatible; ClaudeBot/1.0; +claudebot@anthropic.com)"
3.149.25.222 - - [21/Apr/2025:09:58:33 -0400] "GET /ad917/?path=%2Fhome%2Fservlmvm%2F.%2Flscache%2Fa%2F..%2Fd%2F5%2F..%2F.. HTTP/1.1" 200 1762 "-" "Mozilla/5.0 AppleWebKit/537.36 (KHTML, like Gecko; compatible; ClaudeBot/1.0; +claudebot@anthropic.com)"
3.149.25.222 - - [21/Apr/2025:09:58:33 -0400] "GET /ad917/?path=%2Fhome%2Fservlmvm%2F.%2Flscache%2F3%2Ff%2F..%2Fe%2F..%2F.. HTTP/1.1" 200 1770 "-" "Mozilla/5.0 AppleWebKit/537.36 (KHTML, like Gecko; compatible; ClaudeBot/1.0; +claudebot@anthropic.com)"
3.149.25.222 - - [21/Apr/2025:09:58:33 -0400] "GET /ad917/?path=%2Fhome%2F..%2Fhome1%2F..%2Flib64%2Flibgstbadaudio-1.0.so.0 HTTP/1.1" 200 956 "-" "Mozilla/5.0 AppleWebKit/537.36 (KHTML, like Gecko; compatible; ClaudeBot/1.0; +claudebot@anthropic.com)"
52.167.144.150 - - [21/Apr/2025:09:58:47 -0400] "GET /detail68406182.shtml HTTP/1.1" 301 0 "-" "Mozilla/5.0 AppleWebKit/537.36 (KHTML, like Gecko; compatible; bingbot/2.0; +http://www.bing.com/bingbot.htm) Chrome/116.0.1938.76 Safari/537.36"
198.54.116.86 - - [21/Apr/2025:09:53:18 -0400] "POST /wp-cron.php?doing_wp_cron=1745243598.1498799324035644531250 HTTP/1.1" 200 0 "-" "WordPress/6.8; https://servethepeopleinc.org"
40.77.167.5 - - [21/Apr/2025:09:53:17 -0400] "GET /product114658382.shtml HTTP/1.1" 404 16942 "-" "Mozilla/5.0 AppleWebKit/537.36 (KHTML, like Gecko; compatible; bingbot/2.0; +http://www.bing.com/bingbot.htm) Chrome/116.0.1938.76 Safari/537.36"
198.54.116.86 - - [21/Apr/2025:09:53:18 -0400] "POST /wp-admin/admin-ajax.php?action=async_litespeed&nonce=sZAuahltEQDyuNAKYMgtUk3TLUn8Zhdc&litespeed_type=imgoptm HTTP/1.1" 200 21 "-" "WordPress/6.8; https://servethepeopleinc.org"
52.167.144.141 - - [21/Apr/2025:09:53:22 -0400] "GET /shopping/19797368.shtml HTTP/1.1" 404 16942 "-" "Mozilla/5.0 AppleWebKit/537.36 (KHTML, like Gecko; compatible; bingbot/2.0; +http://www.bing.com/bingbot.htm) Chrome/116.0.1938.76 Safari/537.36"
40.77.167.3 - - [21/Apr/2025:09:53:35 -0400] "GET /product/51321590.shtml HTTP/1.1" 301 0 "-" "Mozilla/5.0 AppleWebKit/537.36 (KHTML, like Gecko; compatible; bingbot/2.0; +http://www.bing.com/bingbot.htm) Chrome/116.0.1938.76 Safari/537.36"
40.77.167.3 - - [21/Apr/2025:09:53:46 -0400] "GET /entity/quadragene74647188.shtml HTTP/1.1" 301 0 "-" "Mozilla/5.0 AppleWebKit/537.36 (KHTML, like Gecko; compatible; bingbot/2.0; +http://www.bing.com/bingbot.htm) Chrome/116.0.1938.76 Safari/537.36"
40.77.167.3 - - [21/Apr/2025:09:53:50 -0400] "GET /items32329832.shtml HTTP/1.1" 301 0 "-" "Mozilla/5.0 AppleWebKit/537.36 (KHTML, like Gecko; compatible; bingbot/2.0; +http://www.bing.com/bingbot.htm) Chrome/116.0.1938.76 Safari/537.36"
198.54.116.86 - - [21/Apr/2025:09:54:20 -0400] "POST /wp-cron.php?doing_wp_cron=1745243660.8744549751281738281250 HTTP/1.1" 200 0 "-" "WordPress/6.8; https://servethepeopleinc.org"
52.167.144.141 - - [21/Apr/2025:09:54:20 -0400] "GET /items/gratingly59009392.shtml HTTP/1.1" 404 16944 "-" "Mozilla/5.0 AppleWebKit/537.36 (KHTML, like Gecko; compatible; bingbot/2.0; +http://www.bing.com/bingbot.htm) Chrome/116.0.1938.76 Safari/537.36"
198.54.116.86 - - [21/Apr/2025:09:54:21 -0400] "POST /wp-admin/admin-ajax.php?action=async_litespeed&nonce=gqmlRvvwcP5QSO1b4GgEX65V1bUBYpM8&litespeed_type=imgoptm HTTP/1.1" 200 21 "-" "WordPress/6.8; https://servethepeopleinc.org"
185.189.114.123 - - [21/Apr/2025:09:54:41 -0400] "GET / HTTP/1.0" 200 134645 "https://servethepeopleinc.org/" "Mozilla/5.0 (Windows NT 10.0; Win64; x64) AppleWebKit/537.36 (KHTML, like Gecko) Chrome/130.0.0.0 Safari/537.36"
185.189.114.123 - - [21/Apr/2025:09:54:43 -0400] "GET /contact-us/ HTTP/1.0" 200 104106 "https://servethepeopleinc.org/contact-us/" "Mozilla/5.0 (Windows NT 10.0; Win64; x64) AppleWebKit/537.36 (KHTML, like Gecko) Chrome/130.0.0.0 Safari/537.36"
185.189.114.123 - - [21/Apr/2025:09:54:45 -0400] "POST /contact-us/ HTTP/1.0" 200 92652 "https://servethepeopleinc.org/contact-us/" "Mozilla/5.0 (Windows NT 10.0; Win64; x64) AppleWebKit/537.36 (KHTML, like Gecko) Chrome/130.0.0.0 Safari/537.36"
40.77.167.5 - - [21/Apr/2025:09:54:58 -0400] "GET /detail/n/evinced97698048.shtml HTTP/1.1" 404 16951 "-" "Mozilla/5.0 AppleWebKit/537.36 (KHTML, like Gecko; compatible; bingbot/2.0; +http://www.bing.com/bingbot.htm) Chrome/116.0.1938.76 Safari/537.36"
52.167.144.141 - - [21/Apr/2025:09:55:03 -0400] "GET /info24136286.shtml HTTP/1.1" 404 16942 "-" "Mozilla/5.0 AppleWebKit/537.36 (KHTML, like Gecko; compatible; bingbot/2.0; +http://www.bing.com/bingbot.htm) Chrome/116.0.1938.76 Safari/537.36"
52.167.144.211 - - [21/Apr/2025:09:58:48 -0400] "GET /shopbrand26332384.shtml HTTP/1.1" 404 16941 "-" "Mozilla/5.0 AppleWebKit/537.36 (KHTML, like Gecko; compatible; bingbot/2.0; +http://www.bing.com/bingbot.htm) Chrome/116.0.1938.76 Safari/537.36"
52.167.144.211 - - [21/Apr/2025:09:58:58 -0400] "GET /goodscode/oc/collegiate117996270.shtml HTTP/1.1" 404 16951 "-" "Mozilla/5.0 AppleWebKit/537.36 (KHTML, like Gecko; compatible; bingbot/2.0; +http://www.bing.com/bingbot.htm) Chrome/116.0.1938.76 Safari/537.36"
3.149.25.222 - - [21/Apr/2025:09:59:03 -0400] "GET /ad917/?path=%2Fhome%2F..%2Fhome4%2F..%2Flib64%2Flibgdbm_compat.so.4.0.0 HTTP/1.1" 200 958 "-" "Mozilla/5.0 AppleWebKit/537.36 (KHTML, like Gecko; compatible; ClaudeBot/1.0; +claudebot@anthropic.com)"
198.54.116.86 - - [21/Apr/2025:09:59:17 -0400] "POST /wp-cron.php?doing_wp_cron=1745243957.4862840175628662109375 HTTP/1.1" 200 0 "-" "WordPress/6.8; https://servethepeopleinc.org"
