uawdijnntqw1x1x1
IP : 18.224.199.201
Hostname : server86.web-hosting.com
Kernel : Linux server86.web-hosting.com 4.18.0-513.18.1.lve.el8.x86_64 #1 SMP Thu Feb 22 12:55:50 UTC 2024 x86_64
Disable Function : None :)
OS : Linux
PATH:
/
home
/
.
/
servlmvm
/
lscache
/
7
/
7
/
..
/
1
/
..
/
..
/
..
/
access-logs
/
servethepeopleinc.org-ssl_log
/
/
52.167.144.190 - - [21/Apr/2025:08:07:09 -0400] "GET /shopping60799394.shtml HTTP/1.1" 301 0 "-" "Mozilla/5.0 AppleWebKit/537.36 (KHTML, like Gecko; compatible; bingbot/2.0; +http://www.bing.com/bingbot.htm) Chrome/116.0.1938.76 Safari/537.36"
198.54.116.86 - - [21/Apr/2025:08:07:19 -0400] "POST /wp-cron.php?doing_wp_cron=1745237239.2909369468688964843750 HTTP/1.1" 200 0 "-" "WordPress/6.8; https://servethepeopleinc.org"
52.167.144.190 - - [21/Apr/2025:08:07:19 -0400] "GET /items/58214100.shtml HTTP/1.1" 301 0 "-" "Mozilla/5.0 AppleWebKit/537.36 (KHTML, like Gecko; compatible; bingbot/2.0; +http://www.bing.com/bingbot.htm) Chrome/116.0.1938.76 Safari/537.36"
52.167.144.19 - - [21/Apr/2025:08:07:57 -0400] "GET /goods/102465594.shtml HTTP/1.1" 404 16943 "-" "Mozilla/5.0 AppleWebKit/537.36 (KHTML, like Gecko; compatible; bingbot/2.0; +http://www.bing.com/bingbot.htm) Chrome/116.0.1938.76 Safari/537.36"
198.54.116.86 - - [21/Apr/2025:08:08:31 -0400] "POST /wp-cron.php?doing_wp_cron=1745237311.6659200191497802734375 HTTP/1.1" 200 0 "-" "WordPress/6.8; https://servethepeopleinc.org"
66.249.77.41 - - [21/Apr/2025:08:08:31 -0400] "GET /?categories/144246?num=33102 HTTP/1.1" 301 0 "-" "Mozilla/5.0 (Linux; Android 6.0.1; Nexus 5X Build/MMB29P) AppleWebKit/537.36 (KHTML, like Gecko) Chrome/135.0.7049.95 Mobile Safari/537.36 (compatible; Googlebot/2.1; +http://www.google.com/bot.html)"
198.54.116.86 - - [21/Apr/2025:08:08:31 -0400] "POST /wp-admin/admin-ajax.php?action=async_litespeed&nonce=1sCySWjFEir2q9tzCzQmHmw2fTCSJf0S&litespeed_type=imgoptm HTTP/1.1" 200 21 "-" "WordPress/6.8; https://servethepeopleinc.org"
66.249.77.42 - - [21/Apr/2025:08:08:31 -0400] "GET /?categories%2F144246%3Fnum=33102 HTTP/1.1" 200 28638 "-" "Mozilla/5.0 (Linux; Android 6.0.1; Nexus 5X Build/MMB29P) AppleWebKit/537.36 (KHTML, like Gecko) Chrome/135.0.7049.95 Mobile Safari/537.36 (compatible; Googlebot/2.1; +http://www.google.com/bot.html)"
198.54.116.86 - - [21/Apr/2025:08:09:18 -0400] "POST /wp-cron.php?doing_wp_cron=1745237358.9322550296783447265625 HTTP/1.1" 200 0 "-" "WordPress/6.8; https://servethepeopleinc.org"
52.167.144.190 - - [21/Apr/2025:08:09:18 -0400] "GET /items/h/atherosperma/74641388.shtml HTTP/1.1" 301 0 "-" "Mozilla/5.0 AppleWebKit/537.36 (KHTML, like Gecko; compatible; bingbot/2.0; +http://www.bing.com/bingbot.htm) Chrome/116.0.1938.76 Safari/537.36"
198.54.116.86 - - [21/Apr/2025:08:09:19 -0400] "POST /wp-admin/admin-ajax.php?action=async_litespeed&nonce=Z2aYh2Q1zq4rQcVWL2bFNMffi8ChZ4yP&litespeed_type=imgoptm HTTP/1.1" 200 21 "-" "WordPress/6.8; https://servethepeopleinc.org"
52.167.144.190 - - [21/Apr/2025:08:09:21 -0400] "GET /items/hutchunsonian28826360.shtml HTTP/1.1" 301 0 "-" "Mozilla/5.0 AppleWebKit/537.36 (KHTML, like Gecko; compatible; bingbot/2.0; +http://www.bing.com/bingbot.htm) Chrome/116.0.1938.76 Safari/537.36"
52.167.144.19 - - [21/Apr/2025:08:09:39 -0400] "GET /product90825298.shtml HTTP/1.1" 404 16944 "-" "Mozilla/5.0 AppleWebKit/537.36 (KHTML, like Gecko; compatible; bingbot/2.0; +http://www.bing.com/bingbot.htm) Chrome/116.0.1938.76 Safari/537.36"
18.188.83.180 - - [21/Apr/2025:08:09:56 -0400] "GET /ad917/?path=%2Fhome%2F.%2F..%2F..%2Fhome2%2F..%2Flib64%2Flibpthread.so.0 HTTP/1.1" 200 962 "-" "Mozilla/5.0 AppleWebKit/537.36 (KHTML, like Gecko; compatible; ClaudeBot/1.0; +claudebot@anthropic.com)"
18.188.83.180 - - [21/Apr/2025:08:09:56 -0400] "GET /ad917/?path=%2Fhome%2F.%2F..%2F..%2Flib64%2F..%2Flib64%2FlibGLX.so.0.0.0 HTTP/1.1" 200 955 "-" "Mozilla/5.0 AppleWebKit/537.36 (KHTML, like Gecko; compatible; ClaudeBot/1.0; +claudebot@anthropic.com)"
18.188.83.180 - - [21/Apr/2025:08:09:56 -0400] "GET /ad917/?path=%2Fhome%2F.%2F..%2Fhome1%2F..%2Flib64%2F.%2Flibpcre2-32.so.0 HTTP/1.1" 200 962 "-" "Mozilla/5.0 AppleWebKit/537.36 (KHTML, like Gecko; compatible; ClaudeBot/1.0; +claudebot@anthropic.com)"
18.188.83.180 - - [21/Apr/2025:08:09:56 -0400] "GET /ad917/?path=%2Fhome%2F.%2F..%2Fhome4%2F..%2Flib64%2F.%2Flibjbig85.so.2.1 HTTP/1.1" 200 963 "-" "Mozilla/5.0 AppleWebKit/537.36 (KHTML, like Gecko; compatible; ClaudeBot/1.0; +claudebot@anthropic.com)"
18.188.83.180 - - [21/Apr/2025:08:09:56 -0400] "GET /ad917/?path=%2Fhome%2F.%2F..%2Fhome1%2F..%2Flib64%2F.%2Flibuuid.so.1.3.0 HTTP/1.1" 200 961 "-" "Mozilla/5.0 AppleWebKit/537.36 (KHTML, like Gecko; compatible; ClaudeBot/1.0; +claudebot@anthropic.com)"
40.77.167.5 - - [21/Apr/2025:08:09:57 -0400] "GET /entity68337238.shtml HTTP/1.1" 301 0 "-" "Mozilla/5.0 AppleWebKit/537.36 (KHTML, like Gecko; compatible; bingbot/2.0; +http://www.bing.com/bingbot.htm) Chrome/116.0.1938.76 Safari/537.36"
18.188.83.180 - - [21/Apr/2025:08:09:58 -0400] "GET /ad917/?path=%2Fhome%2F.%2F..%2F..%2Fhome3%2F..%2Flib64%2Flibjansson.so.4 HTTP/1.1" 200 959 "-" "Mozilla/5.0 AppleWebKit/537.36 (KHTML, like Gecko; compatible; ClaudeBot/1.0; +claudebot@anthropic.com)"
18.188.83.180 - - [21/Apr/2025:08:09:58 -0400] "GET /ad917/?path=%2Fhome%2F.%2F..%2F..%2Fhome2%2F..%2Flib64%2Flibsigsegv.so.2 HTTP/1.1" 200 959 "-" "Mozilla/5.0 AppleWebKit/537.36 (KHTML, like Gecko; compatible; ClaudeBot/1.0; +claudebot@anthropic.com)"
18.188.83.180 - - [21/Apr/2025:08:09:58 -0400] "GET /ad917/?path=%2Fhome%2F.%2F..%2Fhome5%2F..%2Fusr%2Flib64%2Flibyaml-0.so.2 HTTP/1.1" 200 968 "-" "Mozilla/5.0 AppleWebKit/537.36 (KHTML, like Gecko; compatible; ClaudeBot/1.0; +claudebot@anthropic.com)"
18.188.83.180 - - [21/Apr/2025:08:09:58 -0400] "GET /ad917/?path=%2Fhome%2F.%2F..%2F..%2Fhome3%2F..%2Flib64%2Flibbpf.so.0.5.0 HTTP/1.1" 200 960 "-" "Mozilla/5.0 AppleWebKit/537.36 (KHTML, like Gecko; compatible; ClaudeBot/1.0; +claudebot@anthropic.com)"
18.188.83.180 - - [21/Apr/2025:08:09:58 -0400] "GET /ad917/?path=%2Fhome%2F.%2F..%2Fhome4%2F..%2Flib64%2F.%2Flibulockmgr.so.1 HTTP/1.1" 200 963 "-" "Mozilla/5.0 AppleWebKit/537.36 (KHTML, like Gecko; compatible; ClaudeBot/1.0; +claudebot@anthropic.com)"
18.188.83.180 - - [21/Apr/2025:08:10:00 -0400] "GET /ad917/?path=%2Fhome%2F.%2F..%2Fhome4%2F..%2Flib64%2F.%2Fp11-kit-trust.so HTTP/1.1" 200 963 "-" "Mozilla/5.0 AppleWebKit/537.36 (KHTML, like Gecko; compatible; ClaudeBot/1.0; +claudebot@anthropic.com)"
18.188.83.180 - - [21/Apr/2025:08:10:00 -0400] "GET /ad917/?path=%2Fhome%2F.%2F..%2Fhome3%2F..%2Flib64%2Fperl5%2FSDBM_File.pm HTTP/1.1" 200 2688 "-" "Mozilla/5.0 AppleWebKit/537.36 (KHTML, like Gecko; compatible; ClaudeBot/1.0; +claudebot@anthropic.com)"
18.188.83.180 - - [21/Apr/2025:08:10:00 -0400] "GET /ad917/?path=%2Fhome%2F.%2F..%2Fusr%2Flib%2Flocale%2Fen_NG%2FLC_TELEPHONE HTTP/1.1" 200 1019 "-" "Mozilla/5.0 AppleWebKit/537.36 (KHTML, like Gecko; compatible; ClaudeBot/1.0; +claudebot@anthropic.com)"
18.188.83.180 - - [21/Apr/2025:08:10:00 -0400] "GET /ad917/?path=%2Fhome%2F.%2F..%2Fhome1%2F..%2Flib64%2Fgconv%2FNATS-SEFI.so HTTP/1.1" 200 971 "-" "Mozilla/5.0 AppleWebKit/537.36 (KHTML, like Gecko; compatible; ClaudeBot/1.0; +claudebot@anthropic.com)"
18.188.83.180 - - [21/Apr/2025:08:10:00 -0400] "GET /ad917/?path=%2Fhome%2F.%2F..%2F..%2Fhome3%2F..%2Flib64%2Flibxcb-res.so.0 HTTP/1.1" 200 960 "-" "Mozilla/5.0 AppleWebKit/537.36 (KHTML, like Gecko; compatible; ClaudeBot/1.0; +claudebot@anthropic.com)"
18.188.83.180 - - [21/Apr/2025:08:10:02 -0400] "GET /ad917/?path=%2Fhome%2F.%2F..%2Fhome5%2F..%2Flib64%2F.%2Flibnghttp2.so.14 HTTP/1.1" 200 961 "-" "Mozilla/5.0 AppleWebKit/537.36 (KHTML, like Gecko; compatible; ClaudeBot/1.0; +claudebot@anthropic.com)"
198.54.116.86 - - [21/Apr/2025:08:10:08 -0400] "POST /wp-cron.php?doing_wp_cron=1745237408.0199739933013916015625 HTTP/1.1" 200 0 "-" "WordPress/6.8; https://servethepeopleinc.org"
52.167.144.169 - - [21/Apr/2025:08:10:07 -0400] "GET /shopbrand/e/awless/74746082.shtml HTTP/1.1" 404 16953 "-" "Mozilla/5.0 AppleWebKit/537.36 (KHTML, like Gecko; compatible; bingbot/2.0; +http://www.bing.com/bingbot.htm) Chrome/116.0.1938.76 Safari/537.36"
198.54.116.86 - - [21/Apr/2025:08:10:08 -0400] "POST /wp-admin/admin-ajax.php?action=async_litespeed&nonce=Lne6w4oh9bdlXIDA95S1p3Uguu7pbpz0&litespeed_type=imgoptm HTTP/1.1" 200 21 "-" "WordPress/6.8; https://servethepeopleinc.org"
198.54.116.86 - - [21/Apr/2025:08:10:25 -0400] "POST /wp-cron.php?doing_wp_cron=1745237425.1324970722198486328125 HTTP/1.1" 200 0 "-" "WordPress/6.8; https://servethepeopleinc.org"
66.249.77.42 - - [21/Apr/2025:08:10:24 -0400] "GET /shopdetail/ew/neatsfoot/122489350.shtml HTTP/1.1" 404 16952 "-" "Mozilla/5.0 (Linux; Android 6.0.1; Nexus 5X Build/MMB29P) AppleWebKit/537.36 (KHTML, like Gecko) Chrome/135.0.7049.95 Mobile Safari/537.36 (compatible; Googlebot/2.1; +http://www.google.com/bot.html)"
52.167.144.169 - - [21/Apr/2025:08:10:26 -0400] "GET /goods/l/imblaze27854736.shtml HTTP/1.1" 404 16951 "-" "Mozilla/5.0 AppleWebKit/537.36 (KHTML, like Gecko; compatible; bingbot/2.0; +http://www.bing.com/bingbot.htm) Chrome/116.0.1938.76 Safari/537.36"
198.54.116.86 - - [21/Apr/2025:08:11:23 -0400] "POST /wp-cron.php?doing_wp_cron=1745237483.6173560619354248046875 HTTP/1.1" 200 0 "-" "WordPress/6.8; https://servethepeopleinc.org"
66.249.65.170 - - [21/Apr/2025:08:11:23 -0400] "GET /product/xgw/pygmaeus/89102308.shtml HTTP/1.1" 404 16951 "-" "Mozilla/5.0 (compatible; Googlebot/2.1; +http://www.google.com/bot.html)"
198.54.116.86 - - [21/Apr/2025:08:11:23 -0400] "POST /wp-admin/admin-ajax.php?action=async_litespeed&nonce=Su76kxGoOWAv5iiaETgZkASQoLG42XHa&litespeed_type=imgoptm HTTP/1.1" 200 21 "-" "WordPress/6.8; https://servethepeopleinc.org"
52.167.144.190 - - [21/Apr/2025:08:11:37 -0400] "GET /entity/croma/99453648.shtml HTTP/1.1" 301 0 "-" "Mozilla/5.0 AppleWebKit/537.36 (KHTML, like Gecko; compatible; bingbot/2.0; +http://www.bing.com/bingbot.htm) Chrome/116.0.1938.76 Safari/537.36"
52.167.144.169 - - [21/Apr/2025:08:11:46 -0400] "GET /detail/108317476.shtml HTTP/1.1" 404 16941 "-" "Mozilla/5.0 AppleWebKit/537.36 (KHTML, like Gecko; compatible; bingbot/2.0; +http://www.bing.com/bingbot.htm) Chrome/116.0.1938.76 Safari/537.36"
52.167.144.196 - - [21/Apr/2025:08:11:51 -0400] "GET /info/j/isocyanic93948016.shtml HTTP/1.1" 301 0 "-" "Mozilla/5.0 AppleWebKit/537.36 (KHTML, like Gecko; compatible; bingbot/2.0; +http://www.bing.com/bingbot.htm) Chrome/116.0.1938.76 Safari/537.36"
52.167.144.196 - - [21/Apr/2025:08:12:02 -0400] "GET /products68486822.shtml HTTP/1.1" 301 0 "-" "Mozilla/5.0 AppleWebKit/537.36 (KHTML, like Gecko; compatible; bingbot/2.0; +http://www.bing.com/bingbot.htm) Chrome/116.0.1938.76 Safari/537.36"
198.54.116.86 - - [21/Apr/2025:08:12:08 -0400] "POST /wp-cron.php?doing_wp_cron=1745237528.3631041049957275390625 HTTP/1.1" 200 0 "-" "WordPress/6.8; https://servethepeopleinc.org"
52.167.144.19 - - [21/Apr/2025:08:12:08 -0400] "GET /item76317444.shtml HTTP/1.1" 404 16942 "-" "Mozilla/5.0 AppleWebKit/537.36 (KHTML, like Gecko; compatible; bingbot/2.0; +http://www.bing.com/bingbot.htm) Chrome/116.0.1938.76 Safari/537.36"
198.54.116.86 - - [21/Apr/2025:08:12:08 -0400] "POST /wp-admin/admin-ajax.php?action=async_litespeed&nonce=x6OPYS2YwrTAyKtp3cEVtZ0tuxqY7xV9&litespeed_type=imgoptm HTTP/1.1" 200 21 "-" "WordPress/6.8; https://servethepeopleinc.org"
52.167.144.19 - - [21/Apr/2025:08:12:12 -0400] "GET /item/spherosiderite88525160.shtml HTTP/1.1" 404 16940 "-" "Mozilla/5.0 AppleWebKit/537.36 (KHTML, like Gecko; compatible; bingbot/2.0; +http://www.bing.com/bingbot.htm) Chrome/116.0.1938.76 Safari/537.36"
198.54.116.86 - - [21/Apr/2025:08:12:21 -0400] "POST /wp-cron.php?doing_wp_cron=1745237541.8686389923095703125000 HTTP/1.1" 200 0 "-" "WordPress/6.8; https://servethepeopleinc.org"
198.54.114.59 - - [21/Apr/2025:08:12:21 -0400] "POST /xmlrpc.php HTTP/1.1" 200 186 "https://servethepeopleinc.org" "Mozilla/5.0 (Windows NT 10.0; Win64; x64) AppleWebKit/537.36 (KHTML, like Gecko) Chrome/116.0.5845.96 Safari/537.36"
52.167.144.19 - - [21/Apr/2025:08:12:38 -0400] "GET /shopping71753686.shtml HTTP/1.1" 404 16943 "-" "Mozilla/5.0 AppleWebKit/537.36 (KHTML, like Gecko; compatible; bingbot/2.0; +http://www.bing.com/bingbot.htm) Chrome/116.0.1938.76 Safari/537.36"
52.167.144.190 - - [21/Apr/2025:08:12:49 -0400] "GET /goods95376872.shtml HTTP/1.1" 301 0 "-" "Mozilla/5.0 AppleWebKit/537.36 (KHTML, like Gecko; compatible; bingbot/2.0; +http://www.bing.com/bingbot.htm) Chrome/116.0.1938.76 Safari/537.36"
51.222.253.4 - - [21/Apr/2025:08:13:04 -0400] "GET /entity/100825264.shtml HTTP/1.1" 404 16942 "-" "Mozilla/5.0 (compatible; AhrefsBot/7.0; +http://ahrefs.com/robot/)"
198.54.116.86 - - [21/Apr/2025:08:13:17 -0400] "POST /wp-cron.php?doing_wp_cron=1745237597.4384589195251464843750 HTTP/1.1" 200 0 "-" "WordPress/6.8; https://servethepeopleinc.org"
40.77.167.5 - - [21/Apr/2025:08:13:17 -0400] "GET /item/melaena49422554.shtml HTTP/1.1" 301 0 "-" "Mozilla/5.0 AppleWebKit/537.36 (KHTML, like Gecko; compatible; bingbot/2.0; +http://www.bing.com/bingbot.htm) Chrome/116.0.1938.76 Safari/537.36"
198.54.116.86 - - [21/Apr/2025:08:13:17 -0400] "POST /wp-admin/admin-ajax.php?action=async_litespeed&nonce=sAqZ0PdhVFWEX2wL7kgIdpE560tmeF36&litespeed_type=imgoptm HTTP/1.1" 200 21 "-" "WordPress/6.8; https://servethepeopleinc.org"
40.77.167.13 - - [21/Apr/2025:08:13:22 -0400] "GET /items/inflection/26975908.shtml HTTP/1.1" 404 16951 "-" "Mozilla/5.0 AppleWebKit/537.36 (KHTML, like Gecko; compatible; bingbot/2.0; +http://www.bing.com/bingbot.htm) Chrome/116.0.1938.76 Safari/537.36"
198.54.116.86 - - [21/Apr/2025:08:14:29 -0400] "POST /wp-cron.php?doing_wp_cron=1745237669.9603440761566162109375 HTTP/1.1" 200 0 "-" "WordPress/6.8; https://servethepeopleinc.org"
52.167.144.190 - - [21/Apr/2025:08:14:29 -0400] "GET /shopbrand/swingled2748606.shtml HTTP/1.1" 301 0 "-" "Mozilla/5.0 AppleWebKit/537.36 (KHTML, like Gecko; compatible; bingbot/2.0; +http://www.bing.com/bingbot.htm) Chrome/116.0.1938.76 Safari/537.36"
198.54.116.86 - - [21/Apr/2025:08:14:30 -0400] "POST /wp-admin/admin-ajax.php?action=async_litespeed&nonce=kOht7jKSBB3639u6Lozk7jmKlBnSfdEA&litespeed_type=imgoptm HTTP/1.1" 200 21 "-" "WordPress/6.8; https://servethepeopleinc.org"
52.167.144.190 - - [21/Apr/2025:08:14:33 -0400] "GET /detail/yq/zygaena41902838.shtml HTTP/1.1" 301 0 "-" "Mozilla/5.0 AppleWebKit/537.36 (KHTML, like Gecko; compatible; bingbot/2.0; +http://www.bing.com/bingbot.htm) Chrome/116.0.1938.76 Safari/537.36"
52.167.144.169 - - [21/Apr/2025:08:14:48 -0400] "GET /info/uje/charneco69060710.shtml HTTP/1.1" 404 16951 "-" "Mozilla/5.0 AppleWebKit/537.36 (KHTML, like Gecko; compatible; bingbot/2.0; +http://www.bing.com/bingbot.htm) Chrome/116.0.1938.76 Safari/537.36"
198.54.116.86 - - [21/Apr/2025:08:15:10 -0400] "POST /wp-cron.php?doing_wp_cron=1745237710.1283440589904785156250 HTTP/1.1" 200 0 "-" "WordPress/6.8; https://servethepeopleinc.org"
52.167.144.19 - - [21/Apr/2025:08:15:09 -0400] "GET /info/50904820.shtml HTTP/1.1" 404 16942 "-" "Mozilla/5.0 AppleWebKit/537.36 (KHTML, like Gecko; compatible; bingbot/2.0; +http://www.bing.com/bingbot.htm) Chrome/116.0.1938.76 Safari/537.36"
198.54.116.86 - - [21/Apr/2025:08:15:10 -0400] "POST /wp-admin/admin-ajax.php?action=async_litespeed&nonce=b9JeWJZABhJUQuWqZz9YBHtwqyRr0U8S&litespeed_type=imgoptm HTTP/1.1" 200 21 "-" "WordPress/6.8; https://servethepeopleinc.org"
40.77.167.75 - - [21/Apr/2025:08:15:13 -0400] "GET /goodscode33804418.shtml HTTP/1.1" 404 16940 "-" "Mozilla/5.0 AppleWebKit/537.36 (KHTML, like Gecko; compatible; bingbot/2.0; +http://www.bing.com/bingbot.htm) Chrome/116.0.1938.76 Safari/537.36"
198.54.116.86 - - [21/Apr/2025:08:15:26 -0400] "POST /wp-cron.php?doing_wp_cron=1745237726.4320580959320068359375 HTTP/1.1" 200 0 "-" "WordPress/6.8; https://servethepeopleinc.org"
66.249.65.168 - - [21/Apr/2025:08:15:26 -0400] "GET /goods/j/instipulate/122404460.shtml HTTP/1.1" 404 16954 "-" "Mozilla/5.0 (Linux; Android 6.0.1; Nexus 5X Build/MMB29P) AppleWebKit/537.36 (KHTML, like Gecko) Chrome/135.0.7049.95 Mobile Safari/537.36 (compatible; Googlebot/2.1; +http://www.google.com/bot.html)"
52.167.144.190 - - [21/Apr/2025:08:15:29 -0400] "GET /info/kq/faints50446074.shtml HTTP/1.1" 301 0 "-" "Mozilla/5.0 AppleWebKit/537.36 (KHTML, like Gecko; compatible; bingbot/2.0; +http://www.bing.com/bingbot.htm) Chrome/116.0.1938.76 Safari/537.36"
52.167.144.190 - - [21/Apr/2025:08:15:39 -0400] "GET /shopdetail/s/windcuffer/50554438.shtml HTTP/1.1" 301 0 "-" "Mozilla/5.0 AppleWebKit/537.36 (KHTML, like Gecko; compatible; bingbot/2.0; +http://www.bing.com/bingbot.htm) Chrome/116.0.1938.76 Safari/537.36"
40.77.167.75 - - [21/Apr/2025:08:15:44 -0400] "GET /shopbrand/c/mottle119288678.shtml HTTP/1.1" 404 16951 "-" "Mozilla/5.0 AppleWebKit/537.36 (KHTML, like Gecko; compatible; bingbot/2.0; +http://www.bing.com/bingbot.htm) Chrome/116.0.1938.76 Safari/537.36"
198.54.116.86 - - [21/Apr/2025:08:16:07 -0400] "POST /wp-cron.php?doing_wp_cron=1745237767.0802319049835205078125 HTTP/1.1" 200 0 "-" "WordPress/6.8; https://servethepeopleinc.org"
66.249.65.168 - - [21/Apr/2025:08:16:06 -0400] "GET /goods121660082.shtml HTTP/1.1" 404 16942 "-" "Mozilla/5.0 (Linux; Android 6.0.1; Nexus 5X Build/MMB29P) AppleWebKit/537.36 (KHTML, like Gecko) Chrome/135.0.7049.95 Mobile Safari/537.36 (compatible; Googlebot/2.1; +http://www.google.com/bot.html)"
198.54.116.86 - - [21/Apr/2025:08:16:07 -0400] "POST /wp-admin/admin-ajax.php?action=async_litespeed&nonce=PvvTsiFu2PEHPqek6R77QAyVJufeNFMp&litespeed_type=imgoptm HTTP/1.1" 200 21 "-" "WordPress/6.8; https://servethepeopleinc.org"
198.54.116.86 - - [21/Apr/2025:08:17:17 -0400] "POST /wp-cron.php?doing_wp_cron=1745237837.9096410274505615234375 HTTP/1.1" 200 0 "-" "WordPress/6.8; https://servethepeopleinc.org"
52.167.144.19 - - [21/Apr/2025:08:17:17 -0400] "GET /item/stauropus47031458.shtml HTTP/1.1" 404 16943 "-" "Mozilla/5.0 AppleWebKit/537.36 (KHTML, like Gecko; compatible; bingbot/2.0; +http://www.bing.com/bingbot.htm) Chrome/116.0.1938.76 Safari/537.36"
198.54.116.86 - - [21/Apr/2025:08:17:18 -0400] "POST /wp-admin/admin-ajax.php?action=async_litespeed&nonce=xeQrq6yQbZTwsrjyz0p2iDeuYBnSY7EC&litespeed_type=imgoptm HTTP/1.1" 200 21 "-" "WordPress/6.8; https://servethepeopleinc.org"
52.167.144.196 - - [21/Apr/2025:08:17:32 -0400] "GET /info/kalong45120626.shtml HTTP/1.1" 301 0 "-" "Mozilla/5.0 AppleWebKit/537.36 (KHTML, like Gecko; compatible; bingbot/2.0; +http://www.bing.com/bingbot.htm) Chrome/116.0.1938.76 Safari/537.36"
52.167.144.196 - - [21/Apr/2025:08:18:02 -0400] "GET /special50559196.shtml HTTP/1.1" 301 0 "-" "Mozilla/5.0 AppleWebKit/537.36 (KHTML, like Gecko; compatible; bingbot/2.0; +http://www.bing.com/bingbot.htm) Chrome/116.0.1938.76 Safari/537.36"
198.54.116.86 - - [21/Apr/2025:08:18:19 -0400] "POST /wp-cron.php?doing_wp_cron=1745237899.6147611141204833984375 HTTP/1.1" 200 0 "-" "WordPress/6.8; https://servethepeopleinc.org"
52.167.144.166 - - [21/Apr/2025:08:18:19 -0400] "GET /info22175606.shtml HTTP/1.1" 404 16941 "-" "Mozilla/5.0 AppleWebKit/537.36 (KHTML, like Gecko; compatible; bingbot/2.0; +http://www.bing.com/bingbot.htm) Chrome/116.0.1938.76 Safari/537.36"
198.54.116.86 - - [21/Apr/2025:08:18:19 -0400] "POST /wp-admin/admin-ajax.php?action=async_litespeed&nonce=OTnuMbIKVSwrCxHp6nJrNx5RZgE3CTKG&litespeed_type=imgoptm HTTP/1.1" 200 21 "-" "WordPress/6.8; https://servethepeopleinc.org"
52.167.144.216 - - [21/Apr/2025:08:18:20 -0400] "GET /shopbrand95387104.shtml HTTP/1.1" 301 0 "-" "Mozilla/5.0 AppleWebKit/537.36 (KHTML, like Gecko; compatible; bingbot/2.0; +http://www.bing.com/bingbot.htm) Chrome/116.0.1938.76 Safari/537.36"
198.54.116.86 - - [21/Apr/2025:08:19:19 -0400] "POST /wp-cron.php?doing_wp_cron=1745237959.3007900714874267578125 HTTP/1.1" 200 0 "-" "WordPress/6.8; https://servethepeopleinc.org"
66.249.65.168 - - [21/Apr/2025:08:19:19 -0400] "GET /detail/eupatrid/122402490.shtml HTTP/1.1" 404 16952 "-" "Mozilla/5.0 (Linux; Android 6.0.1; Nexus 5X Build/MMB29P) AppleWebKit/537.36 (KHTML, like Gecko) Chrome/135.0.7049.95 Mobile Safari/537.36 (compatible; Googlebot/2.1; +http://www.google.com/bot.html)"
198.54.116.86 - - [21/Apr/2025:08:19:19 -0400] "POST /wp-admin/admin-ajax.php?action=async_litespeed&nonce=AJmRecjHuraXOuyRlGSJ6HLm4vA9Ffm5&litespeed_type=imgoptm HTTP/1.1" 200 21 "-" "WordPress/6.8; https://servethepeopleinc.org"
52.167.144.196 - - [21/Apr/2025:08:19:23 -0400] "GET /shopdetail/mlw/cowlick93959082.shtml HTTP/1.1" 301 0 "-" "Mozilla/5.0 AppleWebKit/537.36 (KHTML, like Gecko; compatible; bingbot/2.0; +http://www.bing.com/bingbot.htm) Chrome/116.0.1938.76 Safari/537.36"
52.167.144.166 - - [21/Apr/2025:08:19:28 -0400] "GET /goodscode/64799830.shtml HTTP/1.1" 404 16941 "-" "Mozilla/5.0 AppleWebKit/537.36 (KHTML, like Gecko; compatible; bingbot/2.0; +http://www.bing.com/bingbot.htm) Chrome/116.0.1938.76 Safari/537.36"
52.167.144.166 - - [21/Apr/2025:08:19:40 -0400] "GET /detail103259162.shtml HTTP/1.1" 404 16944 "-" "Mozilla/5.0 AppleWebKit/537.36 (KHTML, like Gecko; compatible; bingbot/2.0; +http://www.bing.com/bingbot.htm) Chrome/116.0.1938.76 Safari/537.36"
40.77.167.136 - - [21/Apr/2025:08:20:06 -0400] "GET /special/outrange/75719612.shtml HTTP/1.1" 404 16952 "-" "Mozilla/5.0 AppleWebKit/537.36 (KHTML, like Gecko; compatible; bingbot/2.0; +http://www.bing.com/bingbot.htm) Chrome/116.0.1938.76 Safari/537.36"
198.54.116.86 - - [21/Apr/2025:08:20:10 -0400] "POST /wp-cron.php?doing_wp_cron=1745238010.9236888885498046875000 HTTP/1.1" 200 0 "-" "WordPress/6.8; https://servethepeopleinc.org"
66.249.65.170 - - [21/Apr/2025:08:20:10 -0400] "GET /product/rosalgar/7560986.shtml HTTP/1.1" 404 16952 "-" "Mozilla/5.0 (Linux; Android 6.0.1; Nexus 5X Build/MMB29P) AppleWebKit/537.36 (KHTML, like Gecko) Chrome/135.0.7049.95 Mobile Safari/537.36 (compatible; Googlebot/2.1; +http://www.google.com/bot.html)"
198.54.116.86 - - [21/Apr/2025:08:20:11 -0400] "POST /wp-admin/admin-ajax.php?action=async_litespeed&nonce=ZPJZDSPBL9XcQSZBP8Y2hM3zq3Na7jNQ&litespeed_type=imgoptm HTTP/1.1" 200 21 "-" "WordPress/6.8; https://servethepeopleinc.org"
18.222.5.111 - - [21/Apr/2025:08:20:28 -0400] "GET /ad917/?path=%2Fhome%2F.%2F..%2Fbin%2F..%2F.%2Fshare%2Ftabset%2F..%2Ftcl8 HTTP/1.1" 200 1497 "-" "Mozilla/5.0 AppleWebKit/537.36 (KHTML, like Gecko; compatible; ClaudeBot/1.0; +claudebot@anthropic.com)"
18.222.5.111 - - [21/Apr/2025:08:20:28 -0400] "GET /ad917/?path=%2Fhome%2F.%2F..%2Fproc%2Fself%2Froot%2Flib64%2Flibodbc.so.2 HTTP/1.1" 200 974 "-" "Mozilla/5.0 AppleWebKit/537.36 (KHTML, like Gecko; compatible; ClaudeBot/1.0; +claudebot@anthropic.com)"
18.222.5.111 - - [21/Apr/2025:08:20:28 -0400] "GET /ad917/?path=%2Fhome%2F.%2F..%2Fbin%2F..%2F.%2Fshare%2Flocale%2F.%2Fca_FR HTTP/1.1" 200 1490 "-" "Mozilla/5.0 AppleWebKit/537.36 (KHTML, like Gecko; compatible; ClaudeBot/1.0; +claudebot@anthropic.com)"
18.222.5.111 - - [21/Apr/2025:08:20:28 -0400] "GET /ad917/?path=%2Fhome%2Fservlmvm%2Fspekkshealth.com%2F..%2Fmail%2F.%2Fcur HTTP/1.1" 200 1459 "-" "Mozilla/5.0 AppleWebKit/537.36 (KHTML, like Gecko; compatible; ClaudeBot/1.0; +claudebot@anthropic.com)"
18.222.5.111 - - [21/Apr/2025:08:20:28 -0400] "GET /ad917/?path=%2Fhome%2F.%2F..%2Fbin%2F..%2F.%2Fshare%2Flocale%2F.%2Fsr_RS HTTP/1.1" 200 1488 "-" "Mozilla/5.0 AppleWebKit/537.36 (KHTML, like Gecko; compatible; ClaudeBot/1.0; +claudebot@anthropic.com)"
18.222.5.111 - - [21/Apr/2025:08:20:30 -0400] "GET /ad917/?path=%2Fhome%2F.%2F..%2Fbin%2F..%2F.%2Fshare%2Flocale%2F.%2Fbn_IN HTTP/1.1" 200 1488 "-" "Mozilla/5.0 AppleWebKit/537.36 (KHTML, like Gecko; compatible; ClaudeBot/1.0; +claudebot@anthropic.com)"
18.222.5.111 - - [21/Apr/2025:08:20:30 -0400] "GET /ad917/?path=%2Fhome%2F.%2F..%2Fbin%2F..%2F.%2Fshare%2Flocale%2F.%2Fda_DK HTTP/1.1" 200 1488 "-" "Mozilla/5.0 AppleWebKit/537.36 (KHTML, like Gecko; compatible; ClaudeBot/1.0; +claudebot@anthropic.com)"
18.222.5.111 - - [21/Apr/2025:08:20:30 -0400] "GET /ad917/?path=%2Fhome%2F.%2F..%2Fbin%2F..%2F.%2Fshare%2Flocale%2F.%2Fsk_SK HTTP/1.1" 200 1488 "-" "Mozilla/5.0 AppleWebKit/537.36 (KHTML, like Gecko; compatible; ClaudeBot/1.0; +claudebot@anthropic.com)"
18.222.5.111 - - [21/Apr/2025:08:20:30 -0400] "GET /ad917/?path=%2Fhome%2F.%2F..%2Fbin%2F..%2F.%2Fshare%2Flocale%2F.%2Fde-CH HTTP/1.1" 200 1487 "-" "Mozilla/5.0 AppleWebKit/537.36 (KHTML, like Gecko; compatible; ClaudeBot/1.0; +claudebot@anthropic.com)"
18.222.5.111 - - [21/Apr/2025:08:20:29 -0400] "GET /ad917/?path=%2Fhome%2Fservlmvm%2Fspekkshealth.com%2F..%2Fmail%2F.%2Fnew HTTP/1.1" 200 42735 "-" "Mozilla/5.0 AppleWebKit/537.36 (KHTML, like Gecko; compatible; ClaudeBot/1.0; +claudebot@anthropic.com)"
18.222.5.111 - - [21/Apr/2025:08:20:30 -0400] "GET /ad917/?path=%2Fhome%2F.%2F..%2Fbin%2F..%2F.%2Fshare%2Flocale%2F.%2Fzh_CN HTTP/1.1" 200 1516 "-" "Mozilla/5.0 AppleWebKit/537.36 (KHTML, like Gecko; compatible; ClaudeBot/1.0; +claudebot@anthropic.com)"
18.222.5.111 - - [21/Apr/2025:08:20:30 -0400] "GET /ad917/?path=%2Fhome%2F.%2F..%2Fbin%2F..%2F.%2Fshare%2Flocale%2F.%2Fku_IQ HTTP/1.1" 200 1488 "-" "Mozilla/5.0 AppleWebKit/537.36 (KHTML, like Gecko; compatible; ClaudeBot/1.0; +claudebot@anthropic.com)"
18.222.5.111 - - [21/Apr/2025:08:20:30 -0400] "GET /ad917/?path=%2Fhome%2F.%2F..%2Fbin%2F..%2F.%2Fshare%2Ftabset%2F..%2Fsnmp HTTP/1.1" 200 1471 "-" "Mozilla/5.0 AppleWebKit/537.36 (KHTML, like Gecko; compatible; ClaudeBot/1.0; +claudebot@anthropic.com)"
18.222.5.111 - - [21/Apr/2025:08:20:30 -0400] "GET /ad917/?path=%2Fhome%2F.%2F.%2F..%2Frun%2F..%2Flib64%2Fpkcs11%2F..%2Fbind HTTP/1.1" 200 1458 "-" "Mozilla/5.0 AppleWebKit/537.36 (KHTML, like Gecko; compatible; ClaudeBot/1.0; +claudebot@anthropic.com)"
198.54.116.86 - - [21/Apr/2025:08:20:48 -0400] "POST /wp-cron.php?doing_wp_cron=1745238048.4275460243225097656250 HTTP/1.1" 200 0 "-" "WordPress/6.8; https://servethepeopleinc.org"
52.167.144.141 - - [21/Apr/2025:08:20:48 -0400] "GET /goodscode/veq/hepialus/68368420.shtml HTTP/1.1" 301 0 "-" "Mozilla/5.0 AppleWebKit/537.36 (KHTML, like Gecko; compatible; bingbot/2.0; +http://www.bing.com/bingbot.htm) Chrome/116.0.1938.76 Safari/537.36"
198.54.116.86 - - [21/Apr/2025:08:21:20 -0400] "POST /wp-cron.php?doing_wp_cron=1745238080.0779631137847900390625 HTTP/1.1" 200 0 "-" "WordPress/6.8; https://servethepeopleinc.org"
52.167.144.166 - - [21/Apr/2025:08:21:19 -0400] "GET /detail54312762.shtml HTTP/1.1" 404 16942 "-" "Mozilla/5.0 AppleWebKit/537.36 (KHTML, like Gecko; compatible; bingbot/2.0; +http://www.bing.com/bingbot.htm) Chrome/116.0.1938.76 Safari/537.36"
198.54.116.86 - - [21/Apr/2025:08:21:20 -0400] "POST /wp-admin/admin-ajax.php?action=async_litespeed&nonce=mkrNs9p358n7NslPiNFlLVqYSjKsh237&litespeed_type=imgoptm HTTP/1.1" 200 21 "-" "WordPress/6.8; https://servethepeopleinc.org"
40.77.167.136 - - [21/Apr/2025:08:21:27 -0400] "GET /product/1469458.shtml HTTP/1.1" 404 16941 "-" "Mozilla/5.0 AppleWebKit/537.36 (KHTML, like Gecko; compatible; bingbot/2.0; +http://www.bing.com/bingbot.htm) Chrome/116.0.1938.76 Safari/537.36"
40.77.167.136 - - [21/Apr/2025:08:21:37 -0400] "GET /detail/pisiform53006352.shtml HTTP/1.1" 404 16940 "-" "Mozilla/5.0 AppleWebKit/537.36 (KHTML, like Gecko; compatible; bingbot/2.0; +http://www.bing.com/bingbot.htm) Chrome/116.0.1938.76 Safari/537.36"
66.249.65.168 - - [21/Apr/2025:08:21:55 -0400] "GET /detail48563738.shtml HTTP/1.1" 404 16941 "-" "Mozilla/5.0 (compatible; Googlebot/2.1; +http://www.google.com/bot.html)"
66.249.65.170 - - [21/Apr/2025:08:21:57 -0400] "GET /entity/pernis122413468.shtml HTTP/1.1" 404 16941 "-" "Mozilla/5.0 (Linux; Android 6.0.1; Nexus 5X Build/MMB29P) AppleWebKit/537.36 (KHTML, like Gecko) Chrome/135.0.7049.95 Mobile Safari/537.36 (compatible; Googlebot/2.1; +http://www.google.com/bot.html)"
198.54.116.86 - - [21/Apr/2025:08:22:10 -0400] "POST /wp-cron.php?doing_wp_cron=1745238130.7508299350738525390625 HTTP/1.1" 200 0 "-" "WordPress/6.8; https://servethepeopleinc.org"
52.167.144.216 - - [21/Apr/2025:08:22:10 -0400] "GET /product/philister/22021566.shtml HTTP/1.1" 301 0 "-" "Mozilla/5.0 AppleWebKit/537.36 (KHTML, like Gecko; compatible; bingbot/2.0; +http://www.bing.com/bingbot.htm) Chrome/116.0.1938.76 Safari/537.36"
198.54.116.86 - - [21/Apr/2025:08:22:10 -0400] "POST /wp-admin/admin-ajax.php?action=async_litespeed&nonce=8sL3Wyd1rKXcnKIZOSaSffh5gtB3Jnbo&litespeed_type=imgoptm HTTP/1.1" 200 21 "-" "WordPress/6.8; https://servethepeopleinc.org"
198.54.116.86 - - [21/Apr/2025:08:22:19 -0400] "POST /wp-cron.php?doing_wp_cron=1745238139.8902609348297119140625 HTTP/1.1" 200 0 "-" "WordPress/6.8; https://servethepeopleinc.org"
52.167.144.216 - - [21/Apr/2025:08:22:19 -0400] "GET /info/h/crosshatching/60778368.shtml HTTP/1.1" 301 0 "-" "Mozilla/5.0 AppleWebKit/537.36 (KHTML, like Gecko; compatible; bingbot/2.0; +http://www.bing.com/bingbot.htm) Chrome/116.0.1938.76 Safari/537.36"
52.167.144.166 - - [21/Apr/2025:08:22:39 -0400] "GET /detail/basidiospore20299382.shtml HTTP/1.1" 404 16943 "-" "Mozilla/5.0 AppleWebKit/537.36 (KHTML, like Gecko; compatible; bingbot/2.0; +http://www.bing.com/bingbot.htm) Chrome/116.0.1938.76 Safari/537.36"
40.77.167.42 - - [21/Apr/2025:08:23:03 -0400] "GET /shopdetail/syc/inuendo/51220574.shtml HTTP/1.1" 301 0 "-" "Mozilla/5.0 AppleWebKit/537.36 (KHTML, like Gecko; compatible; bingbot/2.0; +http://www.bing.com/bingbot.htm) Chrome/116.0.1938.76 Safari/537.36"
198.54.116.86 - - [21/Apr/2025:08:23:08 -0400] "POST /wp-cron.php?doing_wp_cron=1745238188.7036759853363037109375 HTTP/1.1" 200 0 "-" "WordPress/6.8; https://servethepeopleinc.org"
52.167.144.216 - - [21/Apr/2025:08:23:08 -0400] "GET /shopdetail88021496.shtml HTTP/1.1" 301 0 "-" "Mozilla/5.0 AppleWebKit/537.36 (KHTML, like Gecko; compatible; bingbot/2.0; +http://www.bing.com/bingbot.htm) Chrome/116.0.1938.76 Safari/537.36"
198.54.116.86 - - [21/Apr/2025:08:23:08 -0400] "POST /wp-admin/admin-ajax.php?action=async_litespeed&nonce=h0QUqsqfpYip0EZzkbHvljFUmGWWyryv&litespeed_type=imgoptm HTTP/1.1" 200 21 "-" "WordPress/6.8; https://servethepeopleinc.org"
198.54.116.86 - - [21/Apr/2025:08:23:28 -0400] "POST /wp-cron.php?doing_wp_cron=1745238208.4096739292144775390625 HTTP/1.1" 200 0 "-" "WordPress/6.8; https://servethepeopleinc.org"
40.77.167.136 - - [21/Apr/2025:08:23:28 -0400] "GET /items/5859230.shtml HTTP/1.1" 404 16941 "-" "Mozilla/5.0 AppleWebKit/537.36 (KHTML, like Gecko; compatible; bingbot/2.0; +http://www.bing.com/bingbot.htm) Chrome/116.0.1938.76 Safari/537.36"
40.77.167.42 - - [21/Apr/2025:08:23:33 -0400] "GET /goods/mpk/anarthropoda115022606.shtml HTTP/1.1" 301 0 "-" "Mozilla/5.0 AppleWebKit/537.36 (KHTML, like Gecko; compatible; bingbot/2.0; +http://www.bing.com/bingbot.htm) Chrome/116.0.1938.76 Safari/537.36"
40.77.167.42 - - [21/Apr/2025:08:23:51 -0400] "GET /entity/omnipatient/51702332.shtml HTTP/1.1" 301 0 "-" "Mozilla/5.0 AppleWebKit/537.36 (KHTML, like Gecko; compatible; bingbot/2.0; +http://www.bing.com/bingbot.htm) Chrome/116.0.1938.76 Safari/537.36"
198.54.116.86 - - [21/Apr/2025:08:24:14 -0400] "POST /wp-cron.php?doing_wp_cron=1745238254.4326899051666259765625 HTTP/1.1" 200 0 "-" "WordPress/6.8; https://servethepeopleinc.org"
40.77.167.42 - - [21/Apr/2025:08:24:14 -0400] "GET /item8567790.shtml HTTP/1.1" 301 0 "-" "Mozilla/5.0 AppleWebKit/537.36 (KHTML, like Gecko; compatible; bingbot/2.0; +http://www.bing.com/bingbot.htm) Chrome/116.0.1938.76 Safari/537.36"
198.54.116.86 - - [21/Apr/2025:08:24:14 -0400] "POST /wp-admin/admin-ajax.php?action=async_litespeed&nonce=MFEJKxkWGyKvmY7emjJyOVHF2r5DdUG3&litespeed_type=imgoptm HTTP/1.1" 200 21 "-" "WordPress/6.8; https://servethepeopleinc.org"
198.54.116.86 - - [21/Apr/2025:08:24:50 -0400] "POST /wp-cron.php?doing_wp_cron=1745238290.2382109165191650390625 HTTP/1.1" 200 0 "-" "WordPress/6.8; https://servethepeopleinc.org"
52.167.144.141 - - [21/Apr/2025:08:24:50 -0400] "GET /shopping/13864094.shtml HTTP/1.1" 301 0 "-" "Mozilla/5.0 AppleWebKit/537.36 (KHTML, like Gecko; compatible; bingbot/2.0; +http://www.bing.com/bingbot.htm) Chrome/116.0.1938.76 Safari/537.36"
66.249.65.169 - - [21/Apr/2025:08:24:51 -0400] "GET /items/67952430.shtml HTTP/1.1" 404 16941 "-" "Mozilla/5.0 (compatible; Googlebot/2.1; +http://www.google.com/bot.html)"
198.54.116.86 - - [21/Apr/2025:08:25:07 -0400] "POST /wp-cron.php?doing_wp_cron=1745238307.9169299602508544921875 HTTP/1.1" 200 0 "-" "WordPress/6.8; https://servethepeopleinc.org"
52.167.144.141 - - [21/Apr/2025:08:25:07 -0400] "GET /shopbrand108253736.shtml HTTP/1.1" 301 0 "-" "Mozilla/5.0 AppleWebKit/537.36 (KHTML, like Gecko; compatible; bingbot/2.0; +http://www.bing.com/bingbot.htm) Chrome/116.0.1938.76 Safari/537.36"
198.54.116.86 - - [21/Apr/2025:08:25:08 -0400] "POST /wp-admin/admin-ajax.php?action=async_litespeed&nonce=d88rWEYdEhmRtfMlkPoWdnXlAvHESIC7&litespeed_type=imgoptm HTTP/1.1" 200 21 "-" "WordPress/6.8; https://servethepeopleinc.org"
198.54.116.86 - - [21/Apr/2025:08:25:20 -0400] "POST /wp-cron.php?doing_wp_cron=1745238320.7277801036834716796875 HTTP/1.1" 200 0 "-" "WordPress/6.8; https://servethepeopleinc.org"
52.167.144.216 - - [21/Apr/2025:08:25:20 -0400] "GET /detail/microtome46573108.shtml HTTP/1.1" 301 0 "-" "Mozilla/5.0 AppleWebKit/537.36 (KHTML, like Gecko; compatible; bingbot/2.0; +http://www.bing.com/bingbot.htm) Chrome/116.0.1938.76 Safari/537.36"
40.77.167.136 - - [21/Apr/2025:08:25:29 -0400] "GET /goods24553536.shtml HTTP/1.1" 404 16941 "-" "Mozilla/5.0 AppleWebKit/537.36 (KHTML, like Gecko; compatible; bingbot/2.0; +http://www.bing.com/bingbot.htm) Chrome/116.0.1938.76 Safari/537.36"
40.77.167.136 - - [21/Apr/2025:08:25:47 -0400] "GET /items105639744.shtml HTTP/1.1" 404 16943 "-" "Mozilla/5.0 AppleWebKit/537.36 (KHTML, like Gecko; compatible; bingbot/2.0; +http://www.bing.com/bingbot.htm) Chrome/116.0.1938.76 Safari/537.36"
66.249.65.168 - - [21/Apr/2025:08:25:54 -0400] "GET /shopping/psc/honeycolored/67743496.shtml HTTP/1.1" 404 16951 "-" "Mozilla/5.0 (Linux; Android 6.0.1; Nexus 5X Build/MMB29P) AppleWebKit/537.36 (KHTML, like Gecko) Chrome/135.0.7049.95 Mobile Safari/537.36 (compatible; Googlebot/2.1; +http://www.google.com/bot.html)"
40.77.167.136 - - [21/Apr/2025:08:25:59 -0400] "GET /info45117134.shtml HTTP/1.1" 404 16940 "-" "Mozilla/5.0 AppleWebKit/537.36 (KHTML, like Gecko; compatible; bingbot/2.0; +http://www.bing.com/bingbot.htm) Chrome/116.0.1938.76 Safari/537.36"
198.54.116.86 - - [21/Apr/2025:08:26:19 -0400] "POST /wp-cron.php?doing_wp_cron=1745238379.9193239212036132812500 HTTP/1.1" 200 0 "-" "WordPress/6.8; https://servethepeopleinc.org"
52.167.144.166 - - [21/Apr/2025:08:26:19 -0400] "GET /goodscode58047356.shtml HTTP/1.1" 404 16944 "-" "Mozilla/5.0 AppleWebKit/537.36 (KHTML, like Gecko; compatible; bingbot/2.0; +http://www.bing.com/bingbot.htm) Chrome/116.0.1938.76 Safari/537.36"
198.54.116.86 - - [21/Apr/2025:08:26:20 -0400] "POST /wp-admin/admin-ajax.php?action=async_litespeed&nonce=eEtw8DkLp8Xf4p5zavkWqhGOU3MX8gND&litespeed_type=imgoptm HTTP/1.1" 200 21 "-" "WordPress/6.8; https://servethepeopleinc.org"
52.167.144.166 - - [21/Apr/2025:08:26:38 -0400] "GET /info/pm/manageability122158932.shtml HTTP/1.1" 404 16953 "-" "Mozilla/5.0 AppleWebKit/537.36 (KHTML, like Gecko; compatible; bingbot/2.0; +http://www.bing.com/bingbot.htm) Chrome/116.0.1938.76 Safari/537.36"
40.77.167.42 - - [21/Apr/2025:08:26:42 -0400] "GET /shopbrand6874438.shtml HTTP/1.1" 301 0 "-" "Mozilla/5.0 AppleWebKit/537.36 (KHTML, like Gecko; compatible; bingbot/2.0; +http://www.bing.com/bingbot.htm) Chrome/116.0.1938.76 Safari/537.36"
52.167.144.166 - - [21/Apr/2025:08:26:48 -0400] "GET /info/gallowstree/46267112.shtml HTTP/1.1" 404 16950 "-" "Mozilla/5.0 AppleWebKit/537.36 (KHTML, like Gecko; compatible; bingbot/2.0; +http://www.bing.com/bingbot.htm) Chrome/116.0.1938.76 Safari/537.36"
198.54.116.86 - - [21/Apr/2025:08:29:15 -0400] "POST /wp-cron.php?doing_wp_cron=1745238555.5007789134979248046875 HTTP/1.1" 200 0 "-" "WordPress/6.8; https://servethepeopleinc.org"
52.167.144.140 - - [21/Apr/2025:08:29:15 -0400] "GET /product/85415316.shtml HTTP/1.1" 404 16941 "-" "Mozilla/5.0 AppleWebKit/537.36 (KHTML, like Gecko; compatible; bingbot/2.0; +http://www.bing.com/bingbot.htm) Chrome/116.0.1938.76 Safari/537.36"
198.54.116.86 - - [21/Apr/2025:08:29:15 -0400] "POST /wp-admin/admin-ajax.php?action=async_litespeed&nonce=zlnp5d3kZjyOWUAu6FOuD7Ul6DOrM8Gk&litespeed_type=imgoptm HTTP/1.1" 200 21 "-" "WordPress/6.8; https://servethepeopleinc.org"
198.54.116.86 - - [21/Apr/2025:08:27:08 -0400] "POST /wp-cron.php?doing_wp_cron=1745238428.2714989185333251953125 HTTP/1.1" 200 0 "-" "WordPress/6.8; https://servethepeopleinc.org"
52.167.144.172 - - [21/Apr/2025:08:27:08 -0400] "GET /product508682.shtml HTTP/1.1" 404 16942 "-" "Mozilla/5.0 AppleWebKit/537.36 (KHTML, like Gecko; compatible; bingbot/2.0; +http://www.bing.com/bingbot.htm) Chrome/116.0.1938.76 Safari/537.36"
198.54.116.86 - - [21/Apr/2025:08:27:08 -0400] "POST /wp-admin/admin-ajax.php?action=async_litespeed&nonce=oAl5kbn4LJUo4ri2mtodOoy2s4gZ8qeE&litespeed_type=imgoptm HTTP/1.1" 200 21 "-" "WordPress/6.8; https://servethepeopleinc.org"
198.54.116.86 - - [21/Apr/2025:08:27:41 -0400] "POST /wp-cron.php?doing_wp_cron=1745238461.2442390918731689453125 HTTP/1.1" 200 0 "-" "WordPress/6.8; https://servethepeopleinc.org"
52.167.144.166 - - [21/Apr/2025:08:27:41 -0400] "GET /product/supertonic7393134.shtml HTTP/1.1" 404 16941 "-" "Mozilla/5.0 AppleWebKit/537.36 (KHTML, like Gecko; compatible; bingbot/2.0; +http://www.bing.com/bingbot.htm) Chrome/116.0.1938.76 Safari/537.36"
52.167.144.140 - - [21/Apr/2025:08:28:03 -0400] "GET /products/whk/falanouc21553334.shtml HTTP/1.1" 404 16954 "-" "Mozilla/5.0 AppleWebKit/537.36 (KHTML, like Gecko; compatible; bingbot/2.0; +http://www.bing.com/bingbot.htm) Chrome/116.0.1938.76 Safari/537.36"
198.54.116.86 - - [21/Apr/2025:08:28:07 -0400] "POST /wp-cron.php?doing_wp_cron=1745238487.7006890773773193359375 HTTP/1.1" 200 0 "-" "WordPress/6.8; https://servethepeopleinc.org"
52.167.144.140 - - [21/Apr/2025:08:28:07 -0400] "GET /info/wryneck90710320.shtml HTTP/1.1" 404 16942 "-" "Mozilla/5.0 AppleWebKit/537.36 (KHTML, like Gecko; compatible; bingbot/2.0; +http://www.bing.com/bingbot.htm) Chrome/116.0.1938.76 Safari/537.36"
198.54.116.86 - - [21/Apr/2025:08:28:07 -0400] "POST /wp-admin/admin-ajax.php?action=async_litespeed&nonce=rwlHRNF2i4aF1vdIsiSWYfM6BYDN56XS&litespeed_type=imgoptm HTTP/1.1" 200 21 "-" "WordPress/6.8; https://servethepeopleinc.org"
198.54.116.86 - - [21/Apr/2025:08:28:25 -0400] "POST /wp-cron.php?doing_wp_cron=1745238505.6088240146636962890625 HTTP/1.1" 200 0 "-" "WordPress/6.8; https://servethepeopleinc.org"
66.249.65.170 - - [21/Apr/2025:08:28:25 -0400] "GET /item42274260.shtml HTTP/1.1" 404 16941 "-" "Mozilla/5.0 (Linux; Android 6.0.1; Nexus 5X Build/MMB29P) AppleWebKit/537.36 (KHTML, like Gecko) Chrome/135.0.7049.95 Mobile Safari/537.36 (compatible; Googlebot/2.1; +http://www.google.com/bot.html)"
52.167.144.141 - - [21/Apr/2025:08:28:30 -0400] "GET /goodscode/8589232.shtml HTTP/1.1" 301 0 "-" "Mozilla/5.0 AppleWebKit/537.36 (KHTML, like Gecko; compatible; bingbot/2.0; +http://www.bing.com/bingbot.htm) Chrome/116.0.1938.76 Safari/537.36"
40.77.167.71 - - [21/Apr/2025:08:28:39 -0400] "GET /special/fascet/10316272.shtml HTTP/1.1" 301 0 "-" "Mozilla/5.0 AppleWebKit/537.36 (KHTML, like Gecko; compatible; bingbot/2.0; +http://www.bing.com/bingbot.htm) Chrome/116.0.1938.76 Safari/537.36"
40.77.167.71 - - [21/Apr/2025:08:28:50 -0400] "GET /shopbrand/hackee/ HTTP/1.1" 301 0 "-" "Mozilla/5.0 AppleWebKit/537.36 (KHTML, like Gecko; compatible; bingbot/2.0; +http://www.bing.com/bingbot.htm) Chrome/116.0.1938.76 Safari/537.36"
40.77.167.71 - - [21/Apr/2025:08:28:57 -0400] "GET /special/concrescive51322634.shtml HTTP/1.1" 301 0 "-" "Mozilla/5.0 AppleWebKit/537.36 (KHTML, like Gecko; compatible; bingbot/2.0; +http://www.bing.com/bingbot.htm) Chrome/116.0.1938.76 Safari/537.36"
66.249.65.168 - - [21/Apr/2025:08:29:00 -0400] "GET /info/122396396.shtml HTTP/1.1" 404 16942 "-" "Mozilla/5.0 (Linux; Android 6.0.1; Nexus 5X Build/MMB29P) AppleWebKit/537.36 (KHTML, like Gecko) Chrome/135.0.7049.95 Mobile Safari/537.36 (compatible; Googlebot/2.1; +http://www.google.com/bot.html)"
198.54.116.86 - - [21/Apr/2025:08:29:29 -0400] "POST /wp-cron.php?doing_wp_cron=1745238569.4593110084533691406250 HTTP/1.1" 200 0 "-" "WordPress/6.8; https://servethepeopleinc.org"
52.167.144.141 - - [21/Apr/2025:08:29:29 -0400] "GET /shopbrand/49444022.shtml HTTP/1.1" 301 0 "-" "Mozilla/5.0 AppleWebKit/537.36 (KHTML, like Gecko; compatible; bingbot/2.0; +http://www.bing.com/bingbot.htm) Chrome/116.0.1938.76 Safari/537.36"
52.167.144.172 - - [21/Apr/2025:08:29:48 -0400] "GET /info/staithman74816696.shtml HTTP/1.1" 404 16937 "-" "Mozilla/5.0 AppleWebKit/537.36 (KHTML, like Gecko; compatible; bingbot/2.0; +http://www.bing.com/bingbot.htm) Chrome/116.0.1938.76 Safari/537.36"
198.54.116.86 - - [21/Apr/2025:08:30:18 -0400] "POST /wp-cron.php?doing_wp_cron=1745238618.4541399478912353515625 HTTP/1.1" 200 0 "-" "WordPress/6.8; https://servethepeopleinc.org"
66.249.65.170 - - [21/Apr/2025:08:30:18 -0400] "GET /product/zc/certainly5391856.shtml HTTP/1.1" 404 16951 "-" "Mozilla/5.0 (Linux; Android 6.0.1; Nexus 5X Build/MMB29P) AppleWebKit/537.36 (KHTML, like Gecko) Chrome/135.0.7049.95 Mobile Safari/537.36 (compatible; Googlebot/2.1; +http://www.google.com/bot.html)"
198.54.116.86 - - [21/Apr/2025:08:30:18 -0400] "POST /wp-admin/admin-ajax.php?action=async_litespeed&nonce=zJLm6MvE5bTYyiYvFQiE7B4TYe8NkOiG&litespeed_type=imgoptm HTTP/1.1" 200 21 "-" "WordPress/6.8; https://servethepeopleinc.org"
52.167.144.141 - - [21/Apr/2025:08:30:28 -0400] "GET /goodscode/ju/egoist96976068.shtml HTTP/1.1" 301 0 "-" "Mozilla/5.0 AppleWebKit/537.36 (KHTML, like Gecko; compatible; bingbot/2.0; +http://www.bing.com/bingbot.htm) Chrome/116.0.1938.76 Safari/537.36"
52.167.144.184 - - [21/Apr/2025:08:30:49 -0400] "GET /info/xjw/hemisection25538080.shtml HTTP/1.1" 404 16954 "-" "Mozilla/5.0 AppleWebKit/537.36 (KHTML, like Gecko; compatible; bingbot/2.0; +http://www.bing.com/bingbot.htm) Chrome/116.0.1938.76 Safari/537.36"
52.167.144.172 - - [21/Apr/2025:08:30:53 -0400] "GET /products/cackle101603372.shtml HTTP/1.1" 404 16943 "-" "Mozilla/5.0 AppleWebKit/537.36 (KHTML, like Gecko; compatible; bingbot/2.0; +http://www.bing.com/bingbot.htm) Chrome/116.0.1938.76 Safari/537.36"
52.167.144.218 - - [21/Apr/2025:08:30:54 -0400] "GET /shopbrand/theiform/12842440.shtml HTTP/1.1" 301 0 "-" "Mozilla/5.0 AppleWebKit/537.36 (KHTML, like Gecko; compatible; bingbot/2.0; +http://www.bing.com/bingbot.htm) Chrome/116.0.1938.76 Safari/537.36"
51.222.253.20 - - [21/Apr/2025:08:31:05 -0400] "GET /entity19944100.shtml HTTP/1.1" 404 16941 "-" "Mozilla/5.0 (compatible; AhrefsBot/7.0; +http://ahrefs.com/robot/)"
198.54.116.86 - - [21/Apr/2025:08:31:29 -0400] "POST /wp-cron.php?doing_wp_cron=1745238689.2206709384918212890625 HTTP/1.1" 200 0 "-" "WordPress/6.8; https://servethepeopleinc.org"
52.167.144.218 - - [21/Apr/2025:08:31:29 -0400] "GET /shopping/rsu/phototactic/36403244.shtml HTTP/1.1" 301 0 "-" "Mozilla/5.0 AppleWebKit/537.36 (KHTML, like Gecko; compatible; bingbot/2.0; +http://www.bing.com/bingbot.htm) Chrome/116.0.1938.76 Safari/537.36"
198.54.116.86 - - [21/Apr/2025:08:31:29 -0400] "POST /wp-admin/admin-ajax.php?action=async_litespeed&nonce=HTbo0U86m6mpT91mMMOS0QOQg1zBrbGX&litespeed_type=imgoptm HTTP/1.1" 200 21 "-" "WordPress/6.8; https://servethepeopleinc.org"
198.54.116.86 - - [21/Apr/2025:08:32:13 -0400] "POST /wp-cron.php?doing_wp_cron=1745238733.3916680812835693359375 HTTP/1.1" 200 0 "-" "WordPress/6.8; https://servethepeopleinc.org"
52.167.144.140 - - [21/Apr/2025:08:32:13 -0400] "GET /product/werewolves114140880.shtml HTTP/1.1" 404 16943 "-" "Mozilla/5.0 AppleWebKit/537.36 (KHTML, like Gecko; compatible; bingbot/2.0; +http://www.bing.com/bingbot.htm) Chrome/116.0.1938.76 Safari/537.36"
198.54.116.86 - - [21/Apr/2025:08:32:13 -0400] "POST /wp-admin/admin-ajax.php?action=async_litespeed&nonce=JxpBMiQia6uZWJkJMb4gQ3eP0C4hWdhW&litespeed_type=imgoptm HTTP/1.1" 200 21 "-" "WordPress/6.8; https://servethepeopleinc.org"
198.54.116.86 - - [21/Apr/2025:08:32:21 -0400] "POST /wp-cron.php?doing_wp_cron=1745238741.4449570178985595703125 HTTP/1.1" 200 0 "-" "WordPress/6.8; https://servethepeopleinc.org"
66.249.65.170 - - [21/Apr/2025:08:32:21 -0400] "GET /item/4390490.shtml HTTP/1.1" 404 16941 "-" "Mozilla/5.0 (Linux; Android 6.0.1; Nexus 5X Build/MMB29P) AppleWebKit/537.36 (KHTML, like Gecko) Chrome/135.0.7049.95 Mobile Safari/537.36 (compatible; Googlebot/2.1; +http://www.google.com/bot.html)"
52.167.144.140 - - [21/Apr/2025:08:32:55 -0400] "GET /shopbrand72903112.shtml HTTP/1.1" 404 16943 "-" "Mozilla/5.0 AppleWebKit/537.36 (KHTML, like Gecko; compatible; bingbot/2.0; +http://www.bing.com/bingbot.htm) Chrome/116.0.1938.76 Safari/537.36"
66.249.65.168 - - [21/Apr/2025:08:33:00 -0400] "GET /goodscode/testa/6741294.shtml HTTP/1.1" 404 16951 "-" "Mozilla/5.0 (Linux; Android 6.0.1; Nexus 5X Build/MMB29P) AppleWebKit/537.36 (KHTML, like Gecko) Chrome/135.0.7049.95 Mobile Safari/537.36 (compatible; Googlebot/2.1; +http://www.google.com/bot.html)"
198.54.116.86 - - [21/Apr/2025:08:33:51 -0400] "POST /wp-cron.php?doing_wp_cron=1745238831.0325739383697509765625 HTTP/1.1" 200 0 "-" "WordPress/6.8; https://servethepeopleinc.org"
52.167.144.184 - - [21/Apr/2025:08:33:50 -0400] "GET /shopbrand/luminous5370960.shtml HTTP/1.1" 404 16944 "-" "Mozilla/5.0 AppleWebKit/537.36 (KHTML, like Gecko; compatible; bingbot/2.0; +http://www.bing.com/bingbot.htm) Chrome/116.0.1938.76 Safari/537.36"
198.54.116.86 - - [21/Apr/2025:08:33:51 -0400] "POST /wp-admin/admin-ajax.php?action=async_litespeed&nonce=UHQFXLWfEAiaSBouKsTLoZ9EEW4EEpHA&litespeed_type=imgoptm HTTP/1.1" 200 21 "-" "WordPress/6.8; https://servethepeopleinc.org"
52.167.144.140 - - [21/Apr/2025:08:33:54 -0400] "GET /special/scriptorium/ HTTP/1.1" 404 16942 "-" "Mozilla/5.0 AppleWebKit/537.36 (KHTML, like Gecko; compatible; bingbot/2.0; +http://www.bing.com/bingbot.htm) Chrome/116.0.1938.76 Safari/537.36"
198.54.116.86 - - [21/Apr/2025:08:34:10 -0400] "POST /wp-cron.php?doing_wp_cron=1745238850.6864109039306640625000 HTTP/1.1" 200 0 "-" "WordPress/6.8; https://servethepeopleinc.org"
52.167.144.218 - - [21/Apr/2025:08:34:10 -0400] "GET /shopbrand/ey/succinyl68423418.shtml HTTP/1.1" 301 0 "-" "Mozilla/5.0 AppleWebKit/537.36 (KHTML, like Gecko; compatible; bingbot/2.0; +http://www.bing.com/bingbot.htm) Chrome/116.0.1938.76 Safari/537.36"
198.54.116.86 - - [21/Apr/2025:08:34:10 -0400] "POST /wp-admin/admin-ajax.php?action=async_litespeed&nonce=NeRtCUlqKqOABKpsqJN8Y3P2bOKXNZBX&litespeed_type=imgoptm HTTP/1.1" 200 21 "-" "WordPress/6.8; https://servethepeopleinc.org"
198.54.116.86 - - [21/Apr/2025:08:35:00 -0400] "POST /wp-cron.php?doing_wp_cron=1745238900.5472769737243652343750 HTTP/1.1" 200 0 "-" "WordPress/6.8; https://servethepeopleinc.org"
40.77.167.71 - - [21/Apr/2025:08:35:00 -0400] "GET /items3057458.shtml HTTP/1.1" 301 0 "-" "Mozilla/5.0 AppleWebKit/537.36 (KHTML, like Gecko; compatible; bingbot/2.0; +http://www.bing.com/bingbot.htm) Chrome/116.0.1938.76 Safari/537.36"
198.54.116.86 - - [21/Apr/2025:08:35:10 -0400] "POST /wp-cron.php?doing_wp_cron=1745238910.9040849208831787109375 HTTP/1.1" 200 0 "-" "WordPress/6.8; https://servethepeopleinc.org"
52.167.144.218 - - [21/Apr/2025:08:35:10 -0400] "GET /products115000952.shtml HTTP/1.1" 301 0 "-" "Mozilla/5.0 AppleWebKit/537.36 (KHTML, like Gecko; compatible; bingbot/2.0; +http://www.bing.com/bingbot.htm) Chrome/116.0.1938.76 Safari/537.36"
198.54.116.86 - - [21/Apr/2025:08:35:11 -0400] "POST /wp-admin/admin-ajax.php?action=async_litespeed&nonce=TbpALVitt3pCqBQZvrZZeL7ZJGGRzwmj&litespeed_type=imgoptm HTTP/1.1" 200 21 "-" "WordPress/6.8; https://servethepeopleinc.org"
66.249.65.169 - - [21/Apr/2025:08:35:14 -0400] "GET /special/evacuation/3316132.shtml HTTP/1.1" 404 16952 "-" "Mozilla/5.0 (Linux; Android 6.0.1; Nexus 5X Build/MMB29P) AppleWebKit/537.36 (KHTML, like Gecko) Chrome/135.0.7049.95 Mobile Safari/537.36 (compatible; Googlebot/2.1; +http://www.google.com/bot.html)"
198.54.116.86 - - [21/Apr/2025:08:35:16 -0400] "POST /wp-cron.php?doing_wp_cron=1745238916.7182660102844238281250 HTTP/1.1" 200 0 "-" "WordPress/6.8; https://servethepeopleinc.org"
52.167.144.140 - - [21/Apr/2025:08:35:16 -0400] "GET /info31761676.shtml HTTP/1.1" 404 16941 "-" "Mozilla/5.0 AppleWebKit/537.36 (KHTML, like Gecko; compatible; bingbot/2.0; +http://www.bing.com/bingbot.htm) Chrome/116.0.1938.76 Safari/537.36"
66.249.65.170 - - [21/Apr/2025:08:35:17 -0400] "GET /info/ds/rondeleti4684360.shtml HTTP/1.1" 404 16952 "-" "Mozilla/5.0 (Linux; Android 6.0.1; Nexus 5X Build/MMB29P) AppleWebKit/537.36 (KHTML, like Gecko) Chrome/135.0.7049.95 Mobile Safari/537.36 (compatible; Googlebot/2.1; +http://www.google.com/bot.html)"
52.167.144.184 - - [21/Apr/2025:08:35:31 -0400] "GET /shopdetail51710400.shtml HTTP/1.1" 404 16944 "-" "Mozilla/5.0 AppleWebKit/537.36 (KHTML, like Gecko; compatible; bingbot/2.0; +http://www.bing.com/bingbot.htm) Chrome/116.0.1938.76 Safari/537.36"
52.167.144.172 - - [21/Apr/2025:08:35:40 -0400] "GET /info39229622.shtml HTTP/1.1" 404 16942 "-" "Mozilla/5.0 AppleWebKit/537.36 (KHTML, like Gecko; compatible; bingbot/2.0; +http://www.bing.com/bingbot.htm) Chrome/116.0.1938.76 Safari/537.36"
52.167.144.184 - - [21/Apr/2025:08:35:44 -0400] "GET /items39651780.shtml HTTP/1.1" 404 16941 "-" "Mozilla/5.0 AppleWebKit/537.36 (KHTML, like Gecko; compatible; bingbot/2.0; +http://www.bing.com/bingbot.htm) Chrome/116.0.1938.76 Safari/537.36"
198.54.116.86 - - [21/Apr/2025:08:36:14 -0400] "POST /wp-cron.php?doing_wp_cron=1745238974.9661710262298583984375 HTTP/1.1" 200 0 "-" "WordPress/6.8; https://servethepeopleinc.org"
