40.77.167.74 - - [21/Apr/2025:09:01:32 -0400] "GET /shopping/housecarl/51221096.shtml HTTP/1.1" 301 0 "-" "Mozilla/5.0 AppleWebKit/537.36 (KHTML, like Gecko; compatible; bingbot/2.0; +http://www.bing.com/bingbot.htm) Chrome/116.0.1938.76 Safari/537.36"
40.77.167.156 - - [21/Apr/2025:09:01:35 -0400] "GET /products89065532.shtml HTTP/1.1" 404 16943 "-" "Mozilla/5.0 AppleWebKit/537.36 (KHTML, like Gecko; compatible; bingbot/2.0; +http://www.bing.com/bingbot.htm) Chrome/116.0.1938.76 Safari/537.36"
52.167.144.187 - - [21/Apr/2025:09:01:45 -0400] "GET /goodscode68406996.shtml HTTP/1.1" 404 16941 "-" "Mozilla/5.0 AppleWebKit/537.36 (KHTML, like Gecko; compatible; bingbot/2.0; +http://www.bing.com/bingbot.htm) Chrome/116.0.1938.76 Safari/537.36"
40.77.167.3 - - [21/Apr/2025:09:01:49 -0400] "GET /detail/31579574.shtml HTTP/1.1" 404 16942 "-" "Mozilla/5.0 AppleWebKit/537.36 (KHTML, like Gecko; compatible; bingbot/2.0; +http://www.bing.com/bingbot.htm) Chrome/116.0.1938.76 Safari/537.36"
198.54.116.86 - - [21/Apr/2025:09:02:31 -0400] "POST /wp-cron.php?doing_wp_cron=1745240551.2450270652770996093750 HTTP/1.1" 200 0 "-" "WordPress/6.8; https://servethepeopleinc.org"
40.77.167.74 - - [21/Apr/2025:09:02:31 -0400] "GET /shopping/6773638.shtml HTTP/1.1" 301 0 "-" "Mozilla/5.0 AppleWebKit/537.36 (KHTML, like Gecko; compatible; bingbot/2.0; +http://www.bing.com/bingbot.htm) Chrome/116.0.1938.76 Safari/537.36"
198.54.116.86 - - [21/Apr/2025:09:02:31 -0400] "POST /wp-admin/admin-ajax.php?action=async_litespeed&nonce=PkPpcY4H4GATIsUOm2aF9sWVZ0cG0wD0&litespeed_type=imgoptm HTTP/1.1" 200 21 "-" "WordPress/6.8; https://servethepeopleinc.org"
52.167.144.18 - - [21/Apr/2025:09:02:41 -0400] "GET /items/litho/46958536.shtml HTTP/1.1" 301 0 "-" "Mozilla/5.0 AppleWebKit/537.36 (KHTML, like Gecko; compatible; bingbot/2.0; +http://www.bing.com/bingbot.htm) Chrome/116.0.1938.76 Safari/537.36"
66.249.65.169 - - [21/Apr/2025:09:02:45 -0400] "GET /shopping/nonmoving/6637156.shtml HTTP/1.1" 404 16951 "-" "Mozilla/5.0 (Linux; Android 6.0.1; Nexus 5X Build/MMB29P) AppleWebKit/537.36 (KHTML, like Gecko) Chrome/135.0.7049.95 Mobile Safari/537.36 (compatible; Googlebot/2.1; +http://www.google.com/bot.html)"
198.54.116.86 - - [21/Apr/2025:09:03:10 -0400] "POST /wp-cron.php?doing_wp_cron=1745240590.4573409557342529296875 HTTP/1.1" 200 0 "-" "WordPress/6.8; https://servethepeopleinc.org"
66.249.65.168 - - [21/Apr/2025:09:03:10 -0400] "GET /product/mtw/impire2651502.shtml HTTP/1.1" 404 16951 "-" "Mozilla/5.0 (Linux; Android 6.0.1; Nexus 5X Build/MMB29P) AppleWebKit/537.36 (KHTML, like Gecko) Chrome/135.0.7049.95 Mobile Safari/537.36 (compatible; Googlebot/2.1; +http://www.google.com/bot.html)"
198.54.116.86 - - [21/Apr/2025:09:03:10 -0400] "POST /wp-admin/admin-ajax.php?action=async_litespeed&nonce=MuE2oJXWNbp7D676KqibOtpLwrTByDLY&litespeed_type=imgoptm HTTP/1.1" 200 21 "-" "WordPress/6.8; https://servethepeopleinc.org"
52.167.144.18 - - [21/Apr/2025:09:03:14 -0400] "GET /shopbrand/xa/fathomed2643160.shtml HTTP/1.1" 301 0 "-" "Mozilla/5.0 AppleWebKit/537.36 (KHTML, like Gecko; compatible; bingbot/2.0; +http://www.bing.com/bingbot.htm) Chrome/116.0.1938.76 Safari/537.36"
198.54.116.86 - - [21/Apr/2025:09:03:28 -0400] "POST /wp-cron.php?doing_wp_cron=1745240608.7206420898437500000000 HTTP/1.1" 200 0 "-" "WordPress/6.8; https://servethepeopleinc.org"
40.77.167.3 - - [21/Apr/2025:09:03:28 -0400] "GET /detail/78296194.shtml HTTP/1.1" 404 16943 "-" "Mozilla/5.0 AppleWebKit/537.36 (KHTML, like Gecko; compatible; bingbot/2.0; +http://www.bing.com/bingbot.htm) Chrome/116.0.1938.76 Safari/537.36"
52.167.144.187 - - [21/Apr/2025:09:03:32 -0400] "GET /entity/synchronize/113333804.shtml HTTP/1.1" 404 16951 "-" "Mozilla/5.0 AppleWebKit/537.36 (KHTML, like Gecko; compatible; bingbot/2.0; +http://www.bing.com/bingbot.htm) Chrome/116.0.1938.76 Safari/537.36"
18.226.94.15 - - [21/Apr/2025:09:03:36 -0400] "GET /ad917/?path=%2Fhome%2F.%2F..%2F..%2Flib%2F.%2Flocale%2F..%2Fdebug%2Fsbin HTTP/1.1" 200 1452 "-" "Mozilla/5.0 AppleWebKit/537.36 (KHTML, like Gecko; compatible; ClaudeBot/1.0; +claudebot@anthropic.com)"
18.226.94.15 - - [21/Apr/2025:09:03:36 -0400] "GET /ad917/?path=%2Fhome%2F.%2F..%2Fproc%2F.%2F..%2Flib%2F..%2Flib%2Fbinfmt.d HTTP/1.1" 200 1442 "-" "Mozilla/5.0 AppleWebKit/537.36 (KHTML, like Gecko; compatible; ClaudeBot/1.0; +claudebot@anthropic.com)"
18.226.94.15 - - [21/Apr/2025:09:03:36 -0400] "GET /ad917/?path=%2Fhome%2F.%2F..%2Fproc%2F.%2F..%2Fproc%2Firq%2F7%2Fspurious HTTP/1.1" 200 992 "-" "Mozilla/5.0 AppleWebKit/537.36 (KHTML, like Gecko; compatible; ClaudeBot/1.0; +claudebot@anthropic.com)"
18.226.94.15 - - [21/Apr/2025:09:03:36 -0400] "GET /ad917/?path=%2Fhome%2F.%2F..%2F..%2F..%2Flib64%2F.%2Fbind%2F..%2Fxtables HTTP/1.1" 200 4504 "-" "Mozilla/5.0 AppleWebKit/537.36 (KHTML, like Gecko; compatible; ClaudeBot/1.0; +claudebot@anthropic.com)"
18.226.94.15 - - [21/Apr/2025:09:03:36 -0400] "GET /ad917/?path=%2Fhome%2F.%2F..%2Fproc%2F.%2F..%2Flib%2F..%2Flib64%2Fcrt1.o HTTP/1.1" 200 969 "-" "Mozilla/5.0 AppleWebKit/537.36 (KHTML, like Gecko; compatible; ClaudeBot/1.0; +claudebot@anthropic.com)"
18.226.94.15 - - [21/Apr/2025:09:03:37 -0400] "GET /ad917/?path=%2Fhome%2F.%2F..%2Fbin%2F.%2F..%2Fsbin%2F..%2Finclude%2Fmisc HTTP/1.1" 200 1573 "-" "Mozilla/5.0 AppleWebKit/537.36 (KHTML, like Gecko; compatible; ClaudeBot/1.0; +claudebot@anthropic.com)"
18.226.94.15 - - [21/Apr/2025:09:03:37 -0400] "GET /ad917/?path=%2Fhome%2Fservlmvm%2Fwww%2Fwp-admin%2F.%2Fjs%2Fsite-icon.js HTTP/1.1" 200 2922 "-" "Mozilla/5.0 AppleWebKit/537.36 (KHTML, like Gecko; compatible; ClaudeBot/1.0; +claudebot@anthropic.com)"
18.226.94.15 - - [21/Apr/2025:09:03:37 -0400] "GET /ad917/?path=%2Fhome%2F.%2F..%2Fbin%2F.%2F..%2Fsbin%2F..%2Finclude%2Fuuid HTTP/1.1" 200 1518 "-" "Mozilla/5.0 AppleWebKit/537.36 (KHTML, like Gecko; compatible; ClaudeBot/1.0; +claudebot@anthropic.com)"
18.226.94.15 - - [21/Apr/2025:09:03:37 -0400] "GET /ad917/?path=%2Fhome%2Fservlmvm%2Fwww%2Fwp-admin%2Fjs%2F..%2Fplugins.php HTTP/1.1" 200 9036 "-" "Mozilla/5.0 AppleWebKit/537.36 (KHTML, like Gecko; compatible; ClaudeBot/1.0; +claudebot@anthropic.com)"
18.226.94.15 - - [21/Apr/2025:09:03:37 -0400] "GET /ad917/?path=%2Fhome%2F.%2F..%2Flib%2Fdebug%2F.%2F.%2F..%2Ffirmware%2Fimx HTTP/1.1" 200 1464 "-" "Mozilla/5.0 AppleWebKit/537.36 (KHTML, like Gecko; compatible; ClaudeBot/1.0; +claudebot@anthropic.com)"
52.167.144.225 - - [21/Apr/2025:09:03:48 -0400] "GET /info48983760.shtml HTTP/1.1" 301 0 "-" "Mozilla/5.0 AppleWebKit/537.36 (KHTML, like Gecko; compatible; bingbot/2.0; +http://www.bing.com/bingbot.htm) Chrome/116.0.1938.76 Safari/537.36"
198.54.116.86 - - [21/Apr/2025:09:04:10 -0400] "POST /wp-cron.php?doing_wp_cron=1745240650.1425449848175048828125 HTTP/1.1" 200 0 "-" "WordPress/6.8; https://servethepeopleinc.org"
66.249.65.170 - - [21/Apr/2025:09:04:09 -0400] "GET /items/xm/zoetrope/205880.shtml HTTP/1.1" 404 16953 "-" "Mozilla/5.0 (Linux; Android 6.0.1; Nexus 5X Build/MMB29P) AppleWebKit/537.36 (KHTML, like Gecko) Chrome/135.0.7049.95 Mobile Safari/537.36 (compatible; Googlebot/2.1; +http://www.google.com/bot.html)"
198.54.116.86 - - [21/Apr/2025:09:04:10 -0400] "POST /wp-admin/admin-ajax.php?action=async_litespeed&nonce=t8KEvBxDJ4bQVESqexZ5OzWgxnRPh4Oe&litespeed_type=imgoptm HTTP/1.1" 200 21 "-" "WordPress/6.8; https://servethepeopleinc.org"
198.54.116.86 - - [21/Apr/2025:09:04:16 -0400] "POST /wp-cron.php?doing_wp_cron=1745240656.8022789955139160156250 HTTP/1.1" 200 0 "-" "WordPress/6.8; https://servethepeopleinc.org"
52.167.144.225 - - [21/Apr/2025:09:04:16 -0400] "GET /product52483684.shtml HTTP/1.1" 301 0 "-" "Mozilla/5.0 AppleWebKit/537.36 (KHTML, like Gecko; compatible; bingbot/2.0; +http://www.bing.com/bingbot.htm) Chrome/116.0.1938.76 Safari/537.36"
40.77.167.4 - - [21/Apr/2025:09:04:31 -0400] "GET /shopping/russe49431926.shtml HTTP/1.1" 301 0 "-" "Mozilla/5.0 AppleWebKit/537.36 (KHTML, like Gecko; compatible; bingbot/2.0; +http://www.bing.com/bingbot.htm) Chrome/116.0.1938.76 Safari/537.36"
40.77.167.4 - - [21/Apr/2025:09:04:52 -0400] "GET /special/69653534.shtml HTTP/1.1" 301 0 "-" "Mozilla/5.0 AppleWebKit/537.36 (KHTML, like Gecko; compatible; bingbot/2.0; +http://www.bing.com/bingbot.htm) Chrome/116.0.1938.76 Safari/537.36"
40.77.167.4 - - [21/Apr/2025:09:05:03 -0400] "GET /goodscode/8578142.shtml HTTP/1.1" 301 0 "-" "Mozilla/5.0 AppleWebKit/537.36 (KHTML, like Gecko; compatible; bingbot/2.0; +http://www.bing.com/bingbot.htm) Chrome/116.0.1938.76 Safari/537.36"
52.167.144.187 - - [21/Apr/2025:09:05:04 -0400] "GET /detail/117994648.shtml HTTP/1.1" 404 16939 "-" "Mozilla/5.0 AppleWebKit/537.36 (KHTML, like Gecko; compatible; bingbot/2.0; +http://www.bing.com/bingbot.htm) Chrome/116.0.1938.76 Safari/537.36"
198.54.116.86 - - [21/Apr/2025:09:05:12 -0400] "POST /wp-cron.php?doing_wp_cron=1745240712.7158849239349365234375 HTTP/1.1" 200 0 "-" "WordPress/6.8; https://servethepeopleinc.org"
66.249.65.169 - - [21/Apr/2025:09:05:12 -0400] "GET /goodscode/q/flatten76761342.shtml HTTP/1.1" 404 16952 "-" "Mozilla/5.0 (Linux; Android 6.0.1; Nexus 5X Build/MMB29P) AppleWebKit/537.36 (KHTML, like Gecko) Chrome/135.0.7049.95 Mobile Safari/537.36 (compatible; GoogleOther)"
198.54.116.86 - - [21/Apr/2025:09:05:12 -0400] "POST /wp-admin/admin-ajax.php?action=async_litespeed&nonce=wVtvvn3SvuGgLb2XlyTgXUFuCQQRLeO2&litespeed_type=imgoptm HTTP/1.1" 200 21 "-" "WordPress/6.8; https://servethepeopleinc.org"
52.167.144.187 - - [21/Apr/2025:09:05:15 -0400] "GET /product12222084.shtml HTTP/1.1" 404 16941 "-" "Mozilla/5.0 AppleWebKit/537.36 (KHTML, like Gecko; compatible; bingbot/2.0; +http://www.bing.com/bingbot.htm) Chrome/116.0.1938.76 Safari/537.36"
198.54.116.86 - - [21/Apr/2025:09:05:22 -0400] "POST /wp-cron.php?doing_wp_cron=1745240722.9033339023590087890625 HTTP/1.1" 200 0 "-" "WordPress/6.8; https://servethepeopleinc.org"
40.77.167.156 - - [21/Apr/2025:09:05:22 -0400] "GET /product/adjust/ HTTP/1.1" 404 16943 "-" "Mozilla/5.0 AppleWebKit/537.36 (KHTML, like Gecko; compatible; bingbot/2.0; +http://www.bing.com/bingbot.htm) Chrome/116.0.1938.76 Safari/537.36"
40.77.167.156 - - [21/Apr/2025:09:05:51 -0400] "GET /special5943546.shtml HTTP/1.1" 404 16942 "-" "Mozilla/5.0 AppleWebKit/537.36 (KHTML, like Gecko; compatible; bingbot/2.0; +http://www.bing.com/bingbot.htm) Chrome/116.0.1938.76 Safari/537.36"
40.77.167.156 - - [21/Apr/2025:09:05:56 -0400] "GET /product61088224.shtml HTTP/1.1" 404 16941 "-" "Mozilla/5.0 AppleWebKit/537.36 (KHTML, like Gecko; compatible; bingbot/2.0; +http://www.bing.com/bingbot.htm) Chrome/116.0.1938.76 Safari/537.36"
51.222.253.2 - - [21/Apr/2025:09:05:56 -0400] "GET /info/26732774.shtml HTTP/1.1" 404 16942 "-" "Mozilla/5.0 (compatible; AhrefsBot/7.0; +http://ahrefs.com/robot/)"
40.77.167.58 - - [21/Apr/2025:09:05:57 -0400] "GET /product/extortionary/46961440.shtml HTTP/1.1" 301 0 "-" "Mozilla/5.0 AppleWebKit/537.36 (KHTML, like Gecko; compatible; bingbot/2.0; +http://www.bing.com/bingbot.htm) Chrome/116.0.1938.76 Safari/537.36"
198.54.116.86 - - [21/Apr/2025:09:06:08 -0400] "POST /wp-cron.php?doing_wp_cron=1745240768.3978750705718994140625 HTTP/1.1" 200 0 "-" "WordPress/6.8; https://servethepeopleinc.org"
40.77.167.3 - - [21/Apr/2025:09:06:08 -0400] "GET /product77909812.shtml HTTP/1.1" 404 16943 "-" "Mozilla/5.0 AppleWebKit/537.36 (KHTML, like Gecko; compatible; bingbot/2.0; +http://www.bing.com/bingbot.htm) Chrome/116.0.1938.76 Safari/537.36"
198.54.116.86 - - [21/Apr/2025:09:06:08 -0400] "POST /wp-admin/admin-ajax.php?action=async_litespeed&nonce=n6fsDpIKiDQFR6eVvcOwiOLxSogYJQnk&litespeed_type=imgoptm HTTP/1.1" 200 21 "-" "WordPress/6.8; https://servethepeopleinc.org"
198.54.116.86 - - [21/Apr/2025:09:06:55 -0400] "POST /wp-cron.php?doing_wp_cron=1745240815.0021619796752929687500 HTTP/1.1" 200 0 "-" "WordPress/6.8; https://servethepeopleinc.org"
52.167.144.187 - - [21/Apr/2025:09:06:54 -0400] "GET /item/drowsiest93805216.shtml HTTP/1.1" 404 16943 "-" "Mozilla/5.0 AppleWebKit/537.36 (KHTML, like Gecko; compatible; bingbot/2.0; +http://www.bing.com/bingbot.htm) Chrome/116.0.1938.76 Safari/537.36"
198.54.116.86 - - [21/Apr/2025:09:07:12 -0400] "POST /wp-cron.php?doing_wp_cron=1745240832.6045830249786376953125 HTTP/1.1" 200 0 "-" "WordPress/6.8; https://servethepeopleinc.org"
40.77.167.156 - - [21/Apr/2025:09:07:12 -0400] "GET /categories/1525872?num=33617 HTTP/1.1" 404 16942 "-" "Mozilla/5.0 AppleWebKit/537.36 (KHTML, like Gecko; compatible; bingbot/2.0; +http://www.bing.com/bingbot.htm) Chrome/116.0.1938.76 Safari/537.36"
198.54.116.86 - - [21/Apr/2025:09:07:12 -0400] "POST /wp-admin/admin-ajax.php?action=async_litespeed&nonce=vTp2ok7PdphCIDsngtjYseQ54V13hA00&litespeed_type=imgoptm HTTP/1.1" 200 21 "-" "WordPress/6.8; https://servethepeopleinc.org"
198.54.116.86 - - [21/Apr/2025:09:07:17 -0400] "POST /wp-cron.php?doing_wp_cron=1745240837.2193300724029541015625 HTTP/1.1" 200 0 "-" "WordPress/6.8; https://servethepeopleinc.org"
40.77.167.3 - - [21/Apr/2025:09:07:17 -0400] "GET /goods23252066.shtml HTTP/1.1" 404 16942 "-" "Mozilla/5.0 AppleWebKit/537.36 (KHTML, like Gecko; compatible; bingbot/2.0; +http://www.bing.com/bingbot.htm) Chrome/116.0.1938.76 Safari/537.36"
66.249.65.169 - - [21/Apr/2025:09:07:25 -0400] "GET /detail/lineature3908348.shtml HTTP/1.1" 404 16942 "-" "Mozilla/5.0 (Linux; Android 6.0.1; Nexus 5X Build/MMB29P) AppleWebKit/537.36 (KHTML, like Gecko) Chrome/135.0.7049.95 Mobile Safari/537.36 (compatible; Googlebot/2.1; +http://www.google.com/bot.html)"
40.77.167.3 - - [21/Apr/2025:09:07:48 -0400] "GET /products/diverse66635734.shtml HTTP/1.1" 404 16944 "-" "Mozilla/5.0 AppleWebKit/537.36 (KHTML, like Gecko; compatible; bingbot/2.0; +http://www.bing.com/bingbot.htm) Chrome/116.0.1938.76 Safari/537.36"
52.167.144.187 - - [21/Apr/2025:09:08:04 -0400] "GET /shopdetail/housekeeper99845844.shtml HTTP/1.1" 404 16942 "-" "Mozilla/5.0 AppleWebKit/537.36 (KHTML, like Gecko; compatible; bingbot/2.0; +http://www.bing.com/bingbot.htm) Chrome/116.0.1938.76 Safari/537.36"
198.54.116.86 - - [21/Apr/2025:09:08:13 -0400] "POST /wp-cron.php?doing_wp_cron=1745240893.1888399124145507812500 HTTP/1.1" 200 0 "-" "WordPress/6.8; https://servethepeopleinc.org"
40.77.167.74 - - [21/Apr/2025:09:08:13 -0400] "GET /special/branchiomerism/45136418.shtml HTTP/1.1" 301 0 "-" "Mozilla/5.0 AppleWebKit/537.36 (KHTML, like Gecko; compatible; bingbot/2.0; +http://www.bing.com/bingbot.htm) Chrome/116.0.1938.76 Safari/537.36"
198.54.116.86 - - [21/Apr/2025:09:08:13 -0400] "POST /wp-admin/admin-ajax.php?action=async_litespeed&nonce=gfiSyACXi33OpgX8loMt690ViGldGFVi&litespeed_type=imgoptm HTTP/1.1" 200 21 "-" "WordPress/6.8; https://servethepeopleinc.org"
198.54.116.86 - - [21/Apr/2025:09:08:28 -0400] "POST /wp-cron.php?doing_wp_cron=1745240908.5001509189605712890625 HTTP/1.1" 200 0 "-" "WordPress/6.8; https://servethepeopleinc.org"
40.77.167.58 - - [21/Apr/2025:09:08:28 -0400] "GET /item60765012.shtml HTTP/1.1" 301 0 "-" "Mozilla/5.0 AppleWebKit/537.36 (KHTML, like Gecko; compatible; bingbot/2.0; +http://www.bing.com/bingbot.htm) Chrome/116.0.1938.76 Safari/537.36"
40.77.167.74 - - [21/Apr/2025:09:08:54 -0400] "GET /entity/multiplicate/68357314.shtml HTTP/1.1" 301 0 "-" "Mozilla/5.0 AppleWebKit/537.36 (KHTML, like Gecko; compatible; bingbot/2.0; +http://www.bing.com/bingbot.htm) Chrome/116.0.1938.76 Safari/537.36"
198.54.116.86 - - [21/Apr/2025:09:09:58 -0400] "POST /wp-cron.php?doing_wp_cron=1745240998.7127830982208251953125 HTTP/1.1" 200 0 "-" "WordPress/6.8; https://servethepeopleinc.org"
52.167.144.20 - - [21/Apr/2025:09:09:58 -0400] "GET /products/furnace/ HTTP/1.1" 404 16942 "-" "Mozilla/5.0 AppleWebKit/537.36 (KHTML, like Gecko; compatible; bingbot/2.0; +http://www.bing.com/bingbot.htm) Chrome/116.0.1938.76 Safari/537.36"
198.54.116.86 - - [21/Apr/2025:09:09:58 -0400] "POST /wp-admin/admin-ajax.php?action=async_litespeed&nonce=qETG1X8RaA6cEJsuxObfK4jdRaNUiHmG&litespeed_type=imgoptm HTTP/1.1" 200 21 "-" "WordPress/6.8; https://servethepeopleinc.org"
198.54.116.86 - - [21/Apr/2025:09:10:20 -0400] "POST /wp-cron.php?doing_wp_cron=1745241020.7187509536743164062500 HTTP/1.1" 200 0 "-" "WordPress/6.8; https://servethepeopleinc.org"
66.249.65.168 - - [21/Apr/2025:09:10:20 -0400] "GET /shopping29085500.shtml HTTP/1.1" 404 16942 "-" "Mozilla/5.0 (Linux; Android 6.0.1; Nexus 5X Build/MMB29P) AppleWebKit/537.36 (KHTML, like Gecko) Chrome/135.0.7049.95 Mobile Safari/537.36 (compatible; Googlebot/2.1; +http://www.google.com/bot.html)"
198.54.116.86 - - [21/Apr/2025:09:10:20 -0400] "POST /wp-admin/admin-ajax.php?action=async_litespeed&nonce=nXA1BKF48Uu1Yp1Lnlm3rMO3JpoA7MW5&litespeed_type=imgoptm HTTP/1.1" 200 21 "-" "WordPress/6.8; https://servethepeopleinc.org"
40.77.167.156 - - [21/Apr/2025:09:10:22 -0400] "GET /detail/118082102.shtml HTTP/1.1" 404 16942 "-" "Mozilla/5.0 AppleWebKit/537.36 (KHTML, like Gecko; compatible; bingbot/2.0; +http://www.bing.com/bingbot.htm) Chrome/116.0.1938.76 Safari/537.36"
40.77.167.156 - - [21/Apr/2025:09:10:32 -0400] "GET /shopping83481866.shtml HTTP/1.1" 404 16943 "-" "Mozilla/5.0 AppleWebKit/537.36 (KHTML, like Gecko; compatible; bingbot/2.0; +http://www.bing.com/bingbot.htm) Chrome/116.0.1938.76 Safari/537.36"
40.77.167.4 - - [21/Apr/2025:09:10:43 -0400] "GET /detail/escort/2625436.shtml HTTP/1.1" 301 0 "-" "Mozilla/5.0 AppleWebKit/537.36 (KHTML, like Gecko; compatible; bingbot/2.0; +http://www.bing.com/bingbot.htm) Chrome/116.0.1938.76 Safari/537.36"
198.54.116.86 - - [21/Apr/2025:09:11:12 -0400] "POST /wp-cron.php?doing_wp_cron=1745241072.9296219348907470703125 HTTP/1.1" 200 0 "-" "WordPress/6.8; https://servethepeopleinc.org"
52.167.144.161 - - [21/Apr/2025:09:11:12 -0400] "GET /shopbrand/teakettle112261274.shtml HTTP/1.1" 404 16941 "-" "Mozilla/5.0 AppleWebKit/537.36 (KHTML, like Gecko; compatible; bingbot/2.0; +http://www.bing.com/bingbot.htm) Chrome/116.0.1938.76 Safari/537.36"
198.54.116.86 - - [21/Apr/2025:09:11:13 -0400] "POST /wp-admin/admin-ajax.php?action=async_litespeed&nonce=XP91Kv2MEcyP5LM4W9EuOiPB8DdJ40e3&litespeed_type=imgoptm HTTP/1.1" 200 21 "-" "WordPress/6.8; https://servethepeopleinc.org"
198.54.116.86 - - [21/Apr/2025:09:11:16 -0400] "POST /wp-cron.php?doing_wp_cron=1745241076.3928461074829101562500 HTTP/1.1" 200 0 "-" "WordPress/6.8; https://servethepeopleinc.org"
52.167.144.187 - - [21/Apr/2025:09:11:16 -0400] "GET /shopdetail38937272.shtml HTTP/1.1" 404 16942 "-" "Mozilla/5.0 AppleWebKit/537.36 (KHTML, like Gecko; compatible; bingbot/2.0; +http://www.bing.com/bingbot.htm) Chrome/116.0.1938.76 Safari/537.36"
52.167.144.187 - - [21/Apr/2025:09:11:34 -0400] "GET /detail/l/disbar42406744.shtml HTTP/1.1" 404 16951 "-" "Mozilla/5.0 AppleWebKit/537.36 (KHTML, like Gecko; compatible; bingbot/2.0; +http://www.bing.com/bingbot.htm) Chrome/116.0.1938.76 Safari/537.36"
40.77.167.4 - - [21/Apr/2025:09:11:43 -0400] "GET /detail2912238.shtml HTTP/1.1" 301 0 "-" "Mozilla/5.0 AppleWebKit/537.36 (KHTML, like Gecko; compatible; bingbot/2.0; +http://www.bing.com/bingbot.htm) Chrome/116.0.1938.76 Safari/537.36"
40.77.167.243 - - [21/Apr/2025:09:11:53 -0400] "GET /shopping/ommateum13847144.shtml HTTP/1.1" 301 0 "-" "Mozilla/5.0 AppleWebKit/537.36 (KHTML, like Gecko; compatible; bingbot/2.0; +http://www.bing.com/bingbot.htm) Chrome/116.0.1938.76 Safari/537.36"
198.54.116.86 - - [21/Apr/2025:09:12:40 -0400] "POST /wp-cron.php?doing_wp_cron=1745241160.2542049884796142578125 HTTP/1.1" 200 0 "-" "WordPress/6.8; https://servethepeopleinc.org"
40.77.167.58 - - [21/Apr/2025:09:12:40 -0400] "GET /shopdetail/39812346.shtml HTTP/1.1" 301 0 "-" "Mozilla/5.0 AppleWebKit/537.36 (KHTML, like Gecko; compatible; bingbot/2.0; +http://www.bing.com/bingbot.htm) Chrome/116.0.1938.76 Safari/537.36"
198.54.116.86 - - [21/Apr/2025:09:12:40 -0400] "POST /wp-admin/admin-ajax.php?action=async_litespeed&nonce=AsViVvEU3VoQBkSN8vzt8RP9APf2x96u&litespeed_type=imgoptm HTTP/1.1" 200 21 "-" "WordPress/6.8; https://servethepeopleinc.org"
198.54.116.86 - - [21/Apr/2025:09:13:42 -0400] "POST /wp-cron.php?doing_wp_cron=1745241222.0898489952087402343750 HTTP/1.1" 200 0 "-" "WordPress/6.8; https://servethepeopleinc.org"
66.249.65.169 - - [21/Apr/2025:09:13:41 -0400] "GET /shopdetail112714072.shtml HTTP/1.1" 404 16942 "-" "Mozilla/5.0 (compatible; Googlebot/2.1; +http://www.google.com/bot.html)"
198.54.116.86 - - [21/Apr/2025:09:13:42 -0400] "POST /wp-admin/admin-ajax.php?action=async_litespeed&nonce=0HYBY4N9QuhV2n4PeV8bSBDi1PlyYS2a&litespeed_type=imgoptm HTTP/1.1" 200 21 "-" "WordPress/6.8; https://servethepeopleinc.org"
40.77.167.243 - - [21/Apr/2025:09:13:47 -0400] "GET /special50545010.shtml HTTP/1.1" 301 0 "-" "Mozilla/5.0 AppleWebKit/537.36 (KHTML, like Gecko; compatible; bingbot/2.0; +http://www.bing.com/bingbot.htm) Chrome/116.0.1938.76 Safari/537.36"
198.54.116.86 - - [21/Apr/2025:09:14:11 -0400] "POST /wp-cron.php?doing_wp_cron=1745241251.8076939582824707031250 HTTP/1.1" 200 0 "-" "WordPress/6.8; https://servethepeopleinc.org"
40.77.167.4 - - [21/Apr/2025:09:14:11 -0400] "GET /special42011608.shtml HTTP/1.1" 301 0 "-" "Mozilla/5.0 AppleWebKit/537.36 (KHTML, like Gecko; compatible; bingbot/2.0; +http://www.bing.com/bingbot.htm) Chrome/116.0.1938.76 Safari/537.36"
198.54.116.86 - - [21/Apr/2025:09:14:12 -0400] "POST /wp-admin/admin-ajax.php?action=async_litespeed&nonce=KgTeGomOsVFz77778u6mMKmZKV0MdX6G&litespeed_type=imgoptm HTTP/1.1" 200 21 "-" "WordPress/6.8; https://servethepeopleinc.org"
198.54.116.86 - - [21/Apr/2025:09:14:46 -0400] "POST /wp-cron.php?doing_wp_cron=1745241286.9538381099700927734375 HTTP/1.1" 200 0 "-" "WordPress/6.8; https://servethepeopleinc.org"
40.77.167.58 - - [21/Apr/2025:09:14:46 -0400] "GET /goodscode/112373062.shtml HTTP/1.1" 404 16941 "-" "Mozilla/5.0 AppleWebKit/537.36 (KHTML, like Gecko; compatible; bingbot/2.0; +http://www.bing.com/bingbot.htm) Chrome/116.0.1938.76 Safari/537.36"
52.167.144.161 - - [21/Apr/2025:09:14:52 -0400] "GET /info/u/bashyle/15025226.shtml HTTP/1.1" 404 16951 "-" "Mozilla/5.0 AppleWebKit/537.36 (KHTML, like Gecko; compatible; bingbot/2.0; +http://www.bing.com/bingbot.htm) Chrome/116.0.1938.76 Safari/537.36"
198.54.116.86 - - [21/Apr/2025:09:15:15 -0400] "POST /wp-cron.php?doing_wp_cron=1745241315.8201088905334472656250 HTTP/1.1" 200 0 "-" "WordPress/6.8; https://servethepeopleinc.org"
40.77.167.243 - - [21/Apr/2025:09:15:15 -0400] "GET /entity/28835520.shtml HTTP/1.1" 301 0 "-" "Mozilla/5.0 AppleWebKit/537.36 (KHTML, like Gecko; compatible; bingbot/2.0; +http://www.bing.com/bingbot.htm) Chrome/116.0.1938.76 Safari/537.36"
198.54.116.86 - - [21/Apr/2025:09:15:16 -0400] "POST /wp-admin/admin-ajax.php?action=async_litespeed&nonce=6Rfs8PdtkXKL9vymfjaP41HLWxxEskha&litespeed_type=imgoptm HTTP/1.1" 200 21 "-" "WordPress/6.8; https://servethepeopleinc.org"
198.54.116.86 - - [21/Apr/2025:09:15:20 -0400] "POST /wp-cron.php?doing_wp_cron=1745241320.3464748859405517578125 HTTP/1.1" 200 0 "-" "WordPress/6.8; https://servethepeopleinc.org"
40.77.167.58 - - [21/Apr/2025:09:15:20 -0400] "GET /shopdetail/i/doublemilled46861982.shtml HTTP/1.1" 301 0 "-" "Mozilla/5.0 AppleWebKit/537.36 (KHTML, like Gecko; compatible; bingbot/2.0; +http://www.bing.com/bingbot.htm) Chrome/116.0.1938.76 Safari/537.36"
40.77.167.243 - - [21/Apr/2025:09:15:24 -0400] "GET /shopping68271546.shtml HTTP/1.1" 301 0 "-" "Mozilla/5.0 AppleWebKit/537.36 (KHTML, like Gecko; compatible; bingbot/2.0; +http://www.bing.com/bingbot.htm) Chrome/116.0.1938.76 Safari/537.36"
66.249.65.169 - - [21/Apr/2025:09:15:33 -0400] "GET /items/n/selfassertion/4780876.shtml HTTP/1.1" 404 16951 "-" "Mozilla/5.0 (Linux; Android 6.0.1; Nexus 5X Build/MMB29P) AppleWebKit/537.36 (KHTML, like Gecko) Chrome/135.0.7049.95 Mobile Safari/537.36 (compatible; GoogleOther)"
40.77.167.58 - - [21/Apr/2025:09:15:45 -0400] "GET /detail/ovipositor/19390018.shtml HTTP/1.1" 404 16951 "-" "Mozilla/5.0 AppleWebKit/537.36 (KHTML, like Gecko; compatible; bingbot/2.0; +http://www.bing.com/bingbot.htm) Chrome/116.0.1938.76 Safari/537.36"
52.167.144.20 - - [21/Apr/2025:09:15:57 -0400] "GET /info/coranto32236576.shtml HTTP/1.1" 404 16941 "-" "Mozilla/5.0 AppleWebKit/537.36 (KHTML, like Gecko; compatible; bingbot/2.0; +http://www.bing.com/bingbot.htm) Chrome/116.0.1938.76 Safari/537.36"
40.77.167.243 - - [21/Apr/2025:09:16:05 -0400] "GET /info/inthirst/6770800.shtml HTTP/1.1" 301 0 "-" "Mozilla/5.0 AppleWebKit/537.36 (KHTML, like Gecko; compatible; bingbot/2.0; +http://www.bing.com/bingbot.htm) Chrome/116.0.1938.76 Safari/537.36"
3.144.187.99 - - [21/Apr/2025:09:16:49 -0400] "GET /ad917/?path=%2Fhome%2F..%2Flib64%2Fgdk-pixbuf-2.0%2F..%2Flibnl-3.so.200 HTTP/1.1" 200 959 "-" "Mozilla/5.0 AppleWebKit/537.36 (KHTML, like Gecko; compatible; ClaudeBot/1.0; +claudebot@anthropic.com)"
3.144.187.99 - - [21/Apr/2025:09:16:49 -0400] "GET /ad917/?path=%2Fhome%2F..%2Flib64%2Fgdk-pixbuf-2.0%2F..%2Flibnssdbm3.chk HTTP/1.1" 200 960 "-" "Mozilla/5.0 AppleWebKit/537.36 (KHTML, like Gecko; compatible; ClaudeBot/1.0; +claudebot@anthropic.com)"
3.144.187.99 - - [21/Apr/2025:09:16:49 -0400] "GET /ad917/?path=%2Fhome%2F..%2Flib64%2Fgdk-pixbuf-2.0%2F..%2Flibicuio.so.60 HTTP/1.1" 200 959 "-" "Mozilla/5.0 AppleWebKit/537.36 (KHTML, like Gecko; compatible; ClaudeBot/1.0; +claudebot@anthropic.com)"
3.144.187.99 - - [21/Apr/2025:09:16:49 -0400] "GET /ad917/?path=%2Fhome%2F..%2Flib64%2Fgdk-pixbuf-2.0%2F..%2Flibncursesw.so HTTP/1.1" 200 980 "-" "Mozilla/5.0 AppleWebKit/537.36 (KHTML, like Gecko; compatible; ClaudeBot/1.0; +claudebot@anthropic.com)"
3.144.187.99 - - [21/Apr/2025:09:16:49 -0400] "GET /ad917/?path=%2Fhome%2F..%2Flib64%2Fgdk-pixbuf-2.0%2F..%2Flibfreetype.so HTTP/1.1" 200 959 "-" "Mozilla/5.0 AppleWebKit/537.36 (KHTML, like Gecko; compatible; ClaudeBot/1.0; +claudebot@anthropic.com)"
3.144.187.99 - - [21/Apr/2025:09:16:49 -0400] "GET /ad917/?path=%2Fhome%2F..%2Flib64%2Flibmysqlclient21%2F..%2Flibcrypto.so HTTP/1.1" 200 962 "-" "Mozilla/5.0 AppleWebKit/537.36 (KHTML, like Gecko; compatible; ClaudeBot/1.0; +claudebot@anthropic.com)"
3.144.187.99 - - [21/Apr/2025:09:16:49 -0400] "GET /ad917/?path=%2Fhome%2F..%2Flib64%2Flibmysqlclient21%2F..%2Flibxcb-xv.so HTTP/1.1" 200 963 "-" "Mozilla/5.0 AppleWebKit/537.36 (KHTML, like Gecko; compatible; ClaudeBot/1.0; +claudebot@anthropic.com)"
3.144.187.99 - - [21/Apr/2025:09:16:49 -0400] "GET /ad917/?path=%2Fhome%2F..%2Flib64%2Flibmysqlclient21%2F..%2Flibidn2.so.0 HTTP/1.1" 200 963 "-" "Mozilla/5.0 AppleWebKit/537.36 (KHTML, like Gecko; compatible; ClaudeBot/1.0; +claudebot@anthropic.com)"
3.144.187.99 - - [21/Apr/2025:09:16:49 -0400] "GET /ad917/?path=%2Fhome%2F..%2Flib64%2Flibmysqlclient21%2F..%2Flibksba.so.8 HTTP/1.1" 200 963 "-" "Mozilla/5.0 AppleWebKit/537.36 (KHTML, like Gecko; compatible; ClaudeBot/1.0; +claudebot@anthropic.com)"
3.144.187.99 - - [21/Apr/2025:09:16:49 -0400] "GET /ad917/?path=%2Fhome%2F..%2Flib64%2Flibxslt-plugins%2F..%2Flibdhash.so.1 HTTP/1.1" 200 953 "-" "Mozilla/5.0 AppleWebKit/537.36 (KHTML, like Gecko; compatible; ClaudeBot/1.0; +claudebot@anthropic.com)"
3.144.187.99 - - [21/Apr/2025:09:16:50 -0400] "GET /ad917/?path=%2Fhome%2F..%2Flib64%2Flibxslt-plugins%2F..%2Flibcares.so.2 HTTP/1.1" 200 953 "-" "Mozilla/5.0 AppleWebKit/537.36 (KHTML, like Gecko; compatible; ClaudeBot/1.0; +claudebot@anthropic.com)"
198.54.116.86 - - [21/Apr/2025:09:16:54 -0400] "POST /wp-cron.php?doing_wp_cron=1745241414.0612030029296875000000 HTTP/1.1" 200 0 "-" "WordPress/6.8; https://servethepeopleinc.org"
52.167.144.203 - - [21/Apr/2025:09:16:53 -0400] "GET /shopping/mutterer28693706.shtml HTTP/1.1" 301 0 "-" "Mozilla/5.0 AppleWebKit/537.36 (KHTML, like Gecko; compatible; bingbot/2.0; +http://www.bing.com/bingbot.htm) Chrome/116.0.1938.76 Safari/537.36"
198.54.116.86 - - [21/Apr/2025:09:16:54 -0400] "POST /wp-admin/admin-ajax.php?action=async_litespeed&nonce=K8WXN2VmrzQ1DvELCfMkLwyy9vhvblQe&litespeed_type=imgoptm HTTP/1.1" 200 21 "-" "WordPress/6.8; https://servethepeopleinc.org"
198.54.116.86 - - [21/Apr/2025:09:17:07 -0400] "POST /wp-cron.php?doing_wp_cron=1745241427.0351550579071044921875 HTTP/1.1" 200 0 "-" "WordPress/6.8; https://servethepeopleinc.org"
52.167.144.203 - - [21/Apr/2025:09:17:06 -0400] "GET /special/phrenologically12860258.shtml HTTP/1.1" 301 0 "-" "Mozilla/5.0 AppleWebKit/537.36 (KHTML, like Gecko; compatible; bingbot/2.0; +http://www.bing.com/bingbot.htm) Chrome/116.0.1938.76 Safari/537.36"
198.54.116.86 - - [21/Apr/2025:09:17:07 -0400] "POST /wp-admin/admin-ajax.php?action=async_litespeed&nonce=Nuf25J6EHI5rxrTagYD1tzbyVINE5Bt9&litespeed_type=imgoptm HTTP/1.1" 200 21 "-" "WordPress/6.8; https://servethepeopleinc.org"
40.77.167.243 - - [21/Apr/2025:09:17:15 -0400] "GET /shopping/w/agnoiology/66823286.shtml HTTP/1.1" 301 0 "-" "Mozilla/5.0 AppleWebKit/537.36 (KHTML, like Gecko; compatible; bingbot/2.0; +http://www.bing.com/bingbot.htm) Chrome/116.0.1938.76 Safari/537.36"
198.54.116.86 - - [21/Apr/2025:09:17:27 -0400] "POST /wp-cron.php?doing_wp_cron=1745241447.9780271053314208984375 HTTP/1.1" 200 0 "-" "WordPress/6.8; https://servethepeopleinc.org"
52.167.144.20 - - [21/Apr/2025:09:17:27 -0400] "GET /detail33441266.shtml HTTP/1.1" 404 16941 "-" "Mozilla/5.0 AppleWebKit/537.36 (KHTML, like Gecko; compatible; bingbot/2.0; +http://www.bing.com/bingbot.htm) Chrome/116.0.1938.76 Safari/537.36"
52.167.144.20 - - [21/Apr/2025:09:17:31 -0400] "GET /info6563844.shtml HTTP/1.1" 404 16942 "-" "Mozilla/5.0 AppleWebKit/537.36 (KHTML, like Gecko; compatible; bingbot/2.0; +http://www.bing.com/bingbot.htm) Chrome/116.0.1938.76 Safari/537.36"
52.167.144.203 - - [21/Apr/2025:09:17:46 -0400] "GET /goods/megalocephaly/10336562.shtml HTTP/1.1" 301 0 "-" "Mozilla/5.0 AppleWebKit/537.36 (KHTML, like Gecko; compatible; bingbot/2.0; +http://www.bing.com/bingbot.htm) Chrome/116.0.1938.76 Safari/537.36"
52.167.144.20 - - [21/Apr/2025:09:17:57 -0400] "GET /item25068418.shtml HTTP/1.1" 404 16941 "-" "Mozilla/5.0 AppleWebKit/537.36 (KHTML, like Gecko; compatible; bingbot/2.0; +http://www.bing.com/bingbot.htm) Chrome/116.0.1938.76 Safari/537.36"
40.77.167.74 - - [21/Apr/2025:09:18:00 -0400] "GET /product/2391190.shtml HTTP/1.1" 301 0 "-" "Mozilla/5.0 AppleWebKit/537.36 (KHTML, like Gecko; compatible; bingbot/2.0; +http://www.bing.com/bingbot.htm) Chrome/116.0.1938.76 Safari/537.36"
198.54.116.86 - - [21/Apr/2025:09:18:58 -0400] "POST /wp-cron.php?doing_wp_cron=1745241538.0181860923767089843750 HTTP/1.1" 200 0 "-" "WordPress/6.8; https://servethepeopleinc.org"
40.77.167.74 - - [21/Apr/2025:09:18:57 -0400] "GET /items/vbg/receiptment45325052.shtml HTTP/1.1" 301 0 "-" "Mozilla/5.0 AppleWebKit/537.36 (KHTML, like Gecko; compatible; bingbot/2.0; +http://www.bing.com/bingbot.htm) Chrome/116.0.1938.76 Safari/537.36"
198.54.116.86 - - [21/Apr/2025:09:18:58 -0400] "POST /wp-admin/admin-ajax.php?action=async_litespeed&nonce=ANQLsj7EI280L0AdeAzIFOHapE1B8FSx&litespeed_type=imgoptm HTTP/1.1" 200 21 "-" "WordPress/6.8; https://servethepeopleinc.org"
40.77.167.58 - - [21/Apr/2025:09:19:05 -0400] "GET /special108313574.shtml HTTP/1.1" 404 16942 "-" "Mozilla/5.0 AppleWebKit/537.36 (KHTML, like Gecko; compatible; bingbot/2.0; +http://www.bing.com/bingbot.htm) Chrome/116.0.1938.76 Safari/537.36"
198.54.116.86 - - [21/Apr/2025:09:19:24 -0400] "POST /wp-cron.php?doing_wp_cron=1745241564.7981040477752685546875 HTTP/1.1" 200 0 "-" "WordPress/6.8; https://servethepeopleinc.org"
40.77.167.58 - - [21/Apr/2025:09:19:24 -0400] "GET /info/nemaeus12128524.shtml HTTP/1.1" 404 16943 "-" "Mozilla/5.0 AppleWebKit/537.36 (KHTML, like Gecko; compatible; bingbot/2.0; +http://www.bing.com/bingbot.htm) Chrome/116.0.1938.76 Safari/537.36"
198.54.116.86 - - [21/Apr/2025:09:19:24 -0400] "POST /wp-admin/admin-ajax.php?action=async_litespeed&nonce=rtamKPz5ceEQtbX02H4AhZuvztL1dMlC&litespeed_type=imgoptm HTTP/1.1" 200 21 "-" "WordPress/6.8; https://servethepeopleinc.org"
40.77.167.243 - - [21/Apr/2025:09:19:35 -0400] "GET /info/46280368.shtml HTTP/1.1" 301 0 "-" "Mozilla/5.0 AppleWebKit/537.36 (KHTML, like Gecko; compatible; bingbot/2.0; +http://www.bing.com/bingbot.htm) Chrome/116.0.1938.76 Safari/537.36"
52.167.144.161 - - [21/Apr/2025:09:19:44 -0400] "GET /products/manual/ HTTP/1.1" 404 16940 "-" "Mozilla/5.0 AppleWebKit/537.36 (KHTML, like Gecko; compatible; bingbot/2.0; +http://www.bing.com/bingbot.htm) Chrome/116.0.1938.76 Safari/537.36"
40.77.167.243 - - [21/Apr/2025:09:19:46 -0400] "GET /shopdetail58217308.shtml HTTP/1.1" 301 0 "-" "Mozilla/5.0 AppleWebKit/537.36 (KHTML, like Gecko; compatible; bingbot/2.0; +http://www.bing.com/bingbot.htm) Chrome/116.0.1938.76 Safari/537.36"
198.54.116.86 - - [21/Apr/2025:09:20:17 -0400] "POST /wp-cron.php?doing_wp_cron=1745241617.1949689388275146484375 HTTP/1.1" 200 0 "-" "WordPress/6.8; https://servethepeopleinc.org"
52.167.144.142 - - [21/Apr/2025:09:20:17 -0400] "GET /entity/ptenoglossa/77619066.shtml HTTP/1.1" 404 16951 "-" "Mozilla/5.0 AppleWebKit/537.36 (KHTML, like Gecko; compatible; bingbot/2.0; +http://www.bing.com/bingbot.htm) Chrome/116.0.1938.76 Safari/537.36"
198.54.116.86 - - [21/Apr/2025:09:20:17 -0400] "POST /wp-admin/admin-ajax.php?action=async_litespeed&nonce=jeG8TYeRWiIumHzmbYT8aYhDnR1ULcxw&litespeed_type=imgoptm HTTP/1.1" 200 21 "-" "WordPress/6.8; https://servethepeopleinc.org"
40.77.167.58 - - [21/Apr/2025:09:20:26 -0400] "GET /detail20241712.shtml HTTP/1.1" 404 16942 "-" "Mozilla/5.0 AppleWebKit/537.36 (KHTML, like Gecko; compatible; bingbot/2.0; +http://www.bing.com/bingbot.htm) Chrome/116.0.1938.76 Safari/537.36"
52.167.144.142 - - [21/Apr/2025:09:20:58 -0400] "GET /items/rents/ HTTP/1.1" 404 16942 "-" "Mozilla/5.0 AppleWebKit/537.36 (KHTML, like Gecko; compatible; bingbot/2.0; +http://www.bing.com/bingbot.htm) Chrome/116.0.1938.76 Safari/537.36"
40.77.167.243 - - [21/Apr/2025:09:21:06 -0400] "GET /detail/l/plesimorphism/2291032.shtml HTTP/1.1" 301 0 "-" "Mozilla/5.0 AppleWebKit/537.36 (KHTML, like Gecko; compatible; bingbot/2.0; +http://www.bing.com/bingbot.htm) Chrome/116.0.1938.76 Safari/537.36"
198.54.116.86 - - [21/Apr/2025:09:21:10 -0400] "POST /wp-cron.php?doing_wp_cron=1745241670.8386249542236328125000 HTTP/1.1" 200 0 "-" "WordPress/6.8; https://servethepeopleinc.org"
52.167.144.142 - - [21/Apr/2025:09:21:10 -0400] "GET /info/cytomegalovirus38137344.shtml HTTP/1.1" 404 16941 "-" "Mozilla/5.0 AppleWebKit/537.36 (KHTML, like Gecko; compatible; bingbot/2.0; +http://www.bing.com/bingbot.htm) Chrome/116.0.1938.76 Safari/537.36"
198.54.116.86 - - [21/Apr/2025:09:21:11 -0400] "POST /wp-admin/admin-ajax.php?action=async_litespeed&nonce=nn3pPnoV060cdB49h0Op4Dz4EHec0k0q&litespeed_type=imgoptm HTTP/1.1" 200 21 "-" "WordPress/6.8; https://servethepeopleinc.org"
198.54.116.86 - - [21/Apr/2025:09:21:36 -0400] "POST /wp-cron.php?doing_wp_cron=1745241696.8135991096496582031250 HTTP/1.1" 200 0 "-" "WordPress/6.8; https://servethepeopleinc.org"
40.77.167.58 - - [21/Apr/2025:09:21:36 -0400] "GET /entity38645104.shtml HTTP/1.1" 404 16944 "-" "Mozilla/5.0 AppleWebKit/537.36 (KHTML, like Gecko; compatible; bingbot/2.0; +http://www.bing.com/bingbot.htm) Chrome/116.0.1938.76 Safari/537.36"
52.167.144.231 - - [21/Apr/2025:09:21:42 -0400] "GET /products39466774.shtml HTTP/1.1" 404 16943 "-" "Mozilla/5.0 AppleWebKit/537.36 (KHTML, like Gecko; compatible; bingbot/2.0; +http://www.bing.com/bingbot.htm) Chrome/116.0.1938.76 Safari/537.36"
195.20.18.145 - - [21/Apr/2025:09:22:00 -0400] "GET /sites/all/libraries/elfinder/src/connectors/php/connector.php HTTP/1.1" 404 80512 "-" "ALittle Client"
198.54.116.86 - - [21/Apr/2025:09:22:18 -0400] "POST /wp-cron.php?doing_wp_cron=1745241738.5310330390930175781250 HTTP/1.1" 200 0 "-" "WordPress/6.8; https://servethepeopleinc.org"
40.77.167.74 - - [21/Apr/2025:09:22:18 -0400] "GET /info/om/perturbative/52250210.shtml HTTP/1.1" 301 0 "-" "Mozilla/5.0 AppleWebKit/537.36 (KHTML, like Gecko; compatible; bingbot/2.0; +http://www.bing.com/bingbot.htm) Chrome/116.0.1938.76 Safari/537.36"
198.54.116.86 - - [21/Apr/2025:09:22:18 -0400] "POST /wp-admin/admin-ajax.php?action=async_litespeed&nonce=54bK2W8JiQIgeHSnthOdY5RQIVjQH1KT&litespeed_type=imgoptm HTTP/1.1" 200 21 "-" "WordPress/6.8; https://servethepeopleinc.org"
40.77.167.74 - - [21/Apr/2025:09:22:21 -0400] "GET /product/chinkapin/50533304.shtml HTTP/1.1" 301 0 "-" "Mozilla/5.0 AppleWebKit/537.36 (KHTML, like Gecko; compatible; bingbot/2.0; +http://www.bing.com/bingbot.htm) Chrome/116.0.1938.76 Safari/537.36"
52.167.144.231 - - [21/Apr/2025:09:22:43 -0400] "GET /detail110878048.shtml HTTP/1.1" 404 16943 "-" "Mozilla/5.0 AppleWebKit/537.36 (KHTML, like Gecko; compatible; bingbot/2.0; +http://www.bing.com/bingbot.htm) Chrome/116.0.1938.76 Safari/537.36"
52.167.144.231 - - [21/Apr/2025:09:23:02 -0400] "GET /special/10098328.shtml HTTP/1.1" 404 16943 "-" "Mozilla/5.0 AppleWebKit/537.36 (KHTML, like Gecko; compatible; bingbot/2.0; +http://www.bing.com/bingbot.htm) Chrome/116.0.1938.76 Safari/537.36"
198.54.116.86 - - [21/Apr/2025:09:23:24 -0400] "POST /wp-cron.php?doing_wp_cron=1745241804.1113159656524658203125 HTTP/1.1" 200 0 "-" "WordPress/6.8; https://servethepeopleinc.org"
52.167.144.231 - - [21/Apr/2025:09:23:23 -0400] "GET /shopdetail2142584.shtml HTTP/1.1" 404 16944 "-" "Mozilla/5.0 AppleWebKit/537.36 (KHTML, like Gecko; compatible; bingbot/2.0; +http://www.bing.com/bingbot.htm) Chrome/116.0.1938.76 Safari/537.36"
198.54.116.86 - - [21/Apr/2025:09:23:24 -0400] "POST /wp-admin/admin-ajax.php?action=async_litespeed&nonce=KTRLli0HBOdSf1lRgXO95Jc4IZf5J9Or&litespeed_type=imgoptm HTTP/1.1" 200 21 "-" "WordPress/6.8; https://servethepeopleinc.org"
40.77.167.74 - - [21/Apr/2025:09:23:39 -0400] "GET /goods115037512.shtml HTTP/1.1" 301 0 "-" "Mozilla/5.0 AppleWebKit/537.36 (KHTML, like Gecko; compatible; bingbot/2.0; +http://www.bing.com/bingbot.htm) Chrome/116.0.1938.76 Safari/537.36"
52.167.144.203 - - [21/Apr/2025:09:23:44 -0400] "GET /shopdetail/dismissive/3058944.shtml HTTP/1.1" 301 0 "-" "Mozilla/5.0 AppleWebKit/537.36 (KHTML, like Gecko; compatible; bingbot/2.0; +http://www.bing.com/bingbot.htm) Chrome/116.0.1938.76 Safari/537.36"
40.77.167.150 - - [21/Apr/2025:09:23:44 -0400] "GET /products/lightwood78404656.shtml HTTP/1.1" 404 16943 "-" "Mozilla/5.0 AppleWebKit/537.36 (KHTML, like Gecko; compatible; bingbot/2.0; +http://www.bing.com/bingbot.htm) Chrome/116.0.1938.76 Safari/537.36"
52.167.144.169 - - [21/Apr/2025:09:23:54 -0400] "GET /info/menacing85396076.shtml HTTP/1.1" 301 0 "-" "Mozilla/5.0 AppleWebKit/537.36 (KHTML, like Gecko; compatible; bingbot/2.0; +http://www.bing.com/bingbot.htm) Chrome/116.0.1938.76 Safari/537.36"
198.54.116.86 - - [21/Apr/2025:09:24:24 -0400] "POST /wp-cron.php?doing_wp_cron=1745241864.4530920982360839843750 HTTP/1.1" 200 0 "-" "WordPress/6.8; https://servethepeopleinc.org"
52.167.144.203 - - [21/Apr/2025:09:24:24 -0400] "GET /special/ministrant/58245306.shtml HTTP/1.1" 301 0 "-" "Mozilla/5.0 AppleWebKit/537.36 (KHTML, like Gecko; compatible; bingbot/2.0; +http://www.bing.com/bingbot.htm) Chrome/116.0.1938.76 Safari/537.36"
198.54.116.86 - - [21/Apr/2025:09:24:24 -0400] "POST /wp-admin/admin-ajax.php?action=async_litespeed&nonce=Z3vNyAerJmeqvwiJ8Qq4BJUHpXHSKzMp&litespeed_type=imgoptm HTTP/1.1" 200 21 "-" "WordPress/6.8; https://servethepeopleinc.org"
52.167.144.142 - - [21/Apr/2025:09:24:29 -0400] "GET /detail/o/hearsecloth74702822.shtml HTTP/1.1" 404 16952 "-" "Mozilla/5.0 AppleWebKit/537.36 (KHTML, like Gecko; compatible; bingbot/2.0; +http://www.bing.com/bingbot.htm) Chrome/116.0.1938.76 Safari/537.36"
198.54.116.86 - - [21/Apr/2025:09:25:10 -0400] "POST /wp-cron.php?doing_wp_cron=1745241910.0847630500793457031250 HTTP/1.1" 200 0 "-" "WordPress/6.8; https://servethepeopleinc.org"
52.167.144.142 - - [21/Apr/2025:09:25:09 -0400] "GET /info/snowflight83905396.shtml HTTP/1.1" 404 16941 "-" "Mozilla/5.0 AppleWebKit/537.36 (KHTML, like Gecko; compatible; bingbot/2.0; +http://www.bing.com/bingbot.htm) Chrome/116.0.1938.76 Safari/537.36"
198.54.116.86 - - [21/Apr/2025:09:25:10 -0400] "POST /wp-admin/admin-ajax.php?action=async_litespeed&nonce=y5nepInhBsvGWjnOAp0yVaVonut2pIxt&litespeed_type=imgoptm HTTP/1.1" 200 21 "-" "WordPress/6.8; https://servethepeopleinc.org"
40.77.167.150 - - [21/Apr/2025:09:25:15 -0400] "GET /detail/n/inequable/10112004.shtml HTTP/1.1" 404 16951 "-" "Mozilla/5.0 AppleWebKit/537.36 (KHTML, like Gecko; compatible; bingbot/2.0; +http://www.bing.com/bingbot.htm) Chrome/116.0.1938.76 Safari/537.36"
198.54.116.86 - - [21/Apr/2025:09:25:25 -0400] "POST /wp-cron.php?doing_wp_cron=1745241925.3387470245361328125000 HTTP/1.1" 200 0 "-" "WordPress/6.8; https://servethepeopleinc.org"
52.167.144.169 - - [21/Apr/2025:09:25:25 -0400] "GET /shopbrand/smy/uglier/562742.shtml HTTP/1.1" 301 0 "-" "Mozilla/5.0 AppleWebKit/537.36 (KHTML, like Gecko; compatible; bingbot/2.0; +http://www.bing.com/bingbot.htm) Chrome/116.0.1938.76 Safari/537.36"
40.77.167.150 - - [21/Apr/2025:09:25:26 -0400] "GET /products/hydrochlorate/109819626.shtml HTTP/1.1" 404 16952 "-" "Mozilla/5.0 AppleWebKit/537.36 (KHTML, like Gecko; compatible; bingbot/2.0; +http://www.bing.com/bingbot.htm) Chrome/116.0.1938.76 Safari/537.36"
52.167.144.203 - - [21/Apr/2025:09:25:33 -0400] "GET /product/wk/restlessness45331634.shtml HTTP/1.1" 301 0 "-" "Mozilla/5.0 AppleWebKit/537.36 (KHTML, like Gecko; compatible; bingbot/2.0; +http://www.bing.com/bingbot.htm) Chrome/116.0.1938.76 Safari/537.36"
52.167.144.142 - - [21/Apr/2025:09:25:48 -0400] "GET /shopbrand/goats/75720436.shtml HTTP/1.1" 404 16951 "-" "Mozilla/5.0 AppleWebKit/537.36 (KHTML, like Gecko; compatible; bingbot/2.0; +http://www.bing.com/bingbot.htm) Chrome/116.0.1938.76 Safari/537.36"
52.167.144.142 - - [21/Apr/2025:09:25:52 -0400] "GET /items111161846.shtml HTTP/1.1" 404 16941 "-" "Mozilla/5.0 AppleWebKit/537.36 (KHTML, like Gecko; compatible; bingbot/2.0; +http://www.bing.com/bingbot.htm) Chrome/116.0.1938.76 Safari/537.36"
52.167.144.142 - - [21/Apr/2025:09:25:58 -0400] "GET /products44209196.shtml HTTP/1.1" 404 16940 "-" "Mozilla/5.0 AppleWebKit/537.36 (KHTML, like Gecko; compatible; bingbot/2.0; +http://www.bing.com/bingbot.htm) Chrome/116.0.1938.76 Safari/537.36"
198.54.116.86 - - [21/Apr/2025:09:26:26 -0400] "POST /wp-cron.php?doing_wp_cron=1745241986.0110759735107421875000 HTTP/1.1" 200 0 "-" "WordPress/6.8; https://servethepeopleinc.org"
52.167.144.169 - - [21/Apr/2025:09:26:25 -0400] "GET /entity/poulticing/48971706.shtml HTTP/1.1" 301 0 "-" "Mozilla/5.0 AppleWebKit/537.36 (KHTML, like Gecko; compatible; bingbot/2.0; +http://www.bing.com/bingbot.htm) Chrome/116.0.1938.76 Safari/537.36"
198.54.116.86 - - [21/Apr/2025:09:26:26 -0400] "POST /wp-admin/admin-ajax.php?action=async_litespeed&nonce=ZE1WDCmebnDaAYHrIPrMHzm1kjhgIAaN&litespeed_type=imgoptm HTTP/1.1" 200 21 "-" "WordPress/6.8; https://servethepeopleinc.org"
52.167.144.203 - - [21/Apr/2025:09:27:06 -0400] "GET /entity/proprietary/ HTTP/1.1" 301 0 "-" "Mozilla/5.0 AppleWebKit/537.36 (KHTML, like Gecko; compatible; bingbot/2.0; +http://www.bing.com/bingbot.htm) Chrome/116.0.1938.76 Safari/537.36"
198.54.116.86 - - [21/Apr/2025:09:27:08 -0400] "POST /wp-cron.php?doing_wp_cron=1745242028.7113559246063232421875 HTTP/1.1" 200 0 "-" "WordPress/6.8; https://servethepeopleinc.org"
52.167.144.142 - - [21/Apr/2025:09:27:08 -0400] "GET /item/50917168.shtml HTTP/1.1" 404 16942 "-" "Mozilla/5.0 AppleWebKit/537.36 (KHTML, like Gecko; compatible; bingbot/2.0; +http://www.bing.com/bingbot.htm) Chrome/116.0.1938.76 Safari/537.36"
198.54.116.86 - - [21/Apr/2025:09:27:08 -0400] "POST /wp-admin/admin-ajax.php?action=async_litespeed&nonce=KXKnmpnKD1inwA5GAnGdOQQh92qF4p90&litespeed_type=imgoptm HTTP/1.1" 200 21 "-" "WordPress/6.8; https://servethepeopleinc.org"
52.167.144.142 - - [21/Apr/2025:09:27:12 -0400] "GET /detail/cc/miauled100755254.shtml HTTP/1.1" 404 16952 "-" "Mozilla/5.0 AppleWebKit/537.36 (KHTML, like Gecko; compatible; bingbot/2.0; +http://www.bing.com/bingbot.htm) Chrome/116.0.1938.76 Safari/537.36"
51.222.253.17 - - [21/Apr/2025:09:27:13 -0400] "GET /goods/cetin94501928.shtml HTTP/1.1" 404 16943 "-" "Mozilla/5.0 (compatible; AhrefsBot/7.0; +http://ahrefs.com/robot/)"
198.54.116.86 - - [21/Apr/2025:09:27:17 -0400] "POST /wp-cron.php?doing_wp_cron=1745242037.6266369819641113281250 HTTP/1.1" 200 0 "-" "WordPress/6.8; https://servethepeopleinc.org"
40.77.167.150 - - [21/Apr/2025:09:27:17 -0400] "GET /products/dhc/ HTTP/1.1" 404 16941 "-" "Mozilla/5.0 AppleWebKit/537.36 (KHTML, like Gecko; compatible; bingbot/2.0; +http://www.bing.com/bingbot.htm) Chrome/116.0.1938.76 Safari/537.36"
40.77.167.150 - - [21/Apr/2025:09:27:19 -0400] "GET /detail48487130.shtml HTTP/1.1" 404 16942 "-" "Mozilla/5.0 AppleWebKit/537.36 (KHTML, like Gecko; compatible; bingbot/2.0; +http://www.bing.com/bingbot.htm) Chrome/116.0.1938.76 Safari/537.36"
40.77.167.150 - - [21/Apr/2025:09:27:24 -0400] "GET /entity80440210.shtml HTTP/1.1" 404 16941 "-" "Mozilla/5.0 AppleWebKit/537.36 (KHTML, like Gecko; compatible; bingbot/2.0; +http://www.bing.com/bingbot.htm) Chrome/116.0.1938.76 Safari/537.36"
40.77.167.74 - - [21/Apr/2025:09:27:37 -0400] "GET /shopping/dsc/interloping/2507988.shtml HTTP/1.1" 301 0 "-" "Mozilla/5.0 AppleWebKit/537.36 (KHTML, like Gecko; compatible; bingbot/2.0; +http://www.bing.com/bingbot.htm) Chrome/116.0.1938.76 Safari/537.36"
52.167.144.142 - - [21/Apr/2025:09:27:39 -0400] "GET /products113335702.shtml HTTP/1.1" 404 16942 "-" "Mozilla/5.0 AppleWebKit/537.36 (KHTML, like Gecko; compatible; bingbot/2.0; +http://www.bing.com/bingbot.htm) Chrome/116.0.1938.76 Safari/537.36"
52.167.144.231 - - [21/Apr/2025:09:28:03 -0400] "GET /products/rheometer16065818.shtml HTTP/1.1" 404 16942 "-" "Mozilla/5.0 AppleWebKit/537.36 (KHTML, like Gecko; compatible; bingbot/2.0; +http://www.bing.com/bingbot.htm) Chrome/116.0.1938.76 Safari/537.36"
198.54.116.86 - - [21/Apr/2025:09:28:10 -0400] "POST /wp-cron.php?doing_wp_cron=1745242090.2301390171051025390625 HTTP/1.1" 200 0 "-" "WordPress/6.8; https://servethepeopleinc.org"
20.15.133.191 - - [21/Apr/2025:09:28:09 -0400] "GET /goods/jcw/catechumen/52498988.shtml HTTP/1.1" 301 0 "-" "Mozilla/5.0 AppleWebKit/537.36 (KHTML, like Gecko; compatible; bingbot/2.0; +http://www.bing.com/bingbot.htm) Chrome/116.0.1938.76 Safari/537.36"
198.54.116.86 - - [21/Apr/2025:09:28:10 -0400] "POST /wp-admin/admin-ajax.php?action=async_litespeed&nonce=xuwjhuxwc810u81BHnMftxprAZ4wUsdL&litespeed_type=imgoptm HTTP/1.1" 200 21 "-" "WordPress/6.8; https://servethepeopleinc.org"
198.54.116.86 - - [21/Apr/2025:09:28:30 -0400] "POST /wp-cron.php?doing_wp_cron=1745242110.8641009330749511718750 HTTP/1.1" 200 0 "-" "WordPress/6.8; https://servethepeopleinc.org"
52.167.144.142 - - [21/Apr/2025:09:28:30 -0400] "GET /item21555556.shtml HTTP/1.1" 404 16943 "-" "Mozilla/5.0 AppleWebKit/537.36 (KHTML, like Gecko; compatible; bingbot/2.0; +http://www.bing.com/bingbot.htm) Chrome/116.0.1938.76 Safari/537.36"
52.167.144.142 - - [21/Apr/2025:09:28:49 -0400] "GET /detail/pc/dampening50345752.shtml HTTP/1.1" 404 16951 "-" "Mozilla/5.0 AppleWebKit/537.36 (KHTML, like Gecko; compatible; bingbot/2.0; +http://www.bing.com/bingbot.htm) Chrome/116.0.1938.76 Safari/537.36"
52.167.144.158 - - [21/Apr/2025:09:28:58 -0400] "GET /product/tamarin/108261064.shtml HTTP/1.1" 301 0 "-" "Mozilla/5.0 AppleWebKit/537.36 (KHTML, like Gecko; compatible; bingbot/2.0; +http://www.bing.com/bingbot.htm) Chrome/116.0.1938.76 Safari/537.36"
198.54.116.86 - - [21/Apr/2025:09:29:13 -0400] "POST /wp-cron.php?doing_wp_cron=1745242153.8291110992431640625000 HTTP/1.1" 200 0 "-" "WordPress/6.8; https://servethepeopleinc.org"
52.167.144.203 - - [21/Apr/2025:09:29:13 -0400] "GET /entity44228566.shtml HTTP/1.1" 301 0 "-" "Mozilla/5.0 AppleWebKit/537.36 (KHTML, like Gecko; compatible; bingbot/2.0; +http://www.bing.com/bingbot.htm) Chrome/116.0.1938.76 Safari/537.36"
198.54.116.86 - - [21/Apr/2025:09:29:14 -0400] "POST /wp-admin/admin-ajax.php?action=async_litespeed&nonce=iuE6HT4OpKTTrqwwsBCtlThrfDrIEvEL&litespeed_type=imgoptm HTTP/1.1" 200 21 "-" "WordPress/6.8; https://servethepeopleinc.org"
198.54.116.86 - - [21/Apr/2025:09:29:17 -0400] "POST /wp-cron.php?doing_wp_cron=1745242157.6855719089508056640625 HTTP/1.1" 200 0 "-" "WordPress/6.8; https://servethepeopleinc.org"
52.167.144.203 - - [21/Apr/2025:09:29:17 -0400] "GET /detail/99471518.shtml HTTP/1.1" 301 0 "-" "Mozilla/5.0 AppleWebKit/537.36 (KHTML, like Gecko; compatible; bingbot/2.0; +http://www.bing.com/bingbot.htm) Chrome/116.0.1938.76 Safari/537.36"
52.167.144.231 - - [21/Apr/2025:09:29:22 -0400] "GET /goods/scy/diphtheria/52016690.shtml HTTP/1.1" 404 16952 "-" "Mozilla/5.0 AppleWebKit/537.36 (KHTML, like Gecko; compatible; bingbot/2.0; +http://www.bing.com/bingbot.htm) Chrome/116.0.1938.76 Safari/537.36"
52.167.144.169 - - [21/Apr/2025:09:29:24 -0400] "GET /items/xm/chauvinistic8471228.shtml HTTP/1.1" 301 0 "-" "Mozilla/5.0 AppleWebKit/537.36 (KHTML, like Gecko; compatible; bingbot/2.0; +http://www.bing.com/bingbot.htm) Chrome/116.0.1938.76 Safari/537.36"
40.77.167.150 - - [21/Apr/2025:09:29:35 -0400] "GET /info64339964.shtml HTTP/1.1" 404 16944 "-" "Mozilla/5.0 AppleWebKit/537.36 (KHTML, like Gecko; compatible; bingbot/2.0; +http://www.bing.com/bingbot.htm) Chrome/116.0.1938.76 Safari/537.36"
198.54.116.86 - - [21/Apr/2025:09:30:21 -0400] "POST /wp-cron.php?doing_wp_cron=1745242221.6166129112243652343750 HTTP/1.1" 200 0 "-" "WordPress/6.8; https://servethepeopleinc.org"
66.249.65.170 - - [21/Apr/2025:09:30:21 -0400] "GET /items/nbg/struthian5639172.shtml HTTP/1.1" 404 16952 "-" "Mozilla/5.0 (Linux; Android 6.0.1; Nexus 5X Build/MMB29P) AppleWebKit/537.36 (KHTML, like Gecko) Chrome/135.0.7049.95 Mobile Safari/537.36 (compatible; Googlebot/2.1; +http://www.google.com/bot.html)"
198.54.116.86 - - [21/Apr/2025:09:30:21 -0400] "POST /wp-admin/admin-ajax.php?action=async_litespeed&nonce=8GrmrNOZT39pf4vcN5H2IPbFKVVqte6f&litespeed_type=imgoptm HTTP/1.1" 200 21 "-" "WordPress/6.8; https://servethepeopleinc.org"
