52.167.144.184 - - [21/Apr/2025:13:57:03 -0400] "GET /info/myrospermum82434030.shtml HTTP/1.1" 404 16942 "-" "Mozilla/5.0 AppleWebKit/537.36 (KHTML, like Gecko; compatible; bingbot/2.0; +http://www.bing.com/bingbot.htm) Chrome/116.0.1938.76 Safari/537.36"
18.223.203.125 - - [21/Apr/2025:13:57:04 -0400] "GET /ad917/?path=%2Fhome%2Fservlmvm%2F..%2F..%2Fusr%2Fshare%2Faclocal%2F..%2Flocale%2Fhai%2F..%2Fpa%2F..%2Foj%2F..%2Froa HTTP/1.1" 200 1537 "-" "Mozilla/5.0 AppleWebKit/537.36 (KHTML, like Gecko; compatible; ClaudeBot/1.0; +claudebot@anthropic.com)"
18.223.203.125 - - [21/Apr/2025:13:57:07 -0400] "GET /ad917/?path=%2Fhome%2Fservlmvm%2F..%2F..%2Fusr%2Fshare%2Faclocal%2F..%2Flocale%2Ftkl%2F..%2Fyi%2F..%2Fkn%2F..%2Fnew HTTP/1.1" 200 1537 "-" "Mozilla/5.0 AppleWebKit/537.36 (KHTML, like Gecko; compatible; ClaudeBot/1.0; +claudebot@anthropic.com)"
18.223.203.125 - - [21/Apr/2025:13:57:10 -0400] "GET /ad917/?path=%2Fhome%2Fservlmvm%2F..%2F..%2Fusr%2Fshare%2Flibtool%2F..%2Flocale%2Fgoh%2F..%2Fsi%2F..%2Foc%2F..%2Fkok HTTP/1.1" 200 1540 "-" "Mozilla/5.0 AppleWebKit/537.36 (KHTML, like Gecko; compatible; ClaudeBot/1.0; +claudebot@anthropic.com)"
198.54.116.86 - - [21/Apr/2025:13:57:11 -0400] "POST /wp-cron.php?doing_wp_cron=1745258231.2240910530090332031250 HTTP/1.1" 200 0 "-" "WordPress/6.8; https://servethepeopleinc.org"
52.167.144.145 - - [21/Apr/2025:13:57:11 -0400] "GET /detail/69530408.shtml HTTP/1.1" 301 0 "-" "Mozilla/5.0 AppleWebKit/537.36 (KHTML, like Gecko; compatible; bingbot/2.0; +http://www.bing.com/bingbot.htm) Chrome/116.0.1938.76 Safari/537.36"
198.54.116.86 - - [21/Apr/2025:13:57:11 -0400] "POST /wp-admin/admin-ajax.php?action=async_litespeed&nonce=Qp3BHY27gnuLVAwaxCrEikuEd0jPmltm&litespeed_type=imgoptm HTTP/1.1" 200 21 "-" "WordPress/6.8; https://servethepeopleinc.org"
18.223.203.125 - - [21/Apr/2025:13:57:13 -0400] "GET /ad917/?path=%2Fhome%2Fservlmvm%2F..%2F..%2Fusr%2Fshare%2Faclocal%2F..%2Flocale%2Fhai%2F..%2Fpa%2F..%2Foj%2F..%2Fchn HTTP/1.1" 200 1537 "-" "Mozilla/5.0 AppleWebKit/537.36 (KHTML, like Gecko; compatible; ClaudeBot/1.0; +claudebot@anthropic.com)"
18.223.203.125 - - [21/Apr/2025:13:57:16 -0400] "GET /ad917/?path=%2Fhome%2Fservlmvm%2F..%2F..%2Fusr%2Fshare%2Flibtool%2F..%2Flocale%2Fchy%2F..%2Fcs%2F..%2Fhz%2F..%2Fdak HTTP/1.1" 200 1541 "-" "Mozilla/5.0 AppleWebKit/537.36 (KHTML, like Gecko; compatible; ClaudeBot/1.0; +claudebot@anthropic.com)"
18.223.203.125 - - [21/Apr/2025:13:57:19 -0400] "GET /ad917/?path=%2Fhome%2Fservlmvm%2F..%2F..%2Fusr%2Fshare%2Faclocal%2F..%2Flocale%2Fhai%2F..%2Fpa%2F..%2Foj%2F..%2Frup HTTP/1.1" 200 1537 "-" "Mozilla/5.0 AppleWebKit/537.36 (KHTML, like Gecko; compatible; ClaudeBot/1.0; +claudebot@anthropic.com)"
198.54.116.86 - - [21/Apr/2025:13:57:21 -0400] "POST /wp-cron.php?doing_wp_cron=1745258241.3170940876007080078125 HTTP/1.1" 200 0 "-" "WordPress/6.8; https://servethepeopleinc.org"
52.167.144.145 - - [21/Apr/2025:13:57:21 -0400] "GET /detail/trumpetshaped99436974.shtml HTTP/1.1" 301 0 "-" "Mozilla/5.0 AppleWebKit/537.36 (KHTML, like Gecko; compatible; bingbot/2.0; +http://www.bing.com/bingbot.htm) Chrome/116.0.1938.76 Safari/537.36"
18.223.203.125 - - [21/Apr/2025:13:57:22 -0400] "GET /ad917/?path=%2Fhome%2Fservlmvm%2F..%2F..%2Fusr%2Fshare%2Faclocal%2F..%2Flocale%2Fhai%2F..%2Fpa%2F..%2Foj%2F..%2Fnqo HTTP/1.1" 200 1537 "-" "Mozilla/5.0 AppleWebKit/537.36 (KHTML, like Gecko; compatible; ClaudeBot/1.0; +claudebot@anthropic.com)"
66.249.65.168 - - [21/Apr/2025:13:57:22 -0400] "GET /items/doc/nominalism/25408320.shtml HTTP/1.1" 404 16950 "-" "Mozilla/5.0 (Linux; Android 6.0.1; Nexus 5X Build/MMB29P) AppleWebKit/537.36 (KHTML, like Gecko) Chrome/135.0.7049.95 Mobile Safari/537.36 (compatible; GoogleOther)"
18.223.203.125 - - [21/Apr/2025:13:57:25 -0400] "GET /ad917/?path=%2Fhome%2Fservlmvm%2F..%2F..%2Fusr%2Fshare%2Faclocal%2F..%2Flocale%2Ftkl%2F..%2Fyi%2F..%2Fpl%2F..%2Fzen HTTP/1.1" 200 1538 "-" "Mozilla/5.0 AppleWebKit/537.36 (KHTML, like Gecko; compatible; ClaudeBot/1.0; +claudebot@anthropic.com)"
18.223.203.125 - - [21/Apr/2025:13:57:28 -0400] "GET /ad917/?path=%2Fhome%2Fservlmvm%2F..%2F..%2Fusr%2Fshare%2Faclocal%2F..%2Flocale%2Ftkl%2F..%2Fyi%2F..%2Fpl%2F..%2Fnds HTTP/1.1" 200 1537 "-" "Mozilla/5.0 AppleWebKit/537.36 (KHTML, like Gecko; compatible; ClaudeBot/1.0; +claudebot@anthropic.com)"
18.223.203.125 - - [21/Apr/2025:13:57:31 -0400] "GET /ad917/?path=%2Fhome%2Fservlmvm%2F..%2F..%2Fusr%2Fshare%2Flibtool%2F..%2Flocale%2Fgoh%2F..%2Fca%2F..%2Fhu%2F..%2Face HTTP/1.1" 200 1538 "-" "Mozilla/5.0 AppleWebKit/537.36 (KHTML, like Gecko; compatible; ClaudeBot/1.0; +claudebot@anthropic.com)"
18.223.203.125 - - [21/Apr/2025:13:55:46 -0400] "GET /ad917/?path=%2Fhome%2Fservlmvm%2F..%2F..%2Fusr%2Fshare%2Faclocal%2F..%2Flocale%2Ffrr%2F..%2Fel%2F..%2Fse%2F..%2Ftem HTTP/1.1" 200 1534 "-" "Mozilla/5.0 AppleWebKit/537.36 (KHTML, like Gecko; compatible; ClaudeBot/1.0; +claudebot@anthropic.com)"
18.223.203.125 - - [21/Apr/2025:13:55:49 -0400] "GET /ad917/?path=%2Fhome%2Fservlmvm%2F..%2F..%2Fusr%2Fshare%2Faclocal%2F..%2Flocale%2Ffrr%2F..%2Fia%2F..%2Far%2F..%2Fcmc HTTP/1.1" 200 1536 "-" "Mozilla/5.0 AppleWebKit/537.36 (KHTML, like Gecko; compatible; ClaudeBot/1.0; +claudebot@anthropic.com)"
66.249.65.168 - - [21/Apr/2025:13:55:52 -0400] "GET /product78762830.shtml HTTP/1.1" 404 16941 "-" "Mozilla/5.0 (Linux; Android 6.0.1; Nexus 5X Build/MMB29P) AppleWebKit/537.36 (KHTML, like Gecko) Chrome/135.0.7049.95 Mobile Safari/537.36 (compatible; Googlebot/2.1; +http://www.google.com/bot.html)"
18.223.203.125 - - [21/Apr/2025:13:55:52 -0400] "GET /ad917/?path=%2Fhome%2Fservlmvm%2F..%2F..%2Fusr%2Fshare%2Faclocal%2F..%2Flocale%2Ffrr%2F..%2Fia%2F..%2Far%2F..%2Fpam HTTP/1.1" 200 1535 "-" "Mozilla/5.0 AppleWebKit/537.36 (KHTML, like Gecko; compatible; ClaudeBot/1.0; +claudebot@anthropic.com)"
18.223.203.125 - - [21/Apr/2025:13:55:55 -0400] "GET /ad917/?path=%2Fhome%2Fservlmvm%2F..%2F..%2Fusr%2Fshare%2Faclocal%2F..%2Flocale%2Ffrr%2F..%2Fia%2F..%2Far%2F..%2Fsus HTTP/1.1" 200 1535 "-" "Mozilla/5.0 AppleWebKit/537.36 (KHTML, like Gecko; compatible; ClaudeBot/1.0; +claudebot@anthropic.com)"
18.223.203.125 - - [21/Apr/2025:13:55:58 -0400] "GET /ad917/?path=%2Fhome%2Fservlmvm%2F..%2F..%2Fusr%2Fshare%2Flibtool%2F..%2Flocale%2Fgoh%2F..%2Fca%2F..%2Fhu%2F..%2Fber HTTP/1.1" 200 1538 "-" "Mozilla/5.0 AppleWebKit/537.36 (KHTML, like Gecko; compatible; ClaudeBot/1.0; +claudebot@anthropic.com)"
52.167.144.184 - - [21/Apr/2025:13:56:00 -0400] "GET /info65028746.shtml HTTP/1.1" 404 16943 "-" "Mozilla/5.0 AppleWebKit/537.36 (KHTML, like Gecko; compatible; bingbot/2.0; +http://www.bing.com/bingbot.htm) Chrome/116.0.1938.76 Safari/537.36"
18.223.203.125 - - [21/Apr/2025:13:56:01 -0400] "GET /ad917/?path=%2Fhome%2Fservlmvm%2F..%2F..%2Fusr%2Fshare%2Faclocal%2F..%2Flocale%2Ffrr%2F..%2Fia%2F..%2Far%2F..%2Fcrp HTTP/1.1" 200 1536 "-" "Mozilla/5.0 AppleWebKit/537.36 (KHTML, like Gecko; compatible; ClaudeBot/1.0; +claudebot@anthropic.com)"
18.223.203.125 - - [21/Apr/2025:13:57:34 -0400] "GET /ad917/?path=%2Fhome%2Fservlmvm%2F..%2F..%2Fusr%2Fshare%2Flibtool%2F..%2Flocale%2Fgoh%2F..%2Fsi%2F..%2Foc%2F..%2Flol HTTP/1.1" 200 1536 "-" "Mozilla/5.0 AppleWebKit/537.36 (KHTML, like Gecko; compatible; ClaudeBot/1.0; +claudebot@anthropic.com)"
52.167.144.199 - - [21/Apr/2025:13:57:44 -0400] "GET /items/f/waldenses/84001864.shtml HTTP/1.1" 404 16951 "-" "Mozilla/5.0 AppleWebKit/537.36 (KHTML, like Gecko; compatible; bingbot/2.0; +http://www.bing.com/bingbot.htm) Chrome/116.0.1938.76 Safari/537.36"
52.167.144.199 - - [21/Apr/2025:13:57:55 -0400] "GET /special80710286.shtml HTTP/1.1" 404 16941 "-" "Mozilla/5.0 AppleWebKit/537.36 (KHTML, like Gecko; compatible; bingbot/2.0; +http://www.bing.com/bingbot.htm) Chrome/116.0.1938.76 Safari/537.36"
52.167.144.199 - - [21/Apr/2025:13:57:59 -0400] "GET /detail/28659246.shtml HTTP/1.1" 404 16941 "-" "Mozilla/5.0 AppleWebKit/537.36 (KHTML, like Gecko; compatible; bingbot/2.0; +http://www.bing.com/bingbot.htm) Chrome/116.0.1938.76 Safari/537.36"
198.54.116.86 - - [21/Apr/2025:13:58:20 -0400] "POST /wp-cron.php?doing_wp_cron=1745258300.7653620243072509765625 HTTP/1.1" 200 0 "-" "WordPress/6.8; https://servethepeopleinc.org"
40.77.167.150 - - [21/Apr/2025:13:58:20 -0400] "GET /info/rhynchotis/46381818.shtml HTTP/1.1" 301 0 "-" "Mozilla/5.0 AppleWebKit/537.36 (KHTML, like Gecko; compatible; bingbot/2.0; +http://www.bing.com/bingbot.htm) Chrome/116.0.1938.76 Safari/537.36"
198.54.116.86 - - [21/Apr/2025:13:58:20 -0400] "POST /wp-admin/admin-ajax.php?action=async_litespeed&nonce=ivMyf8sijYrZOtjzCX3A53OUVEWPwNJG&litespeed_type=imgoptm HTTP/1.1" 200 21 "-" "WordPress/6.8; https://servethepeopleinc.org"
3.141.196.215 - - [21/Apr/2025:13:58:24 -0400] "GET /ad917/?path=%2Fhome%2Fservlmvm%2F..%2F..%2Fusr%2Fshare%2Faclocal%2F..%2Flocale%2Ftkl%2F..%2Fyi%2F..%2Fpl%2F..%2Ffrs HTTP/1.1" 200 1534 "-" "Mozilla/5.0 AppleWebKit/537.36 (KHTML, like Gecko; compatible; ClaudeBot/1.0; +claudebot@anthropic.com)"
3.141.196.215 - - [21/Apr/2025:13:58:26 -0400] "GET /ad917/?path=%2Fhome%2Fservlmvm%2F..%2F..%2Fusr%2Fshare%2Faclocal%2F..%2Flocale%2Ftkl%2F..%2Fyi%2F..%2Fpl%2F..%2Ftli HTTP/1.1" 200 1534 "-" "Mozilla/5.0 AppleWebKit/537.36 (KHTML, like Gecko; compatible; ClaudeBot/1.0; +claudebot@anthropic.com)"
3.141.196.215 - - [21/Apr/2025:13:58:29 -0400] "GET /ad917/?path=%2Fhome%2Fservlmvm%2F..%2F..%2Fusr%2Fshare%2Flibtool%2F..%2Flocale%2Fgoh%2F..%2Fsi%2F..%2Foc%2F..%2Ffrm HTTP/1.1" 200 1536 "-" "Mozilla/5.0 AppleWebKit/537.36 (KHTML, like Gecko; compatible; ClaudeBot/1.0; +claudebot@anthropic.com)"
52.167.144.226 - - [21/Apr/2025:13:58:31 -0400] "GET /item/tautomerism/37212584.shtml HTTP/1.1" 404 16951 "-" "Mozilla/5.0 AppleWebKit/537.36 (KHTML, like Gecko; compatible; bingbot/2.0; +http://www.bing.com/bingbot.htm) Chrome/116.0.1938.76 Safari/537.36"
3.141.196.215 - - [21/Apr/2025:13:58:32 -0400] "GET /ad917/?path=%2Fhome%2Fservlmvm%2F..%2F..%2Fusr%2Fshare%2Faclocal%2F..%2Flocale%2Ffrr%2F..%2Fia%2F..%2Far%2F..%2Ffro HTTP/1.1" 200 1532 "-" "Mozilla/5.0 AppleWebKit/537.36 (KHTML, like Gecko; compatible; ClaudeBot/1.0; +claudebot@anthropic.com)"
3.141.196.215 - - [21/Apr/2025:13:58:35 -0400] "GET /ad917/?path=%2Fhome%2Fservlmvm%2F..%2F..%2Fusr%2Fshare%2Flibtool%2F..%2Flocale%2Fchy%2F..%2Fcs%2F..%2Fda%2F..%2Ftup HTTP/1.1" 200 1537 "-" "Mozilla/5.0 AppleWebKit/537.36 (KHTML, like Gecko; compatible; ClaudeBot/1.0; +claudebot@anthropic.com)"
3.141.196.215 - - [21/Apr/2025:13:58:38 -0400] "GET /ad917/?path=%2Fhome%2Fservlmvm%2F..%2F..%2Fusr%2Fshare%2Faclocal%2F..%2Flocale%2Ftkl%2F..%2Fyi%2F..%2Fkn%2F..%2Fcar HTTP/1.1" 200 1535 "-" "Mozilla/5.0 AppleWebKit/537.36 (KHTML, like Gecko; compatible; ClaudeBot/1.0; +claudebot@anthropic.com)"
3.141.196.215 - - [21/Apr/2025:13:58:41 -0400] "GET /ad917/?path=%2Fhome%2Fservlmvm%2F..%2F..%2Fusr%2Fshare%2Flibtool%2F..%2Flocale%2Fgoh%2F..%2Fca%2F..%2Fhu%2F..%2Fkab HTTP/1.1" 200 1538 "-" "Mozilla/5.0 AppleWebKit/537.36 (KHTML, like Gecko; compatible; ClaudeBot/1.0; +claudebot@anthropic.com)"
3.141.196.215 - - [21/Apr/2025:13:58:44 -0400] "GET /ad917/?path=%2Fhome%2Fservlmvm%2F..%2F..%2Fusr%2Fshare%2Faclocal%2F..%2Flocale%2Ftkl%2F..%2Fyi%2F..%2Fpl%2F..%2Fsmj HTTP/1.1" 200 1535 "-" "Mozilla/5.0 AppleWebKit/537.36 (KHTML, like Gecko; compatible; ClaudeBot/1.0; +claudebot@anthropic.com)"
3.141.196.215 - - [21/Apr/2025:13:58:47 -0400] "GET /ad917/?path=%2Fhome%2Fservlmvm%2F..%2F..%2Fusr%2Fshare%2Flibtool%2F..%2Flocale%2Fchy%2F..%2Fcs%2F..%2Fda%2F..%2Fsid HTTP/1.1" 200 1536 "-" "Mozilla/5.0 AppleWebKit/537.36 (KHTML, like Gecko; compatible; ClaudeBot/1.0; +claudebot@anthropic.com)"
3.141.196.215 - - [21/Apr/2025:13:58:50 -0400] "GET /ad917/?path=%2Fhome%2Fservlmvm%2F..%2F..%2Fusr%2Fshare%2Flibtool%2F..%2Flocale%2Fchy%2F..%2Fcs%2F..%2Fhz%2F..%2Fluo HTTP/1.1" 200 1536 "-" "Mozilla/5.0 AppleWebKit/537.36 (KHTML, like Gecko; compatible; ClaudeBot/1.0; +claudebot@anthropic.com)"
3.141.196.215 - - [21/Apr/2025:13:58:53 -0400] "GET /ad917/?path=%2Fhome%2Fservlmvm%2F..%2F..%2Fusr%2Fshare%2Faclocal%2F..%2Flocale%2Fhai%2F..%2Fpa%2F..%2Foj%2F..%2Fypk HTTP/1.1" 200 1535 "-" "Mozilla/5.0 AppleWebKit/537.36 (KHTML, like Gecko; compatible; ClaudeBot/1.0; +claudebot@anthropic.com)"
3.141.196.215 - - [21/Apr/2025:13:58:56 -0400] "GET /ad917/?path=%2Fhome%2Fservlmvm%2F..%2F..%2Fusr%2Fshare%2Faclocal%2F..%2Flocale%2Fhai%2F..%2Fpa%2F..%2Foj%2F..%2Fszl HTTP/1.1" 200 1534 "-" "Mozilla/5.0 AppleWebKit/537.36 (KHTML, like Gecko; compatible; ClaudeBot/1.0; +claudebot@anthropic.com)"
3.141.196.215 - - [21/Apr/2025:13:58:59 -0400] "GET /ad917/?path=%2Fhome%2Fservlmvm%2F..%2F..%2Fusr%2Fshare%2Faclocal%2F..%2Flocale%2Ftkl%2F..%2Fyi%2F..%2Fpl%2F..%2Fnyn HTTP/1.1" 200 1534 "-" "Mozilla/5.0 AppleWebKit/537.36 (KHTML, like Gecko; compatible; ClaudeBot/1.0; +claudebot@anthropic.com)"
52.167.144.226 - - [21/Apr/2025:13:59:01 -0400] "GET /special116544220.shtml HTTP/1.1" 404 16943 "-" "Mozilla/5.0 AppleWebKit/537.36 (KHTML, like Gecko; compatible; bingbot/2.0; +http://www.bing.com/bingbot.htm) Chrome/116.0.1938.76 Safari/537.36"
3.141.196.215 - - [21/Apr/2025:13:59:02 -0400] "GET /ad917/?path=%2Fhome%2Fservlmvm%2F..%2F..%2Fusr%2Fshare%2Flibtool%2F..%2Flocale%2Fgoh%2F..%2Fsi%2F..%2Foc%2F..%2Fceb HTTP/1.1" 200 1537 "-" "Mozilla/5.0 AppleWebKit/537.36 (KHTML, like Gecko; compatible; ClaudeBot/1.0; +claudebot@anthropic.com)"
40.77.167.150 - - [21/Apr/2025:13:59:03 -0400] "GET /entity/tk/tricoccon32332336.shtml HTTP/1.1" 301 0 "-" "Mozilla/5.0 AppleWebKit/537.36 (KHTML, like Gecko; compatible; bingbot/2.0; +http://www.bing.com/bingbot.htm) Chrome/116.0.1938.76 Safari/537.36"
3.141.196.215 - - [21/Apr/2025:13:59:05 -0400] "GET /ad917/?path=%2Fhome%2Fservlmvm%2F..%2F..%2Fusr%2Fshare%2Flibtool%2F..%2Flocale%2Fgoh%2F..%2Fsi%2F..%2Foc%2F..%2Fbik HTTP/1.1" 200 1537 "-" "Mozilla/5.0 AppleWebKit/537.36 (KHTML, like Gecko; compatible; ClaudeBot/1.0; +claudebot@anthropic.com)"
3.141.196.215 - - [21/Apr/2025:13:59:08 -0400] "GET /ad917/?path=%2Fhome%2Fservlmvm%2F..%2F..%2Fusr%2Fshare%2Flibtool%2F..%2Flocale%2Fchy%2F..%2Fcs%2F..%2Fhz%2F..%2Fsuk HTTP/1.1" 200 1538 "-" "Mozilla/5.0 AppleWebKit/537.36 (KHTML, like Gecko; compatible; ClaudeBot/1.0; +claudebot@anthropic.com)"
18.191.174.190 - - [21/Apr/2025:13:59:09 -0400] "GET /ad917/?path=%2Fhome%2F..%2Fhome2%2F..%2Flib64%2Fpgsql%2Futf8_and_ascii.so HTTP/1.1" 200 967 "-" "Mozilla/5.0 AppleWebKit/537.36 (KHTML, like Gecko; compatible; ClaudeBot/1.0; +claudebot@anthropic.com)"
18.191.174.190 - - [21/Apr/2025:13:59:09 -0400] "GET /ad917/?path=%2Fhome%2F..%2F.%2Flib64%2Fgstreamer-1.0%2F..%2Flibip4tc.so.2 HTTP/1.1" 200 964 "-" "Mozilla/5.0 AppleWebKit/537.36 (KHTML, like Gecko; compatible; ClaudeBot/1.0; +claudebot@anthropic.com)"
18.191.174.190 - - [21/Apr/2025:13:59:09 -0400] "GET /ad917/?path=%2Fhome%2F..%2F.%2Flib64%2Fgstreamer-1.0%2F..%2Flibfftw3.so.3 HTTP/1.1" 200 965 "-" "Mozilla/5.0 AppleWebKit/537.36 (KHTML, like Gecko; compatible; ClaudeBot/1.0; +claudebot@anthropic.com)"
18.191.174.190 - - [21/Apr/2025:13:59:09 -0400] "GET /ad917/?path=%2Fhome%2F..%2F.%2Flib64%2Fgstreamer-1.0%2F..%2Flibmhash.so.2 HTTP/1.1" 200 964 "-" "Mozilla/5.0 AppleWebKit/537.36 (KHTML, like Gecko; compatible; ClaudeBot/1.0; +claudebot@anthropic.com)"
18.191.174.190 - - [21/Apr/2025:13:59:09 -0400] "GET /ad917/?path=%2Fhome%2F..%2F.%2Flib64%2Fgstreamer-1.0%2F..%2Flibgccpp.so.1 HTTP/1.1" 200 964 "-" "Mozilla/5.0 AppleWebKit/537.36 (KHTML, like Gecko; compatible; ClaudeBot/1.0; +claudebot@anthropic.com)"
18.191.174.190 - - [21/Apr/2025:13:59:11 -0400] "GET /ad917/?path=%2Fhome%2F..%2F.%2Flib64%2Fgstreamer-1.0%2F..%2Flibirs.so.161 HTTP/1.1" 200 964 "-" "Mozilla/5.0 AppleWebKit/537.36 (KHTML, like Gecko; compatible; ClaudeBot/1.0; +claudebot@anthropic.com)"
18.191.174.190 - - [21/Apr/2025:13:59:11 -0400] "GET /ad917/?path=%2Fhome%2F..%2Fhome4%2F..%2Flib64%2Fpkgconfig%2Flibpcrecpp.pc HTTP/1.1" 200 1096 "-" "Mozilla/5.0 AppleWebKit/537.36 (KHTML, like Gecko; compatible; ClaudeBot/1.0; +claudebot@anthropic.com)"
18.191.174.190 - - [21/Apr/2025:13:59:11 -0400] "GET /ad917/?path=%2Fhome%2F..%2F.%2Flib64%2Fgstreamer-1.0%2F..%2Flibaudit.so.1 HTTP/1.1" 200 964 "-" "Mozilla/5.0 AppleWebKit/537.36 (KHTML, like Gecko; compatible; ClaudeBot/1.0; +claudebot@anthropic.com)"
18.191.174.190 - - [21/Apr/2025:13:59:11 -0400] "GET /ad917/?path=%2Fhome%2F..%2Fhome4%2F..%2Flib64%2Fpkgconfig%2Fpython-2.7.pc HTTP/1.1" 200 1092 "-" "Mozilla/5.0 AppleWebKit/537.36 (KHTML, like Gecko; compatible; ClaudeBot/1.0; +claudebot@anthropic.com)"
18.191.174.190 - - [21/Apr/2025:13:59:11 -0400] "GET /ad917/?path=%2Fhome%2F..%2Fhome2%2F..%2Flib64%2Fpython3.6%2Fsubprocess.py HTTP/1.1" 200 16584 "-" "Mozilla/5.0 AppleWebKit/537.36 (KHTML, like Gecko; compatible; ClaudeBot/1.0; +claudebot@anthropic.com)"
3.141.196.215 - - [21/Apr/2025:13:59:11 -0400] "GET /ad917/?path=%2Fhome%2Fservlmvm%2F..%2F..%2Fusr%2Fshare%2Faclocal%2F..%2Flocale%2Ffrr%2F..%2Fia%2F..%2Far%2F..%2Fart HTTP/1.1" 200 1531 "-" "Mozilla/5.0 AppleWebKit/537.36 (KHTML, like Gecko; compatible; ClaudeBot/1.0; +claudebot@anthropic.com)"
18.191.174.190 - - [21/Apr/2025:13:59:12 -0400] "GET /ad917/?path=%2Fhome%2F..%2F.%2Flib64%2Fopen-vm-tools%2F..%2Flibgcc_s.so.1 HTTP/1.1" 200 964 "-" "Mozilla/5.0 AppleWebKit/537.36 (KHTML, like Gecko; compatible; ClaudeBot/1.0; +claudebot@anthropic.com)"
18.191.174.190 - - [21/Apr/2025:13:59:12 -0400] "GET /ad917/?path=%2Fhome%2F..%2F.%2Flib64%2Fopen-vm-tools%2F..%2Fliblua-5.1.so HTTP/1.1" 200 965 "-" "Mozilla/5.0 AppleWebKit/537.36 (KHTML, like Gecko; compatible; ClaudeBot/1.0; +claudebot@anthropic.com)"
3.141.196.215 - - [21/Apr/2025:13:59:14 -0400] "GET /ad917/?path=%2Fhome%2Fservlmvm%2F..%2F..%2Fusr%2Fshare%2Flibtool%2F..%2Flocale%2Fgoh%2F..%2Fca%2F..%2Fhu%2F..%2Fszl HTTP/1.1" 200 1538 "-" "Mozilla/5.0 AppleWebKit/537.36 (KHTML, like Gecko; compatible; ClaudeBot/1.0; +claudebot@anthropic.com)"
3.141.196.215 - - [21/Apr/2025:13:59:17 -0400] "GET /ad917/?path=%2Fhome%2Fservlmvm%2F..%2F..%2Fusr%2Fshare%2Faclocal%2F..%2Flocale%2Ffrr%2F..%2Fia%2F..%2Far%2F..%2Fmag HTTP/1.1" 200 1532 "-" "Mozilla/5.0 AppleWebKit/537.36 (KHTML, like Gecko; compatible; ClaudeBot/1.0; +claudebot@anthropic.com)"
3.141.196.215 - - [21/Apr/2025:13:59:20 -0400] "GET /ad917/?path=%2Fhome%2Fservlmvm%2F..%2F..%2Fusr%2Fshare%2Flibtool%2F..%2Flocale%2Fgoh%2F..%2Fca%2F..%2Fhu%2F..%2Faym HTTP/1.1" 200 1538 "-" "Mozilla/5.0 AppleWebKit/537.36 (KHTML, like Gecko; compatible; ClaudeBot/1.0; +claudebot@anthropic.com)"
3.141.196.215 - - [21/Apr/2025:13:59:23 -0400] "GET /ad917/?path=%2Fhome%2Fservlmvm%2F..%2F..%2Fusr%2Fshare%2Faclocal%2F..%2Flocale%2Ffrr%2F..%2Fia%2F..%2Far%2F..%2Fkhi HTTP/1.1" 200 1533 "-" "Mozilla/5.0 AppleWebKit/537.36 (KHTML, like Gecko; compatible; ClaudeBot/1.0; +claudebot@anthropic.com)"
3.141.196.215 - - [21/Apr/2025:13:59:26 -0400] "GET /ad917/?path=%2Fhome%2Fservlmvm%2F..%2F..%2Fusr%2Fshare%2Faclocal%2F..%2Flocale%2Ftkl%2F..%2Fyi%2F..%2Fpl%2F..%2Fdoi HTTP/1.1" 200 1534 "-" "Mozilla/5.0 AppleWebKit/537.36 (KHTML, like Gecko; compatible; ClaudeBot/1.0; +claudebot@anthropic.com)"
3.141.196.215 - - [21/Apr/2025:13:59:29 -0400] "GET /ad917/?path=%2Fhome%2Fservlmvm%2F..%2F..%2Fusr%2Fshare%2Faclocal%2F..%2Flocale%2Ftkl%2F..%2Fyi%2F..%2Fpl%2F..%2Fijo HTTP/1.1" 200 1535 "-" "Mozilla/5.0 AppleWebKit/537.36 (KHTML, like Gecko; compatible; ClaudeBot/1.0; +claudebot@anthropic.com)"
3.141.196.215 - - [21/Apr/2025:13:59:32 -0400] "GET /ad917/?path=%2Fhome%2Fservlmvm%2F..%2F..%2Fusr%2Fshare%2Faclocal%2F..%2Flocale%2Fhai%2F..%2Fpa%2F..%2Foj%2F..%2Faln HTTP/1.1" 200 1533 "-" "Mozilla/5.0 AppleWebKit/537.36 (KHTML, like Gecko; compatible; ClaudeBot/1.0; +claudebot@anthropic.com)"
3.141.196.215 - - [21/Apr/2025:13:59:35 -0400] "GET /ad917/?path=%2Fhome%2Fservlmvm%2F..%2F..%2Fusr%2Fshare%2Flibtool%2F..%2Flocale%2Fgoh%2F..%2Fca%2F..%2Fhu%2F..%2Frup HTTP/1.1" 200 1537 "-" "Mozilla/5.0 AppleWebKit/537.36 (KHTML, like Gecko; compatible; ClaudeBot/1.0; +claudebot@anthropic.com)"
3.141.196.215 - - [21/Apr/2025:13:59:38 -0400] "GET /ad917/?path=%2Fhome%2Fservlmvm%2F..%2F..%2Fusr%2Fshare%2Faclocal%2F..%2Flocale%2Fhai%2F..%2Fpa%2F..%2Foj%2F..%2Foto HTTP/1.1" 200 1533 "-" "Mozilla/5.0 AppleWebKit/537.36 (KHTML, like Gecko; compatible; ClaudeBot/1.0; +claudebot@anthropic.com)"
198.54.116.86 - - [21/Apr/2025:13:59:40 -0400] "POST /wp-cron.php?doing_wp_cron=1745258380.5044939517974853515625 HTTP/1.1" 200 0 "-" "WordPress/6.8; https://servethepeopleinc.org"
52.167.144.160 - - [21/Apr/2025:13:59:40 -0400] "GET /info/wo/unbridle/115016474.shtml HTTP/1.1" 301 0 "-" "Mozilla/5.0 AppleWebKit/537.36 (KHTML, like Gecko; compatible; bingbot/2.0; +http://www.bing.com/bingbot.htm) Chrome/116.0.1938.76 Safari/537.36"
198.54.116.86 - - [21/Apr/2025:13:59:40 -0400] "POST /wp-admin/admin-ajax.php?action=async_litespeed&nonce=VM0pmPaCPae3D9zJDeZRIxcBTxfRt4aW&litespeed_type=imgoptm HTTP/1.1" 200 21 "-" "WordPress/6.8; https://servethepeopleinc.org"
3.141.196.215 - - [21/Apr/2025:13:59:41 -0400] "GET /ad917/?path=%2Fhome%2Fservlmvm%2F..%2F..%2Fusr%2Fshare%2Flibtool%2F..%2Flocale%2Fchy%2F..%2Fcs%2F..%2Fhz%2F..%2Fcop HTTP/1.1" 200 1536 "-" "Mozilla/5.0 AppleWebKit/537.36 (KHTML, like Gecko; compatible; ClaudeBot/1.0; +claudebot@anthropic.com)"
52.167.144.199 - - [21/Apr/2025:13:59:44 -0400] "GET /product74995936.shtml HTTP/1.1" 404 16942 "-" "Mozilla/5.0 AppleWebKit/537.36 (KHTML, like Gecko; compatible; bingbot/2.0; +http://www.bing.com/bingbot.htm) Chrome/116.0.1938.76 Safari/537.36"
3.141.196.215 - - [21/Apr/2025:13:59:44 -0400] "GET /ad917/?path=%2Fhome%2Fservlmvm%2F..%2F..%2Fusr%2Fshare%2Flibtool%2F..%2Flocale%2Fgoh%2F..%2Fsi%2F..%2Foc%2F..%2Fafa HTTP/1.1" 200 1537 "-" "Mozilla/5.0 AppleWebKit/537.36 (KHTML, like Gecko; compatible; ClaudeBot/1.0; +claudebot@anthropic.com)"
66.249.65.170 - - [21/Apr/2025:13:59:47 -0400] "GET /shopdetail41123624.shtml HTTP/1.1" 404 16941 "-" "Mozilla/5.0 (Linux; Android 6.0.1; Nexus 5X Build/MMB29P) AppleWebKit/537.36 (KHTML, like Gecko) Chrome/135.0.7049.95 Mobile Safari/537.36 (compatible; GoogleOther)"
3.141.196.215 - - [21/Apr/2025:13:59:47 -0400] "GET /ad917/?path=%2Fhome%2Fservlmvm%2F..%2F..%2Fusr%2Fshare%2Faclocal%2F..%2Flocale%2Ftkl%2F..%2Fyi%2F..%2Fkn%2F..%2Fbra HTTP/1.1" 200 1535 "-" "Mozilla/5.0 AppleWebKit/537.36 (KHTML, like Gecko; compatible; ClaudeBot/1.0; +claudebot@anthropic.com)"
3.141.196.215 - - [21/Apr/2025:13:59:50 -0400] "GET /ad917/?path=%2Fhome%2Fservlmvm%2F..%2F..%2Fusr%2Fshare%2Flibtool%2F..%2Flocale%2Fgoh%2F..%2Fca%2F..%2Fhu%2F..%2Fcpe HTTP/1.1" 200 1534 "-" "Mozilla/5.0 AppleWebKit/537.36 (KHTML, like Gecko; compatible; ClaudeBot/1.0; +claudebot@anthropic.com)"
3.141.196.215 - - [21/Apr/2025:14:00:17 -0400] "GET /ad917/?path=%2Fhome%2Fservlmvm%2F..%2F..%2Fusr%2Fshare%2Flibtool%2F..%2Flocale%2Fgoh%2F..%2Fca%2F..%2Fhu%2F..%2Ftzo HTTP/1.1" 200 1538 "-" "Mozilla/5.0 AppleWebKit/537.36 (KHTML, like Gecko; compatible; ClaudeBot/1.0; +claudebot@anthropic.com)"
198.54.116.86 - - [21/Apr/2025:14:00:20 -0400] "POST /wp-cron.php?doing_wp_cron=1745258420.4223680496215820312500 HTTP/1.1" 200 0 "-" "WordPress/6.8; https://servethepeopleinc.org"
52.167.144.203 - - [21/Apr/2025:14:00:20 -0400] "GET /product116259822.shtml HTTP/1.1" 404 16943 "-" "Mozilla/5.0 AppleWebKit/537.36 (KHTML, like Gecko; compatible; bingbot/2.0; +http://www.bing.com/bingbot.htm) Chrome/116.0.1938.76 Safari/537.36"
3.141.196.215 - - [21/Apr/2025:14:00:20 -0400] "GET /ad917/?path=%2Fhome%2Fservlmvm%2F..%2F..%2Fusr%2Fshare%2Faclocal%2F..%2Flocale%2Ftkl%2F..%2Fyi%2F..%2Fpl%2F..%2Flah HTTP/1.1" 200 1533 "-" "Mozilla/5.0 AppleWebKit/537.36 (KHTML, like Gecko; compatible; ClaudeBot/1.0; +claudebot@anthropic.com)"
3.141.196.215 - - [21/Apr/2025:14:00:23 -0400] "GET /ad917/?path=%2Fhome%2Fservlmvm%2F..%2F..%2Fusr%2Fshare%2Faclocal%2F..%2Flocale%2Ftkl%2F..%2Fyi%2F..%2Fkn%2F..%2Fber HTTP/1.1" 200 1534 "-" "Mozilla/5.0 AppleWebKit/537.36 (KHTML, like Gecko; compatible; ClaudeBot/1.0; +claudebot@anthropic.com)"
52.167.144.226 - - [21/Apr/2025:14:00:23 -0400] "GET /items58333716.shtml HTTP/1.1" 404 16941 "-" "Mozilla/5.0 AppleWebKit/537.36 (KHTML, like Gecko; compatible; bingbot/2.0; +http://www.bing.com/bingbot.htm) Chrome/116.0.1938.76 Safari/537.36"
40.77.167.150 - - [21/Apr/2025:14:00:31 -0400] "GET /goodscode/overhastily549302.shtml HTTP/1.1" 301 0 "-" "Mozilla/5.0 AppleWebKit/537.36 (KHTML, like Gecko; compatible; bingbot/2.0; +http://www.bing.com/bingbot.htm) Chrome/116.0.1938.76 Safari/537.36"
52.167.144.199 - - [21/Apr/2025:14:00:45 -0400] "GET /goodscode/verbesina33808178.shtml HTTP/1.1" 404 16942 "-" "Mozilla/5.0 AppleWebKit/537.36 (KHTML, like Gecko; compatible; bingbot/2.0; +http://www.bing.com/bingbot.htm) Chrome/116.0.1938.76 Safari/537.36"
40.77.167.13 - - [21/Apr/2025:14:00:51 -0400] "GET /detail/plasmodia49458948.shtml HTTP/1.1" 301 0 "-" "Mozilla/5.0 AppleWebKit/537.36 (KHTML, like Gecko; compatible; bingbot/2.0; +http://www.bing.com/bingbot.htm) Chrome/116.0.1938.76 Safari/537.36"
198.54.116.86 - - [21/Apr/2025:14:01:07 -0400] "POST /wp-cron.php?doing_wp_cron=1745258467.7514250278472900390625 HTTP/1.1" 200 0 "-" "WordPress/6.8; https://servethepeopleinc.org"
74.201.73.194 - - [21/Apr/2025:14:01:07 -0400] "GET / HTTP/1.1" 200 28636 "https://www.google.com/" "Mozilla/5.0 (Windows NT 10.0; Win64; x64) AppleWebKit/537.36 (KHTML, like Gecko) Chrome/135.0.0.0 Safari/537.36 Edg/135.0.0.0"
198.54.116.86 - - [21/Apr/2025:14:01:07 -0400] "POST /wp-admin/admin-ajax.php?action=async_litespeed&nonce=sPQFRkxeDUMaHQRlcYIFOhecXc2O3ST5&litespeed_type=imgoptm HTTP/1.1" 200 21 "-" "WordPress/6.8; https://servethepeopleinc.org"
74.201.73.194 - - [21/Apr/2025:14:01:08 -0400] "GET /wp-includes/css/dist/block-library/style.min.css?ver=6.8 HTTP/1.1" 200 14358 "https://servethepeopleinc.org/" "Mozilla/5.0 (Windows NT 10.0; Win64; x64) AppleWebKit/537.36 (KHTML, like Gecko) Chrome/135.0.0.0 Safari/537.36 Edg/135.0.0.0"
74.201.73.194 - - [21/Apr/2025:14:01:08 -0400] "GET /wp-content/uploads/useanyfont/uaf.css?ver=1704783504 HTTP/1.1" 200 236 "https://servethepeopleinc.org/" "Mozilla/5.0 (Windows NT 10.0; Win64; x64) AppleWebKit/537.36 (KHTML, like Gecko) Chrome/135.0.0.0 Safari/537.36 Edg/135.0.0.0"
74.201.73.194 - - [21/Apr/2025:14:01:08 -0400] "GET /wp-content/plugins/give/assets/dist/css/give.css?ver=3.3.0 HTTP/1.1" 200 13358 "https://servethepeopleinc.org/" "Mozilla/5.0 (Windows NT 10.0; Win64; x64) AppleWebKit/537.36 (KHTML, like Gecko) Chrome/135.0.0.0 Safari/537.36 Edg/135.0.0.0"
74.201.73.194 - - [21/Apr/2025:14:01:08 -0400] "GET /wp-content/plugins/give/assets/dist/css/give-donation-summary.css?ver=3.3.0 HTTP/1.1" 200 465 "https://servethepeopleinc.org/" "Mozilla/5.0 (Windows NT 10.0; Win64; x64) AppleWebKit/537.36 (KHTML, like Gecko) Chrome/135.0.0.0 Safari/537.36 Edg/135.0.0.0"
74.201.73.194 - - [21/Apr/2025:14:01:09 -0400] "GET /wp-content/plugins/js_composer/assets/css/js_composer.min.css?ver=7.3 HTTP/1.1" 200 40992 "https://servethepeopleinc.org/" "Mozilla/5.0 (Windows NT 10.0; Win64; x64) AppleWebKit/537.36 (KHTML, like Gecko) Chrome/135.0.0.0 Safari/537.36 Edg/135.0.0.0"
74.201.73.194 - - [21/Apr/2025:14:01:09 -0400] "GET /wp-content/plugins/gravityforms/assets/css/dist/basic.min.css?ver=2.8.18 HTTP/1.1" 200 6849 "https://servethepeopleinc.org/" "Mozilla/5.0 (Windows NT 10.0; Win64; x64) AppleWebKit/537.36 (KHTML, like Gecko) Chrome/135.0.0.0 Safari/537.36 Edg/135.0.0.0"
74.201.73.194 - - [21/Apr/2025:14:01:09 -0400] "GET /wp-content/plugins/gravityforms/assets/css/dist/theme-components.min.css?ver=2.8.18 HTTP/1.1" 200 0 "https://servethepeopleinc.org/" "Mozilla/5.0 (Windows NT 10.0; Win64; x64) AppleWebKit/537.36 (KHTML, like Gecko) Chrome/135.0.0.0 Safari/537.36 Edg/135.0.0.0"
74.201.73.194 - - [21/Apr/2025:14:01:09 -0400] "GET /wp-content/plugins/gravityforms/assets/css/dist/theme-ie11.min.css?ver=2.8.18 HTTP/1.1" 200 327 "https://servethepeopleinc.org/" "Mozilla/5.0 (Windows NT 10.0; Win64; x64) AppleWebKit/537.36 (KHTML, like Gecko) Chrome/135.0.0.0 Safari/537.36 Edg/135.0.0.0"
74.201.73.194 - - [21/Apr/2025:14:01:09 -0400] "GET /wp-content/plugins/gravityforms/assets/css/dist/theme.min.css?ver=2.8.18 HTTP/1.1" 200 5531 "https://servethepeopleinc.org/" "Mozilla/5.0 (Windows NT 10.0; Win64; x64) AppleWebKit/537.36 (KHTML, like Gecko) Chrome/135.0.0.0 Safari/537.36 Edg/135.0.0.0"
74.201.73.194 - - [21/Apr/2025:14:01:09 -0400] "GET /wp-content/themes/woodmart/css/bootstrap-light.min.css?ver=7.3.2 HTTP/1.1" 200 812 "https://servethepeopleinc.org/" "Mozilla/5.0 (Windows NT 10.0; Win64; x64) AppleWebKit/537.36 (KHTML, like Gecko) Chrome/135.0.0.0 Safari/537.36 Edg/135.0.0.0"
74.201.73.194 - - [21/Apr/2025:14:01:09 -0400] "GET /wp-content/themes/woodmart/css/parts/base.min.css?ver=7.3.2 HTTP/1.1" 200 10433 "https://servethepeopleinc.org/" "Mozilla/5.0 (Windows NT 10.0; Win64; x64) AppleWebKit/537.36 (KHTML, like Gecko) Chrome/135.0.0.0 Safari/537.36 Edg/135.0.0.0"
74.201.73.194 - - [21/Apr/2025:14:01:09 -0400] "GET /wp-content/themes/woodmart/css/parts/wp-gutenberg.min.css?ver=7.3.2 HTTP/1.1" 200 1904 "https://servethepeopleinc.org/" "Mozilla/5.0 (Windows NT 10.0; Win64; x64) AppleWebKit/537.36 (KHTML, like Gecko) Chrome/135.0.0.0 Safari/537.36 Edg/135.0.0.0"
74.201.73.194 - - [21/Apr/2025:14:01:10 -0400] "GET /wp-content/themes/woodmart/css/parts/int-mc4wp.min.css?ver=7.3.2 HTTP/1.1" 200 352 "https://servethepeopleinc.org/" "Mozilla/5.0 (Windows NT 10.0; Win64; x64) AppleWebKit/537.36 (KHTML, like Gecko) Chrome/135.0.0.0 Safari/537.36 Edg/135.0.0.0"
74.201.73.194 - - [21/Apr/2025:14:01:10 -0400] "GET /wp-content/themes/woodmart/css/parts/int-rev-slider.min.css?ver=7.3.2 HTTP/1.1" 200 256 "https://servethepeopleinc.org/" "Mozilla/5.0 (Windows NT 10.0; Win64; x64) AppleWebKit/537.36 (KHTML, like Gecko) Chrome/135.0.0.0 Safari/537.36 Edg/135.0.0.0"
74.201.73.194 - - [21/Apr/2025:14:01:10 -0400] "GET /wp-content/themes/woodmart/css/parts/int-wpb-base.min.css?ver=7.3.2 HTTP/1.1" 200 2653 "https://servethepeopleinc.org/" "Mozilla/5.0 (Windows NT 10.0; Win64; x64) AppleWebKit/537.36 (KHTML, like Gecko) Chrome/135.0.0.0 Safari/537.36 Edg/135.0.0.0"
74.201.73.194 - - [21/Apr/2025:14:01:10 -0400] "GET /wp-content/themes/woodmart/css/parts/int-wpb-base-deprecated.min.css?ver=7.3.2 HTTP/1.1" 200 301 "https://servethepeopleinc.org/" "Mozilla/5.0 (Windows NT 10.0; Win64; x64) AppleWebKit/537.36 (KHTML, like Gecko) Chrome/135.0.0.0 Safari/537.36 Edg/135.0.0.0"
74.201.73.194 - - [21/Apr/2025:14:01:10 -0400] "GET /wp-content/themes/woodmart/css/parts/header-base.min.css?ver=7.3.2 HTTP/1.1" 200 2509 "https://servethepeopleinc.org/" "Mozilla/5.0 (Windows NT 10.0; Win64; x64) AppleWebKit/537.36 (KHTML, like Gecko) Chrome/135.0.0.0 Safari/537.36 Edg/135.0.0.0"
74.201.73.194 - - [21/Apr/2025:14:01:10 -0400] "GET /wp-content/themes/woodmart/css/parts/mod-tools.min.css?ver=7.3.2 HTTP/1.1" 200 863 "https://servethepeopleinc.org/" "Mozilla/5.0 (Windows NT 10.0; Win64; x64) AppleWebKit/537.36 (KHTML, like Gecko) Chrome/135.0.0.0 Safari/537.36 Edg/135.0.0.0"
74.201.73.194 - - [21/Apr/2025:14:01:10 -0400] "GET /wp-content/themes/woodmart/css/parts/header-el-base.min.css?ver=7.3.2 HTTP/1.1" 200 811 "https://servethepeopleinc.org/" "Mozilla/5.0 (Windows NT 10.0; Win64; x64) AppleWebKit/537.36 (KHTML, like Gecko) Chrome/135.0.0.0 Safari/537.36 Edg/135.0.0.0"
74.201.73.194 - - [21/Apr/2025:14:01:10 -0400] "GET /wp-content/themes/woodmart/css/parts/el-social-icons.min.css?ver=7.3.2 HTTP/1.1" 200 1130 "https://servethepeopleinc.org/" "Mozilla/5.0 (Windows NT 10.0; Win64; x64) AppleWebKit/537.36 (KHTML, like Gecko) Chrome/135.0.0.0 Safari/537.36 Edg/135.0.0.0"
74.201.73.194 - - [21/Apr/2025:14:01:10 -0400] "GET /wp-content/themes/woodmart/css/parts/int-wbp-el-animations.min.css?ver=7.3.2 HTTP/1.1" 200 678 "https://servethepeopleinc.org/" "Mozilla/5.0 (Windows NT 10.0; Win64; x64) AppleWebKit/537.36 (KHTML, like Gecko) Chrome/135.0.0.0 Safari/537.36 Edg/135.0.0.0"
74.201.73.194 - - [21/Apr/2025:14:01:11 -0400] "GET /wp-content/themes/woodmart/css/parts/el-text-block.min.css?ver=7.3.2 HTTP/1.1" 200 110 "https://servethepeopleinc.org/" "Mozilla/5.0 (Windows NT 10.0; Win64; x64) AppleWebKit/537.36 (KHTML, like Gecko) Chrome/135.0.0.0 Safari/537.36 Edg/135.0.0.0"
74.201.73.194 - - [21/Apr/2025:14:01:11 -0400] "GET /wp-content/themes/woodmart/css/parts/el-info-box.min.css?ver=7.3.2 HTTP/1.1" 200 802 "https://servethepeopleinc.org/" "Mozilla/5.0 (Windows NT 10.0; Win64; x64) AppleWebKit/537.36 (KHTML, like Gecko) Chrome/135.0.0.0 Safari/537.36 Edg/135.0.0.0"
74.201.73.194 - - [21/Apr/2025:14:01:11 -0400] "GET /wp-content/themes/woodmart/css/parts/lib-owl-carousel.min.css?ver=7.3.2 HTTP/1.1" 200 1230 "https://servethepeopleinc.org/" "Mozilla/5.0 (Windows NT 10.0; Win64; x64) AppleWebKit/537.36 (KHTML, like Gecko) Chrome/135.0.0.0 Safari/537.36 Edg/135.0.0.0"
74.201.73.194 - - [21/Apr/2025:14:01:11 -0400] "GET /wp-content/themes/woodmart/css/parts/opt-widget-collapse.min.css?ver=7.3.2 HTTP/1.1" 200 349 "https://servethepeopleinc.org/" "Mozilla/5.0 (Windows NT 10.0; Win64; x64) AppleWebKit/537.36 (KHTML, like Gecko) Chrome/135.0.0.0 Safari/537.36 Edg/135.0.0.0"
74.201.73.194 - - [21/Apr/2025:14:01:11 -0400] "GET /wp-content/themes/woodmart/css/parts/footer-base.min.css?ver=7.3.2 HTTP/1.1" 200 360 "https://servethepeopleinc.org/" "Mozilla/5.0 (Windows NT 10.0; Win64; x64) AppleWebKit/537.36 (KHTML, like Gecko) Chrome/135.0.0.0 Safari/537.36 Edg/135.0.0.0"
74.201.73.194 - - [21/Apr/2025:14:01:11 -0400] "GET /wp-content/themes/woodmart/css/parts/opt-scrolltotop.min.css?ver=7.3.2 HTTP/1.1" 200 345 "https://servethepeopleinc.org/" "Mozilla/5.0 (Windows NT 10.0; Win64; x64) AppleWebKit/537.36 (KHTML, like Gecko) Chrome/135.0.0.0 Safari/537.36 Edg/135.0.0.0"
74.201.73.194 - - [21/Apr/2025:14:01:12 -0400] "GET /wp-includes/js/jquery/jquery.min.js?ver=3.7.1 HTTP/1.1" 200 29744 "https://servethepeopleinc.org/" "Mozilla/5.0 (Windows NT 10.0; Win64; x64) AppleWebKit/537.36 (KHTML, like Gecko) Chrome/135.0.0.0 Safari/537.36 Edg/135.0.0.0"
74.201.73.194 - - [21/Apr/2025:14:01:12 -0400] "GET /wp-includes/js/jquery/jquery-migrate.min.js?ver=3.4.1 HTTP/1.1" 200 4678 "https://servethepeopleinc.org/" "Mozilla/5.0 (Windows NT 10.0; Win64; x64) AppleWebKit/537.36 (KHTML, like Gecko) Chrome/135.0.0.0 Safari/537.36 Edg/135.0.0.0"
52.167.144.203 - - [21/Apr/2025:14:01:12 -0400] "GET /product/exuvia/ HTTP/1.1" 404 16942 "-" "Mozilla/5.0 AppleWebKit/537.36 (KHTML, like Gecko; compatible; bingbot/2.0; +http://www.bing.com/bingbot.htm) Chrome/116.0.1938.76 Safari/537.36"
74.201.73.194 - - [21/Apr/2025:14:01:12 -0400] "GET /wp-includes/js/dist/hooks.min.js?ver=4d63a3d491d11ffd8ac6 HTTP/1.1" 200 1571 "https://servethepeopleinc.org/" "Mozilla/5.0 (Windows NT 10.0; Win64; x64) AppleWebKit/537.36 (KHTML, like Gecko) Chrome/135.0.0.0 Safari/537.36 Edg/135.0.0.0"
74.201.73.194 - - [21/Apr/2025:14:01:12 -0400] "GET /wp-includes/js/dist/i18n.min.js?ver=5e580eb46a90c2b997e6 HTTP/1.1" 200 3542 "https://servethepeopleinc.org/" "Mozilla/5.0 (Windows NT 10.0; Win64; x64) AppleWebKit/537.36 (KHTML, like Gecko) Chrome/135.0.0.0 Safari/537.36 Edg/135.0.0.0"
74.201.73.194 - - [21/Apr/2025:14:01:12 -0400] "GET /wp-content/plugins/give/assets/dist/js/give.js?ver=1f58f4922fc61e82 HTTP/1.1" 200 49585 "https://servethepeopleinc.org/" "Mozilla/5.0 (Windows NT 10.0; Win64; x64) AppleWebKit/537.36 (KHTML, like Gecko) Chrome/135.0.0.0 Safari/537.36 Edg/135.0.0.0"
74.201.73.194 - - [21/Apr/2025:14:01:12 -0400] "GET /wp-content/themes/woodmart/js/libs/device.min.js?ver=7.3.2 HTTP/1.1" 200 1151 "https://servethepeopleinc.org/" "Mozilla/5.0 (Windows NT 10.0; Win64; x64) AppleWebKit/537.36 (KHTML, like Gecko) Chrome/135.0.0.0 Safari/537.36 Edg/135.0.0.0"
74.201.73.194 - - [21/Apr/2025:14:01:13 -0400] "GET /wp-content/themes/woodmart/js/scripts/global/scrollBar.min.js?ver=7.3.2 HTTP/1.1" 200 152 "https://servethepeopleinc.org/" "Mozilla/5.0 (Windows NT 10.0; Win64; x64) AppleWebKit/537.36 (KHTML, like Gecko) Chrome/135.0.0.0 Safari/537.36 Edg/135.0.0.0"
74.201.73.194 - - [21/Apr/2025:14:01:13 -0400] "GET /wp-content/plugins/revslider/public/assets/assets/dummy.png HTTP/1.1" 200 68 "https://servethepeopleinc.org/" "Mozilla/5.0 (Windows NT 10.0; Win64; x64) AppleWebKit/537.36 (KHTML, like Gecko) Chrome/135.0.0.0 Safari/537.36 Edg/135.0.0.0"
74.201.73.194 - - [21/Apr/2025:14:01:13 -0400] "GET /wp-content/uploads/2024/01/1.png HTTP/1.1" 200 74033 "https://servethepeopleinc.org/" "Mozilla/5.0 (Windows NT 10.0; Win64; x64) AppleWebKit/537.36 (KHTML, like Gecko) Chrome/135.0.0.0 Safari/537.36 Edg/135.0.0.0"
74.201.73.194 - - [21/Apr/2025:14:01:13 -0400] "GET /wp-content/uploads/2024/01/logo-1.png HTTP/1.1" 200 88746 "https://servethepeopleinc.org/" "Mozilla/5.0 (Windows NT 10.0; Win64; x64) AppleWebKit/537.36 (KHTML, like Gecko) Chrome/135.0.0.0 Safari/537.36 Edg/135.0.0.0"
74.201.73.194 - - [21/Apr/2025:14:01:13 -0400] "GET /wp-content/uploads/2024/01/Layer-5.jpg HTTP/1.1" 200 187141 "https://servethepeopleinc.org/" "Mozilla/5.0 (Windows NT 10.0; Win64; x64) AppleWebKit/537.36 (KHTML, like Gecko) Chrome/135.0.0.0 Safari/537.36 Edg/135.0.0.0"
74.201.73.194 - - [21/Apr/2025:14:01:13 -0400] "GET /wp-content/plugins/js_composer/assets/lib/bower/animate-css/animate.min.css?ver=7.3 HTTP/1.1" 200 2248 "https://servethepeopleinc.org/" "Mozilla/5.0 (Windows NT 10.0; Win64; x64) AppleWebKit/537.36 (KHTML, like Gecko) Chrome/135.0.0.0 Safari/537.36 Edg/135.0.0.0"
74.201.73.194 - - [21/Apr/2025:14:01:14 -0400] "GET /wp-content/plugins/revslider/public/assets/css/rs6.css?ver=6.6.20 HTTP/1.1" 200 11961 "https://servethepeopleinc.org/" "Mozilla/5.0 (Windows NT 10.0; Win64; x64) AppleWebKit/537.36 (KHTML, like Gecko) Chrome/135.0.0.0 Safari/537.36 Edg/135.0.0.0"
74.201.73.194 - - [21/Apr/2025:14:01:14 -0400] "GET /wp-content/plugins/give/assets/dist/js/give-donation-summary.js?ver=3.3.0 HTTP/1.1" 200 1630 "https://servethepeopleinc.org/" "Mozilla/5.0 (Windows NT 10.0; Win64; x64) AppleWebKit/537.36 (KHTML, like Gecko) Chrome/135.0.0.0 Safari/537.36 Edg/135.0.0.0"
74.201.73.194 - - [21/Apr/2025:14:01:14 -0400] "GET /wp-includes/js/dist/dom-ready.min.js?ver=f77871ff7694fffea381 HTTP/1.1" 200 275 "https://servethepeopleinc.org/" "Mozilla/5.0 (Windows NT 10.0; Win64; x64) AppleWebKit/537.36 (KHTML, like Gecko) Chrome/135.0.0.0 Safari/537.36 Edg/135.0.0.0"
74.201.73.194 - - [21/Apr/2025:14:01:14 -0400] "GET /wp-includes/js/dist/a11y.min.js?ver=3156534cc54473497e14 HTTP/1.1" 200 827 "https://servethepeopleinc.org/" "Mozilla/5.0 (Windows NT 10.0; Win64; x64) AppleWebKit/537.36 (KHTML, like Gecko) Chrome/135.0.0.0 Safari/537.36 Edg/135.0.0.0"
74.201.73.194 - - [21/Apr/2025:14:01:14 -0400] "GET /wp-content/plugins/js_composer/assets/js/dist/js_composer_front.min.js?ver=7.3 HTTP/1.1" 200 5490 "https://servethepeopleinc.org/" "Mozilla/5.0 (Windows NT 10.0; Win64; x64) AppleWebKit/537.36 (KHTML, like Gecko) Chrome/135.0.0.0 Safari/537.36 Edg/135.0.0.0"
74.201.73.194 - - [21/Apr/2025:14:01:14 -0400] "GET /wp-content/themes/woodmart/js/libs/cookie.min.js?ver=7.3.2 HTTP/1.1" 200 791 "https://servethepeopleinc.org/" "Mozilla/5.0 (Windows NT 10.0; Win64; x64) AppleWebKit/537.36 (KHTML, like Gecko) Chrome/135.0.0.0 Safari/537.36 Edg/135.0.0.0"
74.201.73.194 - - [21/Apr/2025:14:01:14 -0400] "GET /wp-content/themes/woodmart/js/scripts/global/helpers.min.js?ver=7.3.2 HTTP/1.1" 200 1667 "https://servethepeopleinc.org/" "Mozilla/5.0 (Windows NT 10.0; Win64; x64) AppleWebKit/537.36 (KHTML, like Gecko) Chrome/135.0.0.0 Safari/537.36 Edg/135.0.0.0"
74.201.73.194 - - [21/Apr/2025:14:01:14 -0400] "GET /wp-content/themes/woodmart/js/scripts/wc/woocommerceNotices.min.js?ver=7.3.2 HTTP/1.1" 200 232 "https://servethepeopleinc.org/" "Mozilla/5.0 (Windows NT 10.0; Win64; x64) AppleWebKit/537.36 (KHTML, like Gecko) Chrome/135.0.0.0 Safari/537.36 Edg/135.0.0.0"
74.201.73.194 - - [21/Apr/2025:14:01:14 -0400] "GET /wp-content/themes/woodmart/js/scripts/header/headerBuilder.min.js?ver=7.3.2 HTTP/1.1" 200 872 "https://servethepeopleinc.org/" "Mozilla/5.0 (Windows NT 10.0; Win64; x64) AppleWebKit/537.36 (KHTML, like Gecko) Chrome/135.0.0.0 Safari/537.36 Edg/135.0.0.0"
74.201.73.194 - - [21/Apr/2025:14:01:15 -0400] "GET /wp-content/themes/woodmart/js/scripts/menu/menuOffsets.min.js?ver=7.3.2 HTTP/1.1" 200 876 "https://servethepeopleinc.org/" "Mozilla/5.0 (Windows NT 10.0; Win64; x64) AppleWebKit/537.36 (KHTML, like Gecko) Chrome/135.0.0.0 Safari/537.36 Edg/135.0.0.0"
52.167.144.226 - - [21/Apr/2025:14:01:15 -0400] "GET /detail/dissipate77831906.shtml HTTP/1.1" 404 16942 "-" "Mozilla/5.0 AppleWebKit/537.36 (KHTML, like Gecko; compatible; bingbot/2.0; +http://www.bing.com/bingbot.htm) Chrome/116.0.1938.76 Safari/537.36"
74.201.73.194 - - [21/Apr/2025:14:01:15 -0400] "GET /wp-content/themes/woodmart/js/scripts/menu/menuSetUp.min.js?ver=7.3.2 HTTP/1.1" 200 495 "https://servethepeopleinc.org/" "Mozilla/5.0 (Windows NT 10.0; Win64; x64) AppleWebKit/537.36 (KHTML, like Gecko) Chrome/135.0.0.0 Safari/537.36 Edg/135.0.0.0"
74.201.73.194 - - [21/Apr/2025:14:01:15 -0400] "GET /wp-content/plugins/js_composer/assets/lib/vc_waypoints/vc-waypoints.min.js?ver=7.3 HTTP/1.1" 200 2675 "https://servethepeopleinc.org/" "Mozilla/5.0 (Windows NT 10.0; Win64; x64) AppleWebKit/537.36 (KHTML, like Gecko) Chrome/135.0.0.0 Safari/537.36 Edg/135.0.0.0"
74.201.73.194 - - [21/Apr/2025:14:01:16 -0400] "GET /wp-content/themes/woodmart/js/libs/owl.carousel.min.js?ver=7.3.2 HTTP/1.1" 200 10583 "https://servethepeopleinc.org/" "Mozilla/5.0 (Windows NT 10.0; Win64; x64) AppleWebKit/537.36 (KHTML, like Gecko) Chrome/135.0.0.0 Safari/537.36 Edg/135.0.0.0"
74.201.73.194 - - [21/Apr/2025:14:01:16 -0400] "GET /wp-includes/js/imagesloaded.min.js?ver=5.0.0 HTTP/1.1" 200 1687 "https://servethepeopleinc.org/" "Mozilla/5.0 (Windows NT 10.0; Win64; x64) AppleWebKit/537.36 (KHTML, like Gecko) Chrome/135.0.0.0 Safari/537.36 Edg/135.0.0.0"
74.201.73.194 - - [21/Apr/2025:14:01:16 -0400] "GET /wp-content/themes/woodmart/js/scripts/global/owlCarouselInit.min.js?ver=7.3.2 HTTP/1.1" 200 1000 "https://servethepeopleinc.org/" "Mozilla/5.0 (Windows NT 10.0; Win64; x64) AppleWebKit/537.36 (KHTML, like Gecko) Chrome/135.0.0.0 Safari/537.36 Edg/135.0.0.0"
74.201.73.194 - - [21/Apr/2025:14:01:16 -0400] "GET /wp-content/themes/woodmart/js/scripts/global/widgetCollapse.min.js?ver=7.3.2 HTTP/1.1" 200 365 "https://servethepeopleinc.org/" "Mozilla/5.0 (Windows NT 10.0; Win64; x64) AppleWebKit/537.36 (KHTML, like Gecko) Chrome/135.0.0.0 Safari/537.36 Edg/135.0.0.0"
74.201.73.194 - - [21/Apr/2025:14:01:16 -0400] "GET /wp-content/themes/woodmart/js/scripts/global/scrollTop.min.js?ver=7.3.2 HTTP/1.1" 200 171 "https://servethepeopleinc.org/" "Mozilla/5.0 (Windows NT 10.0; Win64; x64) AppleWebKit/537.36 (KHTML, like Gecko) Chrome/135.0.0.0 Safari/537.36 Edg/135.0.0.0"
74.201.73.194 - - [21/Apr/2025:14:01:16 -0400] "GET /wp-content/themes/woodmart/js/scripts/menu/mobileNavigation.min.js?ver=7.3.2 HTTP/1.1" 200 566 "https://servethepeopleinc.org/" "Mozilla/5.0 (Windows NT 10.0; Win64; x64) AppleWebKit/537.36 (KHTML, like Gecko) Chrome/135.0.0.0 Safari/537.36 Edg/135.0.0.0"
74.201.73.194 - - [21/Apr/2025:14:01:17 -0400] "GET /wp-content/plugins/gravityforms/js/jquery.json.min.js?ver=2.8.18 HTTP/1.1" 200 850 "https://servethepeopleinc.org/" "Mozilla/5.0 (Windows NT 10.0; Win64; x64) AppleWebKit/537.36 (KHTML, like Gecko) Chrome/135.0.0.0 Safari/537.36 Edg/135.0.0.0"
74.201.73.194 - - [21/Apr/2025:14:01:17 -0400] "GET /wp-content/plugins/gravityforms/js/gravityforms.min.js?ver=2.8.18 HTTP/1.1" 200 13246 "https://servethepeopleinc.org/" "Mozilla/5.0 (Windows NT 10.0; Win64; x64) AppleWebKit/537.36 (KHTML, like Gecko) Chrome/135.0.0.0 Safari/537.36 Edg/135.0.0.0"
74.201.73.194 - - [21/Apr/2025:14:01:17 -0400] "GET /wp-content/plugins/gravityforms/assets/js/dist/utils.min.js?ver=50c7bea9c2320e16728e44ae9fde5f26 HTTP/1.1" 200 11283 "https://servethepeopleinc.org/" "Mozilla/5.0 (Windows NT 10.0; Win64; x64) AppleWebKit/537.36 (KHTML, like Gecko) Chrome/135.0.0.0 Safari/537.36 Edg/135.0.0.0"
74.201.73.194 - - [21/Apr/2025:14:01:17 -0400] "GET /wp-content/uploads/2024/01/Layer-3.jpg HTTP/1.1" 200 186696 "https://servethepeopleinc.org/" "Mozilla/5.0 (Windows NT 10.0; Win64; x64) AppleWebKit/537.36 (KHTML, like Gecko) Chrome/135.0.0.0 Safari/537.36 Edg/135.0.0.0"
74.201.73.194 - - [21/Apr/2025:14:01:17 -0400] "GET /wp-content/uploads/2024/01/education-to-every-child.jpg HTTP/1.1" 200 40195 "https://servethepeopleinc.org/" "Mozilla/5.0 (Windows NT 10.0; Win64; x64) AppleWebKit/537.36 (KHTML, like Gecko) Chrome/135.0.0.0 Safari/537.36 Edg/135.0.0.0"
74.201.73.194 - - [21/Apr/2025:14:01:17 -0400] "GET /wp-content/uploads/2024/01/s.jpg HTTP/1.1" 200 134346 "https://servethepeopleinc.org/" "Mozilla/5.0 (Windows NT 10.0; Win64; x64) AppleWebKit/537.36 (KHTML, like Gecko) Chrome/135.0.0.0 Safari/537.36 Edg/135.0.0.0"
74.201.73.194 - - [21/Apr/2025:14:01:18 -0400] "GET /wp-content/uploads/2024/01/ceo.png HTTP/1.1" 200 547004 "https://servethepeopleinc.org/" "Mozilla/5.0 (Windows NT 10.0; Win64; x64) AppleWebKit/537.36 (KHTML, like Gecko) Chrome/135.0.0.0 Safari/537.36 Edg/135.0.0.0"
74.201.73.194 - - [21/Apr/2025:14:01:18 -0400] "GET /wp-content/uploads/2024/01/d.jpg HTTP/1.1" 200 75209 "https://servethepeopleinc.org/" "Mozilla/5.0 (Windows NT 10.0; Win64; x64) AppleWebKit/537.36 (KHTML, like Gecko) Chrome/135.0.0.0 Safari/537.36 Edg/135.0.0.0"
74.201.73.194 - - [21/Apr/2025:14:01:18 -0400] "GET /wp-content/uploads/2024/01/2-3.png HTTP/1.1" 200 811807 "https://servethepeopleinc.org/" "Mozilla/5.0 (Windows NT 10.0; Win64; x64) AppleWebKit/537.36 (KHTML, like Gecko) Chrome/135.0.0.0 Safari/537.36 Edg/135.0.0.0"
74.201.73.194 - - [21/Apr/2025:14:01:18 -0400] "GET /wp-content/uploads/2024/01/4-2.png HTTP/1.1" 200 520400 "https://servethepeopleinc.org/" "Mozilla/5.0 (Windows NT 10.0; Win64; x64) AppleWebKit/537.36 (KHTML, like Gecko) Chrome/135.0.0.0 Safari/537.36 Edg/135.0.0.0"
74.201.73.194 - - [21/Apr/2025:14:01:18 -0400] "GET /wp-content/uploads/2024/01/3-3.png HTTP/1.1" 200 819742 "https://servethepeopleinc.org/" "Mozilla/5.0 (Windows NT 10.0; Win64; x64) AppleWebKit/537.36 (KHTML, like Gecko) Chrome/135.0.0.0 Safari/537.36 Edg/135.0.0.0"
74.201.73.194 - - [21/Apr/2025:14:01:19 -0400] "GET /wp-content/uploads/2024/01/dgh.jpg HTTP/1.1" 200 219367 "https://servethepeopleinc.org/" "Mozilla/5.0 (Windows NT 10.0; Win64; x64) AppleWebKit/537.36 (KHTML, like Gecko) Chrome/135.0.0.0 Safari/537.36 Edg/135.0.0.0"
198.54.116.86 - - [21/Apr/2025:14:01:19 -0400] "POST /wp-cron.php?doing_wp_cron=1745258479.6989009380340576171875 HTTP/1.1" 200 0 "-" "WordPress/6.8; https://servethepeopleinc.org"
66.249.65.170 - - [21/Apr/2025:14:01:19 -0400] "GET /entity/y/edenic836010.shtml HTTP/1.1" 404 16951 "-" "Mozilla/5.0 (Linux; Android 6.0.1; Nexus 5X Build/MMB29P) AppleWebKit/537.36 (KHTML, like Gecko) Chrome/135.0.7049.95 Mobile Safari/537.36 (compatible; Googlebot/2.1; +http://www.google.com/bot.html)"
40.77.167.150 - - [21/Apr/2025:14:01:20 -0400] "GET /entity/hyparterial2294422.shtml HTTP/1.1" 301 0 "-" "Mozilla/5.0 AppleWebKit/537.36 (KHTML, like Gecko; compatible; bingbot/2.0; +http://www.bing.com/bingbot.htm) Chrome/116.0.1938.76 Safari/537.36"
74.201.73.194 - - [21/Apr/2025:14:01:20 -0400] "GET /wp-content/uploads/2024/01/fhdh.jpg HTTP/1.1" 200 45315 "https://servethepeopleinc.org/" "Mozilla/5.0 (Windows NT 10.0; Win64; x64) AppleWebKit/537.36 (KHTML, like Gecko) Chrome/135.0.0.0 Safari/537.36 Edg/135.0.0.0"
74.201.73.194 - - [21/Apr/2025:14:01:20 -0400] "GET /wp-content/uploads/2024/01/qweqw.png HTTP/1.1" 200 431302 "https://servethepeopleinc.org/" "Mozilla/5.0 (Windows NT 10.0; Win64; x64) AppleWebKit/537.36 (KHTML, like Gecko) Chrome/135.0.0.0 Safari/537.36 Edg/135.0.0.0"
74.201.73.194 - - [21/Apr/2025:14:01:20 -0400] "GET /wp-content/uploads/2024/01/sfsdf-1.png HTTP/1.1" 200 736490 "https://servethepeopleinc.org/" "Mozilla/5.0 (Windows NT 10.0; Win64; x64) AppleWebKit/537.36 (KHTML, like Gecko) Chrome/135.0.0.0 Safari/537.36 Edg/135.0.0.0"
74.201.73.194 - - [21/Apr/2025:14:01:20 -0400] "GET /wp-content/uploads/2024/01/qwsd.png HTTP/1.1" 200 620506 "https://servethepeopleinc.org/" "Mozilla/5.0 (Windows NT 10.0; Win64; x64) AppleWebKit/537.36 (KHTML, like Gecko) Chrome/135.0.0.0 Safari/537.36 Edg/135.0.0.0"
74.201.73.194 - - [21/Apr/2025:14:01:22 -0400] "GET /wp-content/uploads/2024/01/award.png HTTP/1.1" 200 724134 "https://servethepeopleinc.org/" "Mozilla/5.0 (Windows NT 10.0; Win64; x64) AppleWebKit/537.36 (KHTML, like Gecko) Chrome/135.0.0.0 Safari/537.36 Edg/135.0.0.0"
74.201.73.194 - - [21/Apr/2025:14:01:22 -0400] "GET /wp-content/uploads/2024/01/Layer-6.jpg HTTP/1.1" 200 144612 "https://servethepeopleinc.org/" "Mozilla/5.0 (Windows NT 10.0; Win64; x64) AppleWebKit/537.36 (KHTML, like Gecko) Chrome/135.0.0.0 Safari/537.36 Edg/135.0.0.0"
74.201.73.194 - - [21/Apr/2025:14:01:22 -0400] "GET /wp-content/uploads/2024/01/1234dsac-03.jpg HTTP/1.1" 200 82361 "https://servethepeopleinc.org/" "Mozilla/5.0 (Windows NT 10.0; Win64; x64) AppleWebKit/537.36 (KHTML, like Gecko) Chrome/135.0.0.0 Safari/537.36 Edg/135.0.0.0"
74.201.73.194 - - [21/Apr/2025:14:01:23 -0400] "GET /wp-content/uploads/2024/01/123-03.jpg HTTP/1.1" 200 84679 "https://servethepeopleinc.org/" "Mozilla/5.0 (Windows NT 10.0; Win64; x64) AppleWebKit/537.36 (KHTML, like Gecko) Chrome/135.0.0.0 Safari/537.36 Edg/135.0.0.0"
74.201.73.194 - - [21/Apr/2025:14:01:23 -0400] "GET /wp-content/plugins/revslider/public/assets/js/rbtools.min.js?ver=6.6.20 HTTP/1.1" 200 59937 "https://servethepeopleinc.org/" "Mozilla/5.0 (Windows NT 10.0; Win64; x64) AppleWebKit/537.36 (KHTML, like Gecko) Chrome/135.0.0.0 Safari/537.36 Edg/135.0.0.0"
