52.14.14.242 - - [21/Apr/2025:14:22:51 -0400] "GET /ad917/?path=%2Fhome%2F.%2F..%2F..%2Fusr%2Flib64%2FImageMagick-6.9.13%2F..%2FImageMagick-6.9.13%2F..%2Flibisl.so.13 HTTP/1.1" 200 994 "-" "Mozilla/5.0 AppleWebKit/537.36 (KHTML, like Gecko; compatible; ClaudeBot/1.0; +claudebot@anthropic.com)"
52.14.14.242 - - [21/Apr/2025:14:22:54 -0400] "GET /ad917/?path=%2Fhome%2Fservlmvm%2Fpublic_html%2F..%2F.%2Fpuppiesoftexas.com%2Fwp-admin%2F.%2Fcss%2Fedit-rtl.min.css HTTP/1.1" 200 8260 "-" "Mozilla/5.0 AppleWebKit/537.36 (KHTML, like Gecko; compatible; ClaudeBot/1.0; +claudebot@anthropic.com)"
52.14.14.242 - - [21/Apr/2025:14:22:57 -0400] "GET /ad917/?path=%2Fhome%2F.%2F..%2F..%2Fusr%2Flib64%2FImageMagick-6.9.13%2F..%2FImageMagick-6.9.13%2F..%2Flibonig.so.5 HTTP/1.1" 200 995 "-" "Mozilla/5.0 AppleWebKit/537.36 (KHTML, like Gecko; compatible; ClaudeBot/1.0; +claudebot@anthropic.com)"
52.167.144.216 - - [21/Apr/2025:14:22:58 -0400] "GET /special/dialed83047718.shtml HTTP/1.1" 404 16941 "-" "Mozilla/5.0 AppleWebKit/537.36 (KHTML, like Gecko; compatible; bingbot/2.0; +http://www.bing.com/bingbot.htm) Chrome/116.0.1938.76 Safari/537.36"
52.14.14.242 - - [21/Apr/2025:14:23:00 -0400] "GET /ad917/?path=%2Fhome%2F.%2F..%2F..%2Fusr%2Flib64%2FImageMagick-6.9.13%2F..%2Fpkcs11%2F..%2Flibnl-xfrm-3.so.200.26.0 HTTP/1.1" 200 1009 "-" "Mozilla/5.0 AppleWebKit/537.36 (KHTML, like Gecko; compatible; ClaudeBot/1.0; +claudebot@anthropic.com)"
52.14.14.242 - - [21/Apr/2025:14:23:03 -0400] "GET /ad917/?path=%2Fhome%2F.%2F..%2F..%2Fusr%2Flib64%2FImageMagick-6.9.13%2F..%2FImageMagick-6.9.13%2F..%2Flibmysqld.so HTTP/1.1" 200 995 "-" "Mozilla/5.0 AppleWebKit/537.36 (KHTML, like Gecko; compatible; ClaudeBot/1.0; +claudebot@anthropic.com)"
52.14.14.242 - - [21/Apr/2025:14:23:06 -0400] "GET /ad917/?path=%2Fhome%2F.%2F..%2F..%2Fusr%2Flib64%2FImageMagick-6.9.13%2F..%2FImageMagick-6.9.13%2F..%2Flibltdl.so.7 HTTP/1.1" 200 996 "-" "Mozilla/5.0 AppleWebKit/537.36 (KHTML, like Gecko; compatible; ClaudeBot/1.0; +claudebot@anthropic.com)"
198.54.116.86 - - [21/Apr/2025:14:23:09 -0400] "POST /wp-cron.php?doing_wp_cron=1745259789.5160760879516601562500 HTTP/1.1" 200 0 "-" "WordPress/6.8; https://servethepeopleinc.org"
66.249.65.168 - - [21/Apr/2025:14:23:09 -0400] "GET /shopping/d/querken/2788712.shtml HTTP/1.1" 404 16952 "-" "Mozilla/5.0 (Linux; Android 6.0.1; Nexus 5X Build/MMB29P) AppleWebKit/537.36 (KHTML, like Gecko) Chrome/135.0.7049.95 Mobile Safari/537.36 (compatible; GoogleOther)"
198.54.116.86 - - [21/Apr/2025:14:23:09 -0400] "POST /wp-admin/admin-ajax.php?action=async_litespeed&nonce=uv7F5AfosjHDxJdWV66LAaSt9mEOGEiJ&litespeed_type=imgoptm HTTP/1.1" 200 21 "-" "WordPress/6.8; https://servethepeopleinc.org"
52.14.14.242 - - [21/Apr/2025:14:23:09 -0400] "GET /ad917/?path=%2Fhome%2F.%2F..%2F..%2Fusr%2Flib64%2FImageMagick-6.9.13%2F..%2FImageMagick-6.9.13%2F..%2FlibXtst.so.6 HTTP/1.1" 200 994 "-" "Mozilla/5.0 AppleWebKit/537.36 (KHTML, like Gecko; compatible; ClaudeBot/1.0; +claudebot@anthropic.com)"
52.14.14.242 - - [21/Apr/2025:14:23:12 -0400] "GET /ad917/?path=%2Fhome%2F.%2F..%2F..%2Fusr%2Flib64%2FImageMagick-6.9.13%2F..%2Ftcl8.6%2F..%2Flibgirepository-1.0.so.1 HTTP/1.1" 200 1007 "-" "Mozilla/5.0 AppleWebKit/537.36 (KHTML, like Gecko; compatible; ClaudeBot/1.0; +claudebot@anthropic.com)"
66.249.65.170 - - [21/Apr/2025:14:23:13 -0400] "GET /shopbrand6299458.shtml HTTP/1.1" 404 16944 "-" "Mozilla/5.0 (Linux; Android 6.0.1; Nexus 5X Build/MMB29P) AppleWebKit/537.36 (KHTML, like Gecko) Chrome/135.0.7049.95 Mobile Safari/537.36 (compatible; GoogleOther)"
52.14.14.242 - - [21/Apr/2025:14:23:15 -0400] "GET /ad917/?path=%2Fhome%2Fservlmvm%2Fpublic_html%2Fad917%2F.%2F..%2Fad917%2F..%2Fwp-includes%2Fjs%2F.%2Ftwemoji.min.js HTTP/1.1" 200 4931 "-" "Mozilla/5.0 AppleWebKit/537.36 (KHTML, like Gecko; compatible; ClaudeBot/1.0; +claudebot@anthropic.com)"
198.54.116.86 - - [21/Apr/2025:14:23:18 -0400] "POST /wp-cron.php?doing_wp_cron=1745259798.7019319534301757812500 HTTP/1.1" 200 0 "-" "WordPress/6.8; https://servethepeopleinc.org"
52.167.144.216 - - [21/Apr/2025:14:23:18 -0400] "GET /detail/vascular41895546.shtml HTTP/1.1" 404 16941 "-" "Mozilla/5.0 AppleWebKit/537.36 (KHTML, like Gecko; compatible; bingbot/2.0; +http://www.bing.com/bingbot.htm) Chrome/116.0.1938.76 Safari/537.36"
52.167.144.156 - - [21/Apr/2025:14:23:23 -0400] "GET /info/29319696.shtml HTTP/1.1" 404 16942 "-" "Mozilla/5.0 AppleWebKit/537.36 (KHTML, like Gecko; compatible; bingbot/2.0; +http://www.bing.com/bingbot.htm) Chrome/116.0.1938.76 Safari/537.36"
3.145.84.90 - - [21/Apr/2025:14:24:06 -0400] "GET /ad917/?path=%2Fhome%2F.%2F..%2F..%2Fvar%2Ftmp%2F..%2Flib%2Ffirmware%2Frtl_bt%2F..%2Frealtek%2F..%2FTAS2XXX3880.bin HTTP/1.1" 200 1024 "-" "Mozilla/5.0 AppleWebKit/537.36 (KHTML, like Gecko; compatible; ClaudeBot/1.0; +claudebot@anthropic.com)"
3.145.84.90 - - [21/Apr/2025:14:24:09 -0400] "GET /ad917/?path=%2Fhome%2F.%2F.%2F..%2F..%2Flib64%2Flibibverbs%2F..%2Fcifs-utils%2F..%2Fenchant%2F..%2Flibisccc.so.161 HTTP/1.1" 200 1008 "-" "Mozilla/5.0 AppleWebKit/537.36 (KHTML, like Gecko; compatible; ClaudeBot/1.0; +claudebot@anthropic.com)"
3.145.84.90 - - [21/Apr/2025:14:24:12 -0400] "GET /ad917/?path=%2Fhome%2F.%2F.%2F..%2F..%2Flib64%2Fsa%2F..%2FImageMagick-6.9.13%2F..%2Fenchant%2F..%2Flibkadm5clnt.so HTTP/1.1" 200 1003 "-" "Mozilla/5.0 AppleWebKit/537.36 (KHTML, like Gecko; compatible; ClaudeBot/1.0; +claudebot@anthropic.com)"
3.145.84.90 - - [21/Apr/2025:14:24:15 -0400] "GET /ad917/?path=%2Fhome%2F.%2F.%2F..%2F..%2Flib64%2Flibibverbs%2F..%2Fcifs-utils%2F..%2Fgtk-2.0%2F..%2Flibaio.so.1.0.0 HTTP/1.1" 200 1005 "-" "Mozilla/5.0 AppleWebKit/537.36 (KHTML, like Gecko; compatible; ClaudeBot/1.0; +claudebot@anthropic.com)"
198.54.116.86 - - [21/Apr/2025:14:24:17 -0400] "POST /wp-cron.php?doing_wp_cron=1745259857.8822090625762939453125 HTTP/1.1" 200 0 "-" "WordPress/6.8; https://servethepeopleinc.org"
52.167.144.218 - - [21/Apr/2025:14:24:17 -0400] "GET /entity/politize/8479086.shtml HTTP/1.1" 301 0 "-" "Mozilla/5.0 AppleWebKit/537.36 (KHTML, like Gecko; compatible; bingbot/2.0; +http://www.bing.com/bingbot.htm) Chrome/116.0.1938.76 Safari/537.36"
198.54.116.86 - - [21/Apr/2025:14:24:18 -0400] "POST /wp-admin/admin-ajax.php?action=async_litespeed&nonce=Fzqiqbc8QDYJgiddPu1LKEDwploDVAbv&litespeed_type=imgoptm HTTP/1.1" 200 21 "-" "WordPress/6.8; https://servethepeopleinc.org"
3.145.84.90 - - [21/Apr/2025:14:24:18 -0400] "GET /ad917/?path=%2Fhome%2F.%2F.%2F..%2F..%2Flib64%2Fpython2.7%2F..%2Flibnfsidmap%2F..%2Fgtk-2.0%2F..%2Flibndp.so.0.1.1 HTTP/1.1" 200 1008 "-" "Mozilla/5.0 AppleWebKit/537.36 (KHTML, like Gecko; compatible; ClaudeBot/1.0; +claudebot@anthropic.com)"
3.145.84.90 - - [21/Apr/2025:14:24:21 -0400] "GET /ad917/?path=%2Fhome%2F.%2F..%2F..%2Fvar%2Ftmp%2F..%2Flib%2Ffirmware%2Fav7110%2F..%2Fupdates%2F..%2Fagere_ap_fw.bin HTTP/1.1" 200 1023 "-" "Mozilla/5.0 AppleWebKit/537.36 (KHTML, like Gecko; compatible; ClaudeBot/1.0; +claudebot@anthropic.com)"
3.145.84.90 - - [21/Apr/2025:14:24:24 -0400] "GET /ad917/?path=%2Fhome%2F.%2F.%2F..%2F..%2Flib64%2Flibibverbs%2F..%2Fcifs-utils%2F..%2Fdovecot%2F..%2Flibncurses.so.6 HTTP/1.1" 200 1006 "-" "Mozilla/5.0 AppleWebKit/537.36 (KHTML, like Gecko; compatible; ClaudeBot/1.0; +claudebot@anthropic.com)"
3.145.84.90 - - [21/Apr/2025:14:24:27 -0400] "GET /ad917/?path=%2Fhome%2F.%2F..%2F..%2Fvar%2Ftmp%2F..%2Flib%2Ffirmware%2Fav7110%2F..%2Frtlwifi%2F..%2FTAS2XXX38D4.bin HTTP/1.1" 200 1025 "-" "Mozilla/5.0 AppleWebKit/537.36 (KHTML, like Gecko; compatible; ClaudeBot/1.0; +claudebot@anthropic.com)"
3.145.84.90 - - [21/Apr/2025:14:24:30 -0400] "GET /ad917/?path=%2Fhome%2F.%2F..%2F..%2Fvar%2Ftmp%2F..%2Flib%2Ffirmware%2Frtl_bt%2F..%2Frealtek%2F..%2FTAS2XXX8DE9.bin HTTP/1.1" 200 1025 "-" "Mozilla/5.0 AppleWebKit/537.36 (KHTML, like Gecko; compatible; ClaudeBot/1.0; +claudebot@anthropic.com)"
3.145.84.90 - - [21/Apr/2025:14:24:33 -0400] "GET /ad917/?path=%2Fhome%2F.%2F.%2F..%2F..%2Flib64%2Fpython2.7%2F..%2Flibnfsidmap%2F..%2Fgtk-2.0%2F..%2Flibgpg-error.so HTTP/1.1" 200 1008 "-" "Mozilla/5.0 AppleWebKit/537.36 (KHTML, like Gecko; compatible; ClaudeBot/1.0; +claudebot@anthropic.com)"
52.167.144.218 - - [21/Apr/2025:14:24:34 -0400] "GET /info/y/entomostracan85171090.shtml HTTP/1.1" 301 0 "-" "Mozilla/5.0 AppleWebKit/537.36 (KHTML, like Gecko; compatible; bingbot/2.0; +http://www.bing.com/bingbot.htm) Chrome/116.0.1938.76 Safari/537.36"
3.145.84.90 - - [21/Apr/2025:14:24:36 -0400] "GET /ad917/?path=%2Fhome%2F.%2F.%2F..%2F..%2Flib64%2Fpython2.7%2F..%2Flibnfsidmap%2F..%2Fgettext%2F..%2Flibpspell.so.15 HTTP/1.1" 200 1007 "-" "Mozilla/5.0 AppleWebKit/537.36 (KHTML, like Gecko; compatible; ClaudeBot/1.0; +claudebot@anthropic.com)"
3.145.84.90 - - [21/Apr/2025:14:24:39 -0400] "GET /ad917/?path=%2Fhome%2F.%2F.%2F..%2F..%2Flib64%2Fsa%2F..%2FImageMagick-6.9.13%2F..%2Fenchant%2F..%2Flibpthread.so.0 HTTP/1.1" 200 1003 "-" "Mozilla/5.0 AppleWebKit/537.36 (KHTML, like Gecko; compatible; ClaudeBot/1.0; +claudebot@anthropic.com)"
3.145.84.90 - - [21/Apr/2025:14:24:42 -0400] "GET /ad917/?path=%2Fhome%2F.%2F.%2F..%2F..%2Flib64%2Flibibverbs%2F..%2Fcifs-utils%2F..%2Fgtk-2.0%2F..%2Flibgvc.so.6.0.0 HTTP/1.1" 200 1007 "-" "Mozilla/5.0 AppleWebKit/537.36 (KHTML, like Gecko; compatible; ClaudeBot/1.0; +claudebot@anthropic.com)"
52.167.144.156 - - [21/Apr/2025:14:24:42 -0400] "GET /special/105509288.shtml HTTP/1.1" 404 16942 "-" "Mozilla/5.0 AppleWebKit/537.36 (KHTML, like Gecko; compatible; bingbot/2.0; +http://www.bing.com/bingbot.htm) Chrome/116.0.1938.76 Safari/537.36"
3.145.84.90 - - [21/Apr/2025:14:24:45 -0400] "GET /ad917/?path=%2Fhome%2F.%2F..%2F..%2Fvar%2Ftmp%2F..%2Flib%2Ffirmware%2Frtl_bt%2F..%2Fupdates%2F..%2Fti-connectivity HTTP/1.1" 200 2422 "-" "Mozilla/5.0 AppleWebKit/537.36 (KHTML, like Gecko; compatible; ClaudeBot/1.0; +claudebot@anthropic.com)"
52.167.144.156 - - [21/Apr/2025:14:24:46 -0400] "GET /info/sjo/spiraeic15180270.shtml HTTP/1.1" 404 16951 "-" "Mozilla/5.0 AppleWebKit/537.36 (KHTML, like Gecko; compatible; bingbot/2.0; +http://www.bing.com/bingbot.htm) Chrome/116.0.1938.76 Safari/537.36"
3.145.84.90 - - [21/Apr/2025:14:24:48 -0400] "GET /ad917/?path=%2Fhome%2F.%2F.%2F..%2F..%2Flib64%2Flibibverbs%2F..%2Fcifs-utils%2F..%2Fxtables%2F..%2FlibX11-xcb.so.1 HTTP/1.1" 200 1009 "-" "Mozilla/5.0 AppleWebKit/537.36 (KHTML, like Gecko; compatible; ClaudeBot/1.0; +claudebot@anthropic.com)"
3.145.84.90 - - [21/Apr/2025:14:24:51 -0400] "GET /ad917/?path=%2Fhome%2F.%2F.%2F..%2F..%2Flib64%2Fsa%2F..%2FImageMagick-6.9.13%2F..%2Fenchant%2F..%2Flibipt.so.1.6.1 HTTP/1.1" 200 1001 "-" "Mozilla/5.0 AppleWebKit/537.36 (KHTML, like Gecko; compatible; ClaudeBot/1.0; +claudebot@anthropic.com)"
3.145.84.90 - - [21/Apr/2025:14:24:54 -0400] "GET /ad917/?path=%2Fhome%2F.%2F..%2F..%2Fusr%2Flib64%2FImageMagick-6.9.13%2F..%2Fgstreamer-1.0%2F..%2Flibcroco-0.6.so.3 HTTP/1.1" 200 1008 "-" "Mozilla/5.0 AppleWebKit/537.36 (KHTML, like Gecko; compatible; ClaudeBot/1.0; +claudebot@anthropic.com)"
40.77.167.55 - - [21/Apr/2025:14:24:54 -0400] "GET /entity/ui/ HTTP/1.1" 301 0 "-" "Mozilla/5.0 AppleWebKit/537.36 (KHTML, like Gecko; compatible; bingbot/2.0; +http://www.bing.com/bingbot.htm) Chrome/116.0.1938.76 Safari/537.36"
3.145.84.90 - - [21/Apr/2025:14:24:57 -0400] "GET /ad917/?path=%2Fhome%2F.%2F.%2F..%2F..%2Flib64%2Fpython2.7%2F..%2Flibnfsidmap%2F..%2Fgtk-2.0%2F..%2Flibopenjp2.so.7 HTTP/1.1" 200 1008 "-" "Mozilla/5.0 AppleWebKit/537.36 (KHTML, like Gecko; compatible; ClaudeBot/1.0; +claudebot@anthropic.com)"
3.145.84.90 - - [21/Apr/2025:14:25:00 -0400] "GET /ad917/?path=%2Fhome%2F.%2F..%2F..%2Fvar%2Ftmp%2F..%2Flib%2Ffirmware%2Frtl_bt%2F..%2Fslicoss%2F..%2FINT8866RCA2.bin HTTP/1.1" 200 1022 "-" "Mozilla/5.0 AppleWebKit/537.36 (KHTML, like Gecko; compatible; ClaudeBot/1.0; +claudebot@anthropic.com)"
3.145.84.90 - - [21/Apr/2025:14:25:03 -0400] "GET /ad917/?path=%2Fhome%2F.%2F.%2F..%2F..%2Flib64%2Fpython2.7%2F..%2Flibnfsidmap%2F..%2Fgtk-2.0%2F..%2Flibcdt.so.5.0.0 HTTP/1.1" 200 1009 "-" "Mozilla/5.0 AppleWebKit/537.36 (KHTML, like Gecko; compatible; ClaudeBot/1.0; +claudebot@anthropic.com)"
18.220.62.173 - - [21/Apr/2025:14:25:05 -0400] "GET /robots.txt HTTP/1.1" 200 101 "-" "Mozilla/5.0 AppleWebKit/537.36 (KHTML, like Gecko; compatible; ClaudeBot/1.0; +claudebot@anthropic.com)"
18.220.62.173 - - [21/Apr/2025:14:25:05 -0400] "GET /ad917/?path=%2Fhome%2Fservlmvm%2F.%2F.%2F.%2F.%2Flscache%2Fd%2Fa%2Fd%2F.. HTTP/1.1" 200 1646 "-" "Mozilla/5.0 AppleWebKit/537.36 (KHTML, like Gecko; compatible; ClaudeBot/1.0; +claudebot@anthropic.com)"
18.220.62.173 - - [21/Apr/2025:14:25:05 -0400] "GET /ad917/?path=%2Fhome%2F.%2F..%2Flib64%2Fgems%2F..%2Ftk8.6%2F..%2Fgraphviz HTTP/1.1" 200 2035 "-" "Mozilla/5.0 AppleWebKit/537.36 (KHTML, like Gecko; compatible; ClaudeBot/1.0; +claudebot@anthropic.com)"
18.220.62.173 - - [21/Apr/2025:14:25:05 -0400] "GET /ad917/?path=%2Fhome%2Fservlmvm%2F..%2F.%2F..%2F.%2F.%2Fusr%2Flib64%2Ftls HTTP/1.1" 200 1453 "-" "Mozilla/5.0 AppleWebKit/537.36 (KHTML, like Gecko; compatible; ClaudeBot/1.0; +claudebot@anthropic.com)"
18.220.62.173 - - [21/Apr/2025:14:25:05 -0400] "GET /ad917/?path=%2Fhome%2Fservlmvm%2F.%2F.%2F..%2F..%2F.%2Fusr%2Flocal%2Fbin HTTP/1.1" 200 1795 "-" "Mozilla/5.0 AppleWebKit/537.36 (KHTML, like Gecko; compatible; ClaudeBot/1.0; +claudebot@anthropic.com)"
18.220.62.173 - - [21/Apr/2025:14:25:05 -0400] "GET /ad917/?path=%2Fhome%2Fservlmvm%2F..%2F.%2F..%2F.%2F.%2Fusr%2Fshare%2Fxml HTTP/1.1" 200 1484 "-" "Mozilla/5.0 AppleWebKit/537.36 (KHTML, like Gecko; compatible; ClaudeBot/1.0; +claudebot@anthropic.com)"
3.145.84.90 - - [21/Apr/2025:14:25:06 -0400] "GET /ad917/?path=%2Fhome%2F.%2F..%2F..%2Fvar%2Ftmp%2F..%2Flib%2Ffirmware%2Frtl_bt%2F..%2Fslicoss%2F..%2FTAS2XXX38D3.bin HTTP/1.1" 200 1025 "-" "Mozilla/5.0 AppleWebKit/537.36 (KHTML, like Gecko; compatible; ClaudeBot/1.0; +claudebot@anthropic.com)"
18.220.62.173 - - [21/Apr/2025:14:25:06 -0400] "GET /ad917/?path=%2Fhome%2Fservlmvm%2F..%2F.%2F..%2F.%2F.%2Fusr%2Flibexec%2F. HTTP/1.1" 200 1851 "-" "Mozilla/5.0 AppleWebKit/537.36 (KHTML, like Gecko; compatible; ClaudeBot/1.0; +claudebot@anthropic.com)"
18.220.62.173 - - [21/Apr/2025:14:25:06 -0400] "GET /ad917/?path=%2Fhome%2Fservlmvm%2Fpublic_html%2F.%2F..%2Fpublic_html%2F.. HTTP/1.1" 200 2467 "-" "Mozilla/5.0 AppleWebKit/537.36 (KHTML, like Gecko; compatible; ClaudeBot/1.0; +claudebot@anthropic.com)"
18.220.62.173 - - [21/Apr/2025:14:25:06 -0400] "GET /ad917/?path=%2Fhome%2Fservlmvm%2Fpublic_html%2F.%2F..%2F.softaculous%2F. HTTP/1.1" 200 1635 "-" "Mozilla/5.0 AppleWebKit/537.36 (KHTML, like Gecko; compatible; ClaudeBot/1.0; +claudebot@anthropic.com)"
18.220.62.173 - - [21/Apr/2025:14:25:06 -0400] "GET /ad917/?path=%2Fhome%2F.%2F..%2Fopt%2Falt%2Falt-nodejs22%2F.%2Froot%2Flib HTTP/1.1" 200 1590 "-" "Mozilla/5.0 AppleWebKit/537.36 (KHTML, like Gecko; compatible; ClaudeBot/1.0; +claudebot@anthropic.com)"
18.220.62.173 - - [21/Apr/2025:14:25:07 -0400] "GET /ad917/?path=%2Fhome%2F.%2F..%2Fusr%2Finclude%2Fnetash%2F..%2Fevent2%2F.. HTTP/1.1" 200 9069 "-" "Mozilla/5.0 AppleWebKit/537.36 (KHTML, like Gecko; compatible; ClaudeBot/1.0; +claudebot@anthropic.com)"
18.220.62.173 - - [21/Apr/2025:14:25:08 -0400] "GET /ad917/?path=%2Fhome%2F.%2F..%2Flib64%2Fengines-1.1%2F.%2F..%2Fgroff%2F.. HTTP/1.1" 200 42749 "-" "Mozilla/5.0 AppleWebKit/537.36 (KHTML, like Gecko; compatible; ClaudeBot/1.0; +claudebot@anthropic.com)"
18.220.62.173 - - [21/Apr/2025:14:25:08 -0400] "GET /ad917/?path=%2Fhome%2F.%2Fservlmvm%2Flscache%2F5%2F..%2F..%2Flscache%2F2 HTTP/1.1" 200 1638 "-" "Mozilla/5.0 AppleWebKit/537.36 (KHTML, like Gecko; compatible; ClaudeBot/1.0; +claudebot@anthropic.com)"
3.145.84.90 - - [21/Apr/2025:14:25:09 -0400] "GET /ad917/?path=%2Fhome%2F.%2F.%2F..%2F..%2Flib64%2Fpython2.7%2F..%2Flibnfsidmap%2F..%2Fdovecot%2F..%2Flibvpx.so.5.0.0 HTTP/1.1" 200 1007 "-" "Mozilla/5.0 AppleWebKit/537.36 (KHTML, like Gecko; compatible; ClaudeBot/1.0; +claudebot@anthropic.com)"
3.145.84.90 - - [21/Apr/2025:14:25:12 -0400] "GET /ad917/?path=%2Fhome%2F.%2F..%2F..%2Fvar%2Ftmp%2F..%2Flib%2Ffirmware%2Fav7110%2F..%2Frtlwifi%2F..%2FTAS2XXX38BA.bin HTTP/1.1" 200 1023 "-" "Mozilla/5.0 AppleWebKit/537.36 (KHTML, like Gecko; compatible; ClaudeBot/1.0; +claudebot@anthropic.com)"
3.145.84.90 - - [21/Apr/2025:14:25:15 -0400] "GET /ad917/?path=%2Fhome%2F.%2F.%2F..%2F..%2Flib64%2Flibibverbs%2F..%2Fcifs-utils%2F..%2Fgtk-2.0%2F..%2Flibjansson.so.4 HTTP/1.1" 200 1006 "-" "Mozilla/5.0 AppleWebKit/537.36 (KHTML, like Gecko; compatible; ClaudeBot/1.0; +claudebot@anthropic.com)"
3.145.84.90 - - [21/Apr/2025:14:25:18 -0400] "GET /ad917/?path=%2Fhome%2F.%2F.%2F..%2F..%2Flib64%2Flibibverbs%2F..%2Fcifs-utils%2F..%2Fgtk-2.0%2F..%2Flibcdt.so.5.0.0 HTTP/1.1" 200 1006 "-" "Mozilla/5.0 AppleWebKit/537.36 (KHTML, like Gecko; compatible; ClaudeBot/1.0; +claudebot@anthropic.com)"
198.54.116.86 - - [21/Apr/2025:14:25:20 -0400] "POST /wp-cron.php?doing_wp_cron=1745259920.3075079917907714843750 HTTP/1.1" 200 0 "-" "WordPress/6.8; https://servethepeopleinc.org"
66.249.65.169 - - [21/Apr/2025:14:25:20 -0400] "GET /item/l/indefinably/2139308.shtml HTTP/1.1" 404 16951 "-" "Mozilla/5.0 (Linux; Android 6.0.1; Nexus 5X Build/MMB29P) AppleWebKit/537.36 (KHTML, like Gecko) Chrome/135.0.7049.95 Mobile Safari/537.36 (compatible; GoogleOther)"
198.54.116.86 - - [21/Apr/2025:14:25:20 -0400] "POST /wp-admin/admin-ajax.php?action=async_litespeed&nonce=hPugd1D1gD7FIvzxOnOfDs9LNyfE1klM&litespeed_type=imgoptm HTTP/1.1" 200 21 "-" "WordPress/6.8; https://servethepeopleinc.org"
3.145.84.90 - - [21/Apr/2025:14:25:21 -0400] "GET /ad917/?path=%2Fhome%2F.%2F..%2F..%2Fvar%2Ftmp%2F..%2Flib%2Ffirmware%2Fav7110%2F..%2Fpowervr%2F..%2FTAS2XXX38D5.bin HTTP/1.1" 200 1025 "-" "Mozilla/5.0 AppleWebKit/537.36 (KHTML, like Gecko; compatible; ClaudeBot/1.0; +claudebot@anthropic.com)"
3.145.84.90 - - [21/Apr/2025:14:25:24 -0400] "GET /ad917/?path=%2Fhome%2F.%2F.%2F..%2F..%2Flib64%2Flibibverbs%2F..%2Fcifs-utils%2F..%2Fdovecot%2F..%2Flibunbound.so.2 HTTP/1.1" 200 1006 "-" "Mozilla/5.0 AppleWebKit/537.36 (KHTML, like Gecko; compatible; ClaudeBot/1.0; +claudebot@anthropic.com)"
3.145.84.90 - - [21/Apr/2025:14:25:27 -0400] "GET /ad917/?path=%2Fhome%2F.%2F.%2F..%2F..%2Flib64%2Fpython2.7%2F..%2Flibnfsidmap%2F..%2Fdovecot%2F..%2Fliblve.so.0.9.0 HTTP/1.1" 200 1008 "-" "Mozilla/5.0 AppleWebKit/537.36 (KHTML, like Gecko; compatible; ClaudeBot/1.0; +claudebot@anthropic.com)"
3.145.84.90 - - [21/Apr/2025:14:25:30 -0400] "GET /ad917/?path=%2Fhome%2F.%2F.%2F..%2F..%2Flib64%2Fsa%2F..%2FImageMagick-6.9.13%2F..%2Fenchant%2F..%2Flibpython3.8.so HTTP/1.1" 200 1003 "-" "Mozilla/5.0 AppleWebKit/537.36 (KHTML, like Gecko; compatible; ClaudeBot/1.0; +claudebot@anthropic.com)"
40.77.167.55 - - [21/Apr/2025:14:25:32 -0400] "GET /products/yhg/puber85142778.shtml HTTP/1.1" 301 0 "-" "Mozilla/5.0 AppleWebKit/537.36 (KHTML, like Gecko; compatible; bingbot/2.0; +http://www.bing.com/bingbot.htm) Chrome/116.0.1938.76 Safari/537.36"
3.145.84.90 - - [21/Apr/2025:14:25:33 -0400] "GET /ad917/?path=%2Fhome%2F.%2F.%2F..%2F..%2Flib64%2Flibibverbs%2F..%2Fcifs-utils%2F..%2Frsyslog%2F..%2Flibmenuw.so.5.9 HTTP/1.1" 200 1007 "-" "Mozilla/5.0 AppleWebKit/537.36 (KHTML, like Gecko; compatible; ClaudeBot/1.0; +claudebot@anthropic.com)"
3.145.84.90 - - [21/Apr/2025:14:25:36 -0400] "GET /ad917/?path=%2Fhome%2F.%2F..%2F..%2Fvar%2Ftmp%2F..%2Flib%2Ffirmware%2Fav7110%2F..%2Frtlwifi%2F..%2FTAS2XXX38B9.bin HTTP/1.1" 200 1024 "-" "Mozilla/5.0 AppleWebKit/537.36 (KHTML, like Gecko; compatible; ClaudeBot/1.0; +claudebot@anthropic.com)"
3.145.84.90 - - [21/Apr/2025:14:25:39 -0400] "GET /ad917/?path=%2Fhome%2F.%2F.%2F..%2F..%2Flib64%2Fsa%2F..%2FImageMagick-6.9.13%2F..%2Fenchant%2F..%2Flibelf-0.190.so HTTP/1.1" 200 1002 "-" "Mozilla/5.0 AppleWebKit/537.36 (KHTML, like Gecko; compatible; ClaudeBot/1.0; +claudebot@anthropic.com)"
3.145.84.90 - - [21/Apr/2025:14:25:42 -0400] "GET /ad917/?path=%2Fhome%2F.%2F.%2F..%2F..%2Flib64%2Flibibverbs%2F..%2Fcifs-utils%2F..%2Fgtk-2.0%2F..%2Flibmenuw.so.6.1 HTTP/1.1" 200 1006 "-" "Mozilla/5.0 AppleWebKit/537.36 (KHTML, like Gecko; compatible; ClaudeBot/1.0; +claudebot@anthropic.com)"
3.145.84.90 - - [21/Apr/2025:14:25:45 -0400] "GET /ad917/?path=%2Fhome%2F.%2F..%2F..%2Fusr%2Flib64%2FImageMagick-6.9.13%2F..%2Fgstreamer-1.0%2F..%2Flibpwquality.so.1 HTTP/1.1" 200 1005 "-" "Mozilla/5.0 AppleWebKit/537.36 (KHTML, like Gecko; compatible; ClaudeBot/1.0; +claudebot@anthropic.com)"
3.145.84.90 - - [21/Apr/2025:14:25:48 -0400] "GET /ad917/?path=%2Fhome%2F.%2F.%2F..%2F..%2Flib64%2Flibibverbs%2F..%2Fcifs-utils%2F..%2Fxtables%2F..%2Flibnewt.so.0.52 HTTP/1.1" 200 1007 "-" "Mozilla/5.0 AppleWebKit/537.36 (KHTML, like Gecko; compatible; ClaudeBot/1.0; +claudebot@anthropic.com)"
3.145.84.90 - - [21/Apr/2025:14:25:51 -0400] "GET /ad917/?path=%2Fhome%2F.%2F..%2F..%2Fvar%2Ftmp%2F..%2Flib%2Ffirmware%2Fav7110%2F..%2Fmwlwifi%2F..%2FTAS2XXX38CD.bin HTTP/1.1" 200 1024 "-" "Mozilla/5.0 AppleWebKit/537.36 (KHTML, like Gecko; compatible; ClaudeBot/1.0; +claudebot@anthropic.com)"
66.249.65.168 - - [21/Apr/2025:14:25:46 -0400] "GET /detail/s/fostering/47599502.shtml HTTP/1.1" 404 16951 "-" "Mozilla/5.0 (Linux; Android 6.0.1; Nexus 5X Build/MMB29P) AppleWebKit/537.36 (KHTML, like Gecko) Chrome/135.0.7049.95 Mobile Safari/537.36 (compatible; GoogleOther)"
52.167.144.216 - - [21/Apr/2025:14:26:00 -0400] "GET /info/42076120.shtml HTTP/1.1" 404 16942 "-" "Mozilla/5.0 AppleWebKit/537.36 (KHTML, like Gecko; compatible; bingbot/2.0; +http://www.bing.com/bingbot.htm) Chrome/116.0.1938.76 Safari/537.36"
66.249.65.170 - - [21/Apr/2025:14:26:01 -0400] "GET /detail/veritably101228594.shtml HTTP/1.1" 404 16942 "-" "Mozilla/5.0 (Linux; Android 6.0.1; Nexus 5X Build/MMB29P) AppleWebKit/537.36 (KHTML, like Gecko) Chrome/135.0.7049.95 Mobile Safari/537.36 (compatible; GoogleOther)"
198.54.116.86 - - [21/Apr/2025:14:26:07 -0400] "POST /wp-cron.php?doing_wp_cron=1745259967.0197639465332031250000 HTTP/1.1" 200 0 "-" "WordPress/6.8; https://servethepeopleinc.org"
52.167.144.172 - - [21/Apr/2025:14:26:06 -0400] "GET /entity/catachresis12842004.shtml HTTP/1.1" 301 0 "-" "Mozilla/5.0 AppleWebKit/537.36 (KHTML, like Gecko; compatible; bingbot/2.0; +http://www.bing.com/bingbot.htm) Chrome/116.0.1938.76 Safari/537.36"
198.54.116.86 - - [21/Apr/2025:14:26:07 -0400] "POST /wp-admin/admin-ajax.php?action=async_litespeed&nonce=mfYsvVmw907FRNQyfSsCbG9NmgHZRs0h&litespeed_type=imgoptm HTTP/1.1" 200 21 "-" "WordPress/6.8; https://servethepeopleinc.org"
40.77.167.55 - - [21/Apr/2025:14:26:13 -0400] "GET /items50622852.shtml HTTP/1.1" 301 0 "-" "Mozilla/5.0 AppleWebKit/537.36 (KHTML, like Gecko; compatible; bingbot/2.0; +http://www.bing.com/bingbot.htm) Chrome/116.0.1938.76 Safari/537.36"
198.54.116.86 - - [21/Apr/2025:14:26:35 -0400] "POST /wp-cron.php?doing_wp_cron=1745259995.1982250213623046875000 HTTP/1.1" 200 0 "-" "WordPress/6.8; https://servethepeopleinc.org"
52.167.144.156 - - [21/Apr/2025:14:26:35 -0400] "GET /items83505266.shtml HTTP/1.1" 404 16941 "-" "Mozilla/5.0 AppleWebKit/537.36 (KHTML, like Gecko; compatible; bingbot/2.0; +http://www.bing.com/bingbot.htm) Chrome/116.0.1938.76 Safari/537.36"
52.167.144.216 - - [21/Apr/2025:14:26:36 -0400] "GET /product82401644.shtml HTTP/1.1" 404 16941 "-" "Mozilla/5.0 AppleWebKit/537.36 (KHTML, like Gecko; compatible; bingbot/2.0; +http://www.bing.com/bingbot.htm) Chrome/116.0.1938.76 Safari/537.36"
18.119.99.38 - - [21/Apr/2025:14:26:39 -0400] "GET /ad917/?path=%2Fhome%2F.%2F..%2Fproc%2F..%2Flib64%2Flibxslt-plugins%2F..%2FNetworkManager%2F..%2Flibwsutil.so.9.0.0 HTTP/1.1" 200 1005 "-" "Mozilla/5.0 AppleWebKit/537.36 (KHTML, like Gecko; compatible; ClaudeBot/1.0; +claudebot@anthropic.com)"
18.119.99.38 - - [21/Apr/2025:14:26:42 -0400] "GET /ad917/?path=%2Fhome%2F.%2F..%2Fproc%2F..%2Flib64%2Flibxslt-plugins%2F..%2Fgdk-pixbuf-2.0%2F..%2Flibtiffxx.so.5.3.0 HTTP/1.1" 200 1005 "-" "Mozilla/5.0 AppleWebKit/537.36 (KHTML, like Gecko; compatible; ClaudeBot/1.0; +claudebot@anthropic.com)"
18.119.99.38 - - [21/Apr/2025:14:26:45 -0400] "GET /ad917/?path=%2Fhome%2F.%2F..%2Fproc%2F..%2Flib64%2Flibxslt-plugins%2F..%2Fgdk-pixbuf-2.0%2F..%2Flibgstnet-1.0.so.0 HTTP/1.1" 200 1004 "-" "Mozilla/5.0 AppleWebKit/537.36 (KHTML, like Gecko; compatible; ClaudeBot/1.0; +claudebot@anthropic.com)"
18.119.99.38 - - [21/Apr/2025:14:26:48 -0400] "GET /ad917/?path=%2Fhome%2F.%2F..%2Fproc%2F..%2Flib64%2Flibxslt-plugins%2F..%2FNetworkManager%2F..%2Flibvorbisfile.so.3 HTTP/1.1" 200 1004 "-" "Mozilla/5.0 AppleWebKit/537.36 (KHTML, like Gecko; compatible; ClaudeBot/1.0; +claudebot@anthropic.com)"
18.119.99.38 - - [21/Apr/2025:14:26:51 -0400] "GET /ad917/?path=%2Fhome%2F.%2F..%2Fproc%2F..%2Flib64%2Flibxslt-plugins%2F..%2Fgdk-pixbuf-2.0%2F..%2Flibxcb-xinerama.so HTTP/1.1" 200 1005 "-" "Mozilla/5.0 AppleWebKit/537.36 (KHTML, like Gecko; compatible; ClaudeBot/1.0; +claudebot@anthropic.com)"
52.167.144.218 - - [21/Apr/2025:14:26:51 -0400] "GET /special/diabolo83670510.shtml HTTP/1.1" 301 0 "-" "Mozilla/5.0 AppleWebKit/537.36 (KHTML, like Gecko; compatible; bingbot/2.0; +http://www.bing.com/bingbot.htm) Chrome/116.0.1938.76 Safari/537.36"
18.119.99.38 - - [21/Apr/2025:14:26:54 -0400] "GET /ad917/?path=%2Fhome%2F.%2F..%2Fproc%2F..%2Flib64%2Flibxslt-plugins%2F..%2Fgdk-pixbuf-2.0%2F..%2Flibnss_dns-2.28.so HTTP/1.1" 200 1004 "-" "Mozilla/5.0 AppleWebKit/537.36 (KHTML, like Gecko; compatible; ClaudeBot/1.0; +claudebot@anthropic.com)"
52.167.144.218 - - [21/Apr/2025:14:26:55 -0400] "GET /entity/wrongtimed/76142972.shtml HTTP/1.1" 301 0 "-" "Mozilla/5.0 AppleWebKit/537.36 (KHTML, like Gecko; compatible; bingbot/2.0; +http://www.bing.com/bingbot.htm) Chrome/116.0.1938.76 Safari/537.36"
18.119.99.38 - - [21/Apr/2025:14:26:57 -0400] "GET /ad917/?path=%2Fhome%2F.%2F..%2Fproc%2F..%2Flib64%2Flibxslt-plugins%2F..%2Fgdk-pixbuf-2.0%2F..%2Flibncursesw.so.5.9 HTTP/1.1" 200 1005 "-" "Mozilla/5.0 AppleWebKit/537.36 (KHTML, like Gecko; compatible; ClaudeBot/1.0; +claudebot@anthropic.com)"
18.119.99.38 - - [21/Apr/2025:14:27:00 -0400] "GET /ad917/?path=%2Fhome%2F.%2F..%2Fproc%2F..%2Flib64%2Flibxslt-plugins%2F..%2Fgdk-pixbuf-2.0%2F..%2Flibhiredis.so.0.13 HTTP/1.1" 200 1004 "-" "Mozilla/5.0 AppleWebKit/537.36 (KHTML, like Gecko; compatible; ClaudeBot/1.0; +claudebot@anthropic.com)"
52.167.144.161 - - [21/Apr/2025:14:27:02 -0400] "GET /item78008826.shtml HTTP/1.1" 404 16944 "-" "Mozilla/5.0 AppleWebKit/537.36 (KHTML, like Gecko; compatible; bingbot/2.0; +http://www.bing.com/bingbot.htm) Chrome/116.0.1938.76 Safari/537.36"
18.119.99.38 - - [21/Apr/2025:14:27:03 -0400] "GET /ad917/?path=%2Fhome%2F.%2F..%2Fproc%2F..%2Flib64%2Flibxslt-plugins%2F..%2Ftcl8.6%2F..%2Flibgstbase-1.0.so.0.1601.0 HTTP/1.1" 200 1006 "-" "Mozilla/5.0 AppleWebKit/537.36 (KHTML, like Gecko; compatible; ClaudeBot/1.0; +claudebot@anthropic.com)"
18.119.99.38 - - [21/Apr/2025:14:27:06 -0400] "GET /ad917/?path=%2Fhome%2F.%2F..%2Fproc%2F..%2Flib64%2Flibxslt-plugins%2F..%2Fgdk-pixbuf-2.0%2F..%2Flibhandle.so.1.0.3 HTTP/1.1" 200 1004 "-" "Mozilla/5.0 AppleWebKit/537.36 (KHTML, like Gecko; compatible; ClaudeBot/1.0; +claudebot@anthropic.com)"
18.119.99.38 - - [21/Apr/2025:14:27:09 -0400] "GET /ad917/?path=%2Fhome%2F.%2F..%2Fproc%2F..%2Flib64%2Flibxslt-plugins%2F..%2FNetworkManager%2F..%2Flibraqm.so.0.700.0 HTTP/1.1" 200 1005 "-" "Mozilla/5.0 AppleWebKit/537.36 (KHTML, like Gecko; compatible; ClaudeBot/1.0; +claudebot@anthropic.com)"
18.119.99.38 - - [21/Apr/2025:14:27:12 -0400] "GET /ad917/?path=%2Fhome%2F.%2F..%2Fproc%2F..%2Flib64%2Flibxslt-plugins%2F..%2Fgdk-pixbuf-2.0%2F..%2Flibdaemon.so.0.5.0 HTTP/1.1" 200 1004 "-" "Mozilla/5.0 AppleWebKit/537.36 (KHTML, like Gecko; compatible; ClaudeBot/1.0; +claudebot@anthropic.com)"
18.119.99.38 - - [21/Apr/2025:14:27:15 -0400] "GET /ad917/?path=%2Fhome%2F.%2F..%2Fproc%2F..%2Flib64%2Flibxslt-plugins%2F..%2FNetworkManager%2F..%2Flibdrm_radeon.so.1 HTTP/1.1" 200 1005 "-" "Mozilla/5.0 AppleWebKit/537.36 (KHTML, like Gecko; compatible; ClaudeBot/1.0; +claudebot@anthropic.com)"
18.119.99.38 - - [21/Apr/2025:14:27:18 -0400] "GET /ad917/?path=%2Fhome%2F.%2F..%2Fproc%2F..%2Flib64%2Flibxslt-plugins%2F..%2Fnagios%2F..%2F.libgnutls.so.30.28.2.hmac HTTP/1.1" 200 1062 "-" "Mozilla/5.0 AppleWebKit/537.36 (KHTML, like Gecko; compatible; ClaudeBot/1.0; +claudebot@anthropic.com)"
18.119.99.38 - - [21/Apr/2025:14:27:21 -0400] "GET /ad917/?path=%2Fhome%2F.%2F..%2Fproc%2F..%2Flib64%2Flibxslt-plugins%2F..%2Fdsulib%2F..%2FlibIlmThread-2_2.so.12.0.0 HTTP/1.1" 200 1009 "-" "Mozilla/5.0 AppleWebKit/537.36 (KHTML, like Gecko; compatible; ClaudeBot/1.0; +claudebot@anthropic.com)"
18.119.99.38 - - [21/Apr/2025:14:27:24 -0400] "GET /ad917/?path=%2Fhome%2F.%2F..%2Fproc%2F..%2Flib64%2Flibxslt-plugins%2F..%2FNetworkManager%2F..%2Flibmspack.so.0.1.0 HTTP/1.1" 200 1004 "-" "Mozilla/5.0 AppleWebKit/537.36 (KHTML, like Gecko; compatible; ClaudeBot/1.0; +claudebot@anthropic.com)"
18.119.99.38 - - [21/Apr/2025:14:27:27 -0400] "GET /ad917/?path=%2Fhome%2F.%2F..%2Fproc%2F..%2Flib64%2Flibxslt-plugins%2F..%2Fgdk-pixbuf-2.0%2F..%2Flibipset.so.13.1.0 HTTP/1.1" 200 1004 "-" "Mozilla/5.0 AppleWebKit/537.36 (KHTML, like Gecko; compatible; ClaudeBot/1.0; +claudebot@anthropic.com)"
198.54.116.86 - - [21/Apr/2025:14:27:29 -0400] "POST /wp-cron.php?doing_wp_cron=1745260049.9102890491485595703125 HTTP/1.1" 200 0 "-" "WordPress/6.8; https://servethepeopleinc.org"
66.249.65.170 - - [21/Apr/2025:14:27:29 -0400] "GET /goodscode/keq/disorder/108645306.shtml HTTP/1.1" 404 16951 "-" "Mozilla/5.0 (Linux; Android 6.0.1; Nexus 5X Build/MMB29P) AppleWebKit/537.36 (KHTML, like Gecko) Chrome/135.0.7049.95 Mobile Safari/537.36 (compatible; GoogleOther)"
198.54.116.86 - - [21/Apr/2025:14:27:30 -0400] "POST /wp-admin/admin-ajax.php?action=async_litespeed&nonce=KJD4PLJldrZMjcuDeIlznMH1VFHSRJ88&litespeed_type=imgoptm HTTP/1.1" 200 21 "-" "WordPress/6.8; https://servethepeopleinc.org"
18.119.99.38 - - [21/Apr/2025:14:27:30 -0400] "GET /ad917/?path=%2Fhome%2Fservlmvm%2Fpublic_html%2F..%2Fpuppiesoftexas.com%2F.%2F..%2F..%2Fservlmvm%2Fspekkshealth.com HTTP/1.1" 200 2382 "-" "Mozilla/5.0 AppleWebKit/537.36 (KHTML, like Gecko; compatible; ClaudeBot/1.0; +claudebot@anthropic.com)"
18.119.99.38 - - [21/Apr/2025:14:27:33 -0400] "GET /ad917/?path=%2Fhome%2F.%2F..%2Fproc%2F..%2Flib64%2Flibxslt-plugins%2F..%2FNetworkManager%2F..%2Flibyaml-0.so.2.0.5 HTTP/1.1" 200 1005 "-" "Mozilla/5.0 AppleWebKit/537.36 (KHTML, like Gecko; compatible; ClaudeBot/1.0; +claudebot@anthropic.com)"
18.119.99.38 - - [21/Apr/2025:14:27:36 -0400] "GET /ad917/?path=%2Fhome%2F.%2F..%2Fproc%2F..%2Flib64%2Flibxslt-plugins%2F..%2Fgdk-pixbuf-2.0%2F..%2Flibicutest.so.60.3 HTTP/1.1" 200 1004 "-" "Mozilla/5.0 AppleWebKit/537.36 (KHTML, like Gecko; compatible; ClaudeBot/1.0; +claudebot@anthropic.com)"
18.119.99.38 - - [21/Apr/2025:14:27:39 -0400] "GET /ad917/?path=%2Fhome%2F.%2F..%2Fproc%2F..%2Flib64%2Flibxslt-plugins%2F..%2FNetworkManager%2F..%2Flibk5crypto.so.3.1 HTTP/1.1" 200 1005 "-" "Mozilla/5.0 AppleWebKit/537.36 (KHTML, like Gecko; compatible; ClaudeBot/1.0; +claudebot@anthropic.com)"
18.119.99.38 - - [21/Apr/2025:14:27:42 -0400] "GET /ad917/?path=%2Fhome%2F.%2F..%2Fproc%2F..%2Flib64%2Flibxslt-plugins%2F..%2Ftcl8.6%2F..%2FlibQt5Concurrent.so.5.15.3 HTTP/1.1" 200 1006 "-" "Mozilla/5.0 AppleWebKit/537.36 (KHTML, like Gecko; compatible; ClaudeBot/1.0; +claudebot@anthropic.com)"
40.77.167.55 - - [21/Apr/2025:14:27:43 -0400] "GET /entity32350348.shtml HTTP/1.1" 301 0 "-" "Mozilla/5.0 AppleWebKit/537.36 (KHTML, like Gecko; compatible; bingbot/2.0; +http://www.bing.com/bingbot.htm) Chrome/116.0.1938.76 Safari/537.36"
18.119.99.38 - - [21/Apr/2025:14:27:45 -0400] "GET /ad917/?path=%2Fhome%2F.%2F..%2Fproc%2F..%2Flib64%2Flibxslt-plugins%2F..%2FNetworkManager%2F..%2Flibdebuginfod.so.1 HTTP/1.1" 200 1005 "-" "Mozilla/5.0 AppleWebKit/537.36 (KHTML, like Gecko; compatible; ClaudeBot/1.0; +claudebot@anthropic.com)"
18.119.99.38 - - [21/Apr/2025:14:27:48 -0400] "GET /ad917/?path=%2Fhome%2F.%2F..%2Fproc%2F..%2Flib64%2Flibxslt-plugins%2F..%2Ftcl8.6%2F..%2F.libgnutls.so.30.28.2.hmac HTTP/1.1" 200 1062 "-" "Mozilla/5.0 AppleWebKit/537.36 (KHTML, like Gecko; compatible; ClaudeBot/1.0; +claudebot@anthropic.com)"
18.119.99.38 - - [21/Apr/2025:14:27:51 -0400] "GET /ad917/?path=%2Fhome%2F.%2F..%2Fproc%2F..%2Flib64%2Flibxslt-plugins%2F..%2Fgdk-pixbuf-2.0%2F..%2Flibauthselect.so.3 HTTP/1.1" 200 1001 "-" "Mozilla/5.0 AppleWebKit/537.36 (KHTML, like Gecko; compatible; ClaudeBot/1.0; +claudebot@anthropic.com)"
52.167.144.156 - - [21/Apr/2025:14:27:52 -0400] "GET /detail/cq/chara32202706.shtml HTTP/1.1" 404 16950 "-" "Mozilla/5.0 AppleWebKit/537.36 (KHTML, like Gecko; compatible; bingbot/2.0; +http://www.bing.com/bingbot.htm) Chrome/116.0.1938.76 Safari/537.36"
18.119.99.38 - - [21/Apr/2025:14:27:54 -0400] "GET /ad917/?path=%2Fhome%2F.%2F..%2Fproc%2F..%2Flib64%2Flibxslt-plugins%2F..%2FNetworkManager%2F..%2Flibpath_utils.so.1 HTTP/1.1" 200 1006 "-" "Mozilla/5.0 AppleWebKit/537.36 (KHTML, like Gecko; compatible; ClaudeBot/1.0; +claudebot@anthropic.com)"
18.119.99.38 - - [21/Apr/2025:14:27:57 -0400] "GET /ad917/?path=%2Fhome%2F.%2F..%2Fproc%2F..%2Flib64%2Flibxslt-plugins%2F..%2Ftcl8.6%2F..%2FlibQt5MultimediaQuick.so.5 HTTP/1.1" 200 1009 "-" "Mozilla/5.0 AppleWebKit/537.36 (KHTML, like Gecko; compatible; ClaudeBot/1.0; +claudebot@anthropic.com)"
18.119.99.38 - - [21/Apr/2025:14:28:00 -0400] "GET /ad917/?path=%2Fhome%2F.%2F..%2Fproc%2F..%2Flib64%2Flibxslt-plugins%2F..%2FNetworkManager%2F..%2Flibkeyutils.so.1.6 HTTP/1.1" 200 1005 "-" "Mozilla/5.0 AppleWebKit/537.36 (KHTML, like Gecko; compatible; ClaudeBot/1.0; +claudebot@anthropic.com)"
18.119.99.38 - - [21/Apr/2025:14:28:03 -0400] "GET /ad917/?path=%2Fhome%2F.%2F..%2Fproc%2F..%2Flib64%2Flibxslt-plugins%2F..%2Fgdk-pixbuf-2.0%2F..%2Flibjasper.so.4.0.0 HTTP/1.1" 200 1004 "-" "Mozilla/5.0 AppleWebKit/537.36 (KHTML, like Gecko; compatible; ClaudeBot/1.0; +claudebot@anthropic.com)"
40.77.167.131 - - [21/Apr/2025:14:28:06 -0400] "GET /info/py/divulgate89578084.shtml HTTP/1.1" 404 16950 "-" "Mozilla/5.0 AppleWebKit/537.36 (KHTML, like Gecko; compatible; bingbot/2.0; +http://www.bing.com/bingbot.htm) Chrome/116.0.1938.76 Safari/537.36"
18.119.99.38 - - [21/Apr/2025:14:28:06 -0400] "GET /ad917/?path=%2Fhome%2F.%2F..%2Fproc%2F..%2Flib64%2Flibxslt-plugins%2F..%2Fgdk-pixbuf-2.0%2F..%2Flibmysqlclient_r.a HTTP/1.1" 200 1007 "-" "Mozilla/5.0 AppleWebKit/537.36 (KHTML, like Gecko; compatible; ClaudeBot/1.0; +claudebot@anthropic.com)"
198.54.116.86 - - [21/Apr/2025:14:28:08 -0400] "POST /wp-cron.php?doing_wp_cron=1745260088.0349400043487548828125 HTTP/1.1" 200 0 "-" "WordPress/6.8; https://servethepeopleinc.org"
40.77.167.131 - - [21/Apr/2025:14:28:07 -0400] "GET /info/wwa/argilloareenaceous/69455022.shtml HTTP/1.1" 404 16951 "-" "Mozilla/5.0 AppleWebKit/537.36 (KHTML, like Gecko; compatible; bingbot/2.0; +http://www.bing.com/bingbot.htm) Chrome/116.0.1938.76 Safari/537.36"
198.54.116.86 - - [21/Apr/2025:14:28:08 -0400] "POST /wp-admin/admin-ajax.php?action=async_litespeed&nonce=GDD88WxhjMfvZfAFuxWnGnMylcooeNF4&litespeed_type=imgoptm HTTP/1.1" 200 21 "-" "WordPress/6.8; https://servethepeopleinc.org"
18.119.99.38 - - [21/Apr/2025:14:28:09 -0400] "GET /ad917/?path=%2Fhome%2Fservlmvm%2Fpublic_html%2F..%2F.%2F.softaculous%2F..%2Fpublic_html%2Fwp-admin%2Fuser-edit.php HTTP/1.1" 200 12048 "-" "Mozilla/5.0 AppleWebKit/537.36 (KHTML, like Gecko; compatible; ClaudeBot/1.0; +claudebot@anthropic.com)"
52.167.144.161 - - [21/Apr/2025:14:28:11 -0400] "GET /detail/shotclog91007344.shtml HTTP/1.1" 404 16941 "-" "Mozilla/5.0 AppleWebKit/537.36 (KHTML, like Gecko; compatible; bingbot/2.0; +http://www.bing.com/bingbot.htm) Chrome/116.0.1938.76 Safari/537.36"
18.119.99.38 - - [21/Apr/2025:14:28:12 -0400] "GET /ad917/?path=%2Fhome%2F.%2F..%2Fproc%2F..%2Flib64%2Flibxslt-plugins%2F..%2FNetworkManager%2F..%2Flibmemcached.so.11 HTTP/1.1" 200 1005 "-" "Mozilla/5.0 AppleWebKit/537.36 (KHTML, like Gecko; compatible; ClaudeBot/1.0; +claudebot@anthropic.com)"
52.167.144.161 - - [21/Apr/2025:14:28:14 -0400] "GET /goodscode/fei/quinsywort/62304900.shtml HTTP/1.1" 404 16951 "-" "Mozilla/5.0 AppleWebKit/537.36 (KHTML, like Gecko; compatible; bingbot/2.0; +http://www.bing.com/bingbot.htm) Chrome/116.0.1938.76 Safari/537.36"
18.119.99.38 - - [21/Apr/2025:14:28:15 -0400] "GET /ad917/?path=%2Fhome%2F.%2F..%2Fproc%2F..%2Flib64%2Flibxslt-plugins%2F..%2Fnagios%2F..%2Flibgthread-2.0.so.0.5600.4 HTTP/1.1" 200 1005 "-" "Mozilla/5.0 AppleWebKit/537.36 (KHTML, like Gecko; compatible; ClaudeBot/1.0; +claudebot@anthropic.com)"
52.167.144.172 - - [21/Apr/2025:14:28:15 -0400] "GET /categories/1319550?num=33466 HTTP/1.1" 301 0 "-" "Mozilla/5.0 AppleWebKit/537.36 (KHTML, like Gecko; compatible; bingbot/2.0; +http://www.bing.com/bingbot.htm) Chrome/116.0.1938.76 Safari/537.36"
198.54.116.86 - - [21/Apr/2025:14:28:17 -0400] "POST /wp-cron.php?doing_wp_cron=1745260097.3753809928894042968750 HTTP/1.1" 200 0 "-" "WordPress/6.8; https://servethepeopleinc.org"
52.167.144.161 - - [21/Apr/2025:14:28:17 -0400] "GET /special/reaume55427564.shtml HTTP/1.1" 404 16941 "-" "Mozilla/5.0 AppleWebKit/537.36 (KHTML, like Gecko; compatible; bingbot/2.0; +http://www.bing.com/bingbot.htm) Chrome/116.0.1938.76 Safari/537.36"
18.119.99.38 - - [21/Apr/2025:14:28:18 -0400] "GET /ad917/?path=%2Fhome%2F.%2F..%2Fproc%2F..%2Flib64%2Flibxslt-plugins%2F..%2Fgdk-pixbuf-2.0%2F..%2Flibsnappy.so.1.1.8 HTTP/1.1" 200 1005 "-" "Mozilla/5.0 AppleWebKit/537.36 (KHTML, like Gecko; compatible; ClaudeBot/1.0; +claudebot@anthropic.com)"
18.119.99.38 - - [21/Apr/2025:14:28:21 -0400] "GET /ad917/?path=%2Fhome%2F.%2F..%2Fproc%2F..%2Flib64%2Flibxslt-plugins%2F..%2Fgdk-pixbuf-2.0%2F..%2Flibvorbis.so.0.4.8 HTTP/1.1" 200 1005 "-" "Mozilla/5.0 AppleWebKit/537.36 (KHTML, like Gecko; compatible; ClaudeBot/1.0; +claudebot@anthropic.com)"
40.77.167.55 - - [21/Apr/2025:14:28:24 -0400] "GET /product/83680128.shtml HTTP/1.1" 301 0 "-" "Mozilla/5.0 AppleWebKit/537.36 (KHTML, like Gecko; compatible; bingbot/2.0; +http://www.bing.com/bingbot.htm) Chrome/116.0.1938.76 Safari/537.36"
66.249.65.168 - - [21/Apr/2025:14:28:40 -0400] "GET /item/y/superintending80839126.shtml HTTP/1.1" 404 16950 "-" "Mozilla/5.0 (Linux; Android 6.0.1; Nexus 5X Build/MMB29P) AppleWebKit/537.36 (KHTML, like Gecko) Chrome/135.0.7049.95 Mobile Safari/537.36 (compatible; GoogleOther)"
66.249.65.169 - - [21/Apr/2025:14:28:43 -0400] "GET /shopbrand83230354.shtml HTTP/1.1" 404 16940 "-" "Mozilla/5.0 (Linux; Android 6.0.1; Nexus 5X Build/MMB29P) AppleWebKit/537.36 (KHTML, like Gecko) Chrome/135.0.7049.95 Mobile Safari/537.36 (compatible; GoogleOther)"
40.77.167.55 - - [21/Apr/2025:14:29:04 -0400] "GET /entity/maintopmast51025444.shtml HTTP/1.1" 301 0 "-" "Mozilla/5.0 AppleWebKit/537.36 (KHTML, like Gecko; compatible; bingbot/2.0; +http://www.bing.com/bingbot.htm) Chrome/116.0.1938.76 Safari/537.36"
3.144.7.9 - - [21/Apr/2025:14:29:09 -0400] "GET /ad917/?path=%2Fhome%2F.%2F.%2F..%2F..%2Flib64%2Fsa%2F..%2FImageMagick-6.9.13%2F..%2Fbpf%2F..%2Flibxcb-present.so.0 HTTP/1.1" 200 1006 "-" "Mozilla/5.0 AppleWebKit/537.36 (KHTML, like Gecko; compatible; ClaudeBot/1.0; +claudebot@anthropic.com)"
198.54.116.86 - - [21/Apr/2025:14:29:12 -0400] "POST /wp-cron.php?doing_wp_cron=1745260152.1797540187835693359375 HTTP/1.1" 200 0 "-" "WordPress/6.8; https://servethepeopleinc.org"
3.144.7.9 - - [21/Apr/2025:14:29:12 -0400] "GET /ad917/?path=%2Fhome%2F.%2F.%2F..%2F..%2Flib64%2Fsa%2F..%2FImageMagick-6.9.13%2F..%2Fbpf%2F..%2FlibodbcmyS.so.2.0.0 HTTP/1.1" 200 1008 "-" "Mozilla/5.0 AppleWebKit/537.36 (KHTML, like Gecko; compatible; ClaudeBot/1.0; +claudebot@anthropic.com)"
52.167.144.161 - - [21/Apr/2025:14:29:11 -0400] "GET /product/go/interscind46507046.shtml HTTP/1.1" 404 16952 "-" "Mozilla/5.0 AppleWebKit/537.36 (KHTML, like Gecko; compatible; bingbot/2.0; +http://www.bing.com/bingbot.htm) Chrome/116.0.1938.76 Safari/537.36"
198.54.116.86 - - [21/Apr/2025:14:29:12 -0400] "POST /wp-admin/admin-ajax.php?action=async_litespeed&nonce=hw7w0sXuQilG0ZcK31Ivg0jYieGldGFi&litespeed_type=imgoptm HTTP/1.1" 200 21 "-" "WordPress/6.8; https://servethepeopleinc.org"
3.144.7.9 - - [21/Apr/2025:14:29:15 -0400] "GET /ad917/?path=%2Fhome%2F.%2F.%2F..%2F..%2Flib64%2Flibibverbs%2F..%2Fcifs-utils%2F..%2Fqt5%2F..%2Flibgthread-2.0.so.0 HTTP/1.1" 200 1005 "-" "Mozilla/5.0 AppleWebKit/537.36 (KHTML, like Gecko; compatible; ClaudeBot/1.0; +claudebot@anthropic.com)"
198.54.116.86 - - [21/Apr/2025:14:29:16 -0400] "POST /wp-cron.php?doing_wp_cron=1745260156.1858038902282714843750 HTTP/1.1" 200 0 "-" "WordPress/6.8; https://servethepeopleinc.org"
66.249.65.168 - - [21/Apr/2025:14:29:16 -0400] "GET /goodscode/geo/marjorana/4491254.shtml HTTP/1.1" 404 16950 "-" "Mozilla/5.0 (Linux; Android 6.0.1; Nexus 5X Build/MMB29P) AppleWebKit/537.36 (KHTML, like Gecko) Chrome/135.0.7049.95 Mobile Safari/537.36 (compatible; GoogleOther)"
3.144.7.9 - - [21/Apr/2025:14:29:18 -0400] "GET /ad917/?path=%2Fhome%2F.%2F.%2F..%2F..%2Flib64%2Fpython2.7%2F..%2Flibnfsidmap%2F..%2Flua%2F..%2Flibcrypto.so.1.0.2o HTTP/1.1" 200 1000 "-" "Mozilla/5.0 AppleWebKit/537.36 (KHTML, like Gecko; compatible; ClaudeBot/1.0; +claudebot@anthropic.com)"
3.144.7.9 - - [21/Apr/2025:14:29:21 -0400] "GET /ad917/?path=%2Fhome%2F.%2F.%2F..%2F..%2Flib64%2Fsa%2F..%2FImageMagick-6.9.13%2F..%2Fbpf%2F..%2Flibyaz_icu.so.5.0.0 HTTP/1.1" 200 1005 "-" "Mozilla/5.0 AppleWebKit/537.36 (KHTML, like Gecko; compatible; ClaudeBot/1.0; +claudebot@anthropic.com)"
40.77.167.55 - - [21/Apr/2025:14:29:23 -0400] "GET /item/e/anarchic/61757786.shtml HTTP/1.1" 301 0 "-" "Mozilla/5.0 AppleWebKit/537.36 (KHTML, like Gecko; compatible; bingbot/2.0; +http://www.bing.com/bingbot.htm) Chrome/116.0.1938.76 Safari/537.36"
3.144.7.9 - - [21/Apr/2025:14:29:24 -0400] "GET /ad917/?path=%2Fhome%2F.%2F.%2F..%2F..%2Flib64%2Flibibverbs%2F..%2Fcifs-utils%2F..%2Fqt5%2F..%2Flibgstsctp-1.0.so.0 HTTP/1.1" 200 1004 "-" "Mozilla/5.0 AppleWebKit/537.36 (KHTML, like Gecko; compatible; ClaudeBot/1.0; +claudebot@anthropic.com)"
3.144.7.9 - - [21/Apr/2025:14:29:27 -0400] "GET /ad917/?path=%2Fhome%2F.%2F.%2F..%2F..%2Flib64%2Fsa%2F..%2FImageMagick-6.9.13%2F..%2Fbpf%2F..%2Flibxcb-shm.so.0.0.0 HTTP/1.1" 200 1006 "-" "Mozilla/5.0 AppleWebKit/537.36 (KHTML, like Gecko; compatible; ClaudeBot/1.0; +claudebot@anthropic.com)"
40.77.167.131 - - [21/Apr/2025:14:29:27 -0400] "GET /items/em/deflagrator/ HTTP/1.1" 404 16950 "-" "Mozilla/5.0 AppleWebKit/537.36 (KHTML, like Gecko; compatible; bingbot/2.0; +http://www.bing.com/bingbot.htm) Chrome/116.0.1938.76 Safari/537.36"
3.144.7.9 - - [21/Apr/2025:14:29:30 -0400] "GET /ad917/?path=%2Fhome%2F.%2F.%2F..%2F..%2Flib64%2Flibibverbs%2F..%2Fcifs-utils%2F..%2Fldb%2F..%2Flibpkgconf.so.3.0.0 HTTP/1.1" 200 1002 "-" "Mozilla/5.0 AppleWebKit/537.36 (KHTML, like Gecko; compatible; ClaudeBot/1.0; +claudebot@anthropic.com)"
3.144.7.9 - - [21/Apr/2025:14:29:33 -0400] "GET /ad917/?path=%2Fhome%2F.%2F.%2F..%2F..%2Flib64%2Fsa%2F..%2FImageMagick-6.9.13%2F..%2Ftls%2F..%2Flibfontenc.so.1.0.0 HTTP/1.1" 200 1004 "-" "Mozilla/5.0 AppleWebKit/537.36 (KHTML, like Gecko; compatible; ClaudeBot/1.0; +claudebot@anthropic.com)"
52.167.144.156 - - [21/Apr/2025:14:29:34 -0400] "GET /products/103524666.shtml HTTP/1.1" 404 16940 "-" "Mozilla/5.0 AppleWebKit/537.36 (KHTML, like Gecko; compatible; bingbot/2.0; +http://www.bing.com/bingbot.htm) Chrome/116.0.1938.76 Safari/537.36"
3.144.7.9 - - [21/Apr/2025:14:29:36 -0400] "GET /ad917/?path=%2Fhome%2F.%2F.%2F..%2F..%2Flib64%2Flibibverbs%2F..%2Fcifs-utils%2F..%2Fldb%2F..%2Flibasyncns.so.0.3.1 HTTP/1.1" 200 1001 "-" "Mozilla/5.0 AppleWebKit/537.36 (KHTML, like Gecko; compatible; ClaudeBot/1.0; +claudebot@anthropic.com)"
3.144.7.9 - - [21/Apr/2025:14:29:39 -0400] "GET /ad917/?path=%2Fhome%2F.%2F.%2F..%2F..%2Flib64%2Fsa%2F..%2FImageMagick-6.9.13%2F..%2Fbpf%2F..%2Flibgpgme.so.11.22.1 HTTP/1.1" 200 1007 "-" "Mozilla/5.0 AppleWebKit/537.36 (KHTML, like Gecko; compatible; ClaudeBot/1.0; +claudebot@anthropic.com)"
3.144.7.9 - - [21/Apr/2025:14:29:42 -0400] "GET /ad917/?path=%2Fhome%2F.%2F.%2F..%2F..%2Flib64%2Flibibverbs%2F..%2Fcifs-utils%2F..%2Fqt5%2F..%2Flibgstbase-1.0.so.0 HTTP/1.1" 200 1004 "-" "Mozilla/5.0 AppleWebKit/537.36 (KHTML, like Gecko; compatible; ClaudeBot/1.0; +claudebot@anthropic.com)"
3.144.7.9 - - [21/Apr/2025:14:29:45 -0400] "GET /ad917/?path=%2Fhome%2F.%2F.%2F..%2F..%2Flib64%2Flibibverbs%2F..%2Fcifs-utils%2F..%2Fldb%2F..%2Flibyaz_icu.so.5.0.0 HTTP/1.1" 200 1002 "-" "Mozilla/5.0 AppleWebKit/537.36 (KHTML, like Gecko; compatible; ClaudeBot/1.0; +claudebot@anthropic.com)"
3.144.7.9 - - [21/Apr/2025:14:29:48 -0400] "GET /ad917/?path=%2Fhome%2F.%2F.%2F..%2F..%2Flib64%2Fpython2.7%2F..%2Flibnfsidmap%2F..%2Flua%2F..%2Flibsss_certmap.so.0 HTTP/1.1" 200 1001 "-" "Mozilla/5.0 AppleWebKit/537.36 (KHTML, like Gecko; compatible; ClaudeBot/1.0; +claudebot@anthropic.com)"
40.77.167.131 - - [21/Apr/2025:14:29:48 -0400] "GET /products/70232194.shtml HTTP/1.1" 404 16941 "-" "Mozilla/5.0 AppleWebKit/537.36 (KHTML, like Gecko; compatible; bingbot/2.0; +http://www.bing.com/bingbot.htm) Chrome/116.0.1938.76 Safari/537.36"
3.144.7.9 - - [21/Apr/2025:14:29:51 -0400] "GET /ad917/?path=%2Fhome%2F.%2F.%2F..%2F..%2Flib64%2Fpython2.7%2F..%2Flibnfsidmap%2F..%2Flua%2F..%2Flibpcre2-posix.so.2 HTTP/1.1" 200 1001 "-" "Mozilla/5.0 AppleWebKit/537.36 (KHTML, like Gecko; compatible; ClaudeBot/1.0; +claudebot@anthropic.com)"
3.144.7.9 - - [21/Apr/2025:14:29:54 -0400] "GET /ad917/?path=%2Fhome%2F.%2F.%2F..%2F..%2Flib64%2Flibibverbs%2F..%2Fcifs-utils%2F..%2Fldb%2F..%2Flibmvec_nonshared.a HTTP/1.1" 200 1002 "-" "Mozilla/5.0 AppleWebKit/537.36 (KHTML, like Gecko; compatible; ClaudeBot/1.0; +claudebot@anthropic.com)"
3.144.7.9 - - [21/Apr/2025:14:29:57 -0400] "GET /ad917/?path=%2Fhome%2Fservlmvm%2F.%2F.%2Fpublic_html%2Fwp-includes%2Fblocks%2Ffile%2F..%2Fpreformatted%2Fstyle.css HTTP/1.1" 200 1090 "-" "Mozilla/5.0 AppleWebKit/537.36 (KHTML, like Gecko; compatible; ClaudeBot/1.0; +claudebot@anthropic.com)"
3.144.7.9 - - [21/Apr/2025:14:30:00 -0400] "GET /ad917/?path=%2Fhome%2Fservlmvm%2F.%2F.%2Fpublic_html%2Fwp-includes%2Fblocks%2Ffile%2F..%2F..%2Fdefault-filters.php HTTP/1.1" 200 9877 "-" "Mozilla/5.0 AppleWebKit/537.36 (KHTML, like Gecko; compatible; ClaudeBot/1.0; +claudebot@anthropic.com)"
3.144.7.9 - - [21/Apr/2025:14:30:03 -0400] "GET /ad917/?path=%2Fhome%2F.%2F.%2F..%2F..%2Flib64%2Flibibverbs%2F..%2Fcifs-utils%2F..%2Fldb%2F..%2Flibgearman.so.8.0.0 HTTP/1.1" 200 1001 "-" "Mozilla/5.0 AppleWebKit/537.36 (KHTML, like Gecko; compatible; ClaudeBot/1.0; +claudebot@anthropic.com)"
40.77.167.2 - - [21/Apr/2025:14:30:03 -0400] "GET /detail/alexanders/19409354.shtml HTTP/1.1" 404 16951 "-" "Mozilla/5.0 AppleWebKit/537.36 (KHTML, like Gecko; compatible; bingbot/2.0; +http://www.bing.com/bingbot.htm) Chrome/116.0.1938.76 Safari/537.36"
3.144.7.9 - - [21/Apr/2025:14:30:06 -0400] "GET /ad917/?path=%2Fhome%2F.%2F.%2F..%2F..%2Flib64%2Flibibverbs%2F..%2Fcifs-utils%2F..%2Fqt5%2F..%2Flibinput.so.10.13.0 HTTP/1.1" 200 1002 "-" "Mozilla/5.0 AppleWebKit/537.36 (KHTML, like Gecko; compatible; ClaudeBot/1.0; +claudebot@anthropic.com)"
3.144.7.9 - - [21/Apr/2025:14:30:09 -0400] "GET /ad917/?path=%2Fhome%2F.%2F.%2F..%2F..%2Flib64%2Flibibverbs%2F..%2Fcifs-utils%2F..%2Fqt5%2F..%2Flibrsvg-2.so.2.42.7 HTTP/1.1" 200 1005 "-" "Mozilla/5.0 AppleWebKit/537.36 (KHTML, like Gecko; compatible; ClaudeBot/1.0; +claudebot@anthropic.com)"
3.144.7.9 - - [21/Apr/2025:14:30:12 -0400] "GET /ad917/?path=%2Fhome%2F.%2F.%2F..%2F..%2Flib64%2Fpython2.7%2F..%2Flibnfsidmap%2F..%2Flua%2F..%2Flibxcb-glx.so.0.0.0 HTTP/1.1" 200 1002 "-" "Mozilla/5.0 AppleWebKit/537.36 (KHTML, like Gecko; compatible; ClaudeBot/1.0; +claudebot@anthropic.com)"
3.144.7.9 - - [21/Apr/2025:14:30:15 -0400] "GET /ad917/?path=%2Fhome%2F.%2F.%2F..%2F..%2Flib64%2Fxtables%2F..%2Fgirepository-1.0%2F..%2Flibply-splash-core.so.5.0.0 HTTP/1.1" 200 994 "-" "Mozilla/5.0 AppleWebKit/537.36 (KHTML, like Gecko; compatible; ClaudeBot/1.0; +claudebot@anthropic.com)"
198.54.116.86 - - [21/Apr/2025:14:30:17 -0400] "POST /wp-cron.php?doing_wp_cron=1745260217.4499061107635498046875 HTTP/1.1" 200 0 "-" "WordPress/6.8; https://servethepeopleinc.org"
40.77.167.55 - - [21/Apr/2025:14:30:14 -0400] "GET /item/geophilus69621028.shtml HTTP/1.1" 301 0 "-" "Mozilla/5.0 AppleWebKit/537.36 (KHTML, like Gecko; compatible; bingbot/2.0; +http://www.bing.com/bingbot.htm) Chrome/116.0.1938.76 Safari/537.36"
198.54.116.86 - - [21/Apr/2025:14:30:17 -0400] "POST /wp-admin/admin-ajax.php?action=async_litespeed&nonce=jVjeI7dASLzqSi2BEm4zHRh2JQnTLrBo&litespeed_type=imgoptm HTTP/1.1" 200 21 "-" "WordPress/6.8; https://servethepeopleinc.org"
3.144.7.9 - - [21/Apr/2025:14:30:18 -0400] "GET /ad917/?path=%2Fhome%2F.%2F.%2F..%2F..%2Flib64%2Flibibverbs%2F..%2Fcifs-utils%2F..%2Fldb%2F..%2Flibgmodule-2.0.so.0 HTTP/1.1" 200 1002 "-" "Mozilla/5.0 AppleWebKit/537.36 (KHTML, like Gecko; compatible; ClaudeBot/1.0; +claudebot@anthropic.com)"
3.144.7.9 - - [21/Apr/2025:14:30:21 -0400] "GET /ad917/?path=%2Fhome%2F.%2F.%2F..%2F..%2Flib64%2Fsa%2F..%2FImageMagick-6.9.13%2F..%2Fbpf%2F..%2Flibwebpdecoder.so.3 HTTP/1.1" 200 1005 "-" "Mozilla/5.0 AppleWebKit/537.36 (KHTML, like Gecko; compatible; ClaudeBot/1.0; +claudebot@anthropic.com)"
3.144.7.9 - - [21/Apr/2025:14:30:24 -0400] "GET /ad917/?path=%2Fhome%2F.%2F.%2F..%2F..%2Flib64%2Fsa%2F..%2FImageMagick-6.9.13%2F..%2Fbpf%2F..%2Flibgtk-x11-2.0.so.0 HTTP/1.1" 200 1008 "-" "Mozilla/5.0 AppleWebKit/537.36 (KHTML, like Gecko; compatible; ClaudeBot/1.0; +claudebot@anthropic.com)"
3.144.7.9 - - [21/Apr/2025:14:30:27 -0400] "GET /ad917/?path=%2Fhome%2F.%2F.%2F..%2F..%2Flib64%2Flibibverbs%2F..%2Fcifs-utils%2F..%2Fqt5%2F..%2Flibwebpmux.so.3.0.2 HTTP/1.1" 200 1005 "-" "Mozilla/5.0 AppleWebKit/537.36 (KHTML, like Gecko; compatible; ClaudeBot/1.0; +claudebot@anthropic.com)"
