18.223.203.125 - - [21/Apr/2025:14:47:08 -0400] "GET /ad917/?path=%2Fhome%2F.%2Fservlmvm%2F.%2F..%2Fservlmvm%2Fpuppiesoftexas.com%2Fwp-includes%2Fspl-autoload-compat.php HTTP/1.1" 200 1259 "-" "Mozilla/5.0 AppleWebKit/537.36 (KHTML, like Gecko; compatible; ClaudeBot/1.0; +claudebot@anthropic.com)"
198.54.116.86 - - [21/Apr/2025:14:47:36 -0400] "POST /wp-cron.php?doing_wp_cron=1745261256.5490229129791259765625 HTTP/1.1" 200 0 "-" "WordPress/6.8; https://servethepeopleinc.org"
143.110.164.15 - - [21/Apr/2025:14:47:36 -0400] "GET / HTTP/1.1" 200 33533 "-" "Mozilla/5.0 (compatible)"
198.54.116.86 - - [21/Apr/2025:14:47:36 -0400] "POST /wp-admin/admin-ajax.php?action=async_litespeed&nonce=rbIOOmjaxgRrzAW2RxBA5JUhVIFlPH6L&litespeed_type=imgoptm HTTP/1.1" 200 21 "-" "WordPress/6.8; https://servethepeopleinc.org"
143.110.164.15 - - [21/Apr/2025:14:47:40 -0400] "GET /favicon.ico HTTP/1.1" 404 1251 "https://servethepeopleinc.org/" "Mozilla/5.0 (compatible)"
40.77.167.54 - - [21/Apr/2025:14:47:56 -0400] "GET /products/28690364.shtml HTTP/1.1" 404 16941 "-" "Mozilla/5.0 AppleWebKit/537.36 (KHTML, like Gecko; compatible; bingbot/2.0; +http://www.bing.com/bingbot.htm) Chrome/116.0.1938.76 Safari/537.36"
3.138.123.118 - - [21/Apr/2025:14:48:01 -0400] "GET /ad917/?path=%2Fhome%2F.%2F..%2Fbin%2F..%2F.%2Fshare%2Flocale%2Fes_ES%2F..%2Fayc HTTP/1.1" 200 1504 "-" "Mozilla/5.0 AppleWebKit/537.36 (KHTML, like Gecko; compatible; ClaudeBot/1.0; +claudebot@anthropic.com)"
3.138.123.118 - - [21/Apr/2025:14:48:04 -0400] "GET /ad917/?path=%2Fhome%2F.%2F..%2Fbin%2F..%2F.%2Fshare%2Flocale%2Fes_CL%2F..%2Fssa HTTP/1.1" 200 1502 "-" "Mozilla/5.0 AppleWebKit/537.36 (KHTML, like Gecko; compatible; ClaudeBot/1.0; +claudebot@anthropic.com)"
3.138.123.118 - - [21/Apr/2025:14:48:07 -0400] "GET /ad917/?path=%2Fhome%2F.%2F..%2Fbin%2F..%2F.%2Fshare%2Flocale%2Fes_NI%2F..%2Fawa HTTP/1.1" 200 1503 "-" "Mozilla/5.0 AppleWebKit/537.36 (KHTML, like Gecko; compatible; ClaudeBot/1.0; +claudebot@anthropic.com)"
3.138.123.118 - - [21/Apr/2025:14:48:10 -0400] "GET /ad917/?path=%2Fhome%2F.%2F..%2Fbin%2F..%2F.%2Fshare%2Flocale%2Fml_IN%2F..%2Fzun HTTP/1.1" 200 1504 "-" "Mozilla/5.0 AppleWebKit/537.36 (KHTML, like Gecko; compatible; ClaudeBot/1.0; +claudebot@anthropic.com)"
3.138.123.118 - - [21/Apr/2025:14:48:13 -0400] "GET /ad917/?path=%2Fhome%2F.%2F..%2Fbin%2F..%2F.%2Fshare%2Flocale%2Fes_ES%2F..%2Fzen HTTP/1.1" 200 1503 "-" "Mozilla/5.0 AppleWebKit/537.36 (KHTML, like Gecko; compatible; ClaudeBot/1.0; +claudebot@anthropic.com)"
3.138.123.118 - - [21/Apr/2025:14:48:16 -0400] "GET /ad917/?path=%2Fhome%2F.%2F..%2Fbin%2F..%2F.%2Fshare%2Flocale%2Fes_NI%2F..%2Fgez HTTP/1.1" 200 1504 "-" "Mozilla/5.0 AppleWebKit/537.36 (KHTML, like Gecko; compatible; ClaudeBot/1.0; +claudebot@anthropic.com)"
3.138.123.118 - - [21/Apr/2025:14:48:19 -0400] "GET /ad917/?path=%2Fhome%2F.%2F..%2Fbin%2F..%2F.%2Fshare%2Flocale%2Fes_CL%2F..%2Fnub HTTP/1.1" 200 1503 "-" "Mozilla/5.0 AppleWebKit/537.36 (KHTML, like Gecko; compatible; ClaudeBot/1.0; +claudebot@anthropic.com)"
3.138.123.118 - - [21/Apr/2025:14:48:22 -0400] "GET /ad917/?path=%2Fhome%2F.%2F..%2Fbin%2F..%2F.%2Fshare%2Flocale%2Fes_NI%2F..%2Fquz HTTP/1.1" 200 1506 "-" "Mozilla/5.0 AppleWebKit/537.36 (KHTML, like Gecko; compatible; ClaudeBot/1.0; +claudebot@anthropic.com)"
3.138.123.118 - - [21/Apr/2025:14:48:25 -0400] "GET /ad917/?path=%2Fhome%2F.%2F..%2Fbin%2F..%2F.%2Fshare%2Flocale%2Fes_CL%2F..%2Ftiv HTTP/1.1" 200 1503 "-" "Mozilla/5.0 AppleWebKit/537.36 (KHTML, like Gecko; compatible; ClaudeBot/1.0; +claudebot@anthropic.com)"
3.138.123.118 - - [21/Apr/2025:14:48:28 -0400] "GET /ad917/?path=%2Fhome%2F.%2F..%2Fbin%2F..%2F.%2Fshare%2Flocale%2Fes_CL%2F..%2Fjpr HTTP/1.1" 200 1503 "-" "Mozilla/5.0 AppleWebKit/537.36 (KHTML, like Gecko; compatible; ClaudeBot/1.0; +claudebot@anthropic.com)"
3.138.123.118 - - [21/Apr/2025:14:48:31 -0400] "GET /ad917/?path=%2Fhome%2F.%2F..%2Fbin%2F..%2F.%2Fshare%2Flocale%2Fca_IT%2F..%2Fkok HTTP/1.1" 200 1505 "-" "Mozilla/5.0 AppleWebKit/537.36 (KHTML, like Gecko; compatible; ClaudeBot/1.0; +claudebot@anthropic.com)"
3.138.123.118 - - [21/Apr/2025:14:48:34 -0400] "GET /ad917/?path=%2Fhome%2F.%2F..%2Fbin%2F..%2F.%2Fshare%2Flocale%2Fes_CL%2F..%2Fpaa HTTP/1.1" 200 1503 "-" "Mozilla/5.0 AppleWebKit/537.36 (KHTML, like Gecko; compatible; ClaudeBot/1.0; +claudebot@anthropic.com)"
198.54.116.86 - - [21/Apr/2025:14:48:35 -0400] "POST /wp-cron.php?doing_wp_cron=1745261315.3883969783782958984375 HTTP/1.1" 200 0 "-" "WordPress/6.8; https://servethepeopleinc.org"
52.167.144.214 - - [21/Apr/2025:14:48:35 -0400] "GET /items/inocular/115030062.shtml HTTP/1.1" 301 0 "-" "Mozilla/5.0 AppleWebKit/537.36 (KHTML, like Gecko; compatible; bingbot/2.0; +http://www.bing.com/bingbot.htm) Chrome/116.0.1938.76 Safari/537.36"
198.54.116.86 - - [21/Apr/2025:14:48:35 -0400] "POST /wp-admin/admin-ajax.php?action=async_litespeed&nonce=aR8DKEmAQPr3HhAVe3ti2XRhLeF10c6v&litespeed_type=imgoptm HTTP/1.1" 200 21 "-" "WordPress/6.8; https://servethepeopleinc.org"
40.77.167.54 - - [21/Apr/2025:14:48:36 -0400] "GET /items113155120.shtml HTTP/1.1" 404 16941 "-" "Mozilla/5.0 AppleWebKit/537.36 (KHTML, like Gecko; compatible; bingbot/2.0; +http://www.bing.com/bingbot.htm) Chrome/116.0.1938.76 Safari/537.36"
3.138.123.118 - - [21/Apr/2025:14:48:37 -0400] "GET /ad917/?path=%2Fhome%2F.%2F..%2Fbin%2F..%2F.%2Fshare%2Flocale%2Fzh_CN%2F..%2Fchb HTTP/1.1" 200 1504 "-" "Mozilla/5.0 AppleWebKit/537.36 (KHTML, like Gecko; compatible; ClaudeBot/1.0; +claudebot@anthropic.com)"
3.138.123.118 - - [21/Apr/2025:14:48:40 -0400] "GET /ad917/?path=%2Fhome%2F.%2F..%2Fbin%2F..%2F.%2Fshare%2Flocale%2Fca_IT%2F..%2Ftsi HTTP/1.1" 200 1503 "-" "Mozilla/5.0 AppleWebKit/537.36 (KHTML, like Gecko; compatible; ClaudeBot/1.0; +claudebot@anthropic.com)"
3.138.123.118 - - [21/Apr/2025:14:48:43 -0400] "GET /ad917/?path=%2Fhome%2F.%2F..%2Fbin%2F..%2F.%2Fshare%2Flocale%2Fca_IT%2F..%2Fphi HTTP/1.1" 200 1503 "-" "Mozilla/5.0 AppleWebKit/537.36 (KHTML, like Gecko; compatible; ClaudeBot/1.0; +claudebot@anthropic.com)"
40.77.167.7 - - [21/Apr/2025:14:48:44 -0400] "GET /item/17878744.shtml HTTP/1.1" 404 16944 "-" "Mozilla/5.0 AppleWebKit/537.36 (KHTML, like Gecko; compatible; bingbot/2.0; +http://www.bing.com/bingbot.htm) Chrome/116.0.1938.76 Safari/537.36"
3.138.123.118 - - [21/Apr/2025:14:48:46 -0400] "GET /ad917/?path=%2Fhome%2F.%2F..%2Fbin%2F..%2F.%2Fshare%2Flocale%2Fes_NI%2F..%2Fijo HTTP/1.1" 200 1503 "-" "Mozilla/5.0 AppleWebKit/537.36 (KHTML, like Gecko; compatible; ClaudeBot/1.0; +claudebot@anthropic.com)"
3.138.123.118 - - [21/Apr/2025:14:48:49 -0400] "GET /ad917/?path=%2Fhome%2F.%2F..%2Fbin%2F..%2F.%2Fshare%2Flocale%2Fca_IT%2F..%2Fson HTTP/1.1" 200 1502 "-" "Mozilla/5.0 AppleWebKit/537.36 (KHTML, like Gecko; compatible; ClaudeBot/1.0; +claudebot@anthropic.com)"
3.138.123.118 - - [21/Apr/2025:14:48:52 -0400] "GET /ad917/?path=%2Fhome%2F.%2F..%2Fbin%2F..%2F.%2Fshare%2Flocale%2Fzh_CN%2F..%2Ftzo HTTP/1.1" 200 1505 "-" "Mozilla/5.0 AppleWebKit/537.36 (KHTML, like Gecko; compatible; ClaudeBot/1.0; +claudebot@anthropic.com)"
3.138.123.118 - - [21/Apr/2025:14:48:55 -0400] "GET /ad917/?path=%2Fhome%2F.%2F..%2Fbin%2F..%2F.%2Fshare%2Flocale%2Fes_ES%2F..%2Ftai HTTP/1.1" 200 1502 "-" "Mozilla/5.0 AppleWebKit/537.36 (KHTML, like Gecko; compatible; ClaudeBot/1.0; +claudebot@anthropic.com)"
3.138.123.118 - - [21/Apr/2025:14:48:58 -0400] "GET /ad917/?path=%2Fhome%2F.%2F..%2Fbin%2F..%2F.%2Fshare%2Flocale%2Fzh_CN%2F..%2Fgrc HTTP/1.1" 200 1504 "-" "Mozilla/5.0 AppleWebKit/537.36 (KHTML, like Gecko; compatible; ClaudeBot/1.0; +claudebot@anthropic.com)"
3.138.123.118 - - [21/Apr/2025:14:49:01 -0400] "GET /ad917/?path=%2Fhome%2F.%2F..%2Fbin%2F..%2F.%2Fshare%2Flocale%2Fes_CL%2F..%2Fmyn HTTP/1.1" 200 1504 "-" "Mozilla/5.0 AppleWebKit/537.36 (KHTML, like Gecko; compatible; ClaudeBot/1.0; +claudebot@anthropic.com)"
3.138.123.118 - - [21/Apr/2025:14:49:04 -0400] "GET /ad917/?path=%2Fhome%2F.%2F..%2Fbin%2F..%2F.%2Fshare%2Flocale%2Fml_IN%2F..%2Fkos HTTP/1.1" 200 1504 "-" "Mozilla/5.0 AppleWebKit/537.36 (KHTML, like Gecko; compatible; ClaudeBot/1.0; +claudebot@anthropic.com)"
3.138.123.118 - - [21/Apr/2025:14:49:07 -0400] "GET /ad917/?path=%2Fhome%2F.%2F..%2Fbin%2F..%2F.%2Fshare%2Flocale%2Fml_IN%2F..%2Fzza HTTP/1.1" 200 1504 "-" "Mozilla/5.0 AppleWebKit/537.36 (KHTML, like Gecko; compatible; ClaudeBot/1.0; +claudebot@anthropic.com)"
3.138.123.118 - - [21/Apr/2025:14:49:10 -0400] "GET /ad917/?path=%2Fhome%2F.%2F..%2Fbin%2F..%2F.%2Fshare%2Flocale%2Fca_IT%2F..%2Flua HTTP/1.1" 200 1503 "-" "Mozilla/5.0 AppleWebKit/537.36 (KHTML, like Gecko; compatible; ClaudeBot/1.0; +claudebot@anthropic.com)"
3.138.123.118 - - [21/Apr/2025:14:49:13 -0400] "GET /ad917/?path=%2Fhome%2F.%2F..%2Fbin%2F..%2F.%2Fshare%2Flocale%2Fzh_CN%2F..%2Fnds HTTP/1.1" 200 1503 "-" "Mozilla/5.0 AppleWebKit/537.36 (KHTML, like Gecko; compatible; ClaudeBot/1.0; +claudebot@anthropic.com)"
198.54.116.86 - - [21/Apr/2025:14:49:15 -0400] "POST /wp-cron.php?doing_wp_cron=1745261355.9326179027557373046875 HTTP/1.1" 200 0 "-" "WordPress/6.8; https://servethepeopleinc.org"
66.249.65.169 - - [21/Apr/2025:14:49:15 -0400] "GET /item/gae/murdress/20073018.shtml HTTP/1.1" 404 16949 "-" "Mozilla/5.0 (Linux; Android 6.0.1; Nexus 5X Build/MMB29P) AppleWebKit/537.36 (KHTML, like Gecko) Chrome/135.0.7049.95 Mobile Safari/537.36 (compatible; GoogleOther)"
198.54.116.86 - - [21/Apr/2025:14:49:16 -0400] "POST /wp-admin/admin-ajax.php?action=async_litespeed&nonce=7XpaCCbqKtQAudhbpUEviHgTvs4YplRk&litespeed_type=imgoptm HTTP/1.1" 200 21 "-" "WordPress/6.8; https://servethepeopleinc.org"
3.138.123.118 - - [21/Apr/2025:14:49:16 -0400] "GET /ad917/?path=%2Fhome%2F.%2F..%2Fbin%2F..%2F.%2Fshare%2Flocale%2Fzh_CN%2F..%2Fnap HTTP/1.1" 200 1503 "-" "Mozilla/5.0 AppleWebKit/537.36 (KHTML, like Gecko; compatible; ClaudeBot/1.0; +claudebot@anthropic.com)"
3.138.123.118 - - [21/Apr/2025:14:49:19 -0400] "GET /ad917/?path=%2Fhome%2F.%2F..%2Fbin%2F..%2F.%2Fshare%2Flocale%2Fes_ES%2F..%2Ftli HTTP/1.1" 200 1502 "-" "Mozilla/5.0 AppleWebKit/537.36 (KHTML, like Gecko; compatible; ClaudeBot/1.0; +claudebot@anthropic.com)"
3.138.123.118 - - [21/Apr/2025:14:49:22 -0400] "GET /ad917/?path=%2Fhome%2F.%2F..%2Fbin%2F..%2F.%2Fshare%2Flocale%2Fes_ES%2F..%2Fefi HTTP/1.1" 200 1502 "-" "Mozilla/5.0 AppleWebKit/537.36 (KHTML, like Gecko; compatible; ClaudeBot/1.0; +claudebot@anthropic.com)"
3.138.123.118 - - [21/Apr/2025:14:49:25 -0400] "GET /ad917/?path=%2Fhome%2F.%2F..%2Fbin%2F..%2F.%2Fshare%2Flocale%2Fml_IN%2F..%2Fguc HTTP/1.1" 200 1504 "-" "Mozilla/5.0 AppleWebKit/537.36 (KHTML, like Gecko; compatible; ClaudeBot/1.0; +claudebot@anthropic.com)"
3.138.123.118 - - [21/Apr/2025:14:49:28 -0400] "GET /ad917/?path=%2Fhome%2F.%2F..%2Fbin%2F..%2F.%2Fshare%2Flocale%2Fes_ES%2F..%2Fady HTTP/1.1" 200 1504 "-" "Mozilla/5.0 AppleWebKit/537.36 (KHTML, like Gecko; compatible; ClaudeBot/1.0; +claudebot@anthropic.com)"
3.138.123.118 - - [21/Apr/2025:14:49:31 -0400] "GET /ad917/?path=%2Fhome%2F.%2F..%2Fbin%2F..%2F.%2Fshare%2Flocale%2Fca_IT%2F..%2Fcop HTTP/1.1" 200 1503 "-" "Mozilla/5.0 AppleWebKit/537.36 (KHTML, like Gecko; compatible; ClaudeBot/1.0; +claudebot@anthropic.com)"
3.138.123.118 - - [21/Apr/2025:14:49:34 -0400] "GET /ad917/?path=%2Fhome%2F.%2F..%2Fbin%2F..%2F.%2Fshare%2Flocale%2Fes_ES%2F..%2Ftmh HTTP/1.1" 200 1503 "-" "Mozilla/5.0 AppleWebKit/537.36 (KHTML, like Gecko; compatible; ClaudeBot/1.0; +claudebot@anthropic.com)"
3.138.123.118 - - [21/Apr/2025:14:49:37 -0400] "GET /ad917/?path=%2Fhome%2F.%2F..%2Fbin%2F..%2F.%2Fshare%2Flocale%2Fes_ES%2F..%2Fcrh HTTP/1.1" 200 1503 "-" "Mozilla/5.0 AppleWebKit/537.36 (KHTML, like Gecko; compatible; ClaudeBot/1.0; +claudebot@anthropic.com)"
3.138.123.118 - - [21/Apr/2025:14:49:40 -0400] "GET /ad917/?path=%2Fhome%2F.%2F..%2Fbin%2F..%2F.%2Fshare%2Flocale%2Fzh_CN%2F..%2Fkrc HTTP/1.1" 200 1505 "-" "Mozilla/5.0 AppleWebKit/537.36 (KHTML, like Gecko; compatible; ClaudeBot/1.0; +claudebot@anthropic.com)"
3.138.123.118 - - [21/Apr/2025:14:49:43 -0400] "GET /ad917/?path=%2Fhome%2F.%2F..%2Fbin%2F..%2F.%2Fshare%2Flocale%2Fzh_CN%2F..%2Fcad HTTP/1.1" 200 1503 "-" "Mozilla/5.0 AppleWebKit/537.36 (KHTML, like Gecko; compatible; ClaudeBot/1.0; +claudebot@anthropic.com)"
3.138.123.118 - - [21/Apr/2025:14:49:46 -0400] "GET /ad917/?path=%2Fhome%2F.%2F..%2Fbin%2F..%2F.%2Fshare%2Flocale%2Fes_NI%2F..%2Flol HTTP/1.1" 200 1503 "-" "Mozilla/5.0 AppleWebKit/537.36 (KHTML, like Gecko; compatible; ClaudeBot/1.0; +claudebot@anthropic.com)"
3.138.123.118 - - [21/Apr/2025:14:49:49 -0400] "GET /ad917/?path=%2Fhome%2F.%2F..%2Fbin%2F..%2F.%2Fshare%2Flocale%2Fzh_CN%2F..%2Fmap HTTP/1.1" 200 1504 "-" "Mozilla/5.0 AppleWebKit/537.36 (KHTML, like Gecko; compatible; ClaudeBot/1.0; +claudebot@anthropic.com)"
3.138.123.118 - - [21/Apr/2025:14:49:52 -0400] "GET /ad917/?path=%2Fhome%2F.%2F..%2Fbin%2F..%2F.%2Fshare%2Flocale%2Fes_ES%2F..%2Fven HTTP/1.1" 200 1502 "-" "Mozilla/5.0 AppleWebKit/537.36 (KHTML, like Gecko; compatible; ClaudeBot/1.0; +claudebot@anthropic.com)"
3.138.123.118 - - [21/Apr/2025:14:49:55 -0400] "GET /ad917/?path=%2Fhome%2F.%2F..%2Fbin%2F..%2F.%2Fshare%2Flocale%2Fzh_CN%2F..%2Faym HTTP/1.1" 200 1505 "-" "Mozilla/5.0 AppleWebKit/537.36 (KHTML, like Gecko; compatible; ClaudeBot/1.0; +claudebot@anthropic.com)"
3.138.123.118 - - [21/Apr/2025:14:49:58 -0400] "GET /ad917/?path=%2Fhome%2F.%2F..%2Fbin%2F..%2F.%2Fshare%2Flocale%2Fml_IN%2F..%2Fvai HTTP/1.1" 200 1503 "-" "Mozilla/5.0 AppleWebKit/537.36 (KHTML, like Gecko; compatible; ClaudeBot/1.0; +claudebot@anthropic.com)"
198.54.116.86 - - [21/Apr/2025:14:50:14 -0400] "POST /wp-cron.php?doing_wp_cron=1745261414.9316179752349853515625 HTTP/1.1" 200 0 "-" "WordPress/6.8; https://servethepeopleinc.org"
40.77.167.54 - - [21/Apr/2025:14:50:14 -0400] "GET /shopping40701826.shtml HTTP/1.1" 404 16942 "-" "Mozilla/5.0 AppleWebKit/537.36 (KHTML, like Gecko; compatible; bingbot/2.0; +http://www.bing.com/bingbot.htm) Chrome/116.0.1938.76 Safari/537.36"
198.54.116.86 - - [21/Apr/2025:14:50:15 -0400] "POST /wp-admin/admin-ajax.php?action=async_litespeed&nonce=gWaqwlwDEnf4ygAvcjACApbffkaUC1lU&litespeed_type=imgoptm HTTP/1.1" 200 21 "-" "WordPress/6.8; https://servethepeopleinc.org"
198.54.116.86 - - [21/Apr/2025:14:50:19 -0400] "POST /wp-cron.php?doing_wp_cron=1745261419.8391070365905761718750 HTTP/1.1" 200 0 "-" "WordPress/6.8; https://servethepeopleinc.org"
40.77.167.7 - - [21/Apr/2025:14:50:19 -0400] "GET /goodscode98989762.shtml HTTP/1.1" 404 16942 "-" "Mozilla/5.0 AppleWebKit/537.36 (KHTML, like Gecko; compatible; bingbot/2.0; +http://www.bing.com/bingbot.htm) Chrome/116.0.1938.76 Safari/537.36"
40.77.167.54 - - [21/Apr/2025:14:50:25 -0400] "GET /info/stethal50539252.shtml HTTP/1.1" 404 16942 "-" "Mozilla/5.0 AppleWebKit/537.36 (KHTML, like Gecko; compatible; bingbot/2.0; +http://www.bing.com/bingbot.htm) Chrome/116.0.1938.76 Safari/537.36"
3.141.18.167 - - [21/Apr/2025:14:50:53 -0400] "GET /ad917/?path=%2Fhome%2F.%2F..%2Fbin%2F..%2F.%2Fshare%2Flocale%2Fzh_CN%2F..%2Fpis HTTP/1.1" 200 1505 "-" "Mozilla/5.0 AppleWebKit/537.36 (KHTML, like Gecko; compatible; ClaudeBot/1.0; +claudebot@anthropic.com)"
3.141.18.167 - - [21/Apr/2025:14:50:56 -0400] "GET /ad917/?path=%2Fhome%2F.%2F..%2Fbin%2F..%2F.%2Fshare%2Flocale%2Fes_ES%2F..%2Fber HTTP/1.1" 200 1506 "-" "Mozilla/5.0 AppleWebKit/537.36 (KHTML, like Gecko; compatible; ClaudeBot/1.0; +claudebot@anthropic.com)"
3.141.18.167 - - [21/Apr/2025:14:50:59 -0400] "GET /ad917/?path=%2Fhome%2F.%2F..%2Fbin%2F..%2F.%2Fshare%2Flocale%2Fes_NI%2F..%2Fhne HTTP/1.1" 200 1501 "-" "Mozilla/5.0 AppleWebKit/537.36 (KHTML, like Gecko; compatible; ClaudeBot/1.0; +claudebot@anthropic.com)"
3.141.18.167 - - [21/Apr/2025:14:51:02 -0400] "GET /ad917/?path=%2Fhome%2F.%2F..%2Fbin%2F..%2F.%2Fshare%2Flocale%2Fzh_CN%2F..%2Fdyu HTTP/1.1" 200 1504 "-" "Mozilla/5.0 AppleWebKit/537.36 (KHTML, like Gecko; compatible; ClaudeBot/1.0; +claudebot@anthropic.com)"
3.141.18.167 - - [21/Apr/2025:14:51:05 -0400] "GET /ad917/?path=%2Fhome%2F.%2F..%2Fbin%2F..%2F.%2Fshare%2Flocale%2Fca_IT%2F..%2Ftai HTTP/1.1" 200 1504 "-" "Mozilla/5.0 AppleWebKit/537.36 (KHTML, like Gecko; compatible; ClaudeBot/1.0; +claudebot@anthropic.com)"
198.54.116.86 - - [21/Apr/2025:14:51:07 -0400] "POST /wp-cron.php?doing_wp_cron=1745261467.0957338809967041015625 HTTP/1.1" 200 0 "-" "WordPress/6.8; https://servethepeopleinc.org"
66.249.65.170 - - [21/Apr/2025:14:51:06 -0400] "GET /detail/corporealities4173854.shtml HTTP/1.1" 404 16942 "-" "Mozilla/5.0 (Linux; Android 6.0.1; Nexus 5X Build/MMB29P) AppleWebKit/537.36 (KHTML, like Gecko) Chrome/135.0.7049.95 Mobile Safari/537.36 (compatible; GoogleOther)"
198.54.116.86 - - [21/Apr/2025:14:51:07 -0400] "POST /wp-admin/admin-ajax.php?action=async_litespeed&nonce=Zdz6sExaYavfSvkE85Krwhl6t7k5sfHZ&litespeed_type=imgoptm HTTP/1.1" 200 21 "-" "WordPress/6.8; https://servethepeopleinc.org"
3.141.18.167 - - [21/Apr/2025:14:51:08 -0400] "GET /ad917/?path=%2Fhome%2F.%2F..%2Fbin%2F..%2F.%2Fshare%2Flocale%2Fzh_CN%2F..%2Fsux HTTP/1.1" 200 1505 "-" "Mozilla/5.0 AppleWebKit/537.36 (KHTML, like Gecko; compatible; ClaudeBot/1.0; +claudebot@anthropic.com)"
3.141.18.167 - - [21/Apr/2025:14:51:11 -0400] "GET /ad917/?path=%2Fhome%2F.%2F..%2Fbin%2F..%2F.%2Fshare%2Flocale%2Fzh_CN%2F..%2Fmwr HTTP/1.1" 200 1505 "-" "Mozilla/5.0 AppleWebKit/537.36 (KHTML, like Gecko; compatible; ClaudeBot/1.0; +claudebot@anthropic.com)"
3.141.18.167 - - [21/Apr/2025:14:51:14 -0400] "GET /ad917/?path=%2Fhome%2F.%2F..%2Fbin%2F..%2F.%2Fshare%2Flocale%2Fzh_CN%2F..%2Fmyn HTTP/1.1" 200 1504 "-" "Mozilla/5.0 AppleWebKit/537.36 (KHTML, like Gecko; compatible; ClaudeBot/1.0; +claudebot@anthropic.com)"
3.141.18.167 - - [21/Apr/2025:14:51:17 -0400] "GET /ad917/?path=%2Fhome%2F.%2F..%2Fbin%2F..%2F.%2Fshare%2Flocale%2Fes_NI%2F..%2Finh HTTP/1.1" 200 1504 "-" "Mozilla/5.0 AppleWebKit/537.36 (KHTML, like Gecko; compatible; ClaudeBot/1.0; +claudebot@anthropic.com)"
3.141.18.167 - - [21/Apr/2025:14:51:20 -0400] "GET /ad917/?path=%2Fhome%2F.%2F..%2Fbin%2F..%2F.%2Fshare%2Flocale%2Fes_ES%2F..%2Fzgh HTTP/1.1" 200 1505 "-" "Mozilla/5.0 AppleWebKit/537.36 (KHTML, like Gecko; compatible; ClaudeBot/1.0; +claudebot@anthropic.com)"
3.141.18.167 - - [21/Apr/2025:14:51:23 -0400] "GET /ad917/?path=%2Fhome%2F.%2F..%2Fbin%2F..%2F.%2Fshare%2Flocale%2Fes_ES%2F..%2Fgrb HTTP/1.1" 200 1504 "-" "Mozilla/5.0 AppleWebKit/537.36 (KHTML, like Gecko; compatible; ClaudeBot/1.0; +claudebot@anthropic.com)"
3.141.18.167 - - [21/Apr/2025:14:51:26 -0400] "GET /ad917/?path=%2Fhome%2F.%2F..%2Fbin%2F..%2F.%2Fshare%2Flocale%2Fml_IN%2F..%2Fnia HTTP/1.1" 200 1504 "-" "Mozilla/5.0 AppleWebKit/537.36 (KHTML, like Gecko; compatible; ClaudeBot/1.0; +claudebot@anthropic.com)"
3.141.18.167 - - [21/Apr/2025:14:51:29 -0400] "GET /ad917/?path=%2Fhome%2F.%2F..%2Fbin%2F..%2F.%2Fshare%2Flocale%2Fes_ES%2F..%2Fmak HTTP/1.1" 200 1504 "-" "Mozilla/5.0 AppleWebKit/537.36 (KHTML, like Gecko; compatible; ClaudeBot/1.0; +claudebot@anthropic.com)"
3.141.18.167 - - [21/Apr/2025:14:51:32 -0400] "GET /ad917/?path=%2Fhome%2F.%2F..%2Fbin%2F..%2F.%2Fshare%2Flocale%2Fml_IN%2F..%2Fkaa HTTP/1.1" 200 1504 "-" "Mozilla/5.0 AppleWebKit/537.36 (KHTML, like Gecko; compatible; ClaudeBot/1.0; +claudebot@anthropic.com)"
3.141.18.167 - - [21/Apr/2025:14:51:35 -0400] "GET /ad917/?path=%2Fhome%2F.%2F..%2Fbin%2F..%2F.%2Fshare%2Flocale%2Fzh_CN%2F..%2Ftum HTTP/1.1" 200 1505 "-" "Mozilla/5.0 AppleWebKit/537.36 (KHTML, like Gecko; compatible; ClaudeBot/1.0; +claudebot@anthropic.com)"
3.141.18.167 - - [21/Apr/2025:14:51:38 -0400] "GET /ad917/?path=%2Fhome%2F.%2F..%2Fbin%2F..%2F.%2Fshare%2Flocale%2Fca_IT%2F..%2Fypk HTTP/1.1" 200 1505 "-" "Mozilla/5.0 AppleWebKit/537.36 (KHTML, like Gecko; compatible; ClaudeBot/1.0; +claudebot@anthropic.com)"
198.54.116.86 - - [21/Apr/2025:14:51:38 -0400] "POST /wp-cron.php?doing_wp_cron=1745261498.4220409393310546875000 HTTP/1.1" 200 0 "-" "WordPress/6.8; https://servethepeopleinc.org"
40.77.167.126 - - [21/Apr/2025:14:51:38 -0400] "GET /goodscode/mouseear2966544.shtml HTTP/1.1" 301 0 "-" "Mozilla/5.0 AppleWebKit/537.36 (KHTML, like Gecko; compatible; bingbot/2.0; +http://www.bing.com/bingbot.htm) Chrome/116.0.1938.76 Safari/537.36"
51.222.253.20 - - [21/Apr/2025:14:51:38 -0400] "GET /entity80127458.shtml HTTP/1.1" 404 16941 "-" "Mozilla/5.0 (compatible; AhrefsBot/7.0; +http://ahrefs.com/robot/)"
3.141.18.167 - - [21/Apr/2025:14:51:41 -0400] "GET /ad917/?path=%2Fhome%2F.%2F..%2Fbin%2F..%2F.%2Fshare%2Flocale%2Fes_CL%2F..%2Farp HTTP/1.1" 200 1504 "-" "Mozilla/5.0 AppleWebKit/537.36 (KHTML, like Gecko; compatible; ClaudeBot/1.0; +claudebot@anthropic.com)"
3.141.18.167 - - [21/Apr/2025:14:51:44 -0400] "GET /ad917/?path=%2Fhome%2F.%2F..%2Fbin%2F..%2F.%2Fshare%2Flocale%2Fes_NI%2F..%2Fmdr HTTP/1.1" 200 1504 "-" "Mozilla/5.0 AppleWebKit/537.36 (KHTML, like Gecko; compatible; ClaudeBot/1.0; +claudebot@anthropic.com)"
40.77.167.126 - - [21/Apr/2025:14:51:45 -0400] "GET /detail/flecker/24589954.shtml HTTP/1.1" 301 0 "-" "Mozilla/5.0 AppleWebKit/537.36 (KHTML, like Gecko; compatible; bingbot/2.0; +http://www.bing.com/bingbot.htm) Chrome/116.0.1938.76 Safari/537.36"
3.141.18.167 - - [21/Apr/2025:14:51:47 -0400] "GET /ad917/?path=%2Fhome%2F.%2F..%2Fbin%2F..%2F.%2Fshare%2Flocale%2Fca_IT%2F..%2Fmwl HTTP/1.1" 200 1505 "-" "Mozilla/5.0 AppleWebKit/537.36 (KHTML, like Gecko; compatible; ClaudeBot/1.0; +claudebot@anthropic.com)"
3.141.18.167 - - [21/Apr/2025:14:51:50 -0400] "GET /ad917/?path=%2Fhome%2F.%2F..%2Fbin%2F..%2F.%2Fshare%2Flocale%2Fes_CL%2F..%2Ftlh HTTP/1.1" 200 1504 "-" "Mozilla/5.0 AppleWebKit/537.36 (KHTML, like Gecko; compatible; ClaudeBot/1.0; +claudebot@anthropic.com)"
66.249.65.169 - - [21/Apr/2025:14:51:52 -0400] "GET /entity/corakan55099574.shtml HTTP/1.1" 404 16941 "-" "Mozilla/5.0 (Linux; Android 6.0.1; Nexus 5X Build/MMB29P) AppleWebKit/537.36 (KHTML, like Gecko) Chrome/135.0.7049.95 Mobile Safari/537.36 (compatible; GoogleOther)"
3.141.18.167 - - [21/Apr/2025:14:51:53 -0400] "GET /ad917/?path=%2Fhome%2F.%2F..%2Fbin%2F..%2F.%2Fshare%2Flocale%2Fml_IN%2F..%2Fpaa HTTP/1.1" 200 1504 "-" "Mozilla/5.0 AppleWebKit/537.36 (KHTML, like Gecko; compatible; ClaudeBot/1.0; +claudebot@anthropic.com)"
3.141.18.167 - - [21/Apr/2025:14:51:56 -0400] "GET /ad917/?path=%2Fhome%2F.%2F..%2Fbin%2F..%2F.%2Fshare%2Flocale%2Fes_ES%2F..%2Fzam HTTP/1.1" 200 1505 "-" "Mozilla/5.0 AppleWebKit/537.36 (KHTML, like Gecko; compatible; ClaudeBot/1.0; +claudebot@anthropic.com)"
40.77.167.54 - - [21/Apr/2025:14:51:56 -0400] "GET /items13188184.shtml HTTP/1.1" 404 16943 "-" "Mozilla/5.0 AppleWebKit/537.36 (KHTML, like Gecko; compatible; bingbot/2.0; +http://www.bing.com/bingbot.htm) Chrome/116.0.1938.76 Safari/537.36"
3.141.18.167 - - [21/Apr/2025:14:51:59 -0400] "GET /ad917/?path=%2Fhome%2F.%2F..%2Fbin%2F..%2F.%2Fshare%2Flocale%2Fml_IN%2F..%2Fkmb HTTP/1.1" 200 1504 "-" "Mozilla/5.0 AppleWebKit/537.36 (KHTML, like Gecko; compatible; ClaudeBot/1.0; +claudebot@anthropic.com)"
3.141.18.167 - - [21/Apr/2025:14:52:02 -0400] "GET /ad917/?path=%2Fhome%2F.%2F..%2Fbin%2F..%2F.%2Fshare%2Flocale%2Fml_IN%2F..%2Fmos HTTP/1.1" 200 1504 "-" "Mozilla/5.0 AppleWebKit/537.36 (KHTML, like Gecko; compatible; ClaudeBot/1.0; +claudebot@anthropic.com)"
3.141.18.167 - - [21/Apr/2025:14:52:05 -0400] "GET /ad917/?path=%2Fhome%2F.%2F..%2Fbin%2F..%2F.%2Fshare%2Flocale%2Fes_NI%2F..%2Fdyu HTTP/1.1" 200 1505 "-" "Mozilla/5.0 AppleWebKit/537.36 (KHTML, like Gecko; compatible; ClaudeBot/1.0; +claudebot@anthropic.com)"
3.141.18.167 - - [21/Apr/2025:14:52:08 -0400] "GET /ad917/?path=%2Fhome%2F.%2F..%2Fbin%2F..%2F.%2Fshare%2Flocale%2Fzh_CN%2F..%2Fkut HTTP/1.1" 200 1505 "-" "Mozilla/5.0 AppleWebKit/537.36 (KHTML, like Gecko; compatible; ClaudeBot/1.0; +claudebot@anthropic.com)"
3.141.18.167 - - [21/Apr/2025:14:52:11 -0400] "GET /ad917/?path=%2Fhome%2F.%2F..%2Fbin%2F..%2F.%2Fshare%2Flocale%2Fml_IN%2F..%2Flus HTTP/1.1" 200 1504 "-" "Mozilla/5.0 AppleWebKit/537.36 (KHTML, like Gecko; compatible; ClaudeBot/1.0; +claudebot@anthropic.com)"
3.141.18.167 - - [21/Apr/2025:14:52:14 -0400] "GET /ad917/?path=%2Fhome%2F.%2F..%2Fbin%2F..%2F.%2Fshare%2Flocale%2Fml_IN%2F..%2Fsam HTTP/1.1" 200 1504 "-" "Mozilla/5.0 AppleWebKit/537.36 (KHTML, like Gecko; compatible; ClaudeBot/1.0; +claudebot@anthropic.com)"
3.141.18.167 - - [21/Apr/2025:14:52:17 -0400] "GET /ad917/?path=%2Fhome%2F.%2F..%2Fbin%2F..%2F.%2Fshare%2Flocale%2Fes_CL%2F..%2Fanp HTTP/1.1" 200 1504 "-" "Mozilla/5.0 AppleWebKit/537.36 (KHTML, like Gecko; compatible; ClaudeBot/1.0; +claudebot@anthropic.com)"
3.141.18.167 - - [21/Apr/2025:14:52:20 -0400] "GET /ad917/?path=%2Fhome%2F.%2F..%2Fbin%2F..%2F.%2Fshare%2Flocale%2Fca_IT%2F..%2Fgsw HTTP/1.1" 200 1505 "-" "Mozilla/5.0 AppleWebKit/537.36 (KHTML, like Gecko; compatible; ClaudeBot/1.0; +claudebot@anthropic.com)"
3.141.18.167 - - [21/Apr/2025:14:52:23 -0400] "GET /ad917/?path=%2Fhome%2F.%2F..%2Fbin%2F..%2F.%2Fshare%2Flocale%2Fml_IN%2F..%2Frar HTTP/1.1" 200 1504 "-" "Mozilla/5.0 AppleWebKit/537.36 (KHTML, like Gecko; compatible; ClaudeBot/1.0; +claudebot@anthropic.com)"
51.8.102.21 - - [21/Apr/2025:14:52:25 -0400] "GET /robots.txt HTTP/1.1" 304 0 "-" "Mozilla/5.0 (Macintosh; Intel Mac OS X 10_15_7) AppleWebKit/537.36 (KHTML, like Gecko) Chrome/131.0.0.0 Safari/537.36; compatible; OAI-SearchBot/1.0; +https://openai.com/searchbot"
3.141.18.167 - - [21/Apr/2025:14:52:26 -0400] "GET /ad917/?path=%2Fhome%2F.%2F..%2Fbin%2F..%2F.%2Fshare%2Flocale%2Fes_NI%2F..%2Fnap HTTP/1.1" 200 1504 "-" "Mozilla/5.0 AppleWebKit/537.36 (KHTML, like Gecko; compatible; ClaudeBot/1.0; +claudebot@anthropic.com)"
3.141.18.167 - - [21/Apr/2025:14:52:29 -0400] "GET /ad917/?path=%2Fhome%2F.%2F..%2Fbin%2F..%2F.%2Fshare%2Flocale%2Fml_IN%2F..%2Fhmn HTTP/1.1" 200 1504 "-" "Mozilla/5.0 AppleWebKit/537.36 (KHTML, like Gecko; compatible; ClaudeBot/1.0; +claudebot@anthropic.com)"
3.141.18.167 - - [21/Apr/2025:14:52:32 -0400] "GET /ad917/?path=%2Fhome%2F.%2F..%2Fbin%2F..%2F.%2Fshare%2Flocale%2Fzh_CN%2F..%2Fluo HTTP/1.1" 200 1505 "-" "Mozilla/5.0 AppleWebKit/537.36 (KHTML, like Gecko; compatible; ClaudeBot/1.0; +claudebot@anthropic.com)"
3.141.18.167 - - [21/Apr/2025:14:52:35 -0400] "GET /ad917/?path=%2Fhome%2F.%2F..%2Fbin%2F..%2F.%2Fshare%2Flocale%2Fzh_CN%2F..%2Fmga HTTP/1.1" 200 1505 "-" "Mozilla/5.0 AppleWebKit/537.36 (KHTML, like Gecko; compatible; ClaudeBot/1.0; +claudebot@anthropic.com)"
3.141.18.167 - - [21/Apr/2025:14:52:38 -0400] "GET /ad917/?path=%2Fhome%2F.%2F..%2Fbin%2F..%2F.%2Fshare%2Flocale%2Fes_CL%2F..%2Ffil HTTP/1.1" 200 1504 "-" "Mozilla/5.0 AppleWebKit/537.36 (KHTML, like Gecko; compatible; ClaudeBot/1.0; +claudebot@anthropic.com)"
3.141.18.167 - - [21/Apr/2025:14:52:41 -0400] "GET /ad917/?path=%2Fhome%2F.%2F..%2Fbin%2F..%2F.%2Fshare%2Flocale%2Fca_IT%2F..%2Fafa HTTP/1.1" 200 1504 "-" "Mozilla/5.0 AppleWebKit/537.36 (KHTML, like Gecko; compatible; ClaudeBot/1.0; +claudebot@anthropic.com)"
3.141.18.167 - - [21/Apr/2025:14:52:44 -0400] "GET /ad917/?path=%2Fhome%2F.%2F..%2Fbin%2F..%2F.%2Fshare%2Flocale%2Fes_CL%2F..%2Fach HTTP/1.1" 200 1504 "-" "Mozilla/5.0 AppleWebKit/537.36 (KHTML, like Gecko; compatible; ClaudeBot/1.0; +claudebot@anthropic.com)"
3.141.18.167 - - [21/Apr/2025:14:52:47 -0400] "GET /ad917/?path=%2Fhome%2F.%2F..%2Fbin%2F..%2F.%2Fshare%2Flocale%2Fca_IT%2F..%2Fibo HTTP/1.1" 200 1504 "-" "Mozilla/5.0 AppleWebKit/537.36 (KHTML, like Gecko; compatible; ClaudeBot/1.0; +claudebot@anthropic.com)"
3.141.18.167 - - [21/Apr/2025:14:52:50 -0400] "GET /ad917/?path=%2Fhome%2F.%2F..%2Fbin%2F..%2F.%2Fshare%2Flocale%2Fes_ES%2F..%2Fchy HTTP/1.1" 200 1504 "-" "Mozilla/5.0 AppleWebKit/537.36 (KHTML, like Gecko; compatible; ClaudeBot/1.0; +claudebot@anthropic.com)"
18.223.134.71 - - [21/Apr/2025:14:52:51 -0400] "GET /ad917/?path=%2Fhome%2F.%2F..%2Fhome2%2F..%2F..%2Fproc%2Fsysvipc%2F.%2Fsem HTTP/1.1" 200 1062 "-" "Mozilla/5.0 AppleWebKit/537.36 (KHTML, like Gecko; compatible; ClaudeBot/1.0; +claudebot@anthropic.com)"
18.223.134.71 - - [21/Apr/2025:14:52:51 -0400] "GET /ad917/?path=%2Fhome%2F.%2F..%2Fhome2%2F..%2F..%2Fproc%2Fdriver%2F..%2Fnet HTTP/1.1" 200 2999 "-" "Mozilla/5.0 AppleWebKit/537.36 (KHTML, like Gecko; compatible; ClaudeBot/1.0; +claudebot@anthropic.com)"
18.223.134.71 - - [21/Apr/2025:14:52:51 -0400] "GET /ad917/?path=%2Fhome%2F.%2F..%2Fhome2%2F..%2F..%2Fproc%2Fsysvipc%2F.%2Fmsg HTTP/1.1" 200 1032 "-" "Mozilla/5.0 AppleWebKit/537.36 (KHTML, like Gecko; compatible; ClaudeBot/1.0; +claudebot@anthropic.com)"
18.223.134.71 - - [21/Apr/2025:14:52:51 -0400] "GET /ad917/?path=%2Fhome%2Fservlmvm%2F..%2F..%2Fusr%2Fshare%2Fenchant%2F..%2Fmc HTTP/1.1" 200 1686 "-" "Mozilla/5.0 AppleWebKit/537.36 (KHTML, like Gecko; compatible; ClaudeBot/1.0; +claudebot@anthropic.com)"
18.223.134.71 - - [21/Apr/2025:14:52:51 -0400] "GET /ad917/?path=%2Fhome%2Fservlmvm%2F.%2Fwww%2Fwp-includes%2F.%2F.%2Fl10n%2F.. HTTP/1.1" 200 9540 "-" "Mozilla/5.0 AppleWebKit/537.36 (KHTML, like Gecko; compatible; ClaudeBot/1.0; +claudebot@anthropic.com)"
18.223.134.71 - - [21/Apr/2025:14:52:52 -0400] "GET /ad917/?path=%2Fhome%2F.%2F..%2Fhome4%2F..%2Fopt%2Falt%2Fpcre802%2Fusr%2F. HTTP/1.1" 200 1551 "-" "Mozilla/5.0 AppleWebKit/537.36 (KHTML, like Gecko; compatible; ClaudeBot/1.0; +claudebot@anthropic.com)"
18.223.134.71 - - [21/Apr/2025:14:52:52 -0400] "GET /ad917/?path=%2Fhome%2F.%2F..%2Fusr%2Flibexec%2F.%2Fmc%2Fextfs.d%2F.%2Fuar HTTP/1.1" 200 1695 "-" "Mozilla/5.0 AppleWebKit/537.36 (KHTML, like Gecko; compatible; ClaudeBot/1.0; +claudebot@anthropic.com)"
18.223.134.71 - - [21/Apr/2025:14:52:52 -0400] "GET /ad917/?path=%2Fhome%2F.%2F..%2Fhome4%2F..%2Fopt%2Falt%2Fruby33%2F..%2Faom HTTP/1.1" 200 1495 "-" "Mozilla/5.0 AppleWebKit/537.36 (KHTML, like Gecko; compatible; ClaudeBot/1.0; +claudebot@anthropic.com)"
18.223.134.71 - - [21/Apr/2025:14:52:52 -0400] "GET /ad917/?path=%2Fhome%2F.%2F..%2Fhome4%2F..%2Fopt%2Falt%2Fruby20%2Fetc%2F.. HTTP/1.1" 403 1242 "-" "Mozilla/5.0 AppleWebKit/537.36 (KHTML, like Gecko; compatible; ClaudeBot/1.0; +claudebot@anthropic.com)"
18.223.134.71 - - [21/Apr/2025:14:52:52 -0400] "GET /ad917/?path=%2Fhome%2F.%2F..%2Fhome4%2F..%2Fopt%2Falt%2Fpython312%2F.%2F. HTTP/1.1" 200 1586 "-" "Mozilla/5.0 AppleWebKit/537.36 (KHTML, like Gecko; compatible; ClaudeBot/1.0; +claudebot@anthropic.com)"
18.223.134.71 - - [21/Apr/2025:14:52:52 -0400] "GET /ad917/?path=%2Fhome%2F.%2F..%2Fhome4%2F..%2Fopt%2Falt%2Flibssh211%2F.%2F. HTTP/1.1" 200 1472 "-" "Mozilla/5.0 AppleWebKit/537.36 (KHTML, like Gecko; compatible; ClaudeBot/1.0; +claudebot@anthropic.com)"
18.223.134.71 - - [21/Apr/2025:14:52:53 -0400] "GET /ad917/?path=%2Fhome%2Fservlmvm%2Fpublic_html%2F.%2F..%2Ftmp%2F.%2Fawstats HTTP/1.1" 200 2544 "-" "Mozilla/5.0 AppleWebKit/537.36 (KHTML, like Gecko; compatible; ClaudeBot/1.0; +claudebot@anthropic.com)"
3.141.18.167 - - [21/Apr/2025:14:52:53 -0400] "GET /ad917/?path=%2Fhome%2F.%2F..%2Fbin%2F..%2F.%2Fshare%2Flocale%2Fca_IT%2F..%2Fsai HTTP/1.1" 200 1504 "-" "Mozilla/5.0 AppleWebKit/537.36 (KHTML, like Gecko; compatible; ClaudeBot/1.0; +claudebot@anthropic.com)"
198.54.116.86 - - [21/Apr/2025:14:52:58 -0400] "POST /wp-cron.php?doing_wp_cron=1745261578.6293070316314697265625 HTTP/1.1" 200 0 "-" "WordPress/6.8; https://servethepeopleinc.org"
40.77.167.123 - - [21/Apr/2025:14:52:58 -0400] "GET /detail/mw/tarsipes6690810.shtml HTTP/1.1" 404 16951 "-" "Mozilla/5.0 AppleWebKit/537.36 (KHTML, like Gecko; compatible; bingbot/2.0; +http://www.bing.com/bingbot.htm) Chrome/116.0.1938.76 Safari/537.36"
198.54.116.86 - - [21/Apr/2025:14:52:58 -0400] "POST /wp-admin/admin-ajax.php?action=async_litespeed&nonce=HDZThssEdNYFCcqKaNnX5XJgRadujGc7&litespeed_type=imgoptm HTTP/1.1" 200 21 "-" "WordPress/6.8; https://servethepeopleinc.org"
40.77.167.126 - - [21/Apr/2025:14:53:00 -0400] "GET /detail/reaming/50454626.shtml HTTP/1.1" 301 0 "-" "Mozilla/5.0 AppleWebKit/537.36 (KHTML, like Gecko; compatible; bingbot/2.0; +http://www.bing.com/bingbot.htm) Chrome/116.0.1938.76 Safari/537.36"
198.54.116.86 - - [21/Apr/2025:14:53:09 -0400] "POST /wp-cron.php?doing_wp_cron=1745261589.5682330131530761718750 HTTP/1.1" 200 0 "-" "WordPress/6.8; https://servethepeopleinc.org"
40.77.167.126 - - [21/Apr/2025:14:53:09 -0400] "GET /special60700164.shtml HTTP/1.1" 301 0 "-" "Mozilla/5.0 AppleWebKit/537.36 (KHTML, like Gecko; compatible; bingbot/2.0; +http://www.bing.com/bingbot.htm) Chrome/116.0.1938.76 Safari/537.36"
198.54.116.86 - - [21/Apr/2025:14:53:09 -0400] "POST /wp-admin/admin-ajax.php?action=async_litespeed&nonce=FnYAhJKL1vd0aU5BFW6YQ93ZdS2sEZYO&litespeed_type=imgoptm HTTP/1.1" 200 21 "-" "WordPress/6.8; https://servethepeopleinc.org"
198.54.116.86 - - [21/Apr/2025:14:53:20 -0400] "POST /wp-cron.php?doing_wp_cron=1745261600.2407579421997070312500 HTTP/1.1" 200 0 "-" "WordPress/6.8; https://servethepeopleinc.org"
40.77.167.126 - - [21/Apr/2025:14:53:20 -0400] "GET /detail/46267936.shtml HTTP/1.1" 301 0 "-" "Mozilla/5.0 AppleWebKit/537.36 (KHTML, like Gecko; compatible; bingbot/2.0; +http://www.bing.com/bingbot.htm) Chrome/116.0.1938.76 Safari/537.36"
40.77.167.123 - - [21/Apr/2025:14:53:21 -0400] "GET /detail/q/bemist6952978.shtml HTTP/1.1" 404 16953 "-" "Mozilla/5.0 AppleWebKit/537.36 (KHTML, like Gecko; compatible; bingbot/2.0; +http://www.bing.com/bingbot.htm) Chrome/116.0.1938.76 Safari/537.36"
40.77.167.54 - - [21/Apr/2025:14:53:26 -0400] "GET /items8352872.shtml HTTP/1.1" 404 16941 "-" "Mozilla/5.0 AppleWebKit/537.36 (KHTML, like Gecko; compatible; bingbot/2.0; +http://www.bing.com/bingbot.htm) Chrome/116.0.1938.76 Safari/537.36"
52.167.144.171 - - [21/Apr/2025:14:53:35 -0400] "GET /products/engaging6252666.shtml HTTP/1.1" 404 16942 "-" "Mozilla/5.0 AppleWebKit/537.36 (KHTML, like Gecko; compatible; bingbot/2.0; +http://www.bing.com/bingbot.htm) Chrome/116.0.1938.76 Safari/537.36"
40.77.167.126 - - [21/Apr/2025:14:53:43 -0400] "GET /entity/k/stockbroker22056242.shtml HTTP/1.1" 301 0 "-" "Mozilla/5.0 AppleWebKit/537.36 (KHTML, like Gecko; compatible; bingbot/2.0; +http://www.bing.com/bingbot.htm) Chrome/116.0.1938.76 Safari/537.36"
18.222.50.48 - - [21/Apr/2025:14:53:43 -0400] "GET /ad917/?path=%2Fhome%2F.%2F..%2Fbin%2F..%2F.%2Fshare%2Flocale%2Fes_CL%2F..%2Fpl_PL HTTP/1.1" 200 1502 "-" "Mozilla/5.0 AppleWebKit/537.36 (KHTML, like Gecko; compatible; ClaudeBot/1.0; +claudebot@anthropic.com)"
52.167.144.171 - - [21/Apr/2025:14:53:43 -0400] "GET /info/trional98543336.shtml HTTP/1.1" 404 16943 "-" "Mozilla/5.0 AppleWebKit/537.36 (KHTML, like Gecko; compatible; bingbot/2.0; +http://www.bing.com/bingbot.htm) Chrome/116.0.1938.76 Safari/537.36"
18.222.50.48 - - [21/Apr/2025:14:53:46 -0400] "GET /ad917/?path=%2Fhome%2F.%2F..%2Fbin%2F..%2F.%2Fshare%2Flocale%2Fca_IT%2F..%2Faz_IR HTTP/1.1" 200 1503 "-" "Mozilla/5.0 AppleWebKit/537.36 (KHTML, like Gecko; compatible; ClaudeBot/1.0; +claudebot@anthropic.com)"
18.222.50.48 - - [21/Apr/2025:14:53:49 -0400] "GET /ad917/?path=%2Fhome%2F.%2F..%2Fbin%2F..%2F.%2Fshare%2Flocale%2Fml_IN%2F..%2Fes_EC HTTP/1.1" 200 1502 "-" "Mozilla/5.0 AppleWebKit/537.36 (KHTML, like Gecko; compatible; ClaudeBot/1.0; +claudebot@anthropic.com)"
18.222.50.48 - - [21/Apr/2025:14:53:52 -0400] "GET /ad917/?path=%2Fhome%2F.%2F..%2Fbin%2F..%2F.%2Fshare%2Flocale%2Fca_IT%2F..%2Fen_CA HTTP/1.1" 200 1502 "-" "Mozilla/5.0 AppleWebKit/537.36 (KHTML, like Gecko; compatible; ClaudeBot/1.0; +claudebot@anthropic.com)"
18.222.50.48 - - [21/Apr/2025:14:53:55 -0400] "GET /ad917/?path=%2Fhome%2F.%2F..%2Fbin%2F..%2F.%2Fshare%2Flocale%2Fzh_CN%2F..%2Fid_ID HTTP/1.1" 200 1503 "-" "Mozilla/5.0 AppleWebKit/537.36 (KHTML, like Gecko; compatible; ClaudeBot/1.0; +claudebot@anthropic.com)"
18.222.50.48 - - [21/Apr/2025:14:53:58 -0400] "GET /ad917/?path=%2Fhome%2F.%2F..%2Fbin%2F..%2F.%2Fshare%2Flocale%2Fes_ES%2F..%2Fbn_IN HTTP/1.1" 200 1502 "-" "Mozilla/5.0 AppleWebKit/537.36 (KHTML, like Gecko; compatible; ClaudeBot/1.0; +claudebot@anthropic.com)"
18.222.50.48 - - [21/Apr/2025:14:54:01 -0400] "GET /ad917/?path=%2Fhome%2F.%2F..%2Fbin%2F..%2F.%2Fshare%2Flocale%2Fzh_CN%2F..%2Fes_HN HTTP/1.1" 200 1502 "-" "Mozilla/5.0 AppleWebKit/537.36 (KHTML, like Gecko; compatible; ClaudeBot/1.0; +claudebot@anthropic.com)"
18.222.50.48 - - [21/Apr/2025:14:54:04 -0400] "GET /ad917/?path=%2Fhome%2F.%2F..%2Fbin%2F..%2F.%2Fshare%2Flocale%2Fes_ES%2F..%2Fsv_SE HTTP/1.1" 200 1502 "-" "Mozilla/5.0 AppleWebKit/537.36 (KHTML, like Gecko; compatible; ClaudeBot/1.0; +claudebot@anthropic.com)"
18.222.50.48 - - [21/Apr/2025:14:54:07 -0400] "GET /ad917/?path=%2Fhome%2F.%2F..%2Fbin%2F..%2F.%2Fshare%2Flocale%2Fes_ES%2F..%2Fca_IT HTTP/1.1" 200 1502 "-" "Mozilla/5.0 AppleWebKit/537.36 (KHTML, like Gecko; compatible; ClaudeBot/1.0; +claudebot@anthropic.com)"
18.222.50.48 - - [21/Apr/2025:14:54:10 -0400] "GET /ad917/?path=%2Fhome%2F.%2F..%2Fbin%2F..%2F.%2Fshare%2Flocale%2Fes_NI%2F..%2Fes_US HTTP/1.1" 200 1503 "-" "Mozilla/5.0 AppleWebKit/537.36 (KHTML, like Gecko; compatible; ClaudeBot/1.0; +claudebot@anthropic.com)"
18.222.50.48 - - [21/Apr/2025:14:54:13 -0400] "GET /ad917/?path=%2Fhome%2F.%2F..%2Fbin%2F..%2F.%2Fshare%2Flocale%2Fzh_CN%2F..%2Fru_RU HTTP/1.1" 200 1503 "-" "Mozilla/5.0 AppleWebKit/537.36 (KHTML, like Gecko; compatible; ClaudeBot/1.0; +claudebot@anthropic.com)"
18.222.50.48 - - [21/Apr/2025:14:54:16 -0400] "GET /ad917/?path=%2Fhome%2F.%2F..%2Fbin%2F..%2F.%2Fshare%2Flocale%2Fes_NI%2F..%2Fku_IQ HTTP/1.1" 200 1502 "-" "Mozilla/5.0 AppleWebKit/537.36 (KHTML, like Gecko; compatible; ClaudeBot/1.0; +claudebot@anthropic.com)"
18.222.50.48 - - [21/Apr/2025:14:54:19 -0400] "GET /ad917/?path=%2Fhome%2F.%2F..%2Fbin%2F..%2F.%2Fshare%2Flocale%2Fml_IN%2F..%2Ffa_AF HTTP/1.1" 200 1503 "-" "Mozilla/5.0 AppleWebKit/537.36 (KHTML, like Gecko; compatible; ClaudeBot/1.0; +claudebot@anthropic.com)"
18.222.50.48 - - [21/Apr/2025:14:54:22 -0400] "GET /ad917/?path=%2Fhome%2F.%2F..%2Fbin%2F..%2F.%2Fshare%2Flocale%2Fes_NI%2F..%2Fsr_ME HTTP/1.1" 200 1502 "-" "Mozilla/5.0 AppleWebKit/537.36 (KHTML, like Gecko; compatible; ClaudeBot/1.0; +claudebot@anthropic.com)"
18.222.50.48 - - [21/Apr/2025:14:54:25 -0400] "GET /ad917/?path=%2Fhome%2F.%2F..%2Fbin%2F..%2F.%2Fshare%2Flocale%2Fzh_CN%2F..%2Fde_CH HTTP/1.1" 200 1502 "-" "Mozilla/5.0 AppleWebKit/537.36 (KHTML, like Gecko; compatible; ClaudeBot/1.0; +claudebot@anthropic.com)"
18.222.50.48 - - [21/Apr/2025:14:54:28 -0400] "GET /ad917/?path=%2Fhome%2F.%2F..%2Fbin%2F..%2F.%2Fshare%2Flocale%2Fes_ES%2F..%2Faz_AZ HTTP/1.1" 200 1504 "-" "Mozilla/5.0 AppleWebKit/537.36 (KHTML, like Gecko; compatible; ClaudeBot/1.0; +claudebot@anthropic.com)"
198.54.116.86 - - [21/Apr/2025:14:54:31 -0400] "POST /wp-cron.php?doing_wp_cron=1745261670.9989390373229980468750 HTTP/1.1" 200 0 "-" "WordPress/6.8; https://servethepeopleinc.org"
66.249.65.170 - - [21/Apr/2025:14:54:30 -0400] "GET /entity/r/orbitellae/53366292.shtml HTTP/1.1" 404 16950 "-" "Mozilla/5.0 (Linux; Android 6.0.1; Nexus 5X Build/MMB29P) AppleWebKit/537.36 (KHTML, like Gecko) Chrome/135.0.7049.95 Mobile Safari/537.36 (compatible; GoogleOther)"
198.54.116.86 - - [21/Apr/2025:14:54:31 -0400] "POST /wp-admin/admin-ajax.php?action=async_litespeed&nonce=2dnhSQWYUfIptv2EXbyLXXVriB6fjqcB&litespeed_type=imgoptm HTTP/1.1" 200 21 "-" "WordPress/6.8; https://servethepeopleinc.org"
18.222.50.48 - - [21/Apr/2025:14:54:31 -0400] "GET /ad917/?path=%2Fhome%2F.%2F..%2Fbin%2F..%2F.%2Fshare%2Flocale%2Fes_NI%2F..%2Fda_DK HTTP/1.1" 200 1502 "-" "Mozilla/5.0 AppleWebKit/537.36 (KHTML, like Gecko; compatible; ClaudeBot/1.0; +claudebot@anthropic.com)"
18.222.50.48 - - [21/Apr/2025:14:54:34 -0400] "GET /ad917/?path=%2Fhome%2F.%2F..%2Fbin%2F..%2F.%2Fshare%2Flocale%2Fca_IT%2F..%2Fpl_PL HTTP/1.1" 200 1502 "-" "Mozilla/5.0 AppleWebKit/537.36 (KHTML, like Gecko; compatible; ClaudeBot/1.0; +claudebot@anthropic.com)"
40.77.167.58 - - [21/Apr/2025:14:54:36 -0400] "GET /goodscode12868884.shtml HTTP/1.1" 301 0 "-" "Mozilla/5.0 AppleWebKit/537.36 (KHTML, like Gecko; compatible; bingbot/2.0; +http://www.bing.com/bingbot.htm) Chrome/116.0.1938.76 Safari/537.36"
18.222.50.48 - - [21/Apr/2025:14:54:37 -0400] "GET /ad917/?path=%2Fhome%2F.%2F..%2Fbin%2F..%2F.%2Fshare%2Flocale%2Fes_NI%2F..%2Fit_IT HTTP/1.1" 200 1502 "-" "Mozilla/5.0 AppleWebKit/537.36 (KHTML, like Gecko; compatible; ClaudeBot/1.0; +claudebot@anthropic.com)"
18.222.50.48 - - [21/Apr/2025:14:55:01 -0400] "GET /ad917/?path=%2Fhome%2F.%2F..%2Fbin%2F..%2F.%2Fshare%2Flocale%2Fml_IN%2F..%2Fes_HN HTTP/1.1" 200 1502 "-" "Mozilla/5.0 AppleWebKit/537.36 (KHTML, like Gecko; compatible; ClaudeBot/1.0; +claudebot@anthropic.com)"
18.222.50.48 - - [21/Apr/2025:14:55:04 -0400] "GET /ad917/?path=%2Fhome%2F.%2F..%2Fbin%2F..%2F.%2Fshare%2Flocale%2Fca_IT%2F..%2Fen_GB HTTP/1.1" 200 1502 "-" "Mozilla/5.0 AppleWebKit/537.36 (KHTML, like Gecko; compatible; ClaudeBot/1.0; +claudebot@anthropic.com)"
18.222.50.48 - - [21/Apr/2025:14:55:07 -0400] "GET /ad917/?path=%2Fhome%2F.%2F..%2Fbin%2F..%2F.%2Fshare%2Flocale%2Fca_IT%2F..%2Fkw_GB HTTP/1.1" 200 1502 "-" "Mozilla/5.0 AppleWebKit/537.36 (KHTML, like Gecko; compatible; ClaudeBot/1.0; +claudebot@anthropic.com)"
18.222.50.48 - - [21/Apr/2025:14:55:10 -0400] "GET /ad917/?path=%2Fhome%2F.%2F..%2Fbin%2F..%2F.%2Fshare%2Flocale%2Fzh_CN%2F..%2Fes_UY HTTP/1.1" 200 1506 "-" "Mozilla/5.0 AppleWebKit/537.36 (KHTML, like Gecko; compatible; ClaudeBot/1.0; +claudebot@anthropic.com)"
18.222.50.48 - - [21/Apr/2025:14:55:13 -0400] "GET /ad917/?path=%2Fhome%2F.%2F..%2Fbin%2F..%2F.%2Fshare%2Flocale%2Fca_IT%2F..%2Fen_ZA HTTP/1.1" 200 1504 "-" "Mozilla/5.0 AppleWebKit/537.36 (KHTML, like Gecko; compatible; ClaudeBot/1.0; +claudebot@anthropic.com)"
198.54.116.86 - - [21/Apr/2025:14:55:14 -0400] "POST /wp-cron.php?doing_wp_cron=1745261714.5239930152893066406250 HTTP/1.1" 200 0 "-" "WordPress/6.8; https://servethepeopleinc.org"
52.167.144.174 - - [21/Apr/2025:14:55:14 -0400] "GET /info/p/totting116729572.shtml HTTP/1.1" 404 16951 "-" "Mozilla/5.0 AppleWebKit/537.36 (KHTML, like Gecko; compatible; bingbot/2.0; +http://www.bing.com/bingbot.htm) Chrome/116.0.1938.76 Safari/537.36"
198.54.116.86 - - [21/Apr/2025:14:55:14 -0400] "POST /wp-admin/admin-ajax.php?action=async_litespeed&nonce=fMtXGjppX8OieZHFFp6wJuNiMoG0cUuA&litespeed_type=imgoptm HTTP/1.1" 200 21 "-" "WordPress/6.8; https://servethepeopleinc.org"
40.77.167.126 - - [21/Apr/2025:14:55:15 -0400] "GET /items/cuminic/46864922.shtml HTTP/1.1" 301 0 "-" "Mozilla/5.0 AppleWebKit/537.36 (KHTML, like Gecko; compatible; bingbot/2.0; +http://www.bing.com/bingbot.htm) Chrome/116.0.1938.76 Safari/537.36"
18.222.50.48 - - [21/Apr/2025:14:55:16 -0400] "GET /ad917/?path=%2Fhome%2F.%2F..%2Fbin%2F..%2F.%2Fshare%2Flocale%2Fzh_CN%2F..%2Fes_CO HTTP/1.1" 200 1502 "-" "Mozilla/5.0 AppleWebKit/537.36 (KHTML, like Gecko; compatible; ClaudeBot/1.0; +claudebot@anthropic.com)"
18.222.50.48 - - [21/Apr/2025:14:55:19 -0400] "GET /ad917/?path=%2Fhome%2F.%2F..%2Fbin%2F..%2F.%2Fshare%2Flocale%2Fes_CL%2F..%2Fja_JP HTTP/1.1" 200 1502 "-" "Mozilla/5.0 AppleWebKit/537.36 (KHTML, like Gecko; compatible; ClaudeBot/1.0; +claudebot@anthropic.com)"
198.54.116.86 - - [21/Apr/2025:14:55:20 -0400] "POST /wp-cron.php?doing_wp_cron=1745261720.3468139171600341796875 HTTP/1.1" 200 0 "-" "WordPress/6.8; https://servethepeopleinc.org"
40.77.167.58 - - [21/Apr/2025:14:55:20 -0400] "GET /product/epistolet47154976.shtml HTTP/1.1" 301 0 "-" "Mozilla/5.0 AppleWebKit/537.36 (KHTML, like Gecko; compatible; bingbot/2.0; +http://www.bing.com/bingbot.htm) Chrome/116.0.1938.76 Safari/537.36"
18.222.50.48 - - [21/Apr/2025:14:55:22 -0400] "GET /ad917/?path=%2Fhome%2F.%2F..%2Fbin%2F..%2F.%2Fshare%2Flocale%2Fes_ES%2F..%2Fes_EC HTTP/1.1" 200 1500 "-" "Mozilla/5.0 AppleWebKit/537.36 (KHTML, like Gecko; compatible; ClaudeBot/1.0; +claudebot@anthropic.com)"
18.222.50.48 - - [21/Apr/2025:14:55:25 -0400] "GET /ad917/?path=%2Fhome%2F.%2F..%2Fbin%2F..%2F.%2Fshare%2Flocale%2Fca_IT%2F..%2Fzh_HK HTTP/1.1" 200 1503 "-" "Mozilla/5.0 AppleWebKit/537.36 (KHTML, like Gecko; compatible; ClaudeBot/1.0; +claudebot@anthropic.com)"
40.77.167.58 - - [21/Apr/2025:14:55:26 -0400] "GET /item/zas/intestine/88553132.shtml HTTP/1.1" 301 0 "-" "Mozilla/5.0 AppleWebKit/537.36 (KHTML, like Gecko; compatible; bingbot/2.0; +http://www.bing.com/bingbot.htm) Chrome/116.0.1938.76 Safari/537.36"
18.222.50.48 - - [21/Apr/2025:14:55:28 -0400] "GET /ad917/?path=%2Fhome%2F.%2F..%2Fbin%2F..%2F.%2Fshare%2Flocale%2Fzh_CN%2F..%2Ffa_IR HTTP/1.1" 200 1503 "-" "Mozilla/5.0 AppleWebKit/537.36 (KHTML, like Gecko; compatible; ClaudeBot/1.0; +claudebot@anthropic.com)"
18.222.50.48 - - [21/Apr/2025:14:55:31 -0400] "GET /ad917/?path=%2Fhome%2F.%2F..%2Fbin%2F..%2F.%2Fshare%2Flocale%2Fes_NI%2F..%2Ftt_RU HTTP/1.1" 200 1502 "-" "Mozilla/5.0 AppleWebKit/537.36 (KHTML, like Gecko; compatible; ClaudeBot/1.0; +claudebot@anthropic.com)"
18.222.50.48 - - [21/Apr/2025:14:55:34 -0400] "GET /ad917/?path=%2Fhome%2F.%2F..%2Fbin%2F..%2F.%2Fshare%2Flocale%2Fml_IN%2F..%2Fvi_VN HTTP/1.1" 200 1503 "-" "Mozilla/5.0 AppleWebKit/537.36 (KHTML, like Gecko; compatible; ClaudeBot/1.0; +claudebot@anthropic.com)"
18.222.50.48 - - [21/Apr/2025:14:55:37 -0400] "GET /ad917/?path=%2Fhome%2F.%2F..%2Fbin%2F..%2F.%2Fshare%2Flocale%2Fes_CL%2F..%2Fmy_MM HTTP/1.1" 200 1502 "-" "Mozilla/5.0 AppleWebKit/537.36 (KHTML, like Gecko; compatible; ClaudeBot/1.0; +claudebot@anthropic.com)"
18.222.50.48 - - [21/Apr/2025:14:55:40 -0400] "GET /ad917/?path=%2Fhome%2F.%2F..%2Fbin%2F..%2F.%2Fshare%2Flocale%2Fes_ES%2F..%2Fhr_HR HTTP/1.1" 200 1502 "-" "Mozilla/5.0 AppleWebKit/537.36 (KHTML, like Gecko; compatible; ClaudeBot/1.0; +claudebot@anthropic.com)"
40.77.167.126 - - [21/Apr/2025:14:55:41 -0400] "GET /item/scumble24566488.shtml HTTP/1.1" 301 0 "-" "Mozilla/5.0 AppleWebKit/537.36 (KHTML, like Gecko; compatible; bingbot/2.0; +http://www.bing.com/bingbot.htm) Chrome/116.0.1938.76 Safari/537.36"
52.167.144.174 - - [21/Apr/2025:14:55:45 -0400] "GET /detail/songster/101847018.shtml HTTP/1.1" 404 16952 "-" "Mozilla/5.0 AppleWebKit/537.36 (KHTML, like Gecko; compatible; bingbot/2.0; +http://www.bing.com/bingbot.htm) Chrome/116.0.1938.76 Safari/537.36"
40.77.167.126 - - [21/Apr/2025:14:55:49 -0400] "GET /item2681280.shtml HTTP/1.1" 301 0 "-" "Mozilla/5.0 AppleWebKit/537.36 (KHTML, like Gecko; compatible; bingbot/2.0; +http://www.bing.com/bingbot.htm) Chrome/116.0.1938.76 Safari/537.36"
40.77.167.126 - - [21/Apr/2025:14:55:54 -0400] "GET /items/wa/erythematosus2693418.shtml HTTP/1.1" 301 0 "-" "Mozilla/5.0 AppleWebKit/537.36 (KHTML, like Gecko; compatible; bingbot/2.0; +http://www.bing.com/bingbot.htm) Chrome/116.0.1938.76 Safari/537.36"
52.167.144.171 - - [21/Apr/2025:14:56:04 -0400] "GET /info70290254.shtml HTTP/1.1" 404 16941 "-" "Mozilla/5.0 AppleWebKit/537.36 (KHTML, like Gecko; compatible; bingbot/2.0; +http://www.bing.com/bingbot.htm) Chrome/116.0.1938.76 Safari/537.36"
3.17.156.98 - - [21/Apr/2025:14:56:29 -0400] "GET /ad917/?path=%2Fhome%2F.%2F.%2F..%2Frun%2F..%2Flib64%2Fgstreamer-1.0%2F..%2Fsecurity%2F..%2Flibavahi-common.so.3.5.3 HTTP/1.1" 200 1002 "-" "Mozilla/5.0 AppleWebKit/537.36 (KHTML, like Gecko; compatible; ClaudeBot/1.0; +claudebot@anthropic.com)"
3.17.156.98 - - [21/Apr/2025:14:56:32 -0400] "GET /ad917/?path=%2Fhome%2F.%2F.%2F..%2Frun%2F..%2Flib64%2Fgstreamer-1.0%2F..%2Fsecurity%2F..%2Flibxcb-xselinux.so.0.0.0 HTTP/1.1" 200 1003 "-" "Mozilla/5.0 AppleWebKit/537.36 (KHTML, like Gecko; compatible; ClaudeBot/1.0; +claudebot@anthropic.com)"
3.17.156.98 - - [21/Apr/2025:14:56:35 -0400] "GET /ad917/?path=%2Fhome%2F.%2F.%2F..%2Fbin%2F..%2Flib64%2Fopen-vm-tools%2F..%2Fplymouth%2F..%2Flibguilereadline-v-18.so HTTP/1.1" 200 1006 "-" "Mozilla/5.0 AppleWebKit/537.36 (KHTML, like Gecko; compatible; ClaudeBot/1.0; +claudebot@anthropic.com)"
198.54.116.86 - - [21/Apr/2025:14:56:36 -0400] "POST /wp-cron.php?doing_wp_cron=1745261796.1273019313812255859375 HTTP/1.1" 200 0 "-" "WordPress/6.8; https://servethepeopleinc.org"
40.77.167.58 - - [21/Apr/2025:14:56:35 -0400] "GET /shopping/swirling8224420.shtml HTTP/1.1" 301 0 "-" "Mozilla/5.0 AppleWebKit/537.36 (KHTML, like Gecko; compatible; bingbot/2.0; +http://www.bing.com/bingbot.htm) Chrome/116.0.1938.76 Safari/537.36"
18.222.50.48 - - [21/Apr/2025:14:54:40 -0400] "GET /ad917/?path=%2Fhome%2F.%2F..%2Fbin%2F..%2F.%2Fshare%2Flocale%2Fml_IN%2F..%2Fel_GR HTTP/1.1" 200 1502 "-" "Mozilla/5.0 AppleWebKit/537.36 (KHTML, like Gecko; compatible; ClaudeBot/1.0; +claudebot@anthropic.com)"
18.222.50.48 - - [21/Apr/2025:14:54:43 -0400] "GET /ad917/?path=%2Fhome%2F.%2F..%2Fbin%2F..%2F.%2Fshare%2Flocale%2Fes_NI%2F..%2Fen_GB HTTP/1.1" 200 1502 "-" "Mozilla/5.0 AppleWebKit/537.36 (KHTML, like Gecko; compatible; ClaudeBot/1.0; +claudebot@anthropic.com)"
18.222.50.48 - - [21/Apr/2025:14:54:46 -0400] "GET /ad917/?path=%2Fhome%2F.%2F..%2Fbin%2F..%2F.%2Fshare%2Flocale%2Fml_IN%2F..%2Fes_ES HTTP/1.1" 200 1502 "-" "Mozilla/5.0 AppleWebKit/537.36 (KHTML, like Gecko; compatible; ClaudeBot/1.0; +claudebot@anthropic.com)"
40.77.167.123 - - [21/Apr/2025:14:54:49 -0400] "GET /entity/myophan91467394.shtml HTTP/1.1" 404 16943 "-" "Mozilla/5.0 AppleWebKit/537.36 (KHTML, like Gecko; compatible; bingbot/2.0; +http://www.bing.com/bingbot.htm) Chrome/116.0.1938.76 Safari/537.36"
18.222.50.48 - - [21/Apr/2025:14:54:49 -0400] "GET /ad917/?path=%2Fhome%2F.%2F..%2Fbin%2F..%2F.%2Fshare%2Flocale%2Fml_IN%2F..%2Fde_CH HTTP/1.1" 200 1502 "-" "Mozilla/5.0 AppleWebKit/537.36 (KHTML, like Gecko; compatible; ClaudeBot/1.0; +claudebot@anthropic.com)"
18.222.50.48 - - [21/Apr/2025:14:54:52 -0400] "GET /ad917/?path=%2Fhome%2F.%2F..%2Fbin%2F..%2F.%2Fshare%2Flocale%2Fca_IT%2F..%2Fms_MY HTTP/1.1" 200 1504 "-" "Mozilla/5.0 AppleWebKit/537.36 (KHTML, like Gecko; compatible; ClaudeBot/1.0; +claudebot@anthropic.com)"
18.222.50.48 - - [21/Apr/2025:14:54:55 -0400] "GET /ad917/?path=%2Fhome%2F.%2F..%2Fbin%2F..%2F.%2Fshare%2Flocale%2Fzh_CN%2F..%2Fro_RO HTTP/1.1" 200 1503 "-" "Mozilla/5.0 AppleWebKit/537.36 (KHTML, like Gecko; compatible; ClaudeBot/1.0; +claudebot@anthropic.com)"
