18.222.50.48 - - [21/Apr/2025:14:54:58 -0400] "GET /ad917/?path=%2Fhome%2F.%2F..%2Fbin%2F..%2F.%2Fshare%2Flocale%2Fzh_CN%2F..%2Fca_IT HTTP/1.1" 200 1503 "-" "Mozilla/5.0 AppleWebKit/537.36 (KHTML, like Gecko; compatible; ClaudeBot/1.0; +claudebot@anthropic.com)"
198.54.116.86 - - [21/Apr/2025:14:56:36 -0400] "POST /wp-admin/admin-ajax.php?action=async_litespeed&nonce=FQqY1Xiin6JOzxIhCWmOZnuRHju9XEG4&litespeed_type=imgoptm HTTP/1.1" 200 21 "-" "WordPress/6.8; https://servethepeopleinc.org"
3.17.156.98 - - [21/Apr/2025:14:56:38 -0400] "GET /ad917/?path=%2Fhome%2F.%2F.%2F..%2Frun%2F..%2Flib64%2Fgstreamer-1.0%2F..%2Fsecurity%2F..%2FlibOpenIPMIglib.so.0.0.1 HTTP/1.1" 200 1005 "-" "Mozilla/5.0 AppleWebKit/537.36 (KHTML, like Gecko; compatible; ClaudeBot/1.0; +claudebot@anthropic.com)"
3.17.156.98 - - [21/Apr/2025:14:56:41 -0400] "GET /ad917/?path=%2Fhome%2F.%2F.%2F..%2Frun%2F..%2Flib64%2Fgstreamer-1.0%2F..%2Fsecurity%2F..%2FlibQt5Multimedia.so.5.15 HTTP/1.1" 200 1003 "-" "Mozilla/5.0 AppleWebKit/537.36 (KHTML, like Gecko; compatible; ClaudeBot/1.0; +claudebot@anthropic.com)"
3.17.156.98 - - [21/Apr/2025:14:56:44 -0400] "GET /ad917/?path=%2Fhome%2F.%2F.%2F..%2Frun%2F..%2Flib64%2Fgstreamer-1.0%2F..%2Fsecurity%2F..%2Flibwayland-egl.so.1.21.0 HTTP/1.1" 200 999 "-" "Mozilla/5.0 AppleWebKit/537.36 (KHTML, like Gecko; compatible; ClaudeBot/1.0; +claudebot@anthropic.com)"
3.17.156.98 - - [21/Apr/2025:14:56:47 -0400] "GET /ad917/?path=%2Fhome%2F.%2F.%2F..%2Fbin%2F..%2Flib64%2Fopen-vm-tools%2F..%2Fplymouth%2F..%2FlibMagickCore-6.Q16.so.7 HTTP/1.1" 200 1009 "-" "Mozilla/5.0 AppleWebKit/537.36 (KHTML, like Gecko; compatible; ClaudeBot/1.0; +claudebot@anthropic.com)"
3.17.156.98 - - [21/Apr/2025:14:56:50 -0400] "GET /ad917/?path=%2Fhome%2F.%2F.%2F..%2Fbin%2F..%2Flib64%2Fopen-vm-tools%2F..%2Fplymouth%2F..%2Flibodbcdrvcfg1S.so.2.0.0 HTTP/1.1" 200 1008 "-" "Mozilla/5.0 AppleWebKit/537.36 (KHTML, like Gecko; compatible; ClaudeBot/1.0; +claudebot@anthropic.com)"
3.17.156.98 - - [21/Apr/2025:14:56:53 -0400] "GET /ad917/?path=%2Fhome%2F.%2Fservlmvm%2Fspekkshealth.com%2Fwp-includes%2Fblock-supports%2F..%2F.%2F.%2Fms-settings.php HTTP/1.1" 200 2583 "-" "Mozilla/5.0 AppleWebKit/537.36 (KHTML, like Gecko; compatible; ClaudeBot/1.0; +claudebot@anthropic.com)"
52.167.144.174 - - [21/Apr/2025:14:56:55 -0400] "GET /detail/smelted63683974.shtml HTTP/1.1" 404 16943 "-" "Mozilla/5.0 AppleWebKit/537.36 (KHTML, like Gecko; compatible; bingbot/2.0; +http://www.bing.com/bingbot.htm) Chrome/116.0.1938.76 Safari/537.36"
3.17.156.98 - - [21/Apr/2025:14:56:56 -0400] "GET /ad917/?path=%2Fhome%2F.%2Fservlmvm%2Fspekkshealth.com%2Fwp-includes%2Fblock-supports%2F..%2F.%2F.%2FSB2LvMuYjyQ.php HTTP/1.1" 200 1011 "-" "Mozilla/5.0 AppleWebKit/537.36 (KHTML, like Gecko; compatible; ClaudeBot/1.0; +claudebot@anthropic.com)"
40.77.167.78 - - [21/Apr/2025:14:56:56 -0400] "GET /entity/malconformation/12868312.shtml HTTP/1.1" 301 0 "-" "Mozilla/5.0 AppleWebKit/537.36 (KHTML, like Gecko; compatible; bingbot/2.0; +http://www.bing.com/bingbot.htm) Chrome/116.0.1938.76 Safari/537.36"
3.17.156.98 - - [21/Apr/2025:14:56:59 -0400] "GET /ad917/?path=%2Fhome%2F.%2F.%2F..%2Frun%2F..%2Flib64%2Fgstreamer-1.0%2F..%2Fsecurity%2F..%2FlibMagickCore-6.Q16.so.7 HTTP/1.1" 200 1005 "-" "Mozilla/5.0 AppleWebKit/537.36 (KHTML, like Gecko; compatible; ClaudeBot/1.0; +claudebot@anthropic.com)"
3.17.156.98 - - [21/Apr/2025:14:57:02 -0400] "GET /ad917/?path=%2Fhome%2F.%2F.%2F..%2Fbin%2F..%2Flib64%2Fopen-vm-tools%2F..%2Fplymouth%2F..%2Flibodbcdrvcfg2S.so.2.0.0 HTTP/1.1" 200 1008 "-" "Mozilla/5.0 AppleWebKit/537.36 (KHTML, like Gecko; compatible; ClaudeBot/1.0; +claudebot@anthropic.com)"
66.249.65.170 - - [21/Apr/2025:14:57:04 -0400] "GET /entity/oxc/doornail100541742.shtml HTTP/1.1" 404 16951 "-" "Mozilla/5.0 (Linux; Android 6.0.1; Nexus 5X Build/MMB29P) AppleWebKit/537.36 (KHTML, like Gecko) Chrome/135.0.7049.95 Mobile Safari/537.36 (compatible; GoogleOther)"
3.17.156.98 - - [21/Apr/2025:14:57:05 -0400] "GET /ad917/?path=%2Fhome%2F.%2F.%2F..%2Frun%2F..%2Flib64%2Fgstreamer-1.0%2F..%2Fsecurity%2F..%2FlibQt5Concurrent.so.5.15 HTTP/1.1" 200 1002 "-" "Mozilla/5.0 AppleWebKit/537.36 (KHTML, like Gecko; compatible; ClaudeBot/1.0; +claudebot@anthropic.com)"
3.17.156.98 - - [21/Apr/2025:14:57:08 -0400] "GET /ad917/?path=%2Fhome%2F.%2F.%2F..%2Fbin%2F..%2Flib64%2Fopen-vm-tools%2F..%2Fplymouth%2F..%2FlibMagickWand-6.Q16.so.7 HTTP/1.1" 200 1009 "-" "Mozilla/5.0 AppleWebKit/537.36 (KHTML, like Gecko; compatible; ClaudeBot/1.0; +claudebot@anthropic.com)"
3.17.156.98 - - [21/Apr/2025:14:57:11 -0400] "GET /ad917/?path=%2Fhome%2F.%2F.%2F..%2Frun%2F..%2Flib64%2Fgstreamer-1.0%2F..%2Fsecurity%2F..%2Flibxcb-xinerama.so.0.0.0 HTTP/1.1" 200 1003 "-" "Mozilla/5.0 AppleWebKit/537.36 (KHTML, like Gecko; compatible; ClaudeBot/1.0; +claudebot@anthropic.com)"
3.17.156.98 - - [21/Apr/2025:14:57:14 -0400] "GET /ad917/?path=%2Fhome%2F.%2F.%2F..%2Frun%2F..%2Flib64%2Fgstreamer-1.0%2F..%2Fsecurity%2F..%2Flibguilereadline-v-18.so HTTP/1.1" 200 1002 "-" "Mozilla/5.0 AppleWebKit/537.36 (KHTML, like Gecko; compatible; ClaudeBot/1.0; +claudebot@anthropic.com)"
3.17.156.98 - - [21/Apr/2025:14:57:17 -0400] "GET /ad917/?path=%2Fhome%2F.%2Fservlmvm%2Fspekkshealth.com%2Fwp-includes%2Fblock-supports%2F..%2F.%2F.%2Fblock-i18n.json HTTP/1.1" 200 1129 "-" "Mozilla/5.0 AppleWebKit/537.36 (KHTML, like Gecko; compatible; ClaudeBot/1.0; +claudebot@anthropic.com)"
3.17.156.98 - - [21/Apr/2025:14:57:20 -0400] "GET /ad917/?path=%2Fhome%2F.%2F.%2F..%2Frun%2F..%2Flib64%2Fgstreamer-1.0%2F..%2Fsecurity%2F..%2Flibkadm5clnt_mit.so.12.0 HTTP/1.1" 200 1001 "-" "Mozilla/5.0 AppleWebKit/537.36 (KHTML, like Gecko; compatible; ClaudeBot/1.0; +claudebot@anthropic.com)"
3.17.156.98 - - [21/Apr/2025:14:57:23 -0400] "GET /ad917/?path=%2Fhome%2F.%2F.%2F..%2Fbin%2F..%2Flib64%2Fopen-vm-tools%2F..%2Fplymouth%2F..%2Flibinotifytools.so.0.4.1 HTTP/1.1" 200 1005 "-" "Mozilla/5.0 AppleWebKit/537.36 (KHTML, like Gecko; compatible; ClaudeBot/1.0; +claudebot@anthropic.com)"
3.17.156.98 - - [21/Apr/2025:14:57:26 -0400] "GET /ad917/?path=%2Fhome%2F.%2F.%2F..%2Frun%2F..%2Flib64%2Fgstreamer-1.0%2F..%2Fsecurity%2F..%2Flibavahi-client.so.3.2.9 HTTP/1.1" 200 1003 "-" "Mozilla/5.0 AppleWebKit/537.36 (KHTML, like Gecko; compatible; ClaudeBot/1.0; +claudebot@anthropic.com)"
3.17.156.98 - - [21/Apr/2025:14:57:29 -0400] "GET /ad917/?path=%2Fhome%2F.%2F.%2F..%2Frun%2F..%2Flib64%2Fgstreamer-1.0%2F..%2Fsecurity%2F..%2Flibparted-fs-resize.so.0 HTTP/1.1" 200 1002 "-" "Mozilla/5.0 AppleWebKit/537.36 (KHTML, like Gecko; compatible; ClaudeBot/1.0; +claudebot@anthropic.com)"
3.17.156.98 - - [21/Apr/2025:14:57:32 -0400] "GET /ad917/?path=%2Fhome%2F.%2Fservlmvm%2Fspekkshealth.com%2Fwp-includes%2Fcustomize%2F..%2Ffonts%2F..%2F1AuSTyNFrOZ.php HTTP/1.1" 200 1013 "-" "Mozilla/5.0 AppleWebKit/537.36 (KHTML, like Gecko; compatible; ClaudeBot/1.0; +claudebot@anthropic.com)"
3.17.156.98 - - [21/Apr/2025:14:57:35 -0400] "GET /ad917/?path=%2Fhome%2F.%2F.%2F..%2Frun%2F..%2Flib64%2Fgstreamer-1.0%2F..%2Fsecurity%2F..%2Flibbasicobjects.so.0.1.0 HTTP/1.1" 200 998 "-" "Mozilla/5.0 AppleWebKit/537.36 (KHTML, like Gecko; compatible; ClaudeBot/1.0; +claudebot@anthropic.com)"
198.54.116.86 - - [21/Apr/2025:14:57:36 -0400] "POST /wp-cron.php?doing_wp_cron=1745261856.7722010612487792968750 HTTP/1.1" 200 0 "-" "WordPress/6.8; https://servethepeopleinc.org"
52.167.144.171 - - [21/Apr/2025:14:57:36 -0400] "GET /shopbrand/ru/dextronic42081644.shtml HTTP/1.1" 404 16950 "-" "Mozilla/5.0 AppleWebKit/537.36 (KHTML, like Gecko; compatible; bingbot/2.0; +http://www.bing.com/bingbot.htm) Chrome/116.0.1938.76 Safari/537.36"
198.54.116.86 - - [21/Apr/2025:14:57:36 -0400] "POST /wp-admin/admin-ajax.php?action=async_litespeed&nonce=XBXYYTM90jKlKoOrRKwu63GrziRAoHHG&litespeed_type=imgoptm HTTP/1.1" 200 21 "-" "WordPress/6.8; https://servethepeopleinc.org"
3.17.156.98 - - [21/Apr/2025:14:57:38 -0400] "GET /ad917/?path=%2Fhome%2F.%2F.%2F..%2Frun%2F..%2Flib64%2Fgstreamer-1.0%2F..%2Fsecurity%2F..%2Flibpolkit-gobject-1.so.0 HTTP/1.1" 200 1002 "-" "Mozilla/5.0 AppleWebKit/537.36 (KHTML, like Gecko; compatible; ClaudeBot/1.0; +claudebot@anthropic.com)"
3.17.156.98 - - [21/Apr/2025:14:57:41 -0400] "GET /ad917/?path=%2Fhome%2F.%2F.%2F..%2Fbin%2F..%2Flib64%2Fopen-vm-tools%2F..%2Fplymouth%2F..%2Flibparted-fs-resize.so.0 HTTP/1.1" 200 1006 "-" "Mozilla/5.0 AppleWebKit/537.36 (KHTML, like Gecko; compatible; ClaudeBot/1.0; +claudebot@anthropic.com)"
3.17.156.98 - - [21/Apr/2025:14:57:44 -0400] "GET /ad917/?path=%2Fhome%2F.%2F.%2F..%2Frun%2F..%2Flib64%2Fgstreamer-1.0%2F..%2Fsecurity%2F..%2Flibgstinsertbin-1.0.so.0 HTTP/1.1" 200 1000 "-" "Mozilla/5.0 AppleWebKit/537.36 (KHTML, like Gecko; compatible; ClaudeBot/1.0; +claudebot@anthropic.com)"
52.167.144.171 - - [21/Apr/2025:14:57:45 -0400] "GET /info74717942.shtml HTTP/1.1" 404 16941 "-" "Mozilla/5.0 AppleWebKit/537.36 (KHTML, like Gecko; compatible; bingbot/2.0; +http://www.bing.com/bingbot.htm) Chrome/116.0.1938.76 Safari/537.36"
3.17.156.98 - - [21/Apr/2025:14:57:47 -0400] "GET /ad917/?path=%2Fhome%2F.%2F.%2F..%2Frun%2F..%2Flib64%2Fgstreamer-1.0%2F..%2Fsecurity%2F..%2Flibtss2-tcti-device.so.0 HTTP/1.1" 200 1000 "-" "Mozilla/5.0 AppleWebKit/537.36 (KHTML, like Gecko; compatible; ClaudeBot/1.0; +claudebot@anthropic.com)"
3.17.156.98 - - [21/Apr/2025:14:57:50 -0400] "GET /ad917/?path=%2Fhome%2F.%2F.%2F..%2Fbin%2F..%2Flib64%2Fopen-vm-tools%2F..%2Fplymouth%2F..%2Flibpolkit-gobject-1.so.0 HTTP/1.1" 200 1008 "-" "Mozilla/5.0 AppleWebKit/537.36 (KHTML, like Gecko; compatible; ClaudeBot/1.0; +claudebot@anthropic.com)"
3.17.156.98 - - [21/Apr/2025:14:57:53 -0400] "GET /ad917/?path=%2Fhome%2F.%2Fservlmvm%2Fspekkshealth.com%2Fwp-includes%2Fcustomize%2F..%2Ffonts%2F..%2Fblock-i18n.json HTTP/1.1" 200 1128 "-" "Mozilla/5.0 AppleWebKit/537.36 (KHTML, like Gecko; compatible; ClaudeBot/1.0; +claudebot@anthropic.com)"
3.17.156.98 - - [21/Apr/2025:14:57:56 -0400] "GET /ad917/?path=%2Fhome%2F.%2F.%2F..%2Frun%2F..%2Flib64%2Fgstreamer-1.0%2F..%2Fsecurity%2F..%2FlibIexMath-2_2.so.12.0.0 HTTP/1.1" 200 1005 "-" "Mozilla/5.0 AppleWebKit/537.36 (KHTML, like Gecko; compatible; ClaudeBot/1.0; +claudebot@anthropic.com)"
3.17.156.98 - - [21/Apr/2025:14:57:59 -0400] "GET /ad917/?path=%2Fhome%2F.%2F.%2F..%2Frun%2F..%2Flib64%2Fgstreamer-1.0%2F..%2Fsecurity%2F..%2Flibbrotlicommon.so.1.0.6 HTTP/1.1" 200 1001 "-" "Mozilla/5.0 AppleWebKit/537.36 (KHTML, like Gecko; compatible; ClaudeBot/1.0; +claudebot@anthropic.com)"
3.17.156.98 - - [21/Apr/2025:14:58:02 -0400] "GET /ad917/?path=%2Fhome%2F.%2F.%2F..%2Frun%2F..%2Flib64%2Fgstreamer-1.0%2F..%2Fsecurity%2F..%2Flibgirepository-1.0.so.1 HTTP/1.1" 200 1001 "-" "Mozilla/5.0 AppleWebKit/537.36 (KHTML, like Gecko; compatible; ClaudeBot/1.0; +claudebot@anthropic.com)"
3.17.156.98 - - [21/Apr/2025:14:58:05 -0400] "GET /ad917/?path=%2Fhome%2F.%2F.%2F..%2Fbin%2F..%2Flib64%2Fopen-vm-tools%2F..%2Fplymouth%2F..%2Flibbrotlicommon.so.1.0.6 HTTP/1.1" 200 1010 "-" "Mozilla/5.0 AppleWebKit/537.36 (KHTML, like Gecko; compatible; ClaudeBot/1.0; +claudebot@anthropic.com)"
3.17.156.98 - - [21/Apr/2025:14:58:08 -0400] "GET /ad917/?path=%2Fhome%2F.%2Fservlmvm%2Fspekkshealth.com%2Fwp-includes%2Fblock-supports%2F..%2F.%2F.%2Ftheme-i18n.json HTTP/1.1" 200 1414 "-" "Mozilla/5.0 AppleWebKit/537.36 (KHTML, like Gecko; compatible; ClaudeBot/1.0; +claudebot@anthropic.com)"
3.17.156.98 - - [21/Apr/2025:14:58:11 -0400] "GET /ad917/?path=%2Fhome%2F.%2F.%2F..%2Fbin%2F..%2Flib64%2Fopen-vm-tools%2F..%2Fplymouth%2F..%2Flibavahi-client.so.3.2.9 HTTP/1.1" 200 1007 "-" "Mozilla/5.0 AppleWebKit/537.36 (KHTML, like Gecko; compatible; ClaudeBot/1.0; +claudebot@anthropic.com)"
3.17.156.98 - - [21/Apr/2025:14:58:14 -0400] "GET /ad917/?path=%2Fhome%2F.%2F.%2F..%2Frun%2F..%2Flib64%2Fgstreamer-1.0%2F..%2Fsecurity%2F..%2Flibharfbuzz.so.0.10705.0 HTTP/1.1" 200 1002 "-" "Mozilla/5.0 AppleWebKit/537.36 (KHTML, like Gecko; compatible; ClaudeBot/1.0; +claudebot@anthropic.com)"
3.17.156.98 - - [21/Apr/2025:14:58:17 -0400] "GET /ad917/?path=%2Fhome%2F.%2F.%2F..%2Frun%2F..%2Flib64%2Fgstreamer-1.0%2F..%2Fsecurity%2F..%2Flibodbcdrvcfg1S.so.2.0.0 HTTP/1.1" 200 1005 "-" "Mozilla/5.0 AppleWebKit/537.36 (KHTML, like Gecko; compatible; ClaudeBot/1.0; +claudebot@anthropic.com)"
3.17.156.98 - - [21/Apr/2025:14:58:20 -0400] "GET /ad917/?path=%2Fhome%2F.%2F.%2F..%2Frun%2F..%2Flib64%2Fgstreamer-1.0%2F..%2Fsecurity%2F..%2Flibgstgl-1.0.so.0.1601.0 HTTP/1.1" 200 999 "-" "Mozilla/5.0 AppleWebKit/537.36 (KHTML, like Gecko; compatible; ClaudeBot/1.0; +claudebot@anthropic.com)"
3.17.156.98 - - [21/Apr/2025:14:58:23 -0400] "GET /ad917/?path=%2Fhome%2F.%2F.%2F..%2Frun%2F..%2Flib64%2Fgstreamer-1.0%2F..%2Fsecurity%2F..%2Flibpulse-simple.so.0.1.1 HTTP/1.1" 200 1002 "-" "Mozilla/5.0 AppleWebKit/537.36 (KHTML, like Gecko; compatible; ClaudeBot/1.0; +claudebot@anthropic.com)"
3.17.156.98 - - [21/Apr/2025:14:58:26 -0400] "GET /ad917/?path=%2Fhome%2F.%2F.%2F..%2Fbin%2F..%2Flib64%2Fopen-vm-tools%2F..%2Fplymouth%2F..%2Flibxcb-xinerama.so.0.0.0 HTTP/1.1" 200 1006 "-" "Mozilla/5.0 AppleWebKit/537.36 (KHTML, like Gecko; compatible; ClaudeBot/1.0; +claudebot@anthropic.com)"
3.17.156.98 - - [21/Apr/2025:14:58:29 -0400] "GET /ad917/?path=%2Fhome%2F.%2Fservlmvm%2Fspekkshealth.com%2Fwp-includes%2Fcustomize%2F..%2Ffonts%2F..%2F6QBUJ4ahmVO.php HTTP/1.1" 200 1011 "-" "Mozilla/5.0 AppleWebKit/537.36 (KHTML, like Gecko; compatible; ClaudeBot/1.0; +claudebot@anthropic.com)"
198.54.116.86 - - [21/Apr/2025:14:58:34 -0400] "POST /wp-cron.php?doing_wp_cron=1745261914.6716129779815673828125 HTTP/1.1" 200 0 "-" "WordPress/6.8; https://servethepeopleinc.org"
52.167.144.171 - - [21/Apr/2025:14:58:34 -0400] "GET /info28294754.shtml HTTP/1.1" 404 16941 "-" "Mozilla/5.0 AppleWebKit/537.36 (KHTML, like Gecko; compatible; bingbot/2.0; +http://www.bing.com/bingbot.htm) Chrome/116.0.1938.76 Safari/537.36"
198.54.116.86 - - [21/Apr/2025:14:58:34 -0400] "POST /wp-admin/admin-ajax.php?action=async_litespeed&nonce=PIK3ykw2N91Z4MfUzi5M2nNzTweodIxS&litespeed_type=imgoptm HTTP/1.1" 200 21 "-" "WordPress/6.8; https://servethepeopleinc.org"
52.167.144.174 - - [21/Apr/2025:14:58:39 -0400] "GET /detail/plexure66274320.shtml HTTP/1.1" 404 16940 "-" "Mozilla/5.0 AppleWebKit/537.36 (KHTML, like Gecko; compatible; bingbot/2.0; +http://www.bing.com/bingbot.htm) Chrome/116.0.1938.76 Safari/537.36"
40.77.167.123 - - [21/Apr/2025:14:58:43 -0400] "GET /product/guarantee65589884.shtml HTTP/1.1" 404 16941 "-" "Mozilla/5.0 AppleWebKit/537.36 (KHTML, like Gecko; compatible; bingbot/2.0; +http://www.bing.com/bingbot.htm) Chrome/116.0.1938.76 Safari/537.36"
18.226.163.178 - - [21/Apr/2025:14:59:22 -0400] "GET /ad917/?path=%2Fhome%2F.%2F..%2Flib64%2Fapr-util-1%2F..%2Fpkgconfig%2F..%2Faudit%2F..%2Fgettext%2F..%2FlibXrandr.so.2 HTTP/1.1" 200 1021 "-" "Mozilla/5.0 AppleWebKit/537.36 (KHTML, like Gecko; compatible; ClaudeBot/1.0; +claudebot@anthropic.com)"
18.226.163.178 - - [21/Apr/2025:14:59:25 -0400] "GET /ad917/?path=%2Fhome%2F.%2F..%2Flib64%2Fapr-util-1%2F..%2Fpkgconfig%2F..%2Fgames%2F..%2Flibuser%2F..%2Flibnssdbm3.chk HTTP/1.1" 200 1020 "-" "Mozilla/5.0 AppleWebKit/537.36 (KHTML, like Gecko; compatible; ClaudeBot/1.0; +claudebot@anthropic.com)"
18.226.163.178 - - [21/Apr/2025:14:59:28 -0400] "GET /ad917/?path=%2Fhome%2F.%2F..%2Flib64%2Fapr-util-1%2F..%2Fpkgconfig%2F..%2Fgames%2F..%2Fxtables%2F..%2FlibsapdbS.so.2 HTTP/1.1" 200 1021 "-" "Mozilla/5.0 AppleWebKit/537.36 (KHTML, like Gecko; compatible; ClaudeBot/1.0; +claudebot@anthropic.com)"
18.226.163.178 - - [21/Apr/2025:14:59:31 -0400] "GET /ad917/?path=%2Fhome%2F.%2F.%2F..%2F..%2Flib64%2Fgawk%2F..%2Fpython2.7%2F..%2F.%2Faudit%2F..%2Feppic_makedumpfile.so HTTP/1.1" 200 1014 "-" "Mozilla/5.0 AppleWebKit/537.36 (KHTML, like Gecko; compatible; ClaudeBot/1.0; +claudebot@anthropic.com)"
18.226.163.178 - - [21/Apr/2025:14:59:34 -0400] "GET /ad917/?path=%2Fhome%2F.%2F..%2Flib64%2Fapr-util-1%2F..%2Fpkgconfig%2F..%2Fgames%2F..%2Fgtk-2.0%2F..%2Flibasound.so.2 HTTP/1.1" 200 1018 "-" "Mozilla/5.0 AppleWebKit/537.36 (KHTML, like Gecko; compatible; ClaudeBot/1.0; +claudebot@anthropic.com)"
18.226.163.178 - - [21/Apr/2025:14:59:37 -0400] "GET /ad917/?path=%2Fhome%2F.%2F..%2Flib64%2Fapr-util-1%2F..%2Fpkgconfig%2F..%2Fgames%2F..%2Fgtk-2.0%2F..%2Flibprocps.so.7 HTTP/1.1" 200 1019 "-" "Mozilla/5.0 AppleWebKit/537.36 (KHTML, like Gecko; compatible; ClaudeBot/1.0; +claudebot@anthropic.com)"
18.226.163.178 - - [21/Apr/2025:14:59:40 -0400] "GET /ad917/?path=%2Fhome%2F.%2F..%2Flib64%2Fengines-1.1%2F.%2F..%2Flibpoco-plesk-1.9.0%2F..%2Ftls%2F..%2Flibfribidi.so.0 HTTP/1.1" 200 1010 "-" "Mozilla/5.0 AppleWebKit/537.36 (KHTML, like Gecko; compatible; ClaudeBot/1.0; +claudebot@anthropic.com)"
198.54.116.86 - - [21/Apr/2025:14:59:41 -0400] "POST /wp-cron.php?doing_wp_cron=1745261981.8077690601348876953125 HTTP/1.1" 200 0 "-" "WordPress/6.8; https://servethepeopleinc.org"
52.167.144.161 - - [21/Apr/2025:14:59:41 -0400] "GET /info/f/baroness83785696.shtml HTTP/1.1" 301 0 "-" "Mozilla/5.0 AppleWebKit/537.36 (KHTML, like Gecko; compatible; bingbot/2.0; +http://www.bing.com/bingbot.htm) Chrome/116.0.1938.76 Safari/537.36"
198.54.116.86 - - [21/Apr/2025:14:59:41 -0400] "POST /wp-admin/admin-ajax.php?action=async_litespeed&nonce=r0bPeyovDvAind1hd5MrkPF1b1DAFc0k&litespeed_type=imgoptm HTTP/1.1" 200 21 "-" "WordPress/6.8; https://servethepeopleinc.org"
18.226.163.178 - - [21/Apr/2025:14:59:43 -0400] "GET /ad917/?path=%2Fhome%2F.%2F..%2Flib64%2Fapr-util-1%2F..%2Fpkgconfig%2F..%2Ftk8.6%2F..%2Fxtables%2F..%2FlibXi.so.6.1.0 HTTP/1.1" 200 1022 "-" "Mozilla/5.0 AppleWebKit/537.36 (KHTML, like Gecko; compatible; ClaudeBot/1.0; +claudebot@anthropic.com)"
66.249.65.168 - - [21/Apr/2025:14:59:43 -0400] "GET /entity/mxu/antecedence30935314.shtml HTTP/1.1" 404 16950 "-" "Mozilla/5.0 (Linux; Android 6.0.1; Nexus 5X Build/MMB29P) AppleWebKit/537.36 (KHTML, like Gecko) Chrome/135.0.7049.95 Mobile Safari/537.36 (compatible; GoogleOther)"
18.226.163.178 - - [21/Apr/2025:14:59:46 -0400] "GET /ad917/?path=%2Fhome%2F.%2F..%2Flib64%2Fengines-1.1%2F.%2F..%2Flibpoco-plesk-1.9.0%2F..%2Ftls%2F..%2Flibcupscgi.so.1 HTTP/1.1" 200 1012 "-" "Mozilla/5.0 AppleWebKit/537.36 (KHTML, like Gecko; compatible; ClaudeBot/1.0; +claudebot@anthropic.com)"
18.226.163.178 - - [21/Apr/2025:14:59:49 -0400] "GET /ad917/?path=%2Fhome%2F.%2F..%2Flib64%2Fapr-util-1%2F..%2Fpkgconfig%2F..%2Fgames%2F..%2Fgtk-2.0%2F..%2Flibicutu.so.60 HTTP/1.1" 200 1020 "-" "Mozilla/5.0 AppleWebKit/537.36 (KHTML, like Gecko; compatible; ClaudeBot/1.0; +claudebot@anthropic.com)"
18.226.163.178 - - [21/Apr/2025:14:59:52 -0400] "GET /ad917/?path=%2Fhome%2F.%2F.%2F..%2F..%2Flib64%2Fgawk%2F..%2Fpython2.7%2F..%2F.%2Faudit%2F..%2Flibunistring.so.2.1.0 HTTP/1.1" 200 1012 "-" "Mozilla/5.0 AppleWebKit/537.36 (KHTML, like Gecko; compatible; ClaudeBot/1.0; +claudebot@anthropic.com)"
18.226.163.178 - - [21/Apr/2025:14:59:55 -0400] "GET /ad917/?path=%2Fhome%2F.%2F..%2Flib64%2Fengines-1.1%2F.%2F..%2Flibpoco-plesk-1.9.0%2F..%2Ftls%2F..%2Flibxcb-xtest.so HTTP/1.1" 200 1011 "-" "Mozilla/5.0 AppleWebKit/537.36 (KHTML, like Gecko; compatible; ClaudeBot/1.0; +claudebot@anthropic.com)"
40.77.167.78 - - [21/Apr/2025:14:59:55 -0400] "GET /shopdetail/kla/ HTTP/1.1" 301 0 "-" "Mozilla/5.0 AppleWebKit/537.36 (KHTML, like Gecko; compatible; bingbot/2.0; +http://www.bing.com/bingbot.htm) Chrome/116.0.1938.76 Safari/537.36"
18.226.163.178 - - [21/Apr/2025:14:59:58 -0400] "GET /ad917/?path=%2Fhome%2F.%2F..%2F..%2Flib%2Frpm%2F..%2Fgames%2F..%2Fkernel%2F..%2Ffirmware%2Fradeon%2Fkaveri_sdma.bin HTTP/1.1" 200 1018 "-" "Mozilla/5.0 AppleWebKit/537.36 (KHTML, like Gecko; compatible; ClaudeBot/1.0; +claudebot@anthropic.com)"
40.77.167.78 - - [21/Apr/2025:14:59:59 -0400] "GET /detail69628986.shtml HTTP/1.1" 301 0 "-" "Mozilla/5.0 AppleWebKit/537.36 (KHTML, like Gecko; compatible; bingbot/2.0; +http://www.bing.com/bingbot.htm) Chrome/116.0.1938.76 Safari/537.36"
18.226.163.178 - - [21/Apr/2025:15:00:01 -0400] "GET /ad917/?path=%2Fhome%2F.%2F..%2Flib64%2Fengines-1.1%2F.%2F..%2Flibpoco-plesk-1.9.0%2F..%2Fgio%2F..%2Flibthread_db.so HTTP/1.1" 200 1011 "-" "Mozilla/5.0 AppleWebKit/537.36 (KHTML, like Gecko; compatible; ClaudeBot/1.0; +claudebot@anthropic.com)"
18.226.163.178 - - [21/Apr/2025:15:00:04 -0400] "GET /ad917/?path=%2Fhome%2F.%2F..%2Flib64%2Ftraceevent%2F..%2Fbind%2F..%2Fplymouth%2F..%2Fgstreamer-1.0%2Flibgstyadif.so HTTP/1.1" 200 1013 "-" "Mozilla/5.0 AppleWebKit/537.36 (KHTML, like Gecko; compatible; ClaudeBot/1.0; +claudebot@anthropic.com)"
18.226.163.178 - - [21/Apr/2025:15:00:07 -0400] "GET /ad917/?path=%2Fhome%2F.%2F..%2Flib64%2Fengines-1.1%2F.%2F..%2Flibpoco-plesk-1.9.0%2F..%2Ftls%2F..%2Flibrpmsign.so.8 HTTP/1.1" 200 1010 "-" "Mozilla/5.0 AppleWebKit/537.36 (KHTML, like Gecko; compatible; ClaudeBot/1.0; +claudebot@anthropic.com)"
18.226.163.178 - - [21/Apr/2025:15:00:10 -0400] "GET /ad917/?path=%2Fhome%2F.%2F..%2Flib64%2Fapr-util-1%2F..%2Fpkgconfig%2F..%2Faudit%2F..%2Fgettext%2F..%2Flibcap.so.2.48 HTTP/1.1" 200 1020 "-" "Mozilla/5.0 AppleWebKit/537.36 (KHTML, like Gecko; compatible; ClaudeBot/1.0; +claudebot@anthropic.com)"
18.226.163.178 - - [21/Apr/2025:15:00:13 -0400] "GET /ad917/?path=%2Fhome%2F.%2F..%2Flib64%2Fapr-util-1%2F..%2Fpkgconfig%2F..%2Fgames%2F..%2Flibuser%2F..%2Flibicuuc.so.60 HTTP/1.1" 200 1019 "-" "Mozilla/5.0 AppleWebKit/537.36 (KHTML, like Gecko; compatible; ClaudeBot/1.0; +claudebot@anthropic.com)"
18.226.163.178 - - [21/Apr/2025:15:00:16 -0400] "GET /ad917/?path=%2Fhome%2F.%2F..%2Flib64%2Fengines-1.1%2F.%2F..%2Flibpoco-plesk-1.9.0%2F..%2Fgio%2F..%2Flibsolvext.so.1 HTTP/1.1" 200 1011 "-" "Mozilla/5.0 AppleWebKit/537.36 (KHTML, like Gecko; compatible; ClaudeBot/1.0; +claudebot@anthropic.com)"
18.226.163.178 - - [21/Apr/2025:15:00:19 -0400] "GET /ad917/?path=%2Fhome%2F.%2F..%2Flib64%2Fengines-1.1%2F.%2F..%2Flibpoco-plesk-1.9.0%2F..%2Fgio%2F..%2Flibncurses++.so HTTP/1.1" 200 1268 "-" "Mozilla/5.0 AppleWebKit/537.36 (KHTML, like Gecko; compatible; ClaudeBot/1.0; +claudebot@anthropic.com)"
18.226.163.178 - - [21/Apr/2025:15:00:22 -0400] "GET /ad917/?path=%2Fhome%2F.%2F..%2F..%2Flib%2Frpm%2F..%2Fgames%2F..%2Fkernel%2F..%2Ffirmware%2Fradeon%2Fmullins_rlc.bin HTTP/1.1" 200 1018 "-" "Mozilla/5.0 AppleWebKit/537.36 (KHTML, like Gecko; compatible; ClaudeBot/1.0; +claudebot@anthropic.com)"
198.54.116.86 - - [21/Apr/2025:15:00:25 -0400] "POST /wp-cron.php?doing_wp_cron=1745262025.3478989601135253906250 HTTP/1.1" 200 0 "-" "WordPress/6.8; https://servethepeopleinc.org"
18.226.163.178 - - [21/Apr/2025:15:00:25 -0400] "GET /ad917/?path=%2Fhome%2F.%2F..%2Flib64%2Fengines-1.1%2F.%2F..%2Flibpoco-plesk-1.9.0%2F..%2Ftls%2F..%2Flibsndfile.so.1 HTTP/1.1" 200 1011 "-" "Mozilla/5.0 AppleWebKit/537.36 (KHTML, like Gecko; compatible; ClaudeBot/1.0; +claudebot@anthropic.com)"
40.77.167.58 - - [21/Apr/2025:15:00:25 -0400] "GET /special/gs/selfhelp51706010.shtml HTTP/1.1" 301 0 "-" "Mozilla/5.0 AppleWebKit/537.36 (KHTML, like Gecko; compatible; bingbot/2.0; +http://www.bing.com/bingbot.htm) Chrome/116.0.1938.76 Safari/537.36"
198.54.116.86 - - [21/Apr/2025:15:00:25 -0400] "POST /wp-admin/admin-ajax.php?action=async_litespeed&nonce=qxz2XI6qKqfrmqdqOBTQjoCrnNsaTrGo&litespeed_type=imgoptm HTTP/1.1" 200 21 "-" "WordPress/6.8; https://servethepeopleinc.org"
18.226.163.178 - - [21/Apr/2025:15:00:28 -0400] "GET /ad917/?path=%2Fhome%2F.%2F..%2Flib64%2Fapr-util-1%2F..%2Fpkgconfig%2F..%2Fgames%2F..%2Fgtk-2.0%2F..%2Flibtheora.so.0 HTTP/1.1" 200 1017 "-" "Mozilla/5.0 AppleWebKit/537.36 (KHTML, like Gecko; compatible; ClaudeBot/1.0; +claudebot@anthropic.com)"
18.226.163.178 - - [21/Apr/2025:15:00:31 -0400] "GET /ad917/?path=%2Fhome%2F.%2F..%2Fusr%2Flib%2Ffirmware%2Fcadence%2F..%2Fmellanox%2F..%2Famdgpu%2Fgreen_sardine_mec.bin HTTP/1.1" 200 1023 "-" "Mozilla/5.0 AppleWebKit/537.36 (KHTML, like Gecko; compatible; ClaudeBot/1.0; +claudebot@anthropic.com)"
18.226.163.178 - - [21/Apr/2025:15:00:34 -0400] "GET /ad917/?path=%2Fhome%2F.%2F..%2Flib64%2Fapr-util-1%2F..%2Fpkgconfig%2F..%2Fgames%2F..%2Flibuser%2F..%2Flibnm.so.0.1.0 HTTP/1.1" 200 1019 "-" "Mozilla/5.0 AppleWebKit/537.36 (KHTML, like Gecko; compatible; ClaudeBot/1.0; +claudebot@anthropic.com)"
18.226.163.178 - - [21/Apr/2025:15:00:37 -0400] "GET /ad917/?path=%2Fhome%2F.%2F..%2Flib64%2Fengines-1.1%2F.%2F..%2Flibpoco-plesk-1.9.0%2F..%2Fgio%2F..%2Flibtdb.so.1.4.9 HTTP/1.1" 200 1011 "-" "Mozilla/5.0 AppleWebKit/537.36 (KHTML, like Gecko; compatible; ClaudeBot/1.0; +claudebot@anthropic.com)"
40.77.167.58 - - [21/Apr/2025:15:00:37 -0400] "GET /product/d/rummager/29945660.shtml HTTP/1.1" 301 0 "-" "Mozilla/5.0 AppleWebKit/537.36 (KHTML, like Gecko; compatible; bingbot/2.0; +http://www.bing.com/bingbot.htm) Chrome/116.0.1938.76 Safari/537.36"
18.226.163.178 - - [21/Apr/2025:15:00:40 -0400] "GET /ad917/?path=%2Fhome%2F.%2F..%2Flib64%2Fapr-util-1%2F..%2Fpkgconfig%2F..%2Fgames%2F..%2Flibuser%2F..%2Flibasprintf.so HTTP/1.1" 200 1019 "-" "Mozilla/5.0 AppleWebKit/537.36 (KHTML, like Gecko; compatible; ClaudeBot/1.0; +claudebot@anthropic.com)"
40.77.167.58 - - [21/Apr/2025:15:00:42 -0400] "GET /product/ntg/reclusely46854528.shtml HTTP/1.1" 301 0 "-" "Mozilla/5.0 AppleWebKit/537.36 (KHTML, like Gecko; compatible; bingbot/2.0; +http://www.bing.com/bingbot.htm) Chrome/116.0.1938.76 Safari/537.36"
18.226.163.178 - - [21/Apr/2025:15:00:43 -0400] "GET /ad917/?path=%2Fhome%2F.%2F..%2Fusr%2Flib%2Ffirmware%2Fcadence%2F..%2Fmellanox%2F..%2Famdgpu%2Fnavy_flounder_pfp.bin HTTP/1.1" 200 1020 "-" "Mozilla/5.0 AppleWebKit/537.36 (KHTML, like Gecko; compatible; ClaudeBot/1.0; +claudebot@anthropic.com)"
18.226.163.178 - - [21/Apr/2025:15:00:46 -0400] "GET /ad917/?path=%2Fhome%2F.%2F..%2Flib64%2Fapr-util-1%2F..%2Fpkgconfig%2F..%2Fgames%2F..%2Fxtables%2F..%2Flibsss_sudo.so HTTP/1.1" 200 1020 "-" "Mozilla/5.0 AppleWebKit/537.36 (KHTML, like Gecko; compatible; ClaudeBot/1.0; +claudebot@anthropic.com)"
18.226.163.178 - - [21/Apr/2025:15:00:49 -0400] "GET /ad917/?path=%2Fhome%2F.%2F.%2F..%2F..%2Flib64%2Fgawk%2F..%2Fpython2.7%2F..%2F.%2Faudit%2F..%2Fliblber-2.4.so.2.10.9 HTTP/1.1" 200 1012 "-" "Mozilla/5.0 AppleWebKit/537.36 (KHTML, like Gecko; compatible; ClaudeBot/1.0; +claudebot@anthropic.com)"
18.226.163.178 - - [21/Apr/2025:15:00:52 -0400] "GET /ad917/?path=%2Fhome%2F.%2F..%2Flib64%2Fengines-1.1%2F.%2F..%2Flibpoco-plesk-1.9.0%2F..%2Fgio%2F..%2Flibbind9.so.161 HTTP/1.1" 200 1012 "-" "Mozilla/5.0 AppleWebKit/537.36 (KHTML, like Gecko; compatible; ClaudeBot/1.0; +claudebot@anthropic.com)"
18.226.163.178 - - [21/Apr/2025:15:00:55 -0400] "GET /ad917/?path=%2Fhome%2F.%2F..%2Flib64%2Fapr-util-1%2F..%2Fpkgconfig%2F..%2Ftk8.6%2F..%2Fxtables%2F..%2FlibGLESv2.so.2 HTTP/1.1" 200 1023 "-" "Mozilla/5.0 AppleWebKit/537.36 (KHTML, like Gecko; compatible; ClaudeBot/1.0; +claudebot@anthropic.com)"
18.226.163.178 - - [21/Apr/2025:15:00:58 -0400] "GET /ad917/?path=%2Fhome%2F.%2F..%2Flib64%2Fengines-1.1%2F.%2F..%2Flibpoco-plesk-1.9.0%2F..%2Fqt5%2F..%2Flibtss2-mu.so.0 HTTP/1.1" 200 1010 "-" "Mozilla/5.0 AppleWebKit/537.36 (KHTML, like Gecko; compatible; ClaudeBot/1.0; +claudebot@anthropic.com)"
18.226.163.178 - - [21/Apr/2025:15:01:01 -0400] "GET /ad917/?path=%2Fhome%2F.%2F..%2Flib64%2Fengines-1.1%2F.%2F..%2Flibpoco-plesk-1.9.0%2F..%2Ftls%2F..%2Flibperl.so.5.26 HTTP/1.1" 200 1011 "-" "Mozilla/5.0 AppleWebKit/537.36 (KHTML, like Gecko; compatible; ClaudeBot/1.0; +claudebot@anthropic.com)"
18.226.163.178 - - [21/Apr/2025:15:01:04 -0400] "GET /ad917/?path=%2Fhome%2F.%2F..%2Flib64%2Fapr-util-1%2F..%2Fpkgconfig%2F..%2Fgames%2F..%2Fgtk-2.0%2F..%2Flibtiffxx.so.5 HTTP/1.1" 200 1020 "-" "Mozilla/5.0 AppleWebKit/537.36 (KHTML, like Gecko; compatible; ClaudeBot/1.0; +claudebot@anthropic.com)"
198.54.116.86 - - [21/Apr/2025:15:01:07 -0400] "POST /wp-cron.php?doing_wp_cron=1745262067.0130789279937744140625 HTTP/1.1" 200 0 "-" "WordPress/6.8; https://servethepeopleinc.org"
40.77.167.58 - - [21/Apr/2025:15:01:06 -0400] "GET /goods/spo/undershirt83914026.shtml HTTP/1.1" 301 0 "-" "Mozilla/5.0 AppleWebKit/537.36 (KHTML, like Gecko; compatible; bingbot/2.0; +http://www.bing.com/bingbot.htm) Chrome/116.0.1938.76 Safari/537.36"
198.54.116.86 - - [21/Apr/2025:15:01:07 -0400] "POST /wp-admin/admin-ajax.php?action=async_litespeed&nonce=agGk2SxyBMRYIfuuUol5VD57bRxuJkWE&litespeed_type=imgoptm HTTP/1.1" 200 21 "-" "WordPress/6.8; https://servethepeopleinc.org"
18.226.163.178 - - [21/Apr/2025:15:01:07 -0400] "GET /ad917/?path=%2Fhome%2F.%2F..%2Flib64%2Fapr-util-1%2F..%2Fpkgconfig%2F..%2Fgames%2F..%2Fxtables%2F..%2Flibmenu.so.5.9 HTTP/1.1" 200 1019 "-" "Mozilla/5.0 AppleWebKit/537.36 (KHTML, like Gecko; compatible; ClaudeBot/1.0; +claudebot@anthropic.com)"
18.226.163.178 - - [21/Apr/2025:15:01:10 -0400] "GET /ad917/?path=%2Fhome%2F.%2F..%2Flib64%2Fapr-util-1%2F..%2Fpkgconfig%2F..%2Fgames%2F..%2Fxtables%2F..%2Flibrsvg-2.so.2 HTTP/1.1" 200 1019 "-" "Mozilla/5.0 AppleWebKit/537.36 (KHTML, like Gecko; compatible; ClaudeBot/1.0; +claudebot@anthropic.com)"
18.226.163.178 - - [21/Apr/2025:15:01:13 -0400] "GET /ad917/?path=%2Fhome%2F.%2F..%2Flib64%2Fengines-1.1%2F.%2F..%2Flibpoco-plesk-1.9.0%2F..%2Fgio%2F..%2Flibpthread.so.0 HTTP/1.1" 200 1009 "-" "Mozilla/5.0 AppleWebKit/537.36 (KHTML, like Gecko; compatible; ClaudeBot/1.0; +claudebot@anthropic.com)"
18.226.163.178 - - [21/Apr/2025:15:01:16 -0400] "GET /ad917/?path=%2Fhome%2F.%2F..%2Flib64%2Fengines-1.1%2F.%2F..%2Flibpoco-plesk-1.9.0%2F..%2Fgio%2F..%2FlibX11-xcb.so.1 HTTP/1.1" 200 1012 "-" "Mozilla/5.0 AppleWebKit/537.36 (KHTML, like Gecko; compatible; ClaudeBot/1.0; +claudebot@anthropic.com)"
18.226.163.178 - - [21/Apr/2025:15:01:19 -0400] "GET /ad917/?path=%2Fhome%2F.%2F..%2Flib64%2Fapr-util-1%2F..%2Fpkgconfig%2F..%2Fgames%2F..%2Flibuser%2F..%2Flibicuio.so.60 HTTP/1.1" 200 1019 "-" "Mozilla/5.0 AppleWebKit/537.36 (KHTML, like Gecko; compatible; ClaudeBot/1.0; +claudebot@anthropic.com)"
18.226.163.178 - - [21/Apr/2025:15:01:22 -0400] "GET /ad917/?path=%2Fhome%2F.%2F..%2Flib64%2Fapr-util-1%2F..%2Fpkgconfig%2F..%2Faudit%2F..%2Flibuser%2F..%2Flibext2fs.so.2 HTTP/1.1" 200 1019 "-" "Mozilla/5.0 AppleWebKit/537.36 (KHTML, like Gecko; compatible; ClaudeBot/1.0; +claudebot@anthropic.com)"
18.226.163.178 - - [21/Apr/2025:15:01:25 -0400] "GET /ad917/?path=%2Fhome%2F.%2F..%2Flib64%2Fapr-util-1%2F..%2Fpkgconfig%2F..%2Faudit%2F..%2Fgettext%2F..%2FlibmimerS.so.2 HTTP/1.1" 200 1022 "-" "Mozilla/5.0 AppleWebKit/537.36 (KHTML, like Gecko; compatible; ClaudeBot/1.0; +claudebot@anthropic.com)"
18.226.163.178 - - [21/Apr/2025:15:01:28 -0400] "GET /ad917/?path=%2Fhome%2F.%2F.%2F..%2F..%2Flib64%2Fgawk%2F..%2Fpython2.7%2F..%2F.%2Faudit%2F..%2Flibgraphite2.so.3.0.1 HTTP/1.1" 200 1013 "-" "Mozilla/5.0 AppleWebKit/537.36 (KHTML, like Gecko; compatible; ClaudeBot/1.0; +claudebot@anthropic.com)"
18.226.163.178 - - [21/Apr/2025:15:01:31 -0400] "GET /ad917/?path=%2Fhome%2F.%2F..%2Flib64%2Fapr-util-1%2F..%2Fpkgconfig%2F..%2Fgames%2F..%2Fgtk-2.0%2F..%2FlibQt5Gui.so.5 HTTP/1.1" 200 1022 "-" "Mozilla/5.0 AppleWebKit/537.36 (KHTML, like Gecko; compatible; ClaudeBot/1.0; +claudebot@anthropic.com)"
18.226.163.178 - - [21/Apr/2025:15:01:34 -0400] "GET /ad917/?path=%2Fhome%2F.%2F..%2Flib64%2Fapr-util-1%2F..%2Fpkgconfig%2F..%2Faudit%2F..%2Fgettext%2F..%2Flibrsvg-2.so.2 HTTP/1.1" 200 1020 "-" "Mozilla/5.0 AppleWebKit/537.36 (KHTML, like Gecko; compatible; ClaudeBot/1.0; +claudebot@anthropic.com)"
18.226.163.178 - - [21/Apr/2025:15:01:37 -0400] "GET /ad917/?path=%2Fhome%2F.%2F..%2Flib64%2Fapr-util-1%2F..%2Fpkgconfig%2F..%2Faudit%2F..%2Flibuser%2F..%2Flibraw_r.so.19 HTTP/1.1" 200 1020 "-" "Mozilla/5.0 AppleWebKit/537.36 (KHTML, like Gecko; compatible; ClaudeBot/1.0; +claudebot@anthropic.com)"
18.226.163.178 - - [21/Apr/2025:15:01:40 -0400] "GET /ad917/?path=%2Fhome%2F.%2F..%2Flib64%2Fapr-util-1%2F..%2Fpkgconfig%2F..%2Fgames%2F..%2Fgtk-2.0%2F..%2Flibext2fs.so.2 HTTP/1.1" 200 1019 "-" "Mozilla/5.0 AppleWebKit/537.36 (KHTML, like Gecko; compatible; ClaudeBot/1.0; +claudebot@anthropic.com)"
18.226.163.178 - - [21/Apr/2025:15:01:43 -0400] "GET /ad917/?path=%2Fhome%2F.%2F..%2Flib64%2Fapr-util-1%2F..%2Fpkgconfig%2F..%2Ftk8.6%2F..%2Fxtables%2F..%2Flibmenu.so.6.1 HTTP/1.1" 200 1021 "-" "Mozilla/5.0 AppleWebKit/537.36 (KHTML, like Gecko; compatible; ClaudeBot/1.0; +claudebot@anthropic.com)"
198.54.116.86 - - [21/Apr/2025:15:01:44 -0400] "POST /wp-cron.php?doing_wp_cron=1745262104.8419430255889892578125 HTTP/1.1" 200 0 "-" "WordPress/6.8; https://servethepeopleinc.org"
52.167.144.171 - - [21/Apr/2025:15:01:44 -0400] "GET /products/sweetroot/ HTTP/1.1" 404 16944 "-" "Mozilla/5.0 AppleWebKit/537.36 (KHTML, like Gecko; compatible; bingbot/2.0; +http://www.bing.com/bingbot.htm) Chrome/116.0.1938.76 Safari/537.36"
18.226.163.178 - - [21/Apr/2025:15:01:46 -0400] "GET /ad917/?path=%2Fhome%2F.%2F..%2Flib64%2Fapr-util-1%2F..%2Fpkgconfig%2F..%2Fgames%2F..%2Flibuser%2F..%2FlibQt5Xml.so.5 HTTP/1.1" 200 1023 "-" "Mozilla/5.0 AppleWebKit/537.36 (KHTML, like Gecko; compatible; ClaudeBot/1.0; +claudebot@anthropic.com)"
52.167.144.174 - - [21/Apr/2025:15:01:48 -0400] "GET /items/conjoin/31361510.shtml HTTP/1.1" 404 16951 "-" "Mozilla/5.0 AppleWebKit/537.36 (KHTML, like Gecko; compatible; bingbot/2.0; +http://www.bing.com/bingbot.htm) Chrome/116.0.1938.76 Safari/537.36"
18.226.163.178 - - [21/Apr/2025:15:01:49 -0400] "GET /ad917/?path=%2Fhome%2F.%2F..%2Flib64%2Fengines-1.1%2F.%2F..%2Flibpoco-plesk-1.9.0%2F..%2Fqt5%2F..%2Flibpython2.7.so HTTP/1.1" 200 1011 "-" "Mozilla/5.0 AppleWebKit/537.36 (KHTML, like Gecko; compatible; ClaudeBot/1.0; +claudebot@anthropic.com)"
18.226.163.178 - - [21/Apr/2025:15:01:52 -0400] "GET /ad917/?path=%2Fhome%2F.%2F..%2Flib64%2Fapr-util-1%2F..%2Fpkgconfig%2F..%2Ftk8.6%2F..%2Fxtables%2F..%2Flibdns.so.1115 HTTP/1.1" 200 1019 "-" "Mozilla/5.0 AppleWebKit/537.36 (KHTML, like Gecko; compatible; ClaudeBot/1.0; +claudebot@anthropic.com)"
18.226.163.178 - - [21/Apr/2025:15:01:55 -0400] "GET /ad917/?path=%2Fhome%2F.%2F..%2Flib64%2Fengines-1.1%2F.%2F..%2Flibpoco-plesk-1.9.0%2F..%2Ftls%2F..%2Flibpci.so.3.7.0 HTTP/1.1" 200 1009 "-" "Mozilla/5.0 AppleWebKit/537.36 (KHTML, like Gecko; compatible; ClaudeBot/1.0; +claudebot@anthropic.com)"
40.77.167.78 - - [21/Apr/2025:15:01:55 -0400] "GET /products121586824.shtml HTTP/1.1" 301 0 "-" "Mozilla/5.0 AppleWebKit/537.36 (KHTML, like Gecko; compatible; bingbot/2.0; +http://www.bing.com/bingbot.htm) Chrome/116.0.1938.76 Safari/537.36"
66.249.65.170 - - [21/Apr/2025:15:01:57 -0400] "GET /products/rhe/displeasantly70933360.shtml HTTP/1.1" 404 16950 "-" "Mozilla/5.0 (Linux; Android 6.0.1; Nexus 5X Build/MMB29P) AppleWebKit/537.36 (KHTML, like Gecko) Chrome/135.0.7049.95 Mobile Safari/537.36 (compatible; GoogleOther)"
18.226.163.178 - - [21/Apr/2025:15:01:58 -0400] "GET /ad917/?path=%2Fhome%2F.%2F..%2Flib64%2Fengines-1.1%2F.%2F..%2Flibpoco-plesk-1.9.0%2F..%2Ftls%2F..%2Flibsolvext.so.1 HTTP/1.1" 200 1011 "-" "Mozilla/5.0 AppleWebKit/537.36 (KHTML, like Gecko; compatible; ClaudeBot/1.0; +claudebot@anthropic.com)"
66.249.65.169 - - [21/Apr/2025:15:01:58 -0400] "GET /entity/busying1936096.shtml HTTP/1.1" 404 16942 "-" "Mozilla/5.0 (Linux; Android 6.0.1; Nexus 5X Build/MMB29P) AppleWebKit/537.36 (KHTML, like Gecko) Chrome/135.0.7049.95 Mobile Safari/537.36 (compatible; GoogleOther)"
40.77.167.116 - - [21/Apr/2025:15:02:00 -0400] "GET /goods/26354622.shtml HTTP/1.1" 404 16944 "-" "Mozilla/5.0 AppleWebKit/537.36 (KHTML, like Gecko; compatible; bingbot/2.0; +http://www.bing.com/bingbot.htm) Chrome/116.0.1938.76 Safari/537.36"
18.226.163.178 - - [21/Apr/2025:15:02:01 -0400] "GET /ad917/?path=%2Fhome%2F.%2F.%2F..%2F..%2Flib64%2Fgawk%2F..%2Fpython2.7%2F..%2F.%2Faudit%2F..%2FlibQt5Multimedia.so.5 HTTP/1.1" 200 1014 "-" "Mozilla/5.0 AppleWebKit/537.36 (KHTML, like Gecko; compatible; ClaudeBot/1.0; +claudebot@anthropic.com)"
18.226.163.178 - - [21/Apr/2025:15:02:04 -0400] "GET /ad917/?path=%2Fhome%2F.%2F.%2F..%2F..%2Flib64%2Fgawk%2F..%2Fpython2.7%2F..%2F.%2Faudit%2F..%2FlibQt5Network.so.5.15 HTTP/1.1" 200 1015 "-" "Mozilla/5.0 AppleWebKit/537.36 (KHTML, like Gecko; compatible; ClaudeBot/1.0; +claudebot@anthropic.com)"
40.77.167.78 - - [21/Apr/2025:15:02:05 -0400] "GET /shopbrand/exuviate115007890.shtml HTTP/1.1" 301 0 "-" "Mozilla/5.0 AppleWebKit/537.36 (KHTML, like Gecko; compatible; bingbot/2.0; +http://www.bing.com/bingbot.htm) Chrome/116.0.1938.76 Safari/537.36"
198.54.116.86 - - [21/Apr/2025:15:02:36 -0400] "POST /wp-cron.php?doing_wp_cron=1745262156.5801079273223876953125 HTTP/1.1" 200 0 "-" "WordPress/6.8; https://servethepeopleinc.org"
66.249.65.170 - - [21/Apr/2025:15:02:36 -0400] "GET /entity/he/detat/1935964.shtml HTTP/1.1" 404 16954 "-" "Mozilla/5.0 (Linux; Android 6.0.1; Nexus 5X Build/MMB29P) AppleWebKit/537.36 (KHTML, like Gecko) Chrome/135.0.7049.95 Mobile Safari/537.36 (compatible; GoogleOther)"
198.54.116.86 - - [21/Apr/2025:15:02:36 -0400] "POST /wp-admin/admin-ajax.php?action=async_litespeed&nonce=iTRRfd38wwvrfXb4B32AEnGeGz2E8D2k&litespeed_type=imgoptm HTTP/1.1" 200 21 "-" "WordPress/6.8; https://servethepeopleinc.org"
40.77.167.116 - - [21/Apr/2025:15:02:40 -0400] "GET /special/welder/40005840.shtml HTTP/1.1" 404 16952 "-" "Mozilla/5.0 AppleWebKit/537.36 (KHTML, like Gecko; compatible; bingbot/2.0; +http://www.bing.com/bingbot.htm) Chrome/116.0.1938.76 Safari/537.36"
40.77.167.116 - - [21/Apr/2025:15:02:50 -0400] "GET /info/physaloides101183506.shtml HTTP/1.1" 404 16943 "-" "Mozilla/5.0 AppleWebKit/537.36 (KHTML, like Gecko; compatible; bingbot/2.0; +http://www.bing.com/bingbot.htm) Chrome/116.0.1938.76 Safari/537.36"
52.167.144.161 - - [21/Apr/2025:15:03:01 -0400] "GET /entity/gs/ HTTP/1.1" 301 0 "-" "Mozilla/5.0 AppleWebKit/537.36 (KHTML, like Gecko; compatible; bingbot/2.0; +http://www.bing.com/bingbot.htm) Chrome/116.0.1938.76 Safari/537.36"
3.22.249.82 - - [21/Apr/2025:15:03:02 -0400] "GET /ad917/?path=%2Fhome%2Fservlmvm%2F..%2F..%2Fusr%2Fshare%2Flibtool%2F..%2Flocale%2Fbe%40latin%2F..%2Fcrh%2F..%2Fes_PY HTTP/1.1" 200 1539 "-" "Mozilla/5.0 AppleWebKit/537.36 (KHTML, like Gecko; compatible; ClaudeBot/1.0; +claudebot@anthropic.com)"
3.22.249.82 - - [21/Apr/2025:15:03:05 -0400] "GET /ad917/?path=%2Fhome%2Fservlmvm%2F..%2F..%2Fusr%2Fshare%2Flibtool%2F..%2Flocale%2Fbe%40latin%2F..%2Fcrh%2F..%2Fes_MX HTTP/1.1" 200 1539 "-" "Mozilla/5.0 AppleWebKit/537.36 (KHTML, like Gecko; compatible; ClaudeBot/1.0; +claudebot@anthropic.com)"
40.77.167.78 - - [21/Apr/2025:15:03:06 -0400] "GET /items/96866510.shtml HTTP/1.1" 301 0 "-" "Mozilla/5.0 AppleWebKit/537.36 (KHTML, like Gecko; compatible; bingbot/2.0; +http://www.bing.com/bingbot.htm) Chrome/116.0.1938.76 Safari/537.36"
3.22.249.82 - - [21/Apr/2025:15:03:08 -0400] "GET /ad917/?path=%2Fhome%2Fservlmvm%2F..%2F..%2Fusr%2Fshare%2Faclocal%2F..%2Flocale%2Fen%40greek%2F..%2Fpon%2F..%2Feu_ES HTTP/1.1" 200 1536 "-" "Mozilla/5.0 AppleWebKit/537.36 (KHTML, like Gecko; compatible; ClaudeBot/1.0; +claudebot@anthropic.com)"
3.22.249.82 - - [21/Apr/2025:15:03:11 -0400] "GET /ad917/?path=%2Fhome%2Fservlmvm%2F..%2F..%2Fusr%2Fshare%2Faclocal%2F..%2Flocale%2Fkw%40uccor%2F..%2Ffon%2F..%2Fhi_IN HTTP/1.1" 200 1535 "-" "Mozilla/5.0 AppleWebKit/537.36 (KHTML, like Gecko; compatible; ClaudeBot/1.0; +claudebot@anthropic.com)"
3.22.249.82 - - [21/Apr/2025:15:03:14 -0400] "GET /ad917/?path=%2Fhome%2Fservlmvm%2F..%2F..%2Fusr%2Fshare%2Flibtool%2F..%2Flocale%2Fbe%40latin%2F..%2Fnew%2F..%2Far_DZ HTTP/1.1" 200 1539 "-" "Mozilla/5.0 AppleWebKit/537.36 (KHTML, like Gecko; compatible; ClaudeBot/1.0; +claudebot@anthropic.com)"
198.54.116.86 - - [21/Apr/2025:15:03:14 -0400] "POST /wp-cron.php?doing_wp_cron=1745262194.7307040691375732421875 HTTP/1.1" 200 0 "-" "WordPress/6.8; https://servethepeopleinc.org"
66.249.65.168 - - [21/Apr/2025:15:03:14 -0400] "GET /info/capacity/1935002.shtml HTTP/1.1" 404 16954 "-" "Mozilla/5.0 (Linux; Android 6.0.1; Nexus 5X Build/MMB29P) AppleWebKit/537.36 (KHTML, like Gecko) Chrome/135.0.7049.95 Mobile Safari/537.36 (compatible; GoogleOther)"
198.54.116.86 - - [21/Apr/2025:15:03:14 -0400] "POST /wp-admin/admin-ajax.php?action=async_litespeed&nonce=KEaIfcFi53aSNxb1uqYetF9hMOl4YMst&litespeed_type=imgoptm HTTP/1.1" 200 21 "-" "WordPress/6.8; https://servethepeopleinc.org"
3.22.249.82 - - [21/Apr/2025:15:03:17 -0400] "GET /ad917/?path=%2Fhome%2Fservlmvm%2F..%2F..%2Fusr%2Fshare%2Flibtool%2F..%2Flocale%2Fbe%40latin%2F..%2Fnew%2F..%2Fko_KR HTTP/1.1" 200 1536 "-" "Mozilla/5.0 AppleWebKit/537.36 (KHTML, like Gecko; compatible; ClaudeBot/1.0; +claudebot@anthropic.com)"
3.22.249.82 - - [21/Apr/2025:15:03:20 -0400] "GET /ad917/?path=%2Fhome%2Fservlmvm%2F..%2F..%2Fusr%2Fshare%2Faclocal%2F..%2Flocale%2Fkw%40uccor%2F..%2Ffon%2F..%2Fbn_BD HTTP/1.1" 200 1534 "-" "Mozilla/5.0 AppleWebKit/537.36 (KHTML, like Gecko; compatible; ClaudeBot/1.0; +claudebot@anthropic.com)"
198.54.116.86 - - [21/Apr/2025:15:03:21 -0400] "POST /wp-cron.php?doing_wp_cron=1745262201.1556360721588134765625 HTTP/1.1" 200 0 "-" "WordPress/6.8; https://servethepeopleinc.org"
52.167.144.161 - - [21/Apr/2025:15:03:21 -0400] "GET /info76141900.shtml HTTP/1.1" 301 0 "-" "Mozilla/5.0 AppleWebKit/537.36 (KHTML, like Gecko; compatible; bingbot/2.0; +http://www.bing.com/bingbot.htm) Chrome/116.0.1938.76 Safari/537.36"
3.22.249.82 - - [21/Apr/2025:15:03:23 -0400] "GET /ad917/?path=%2Fhome%2Fservlmvm%2F..%2F..%2Fusr%2Fshare%2Flibtool%2F..%2Flocale%2Fbe%40latin%2F..%2Fnew%2F..%2Fsr_RS HTTP/1.1" 200 1537 "-" "Mozilla/5.0 AppleWebKit/537.36 (KHTML, like Gecko; compatible; ClaudeBot/1.0; +claudebot@anthropic.com)"
3.22.249.82 - - [21/Apr/2025:15:03:26 -0400] "GET /ad917/?path=%2Fhome%2Fservlmvm%2F..%2F..%2Fusr%2Fshare%2Flibtool%2F..%2Flocale%2Fkw%40kkcor%2F..%2Fraj%2F..%2Ffr_CA HTTP/1.1" 200 1538 "-" "Mozilla/5.0 AppleWebKit/537.36 (KHTML, like Gecko; compatible; ClaudeBot/1.0; +claudebot@anthropic.com)"
3.22.249.82 - - [21/Apr/2025:15:03:29 -0400] "GET /ad917/?path=%2Fhome%2Fservlmvm%2F..%2F..%2Fusr%2Fshare%2Flibtool%2F..%2Flocale%2Fkw%40kkcor%2F..%2Fnyo%2F..%2Fda_DK HTTP/1.1" 200 1539 "-" "Mozilla/5.0 AppleWebKit/537.36 (KHTML, like Gecko; compatible; ClaudeBot/1.0; +claudebot@anthropic.com)"
3.22.249.82 - - [21/Apr/2025:15:03:32 -0400] "GET /ad917/?path=%2Fhome%2Fservlmvm%2F..%2F..%2Fusr%2Fshare%2Flibtool%2F..%2Flocale%2Fkw%40kkcor%2F..%2Fnyo%2F..%2Fmk_MK HTTP/1.1" 200 1540 "-" "Mozilla/5.0 AppleWebKit/537.36 (KHTML, like Gecko; compatible; ClaudeBot/1.0; +claudebot@anthropic.com)"
3.22.249.82 - - [21/Apr/2025:15:03:35 -0400] "GET /ad917/?path=%2Fhome%2Fservlmvm%2F..%2F..%2Fusr%2Fshare%2Flibtool%2F..%2Flocale%2Fkw%40kkcor%2F..%2Fnyo%2F..%2Fbg_BG HTTP/1.1" 200 1538 "-" "Mozilla/5.0 AppleWebKit/537.36 (KHTML, like Gecko; compatible; ClaudeBot/1.0; +claudebot@anthropic.com)"
3.22.249.82 - - [21/Apr/2025:15:03:38 -0400] "GET /ad917/?path=%2Fhome%2Fservlmvm%2F..%2F..%2Fusr%2Fshare%2Flibtool%2F..%2Flocale%2Fkw%40kkcor%2F..%2Fnyo%2F..%2Fsi_LK HTTP/1.1" 200 1539 "-" "Mozilla/5.0 AppleWebKit/537.36 (KHTML, like Gecko; compatible; ClaudeBot/1.0; +claudebot@anthropic.com)"
52.167.144.218 - - [21/Apr/2025:15:03:38 -0400] "GET /goodscode115013414.shtml HTTP/1.1" 301 0 "-" "Mozilla/5.0 AppleWebKit/537.36 (KHTML, like Gecko; compatible; bingbot/2.0; +http://www.bing.com/bingbot.htm) Chrome/116.0.1938.76 Safari/537.36"
3.22.249.82 - - [21/Apr/2025:15:03:41 -0400] "GET /ad917/?path=%2Fhome%2F.%2F..%2Flib64%2Fengines-1.1%2F.%2F..%2Ftk8.6%2F..%2FImageMagick-6.9.13%2F.%2F..%2Flibcriu.so HTTP/1.1" 200 1016 "-" "Mozilla/5.0 AppleWebKit/537.36 (KHTML, like Gecko; compatible; ClaudeBot/1.0; +claudebot@anthropic.com)"
3.22.249.82 - - [21/Apr/2025:15:03:44 -0400] "GET /ad917/?path=%2Fhome%2Fservlmvm%2F..%2F..%2Fusr%2Fshare%2Faclocal%2F..%2Flocale%2Fzh_TW.Big5%2F..%2Fbrx%2F..%2Fcs_CZ HTTP/1.1" 200 1544 "-" "Mozilla/5.0 AppleWebKit/537.36 (KHTML, like Gecko; compatible; ClaudeBot/1.0; +claudebot@anthropic.com)"
3.22.249.82 - - [21/Apr/2025:15:03:47 -0400] "GET /ad917/?path=%2Fhome%2Fservlmvm%2F..%2F..%2Fusr%2Fshare%2Faclocal%2F..%2Flocale%2Fzh_TW.Big5%2F..%2Fbrx%2F..%2Fit_IT HTTP/1.1" 200 1542 "-" "Mozilla/5.0 AppleWebKit/537.36 (KHTML, like Gecko; compatible; ClaudeBot/1.0; +claudebot@anthropic.com)"
3.22.249.82 - - [21/Apr/2025:15:03:50 -0400] "GET /ad917/?path=%2Fhome%2Fservlmvm%2F..%2F..%2Fusr%2Fshare%2Flibtool%2F..%2Flocale%2Fbe%40latin%2F..%2Fcrh%2F..%2Fcs_CZ HTTP/1.1" 200 1538 "-" "Mozilla/5.0 AppleWebKit/537.36 (KHTML, like Gecko; compatible; ClaudeBot/1.0; +claudebot@anthropic.com)"
3.22.249.82 - - [21/Apr/2025:15:03:53 -0400] "GET /ad917/?path=%2Fhome%2Fservlmvm%2F..%2F..%2Fusr%2Fshare%2Faclocal%2F..%2Flocale%2Fkw%40uccor%2F..%2Ffon%2F..%2Fes_CO HTTP/1.1" 200 1535 "-" "Mozilla/5.0 AppleWebKit/537.36 (KHTML, like Gecko; compatible; ClaudeBot/1.0; +claudebot@anthropic.com)"
40.77.167.78 - - [21/Apr/2025:15:03:54 -0400] "GET /detail/51412852.shtml HTTP/1.1" 301 0 "-" "Mozilla/5.0 AppleWebKit/537.36 (KHTML, like Gecko; compatible; bingbot/2.0; +http://www.bing.com/bingbot.htm) Chrome/116.0.1938.76 Safari/537.36"
3.22.249.82 - - [21/Apr/2025:15:03:56 -0400] "GET /ad917/?path=%2Fhome%2Fservlmvm%2F..%2F..%2Fusr%2Fshare%2Faclocal%2F..%2Flocale%2Fcai%2F..%2Fsd%2F..%2Fen%40piglatin HTTP/1.1" 200 1521 "-" "Mozilla/5.0 AppleWebKit/537.36 (KHTML, like Gecko; compatible; ClaudeBot/1.0; +claudebot@anthropic.com)"
52.167.144.174 - - [21/Apr/2025:15:03:56 -0400] "GET /detail/buffeting/71583734.shtml HTTP/1.1" 404 16951 "-" "Mozilla/5.0 AppleWebKit/537.36 (KHTML, like Gecko; compatible; bingbot/2.0; +http://www.bing.com/bingbot.htm) Chrome/116.0.1938.76 Safari/537.36"
52.167.144.218 - - [21/Apr/2025:15:03:58 -0400] "GET /shopping/cq/coumarouna/39834694.shtml HTTP/1.1" 301 0 "-" "Mozilla/5.0 AppleWebKit/537.36 (KHTML, like Gecko; compatible; bingbot/2.0; +http://www.bing.com/bingbot.htm) Chrome/116.0.1938.76 Safari/537.36"
3.22.249.82 - - [21/Apr/2025:15:03:59 -0400] "GET /ad917/?path=%2Fhome%2Fservlmvm%2F..%2F..%2Fusr%2Fshare%2Flibtool%2F..%2Flocale%2Fbe%40latin%2F..%2Fcrh%2F..%2Fsv_SE HTTP/1.1" 200 1537 "-" "Mozilla/5.0 AppleWebKit/537.36 (KHTML, like Gecko; compatible; ClaudeBot/1.0; +claudebot@anthropic.com)"
3.22.249.82 - - [21/Apr/2025:15:04:02 -0400] "GET /ad917/?path=%2Fhome%2Fservlmvm%2F..%2F..%2Fusr%2Fshare%2Flibtool%2F..%2Flocale%2Fkw%40kkcor%2F..%2Fraj%2F..%2Fta_IN HTTP/1.1" 200 1539 "-" "Mozilla/5.0 AppleWebKit/537.36 (KHTML, like Gecko; compatible; ClaudeBot/1.0; +claudebot@anthropic.com)"
3.22.249.82 - - [21/Apr/2025:15:04:05 -0400] "GET /ad917/?path=%2Fhome%2Fservlmvm%2F..%2F..%2Fusr%2Fshare%2Faclocal%2F..%2Flocale%2Fkw%40uccor%2F..%2Ffon%2F..%2Faf_ZA HTTP/1.1" 200 1539 "-" "Mozilla/5.0 AppleWebKit/537.36 (KHTML, like Gecko; compatible; ClaudeBot/1.0; +claudebot@anthropic.com)"
3.22.249.82 - - [21/Apr/2025:15:04:08 -0400] "GET /ad917/?path=%2Fhome%2Fservlmvm%2F..%2F..%2Fusr%2Fshare%2Flibtool%2F..%2Flocale%2Fbe%40latin%2F..%2Fcrh%2F..%2Fca_AD HTTP/1.1" 200 1536 "-" "Mozilla/5.0 AppleWebKit/537.36 (KHTML, like Gecko; compatible; ClaudeBot/1.0; +claudebot@anthropic.com)"
198.54.116.86 - - [21/Apr/2025:15:04:10 -0400] "POST /wp-cron.php?doing_wp_cron=1745262250.9861509799957275390625 HTTP/1.1" 200 0 "-" "WordPress/6.8; https://servethepeopleinc.org"
52.167.144.161 - - [21/Apr/2025:15:04:10 -0400] "GET /items/ds/cragana45154972.shtml HTTP/1.1" 301 0 "-" "Mozilla/5.0 AppleWebKit/537.36 (KHTML, like Gecko; compatible; bingbot/2.0; +http://www.bing.com/bingbot.htm) Chrome/116.0.1938.76 Safari/537.36"
66.249.65.170 - - [21/Apr/2025:15:04:10 -0400] "GET /entity/cg/waketime81746762.shtml HTTP/1.1" 404 16951 "-" "Mozilla/5.0 (Linux; Android 6.0.1; Nexus 5X Build/MMB29P) AppleWebKit/537.36 (KHTML, like Gecko) Chrome/135.0.7049.95 Mobile Safari/537.36 (compatible; GoogleOther)"
198.54.116.86 - - [21/Apr/2025:15:04:11 -0400] "POST /wp-admin/admin-ajax.php?action=async_litespeed&nonce=v4grLYRraUuG6fkK5iXh1Bt5OdHAG3MS&litespeed_type=imgoptm HTTP/1.1" 200 21 "-" "WordPress/6.8; https://servethepeopleinc.org"
3.22.249.82 - - [21/Apr/2025:15:04:11 -0400] "GET /ad917/?path=%2Fhome%2Fservlmvm%2F..%2F..%2Fusr%2Fshare%2Faclocal%2F..%2Flocale%2Fkw%40uccor%2F..%2Ffon%2F..%2Fes_NI HTTP/1.1" 200 1535 "-" "Mozilla/5.0 AppleWebKit/537.36 (KHTML, like Gecko; compatible; ClaudeBot/1.0; +claudebot@anthropic.com)"
3.22.249.82 - - [21/Apr/2025:15:04:14 -0400] "GET /ad917/?path=%2Fhome%2Fservlmvm%2F..%2F..%2Fusr%2Fshare%2Faclocal%2F..%2Flocale%2Fen%40greek%2F..%2Fpon%2F..%2Fur_PK HTTP/1.1" 200 1534 "-" "Mozilla/5.0 AppleWebKit/537.36 (KHTML, like Gecko; compatible; ClaudeBot/1.0; +claudebot@anthropic.com)"
3.22.249.82 - - [21/Apr/2025:15:04:17 -0400] "GET /ad917/?path=%2Fhome%2Fservlmvm%2F..%2F..%2Fusr%2Fshare%2Flibtool%2F..%2Flocale%2Fbe%40latin%2F..%2Fnew%2F..%2Fes_AR HTTP/1.1" 200 1536 "-" "Mozilla/5.0 AppleWebKit/537.36 (KHTML, like Gecko; compatible; ClaudeBot/1.0; +claudebot@anthropic.com)"
3.22.249.82 - - [21/Apr/2025:15:04:20 -0400] "GET /ad917/?path=%2Fhome%2Fservlmvm%2F..%2F..%2Fusr%2Fshare%2Faclocal%2F..%2Flocale%2Fzh_TW.Big5%2F..%2Fbrx%2F..%2Flo_LA HTTP/1.1" 200 1539 "-" "Mozilla/5.0 AppleWebKit/537.36 (KHTML, like Gecko; compatible; ClaudeBot/1.0; +claudebot@anthropic.com)"
198.54.116.86 - - [21/Apr/2025:15:04:21 -0400] "POST /wp-cron.php?doing_wp_cron=1745262261.9538199901580810546875 HTTP/1.1" 200 0 "-" "WordPress/6.8; https://servethepeopleinc.org"
52.167.144.161 - - [21/Apr/2025:15:04:21 -0400] "GET /shopdetail/rhizopoda/60786700.shtml HTTP/1.1" 301 0 "-" "Mozilla/5.0 AppleWebKit/537.36 (KHTML, like Gecko; compatible; bingbot/2.0; +http://www.bing.com/bingbot.htm) Chrome/116.0.1938.76 Safari/537.36"
3.22.249.82 - - [21/Apr/2025:15:04:23 -0400] "GET /ad917/?path=%2Fhome%2F.%2Fservlmvm%2F.trash%2F..%2F.%2Fwww%2F.well-known%2F..%2F5275b%2F..%2Fwp-admin%2Fnetwork.php HTTP/1.1" 200 3274 "-" "Mozilla/5.0 AppleWebKit/537.36 (KHTML, like Gecko; compatible; ClaudeBot/1.0; +claudebot@anthropic.com)"
