18.226.226.164 - - [21/Apr/2025:14:07:31 -0400] "GET /ad917/?path=%2Fhome%2Fservlmvm%2Fpublic_html%2Fad917%2F..%2Fcgi-bin%2F..%2F..%2F.clwpos%2F..%2Flscache%2F0%2F5%2Fb HTTP/1.1" 200 1823 "-" "Mozilla/5.0 AppleWebKit/537.36 (KHTML, like Gecko; compatible; ClaudeBot/1.0; +claudebot@anthropic.com)"
18.226.226.164 - - [21/Apr/2025:14:07:34 -0400] "GET /ad917/?path=%2Fhome%2Fservlmvm%2Fpublic_html%2F..%2Fmail%2F..%2Fpublic_html%2F..%2Fpublic_html%2F..%2Flscache%2F.. HTTP/1.1" 200 2614 "-" "Mozilla/5.0 AppleWebKit/537.36 (KHTML, like Gecko; compatible; ClaudeBot/1.0; +claudebot@anthropic.com)"
66.249.65.168 - - [21/Apr/2025:14:07:35 -0400] "GET /entity/41648120.shtml HTTP/1.1" 404 16941 "-" "Mozilla/5.0 (Linux; Android 6.0.1; Nexus 5X Build/MMB29P) AppleWebKit/537.36 (KHTML, like Gecko) Chrome/135.0.7049.95 Mobile Safari/537.36 (compatible; GoogleOther)"
18.226.226.164 - - [21/Apr/2025:14:07:37 -0400] "GET /ad917/?path=%2Fhome%2Fservlmvm%2Fpublic_html%2Fad917%2F..%2Fcgi-bin%2F..%2F..%2F.clwpos%2F..%2Flscache%2Fc%2F0%2Ff HTTP/1.1" 200 1722 "-" "Mozilla/5.0 AppleWebKit/537.36 (KHTML, like Gecko; compatible; ClaudeBot/1.0; +claudebot@anthropic.com)"
18.226.226.164 - - [21/Apr/2025:14:07:40 -0400] "GET /ad917/?path=%2Fhome%2Fservlmvm%2Fpublic_html%2Fad917%2F..%2Fcgi-bin%2F..%2F..%2F.clwpos%2F..%2Flscache%2Fc%2Fc%2F5 HTTP/1.1" 200 1773 "-" "Mozilla/5.0 AppleWebKit/537.36 (KHTML, like Gecko; compatible; ClaudeBot/1.0; +claudebot@anthropic.com)"
18.226.226.164 - - [21/Apr/2025:14:07:43 -0400] "GET /ad917/?path=%2Fhome%2Fservlmvm%2Fpublic_html%2Fad917%2F..%2Fcgi-bin%2F..%2F..%2F.clwpos%2F..%2Flscache%2F9%2F1%2F3 HTTP/1.1" 200 1823 "-" "Mozilla/5.0 AppleWebKit/537.36 (KHTML, like Gecko; compatible; ClaudeBot/1.0; +claudebot@anthropic.com)"
52.167.144.179 - - [21/Apr/2025:14:07:43 -0400] "GET /product/y/sweepstakes/49425642.shtml HTTP/1.1" 301 0 "-" "Mozilla/5.0 AppleWebKit/537.36 (KHTML, like Gecko; compatible; bingbot/2.0; +http://www.bing.com/bingbot.htm) Chrome/116.0.1938.76 Safari/537.36"
18.226.226.164 - - [21/Apr/2025:14:07:46 -0400] "GET /ad917/?path=%2Fhome%2Fservlmvm%2Fpublic_html%2Fad917%2F..%2Fcgi-bin%2F..%2F..%2F.clwpos%2F..%2Flscache%2F9%2F5%2Fb HTTP/1.1" 200 1792 "-" "Mozilla/5.0 AppleWebKit/537.36 (KHTML, like Gecko; compatible; ClaudeBot/1.0; +claudebot@anthropic.com)"
18.226.226.164 - - [21/Apr/2025:14:07:49 -0400] "GET /ad917/?path=%2Fhome%2F.%2F..%2F..%2Fvar%2Flog%2F..%2Fsoftaculous%2F..%2Fsoftaculous%2Fwp65%2F..%2Fhelpdezk%2Fphp56 HTTP/1.1" 200 1682 "-" "Mozilla/5.0 AppleWebKit/537.36 (KHTML, like Gecko; compatible; ClaudeBot/1.0; +claudebot@anthropic.com)"
18.226.226.164 - - [21/Apr/2025:14:07:52 -0400] "GET /ad917/?path=%2Fhome%2F.%2F.%2F..%2F..%2Flib64%2Fhmaccalc%2F..%2Fsecurity%2F..%2Fmysql%2Flibmysqlclient_r.so.15.0.0 HTTP/1.1" 200 1002 "-" "Mozilla/5.0 AppleWebKit/537.36 (KHTML, like Gecko; compatible; ClaudeBot/1.0; +claudebot@anthropic.com)"
18.226.226.164 - - [21/Apr/2025:14:07:55 -0400] "GET /ad917/?path=%2Fhome%2Fservlmvm%2Fpublic_html%2Fad917%2F..%2Fcgi-bin%2F..%2F..%2F.clwpos%2F..%2Flscache%2F0%2F.%2F5 HTTP/1.1" 200 1699 "-" "Mozilla/5.0 AppleWebKit/537.36 (KHTML, like Gecko; compatible; ClaudeBot/1.0; +claudebot@anthropic.com)"
18.226.226.164 - - [21/Apr/2025:14:07:58 -0400] "GET /ad917/?path=%2Fhome%2Fservlmvm%2Fpublic_html%2Fad917%2F..%2Fcgi-bin%2F..%2F..%2F.clwpos%2F..%2Flscache%2F3%2Fc%2F4 HTTP/1.1" 200 1906 "-" "Mozilla/5.0 AppleWebKit/537.36 (KHTML, like Gecko; compatible; ClaudeBot/1.0; +claudebot@anthropic.com)"
18.226.226.164 - - [21/Apr/2025:14:08:01 -0400] "GET /ad917/?path=%2Fhome%2Fservlmvm%2Fpublic_html%2Fad917%2F..%2Fcgi-bin%2F..%2F..%2F.clwpos%2F..%2Flscache%2F3%2Fc%2F5 HTTP/1.1" 200 1627 "-" "Mozilla/5.0 AppleWebKit/537.36 (KHTML, like Gecko; compatible; ClaudeBot/1.0; +claudebot@anthropic.com)"
66.249.65.169 - - [21/Apr/2025:14:08:03 -0400] "GET /sitemap-hot-2887792.xml HTTP/1.1" 404 16943 "-" "Mozilla/5.0 (compatible; Googlebot/2.1; +http://www.google.com/bot.html)"
18.226.226.164 - - [21/Apr/2025:14:08:04 -0400] "GET /ad917/?path=%2Fhome%2F.%2F..%2F..%2Fvar%2Flog%2F..%2Fsoftaculous%2F..%2Fsoftaculous%2Fwp59%2F..%2Fadminer%2Fimages HTTP/1.1" 200 1598 "-" "Mozilla/5.0 AppleWebKit/537.36 (KHTML, like Gecko; compatible; ClaudeBot/1.0; +claudebot@anthropic.com)"
18.226.226.164 - - [21/Apr/2025:14:08:07 -0400] "GET /ad917/?path=%2Fhome%2Fservlmvm%2Fpublic_html%2Fad917%2F..%2Fcgi-bin%2F..%2F..%2F.clwpos%2F..%2Flscache%2F3%2Fc%2F3 HTTP/1.1" 200 1260 "-" "Mozilla/5.0 AppleWebKit/537.36 (KHTML, like Gecko; compatible; ClaudeBot/1.0; +claudebot@anthropic.com)"
18.226.226.164 - - [21/Apr/2025:14:08:10 -0400] "GET /ad917/?path=%2Fhome%2F.%2F..%2F..%2Fvar%2Flog%2F..%2Fsoftaculous%2F..%2Fsoftaculous%2Ftypo%2F..%2Fprecurio%2Fphp82 HTTP/1.1" 200 1623 "-" "Mozilla/5.0 AppleWebKit/537.36 (KHTML, like Gecko; compatible; ClaudeBot/1.0; +claudebot@anthropic.com)"
18.226.226.164 - - [21/Apr/2025:14:08:13 -0400] "GET /ad917/?path=%2Fhome%2Fservlmvm%2Fpublic_html%2Fad917%2F.%2F..%2Fimages%2Fimages%2F..%2F..%2F.%2Fa4389%2Fa4389%2F.. HTTP/1.1" 200 1588 "-" "Mozilla/5.0 AppleWebKit/537.36 (KHTML, like Gecko; compatible; ClaudeBot/1.0; +claudebot@anthropic.com)"
18.226.226.164 - - [21/Apr/2025:14:08:16 -0400] "GET /ad917/?path=%2Fhome%2Fservlmvm%2Fpublic_html%2Fad917%2F..%2Fcgi-bin%2F..%2F..%2F.clwpos%2F..%2Flscache%2Fc%2F0%2Fd HTTP/1.1" 200 1846 "-" "Mozilla/5.0 AppleWebKit/537.36 (KHTML, like Gecko; compatible; ClaudeBot/1.0; +claudebot@anthropic.com)"
18.226.226.164 - - [21/Apr/2025:14:08:19 -0400] "GET /ad917/?path=%2Fhome%2F.%2F..%2F..%2Fvar%2Flog%2F..%2Fsoftaculous%2F..%2Fsoftaculous%2Fleto%2F..%2Fhubzilla%2Fphp56 HTTP/1.1" 200 1625 "-" "Mozilla/5.0 AppleWebKit/537.36 (KHTML, like Gecko; compatible; ClaudeBot/1.0; +claudebot@anthropic.com)"
18.226.226.164 - - [21/Apr/2025:14:08:22 -0400] "GET /ad917/?path=%2Fhome%2F.%2F..%2F..%2Fvar%2Flog%2F..%2Fsoftaculous%2F..%2Fsoftaculous%2Fwp55%2F..%2Fzeus%2Fnotes.txt HTTP/1.1" 200 1106 "-" "Mozilla/5.0 AppleWebKit/537.36 (KHTML, like Gecko; compatible; ClaudeBot/1.0; +claudebot@anthropic.com)"
18.226.226.164 - - [21/Apr/2025:14:08:25 -0400] "GET /ad917/?path=%2Fhome%2F.%2F..%2F..%2Fvar%2Flog%2F..%2Fsoftaculous%2F..%2Fsoftaculous%2Fleto%2F..%2Fwp58%2Fnotes.txt HTTP/1.1" 200 3563 "-" "Mozilla/5.0 AppleWebKit/537.36 (KHTML, like Gecko; compatible; ClaudeBot/1.0; +claudebot@anthropic.com)"
18.226.226.164 - - [21/Apr/2025:14:08:28 -0400] "GET /ad917/?path=%2Fhome%2Fservlmvm%2Fpublic_html%2Fad917%2F..%2Fcgi-bin%2F..%2F..%2F.clwpos%2F..%2Flscache%2F0%2F.%2Fa HTTP/1.1" 200 1693 "-" "Mozilla/5.0 AppleWebKit/537.36 (KHTML, like Gecko; compatible; ClaudeBot/1.0; +claudebot@anthropic.com)"
18.226.226.164 - - [21/Apr/2025:14:08:31 -0400] "GET /ad917/?path=%2Fhome%2F.%2F..%2F..%2Fvar%2Flog%2F..%2Fsoftaculous%2F..%2Fsoftaculous%2Ffork%2F..%2Fsymfony2%2Fphp56 HTTP/1.1" 200 1571 "-" "Mozilla/5.0 AppleWebKit/537.36 (KHTML, like Gecko; compatible; ClaudeBot/1.0; +claudebot@anthropic.com)"
18.226.226.164 - - [21/Apr/2025:14:08:34 -0400] "GET /ad917/?path=%2Fhome%2F.%2F..%2F..%2Fvar%2Flog%2F..%2Fsoftaculous%2F..%2Fsoftaculous%2Fblab%2F..%2Fnucleus%2Fimages HTTP/1.1" 200 1596 "-" "Mozilla/5.0 AppleWebKit/537.36 (KHTML, like Gecko; compatible; ClaudeBot/1.0; +claudebot@anthropic.com)"
198.54.116.86 - - [21/Apr/2025:14:08:35 -0400] "POST /wp-cron.php?doing_wp_cron=1745258915.4611821174621582031250 HTTP/1.1" 200 0 "-" "WordPress/6.8; https://servethepeopleinc.org"
40.77.167.150 - - [21/Apr/2025:14:08:35 -0400] "GET /shopdetail/b/postulate6764600.shtml HTTP/1.1" 301 0 "-" "Mozilla/5.0 AppleWebKit/537.36 (KHTML, like Gecko; compatible; bingbot/2.0; +http://www.bing.com/bingbot.htm) Chrome/116.0.1938.76 Safari/537.36"
198.54.116.86 - - [21/Apr/2025:14:08:35 -0400] "POST /wp-admin/admin-ajax.php?action=async_litespeed&nonce=NlBPiVUOFtD0Dz0gej8SiAt4OfPdDShN&litespeed_type=imgoptm HTTP/1.1" 200 21 "-" "WordPress/6.8; https://servethepeopleinc.org"
40.77.167.13 - - [21/Apr/2025:14:08:35 -0400] "GET /shopbrand/2365230.shtml HTTP/1.1" 301 0 "-" "Mozilla/5.0 AppleWebKit/537.36 (KHTML, like Gecko; compatible; bingbot/2.0; +http://www.bing.com/bingbot.htm) Chrome/116.0.1938.76 Safari/537.36"
18.226.226.164 - - [21/Apr/2025:14:08:37 -0400] "GET /ad917/?path=%2Fhome%2Fservlmvm%2Fpublic_html%2Fad917%2F..%2Fcgi-bin%2F..%2F..%2F.clwpos%2F..%2Flscache%2F9%2Fe%2F3 HTTP/1.1" 200 1787 "-" "Mozilla/5.0 AppleWebKit/537.36 (KHTML, like Gecko; compatible; ClaudeBot/1.0; +claudebot@anthropic.com)"
52.167.144.197 - - [21/Apr/2025:14:08:39 -0400] "GET /items122474936.shtml HTTP/1.1" 404 16942 "-" "Mozilla/5.0 AppleWebKit/537.36 (KHTML, like Gecko; compatible; bingbot/2.0; +http://www.bing.com/bingbot.htm) Chrome/116.0.1938.76 Safari/537.36"
18.226.226.164 - - [21/Apr/2025:14:08:40 -0400] "GET /ad917/?path=%2Fhome%2F.%2F..%2F..%2F.%2Fhome6%2F..%2Flib64%2Flibpoco-plesk-1.9.0%2F.%2F..%2Fpkgconfig%2F.%2Fxpm.pc HTTP/1.1" 200 1129 "-" "Mozilla/5.0 AppleWebKit/537.36 (KHTML, like Gecko; compatible; ClaudeBot/1.0; +claudebot@anthropic.com)"
18.226.226.164 - - [21/Apr/2025:14:08:43 -0400] "GET /ad917/?path=%2Fhome%2F.%2F.%2F..%2F..%2Flib64%2Fhmaccalc%2F..%2Fsecurity%2F..%2Fmysql%2Flibmysqlclient_r.so.16.0.0 HTTP/1.1" 200 1002 "-" "Mozilla/5.0 AppleWebKit/537.36 (KHTML, like Gecko; compatible; ClaudeBot/1.0; +claudebot@anthropic.com)"
52.167.144.172 - - [21/Apr/2025:14:08:44 -0400] "GET /detail/reduced121828602.shtml HTTP/1.1" 404 16941 "-" "Mozilla/5.0 AppleWebKit/537.36 (KHTML, like Gecko; compatible; bingbot/2.0; +http://www.bing.com/bingbot.htm) Chrome/116.0.1938.76 Safari/537.36"
18.226.226.164 - - [21/Apr/2025:14:08:46 -0400] "GET /ad917/?path=%2Fhome%2F.%2F..%2F..%2F.%2Fhome6%2F..%2Flib64%2Flibpoco-plesk-1.9.0%2F.%2F..%2Fpkgconfig%2F.%2Fxcb.pc HTTP/1.1" 200 1154 "-" "Mozilla/5.0 AppleWebKit/537.36 (KHTML, like Gecko; compatible; ClaudeBot/1.0; +claudebot@anthropic.com)"
18.226.226.164 - - [21/Apr/2025:14:08:49 -0400] "GET /ad917/?path=%2Fhome%2Fservlmvm%2Fpublic_html%2Fad917%2F..%2Fcgi-bin%2F..%2F..%2F.clwpos%2F..%2Flscache%2F0%2Fd%2F9 HTTP/1.1" 200 1723 "-" "Mozilla/5.0 AppleWebKit/537.36 (KHTML, like Gecko; compatible; ClaudeBot/1.0; +claudebot@anthropic.com)"
18.226.226.164 - - [21/Apr/2025:14:08:52 -0400] "GET /ad917/?path=%2Fhome%2F.%2F.%2F..%2F..%2Flib64%2Fkrb5%2F..%2Fpython3.6%2Flib-dynload%2F..%2Fmultiprocessing%2F.%2F. HTTP/1.1" 200 2195 "-" "Mozilla/5.0 AppleWebKit/537.36 (KHTML, like Gecko; compatible; ClaudeBot/1.0; +claudebot@anthropic.com)"
18.226.226.164 - - [21/Apr/2025:14:08:55 -0400] "GET /ad917/?path=%2Fhome%2F.%2F.%2F..%2F..%2Fhome2%2F..%2Flib64%2Flibboost-plesk-1.74%2F.%2F..%2Fpython2.7%2F.%2Fio.pyc HTTP/1.1" 200 1007 "-" "Mozilla/5.0 AppleWebKit/537.36 (KHTML, like Gecko; compatible; ClaudeBot/1.0; +claudebot@anthropic.com)"
18.226.226.164 - - [21/Apr/2025:14:08:58 -0400] "GET /ad917/?path=%2Fhome%2Fservlmvm%2Fpublic_html%2Fad917%2F..%2Fcgi-bin%2F..%2F..%2F.clwpos%2F..%2Flscache%2F0%2F.%2F8 HTTP/1.1" 200 1718 "-" "Mozilla/5.0 AppleWebKit/537.36 (KHTML, like Gecko; compatible; ClaudeBot/1.0; +claudebot@anthropic.com)"
18.226.226.164 - - [21/Apr/2025:14:09:01 -0400] "GET /ad917/?path=%2Fhome%2Fservlmvm%2Fpublic_html%2Fad917%2F..%2Fcgi-bin%2F..%2F..%2F.clwpos%2F..%2Flscache%2Fc%2F0%2F. HTTP/1.1" 200 1693 "-" "Mozilla/5.0 AppleWebKit/537.36 (KHTML, like Gecko; compatible; ClaudeBot/1.0; +claudebot@anthropic.com)"
52.167.144.225 - - [21/Apr/2025:14:09:01 -0400] "GET /shopping/h/tringle42020072.shtml HTTP/1.1" 301 0 "-" "Mozilla/5.0 AppleWebKit/537.36 (KHTML, like Gecko; compatible; bingbot/2.0; +http://www.bing.com/bingbot.htm) Chrome/116.0.1938.76 Safari/537.36"
18.226.226.164 - - [21/Apr/2025:14:09:04 -0400] "GET /ad917/?path=%2Fhome%2F.%2F.%2F..%2F..%2Fhome2%2F..%2Flib64%2Flibboost-plesk-1.74%2F.%2F..%2Fpython2.7%2F.%2Fre.pyc HTTP/1.1" 200 1006 "-" "Mozilla/5.0 AppleWebKit/537.36 (KHTML, like Gecko; compatible; ClaudeBot/1.0; +claudebot@anthropic.com)"
18.226.226.164 - - [21/Apr/2025:14:09:07 -0400] "GET /ad917/?path=%2Fhome%2F.%2F..%2F..%2Fvar%2Flog%2F..%2Fsoftaculous%2F..%2Fsoftaculous%2Fe107%2F..%2Fmoodle45%2Fphp81 HTTP/1.1" 200 1742 "-" "Mozilla/5.0 AppleWebKit/537.36 (KHTML, like Gecko; compatible; ClaudeBot/1.0; +claudebot@anthropic.com)"
18.226.226.164 - - [21/Apr/2025:14:09:10 -0400] "GET /ad917/?path=%2Fhome%2Fservlmvm%2Fpublic_html%2Fad917%2F..%2Fcgi-bin%2F..%2F..%2F.clwpos%2F..%2Flscache%2F3%2Fc%2F9 HTTP/1.1" 200 1700 "-" "Mozilla/5.0 AppleWebKit/537.36 (KHTML, like Gecko; compatible; ClaudeBot/1.0; +claudebot@anthropic.com)"
18.226.226.164 - - [21/Apr/2025:14:09:13 -0400] "GET /ad917/?path=%2Fhome%2F.%2F..%2F..%2Fvar%2Flog%2F..%2Fsoftaculous%2F..%2Fsoftaculous%2Fblab%2F..%2Fqloapps%2Fimages HTTP/1.1" 200 1593 "-" "Mozilla/5.0 AppleWebKit/537.36 (KHTML, like Gecko; compatible; ClaudeBot/1.0; +claudebot@anthropic.com)"
198.54.116.86 - - [21/Apr/2025:14:09:13 -0400] "POST /wp-cron.php?doing_wp_cron=1745258953.7871909141540527343750 HTTP/1.1" 200 0 "-" "WordPress/6.8; https://servethepeopleinc.org"
52.167.144.197 - - [21/Apr/2025:14:09:13 -0400] "GET /info/100317902.shtml HTTP/1.1" 404 16942 "-" "Mozilla/5.0 AppleWebKit/537.36 (KHTML, like Gecko; compatible; bingbot/2.0; +http://www.bing.com/bingbot.htm) Chrome/116.0.1938.76 Safari/537.36"
198.54.116.86 - - [21/Apr/2025:14:09:13 -0400] "POST /wp-admin/admin-ajax.php?action=async_litespeed&nonce=OdliDJyPblVU2YMNofMNO3ErL5geZRhX&litespeed_type=imgoptm HTTP/1.1" 200 21 "-" "WordPress/6.8; https://servethepeopleinc.org"
52.167.144.172 - - [21/Apr/2025:14:09:15 -0400] "GET /goods/fk/dreariment102465464.shtml HTTP/1.1" 404 16950 "-" "Mozilla/5.0 AppleWebKit/537.36 (KHTML, like Gecko; compatible; bingbot/2.0; +http://www.bing.com/bingbot.htm) Chrome/116.0.1938.76 Safari/537.36"
18.226.226.164 - - [21/Apr/2025:14:09:16 -0400] "GET /ad917/?path=%2Fhome%2Fservlmvm%2Fpublic_html%2Fad917%2F..%2Fcgi-bin%2F..%2F..%2F.clwpos%2F..%2Flscache%2F9%2F1%2F6 HTTP/1.1" 200 1622 "-" "Mozilla/5.0 AppleWebKit/537.36 (KHTML, like Gecko; compatible; ClaudeBot/1.0; +claudebot@anthropic.com)"
198.54.116.86 - - [21/Apr/2025:14:09:23 -0400] "POST /wp-cron.php?doing_wp_cron=1745258963.0826060771942138671875 HTTP/1.1" 200 0 "-" "WordPress/6.8; https://servethepeopleinc.org"
52.167.144.225 - - [21/Apr/2025:14:09:22 -0400] "GET /shopbrand/95363768.shtml HTTP/1.1" 301 0 "-" "Mozilla/5.0 AppleWebKit/537.36 (KHTML, like Gecko; compatible; bingbot/2.0; +http://www.bing.com/bingbot.htm) Chrome/116.0.1938.76 Safari/537.36"
40.77.167.13 - - [21/Apr/2025:14:09:53 -0400] "GET /shopbrand/dmc/animadversal/39805248.shtml HTTP/1.1" 301 0 "-" "Mozilla/5.0 AppleWebKit/537.36 (KHTML, like Gecko; compatible; bingbot/2.0; +http://www.bing.com/bingbot.htm) Chrome/116.0.1938.76 Safari/537.36"
52.167.144.197 - - [21/Apr/2025:14:09:54 -0400] "GET /info40524808.shtml HTTP/1.1" 404 16942 "-" "Mozilla/5.0 AppleWebKit/537.36 (KHTML, like Gecko; compatible; bingbot/2.0; +http://www.bing.com/bingbot.htm) Chrome/116.0.1938.76 Safari/537.36"
198.54.116.86 - - [21/Apr/2025:14:10:16 -0400] "POST /wp-cron.php?doing_wp_cron=1745259016.3895649909973144531250 HTTP/1.1" 200 0 "-" "WordPress/6.8; https://servethepeopleinc.org"
52.167.144.179 - - [21/Apr/2025:14:10:16 -0400] "GET /products68444540.shtml HTTP/1.1" 301 0 "-" "Mozilla/5.0 AppleWebKit/537.36 (KHTML, like Gecko; compatible; bingbot/2.0; +http://www.bing.com/bingbot.htm) Chrome/116.0.1938.76 Safari/537.36"
198.54.116.86 - - [21/Apr/2025:14:10:16 -0400] "POST /wp-admin/admin-ajax.php?action=async_litespeed&nonce=UABTEIOtJ5O8vDnIrs5RvNMuh9ZEDd88&litespeed_type=imgoptm HTTP/1.1" 200 21 "-" "WordPress/6.8; https://servethepeopleinc.org"
66.249.65.168 - - [21/Apr/2025:14:10:25 -0400] "GET /item/zac/macroscelides/21326320.shtml HTTP/1.1" 404 16951 "-" "Mozilla/5.0 (Linux; Android 6.0.1; Nexus 5X Build/MMB29P) AppleWebKit/537.36 (KHTML, like Gecko) Chrome/135.0.7049.95 Mobile Safari/537.36 (compatible; GoogleOther)"
3.15.226.5 - - [21/Apr/2025:14:10:29 -0400] "GET /ad917/?path=%2Fhome%2F.%2F.%2F..%2Fbin%2F..%2Flib64%2Fopen-vm-tools%2F..%2Fplymouth%2F..%2Flibply-boot-client.so.5 HTTP/1.1" 200 1002 "-" "Mozilla/5.0 AppleWebKit/537.36 (KHTML, like Gecko; compatible; ClaudeBot/1.0; +claudebot@anthropic.com)"
3.15.226.5 - - [21/Apr/2025:14:10:31 -0400] "GET /ad917/?path=%2Fhome%2F.%2F.%2F..%2Fbin%2F..%2Flib64%2Fopen-vm-tools%2F..%2Fplymouth%2F..%2Flibxcb-xf86dri.so.0.0.0 HTTP/1.1" 200 1004 "-" "Mozilla/5.0 AppleWebKit/537.36 (KHTML, like Gecko; compatible; ClaudeBot/1.0; +claudebot@anthropic.com)"
3.15.226.5 - - [21/Apr/2025:14:10:34 -0400] "GET /ad917/?path=%2Fhome%2F.%2F.%2F..%2Frun%2F..%2Flib64%2Fgstreamer-1.0%2F..%2Fsecurity%2F..%2Flibverto-libev.so.1.0.0 HTTP/1.1" 200 995 "-" "Mozilla/5.0 AppleWebKit/537.36 (KHTML, like Gecko; compatible; ClaudeBot/1.0; +claudebot@anthropic.com)"
3.15.226.5 - - [21/Apr/2025:14:10:37 -0400] "GET /ad917/?path=%2Fhome%2F.%2F.%2F..%2Fbin%2F..%2Flib64%2Fopen-vm-tools%2F..%2Fplymouth%2F..%2FlibOpenIPMIcmdlang.so.0 HTTP/1.1" 200 1007 "-" "Mozilla/5.0 AppleWebKit/537.36 (KHTML, like Gecko; compatible; ClaudeBot/1.0; +claudebot@anthropic.com)"
3.15.226.5 - - [21/Apr/2025:14:10:40 -0400] "GET /ad917/?path=%2Fhome%2F.%2F.%2F..%2Frun%2F..%2Flib64%2Fgstreamer-1.0%2F..%2Fsecurity%2F..%2Flibxmlsec1-openssl.so.1 HTTP/1.1" 200 997 "-" "Mozilla/5.0 AppleWebKit/537.36 (KHTML, like Gecko; compatible; ClaudeBot/1.0; +claudebot@anthropic.com)"
3.15.226.5 - - [21/Apr/2025:14:10:43 -0400] "GET /ad917/?path=%2Fhome%2F.%2F.%2F..%2Frun%2F..%2Flib64%2Fgstreamer-1.0%2F..%2Fsecurity%2F..%2Flibtss2-tcti-mssim.so.0 HTTP/1.1" 200 998 "-" "Mozilla/5.0 AppleWebKit/537.36 (KHTML, like Gecko; compatible; ClaudeBot/1.0; +claudebot@anthropic.com)"
52.167.144.179 - - [21/Apr/2025:14:10:44 -0400] "GET /products/6895854.shtml HTTP/1.1" 301 0 "-" "Mozilla/5.0 AppleWebKit/537.36 (KHTML, like Gecko; compatible; bingbot/2.0; +http://www.bing.com/bingbot.htm) Chrome/116.0.1938.76 Safari/537.36"
52.167.144.172 - - [21/Apr/2025:14:10:44 -0400] "GET /shopbrand/eyalet80017240.shtml HTTP/1.1" 404 16943 "-" "Mozilla/5.0 AppleWebKit/537.36 (KHTML, like Gecko; compatible; bingbot/2.0; +http://www.bing.com/bingbot.htm) Chrome/116.0.1938.76 Safari/537.36"
3.15.226.5 - - [21/Apr/2025:14:10:46 -0400] "GET /ad917/?path=%2Fhome%2F.%2Fservlmvm%2Fspekkshealth.com%2Fwp-includes%2Fcustomize%2F..%2Ffonts%2F..%2Fclass-pop3.php HTTP/1.1" 200 6221 "-" "Mozilla/5.0 AppleWebKit/537.36 (KHTML, like Gecko; compatible; ClaudeBot/1.0; +claudebot@anthropic.com)"
3.15.226.5 - - [21/Apr/2025:14:10:49 -0400] "GET /ad917/?path=%2Fhome%2F.%2F.%2F..%2Frun%2F..%2Flib64%2Fgstreamer-1.0%2F..%2Fsecurity%2F..%2Flibply-splash-core.so.5 HTTP/1.1" 200 998 "-" "Mozilla/5.0 AppleWebKit/537.36 (KHTML, like Gecko; compatible; ClaudeBot/1.0; +claudebot@anthropic.com)"
52.167.144.225 - - [21/Apr/2025:14:10:52 -0400] "GET /item/2557762.shtml HTTP/1.1" 301 0 "-" "Mozilla/5.0 AppleWebKit/537.36 (KHTML, like Gecko; compatible; bingbot/2.0; +http://www.bing.com/bingbot.htm) Chrome/116.0.1938.76 Safari/537.36"
3.15.226.5 - - [21/Apr/2025:14:10:52 -0400] "GET /ad917/?path=%2Fhome%2F.%2Fservlmvm%2Fspekkshealth.com%2Fwp-includes%2Fblock-supports%2F..%2F.%2F.%2Fblock-bindings HTTP/1.1" 200 1625 "-" "Mozilla/5.0 AppleWebKit/537.36 (KHTML, like Gecko; compatible; ClaudeBot/1.0; +claudebot@anthropic.com)"
3.15.226.5 - - [21/Apr/2025:14:10:55 -0400] "GET /ad917/?path=%2Fhome%2F.%2F.%2F..%2Frun%2F..%2Flib64%2Fgstreamer-1.0%2F..%2Fsecurity%2F..%2FlibIlmImfUtil-2_2.so.22 HTTP/1.1" 200 1002 "-" "Mozilla/5.0 AppleWebKit/537.36 (KHTML, like Gecko; compatible; ClaudeBot/1.0; +claudebot@anthropic.com)"
3.15.226.5 - - [21/Apr/2025:14:10:58 -0400] "GET /ad917/?path=%2Fhome%2F.%2F.%2F..%2Frun%2F..%2Flib64%2Fgstreamer-1.0%2F..%2Fsecurity%2F..%2Flibxcb-present.so.0.0.0 HTTP/1.1" 200 998 "-" "Mozilla/5.0 AppleWebKit/537.36 (KHTML, like Gecko; compatible; ClaudeBot/1.0; +claudebot@anthropic.com)"
3.15.226.5 - - [21/Apr/2025:14:11:01 -0400] "GET /ad917/?path=%2Fhome%2F.%2Fservlmvm%2Fspekkshealth.com%2Fwp-includes%2Fblock-supports%2F..%2F.%2F.%2Fformatting.php HTTP/1.1" 200 64521 "-" "Mozilla/5.0 AppleWebKit/537.36 (KHTML, like Gecko; compatible; ClaudeBot/1.0; +claudebot@anthropic.com)"
3.15.226.5 - - [21/Apr/2025:14:11:04 -0400] "GET /ad917/?path=%2Fhome%2F.%2F.%2F..%2Fbin%2F..%2Flib64%2Fopen-vm-tools%2F..%2Fplymouth%2F..%2Flibipmiconsole.so.2.3.6 HTTP/1.1" 200 1004 "-" "Mozilla/5.0 AppleWebKit/537.36 (KHTML, like Gecko; compatible; ClaudeBot/1.0; +claudebot@anthropic.com)"
3.15.226.5 - - [21/Apr/2025:14:11:07 -0400] "GET /ad917/?path=%2Fhome%2F.%2Fservlmvm%2Fspekkshealth.com%2Fwp-includes%2Ffonts%2F.%2F.%2F..%2Fclass-wp-date-query.php HTTP/1.1" 200 10138 "-" "Mozilla/5.0 AppleWebKit/537.36 (KHTML, like Gecko; compatible; ClaudeBot/1.0; +claudebot@anthropic.com)"
3.15.226.5 - - [21/Apr/2025:14:11:10 -0400] "GET /ad917/?path=%2Fhome%2F.%2Fservlmvm%2Fspekkshealth.com%2Fwp-includes%2Ffonts%2F.%2F.%2F..%2Fclass-wp-dependency.php HTTP/1.1" 200 1882 "-" "Mozilla/5.0 AppleWebKit/537.36 (KHTML, like Gecko; compatible; ClaudeBot/1.0; +claudebot@anthropic.com)"
3.15.226.5 - - [21/Apr/2025:14:11:13 -0400] "GET /ad917/?path=%2Fhome%2F.%2Fservlmvm%2Fpublic_html%2Fwp-includes%2FPHPMailer%2F..%2F.%2Fjs%2Fmedia-audiovideo.min.js HTTP/1.1" 200 4590 "-" "Mozilla/5.0 AppleWebKit/537.36 (KHTML, like Gecko; compatible; ClaudeBot/1.0; +claudebot@anthropic.com)"
198.54.116.86 - - [21/Apr/2025:14:11:15 -0400] "POST /wp-cron.php?doing_wp_cron=1745259075.2518830299377441406250 HTTP/1.1" 200 0 "-" "WordPress/6.8; https://servethepeopleinc.org"
52.167.144.179 - - [21/Apr/2025:14:11:15 -0400] "GET /goods/rci/drowth/12846556.shtml HTTP/1.1" 301 0 "-" "Mozilla/5.0 AppleWebKit/537.36 (KHTML, like Gecko; compatible; bingbot/2.0; +http://www.bing.com/bingbot.htm) Chrome/116.0.1938.76 Safari/537.36"
198.54.116.86 - - [21/Apr/2025:14:11:15 -0400] "POST /wp-admin/admin-ajax.php?action=async_litespeed&nonce=4QyYK4X2GYrrZaA3BXr5uOUGYgd4iyZf&litespeed_type=imgoptm HTTP/1.1" 200 21 "-" "WordPress/6.8; https://servethepeopleinc.org"
3.15.226.5 - - [21/Apr/2025:14:11:16 -0400] "GET /ad917/?path=%2Fhome%2F.%2Fservlmvm%2Fpublic_html%2Fwp-includes%2FPHPMailer%2F.%2F..%2Fjs%2Fwp-ajax-response.min.js HTTP/1.1" 200 2176 "-" "Mozilla/5.0 AppleWebKit/537.36 (KHTML, like Gecko; compatible; ClaudeBot/1.0; +claudebot@anthropic.com)"
3.15.226.5 - - [21/Apr/2025:14:11:19 -0400] "GET /ad917/?path=%2Fhome%2Fservlmvm%2F..%2F..%2Fvar%2Fsoftaculous%2Fphproj%2F.%2F..%2Fmoodle28%2F..%2Ffluxbb%2Flanguages HTTP/1.1" 200 1503 "-" "Mozilla/5.0 AppleWebKit/537.36 (KHTML, like Gecko; compatible; ClaudeBot/1.0; +claudebot@anthropic.com)"
198.54.116.86 - - [21/Apr/2025:14:11:20 -0400] "POST /wp-cron.php?doing_wp_cron=1745259080.0426020622253417968750 HTTP/1.1" 200 0 "-" "WordPress/6.8; https://servethepeopleinc.org"
66.249.65.168 - - [21/Apr/2025:14:11:19 -0400] "GET /shopdetail/ruthful/28173662.shtml HTTP/1.1" 404 16951 "-" "Mozilla/5.0 (Linux; Android 6.0.1; Nexus 5X Build/MMB29P) AppleWebKit/537.36 (KHTML, like Gecko) Chrome/135.0.7049.95 Mobile Safari/537.36 (compatible; Googlebot/2.1; +http://www.google.com/bot.html)"
3.15.226.5 - - [21/Apr/2025:14:11:22 -0400] "GET /ad917/?path=%2Fhome%2Fservlmvm%2F..%2F.%2F..%2Fopt%2Fapp-version-detector%2F..%2Fliblve%2F..%2Fai-bolit%2Fprocu2.db HTTP/1.1" 200 1009 "-" "Mozilla/5.0 AppleWebKit/537.36 (KHTML, like Gecko; compatible; ClaudeBot/1.0; +claudebot@anthropic.com)"
3.15.226.5 - - [21/Apr/2025:14:11:25 -0400] "GET /ad917/?path=%2Fhome%2F.%2Fservlmvm%2Fpublic_html%2Fwp-includes%2Fcustomize%2F.%2F..%2Fjs%2Fwp-ajax-response.min.js HTTP/1.1" 200 2173 "-" "Mozilla/5.0 AppleWebKit/537.36 (KHTML, like Gecko; compatible; ClaudeBot/1.0; +claudebot@anthropic.com)"
66.249.65.168 - - [21/Apr/2025:14:11:25 -0400] "GET /shopping/catso/31961576.shtml HTTP/1.1" 404 16953 "-" "Mozilla/5.0 (Linux; Android 6.0.1; Nexus 5X Build/MMB29P) AppleWebKit/537.36 (KHTML, like Gecko) Chrome/135.0.7049.95 Mobile Safari/537.36 (compatible; Googlebot/2.1; +http://www.google.com/bot.html)"
3.15.226.5 - - [21/Apr/2025:14:11:28 -0400] "GET /ad917/?path=%2Fhome%2F.%2Fservlmvm%2Fpublic_html%2Fwp-includes%2FPHPMailer%2F.%2F..%2Fjs%2Fcustomize-loader.min.js HTTP/1.1" 200 2405 "-" "Mozilla/5.0 AppleWebKit/537.36 (KHTML, like Gecko; compatible; ClaudeBot/1.0; +claudebot@anthropic.com)"
3.15.226.5 - - [21/Apr/2025:14:11:31 -0400] "GET /ad917/?path=%2Fhome%2F.%2Fservlmvm%2Fpublic_html%2Fwp-includes%2FSimplePie%2F.%2F..%2Fjs%2Fwp-emoji-release.min.js HTTP/1.1" 200 6162 "-" "Mozilla/5.0 AppleWebKit/537.36 (KHTML, like Gecko; compatible; ClaudeBot/1.0; +claudebot@anthropic.com)"
52.167.144.225 - - [21/Apr/2025:14:11:33 -0400] "GET /shopdetail52376416.shtml HTTP/1.1" 301 0 "-" "Mozilla/5.0 AppleWebKit/537.36 (KHTML, like Gecko; compatible; bingbot/2.0; +http://www.bing.com/bingbot.htm) Chrome/116.0.1938.76 Safari/537.36"
3.15.226.5 - - [21/Apr/2025:14:11:34 -0400] "GET /ad917/?path=%2Fhome%2Fservlmvm%2F.%2Fpublic_html%2F.%2Fwp-includes%2F.%2F.%2Fassets%2F..%2Fclass-wp-theme-json.php HTTP/1.1" 200 40584 "-" "Mozilla/5.0 AppleWebKit/537.36 (KHTML, like Gecko; compatible; ClaudeBot/1.0; +claudebot@anthropic.com)"
66.249.65.168 - - [21/Apr/2025:14:11:36 -0400] "GET /item/72044380.shtml HTTP/1.1" 404 16941 "-" "Mozilla/5.0 (Linux; Android 6.0.1; Nexus 5X Build/MMB29P) AppleWebKit/537.36 (KHTML, like Gecko) Chrome/135.0.7049.95 Mobile Safari/537.36 (compatible; Googlebot/2.1; +http://www.google.com/bot.html)"
3.15.226.5 - - [21/Apr/2025:14:11:37 -0400] "GET /ad917/?path=%2Fhome%2F.%2Fservlmvm%2Fspekkshealth.com%2Fwp-includes%2Fimages%2F..%2F..%2Fwp-includes%2Fwidgets.php HTTP/1.1" 200 17817 "-" "Mozilla/5.0 AppleWebKit/537.36 (KHTML, like Gecko; compatible; ClaudeBot/1.0; +claudebot@anthropic.com)"
3.15.226.5 - - [21/Apr/2025:14:11:40 -0400] "GET /ad917/?path=%2Fhome%2F.%2Fservlmvm%2Fspekkshealth.com%2Fwp-includes%2Ffonts%2F.%2F.%2F..%2Fspl-autoload-compat.php HTTP/1.1" 200 1262 "-" "Mozilla/5.0 AppleWebKit/537.36 (KHTML, like Gecko; compatible; ClaudeBot/1.0; +claudebot@anthropic.com)"
52.167.144.225 - - [21/Apr/2025:14:11:42 -0400] "GET /products/z/backband/80351040.shtml HTTP/1.1" 301 0 "-" "Mozilla/5.0 AppleWebKit/537.36 (KHTML, like Gecko; compatible; bingbot/2.0; +http://www.bing.com/bingbot.htm) Chrome/116.0.1938.76 Safari/537.36"
3.15.226.5 - - [21/Apr/2025:14:11:43 -0400] "GET /ad917/?path=%2Fhome%2F.%2Fservlmvm%2Fpublic_html%2Fwp-includes%2Fcustomize%2F.%2F..%2Fjs%2Fcustomize-loader.min.js HTTP/1.1" 200 2398 "-" "Mozilla/5.0 AppleWebKit/537.36 (KHTML, like Gecko; compatible; ClaudeBot/1.0; +claudebot@anthropic.com)"
3.15.226.5 - - [21/Apr/2025:14:11:46 -0400] "GET /ad917/?path=%2Fhome%2Fservlmvm%2F..%2F..%2Fvar%2Fsoftaculous%2Fclassicpress%2F..%2Fcontao%2F..%2Fzikula%2F_edit.php HTTP/1.1" 200 2119 "-" "Mozilla/5.0 AppleWebKit/537.36 (KHTML, like Gecko; compatible; ClaudeBot/1.0; +claudebot@anthropic.com)"
3.15.226.5 - - [21/Apr/2025:14:11:49 -0400] "GET /ad917/?path=%2Fhome%2Fservlmvm%2F.%2Fpublic_html%2F.%2Fwp-includes%2F.%2F.%2Fassets%2F..%2Fclass-wp-block-type.php HTTP/1.1" 200 5090 "-" "Mozilla/5.0 AppleWebKit/537.36 (KHTML, like Gecko; compatible; ClaudeBot/1.0; +claudebot@anthropic.com)"
3.15.226.5 - - [21/Apr/2025:14:11:52 -0400] "GET /ad917/?path=%2Fhome%2Fservlmvm%2F..%2F..%2Fvar%2Fsoftaculous%2Fphproj%2F.%2F..%2Fmoodle28%2F..%2Fampache%2Fedit.php HTTP/1.1" 200 3984 "-" "Mozilla/5.0 AppleWebKit/537.36 (KHTML, like Gecko; compatible; ClaudeBot/1.0; +claudebot@anthropic.com)"
66.249.65.168 - - [21/Apr/2025:14:11:53 -0400] "GET /shopdetail/approximating/74349114.shtml HTTP/1.1" 404 16954 "-" "Mozilla/5.0 (Linux; Android 6.0.1; Nexus 5X Build/MMB29P) AppleWebKit/537.36 (KHTML, like Gecko) Chrome/135.0.7049.95 Mobile Safari/537.36 (compatible; Googlebot/2.1; +http://www.google.com/bot.html)"
66.249.65.168 - - [21/Apr/2025:14:11:55 -0400] "GET /item/59515474.shtml HTTP/1.1" 404 16941 "-" "Mozilla/5.0 (Linux; Android 6.0.1; Nexus 5X Build/MMB29P) AppleWebKit/537.36 (KHTML, like Gecko) Chrome/135.0.7049.95 Mobile Safari/537.36 (compatible; Googlebot/2.1; +http://www.google.com/bot.html)"
3.15.226.5 - - [21/Apr/2025:14:11:55 -0400] "GET /ad917/?path=%2Fhome%2Fservlmvm%2F..%2F..%2Fvar%2Fsoftaculous%2Fclassicpress%2F..%2Fmoodle311%2F..%2Fmodx%2Fedit.php HTTP/1.1" 200 5038 "-" "Mozilla/5.0 AppleWebKit/537.36 (KHTML, like Gecko; compatible; ClaudeBot/1.0; +claudebot@anthropic.com)"
66.249.65.168 - - [21/Apr/2025:14:11:58 -0400] "GET /detail/goracco122045594.shtml HTTP/1.1" 404 16941 "-" "Mozilla/5.0 (Linux; Android 6.0.1; Nexus 5X Build/MMB29P) AppleWebKit/537.36 (KHTML, like Gecko) Chrome/135.0.7049.95 Mobile Safari/537.36 (compatible; Googlebot/2.1; +http://www.google.com/bot.html)"
52.167.144.225 - - [21/Apr/2025:14:11:58 -0400] "GET /goodscode/g/belgard12743450.shtml HTTP/1.1" 301 0 "-" "Mozilla/5.0 AppleWebKit/537.36 (KHTML, like Gecko; compatible; bingbot/2.0; +http://www.bing.com/bingbot.htm) Chrome/116.0.1938.76 Safari/537.36"
3.15.226.5 - - [21/Apr/2025:14:11:58 -0400] "GET /ad917/?path=%2Fhome%2F.%2Fservlmvm%2Fspekkshealth.com%2Fwp-includes%2Ffonts%2F.%2F.%2F..%2Fclass-wp-theme-json.php HTTP/1.1" 200 40640 "-" "Mozilla/5.0 AppleWebKit/537.36 (KHTML, like Gecko; compatible; ClaudeBot/1.0; +claudebot@anthropic.com)"
3.15.226.5 - - [21/Apr/2025:14:12:02 -0400] "GET /ad917/?path=%2Fhome%2Fservlmvm%2F..%2F..%2Fvar%2Fsoftaculous%2Fphproj%2F.%2F..%2Fmoodle28%2F..%2Fchamilo%2Finfo.xml HTTP/1.1" 200 2334 "-" "Mozilla/5.0 AppleWebKit/537.36 (KHTML, like Gecko; compatible; ClaudeBot/1.0; +claudebot@anthropic.com)"
3.15.226.5 - - [21/Apr/2025:14:12:05 -0400] "GET /ad917/?path=%2Fhome%2Fservlmvm%2F.%2Fpublic_html%2F.%2Fwp-includes%2F.%2F.%2Fassets%2F..%2Ffunctions.wp-styles.php HTTP/1.1" 200 3430 "-" "Mozilla/5.0 AppleWebKit/537.36 (KHTML, like Gecko; compatible; ClaudeBot/1.0; +claudebot@anthropic.com)"
198.54.116.86 - - [21/Apr/2025:14:12:07 -0400] "POST /wp-cron.php?doing_wp_cron=1745259127.2750298976898193359375 HTTP/1.1" 200 0 "-" "WordPress/6.8; https://servethepeopleinc.org"
66.249.65.170 - - [21/Apr/2025:14:12:07 -0400] "GET /items/3316026.shtml HTTP/1.1" 404 16944 "-" "Mozilla/5.0 (Linux; Android 6.0.1; Nexus 5X Build/MMB29P) AppleWebKit/537.36 (KHTML, like Gecko) Chrome/135.0.7049.95 Mobile Safari/537.36 (compatible; Googlebot/2.1; +http://www.google.com/bot.html)"
198.54.116.86 - - [21/Apr/2025:14:12:07 -0400] "POST /wp-admin/admin-ajax.php?action=async_litespeed&nonce=3dNz3CPeuqE6z3PLQpGYQTG71v9AFmdn&litespeed_type=imgoptm HTTP/1.1" 200 21 "-" "WordPress/6.8; https://servethepeopleinc.org"
3.15.226.5 - - [21/Apr/2025:14:12:08 -0400] "GET /ad917/?path=%2Fhome%2F.%2Fservlmvm%2Fpublic_html%2Fwp-includes%2FPHPMailer%2F..%2F.%2Fjs%2Fcustomize-loader.min.js HTTP/1.1" 200 2395 "-" "Mozilla/5.0 AppleWebKit/537.36 (KHTML, like Gecko; compatible; ClaudeBot/1.0; +claudebot@anthropic.com)"
3.15.226.5 - - [21/Apr/2025:14:12:11 -0400] "GET /ad917/?path=%2Fhome%2Fservlmvm%2F..%2F..%2Fvar%2Fsoftaculous%2Fphproj%2F.%2F..%2Fmoodle28%2F..%2Ffluxbb%2Fnotes.txt HTTP/1.1" 200 1143 "-" "Mozilla/5.0 AppleWebKit/537.36 (KHTML, like Gecko; compatible; ClaudeBot/1.0; +claudebot@anthropic.com)"
3.15.226.5 - - [21/Apr/2025:14:12:14 -0400] "GET /ad917/?path=%2Fhome%2Fservlmvm%2F..%2F..%2Fvar%2Fsoftaculous%2Fclassicpress%2F..%2Fcontao%2F..%2Fzentao%2Fnotes.txt HTTP/1.1" 200 1796 "-" "Mozilla/5.0 AppleWebKit/537.36 (KHTML, like Gecko; compatible; ClaudeBot/1.0; +claudebot@anthropic.com)"
3.15.226.5 - - [21/Apr/2025:14:12:17 -0400] "GET /ad917/?path=%2Fhome%2F.%2F..%2F..%2Flib%2Fgcc%2F..%2Flocale%2Fen_GB.iso885915%2F..%2F.%2F.%2Fen_ZW.utf8%2FLC_CTYPE HTTP/1.1" 200 1016 "-" "Mozilla/5.0 AppleWebKit/537.36 (KHTML, like Gecko; compatible; ClaudeBot/1.0; +claudebot@anthropic.com)"
198.54.116.86 - - [21/Apr/2025:14:12:18 -0400] "POST /wp-cron.php?doing_wp_cron=1745259138.3814780712127685546875 HTTP/1.1" 200 0 "-" "WordPress/6.8; https://servethepeopleinc.org"
66.249.65.168 - - [21/Apr/2025:14:12:18 -0400] "GET /entity/74881296.shtml HTTP/1.1" 404 16940 "-" "Mozilla/5.0 (Linux; Android 6.0.1; Nexus 5X Build/MMB29P) AppleWebKit/537.36 (KHTML, like Gecko) Chrome/135.0.7049.95 Mobile Safari/537.36 (compatible; Googlebot/2.1; +http://www.google.com/bot.html)"
3.15.226.5 - - [21/Apr/2025:14:12:20 -0400] "GET /ad917/?path=%2Fhome%2F.%2Fservlmvm%2Fpublic_html%2Fwp-includes%2FSimplePie%2F.%2F..%2Fjs%2Fcustomize-models.min.js HTTP/1.1" 200 2201 "-" "Mozilla/5.0 AppleWebKit/537.36 (KHTML, like Gecko; compatible; ClaudeBot/1.0; +claudebot@anthropic.com)"
3.15.226.5 - - [21/Apr/2025:14:12:23 -0400] "GET /ad917/?path=%2Fhome%2F.%2Fservlmvm%2Fspekkshealth.com%2Fwp-includes%2Ffonts%2F.%2F.%2F..%2Fclass-wp-block-type.php HTTP/1.1" 200 5108 "-" "Mozilla/5.0 AppleWebKit/537.36 (KHTML, like Gecko; compatible; ClaudeBot/1.0; +claudebot@anthropic.com)"
66.249.65.168 - - [21/Apr/2025:14:12:23 -0400] "GET /info/lavishment/90235300.shtml HTTP/1.1" 404 16951 "-" "Mozilla/5.0 (Linux; Android 6.0.1; Nexus 5X Build/MMB29P) AppleWebKit/537.36 (KHTML, like Gecko) Chrome/135.0.7049.95 Mobile Safari/537.36 (compatible; Googlebot/2.1; +http://www.google.com/bot.html)"
3.15.226.5 - - [21/Apr/2025:14:12:26 -0400] "GET /ad917/?path=%2Fhome%2F.%2Fservlmvm%2Fpublic_html%2Fwp-includes%2FPHPMailer%2F..%2F.%2Fjs%2Fwp-emoji-release.min.js HTTP/1.1" 200 6193 "-" "Mozilla/5.0 AppleWebKit/537.36 (KHTML, like Gecko; compatible; ClaudeBot/1.0; +claudebot@anthropic.com)"
66.249.65.168 - - [21/Apr/2025:14:12:26 -0400] "GET /goodscode/gargalize122074912.shtml HTTP/1.1" 404 16940 "-" "Mozilla/5.0 (Linux; Android 6.0.1; Nexus 5X Build/MMB29P) AppleWebKit/537.36 (KHTML, like Gecko) Chrome/135.0.7049.95 Mobile Safari/537.36 (compatible; Googlebot/2.1; +http://www.google.com/bot.html)"
3.15.226.5 - - [21/Apr/2025:14:12:29 -0400] "GET /ad917/?path=%2Fhome%2F.%2Fservlmvm%2Fpublic_html%2Fwp-includes%2FSimplePie%2F.%2F..%2Fjs%2Fwp-custom-header.min.js HTTP/1.1" 200 2629 "-" "Mozilla/5.0 AppleWebKit/537.36 (KHTML, like Gecko; compatible; ClaudeBot/1.0; +claudebot@anthropic.com)"
3.15.226.5 - - [21/Apr/2025:14:12:32 -0400] "GET /ad917/?path=%2Fhome%2Fservlmvm%2F.%2Fpublic_html%2F.%2Fwp-includes%2F.%2F.%2Fassets%2F..%2Fclass-wp-block-list.php HTTP/1.1" 200 2126 "-" "Mozilla/5.0 AppleWebKit/537.36 (KHTML, like Gecko; compatible; ClaudeBot/1.0; +claudebot@anthropic.com)"
3.15.226.5 - - [21/Apr/2025:14:12:35 -0400] "GET /ad917/?path=%2Fhome%2Fservlmvm%2F..%2F..%2Fvar%2Fsoftaculous%2Fclassicpress%2F..%2Fmoodle311%2F..%2Fmodx%2Fmodx.zip HTTP/1.1" 200 1009 "-" "Mozilla/5.0 AppleWebKit/537.36 (KHTML, like Gecko; compatible; ClaudeBot/1.0; +claudebot@anthropic.com)"
66.249.65.168 - - [21/Apr/2025:14:12:35 -0400] "GET /categories/1310144?num=33241 HTTP/1.1" 404 16940 "-" "Mozilla/5.0 (Linux; Android 6.0.1; Nexus 5X Build/MMB29P) AppleWebKit/537.36 (KHTML, like Gecko) Chrome/135.0.7049.95 Mobile Safari/537.36 (compatible; Googlebot/2.1; +http://www.google.com/bot.html)"
66.249.65.168 - - [21/Apr/2025:14:13:00 -0400] "GET /product/1208386.shtml HTTP/1.1" 404 16942 "-" "Mozilla/5.0 (Linux; Android 6.0.1; Nexus 5X Build/MMB29P) AppleWebKit/537.36 (KHTML, like Gecko) Chrome/135.0.7049.95 Mobile Safari/537.36 (compatible; Googlebot/2.1; +http://www.google.com/bot.html)"
198.54.116.86 - - [21/Apr/2025:14:13:11 -0400] "POST /wp-cron.php?doing_wp_cron=1745259191.7821478843688964843750 HTTP/1.1" 200 0 "-" "WordPress/6.8; https://servethepeopleinc.org"
66.249.65.168 - - [21/Apr/2025:14:13:11 -0400] "GET /items3756748.shtml HTTP/1.1" 404 16940 "-" "Mozilla/5.0 (Linux; Android 6.0.1; Nexus 5X Build/MMB29P) AppleWebKit/537.36 (KHTML, like Gecko) Chrome/135.0.7049.95 Mobile Safari/537.36 (compatible; Googlebot/2.1; +http://www.google.com/bot.html)"
198.54.116.86 - - [21/Apr/2025:14:13:11 -0400] "POST /wp-admin/admin-ajax.php?action=async_litespeed&nonce=PM2cTmFLIR7aiWXyKovWwJPU4TAvY0Me&litespeed_type=imgoptm HTTP/1.1" 200 21 "-" "WordPress/6.8; https://servethepeopleinc.org"
198.54.116.86 - - [21/Apr/2025:14:13:16 -0400] "POST /wp-cron.php?doing_wp_cron=1745259196.9118309020996093750000 HTTP/1.1" 200 0 "-" "WordPress/6.8; https://servethepeopleinc.org"
66.249.65.168 - - [21/Apr/2025:14:13:16 -0400] "GET /shopdetail/dyo/selfesteem/108396016.shtml HTTP/1.1" 404 16952 "-" "Mozilla/5.0 (Linux; Android 6.0.1; Nexus 5X Build/MMB29P) AppleWebKit/537.36 (KHTML, like Gecko) Chrome/135.0.7049.95 Mobile Safari/537.36 (compatible; Googlebot/2.1; +http://www.google.com/bot.html)"
40.77.167.22 - - [21/Apr/2025:14:13:18 -0400] "GET /special16824528.shtml HTTP/1.1" 404 16940 "-" "Mozilla/5.0 AppleWebKit/537.36 (KHTML, like Gecko; compatible; bingbot/2.0; +http://www.bing.com/bingbot.htm) Chrome/116.0.1938.76 Safari/537.36"
18.227.89.169 - - [21/Apr/2025:14:13:22 -0400] "GET /ad917/?path=%2Fhome%2F.%2F..%2Flib64%2Fapr-util-1%2F..%2Fpkgconfig%2F..%2Fgames%2F..%2Fxtables%2F..%2Flibtasn1.so.6 HTTP/1.1" 200 1014 "-" "Mozilla/5.0 AppleWebKit/537.36 (KHTML, like Gecko; compatible; ClaudeBot/1.0; +claudebot@anthropic.com)"
18.227.89.169 - - [21/Apr/2025:14:13:25 -0400] "GET /ad917/?path=%2Fhome%2F.%2F.%2F..%2F..%2Flib64%2Fgawk%2F..%2Fpython2.7%2F..%2F.%2Faudit%2F..%2Flibtss2-sys.so.0.0.0 HTTP/1.1" 200 1012 "-" "Mozilla/5.0 AppleWebKit/537.36 (KHTML, like Gecko; compatible; ClaudeBot/1.0; +claudebot@anthropic.com)"
66.249.65.168 - - [21/Apr/2025:14:13:26 -0400] "GET /info/pulvillus/55108246.shtml HTTP/1.1" 404 16952 "-" "Mozilla/5.0 (Linux; Android 6.0.1; Nexus 5X Build/MMB29P) AppleWebKit/537.36 (KHTML, like Gecko) Chrome/135.0.7049.95 Mobile Safari/537.36 (compatible; Googlebot/2.1; +http://www.google.com/bot.html)"
18.227.89.169 - - [21/Apr/2025:14:13:28 -0400] "GET /ad917/?path=%2Fhome%2F.%2F..%2Flib64%2Fengines-1.1%2F.%2F..%2Flibpoco-plesk-1.9.0%2F..%2Ftls%2F..%2Flibnftnl.so.11 HTTP/1.1" 200 1010 "-" "Mozilla/5.0 AppleWebKit/537.36 (KHTML, like Gecko; compatible; ClaudeBot/1.0; +claudebot@anthropic.com)"
18.227.89.169 - - [21/Apr/2025:14:13:31 -0400] "GET /ad917/?path=%2Fhome%2F.%2F..%2Flib64%2Fapr-util-1%2F..%2Fpkgconfig%2F..%2Ftk8.6%2F..%2Fxtables%2F..%2Flibfftw3.so.3 HTTP/1.1" 200 1015 "-" "Mozilla/5.0 AppleWebKit/537.36 (KHTML, like Gecko; compatible; ClaudeBot/1.0; +claudebot@anthropic.com)"
52.167.144.179 - - [21/Apr/2025:14:13:33 -0400] "GET /shopping/n/argil/48988312.shtml HTTP/1.1" 301 0 "-" "Mozilla/5.0 AppleWebKit/537.36 (KHTML, like Gecko; compatible; bingbot/2.0; +http://www.bing.com/bingbot.htm) Chrome/116.0.1938.76 Safari/537.36"
54.36.148.95 - - [21/Apr/2025:14:13:34 -0400] "GET /robots.txt HTTP/1.1" 200 101 "-" "Mozilla/5.0 (compatible; AhrefsBot/7.0; +http://ahrefs.com/robot/)"
18.227.89.169 - - [21/Apr/2025:14:13:34 -0400] "GET /ad917/?path=%2Fhome%2F.%2F..%2F..%2Flib%2Frpm%2F..%2Fgames%2F..%2Fkernel%2F..%2Ffirmware%2Fradeon%2Fhawaii_uvd.bin HTTP/1.1" 200 1017 "-" "Mozilla/5.0 AppleWebKit/537.36 (KHTML, like Gecko; compatible; ClaudeBot/1.0; +claudebot@anthropic.com)"
18.227.89.169 - - [21/Apr/2025:14:13:37 -0400] "GET /ad917/?path=%2Fhome%2F.%2F.%2F..%2F..%2Flib64%2Fgawk%2F..%2Fpython2.7%2F..%2F.%2Faudit%2F..%2FlibBrokenLocale.so.1 HTTP/1.1" 200 1013 "-" "Mozilla/5.0 AppleWebKit/537.36 (KHTML, like Gecko; compatible; ClaudeBot/1.0; +claudebot@anthropic.com)"
51.222.253.2 - - [21/Apr/2025:14:13:37 -0400] "GET /detail/54159652.shtml HTTP/1.1" 404 16942 "-" "Mozilla/5.0 (compatible; AhrefsBot/7.0; +http://ahrefs.com/robot/)"
66.249.65.168 - - [21/Apr/2025:14:13:38 -0400] "GET /goods/pcy/tangling/75373348.shtml HTTP/1.1" 404 16952 "-" "Mozilla/5.0 (Linux; Android 6.0.1; Nexus 5X Build/MMB29P) AppleWebKit/537.36 (KHTML, like Gecko) Chrome/135.0.7049.95 Mobile Safari/537.36 (compatible; GoogleOther)"
18.227.89.169 - - [21/Apr/2025:14:13:40 -0400] "GET /ad917/?path=%2Fhome%2F.%2F.%2F..%2F..%2Flib64%2Fgawk%2F..%2Fpython2.7%2F..%2F.%2Faudit%2F..%2Flibmysqlclient.so.18 HTTP/1.1" 200 1014 "-" "Mozilla/5.0 AppleWebKit/537.36 (KHTML, like Gecko; compatible; ClaudeBot/1.0; +claudebot@anthropic.com)"
18.227.89.169 - - [21/Apr/2025:14:13:43 -0400] "GET /ad917/?path=%2Fhome%2F.%2F..%2Flib64%2Fapr-util-1%2F..%2Fpkgconfig%2F..%2Fgames%2F..%2Fgtk-2.0%2F..%2Flibaudit.so.1 HTTP/1.1" 200 1014 "-" "Mozilla/5.0 AppleWebKit/537.36 (KHTML, like Gecko; compatible; ClaudeBot/1.0; +claudebot@anthropic.com)"
18.227.89.169 - - [21/Apr/2025:14:13:46 -0400] "GET /ad917/?path=%2Fhome%2F.%2F..%2Flib64%2Fapr-util-1%2F..%2Fpkgconfig%2F..%2Ftk8.6%2F..%2Fxtables%2F..%2Flibpython3.so HTTP/1.1" 200 1015 "-" "Mozilla/5.0 AppleWebKit/537.36 (KHTML, like Gecko; compatible; ClaudeBot/1.0; +claudebot@anthropic.com)"
18.227.89.169 - - [21/Apr/2025:14:13:49 -0400] "GET /ad917/?path=%2Fhome%2F.%2F..%2F..%2Flib%2Frpm%2F..%2Fgames%2F..%2Fkernel%2F..%2Ffirmware%2Fradeon%2FKABINI_mec.bin HTTP/1.1" 200 1022 "-" "Mozilla/5.0 AppleWebKit/537.36 (KHTML, like Gecko; compatible; ClaudeBot/1.0; +claudebot@anthropic.com)"
18.116.100.138 - - [21/Apr/2025:14:13:52 -0400] "GET /ad917/?path=%2Fhome%2Fservlmvm%2F.%2F.%2F.%2F.%2Flscache%2Fd%2F..%2Fa%2Ff HTTP/1.1" 200 1659 "-" "Mozilla/5.0 AppleWebKit/537.36 (KHTML, like Gecko; compatible; ClaudeBot/1.0; +claudebot@anthropic.com)"
18.116.100.138 - - [21/Apr/2025:14:13:52 -0400] "GET /ad917/?path=%2Fhome%2F.%2Fservlmvm%2Flscache%2F8%2F..%2Fpriv%2F..%2Fa%2Ff HTTP/1.1" 200 1665 "-" "Mozilla/5.0 AppleWebKit/537.36 (KHTML, like Gecko; compatible; ClaudeBot/1.0; +claudebot@anthropic.com)"
18.116.100.138 - - [21/Apr/2025:14:13:52 -0400] "GET /ad917/?path=%2Fhome%2Fservlmvm%2F.%2F.%2Flscache%2F.%2Ff%2F1%2F..%2Fe%2F. HTTP/1.1" 200 1624 "-" "Mozilla/5.0 AppleWebKit/537.36 (KHTML, like Gecko; compatible; ClaudeBot/1.0; +claudebot@anthropic.com)"
18.116.100.138 - - [21/Apr/2025:14:13:52 -0400] "GET /ad917/?path=%2Fhome%2F.%2Fservlmvm%2Flscache%2F8%2F..%2Fpriv%2F9%2F..%2F5 HTTP/1.1" 200 1448 "-" "Mozilla/5.0 AppleWebKit/537.36 (KHTML, like Gecko; compatible; ClaudeBot/1.0; +claudebot@anthropic.com)"
18.116.100.138 - - [21/Apr/2025:14:13:52 -0400] "GET /ad917/?path=%2Fhome%2Fservlmvm%2F.%2F.%2F.%2F.%2Flscache%2Fd%2F..%2F2%2F9 HTTP/1.1" 200 1639 "-" "Mozilla/5.0 AppleWebKit/537.36 (KHTML, like Gecko; compatible; ClaudeBot/1.0; +claudebot@anthropic.com)"
18.227.89.169 - - [21/Apr/2025:14:13:52 -0400] "GET /ad917/?path=%2Fhome%2F.%2F..%2Fusr%2Flib%2Ffirmware%2Fcadence%2F..%2Fmellanox%2F..%2Famdgpu%2Fpolaris10_k2_smc.bin HTTP/1.1" 200 1015 "-" "Mozilla/5.0 AppleWebKit/537.36 (KHTML, like Gecko; compatible; ClaudeBot/1.0; +claudebot@anthropic.com)"
18.116.100.138 - - [21/Apr/2025:14:13:53 -0400] "GET /ad917/?path=%2Fhome%2Fservlmvm%2F.%2F.%2F.%2F.%2Flscache%2Fd%2F..%2F.%2F. HTTP/1.1" 200 1759 "-" "Mozilla/5.0 AppleWebKit/537.36 (KHTML, like Gecko; compatible; ClaudeBot/1.0; +claudebot@anthropic.com)"
18.116.100.138 - - [21/Apr/2025:14:13:54 -0400] "GET /ad917/?path=%2Fhome%2Fservlmvm%2F.%2F.%2Flscache%2F.%2Ff%2F1%2F..%2F2%2F1 HTTP/1.1" 200 1610 "-" "Mozilla/5.0 AppleWebKit/537.36 (KHTML, like Gecko; compatible; ClaudeBot/1.0; +claudebot@anthropic.com)"
18.116.100.138 - - [21/Apr/2025:14:13:54 -0400] "GET /ad917/?path=%2Fhome%2Fservlmvm%2F.%2F.%2F.%2F.%2Flscache%2Fd%2F..%2F4%2F3 HTTP/1.1" 200 1658 "-" "Mozilla/5.0 AppleWebKit/537.36 (KHTML, like Gecko; compatible; ClaudeBot/1.0; +claudebot@anthropic.com)"
18.116.100.138 - - [21/Apr/2025:14:13:54 -0400] "GET /ad917/?path=%2Fhome%2Fservlmvm%2F.%2F.%2Flscache%2F.%2Fa%2F.%2F6%2F5%2F.. HTTP/1.1" 200 1652 "-" "Mozilla/5.0 AppleWebKit/537.36 (KHTML, like Gecko; compatible; ClaudeBot/1.0; +claudebot@anthropic.com)"
18.116.100.138 - - [21/Apr/2025:14:13:54 -0400] "GET /ad917/?path=%2Fhome%2Fservlmvm%2F.%2F.%2F.%2F.%2Flscache%2Fd%2F..%2Ff%2Fe HTTP/1.1" 200 1658 "-" "Mozilla/5.0 AppleWebKit/537.36 (KHTML, like Gecko; compatible; ClaudeBot/1.0; +claudebot@anthropic.com)"
18.116.100.138 - - [21/Apr/2025:14:13:54 -0400] "GET /ad917/?path=%2Fhome%2Fservlmvm%2F.%2F.%2Flscache%2F.%2Ff%2F1%2F..%2F.%2F8 HTTP/1.1" 200 1650 "-" "Mozilla/5.0 AppleWebKit/537.36 (KHTML, like Gecko; compatible; ClaudeBot/1.0; +claudebot@anthropic.com)"
18.116.100.138 - - [21/Apr/2025:14:13:54 -0400] "GET /ad917/?path=%2Fhome%2Fservlmvm%2F.%2F.%2Flscache%2F.%2Fb%2F7%2F..%2F3%2Fe HTTP/1.1" 200 1761 "-" "Mozilla/5.0 AppleWebKit/537.36 (KHTML, like Gecko; compatible; ClaudeBot/1.0; +claudebot@anthropic.com)"
18.227.89.169 - - [21/Apr/2025:14:13:55 -0400] "GET /ad917/?path=%2Fhome%2F.%2F..%2Flib64%2Fapr-util-1%2F..%2Fpkgconfig%2F..%2Faudit%2F..%2Fgettext%2F..%2Flibip6tc.so.2 HTTP/1.1" 200 1014 "-" "Mozilla/5.0 AppleWebKit/537.36 (KHTML, like Gecko; compatible; ClaudeBot/1.0; +claudebot@anthropic.com)"
18.227.89.169 - - [21/Apr/2025:14:13:58 -0400] "GET /ad917/?path=%2Fhome%2F.%2F..%2Flib64%2Fapr-util-1%2F..%2Fpkgconfig%2F..%2Ftk8.6%2F..%2Fxtables%2F..%2Flibblkid.so.1 HTTP/1.1" 200 1014 "-" "Mozilla/5.0 AppleWebKit/537.36 (KHTML, like Gecko; compatible; ClaudeBot/1.0; +claudebot@anthropic.com)"
18.227.89.169 - - [21/Apr/2025:14:14:01 -0400] "GET /ad917/?path=%2Fhome%2F.%2F..%2Flib64%2Fapr-util-1%2F..%2Fpkgconfig%2F..%2Fgames%2F..%2Fxtables%2F..%2Flibvpx.so.5.0 HTTP/1.1" 200 1015 "-" "Mozilla/5.0 AppleWebKit/537.36 (KHTML, like Gecko; compatible; ClaudeBot/1.0; +claudebot@anthropic.com)"
18.227.89.169 - - [21/Apr/2025:14:14:04 -0400] "GET /ad917/?path=%2Fhome%2F.%2F..%2Flib64%2Fapr-util-1%2F..%2Fpkgconfig%2F..%2Faudit%2F..%2Fgettext%2F..%2Flibip4tc.so.2 HTTP/1.1" 200 1014 "-" "Mozilla/5.0 AppleWebKit/537.36 (KHTML, like Gecko; compatible; ClaudeBot/1.0; +claudebot@anthropic.com)"
52.167.144.172 - - [21/Apr/2025:14:14:05 -0400] "GET /detail/go/allineate36517430.shtml HTTP/1.1" 404 16950 "-" "Mozilla/5.0 AppleWebKit/537.36 (KHTML, like Gecko; compatible; bingbot/2.0; +http://www.bing.com/bingbot.htm) Chrome/116.0.1938.76 Safari/537.36"
18.227.89.169 - - [21/Apr/2025:14:14:07 -0400] "GET /ad917/?path=%2Fhome%2F.%2F..%2Flib64%2Fapr-util-1%2F..%2Fpkgconfig%2F..%2Faudit%2F..%2Fgettext%2F..%2Flibpaper.so.1 HTTP/1.1" 200 1013 "-" "Mozilla/5.0 AppleWebKit/537.36 (KHTML, like Gecko; compatible; ClaudeBot/1.0; +claudebot@anthropic.com)"
18.227.89.169 - - [21/Apr/2025:14:14:10 -0400] "GET /ad917/?path=%2Fhome%2F.%2F..%2Flib64%2Fapr-util-1%2F..%2Fpkgconfig%2F..%2Fgames%2F..%2Fxtables%2F..%2Flibxcb-glx.so HTTP/1.1" 200 1014 "-" "Mozilla/5.0 AppleWebKit/537.36 (KHTML, like Gecko; compatible; ClaudeBot/1.0; +claudebot@anthropic.com)"
18.227.89.169 - - [21/Apr/2025:14:14:13 -0400] "GET /ad917/?path=%2Fhome%2F.%2F..%2Flib64%2Fapr-util-1%2F..%2Fpkgconfig%2F..%2Faudit%2F..%2Flibuser%2F..%2Flibdl-2.28.so HTTP/1.1" 200 1017 "-" "Mozilla/5.0 AppleWebKit/537.36 (KHTML, like Gecko; compatible; ClaudeBot/1.0; +claudebot@anthropic.com)"
198.54.116.86 - - [21/Apr/2025:14:14:15 -0400] "POST /wp-cron.php?doing_wp_cron=1745259255.6254949569702148437500 HTTP/1.1" 200 0 "-" "WordPress/6.8; https://servethepeopleinc.org"
40.77.167.22 - - [21/Apr/2025:14:14:15 -0400] "GET /products8942152.shtml HTTP/1.1" 404 16943 "-" "Mozilla/5.0 AppleWebKit/537.36 (KHTML, like Gecko; compatible; bingbot/2.0; +http://www.bing.com/bingbot.htm) Chrome/116.0.1938.76 Safari/537.36"
198.54.116.86 - - [21/Apr/2025:14:14:15 -0400] "POST /wp-admin/admin-ajax.php?action=async_litespeed&nonce=HhS5aRb1hAAIMxCNAGA6CXHoJEm5AMqA&litespeed_type=imgoptm HTTP/1.1" 200 21 "-" "WordPress/6.8; https://servethepeopleinc.org"
18.227.89.169 - - [21/Apr/2025:14:14:16 -0400] "GET /ad917/?path=%2Fhome%2F.%2F..%2Flib64%2Fapr-util-1%2F..%2Fpkgconfig%2F..%2Faudit%2F..%2Flibuser%2F..%2FlibHalf.so.12 HTTP/1.1" 200 1017 "-" "Mozilla/5.0 AppleWebKit/537.36 (KHTML, like Gecko; compatible; ClaudeBot/1.0; +claudebot@anthropic.com)"
18.227.89.169 - - [21/Apr/2025:14:14:19 -0400] "GET /ad917/?path=%2Fhome%2F.%2F..%2Flib64%2Fapr-util-1%2F..%2Fpkgconfig%2F..%2Fgames%2F..%2Fgtk-2.0%2F..%2Flibpulse.so.0 HTTP/1.1" 200 1015 "-" "Mozilla/5.0 AppleWebKit/537.36 (KHTML, like Gecko; compatible; ClaudeBot/1.0; +claudebot@anthropic.com)"
18.227.89.169 - - [21/Apr/2025:14:14:22 -0400] "GET /ad917/?path=%2Fhome%2F.%2F..%2F..%2Flib%2Frpm%2F..%2Fgames%2F..%2Fkernel%2F..%2Ffirmware%2Fradeon%2Ftahiti_rlc.bin HTTP/1.1" 200 1018 "-" "Mozilla/5.0 AppleWebKit/537.36 (KHTML, like Gecko; compatible; ClaudeBot/1.0; +claudebot@anthropic.com)"
18.227.89.169 - - [21/Apr/2025:14:14:25 -0400] "GET /ad917/?path=%2Fhome%2F.%2F..%2Flib64%2Fengines-1.1%2F.%2F..%2Flibpoco-plesk-1.9.0%2F..%2Fgio%2F..%2Flibpcre32.so.0 HTTP/1.1" 200 1010 "-" "Mozilla/5.0 AppleWebKit/537.36 (KHTML, like Gecko; compatible; ClaudeBot/1.0; +claudebot@anthropic.com)"
18.227.89.169 - - [21/Apr/2025:14:14:28 -0400] "GET /ad917/?path=%2Fhome%2F.%2F..%2Flib64%2Fapr-util-1%2F..%2Fpkgconfig%2F..%2Faudit%2F..%2Fgettext%2F..%2Flibapr-1.so.0 HTTP/1.1" 200 1015 "-" "Mozilla/5.0 AppleWebKit/537.36 (KHTML, like Gecko; compatible; ClaudeBot/1.0; +claudebot@anthropic.com)"
18.227.89.169 - - [21/Apr/2025:14:14:31 -0400] "GET /ad917/?path=%2Fhome%2F.%2F..%2Flib64%2Fapr-util-1%2F..%2Fpkgconfig%2F..%2Fgames%2F..%2Fxtables%2F..%2Flibfstrm.so.0 HTTP/1.1" 200 1015 "-" "Mozilla/5.0 AppleWebKit/537.36 (KHTML, like Gecko; compatible; ClaudeBot/1.0; +claudebot@anthropic.com)"
198.54.116.86 - - [21/Apr/2025:14:14:33 -0400] "POST /wp-cron.php?doing_wp_cron=1745259273.3143100738525390625000 HTTP/1.1" 200 0 "-" "WordPress/6.8; https://servethepeopleinc.org"
40.77.167.22 - - [21/Apr/2025:14:14:33 -0400] "GET /items95531432.shtml HTTP/1.1" 404 16944 "-" "Mozilla/5.0 AppleWebKit/537.36 (KHTML, like Gecko; compatible; bingbot/2.0; +http://www.bing.com/bingbot.htm) Chrome/116.0.1938.76 Safari/537.36"
18.227.89.169 - - [21/Apr/2025:14:14:34 -0400] "GET /ad917/?path=%2Fhome%2F.%2F..%2Flib64%2Fengines-1.1%2F.%2F..%2Flibpoco-plesk-1.9.0%2F..%2Fgio%2F..%2Flibcap.so.2.48 HTTP/1.1" 200 1012 "-" "Mozilla/5.0 AppleWebKit/537.36 (KHTML, like Gecko; compatible; ClaudeBot/1.0; +claudebot@anthropic.com)"
18.227.89.169 - - [21/Apr/2025:14:14:37 -0400] "GET /ad917/?path=%2Fhome%2F.%2F.%2F..%2F..%2Flib64%2Fgawk%2F..%2Fpython2.7%2F..%2F.%2Faudit%2F..%2Flibpipeline.so.1.5.0 HTTP/1.1" 200 1012 "-" "Mozilla/5.0 AppleWebKit/537.36 (KHTML, like Gecko; compatible; ClaudeBot/1.0; +claudebot@anthropic.com)"
