18.222.109.133 - - [21/Apr/2025:11:40:54 -0400] "GET /ad917/?path=%2Fhome%2F.%2F..%2Fproc%2F..%2Flib64%2Flibxslt-plugins%2F..%2FNetworkManager%2F..%2Flibhistory.so.7 HTTP/1.1" 200 999 "-" "Mozilla/5.0 AppleWebKit/537.36 (KHTML, like Gecko; compatible; ClaudeBot/1.0; +claudebot@anthropic.com)"
18.222.109.133 - - [21/Apr/2025:11:40:57 -0400] "GET /ad917/?path=%2Fhome%2F.%2F..%2Fproc%2F..%2Flib64%2Flibxslt-plugins%2F..%2Fgdk-pixbuf-2.0%2F..%2Flibffi.so.6.0.2 HTTP/1.1" 200 1001 "-" "Mozilla/5.0 AppleWebKit/537.36 (KHTML, like Gecko; compatible; ClaudeBot/1.0; +claudebot@anthropic.com)"
18.222.109.133 - - [21/Apr/2025:11:41:00 -0400] "GET /ad917/?path=%2Fhome%2F.%2F..%2Fproc%2F..%2Flib64%2Flibxslt-plugins%2F..%2Ftcl8.6%2F..%2FlibQt5QmlModels.so.5.15 HTTP/1.1" 200 1002 "-" "Mozilla/5.0 AppleWebKit/537.36 (KHTML, like Gecko; compatible; ClaudeBot/1.0; +claudebot@anthropic.com)"
18.222.109.133 - - [21/Apr/2025:11:41:03 -0400] "GET /ad917/?path=%2Fhome%2F.%2F..%2Fproc%2F..%2Flib64%2Flibxslt-plugins%2F..%2Fgdk-pixbuf-2.0%2F..%2Flibrpm.so.8.2.0 HTTP/1.1" 200 999 "-" "Mozilla/5.0 AppleWebKit/537.36 (KHTML, like Gecko; compatible; ClaudeBot/1.0; +claudebot@anthropic.com)"
18.222.109.133 - - [21/Apr/2025:11:41:06 -0400] "GET /ad917/?path=%2Fhome%2F.%2F..%2Fproc%2F..%2Flib64%2Flibxslt-plugins%2F..%2Fgdk-pixbuf-2.0%2F..%2Flibkdb5.so.10.0 HTTP/1.1" 200 1002 "-" "Mozilla/5.0 AppleWebKit/537.36 (KHTML, like Gecko; compatible; ClaudeBot/1.0; +claudebot@anthropic.com)"
18.222.109.133 - - [21/Apr/2025:11:41:09 -0400] "GET /ad917/?path=%2Fhome%2F.%2F..%2Fproc%2F..%2Flib64%2Flibxslt-plugins%2F..%2Ftcl8.6%2F..%2FlibBrokenLocale-2.28.so HTTP/1.1" 200 1001 "-" "Mozilla/5.0 AppleWebKit/537.36 (KHTML, like Gecko; compatible; ClaudeBot/1.0; +claudebot@anthropic.com)"
18.222.109.133 - - [21/Apr/2025:11:41:12 -0400] "GET /ad917/?path=%2Fhome%2F.%2F..%2Fproc%2F..%2Flib64%2Flibxslt-plugins%2F..%2Fgdk-pixbuf-2.0%2F..%2Flibsystemd.so.0 HTTP/1.1" 200 1000 "-" "Mozilla/5.0 AppleWebKit/537.36 (KHTML, like Gecko; compatible; ClaudeBot/1.0; +claudebot@anthropic.com)"
18.222.109.133 - - [21/Apr/2025:11:41:15 -0400] "GET /ad917/?path=%2Fhome%2F.%2F..%2Fproc%2F..%2Flib64%2Flibxslt-plugins%2F..%2Fgdk-pixbuf-2.0%2F..%2Flibgnutls.so.30 HTTP/1.1" 200 1002 "-" "Mozilla/5.0 AppleWebKit/537.36 (KHTML, like Gecko; compatible; ClaudeBot/1.0; +claudebot@anthropic.com)"
18.222.109.133 - - [21/Apr/2025:11:41:18 -0400] "GET /ad917/?path=%2Fhome%2F.%2F..%2Fproc%2F..%2Flib64%2Flibxslt-plugins%2F..%2FNetworkManager%2F..%2Flibhiredis.so.0 HTTP/1.1" 200 1001 "-" "Mozilla/5.0 AppleWebKit/537.36 (KHTML, like Gecko; compatible; ClaudeBot/1.0; +claudebot@anthropic.com)"
18.222.109.133 - - [21/Apr/2025:11:41:21 -0400] "GET /ad917/?path=%2Fhome%2F.%2F..%2Fproc%2F..%2Flib64%2Flibxslt-plugins%2F..%2Fdsulib%2F..%2Flibgstbadaudio-1.0.so.0 HTTP/1.1" 200 999 "-" "Mozilla/5.0 AppleWebKit/537.36 (KHTML, like Gecko; compatible; ClaudeBot/1.0; +claudebot@anthropic.com)"
18.222.109.133 - - [21/Apr/2025:11:41:24 -0400] "GET /ad917/?path=%2Fhome%2F.%2F..%2Fproc%2F..%2Flib64%2Flibxslt-plugins%2F..%2FNetworkManager%2F..%2Flibpsl.so.5.3.1 HTTP/1.1" 200 1002 "-" "Mozilla/5.0 AppleWebKit/537.36 (KHTML, like Gecko; compatible; ClaudeBot/1.0; +claudebot@anthropic.com)"
18.222.109.133 - - [21/Apr/2025:11:41:27 -0400] "GET /ad917/?path=%2Fhome%2F.%2F..%2Fproc%2F..%2Flib64%2Flibxslt-plugins%2F..%2Fgdk-pixbuf-2.0%2F..%2FlibX11-xcb.so.1 HTTP/1.1" 200 1004 "-" "Mozilla/5.0 AppleWebKit/537.36 (KHTML, like Gecko; compatible; ClaudeBot/1.0; +claudebot@anthropic.com)"
18.222.109.133 - - [21/Apr/2025:11:41:30 -0400] "GET /ad917/?path=%2Fhome%2F.%2F..%2F..%2Fusr%2Flib64%2FImageMagick-6.9.13%2F..%2Fpython3.6%2Fasyncio%2Ftest_utils.py HTTP/1.1" 200 5827 "-" "Mozilla/5.0 AppleWebKit/537.36 (KHTML, like Gecko; compatible; ClaudeBot/1.0; +claudebot@anthropic.com)"
18.222.109.133 - - [21/Apr/2025:11:41:33 -0400] "GET /ad917/?path=%2Fhome%2F.%2F..%2Fproc%2F..%2Flib64%2Flibxslt-plugins%2F..%2FNetworkManager%2F..%2Flibgif.so.7.0.0 HTTP/1.1" 200 1002 "-" "Mozilla/5.0 AppleWebKit/537.36 (KHTML, like Gecko; compatible; ClaudeBot/1.0; +claudebot@anthropic.com)"
198.54.116.86 - - [21/Apr/2025:11:41:34 -0400] "POST /wp-cron.php?doing_wp_cron=1745250094.7353138923645019531250 HTTP/1.1" 200 0 "-" "WordPress/6.8; https://servethepeopleinc.org"
40.77.167.78 - - [21/Apr/2025:11:41:34 -0400] "GET /product/49246118.shtml HTTP/1.1" 404 16940 "-" "Mozilla/5.0 AppleWebKit/537.36 (KHTML, like Gecko; compatible; bingbot/2.0; +http://www.bing.com/bingbot.htm) Chrome/116.0.1938.76 Safari/537.36"
198.54.116.86 - - [21/Apr/2025:11:41:34 -0400] "POST /wp-admin/admin-ajax.php?action=async_litespeed&nonce=FgqxaQRzN6X27W4TtxI6XJUvzsegqzd4&litespeed_type=imgoptm HTTP/1.1" 200 21 "-" "WordPress/6.8; https://servethepeopleinc.org"
18.222.109.133 - - [21/Apr/2025:11:41:36 -0400] "GET /ad917/?path=%2Fhome%2F.%2F..%2Fproc%2F..%2Flib64%2Flibxslt-plugins%2F..%2Fdsulib%2F..%2FlibOpenIPMIcmdlang.so.0 HTTP/1.1" 200 1002 "-" "Mozilla/5.0 AppleWebKit/537.36 (KHTML, like Gecko; compatible; ClaudeBot/1.0; +claudebot@anthropic.com)"
18.222.109.133 - - [21/Apr/2025:11:41:39 -0400] "GET /ad917/?path=%2Fhome%2F.%2F..%2Fproc%2F..%2Flib64%2Flibxslt-plugins%2F..%2Fnagios%2F..%2Flibglib-2.0.so.0.5600.4 HTTP/1.1" 200 999 "-" "Mozilla/5.0 AppleWebKit/537.36 (KHTML, like Gecko; compatible; ClaudeBot/1.0; +claudebot@anthropic.com)"
18.222.109.133 - - [21/Apr/2025:11:41:42 -0400] "GET /ad917/?path=%2Fhome%2F.%2F..%2Fproc%2F..%2Flib64%2Flibxslt-plugins%2F..%2Fdsulib%2F..%2Flibwebpdecoder.so.3.0.2 HTTP/1.1" 200 999 "-" "Mozilla/5.0 AppleWebKit/537.36 (KHTML, like Gecko; compatible; ClaudeBot/1.0; +claudebot@anthropic.com)"
18.222.109.133 - - [21/Apr/2025:11:41:45 -0400] "GET /ad917/?path=%2Fhome%2F.%2F..%2Fproc%2F..%2Flib64%2Flibxslt-plugins%2F..%2FNetworkManager%2F..%2Flibusb-1.0.so.0 HTTP/1.1" 200 1001 "-" "Mozilla/5.0 AppleWebKit/537.36 (KHTML, like Gecko; compatible; ClaudeBot/1.0; +claudebot@anthropic.com)"
18.222.109.133 - - [21/Apr/2025:11:41:48 -0400] "GET /ad917/?path=%2Fhome%2F.%2F..%2Fproc%2F..%2Flib64%2Flibxslt-plugins%2F..%2FNetworkManager%2F..%2FlibodbcpsqlS.so HTTP/1.1" 200 1002 "-" "Mozilla/5.0 AppleWebKit/537.36 (KHTML, like Gecko; compatible; ClaudeBot/1.0; +claudebot@anthropic.com)"
18.222.109.133 - - [21/Apr/2025:11:41:51 -0400] "GET /ad917/?path=%2Fhome%2F.%2F..%2Fproc%2F..%2Flib64%2Flibxslt-plugins%2F..%2Fnagios%2F..%2FlibQt5QuickWidgets.so.5 HTTP/1.1" 200 1002 "-" "Mozilla/5.0 AppleWebKit/537.36 (KHTML, like Gecko; compatible; ClaudeBot/1.0; +claudebot@anthropic.com)"
18.222.109.133 - - [21/Apr/2025:11:41:54 -0400] "GET /ad917/?path=%2Fhome%2F.%2F..%2Fproc%2F..%2Flib64%2Flibxslt-plugins%2F..%2Fnagios%2F..%2Flibibverbs.so.1.14.48.0 HTTP/1.1" 200 999 "-" "Mozilla/5.0 AppleWebKit/537.36 (KHTML, like Gecko; compatible; ClaudeBot/1.0; +claudebot@anthropic.com)"
52.167.144.190 - - [21/Apr/2025:11:41:56 -0400] "GET /shopdetail/fyk/chalubean/99474476.shtml HTTP/1.1" 301 0 "-" "Mozilla/5.0 AppleWebKit/537.36 (KHTML, like Gecko; compatible; bingbot/2.0; +http://www.bing.com/bingbot.htm) Chrome/116.0.1938.76 Safari/537.36"
18.222.109.133 - - [21/Apr/2025:11:41:57 -0400] "GET /ad917/?path=%2Fhome%2F.%2F..%2Fproc%2F..%2Flib64%2Flibxslt-plugins%2F..%2Ftcl8.6%2F..%2Flibatk-1.0.so.0.22810.1 HTTP/1.1" 200 998 "-" "Mozilla/5.0 AppleWebKit/537.36 (KHTML, like Gecko; compatible; ClaudeBot/1.0; +claudebot@anthropic.com)"
18.222.109.133 - - [21/Apr/2025:11:42:00 -0400] "GET /ad917/?path=%2Fhome%2F.%2F..%2Fproc%2F..%2Flib64%2Flibxslt-plugins%2F..%2Ftcl8.6%2F..%2Flibibverbs.so.1.14.48.0 HTTP/1.1" 200 999 "-" "Mozilla/5.0 AppleWebKit/537.36 (KHTML, like Gecko; compatible; ClaudeBot/1.0; +claudebot@anthropic.com)"
66.249.65.170 - - [21/Apr/2025:11:42:01 -0400] "GET /item121485146.shtml HTTP/1.1" 404 16944 "-" "Mozilla/5.0 (Linux; Android 6.0.1; Nexus 5X Build/MMB29P) AppleWebKit/537.36 (KHTML, like Gecko) Chrome/135.0.7049.95 Mobile Safari/537.36 (compatible; Googlebot/2.1; +http://www.google.com/bot.html)"
52.167.144.183 - - [21/Apr/2025:11:42:02 -0400] "GET /special/96960528.shtml HTTP/1.1" 301 0 "-" "Mozilla/5.0 AppleWebKit/537.36 (KHTML, like Gecko; compatible; bingbot/2.0; +http://www.bing.com/bingbot.htm) Chrome/116.0.1938.76 Safari/537.36"
18.222.109.133 - - [21/Apr/2025:11:42:03 -0400] "GET /ad917/?path=%2Fhome%2F.%2F..%2Fproc%2F..%2Flib64%2Flibxslt-plugins%2F..%2Fgdk-pixbuf-2.0%2F..%2FlibXft.so.2.3.3 HTTP/1.1" 200 1003 "-" "Mozilla/5.0 AppleWebKit/537.36 (KHTML, like Gecko; compatible; ClaudeBot/1.0; +claudebot@anthropic.com)"
198.54.116.86 - - [21/Apr/2025:11:42:38 -0400] "POST /wp-cron.php?doing_wp_cron=1745250158.7571470737457275390625 HTTP/1.1" 200 0 "-" "WordPress/6.8; https://servethepeopleinc.org"
40.77.167.52 - - [21/Apr/2025:11:42:38 -0400] "GET /detail66769060.shtml HTTP/1.1" 404 16941 "-" "Mozilla/5.0 AppleWebKit/537.36 (KHTML, like Gecko; compatible; bingbot/2.0; +http://www.bing.com/bingbot.htm) Chrome/116.0.1938.76 Safari/537.36"
198.54.116.86 - - [21/Apr/2025:11:42:38 -0400] "POST /wp-admin/admin-ajax.php?action=async_litespeed&nonce=HxbLwCB1TkZhUyzcCyotJ5hNOeWxkqY3&litespeed_type=imgoptm HTTP/1.1" 200 21 "-" "WordPress/6.8; https://servethepeopleinc.org"
40.77.167.47 - - [21/Apr/2025:11:43:06 -0400] "GET /info/sycophantism111594042.shtml HTTP/1.1" 404 16940 "-" "Mozilla/5.0 AppleWebKit/537.36 (KHTML, like Gecko; compatible; bingbot/2.0; +http://www.bing.com/bingbot.htm) Chrome/116.0.1938.76 Safari/537.36"
3.141.40.192 - - [21/Apr/2025:11:43:06 -0400] "GET /ad917/?path=%2Fhome%2F.%2F.%2F..%2F..%2Flib64%2Fpython2.7%2F..%2Flibnfsidmap%2F..%2FX11%2F..%2Flibrpmbuild.so.8 HTTP/1.1" 200 1003 "-" "Mozilla/5.0 AppleWebKit/537.36 (KHTML, like Gecko; compatible; ClaudeBot/1.0; +claudebot@anthropic.com)"
3.141.40.192 - - [21/Apr/2025:11:43:09 -0400] "GET /ad917/?path=%2Fhome%2F.%2F.%2F..%2F..%2Flib64%2Fpython2.7%2F..%2Flibnfsidmap%2F..%2FX11%2F..%2Flibharfbuzz.so.0 HTTP/1.1" 200 1004 "-" "Mozilla/5.0 AppleWebKit/537.36 (KHTML, like Gecko; compatible; ClaudeBot/1.0; +claudebot@anthropic.com)"
3.141.40.192 - - [21/Apr/2025:11:43:12 -0400] "GET /ad917/?path=%2Fhome%2F.%2F.%2F..%2F..%2Flib64%2Fpython2.7%2F..%2Flibnfsidmap%2F..%2FX11%2F..%2Flibcord.so.1.3.0 HTTP/1.1" 200 1003 "-" "Mozilla/5.0 AppleWebKit/537.36 (KHTML, like Gecko; compatible; ClaudeBot/1.0; +claudebot@anthropic.com)"
3.141.40.192 - - [21/Apr/2025:11:43:15 -0400] "GET /ad917/?path=%2Fhome%2F.%2F.%2F..%2F..%2Flib64%2Fsa%2F..%2FImageMagick-6.9.13%2F..%2Flua%2F..%2FlibQt5Quick.so.5 HTTP/1.1" 200 1009 "-" "Mozilla/5.0 AppleWebKit/537.36 (KHTML, like Gecko; compatible; ClaudeBot/1.0; +claudebot@anthropic.com)"
3.141.40.192 - - [21/Apr/2025:11:43:18 -0400] "GET /ad917/?path=%2Fhome%2F.%2F.%2F..%2F..%2Flib64%2Fsa%2F..%2FImageMagick-6.9.13%2F..%2Flua%2F..%2Flibnghttp2.so.14 HTTP/1.1" 200 1007 "-" "Mozilla/5.0 AppleWebKit/537.36 (KHTML, like Gecko; compatible; ClaudeBot/1.0; +claudebot@anthropic.com)"
3.141.40.192 - - [21/Apr/2025:11:43:21 -0400] "GET /ad917/?path=%2Fhome%2F.%2F.%2F..%2F..%2Flib64%2Fsa%2F..%2FImageMagick-6.9.13%2F..%2Flua%2F..%2Fliblzo2.so.2.0.0 HTTP/1.1" 200 1007 "-" "Mozilla/5.0 AppleWebKit/537.36 (KHTML, like Gecko; compatible; ClaudeBot/1.0; +claudebot@anthropic.com)"
3.141.40.192 - - [21/Apr/2025:11:43:24 -0400] "GET /ad917/?path=%2Fhome%2F.%2F.%2F..%2F..%2Flib64%2Flibibverbs%2F..%2Fcifs-utils%2F..%2Fbpf%2F..%2Flibncurses++w.so HTTP/1.1" 200 1262 "-" "Mozilla/5.0 AppleWebKit/537.36 (KHTML, like Gecko; compatible; ClaudeBot/1.0; +claudebot@anthropic.com)"
3.141.40.192 - - [21/Apr/2025:11:43:27 -0400] "GET /ad917/?path=%2Fhome%2F.%2F..%2F..%2Fvar%2Ftmp%2F..%2Flib%2Ffirmware%2Frtl_bt%2F..%2Fsxg%2F..%2FTAS2XXX3EF00.bin HTTP/1.1" 200 1022 "-" "Mozilla/5.0 AppleWebKit/537.36 (KHTML, like Gecko; compatible; ClaudeBot/1.0; +claudebot@anthropic.com)"
3.141.40.192 - - [21/Apr/2025:11:43:30 -0400] "GET /ad917/?path=%2Fhome%2F.%2F..%2F..%2Fvar%2Ftmp%2F..%2Flib%2Ffirmware%2Frtl_bt%2F..%2Fcis%2F..%2FTAS2XXX1EB31.bin HTTP/1.1" 200 1021 "-" "Mozilla/5.0 AppleWebKit/537.36 (KHTML, like Gecko; compatible; ClaudeBot/1.0; +claudebot@anthropic.com)"
3.141.40.192 - - [21/Apr/2025:11:43:33 -0400] "GET /ad917/?path=%2Fhome%2F.%2F..%2F..%2Fvar%2Ftmp%2F..%2Flib%2Ffirmware%2Fav7110%2F..%2Fyam%2F..%2Fs5p-mfc-v6-v2.fw HTTP/1.1" 200 1016 "-" "Mozilla/5.0 AppleWebKit/537.36 (KHTML, like Gecko; compatible; ClaudeBot/1.0; +claudebot@anthropic.com)"
3.141.40.192 - - [21/Apr/2025:11:43:36 -0400] "GET /ad917/?path=%2Fhome%2F.%2F.%2F..%2F..%2Flib64%2Fsa%2F..%2FImageMagick-6.9.13%2F..%2Flua%2F..%2Flibevent_core.so HTTP/1.1" 200 1008 "-" "Mozilla/5.0 AppleWebKit/537.36 (KHTML, like Gecko; compatible; ClaudeBot/1.0; +claudebot@anthropic.com)"
3.141.40.192 - - [21/Apr/2025:11:43:39 -0400] "GET /ad917/?path=%2Fhome%2F.%2F.%2F..%2F..%2Flib64%2Flibibverbs%2F..%2Fcifs-utils%2F..%2Fbpf%2F..%2Flibnsssysinit.so HTTP/1.1" 200 1005 "-" "Mozilla/5.0 AppleWebKit/537.36 (KHTML, like Gecko; compatible; ClaudeBot/1.0; +claudebot@anthropic.com)"
3.141.40.192 - - [21/Apr/2025:11:43:42 -0400] "GET /ad917/?path=%2Fhome%2F.%2F.%2F..%2F..%2Flib64%2Flibibverbs%2F..%2Fcifs-utils%2F..%2Fbpf%2F..%2Flibodbc.so.2.0.0 HTTP/1.1" 200 1005 "-" "Mozilla/5.0 AppleWebKit/537.36 (KHTML, like Gecko; compatible; ClaudeBot/1.0; +claudebot@anthropic.com)"
3.141.40.192 - - [21/Apr/2025:11:43:45 -0400] "GET /ad917/?path=%2Fhome%2F.%2F.%2F..%2F..%2Flib64%2Fpython2.7%2F..%2Flibnfsidmap%2F..%2FX11%2F..%2Fgirepository-1.0 HTTP/1.1" 200 3016 "-" "Mozilla/5.0 AppleWebKit/537.36 (KHTML, like Gecko; compatible; ClaudeBot/1.0; +claudebot@anthropic.com)"
198.54.116.86 - - [21/Apr/2025:11:43:47 -0400] "POST /wp-cron.php?doing_wp_cron=1745250227.7529549598693847656250 HTTP/1.1" 200 0 "-" "WordPress/6.8; https://servethepeopleinc.org"
40.77.167.47 - - [21/Apr/2025:11:43:47 -0400] "GET /entity/36166310.shtml HTTP/1.1" 404 16941 "-" "Mozilla/5.0 AppleWebKit/537.36 (KHTML, like Gecko; compatible; bingbot/2.0; +http://www.bing.com/bingbot.htm) Chrome/116.0.1938.76 Safari/537.36"
198.54.116.86 - - [21/Apr/2025:11:43:47 -0400] "POST /wp-admin/admin-ajax.php?action=async_litespeed&nonce=I13siDPwORDGcjSj0oQR2JhPmZnx3Mcl&litespeed_type=imgoptm HTTP/1.1" 200 21 "-" "WordPress/6.8; https://servethepeopleinc.org"
3.141.40.192 - - [21/Apr/2025:11:43:48 -0400] "GET /ad917/?path=%2Fhome%2F.%2F.%2F..%2F..%2Flib64%2Flibibverbs%2F..%2Fcifs-utils%2F..%2Fbpf%2F..%2Flibmysqlclient21 HTTP/1.1" 200 1592 "-" "Mozilla/5.0 AppleWebKit/537.36 (KHTML, like Gecko; compatible; ClaudeBot/1.0; +claudebot@anthropic.com)"
3.141.40.192 - - [21/Apr/2025:11:43:51 -0400] "GET /ad917/?path=%2Fhome%2F.%2F..%2Fhome4%2F..%2Fopt%2Falt%2Fpcre802%2F.%2F..%2Fopenssl%2Flib64%2F.libssl.so.10.hmac HTTP/1.1" 200 1069 "-" "Mozilla/5.0 AppleWebKit/537.36 (KHTML, like Gecko; compatible; ClaudeBot/1.0; +claudebot@anthropic.com)"
52.167.144.183 - - [21/Apr/2025:11:43:51 -0400] "GET /info/sulcus/2860410.shtml HTTP/1.1" 301 0 "-" "Mozilla/5.0 AppleWebKit/537.36 (KHTML, like Gecko; compatible; bingbot/2.0; +http://www.bing.com/bingbot.htm) Chrome/116.0.1938.76 Safari/537.36"
40.77.167.52 - - [21/Apr/2025:11:43:52 -0400] "GET /detail/86400782.shtml HTTP/1.1" 404 16943 "-" "Mozilla/5.0 AppleWebKit/537.36 (KHTML, like Gecko; compatible; bingbot/2.0; +http://www.bing.com/bingbot.htm) Chrome/116.0.1938.76 Safari/537.36"
3.141.40.192 - - [21/Apr/2025:11:43:54 -0400] "GET /ad917/?path=%2Fhome%2F.%2F.%2F..%2F..%2Flib64%2Fpython2.7%2F..%2Flibnfsidmap%2F..%2FX11%2F..%2Flibisccfg.so.163 HTTP/1.1" 200 1004 "-" "Mozilla/5.0 AppleWebKit/537.36 (KHTML, like Gecko; compatible; ClaudeBot/1.0; +claudebot@anthropic.com)"
3.141.40.192 - - [21/Apr/2025:11:43:57 -0400] "GET /ad917/?path=%2Fhome%2F.%2F.%2F..%2F..%2Flib64%2Fsa%2F..%2FImageMagick-6.9.13%2F..%2Flua%2F..%2Flibraw.so.19.0.2 HTTP/1.1" 200 1007 "-" "Mozilla/5.0 AppleWebKit/537.36 (KHTML, like Gecko; compatible; ClaudeBot/1.0; +claudebot@anthropic.com)"
3.141.40.192 - - [21/Apr/2025:11:44:00 -0400] "GET /ad917/?path=%2Fhome%2F.%2F.%2F..%2F..%2Flib64%2Flibibverbs%2F..%2Fcifs-utils%2F..%2Fbpf%2F..%2Flibxcb-record.so HTTP/1.1" 200 1006 "-" "Mozilla/5.0 AppleWebKit/537.36 (KHTML, like Gecko; compatible; ClaudeBot/1.0; +claudebot@anthropic.com)"
3.141.40.192 - - [21/Apr/2025:11:44:03 -0400] "GET /ad917/?path=%2Fhome%2F.%2F.%2F..%2F..%2Flib64%2Fpython2.7%2F..%2Flibnfsidmap%2F..%2Fnss%2F..%2Flibprotobuf-c.so HTTP/1.1" 200 1003 "-" "Mozilla/5.0 AppleWebKit/537.36 (KHTML, like Gecko; compatible; ClaudeBot/1.0; +claudebot@anthropic.com)"
40.77.167.47 - - [21/Apr/2025:11:44:05 -0400] "GET /items5746692.shtml HTTP/1.1" 404 16943 "-" "Mozilla/5.0 AppleWebKit/537.36 (KHTML, like Gecko; compatible; bingbot/2.0; +http://www.bing.com/bingbot.htm) Chrome/116.0.1938.76 Safari/537.36"
3.141.40.192 - - [21/Apr/2025:11:44:06 -0400] "GET /ad917/?path=%2Fhome%2F.%2F.%2F..%2F..%2Flib64%2Fpython2.7%2F..%2Flibnfsidmap%2F..%2FX11%2F..%2Flibxcb-xfixes.so HTTP/1.1" 200 1004 "-" "Mozilla/5.0 AppleWebKit/537.36 (KHTML, like Gecko; compatible; ClaudeBot/1.0; +claudebot@anthropic.com)"
3.141.40.192 - - [21/Apr/2025:11:44:09 -0400] "GET /ad917/?path=%2Fhome%2F.%2F.%2F..%2F..%2Flib64%2Fpython2.7%2F..%2Flibnfsidmap%2F..%2FX11%2F..%2Fp11-kit-trust.so HTTP/1.1" 200 1006 "-" "Mozilla/5.0 AppleWebKit/537.36 (KHTML, like Gecko; compatible; ClaudeBot/1.0; +claudebot@anthropic.com)"
3.141.40.192 - - [21/Apr/2025:11:44:12 -0400] "GET /ad917/?path=%2Fhome%2F.%2F.%2F..%2F..%2Flib64%2Flibibverbs%2F..%2Fcifs-utils%2F..%2Fbpf%2F..%2Flibjbig2dec.so.0 HTTP/1.1" 200 1006 "-" "Mozilla/5.0 AppleWebKit/537.36 (KHTML, like Gecko; compatible; ClaudeBot/1.0; +claudebot@anthropic.com)"
3.141.40.192 - - [21/Apr/2025:11:44:15 -0400] "GET /ad917/?path=%2Fhome%2F.%2F..%2F..%2Fvar%2Ftmp%2F..%2Flib%2Ffirmware%2Frtl_bt%2F..%2Fsxg%2F..%2Fagere_sta_fw.bin HTTP/1.1" 200 1015 "-" "Mozilla/5.0 AppleWebKit/537.36 (KHTML, like Gecko; compatible; ClaudeBot/1.0; +claudebot@anthropic.com)"
198.54.116.86 - - [21/Apr/2025:11:44:18 -0400] "POST /wp-cron.php?doing_wp_cron=1745250258.3704099655151367187500 HTTP/1.1" 200 0 "-" "WordPress/6.8; https://servethepeopleinc.org"
52.167.144.195 - - [21/Apr/2025:11:44:18 -0400] "GET /shopbrand/vitalizing/ HTTP/1.1" 301 0 "-" "Mozilla/5.0 AppleWebKit/537.36 (KHTML, like Gecko; compatible; bingbot/2.0; +http://www.bing.com/bingbot.htm) Chrome/116.0.1938.76 Safari/537.36"
3.141.40.192 - - [21/Apr/2025:11:44:18 -0400] "GET /ad917/?path=%2Fhome%2F.%2F..%2F..%2Fvar%2Ftmp%2F..%2Flib%2Ffirmware%2Frtl_bt%2F..%2Fsxg%2F..%2FTAS2XXX8DE90.bin HTTP/1.1" 200 1022 "-" "Mozilla/5.0 AppleWebKit/537.36 (KHTML, like Gecko; compatible; ClaudeBot/1.0; +claudebot@anthropic.com)"
198.54.116.86 - - [21/Apr/2025:11:44:18 -0400] "POST /wp-admin/admin-ajax.php?action=async_litespeed&nonce=kni3pv7z2VeGJVSPYRUVUUpmS5X0ZQYT&litespeed_type=imgoptm HTTP/1.1" 200 21 "-" "WordPress/6.8; https://servethepeopleinc.org"
3.141.40.192 - - [21/Apr/2025:11:44:21 -0400] "GET /ad917/?path=%2Fhome%2F.%2F.%2F..%2F..%2Flib64%2Fsa%2F..%2FImageMagick-6.9.13%2F..%2Flua%2F..%2FliboplodbcS.so.2 HTTP/1.1" 200 1008 "-" "Mozilla/5.0 AppleWebKit/537.36 (KHTML, like Gecko; compatible; ClaudeBot/1.0; +claudebot@anthropic.com)"
3.141.40.192 - - [21/Apr/2025:11:44:24 -0400] "GET /ad917/?path=%2Fhome%2F.%2F.%2F..%2F..%2Flib64%2Fpython2.7%2F..%2Flibnfsidmap%2F..%2Fnss%2F..%2Flibmysqlclient.a HTTP/1.1" 200 1012 "-" "Mozilla/5.0 AppleWebKit/537.36 (KHTML, like Gecko; compatible; ClaudeBot/1.0; +claudebot@anthropic.com)"
3.141.40.192 - - [21/Apr/2025:11:44:27 -0400] "GET /ad917/?path=%2Fhome%2F.%2F.%2F..%2F..%2Flib64%2Flibibverbs%2F..%2Fcifs-utils%2F..%2Fbpf%2F..%2Flibpanelw.so.5.9 HTTP/1.1" 200 1005 "-" "Mozilla/5.0 AppleWebKit/537.36 (KHTML, like Gecko; compatible; ClaudeBot/1.0; +claudebot@anthropic.com)"
3.141.40.192 - - [21/Apr/2025:11:44:30 -0400] "GET /ad917/?path=%2Fhome%2F.%2F..%2F..%2Fvar%2Ftmp%2F..%2Flib%2Ffirmware%2Frtl_bt%2F..%2Fsxg%2F..%2Fctfw-3.2.5.1.bin HTTP/1.1" 200 1016 "-" "Mozilla/5.0 AppleWebKit/537.36 (KHTML, like Gecko; compatible; ClaudeBot/1.0; +claudebot@anthropic.com)"
3.141.40.192 - - [21/Apr/2025:11:44:33 -0400] "GET /ad917/?path=%2Fhome%2F.%2F.%2F..%2F..%2Flib64%2Fpython2.7%2F..%2Flibnfsidmap%2F..%2Fnss%2F..%2Flibuuid.so.1.3.0 HTTP/1.1" 200 1001 "-" "Mozilla/5.0 AppleWebKit/537.36 (KHTML, like Gecko; compatible; ClaudeBot/1.0; +claudebot@anthropic.com)"
3.141.40.192 - - [21/Apr/2025:11:44:36 -0400] "GET /ad917/?path=%2Fhome%2F.%2F.%2F..%2F..%2Flib64%2Fsa%2F..%2FImageMagick-6.9.13%2F..%2Flua%2F..%2Flibnpth.so.0.1.1 HTTP/1.1" 200 1007 "-" "Mozilla/5.0 AppleWebKit/537.36 (KHTML, like Gecko; compatible; ClaudeBot/1.0; +claudebot@anthropic.com)"
40.77.167.52 - - [21/Apr/2025:11:44:38 -0400] "GET /items/citing14810402.shtml HTTP/1.1" 404 16943 "-" "Mozilla/5.0 AppleWebKit/537.36 (KHTML, like Gecko; compatible; bingbot/2.0; +http://www.bing.com/bingbot.htm) Chrome/116.0.1938.76 Safari/537.36"
3.141.40.192 - - [21/Apr/2025:11:44:39 -0400] "GET /ad917/?path=%2Fhome%2F.%2F.%2F..%2F..%2Flib64%2Fpython2.7%2F..%2Flibnfsidmap%2F..%2FX11%2F..%2Flibonig.so.5.0.0 HTTP/1.1" 200 1003 "-" "Mozilla/5.0 AppleWebKit/537.36 (KHTML, like Gecko; compatible; ClaudeBot/1.0; +claudebot@anthropic.com)"
40.77.167.224 - - [21/Apr/2025:11:44:42 -0400] "GET /detail/warder66230030.shtml HTTP/1.1" 404 16941 "-" "Mozilla/5.0 AppleWebKit/537.36 (KHTML, like Gecko; compatible; bingbot/2.0; +http://www.bing.com/bingbot.htm) Chrome/116.0.1938.76 Safari/537.36"
162.0.209.248 - - [21/Apr/2025:11:44:43 -0400] "POST /xmlrpc.php HTTP/1.1" 200 186 "https://servethepeopleinc.org" "Mozilla/5.0 (Windows NT 10.0; Win64; x64; rv:129.0) Gecko/20100101 Firefox/129.0"
40.77.167.224 - - [21/Apr/2025:11:44:51 -0400] "GET /info70905050.shtml HTTP/1.1" 404 16941 "-" "Mozilla/5.0 AppleWebKit/537.36 (KHTML, like Gecko; compatible; bingbot/2.0; +http://www.bing.com/bingbot.htm) Chrome/116.0.1938.76 Safari/537.36"
198.54.116.86 - - [21/Apr/2025:11:45:12 -0400] "POST /wp-cron.php?doing_wp_cron=1745250312.1215009689331054687500 HTTP/1.1" 200 0 "-" "WordPress/6.8; https://servethepeopleinc.org"
52.167.144.183 - - [21/Apr/2025:11:45:11 -0400] "GET /special/horsejockey/2732872.shtml HTTP/1.1" 301 0 "-" "Mozilla/5.0 AppleWebKit/537.36 (KHTML, like Gecko; compatible; bingbot/2.0; +http://www.bing.com/bingbot.htm) Chrome/116.0.1938.76 Safari/537.36"
198.54.116.86 - - [21/Apr/2025:11:45:12 -0400] "POST /wp-admin/admin-ajax.php?action=async_litespeed&nonce=iK13qumGMj0FaHYnBmKmWggKkToSBCMs&litespeed_type=imgoptm HTTP/1.1" 200 21 "-" "WordPress/6.8; https://servethepeopleinc.org"
198.54.116.86 - - [21/Apr/2025:11:45:23 -0400] "POST /wp-cron.php?doing_wp_cron=1745250323.2346460819244384765625 HTTP/1.1" 200 0 "-" "WordPress/6.8; https://servethepeopleinc.org"
52.167.144.226 - - [21/Apr/2025:11:45:23 -0400] "GET /special64462000.shtml HTTP/1.1" 404 16941 "-" "Mozilla/5.0 AppleWebKit/537.36 (KHTML, like Gecko; compatible; bingbot/2.0; +http://www.bing.com/bingbot.htm) Chrome/116.0.1938.76 Safari/537.36"
40.77.167.35 - - [21/Apr/2025:11:45:28 -0400] "GET /info/hallstatt25647594.shtml HTTP/1.1" 404 16941 "-" "Mozilla/5.0 AppleWebKit/537.36 (KHTML, like Gecko; compatible; bingbot/2.0; +http://www.bing.com/bingbot.htm) Chrome/116.0.1938.76 Safari/537.36"
52.167.144.190 - - [21/Apr/2025:11:45:38 -0400] "GET /info/k/friese51608990.shtml HTTP/1.1" 301 0 "-" "Mozilla/5.0 AppleWebKit/537.36 (KHTML, like Gecko; compatible; bingbot/2.0; +http://www.bing.com/bingbot.htm) Chrome/116.0.1938.76 Safari/537.36"
18.118.55.216 - - [21/Apr/2025:11:45:38 -0400] "GET /ad917/?path=%2Fhome%2Fservlmvm%2F.%2F.%2F.trash%2F..%2Flscache%2F3%2Fa%2F..%2F..%2F4 HTTP/1.1" 200 1666 "-" "Mozilla/5.0 AppleWebKit/537.36 (KHTML, like Gecko; compatible; ClaudeBot/1.0; +claudebot@anthropic.com)"
18.118.55.216 - - [21/Apr/2025:11:45:41 -0400] "GET /ad917/?path=%2Fhome%2Fservlmvm%2F.%2F.%2F.trash%2F..%2Flscache%2F3%2Fa%2F..%2F..%2F0 HTTP/1.1" 200 1661 "-" "Mozilla/5.0 AppleWebKit/537.36 (KHTML, like Gecko; compatible; ClaudeBot/1.0; +claudebot@anthropic.com)"
18.118.55.216 - - [21/Apr/2025:11:45:44 -0400] "GET /ad917/?path=%2Fhome%2F.%2F..%2Fhome2%2F..%2F..%2Fproc%2Firq%2F72%2F..%2F123%2F..%2F7 HTTP/1.1" 200 1739 "-" "Mozilla/5.0 AppleWebKit/537.36 (KHTML, like Gecko; compatible; ClaudeBot/1.0; +claudebot@anthropic.com)"
18.118.55.216 - - [21/Apr/2025:11:45:47 -0400] "GET /ad917/?path=%2Fhome%2F.%2F..%2Fhome2%2F..%2F..%2Fproc%2Firq%2F72%2F..%2F113%2F..%2F8 HTTP/1.1" 200 1768 "-" "Mozilla/5.0 AppleWebKit/537.36 (KHTML, like Gecko; compatible; ClaudeBot/1.0; +claudebot@anthropic.com)"
18.118.55.216 - - [21/Apr/2025:11:45:50 -0400] "GET /ad917/?path=%2Fhome%2F.%2F..%2Fproc%2Fbus%2F..%2Facpi%2F..%2Fdriver%2F..%2Fschedstat HTTP/1.1" 200 983 "-" "Mozilla/5.0 AppleWebKit/537.36 (KHTML, like Gecko; compatible; ClaudeBot/1.0; +claudebot@anthropic.com)"
18.118.55.216 - - [21/Apr/2025:11:45:53 -0400] "GET /ad917/?path=%2Fhome%2Fservlmvm%2F.%2F.%2F.trash%2F..%2Flscache%2Ff%2Ff%2F..%2F..%2F. HTTP/1.1" 200 1789 "-" "Mozilla/5.0 AppleWebKit/537.36 (KHTML, like Gecko; compatible; ClaudeBot/1.0; +claudebot@anthropic.com)"
18.118.55.216 - - [21/Apr/2025:11:45:56 -0400] "GET /ad917/?path=%2Fhome%2Fservlmvm%2F.%2F.%2F.trash%2F..%2Flscache%2F3%2Fa%2F..%2F..%2Fd HTTP/1.1" 200 1679 "-" "Mozilla/5.0 AppleWebKit/537.36 (KHTML, like Gecko; compatible; ClaudeBot/1.0; +claudebot@anthropic.com)"
18.118.55.216 - - [21/Apr/2025:11:45:59 -0400] "GET /ad917/?path=%2Fhome%2Fservlmvm%2F.%2F.%2F.trash%2F..%2Flscache%2Fd%2F4%2F..%2F..%2F9 HTTP/1.1" 200 1643 "-" "Mozilla/5.0 AppleWebKit/537.36 (KHTML, like Gecko; compatible; ClaudeBot/1.0; +claudebot@anthropic.com)"
18.118.55.216 - - [21/Apr/2025:11:46:02 -0400] "GET /ad917/?path=%2Fhome%2F.%2F..%2Fhome2%2F..%2F..%2Fproc%2Firq%2F72%2F..%2F109%2F..%2F9 HTTP/1.1" 200 1727 "-" "Mozilla/5.0 AppleWebKit/537.36 (KHTML, like Gecko; compatible; ClaudeBot/1.0; +claudebot@anthropic.com)"
18.118.55.216 - - [21/Apr/2025:11:46:05 -0400] "GET /ad917/?path=%2Fhome%2F.%2F..%2Fhome2%2F..%2F..%2Fproc%2Firq%2F72%2F..%2F120%2F..%2F0 HTTP/1.1" 200 1738 "-" "Mozilla/5.0 AppleWebKit/537.36 (KHTML, like Gecko; compatible; ClaudeBot/1.0; +claudebot@anthropic.com)"
18.118.55.216 - - [21/Apr/2025:11:46:08 -0400] "GET /ad917/?path=%2Fhome%2F.%2F..%2Fhome2%2F..%2F..%2Fproc%2Firq%2F72%2F..%2F121%2F..%2F8 HTTP/1.1" 200 1768 "-" "Mozilla/5.0 AppleWebKit/537.36 (KHTML, like Gecko; compatible; ClaudeBot/1.0; +claudebot@anthropic.com)"
198.54.116.86 - - [21/Apr/2025:11:46:09 -0400] "POST /wp-cron.php?doing_wp_cron=1745250369.2147920131683349609375 HTTP/1.1" 200 0 "-" "WordPress/6.8; https://servethepeopleinc.org"
40.77.167.52 - - [21/Apr/2025:11:46:09 -0400] "GET /goods/excubation13844186.shtml HTTP/1.1" 404 16944 "-" "Mozilla/5.0 AppleWebKit/537.36 (KHTML, like Gecko; compatible; bingbot/2.0; +http://www.bing.com/bingbot.htm) Chrome/116.0.1938.76 Safari/537.36"
198.54.116.86 - - [21/Apr/2025:11:46:09 -0400] "POST /wp-admin/admin-ajax.php?action=async_litespeed&nonce=pLb2BDN0xhqasFcpMPX2wCPoNs1Xmiuf&litespeed_type=imgoptm HTTP/1.1" 200 21 "-" "WordPress/6.8; https://servethepeopleinc.org"
18.118.55.216 - - [21/Apr/2025:11:46:11 -0400] "GET /ad917/?path=%2Fhome%2F.%2F..%2Fhome2%2F..%2F..%2Fproc%2Firq%2F72%2F..%2F104%2F..%2F8 HTTP/1.1" 200 1768 "-" "Mozilla/5.0 AppleWebKit/537.36 (KHTML, like Gecko; compatible; ClaudeBot/1.0; +claudebot@anthropic.com)"
52.167.144.183 - - [21/Apr/2025:11:46:13 -0400] "GET /shopdetail/choak2564818.shtml HTTP/1.1" 301 0 "-" "Mozilla/5.0 AppleWebKit/537.36 (KHTML, like Gecko; compatible; bingbot/2.0; +http://www.bing.com/bingbot.htm) Chrome/116.0.1938.76 Safari/537.36"
18.118.55.216 - - [21/Apr/2025:11:46:14 -0400] "GET /ad917/?path=%2Fhome%2F.%2F..%2Fhome2%2F..%2F..%2Fproc%2Firq%2F72%2F..%2F120%2F..%2F1 HTTP/1.1" 200 1736 "-" "Mozilla/5.0 AppleWebKit/537.36 (KHTML, like Gecko; compatible; ClaudeBot/1.0; +claudebot@anthropic.com)"
18.118.55.216 - - [21/Apr/2025:11:46:17 -0400] "GET /ad917/?path=%2Fhome%2Fservlmvm%2F.%2F.%2F.trash%2F..%2Flscache%2F5%2F6%2F..%2F..%2F9 HTTP/1.1" 200 1668 "-" "Mozilla/5.0 AppleWebKit/537.36 (KHTML, like Gecko; compatible; ClaudeBot/1.0; +claudebot@anthropic.com)"
198.54.116.86 - - [21/Apr/2025:11:46:18 -0400] "POST /wp-cron.php?doing_wp_cron=1745250378.1065950393676757812500 HTTP/1.1" 200 0 "-" "WordPress/6.8; https://servethepeopleinc.org"
40.77.167.35 - - [21/Apr/2025:11:46:17 -0400] "GET /items/rs/preparer26891844.shtml HTTP/1.1" 404 16950 "-" "Mozilla/5.0 AppleWebKit/537.36 (KHTML, like Gecko; compatible; bingbot/2.0; +http://www.bing.com/bingbot.htm) Chrome/116.0.1938.76 Safari/537.36"
52.167.144.184 - - [21/Apr/2025:11:46:18 -0400] "GET /entity83808758.shtml HTTP/1.1" 301 0 "-" "Mozilla/5.0 AppleWebKit/537.36 (KHTML, like Gecko; compatible; bingbot/2.0; +http://www.bing.com/bingbot.htm) Chrome/116.0.1938.76 Safari/537.36"
18.118.55.216 - - [21/Apr/2025:11:46:20 -0400] "GET /ad917/?path=%2Fhome%2F.%2F..%2Fhome2%2F..%2F..%2Fproc%2Firq%2F72%2F..%2F104%2F..%2F3 HTTP/1.1" 200 1741 "-" "Mozilla/5.0 AppleWebKit/537.36 (KHTML, like Gecko; compatible; ClaudeBot/1.0; +claudebot@anthropic.com)"
52.167.144.183 - - [21/Apr/2025:11:46:22 -0400] "GET /products68415796.shtml HTTP/1.1" 301 0 "-" "Mozilla/5.0 AppleWebKit/537.36 (KHTML, like Gecko; compatible; bingbot/2.0; +http://www.bing.com/bingbot.htm) Chrome/116.0.1938.76 Safari/537.36"
18.118.55.216 - - [21/Apr/2025:11:46:23 -0400] "GET /ad917/?path=%2Fhome%2F.%2F..%2Fhome2%2F..%2F..%2Fproc%2Firq%2F72%2F..%2F100%2F..%2F3 HTTP/1.1" 200 1739 "-" "Mozilla/5.0 AppleWebKit/537.36 (KHTML, like Gecko; compatible; ClaudeBot/1.0; +claudebot@anthropic.com)"
18.118.55.216 - - [21/Apr/2025:11:46:26 -0400] "GET /ad917/?path=%2Fhome%2Fservlmvm%2F.%2F.%2F.trash%2F..%2Flscache%2F3%2Fa%2F..%2F..%2F2 HTTP/1.1" 200 1664 "-" "Mozilla/5.0 AppleWebKit/537.36 (KHTML, like Gecko; compatible; ClaudeBot/1.0; +claudebot@anthropic.com)"
40.77.167.35 - - [21/Apr/2025:11:46:27 -0400] "GET /info101709678.shtml HTTP/1.1" 404 16941 "-" "Mozilla/5.0 AppleWebKit/537.36 (KHTML, like Gecko; compatible; bingbot/2.0; +http://www.bing.com/bingbot.htm) Chrome/116.0.1938.76 Safari/537.36"
52.167.144.190 - - [21/Apr/2025:11:46:28 -0400] "GET /detail/incubuses74523314.shtml HTTP/1.1" 301 0 "-" "Mozilla/5.0 AppleWebKit/537.36 (KHTML, like Gecko; compatible; bingbot/2.0; +http://www.bing.com/bingbot.htm) Chrome/116.0.1938.76 Safari/537.36"
18.118.55.216 - - [21/Apr/2025:11:46:29 -0400] "GET /ad917/?path=%2Fhome%2F.%2F..%2Fhome2%2F..%2F..%2Fproc%2Firq%2F72%2F..%2F117%2F..%2F. HTTP/1.1" 200 2913 "-" "Mozilla/5.0 AppleWebKit/537.36 (KHTML, like Gecko; compatible; ClaudeBot/1.0; +claudebot@anthropic.com)"
18.118.55.216 - - [21/Apr/2025:11:46:32 -0400] "GET /ad917/?path=%2Fhome%2Fservlmvm%2F.%2F.%2F.trash%2F..%2Flscache%2Ff%2Ff%2F..%2F..%2Fa HTTP/1.1" 200 1661 "-" "Mozilla/5.0 AppleWebKit/537.36 (KHTML, like Gecko; compatible; ClaudeBot/1.0; +claudebot@anthropic.com)"
18.118.55.216 - - [21/Apr/2025:11:46:35 -0400] "GET /ad917/?path=%2Fhome%2Fservlmvm%2F.%2F.%2F.trash%2F..%2Flscache%2F3%2Fa%2F..%2F..%2F3 HTTP/1.1" 200 1662 "-" "Mozilla/5.0 AppleWebKit/537.36 (KHTML, like Gecko; compatible; ClaudeBot/1.0; +claudebot@anthropic.com)"
18.118.55.216 - - [21/Apr/2025:11:46:38 -0400] "GET /ad917/?path=%2Fhome%2F.%2F..%2Fhome2%2F..%2F..%2Fproc%2Firq%2F72%2F..%2F113%2F..%2F. HTTP/1.1" 200 2837 "-" "Mozilla/5.0 AppleWebKit/537.36 (KHTML, like Gecko; compatible; ClaudeBot/1.0; +claudebot@anthropic.com)"
18.118.55.216 - - [21/Apr/2025:11:46:41 -0400] "GET /ad917/?path=%2Fhome%2F.%2F..%2Fhome2%2F..%2F..%2Fproc%2Firq%2F72%2F..%2F114%2F..%2F2 HTTP/1.1" 200 1738 "-" "Mozilla/5.0 AppleWebKit/537.36 (KHTML, like Gecko; compatible; ClaudeBot/1.0; +claudebot@anthropic.com)"
18.118.55.216 - - [21/Apr/2025:11:46:44 -0400] "GET /ad917/?path=%2Fhome%2F.%2F..%2Fhome2%2F..%2F..%2Fproc%2Firq%2F72%2F..%2F120%2F..%2F4 HTTP/1.1" 200 1735 "-" "Mozilla/5.0 AppleWebKit/537.36 (KHTML, like Gecko; compatible; ClaudeBot/1.0; +claudebot@anthropic.com)"
18.118.55.216 - - [21/Apr/2025:11:46:47 -0400] "GET /ad917/?path=%2Fhome%2F.%2F..%2Fhome2%2F..%2F..%2Fproc%2Firq%2F72%2F..%2F104%2F..%2F7 HTTP/1.1" 200 1739 "-" "Mozilla/5.0 AppleWebKit/537.36 (KHTML, like Gecko; compatible; ClaudeBot/1.0; +claudebot@anthropic.com)"
18.118.55.216 - - [21/Apr/2025:11:46:50 -0400] "GET /ad917/?path=%2Fhome%2Fservlmvm%2F.%2F.%2F.trash%2F..%2Flscache%2Ff%2F3%2F..%2F..%2Fd HTTP/1.1" 200 1666 "-" "Mozilla/5.0 AppleWebKit/537.36 (KHTML, like Gecko; compatible; ClaudeBot/1.0; +claudebot@anthropic.com)"
18.118.55.216 - - [21/Apr/2025:11:46:53 -0400] "GET /ad917/?path=%2Fhome%2F.%2F..%2Fhome2%2F..%2F..%2Fproc%2Firq%2F72%2F..%2F114%2F..%2F4 HTTP/1.1" 200 1734 "-" "Mozilla/5.0 AppleWebKit/537.36 (KHTML, like Gecko; compatible; ClaudeBot/1.0; +claudebot@anthropic.com)"
18.118.55.216 - - [21/Apr/2025:11:46:56 -0400] "GET /ad917/?path=%2Fhome%2F.%2F..%2Fhome2%2F..%2F..%2Fproc%2Firq%2F72%2F..%2F121%2F..%2F0 HTTP/1.1" 200 1739 "-" "Mozilla/5.0 AppleWebKit/537.36 (KHTML, like Gecko; compatible; ClaudeBot/1.0; +claudebot@anthropic.com)"
18.118.55.216 - - [21/Apr/2025:11:46:59 -0400] "GET /ad917/?path=%2Fhome%2F.%2F.%2F..%2Fbin%2F..%2Flib64%2Fgawk%2F..%2Fkrb5%2Fplugins%2F. HTTP/1.1" 200 1590 "-" "Mozilla/5.0 AppleWebKit/537.36 (KHTML, like Gecko; compatible; ClaudeBot/1.0; +claudebot@anthropic.com)"
18.118.55.216 - - [21/Apr/2025:11:47:02 -0400] "GET /ad917/?path=%2Fhome%2F.%2F..%2Fhome2%2F..%2F..%2Fproc%2Firq%2F72%2F..%2F115%2F..%2F6 HTTP/1.1" 200 1739 "-" "Mozilla/5.0 AppleWebKit/537.36 (KHTML, like Gecko; compatible; ClaudeBot/1.0; +claudebot@anthropic.com)"
18.118.55.216 - - [21/Apr/2025:11:47:05 -0400] "GET /ad917/?path=%2Fhome%2Fservlmvm%2F.%2F.%2F.trash%2F..%2Flscache%2F5%2F6%2F..%2F..%2F3 HTTP/1.1" 200 1643 "-" "Mozilla/5.0 AppleWebKit/537.36 (KHTML, like Gecko; compatible; ClaudeBot/1.0; +claudebot@anthropic.com)"
18.188.146.223 - - [21/Apr/2025:11:47:06 -0400] "GET /ad917/?path=%2Fhome%2F.%2F..%2Fhome5%2F..%2Flib64%2F.%2Flibnfnetlink.so.0 HTTP/1.1" 200 964 "-" "Mozilla/5.0 AppleWebKit/537.36 (KHTML, like Gecko; compatible; ClaudeBot/1.0; +claudebot@anthropic.com)"
18.188.146.223 - - [21/Apr/2025:11:47:06 -0400] "GET /ad917/?path=%2Fhome%2F.%2F..%2Fhome1%2F..%2Flib64%2F.%2Flibpamc.so.0.82.1 HTTP/1.1" 200 963 "-" "Mozilla/5.0 AppleWebKit/537.36 (KHTML, like Gecko; compatible; ClaudeBot/1.0; +claudebot@anthropic.com)"
18.188.146.223 - - [21/Apr/2025:11:47:06 -0400] "GET /ad917/?path=%2Fhome%2F.%2F..%2F..%2Fhome2%2F..%2Flib64%2FlibXinerama.so.1 HTTP/1.1" 200 964 "-" "Mozilla/5.0 AppleWebKit/537.36 (KHTML, like Gecko; compatible; ClaudeBot/1.0; +claudebot@anthropic.com)"
18.188.146.223 - - [21/Apr/2025:11:47:06 -0400] "GET /ad917/?path=%2Fhome%2F.%2F..%2Fhome4%2F..%2Flib64%2F.%2Flibthread_db.so.1 HTTP/1.1" 200 965 "-" "Mozilla/5.0 AppleWebKit/537.36 (KHTML, like Gecko; compatible; ClaudeBot/1.0; +claudebot@anthropic.com)"
18.188.146.223 - - [21/Apr/2025:11:47:06 -0400] "GET /ad917/?path=%2Fhome%2F.%2F..%2F..%2Fhome2%2F..%2Flib64%2Flibxcb-dri2.so.0 HTTP/1.1" 200 963 "-" "Mozilla/5.0 AppleWebKit/537.36 (KHTML, like Gecko; compatible; ClaudeBot/1.0; +claudebot@anthropic.com)"
18.188.146.223 - - [21/Apr/2025:11:47:07 -0400] "GET /ad917/?path=%2Fhome%2F.%2F..%2Fhome2%2F..%2F..%2Flib64%2Flibestr.so.0.0.0 HTTP/1.1" 200 962 "-" "Mozilla/5.0 AppleWebKit/537.36 (KHTML, like Gecko; compatible; ClaudeBot/1.0; +claudebot@anthropic.com)"
18.188.146.223 - - [21/Apr/2025:11:47:07 -0400] "GET /ad917/?path=%2Fhome%2F.%2F..%2F..%2Fhome3%2F..%2Flib64%2Fc++-plesk-12.2.0 HTTP/1.1" 200 1214 "-" "Mozilla/5.0 AppleWebKit/537.36 (KHTML, like Gecko; compatible; ClaudeBot/1.0; +claudebot@anthropic.com)"
18.188.146.223 - - [21/Apr/2025:11:47:07 -0400] "GET /ad917/?path=%2Fhome%2F.%2F..%2Fhome2%2F..%2F..%2Flib64%2Flibpam.so.0.84.2 HTTP/1.1" 200 963 "-" "Mozilla/5.0 AppleWebKit/537.36 (KHTML, like Gecko; compatible; ClaudeBot/1.0; +claudebot@anthropic.com)"
18.188.146.223 - - [21/Apr/2025:11:47:07 -0400] "GET /ad917/?path=%2Fhome%2F.%2F..%2Fhome4%2F..%2Flib64%2F.%2Flibtheoradec.so.1 HTTP/1.1" 200 963 "-" "Mozilla/5.0 AppleWebKit/537.36 (KHTML, like Gecko; compatible; ClaudeBot/1.0; +claudebot@anthropic.com)"
18.188.146.223 - - [21/Apr/2025:11:47:07 -0400] "GET /ad917/?path=%2Fhome%2F.%2F..%2Fhome2%2F..%2F..%2Flib64%2Flibsecureio.so.1 HTTP/1.1" 200 959 "-" "Mozilla/5.0 AppleWebKit/537.36 (KHTML, like Gecko; compatible; ClaudeBot/1.0; +claudebot@anthropic.com)"
198.54.116.86 - - [21/Apr/2025:11:47:07 -0400] "POST /wp-cron.php?doing_wp_cron=1745250427.8935019969940185546875 HTTP/1.1" 200 0 "-" "WordPress/6.8; https://servethepeopleinc.org"
52.167.144.190 - - [21/Apr/2025:11:47:07 -0400] "GET /shopdetail/x/aeroboat/45337148.shtml HTTP/1.1" 301 0 "-" "Mozilla/5.0 AppleWebKit/537.36 (KHTML, like Gecko; compatible; bingbot/2.0; +http://www.bing.com/bingbot.htm) Chrome/116.0.1938.76 Safari/537.36"
198.54.116.86 - - [21/Apr/2025:11:47:08 -0400] "POST /wp-admin/admin-ajax.php?action=async_litespeed&nonce=lOVWLg2cOTlCkdYYAjD2iqzg6f2Ob7Xw&litespeed_type=imgoptm HTTP/1.1" 200 21 "-" "WordPress/6.8; https://servethepeopleinc.org"
18.118.55.216 - - [21/Apr/2025:11:47:08 -0400] "GET /ad917/?path=%2Fhome%2F.%2F..%2Fhome2%2F..%2F..%2Fproc%2Firq%2F72%2F..%2F117%2F..%2F0 HTTP/1.1" 200 1739 "-" "Mozilla/5.0 AppleWebKit/537.36 (KHTML, like Gecko; compatible; ClaudeBot/1.0; +claudebot@anthropic.com)"
18.188.146.223 - - [21/Apr/2025:11:47:08 -0400] "GET /ad917/?path=%2Fhome%2F.%2F..%2F..%2Fhome3%2F..%2Flib64%2Flibpam_misc.so.0 HTTP/1.1" 200 964 "-" "Mozilla/5.0 AppleWebKit/537.36 (KHTML, like Gecko; compatible; ClaudeBot/1.0; +claudebot@anthropic.com)"
18.188.146.223 - - [21/Apr/2025:11:47:08 -0400] "GET /ad917/?path=%2Fhome%2F.%2F..%2Fhome5%2F..%2Fusr%2Flib64%2FlibEGL.so.1.1.0 HTTP/1.1" 200 970 "-" "Mozilla/5.0 AppleWebKit/537.36 (KHTML, like Gecko; compatible; ClaudeBot/1.0; +claudebot@anthropic.com)"
18.118.55.216 - - [21/Apr/2025:11:47:11 -0400] "GET /ad917/?path=%2Fhome%2Fservlmvm%2F.%2F.%2F.trash%2F..%2Flscache%2F3%2Fa%2F..%2F..%2Fb HTTP/1.1" 200 1663 "-" "Mozilla/5.0 AppleWebKit/537.36 (KHTML, like Gecko; compatible; ClaudeBot/1.0; +claudebot@anthropic.com)"
52.167.144.183 - - [21/Apr/2025:11:47:11 -0400] "GET /item/pomegranate/52468542.shtml HTTP/1.1" 301 0 "-" "Mozilla/5.0 AppleWebKit/537.36 (KHTML, like Gecko; compatible; bingbot/2.0; +http://www.bing.com/bingbot.htm) Chrome/116.0.1938.76 Safari/537.36"
18.118.55.216 - - [21/Apr/2025:11:47:14 -0400] "GET /ad917/?path=%2Fhome%2F.%2F..%2Fhome2%2F..%2F..%2Fproc%2Firq%2F72%2F..%2F114%2F..%2F7 HTTP/1.1" 200 1705 "-" "Mozilla/5.0 AppleWebKit/537.36 (KHTML, like Gecko; compatible; ClaudeBot/1.0; +claudebot@anthropic.com)"
18.118.55.216 - - [21/Apr/2025:11:47:17 -0400] "GET /ad917/?path=%2Fhome%2Fservlmvm%2F.%2F.%2F.trash%2F..%2Flscache%2Fd%2F4%2F..%2F..%2F3 HTTP/1.1" 200 1666 "-" "Mozilla/5.0 AppleWebKit/537.36 (KHTML, like Gecko; compatible; ClaudeBot/1.0; +claudebot@anthropic.com)"
198.54.116.86 - - [21/Apr/2025:11:47:17 -0400] "POST /wp-cron.php?doing_wp_cron=1745250437.8905029296875000000000 HTTP/1.1" 200 0 "-" "WordPress/6.8; https://servethepeopleinc.org"
52.167.144.190 - - [21/Apr/2025:11:47:17 -0400] "GET /products/h/legislating/60779460.shtml HTTP/1.1" 301 0 "-" "Mozilla/5.0 AppleWebKit/537.36 (KHTML, like Gecko; compatible; bingbot/2.0; +http://www.bing.com/bingbot.htm) Chrome/116.0.1938.76 Safari/537.36"
18.118.55.216 - - [21/Apr/2025:11:47:20 -0400] "GET /ad917/?path=%2Fhome%2F.%2F..%2Fhome2%2F..%2F..%2Fproc%2Firq%2F72%2F..%2F100%2F..%2F6 HTTP/1.1" 200 1739 "-" "Mozilla/5.0 AppleWebKit/537.36 (KHTML, like Gecko; compatible; ClaudeBot/1.0; +claudebot@anthropic.com)"
18.118.55.216 - - [21/Apr/2025:11:47:23 -0400] "GET /ad917/?path=%2Fhome%2Fservlmvm%2F.%2F.%2F.trash%2F..%2Flscache%2Ff%2F3%2F..%2F..%2Fa HTTP/1.1" 200 1680 "-" "Mozilla/5.0 AppleWebKit/537.36 (KHTML, like Gecko; compatible; ClaudeBot/1.0; +claudebot@anthropic.com)"
66.249.65.169 - - [21/Apr/2025:11:47:23 -0400] "GET /product/filipinos/122062814.shtml HTTP/1.1" 404 16952 "-" "Mozilla/5.0 (Linux; Android 6.0.1; Nexus 5X Build/MMB29P) AppleWebKit/537.36 (KHTML, like Gecko) Chrome/135.0.7049.95 Mobile Safari/537.36 (compatible; Googlebot/2.1; +http://www.google.com/bot.html)"
18.118.55.216 - - [21/Apr/2025:11:47:26 -0400] "GET /ad917/?path=%2Fhome%2F.%2F..%2Fhome2%2F..%2F..%2Fproc%2Firq%2F72%2F..%2F109%2F..%2F2 HTTP/1.1" 200 1704 "-" "Mozilla/5.0 AppleWebKit/537.36 (KHTML, like Gecko; compatible; ClaudeBot/1.0; +claudebot@anthropic.com)"
52.167.144.184 - - [21/Apr/2025:11:47:38 -0400] "GET /shopping/scuttled93933970.shtml HTTP/1.1" 301 0 "-" "Mozilla/5.0 AppleWebKit/537.36 (KHTML, like Gecko; compatible; bingbot/2.0; +http://www.bing.com/bingbot.htm) Chrome/116.0.1938.76 Safari/537.36"
40.77.167.35 - - [21/Apr/2025:11:47:46 -0400] "GET /shopdetail/xa/hypnologist67464280.shtml HTTP/1.1" 404 16950 "-" "Mozilla/5.0 AppleWebKit/537.36 (KHTML, like Gecko; compatible; bingbot/2.0; +http://www.bing.com/bingbot.htm) Chrome/116.0.1938.76 Safari/537.36"
52.167.144.184 - - [21/Apr/2025:11:47:58 -0400] "GET /items/obduce/88038804.shtml HTTP/1.1" 301 0 "-" "Mozilla/5.0 AppleWebKit/537.36 (KHTML, like Gecko; compatible; bingbot/2.0; +http://www.bing.com/bingbot.htm) Chrome/116.0.1938.76 Safari/537.36"
198.54.116.86 - - [21/Apr/2025:11:48:11 -0400] "POST /wp-cron.php?doing_wp_cron=1745250491.0048470497131347656250 HTTP/1.1" 200 0 "-" "WordPress/6.8; https://servethepeopleinc.org"
52.167.144.184 - - [21/Apr/2025:11:48:10 -0400] "GET /entity/amenable96964492.shtml HTTP/1.1" 301 0 "-" "Mozilla/5.0 AppleWebKit/537.36 (KHTML, like Gecko; compatible; bingbot/2.0; +http://www.bing.com/bingbot.htm) Chrome/116.0.1938.76 Safari/537.36"
198.54.116.86 - - [21/Apr/2025:11:48:11 -0400] "POST /wp-admin/admin-ajax.php?action=async_litespeed&nonce=azoLkoWSs9yCOsDPX8RSKLYBmsmNSPXR&litespeed_type=imgoptm HTTP/1.1" 200 21 "-" "WordPress/6.8; https://servethepeopleinc.org"
52.167.144.183 - - [21/Apr/2025:11:48:15 -0400] "GET /detail/85271152.shtml HTTP/1.1" 301 0 "-" "Mozilla/5.0 AppleWebKit/537.36 (KHTML, like Gecko; compatible; bingbot/2.0; +http://www.bing.com/bingbot.htm) Chrome/116.0.1938.76 Safari/537.36"
198.54.116.86 - - [21/Apr/2025:11:48:21 -0400] "POST /wp-cron.php?doing_wp_cron=1745250501.3359560966491699218750 HTTP/1.1" 200 0 "-" "WordPress/6.8; https://servethepeopleinc.org"
66.249.65.169 - - [21/Apr/2025:11:48:21 -0400] "GET /entity88774156.shtml HTTP/1.1" 404 16941 "-" "Mozilla/5.0 (Linux; Android 6.0.1; Nexus 5X Build/MMB29P) AppleWebKit/537.36 (KHTML, like Gecko) Chrome/135.0.7049.95 Mobile Safari/537.36 (compatible; Googlebot/2.1; +http://www.google.com/bot.html)"
52.167.144.183 - - [21/Apr/2025:11:48:21 -0400] "GET /shopping/saloop114918716.shtml HTTP/1.1" 301 0 "-" "Mozilla/5.0 AppleWebKit/537.36 (KHTML, like Gecko; compatible; bingbot/2.0; +http://www.bing.com/bingbot.htm) Chrome/116.0.1938.76 Safari/537.36"
52.14.160.14 - - [21/Apr/2025:11:48:26 -0400] "GET /ad917/?path=%2Fhome%2F.%2F..%2Fhome2%2F..%2F..%2Fproc%2Firq%2F72%2F..%2F104%2F..%2F27 HTTP/1.1" 200 1779 "-" "Mozilla/5.0 AppleWebKit/537.36 (KHTML, like Gecko; compatible; ClaudeBot/1.0; +claudebot@anthropic.com)"
66.249.65.169 - - [21/Apr/2025:11:48:27 -0400] "GET /wp-content/themes/woodmart/js/scripts/menu/menuOffsets.min.js?ver=7.3.2 HTTP/1.1" 200 876 "https://servethepeopleinc.org/category/uncategorized/" "Mozilla/5.0 (Linux; Android 6.0.1; Nexus 5X Build/MMB29P) AppleWebKit/537.36 (KHTML, like Gecko) Chrome/134.0.6998.165 Mobile Safari/537.36 (compatible; Googlebot/2.1; +http://www.google.com/bot.html)"
52.14.160.14 - - [21/Apr/2025:11:48:29 -0400] "GET /ad917/?path=%2Fhome%2F.%2F..%2Fhome2%2F..%2F..%2Fproc%2Firq%2F72%2F..%2F109%2F..%2F81 HTTP/1.1" 200 1770 "-" "Mozilla/5.0 AppleWebKit/537.36 (KHTML, like Gecko; compatible; ClaudeBot/1.0; +claudebot@anthropic.com)"
52.14.160.14 - - [21/Apr/2025:11:48:32 -0400] "GET /ad917/?path=%2Fhome%2F.%2F..%2Fhome2%2F..%2F..%2Fproc%2Firq%2F72%2F..%2F102%2F..%2F.. HTTP/1.1" 200 3179 "-" "Mozilla/5.0 AppleWebKit/537.36 (KHTML, like Gecko; compatible; ClaudeBot/1.0; +claudebot@anthropic.com)"
52.14.160.14 - - [21/Apr/2025:11:48:35 -0400] "GET /ad917/?path=%2Fhome%2F.%2F..%2Fhome2%2F..%2F..%2Fproc%2Firq%2F72%2F..%2F117%2F..%2F48 HTTP/1.1" 200 1769 "-" "Mozilla/5.0 AppleWebKit/537.36 (KHTML, like Gecko; compatible; ClaudeBot/1.0; +claudebot@anthropic.com)"
40.77.167.20 - - [21/Apr/2025:11:48:37 -0400] "GET /special/navigator/51727262.shtml HTTP/1.1" 301 0 "-" "Mozilla/5.0 AppleWebKit/537.36 (KHTML, like Gecko; compatible; bingbot/2.0; +http://www.bing.com/bingbot.htm) Chrome/116.0.1938.76 Safari/537.36"
52.14.160.14 - - [21/Apr/2025:11:48:38 -0400] "GET /ad917/?path=%2Fhome%2F.%2F..%2Fhome2%2F..%2F..%2Fproc%2Firq%2F72%2F..%2F106%2F..%2F14 HTTP/1.1" 200 1730 "-" "Mozilla/5.0 AppleWebKit/537.36 (KHTML, like Gecko; compatible; ClaudeBot/1.0; +claudebot@anthropic.com)"
52.14.160.14 - - [21/Apr/2025:11:48:41 -0400] "GET /ad917/?path=%2Fhome%2F.%2F..%2Fhome2%2F..%2F..%2Fproc%2Firq%2F72%2F..%2F121%2F..%2F36 HTTP/1.1" 200 1765 "-" "Mozilla/5.0 AppleWebKit/537.36 (KHTML, like Gecko; compatible; ClaudeBot/1.0; +claudebot@anthropic.com)"
40.77.167.20 - - [21/Apr/2025:11:48:41 -0400] "GET /info/jwg/endable/103187428.shtml HTTP/1.1" 301 0 "-" "Mozilla/5.0 AppleWebKit/537.36 (KHTML, like Gecko; compatible; bingbot/2.0; +http://www.bing.com/bingbot.htm) Chrome/116.0.1938.76 Safari/537.36"
52.14.160.14 - - [21/Apr/2025:11:48:44 -0400] "GET /ad917/?path=%2Fhome%2F.%2F..%2Fhome2%2F..%2F..%2Fproc%2Firq%2F72%2F..%2F113%2F..%2F76 HTTP/1.1" 200 1769 "-" "Mozilla/5.0 AppleWebKit/537.36 (KHTML, like Gecko; compatible; ClaudeBot/1.0; +claudebot@anthropic.com)"
52.167.144.183 - - [21/Apr/2025:11:48:46 -0400] "GET /detail/saltation/49444458.shtml HTTP/1.1" 301 0 "-" "Mozilla/5.0 AppleWebKit/537.36 (KHTML, like Gecko; compatible; bingbot/2.0; +http://www.bing.com/bingbot.htm) Chrome/116.0.1938.76 Safari/537.36"
52.14.160.14 - - [21/Apr/2025:11:48:47 -0400] "GET /ad917/?path=%2Fhome%2F.%2F..%2Fhome2%2F..%2F..%2Fproc%2Firq%2F72%2F..%2F100%2F..%2F85 HTTP/1.1" 200 1734 "-" "Mozilla/5.0 AppleWebKit/537.36 (KHTML, like Gecko; compatible; ClaudeBot/1.0; +claudebot@anthropic.com)"
52.14.160.14 - - [21/Apr/2025:11:48:50 -0400] "GET /ad917/?path=%2Fhome%2F.%2F..%2Fhome2%2F..%2F..%2Fproc%2Firq%2F72%2F..%2F102%2F..%2F74 HTTP/1.1" 200 1770 "-" "Mozilla/5.0 AppleWebKit/537.36 (KHTML, like Gecko; compatible; ClaudeBot/1.0; +claudebot@anthropic.com)"
52.14.160.14 - - [21/Apr/2025:11:48:53 -0400] "GET /ad917/?path=%2Fhome%2F.%2F..%2Fhome2%2F..%2F..%2Fproc%2Firq%2F72%2F..%2F112%2F..%2F80 HTTP/1.1" 200 1769 "-" "Mozilla/5.0 AppleWebKit/537.36 (KHTML, like Gecko; compatible; ClaudeBot/1.0; +claudebot@anthropic.com)"
52.14.160.14 - - [21/Apr/2025:11:48:56 -0400] "GET /ad917/?path=%2Fhome%2F.%2F..%2Fhome2%2F..%2F..%2Fproc%2Firq%2F72%2F..%2F100%2F..%2F59 HTTP/1.1" 200 1770 "-" "Mozilla/5.0 AppleWebKit/537.36 (KHTML, like Gecko; compatible; ClaudeBot/1.0; +claudebot@anthropic.com)"
40.77.167.243 - - [21/Apr/2025:11:48:58 -0400] "GET /detail118649270.shtml HTTP/1.1" 404 16940 "-" "Mozilla/5.0 AppleWebKit/537.36 (KHTML, like Gecko; compatible; bingbot/2.0; +http://www.bing.com/bingbot.htm) Chrome/116.0.1938.76 Safari/537.36"
52.14.160.14 - - [21/Apr/2025:11:48:59 -0400] "GET /ad917/?path=%2Fhome%2F.%2F..%2Fhome2%2F..%2F..%2Fproc%2Firq%2F72%2F..%2F109%2F..%2F50 HTTP/1.1" 200 1770 "-" "Mozilla/5.0 AppleWebKit/537.36 (KHTML, like Gecko; compatible; ClaudeBot/1.0; +claudebot@anthropic.com)"
66.249.65.168 - - [21/Apr/2025:11:49:00 -0400] "GET /product/8391978.shtml HTTP/1.1" 404 16941 "-" "Mozilla/5.0 (Linux; Android 6.0.1; Nexus 5X Build/MMB29P) AppleWebKit/537.36 (KHTML, like Gecko) Chrome/135.0.7049.95 Mobile Safari/537.36 (compatible; Googlebot/2.1; +http://www.google.com/bot.html)"
52.14.160.14 - - [21/Apr/2025:11:49:02 -0400] "GET /ad917/?path=%2Fhome%2F.%2F..%2Fhome2%2F..%2F..%2Fproc%2Firq%2F72%2F..%2F115%2F..%2F12 HTTP/1.1" 200 1730 "-" "Mozilla/5.0 AppleWebKit/537.36 (KHTML, like Gecko; compatible; ClaudeBot/1.0; +claudebot@anthropic.com)"
52.167.144.183 - - [21/Apr/2025:11:49:02 -0400] "GET /info/thirstier22253742.shtml HTTP/1.1" 301 0 "-" "Mozilla/5.0 AppleWebKit/537.36 (KHTML, like Gecko; compatible; bingbot/2.0; +http://www.bing.com/bingbot.htm) Chrome/116.0.1938.76 Safari/537.36"
52.14.160.14 - - [21/Apr/2025:11:49:05 -0400] "GET /ad917/?path=%2Fhome%2F.%2F..%2Fhome2%2F..%2F..%2Fproc%2Firq%2F72%2F..%2F102%2F..%2F61 HTTP/1.1" 200 1770 "-" "Mozilla/5.0 AppleWebKit/537.36 (KHTML, like Gecko; compatible; ClaudeBot/1.0; +claudebot@anthropic.com)"
52.14.160.14 - - [21/Apr/2025:11:49:08 -0400] "GET /ad917/?path=%2Fhome%2F.%2F..%2Fhome2%2F..%2F..%2Fproc%2Firq%2F72%2F..%2F109%2F..%2F97 HTTP/1.1" 200 1735 "-" "Mozilla/5.0 AppleWebKit/537.36 (KHTML, like Gecko; compatible; ClaudeBot/1.0; +claudebot@anthropic.com)"
52.14.160.14 - - [21/Apr/2025:11:49:11 -0400] "GET /ad917/?path=%2Fhome%2F.%2F..%2Fhome2%2F..%2F..%2Fproc%2Firq%2F72%2F..%2F117%2F..%2F93 HTTP/1.1" 200 1771 "-" "Mozilla/5.0 AppleWebKit/537.36 (KHTML, like Gecko; compatible; ClaudeBot/1.0; +claudebot@anthropic.com)"
198.54.116.86 - - [21/Apr/2025:11:49:12 -0400] "POST /wp-cron.php?doing_wp_cron=1745250552.5722899436950683593750 HTTP/1.1" 200 0 "-" "WordPress/6.8; https://servethepeopleinc.org"
52.167.144.183 - - [21/Apr/2025:11:49:12 -0400] "GET /items/fugle42032722.shtml HTTP/1.1" 301 0 "-" "Mozilla/5.0 AppleWebKit/537.36 (KHTML, like Gecko; compatible; bingbot/2.0; +http://www.bing.com/bingbot.htm) Chrome/116.0.1938.76 Safari/537.36"
198.54.116.86 - - [21/Apr/2025:11:49:12 -0400] "POST /wp-admin/admin-ajax.php?action=async_litespeed&nonce=1fKaMvkeW70yp2mkzTR6PHyLZsA0qcJU&litespeed_type=imgoptm HTTP/1.1" 200 21 "-" "WordPress/6.8; https://servethepeopleinc.org"
52.14.160.14 - - [21/Apr/2025:11:49:14 -0400] "GET /ad917/?path=%2Fhome%2F.%2F..%2Fhome2%2F..%2F..%2Fproc%2Firq%2F72%2F..%2F100%2F..%2F47 HTTP/1.1" 200 1769 "-" "Mozilla/5.0 AppleWebKit/537.36 (KHTML, like Gecko; compatible; ClaudeBot/1.0; +claudebot@anthropic.com)"
