216.73.216.37 - - [01/Jun/2025:10:31:14 -0400] "GET /ad917/?path=%2Fhome%2Fservlmvm%2F..%2F.%2F..%2Fusr%2Fsrc%2F..%2Flib64%2FlibodbcpsqlS.so HTTP/1.1" 200 982 "-" "Mozilla/5.0 AppleWebKit/537.36 (KHTML, like Gecko; compatible; ClaudeBot/1.0; +claudebot@anthropic.com)"
216.73.216.37 - - [01/Jun/2025:10:31:17 -0400] "GET /ad917/?path=%2Fhome%2Fservlmvm%2F..%2F.%2F..%2Fusr%2Fsrc%2F..%2Finclude%2Fuuid%2F..%2Fnet HTTP/1.1" 200 1828 "-" "Mozilla/5.0 AppleWebKit/537.36 (KHTML, like Gecko; compatible; ClaudeBot/1.0; +claudebot@anthropic.com)"
216.73.216.37 - - [01/Jun/2025:10:31:20 -0400] "GET /ad917/?path=%2Fhome%2F.%2F..%2Fusr%2Flib64%2Frpm-plugins%2F..%2Ftd-agent-bit%2F..%2Flibcord.so.1 HTTP/1.1" 200 990 "-" "Mozilla/5.0 AppleWebKit/537.36 (KHTML, like Gecko; compatible; ClaudeBot/1.0; +claudebot@anthropic.com)"
216.73.216.37 - - [01/Jun/2025:10:31:23 -0400] "GET /ad917/?path=%2Fhome%2Fservlmvm%2F..%2F.%2F..%2Flib64%2Flibxslt-plugins%2F..%2Fsasl2%2F..%2Fpython2.7%2Fensurepip%2F_uninstall.pyo HTTP/1.1" 200 1028 "-" "Mozilla/5.0 AppleWebKit/537.36 (KHTML, like Gecko; compatible; ClaudeBot/1.0; +claudebot@anthropic.com)"
216.73.216.37 - - [01/Jun/2025:10:31:26 -0400] "GET /ad917/?path=%2Fhome%2F.%2F..%2F.%2Flib64%2Fpython2.7%2F..%2Flibruby.so.2.5 HTTP/1.1" 200 965 "-" "Mozilla/5.0 AppleWebKit/537.36 (KHTML, like Gecko; compatible; ClaudeBot/1.0; +claudebot@anthropic.com)"
216.73.216.37 - - [01/Jun/2025:10:31:29 -0400] "GET /ad917/?path=%2Fhome%2Fservlmvm%2F..%2F.%2F..%2Flib%2Fpython3.8%2F..%2Fnode_modules%2F..%2Fsystemd%2Fsystemd-modules-load HTTP/1.1" 200 1011 "-" "Mozilla/5.0 AppleWebKit/537.36 (KHTML, like Gecko; compatible; ClaudeBot/1.0; +claudebot@anthropic.com)"
216.73.216.37 - - [01/Jun/2025:10:31:32 -0400] "GET /ad917/?path=%2Fhome%2Fservlmvm%2F..%2F.%2F..%2Fusr%2Fsrc%2F..%2Flib64%2Flibxslt-plugins%2F..%2F.%2Fgames%2F..%2Fpkgconfig%2F..%2FlibodbcmyS.so.2 HTTP/1.1" 200 1047 "-" "Mozilla/5.0 AppleWebKit/537.36 (KHTML, like Gecko; compatible; ClaudeBot/1.0; +claudebot@anthropic.com)"
216.73.216.37 - - [01/Jun/2025:10:31:35 -0400] "GET /ad917/?path=%2Fhome%2Fservlmvm%2F..%2F.%2F..%2Fusr%2Fsrc%2F..%2F.%2Finclude%2Fbsock%2F..%2Fsound%2Fhdsp.h HTTP/1.1" 200 1815 "-" "Mozilla/5.0 AppleWebKit/537.36 (KHTML, like Gecko; compatible; ClaudeBot/1.0; +claudebot@anthropic.com)"
216.73.216.37 - - [01/Jun/2025:10:31:38 -0400] "GET /ad917/?path=%2Fhome%2Fservlmvm%2F..%2F.%2F..%2Fhome4%2F..%2Fusr%2Finclude%2Fbits%2F..%2Fpr29.h HTTP/1.1" 200 1937 "-" "Mozilla/5.0 AppleWebKit/537.36 (KHTML, like Gecko; compatible; ClaudeBot/1.0; +claudebot@anthropic.com)"
216.73.216.37 - - [01/Jun/2025:10:31:41 -0400] "GET /ad917/?path=%2Fhome%2Fservlmvm%2F..%2F.%2F..%2Flib64%2Fpython2.7%2Femail%2F..%2Fmodulefinder.py HTTP/1.1" 200 7662 "-" "Mozilla/5.0 AppleWebKit/537.36 (KHTML, like Gecko; compatible; ClaudeBot/1.0; +claudebot@anthropic.com)"
216.73.216.37 - - [01/Jun/2025:10:31:44 -0400] "GET /ad917/?path=%2Fhome%2Fservlmvm%2F..%2F.%2F..%2Fusr%2Fsrc%2F..%2Flib64%2Flibpspell.so.15.1.5 HTTP/1.1" 200 981 "-" "Mozilla/5.0 AppleWebKit/537.36 (KHTML, like Gecko; compatible; ClaudeBot/1.0; +claudebot@anthropic.com)"
216.73.216.37 - - [01/Jun/2025:10:31:47 -0400] "GET /ad917/?path=%2Fhome%2F.%2F..%2F.%2Flib64%2Fpython2.7%2F..%2Flibgstcodecparsers-1.0.so.0 HTTP/1.1" 200 973 "-" "Mozilla/5.0 AppleWebKit/537.36 (KHTML, like Gecko; compatible; ClaudeBot/1.0; +claudebot@anthropic.com)"
216.73.216.37 - - [01/Jun/2025:10:31:50 -0400] "GET /ad917/?path=%2Fhome%2Fservlmvm%2F..%2F.%2F..%2Flib64%2Fperl5%2F..%2Fpython2.7%2Fast.pyo HTTP/1.1" 200 989 "-" "Mozilla/5.0 AppleWebKit/537.36 (KHTML, like Gecko; compatible; ClaudeBot/1.0; +claudebot@anthropic.com)"
198.54.116.86 - - [01/Jun/2025:10:31:53 -0400] "POST /wp-cron.php?doing_wp_cron=1748788313.1916270256042480468750 HTTP/1.1" 200 0 "-" "WordPress/6.8.1; https://servethepeopleinc.org"
52.167.144.147 - - [01/Jun/2025:10:31:53 -0400] "GET /special/imbraid6690558.shtml HTTP/1.1" 404 16926 "-" "Mozilla/5.0 AppleWebKit/537.36 (KHTML, like Gecko; compatible; bingbot/2.0; +http://www.bing.com/bingbot.htm) Chrome/116.0.1938.76 Safari/537.36"
198.54.116.86 - - [01/Jun/2025:10:31:53 -0400] "POST /wp-admin/admin-ajax.php?action=async_litespeed&nonce=pfqOiraGAIGVWlWRCb4F02a1WqUw9Y8z&litespeed_type=imgoptm HTTP/1.1" 200 21 "-" "WordPress/6.8.1; https://servethepeopleinc.org"
216.73.216.37 - - [01/Jun/2025:10:31:53 -0400] "GET /ad917/?path=%2Fhome%2Fservlmvm%2F..%2F..%2Fusr%2Finclude%2Ffinclude%2F..%2Fgetopt.h HTTP/1.1" 200 1693 "-" "Mozilla/5.0 AppleWebKit/537.36 (KHTML, like Gecko; compatible; ClaudeBot/1.0; +claudebot@anthropic.com)"
216.73.216.37 - - [01/Jun/2025:10:31:56 -0400] "GET /ad917/?path=%2Fhome%2F.%2F..%2F.%2Flib64%2Fpython2.7%2Fsqlite3%2F..%2Fhotshot HTTP/1.1" 200 1803 "-" "Mozilla/5.0 AppleWebKit/537.36 (KHTML, like Gecko; compatible; ClaudeBot/1.0; +claudebot@anthropic.com)"
216.73.216.37 - - [01/Jun/2025:10:31:59 -0400] "GET /ad917/?path=%2Fhome%2Fservlmvm%2F..%2F.%2F..%2Fopt%2Fhc_php%2F..%2F.%2Fhc_python%2Flib%2F. HTTP/1.1" 200 1503 "-" "Mozilla/5.0 AppleWebKit/537.36 (KHTML, like Gecko; compatible; ClaudeBot/1.0; +claudebot@anthropic.com)"
216.73.216.37 - - [01/Jun/2025:10:32:02 -0400] "GET /ad917/?path=%2Fhome%2Fservlmvm%2F..%2F.%2F..%2Flib64%2Fruby%2F..%2Flibxslt-plugins%2F..%2Flibgomp.so.1 HTTP/1.1" 200 993 "-" "Mozilla/5.0 AppleWebKit/537.36 (KHTML, like Gecko; compatible; ClaudeBot/1.0; +claudebot@anthropic.com)"
216.73.216.37 - - [01/Jun/2025:10:32:05 -0400] "GET /ad917/?path=%2Fhome%2Fservlmvm%2F..%2F.%2F..%2Flib64%2Fpython2.7%2F.%2F..%2FlibQt5OpenGL.so.5.15 HTTP/1.1" 200 990 "-" "Mozilla/5.0 AppleWebKit/537.36 (KHTML, like Gecko; compatible; ClaudeBot/1.0; +claudebot@anthropic.com)"
216.73.216.37 - - [01/Jun/2025:10:32:08 -0400] "GET /ad917/?path=%2Fhome%2Fservlmvm%2F..%2F.%2F..%2F.%2Flib64%2Fpython2.7%2F..%2FlibQt5OpenGL.so.5.15 HTTP/1.1" 200 993 "-" "Mozilla/5.0 AppleWebKit/537.36 (KHTML, like Gecko; compatible; ClaudeBot/1.0; +claudebot@anthropic.com)"
216.73.216.37 - - [01/Jun/2025:10:32:11 -0400] "GET /ad917/?path=%2Fhome%2Fservlmvm%2F..%2F.%2F..%2Fopt%2Fcloudlinux%2Falt-php71%2Froot%2F..%2Fruby30%2Fshare HTTP/1.1" 200 1649 "-" "Mozilla/5.0 AppleWebKit/537.36 (KHTML, like Gecko; compatible; ClaudeBot/1.0; +claudebot@anthropic.com)"
198.54.116.86 - - [01/Jun/2025:10:32:13 -0400] "POST /wp-cron.php?doing_wp_cron=1748788333.4488430023193359375000 HTTP/1.1" 200 0 "-" "WordPress/6.8.1; https://servethepeopleinc.org"
52.167.144.235 - - [01/Jun/2025:10:32:13 -0400] "GET /shopping/traitorousness/ HTTP/1.1" 301 0 "-" "Mozilla/5.0 AppleWebKit/537.36 (KHTML, like Gecko; compatible; bingbot/2.0; +http://www.bing.com/bingbot.htm) Chrome/116.0.1938.76 Safari/537.36"
198.54.116.86 - - [01/Jun/2025:10:32:13 -0400] "POST /wp-admin/admin-ajax.php?action=async_litespeed&nonce=EDMBuEh6KJ6VaLjFeW1o2xSTkNQdWpBa&litespeed_type=imgoptm HTTP/1.1" 200 21 "-" "WordPress/6.8.1; https://servethepeopleinc.org"
216.73.216.37 - - [01/Jun/2025:10:32:14 -0400] "GET /ad917/?path=%2Fhome%2Fservlmvm%2F..%2F.%2F..%2Flib64%2Flibmysqlclient21%2F..%2Fpython2.7%2Fimportlib%2F..%2FDoc%2F.. HTTP/1.1" 200 15317 "-" "Mozilla/5.0 AppleWebKit/537.36 (KHTML, like Gecko; compatible; ClaudeBot/1.0; +claudebot@anthropic.com)"
216.73.216.37 - - [01/Jun/2025:10:28:27 -0400] "GET /ad917/?path=%2Fhome%2Fservlmvm%2F..%2F.%2F..%2Flib64%2Flibxslt-plugins%2F..%2Fsasl2%2F..%2Fguile%2F..%2FlibQt5Sql.so.5 HTTP/1.1" 200 1016 "-" "Mozilla/5.0 AppleWebKit/537.36 (KHTML, like Gecko; compatible; ClaudeBot/1.0; +claudebot@anthropic.com)"
216.73.216.37 - - [01/Jun/2025:10:28:30 -0400] "GET /ad917/?path=%2Fhome%2Fservlmvm%2F..%2F.%2F..%2Flib64%2Fpython2.7%2Funittest%2F..%2Ftypes.pyo HTTP/1.1" 200 992 "-" "Mozilla/5.0 AppleWebKit/537.36 (KHTML, like Gecko; compatible; ClaudeBot/1.0; +claudebot@anthropic.com)"
216.73.216.37 - - [01/Jun/2025:10:28:33 -0400] "GET /ad917/?path=%2Fhome%2F.%2F..%2Flib64%2Fpython2.7%2Fdistutils HTTP/1.1" 200 3267 "-" "Mozilla/5.0 AppleWebKit/537.36 (KHTML, like Gecko; compatible; ClaudeBot/1.0; +claudebot@anthropic.com)"
216.73.216.37 - - [01/Jun/2025:10:28:36 -0400] "GET /ad917/?path=%2Fhome%2Fservlmvm%2F..%2F.%2F..%2Fopt%2F..%2Flib64%2Flibxslt-plugins%2F..%2Frpm-plugins%2F..%2Flibgstvideo-1.0.so.0 HTTP/1.1" 200 1013 "-" "Mozilla/5.0 AppleWebKit/537.36 (KHTML, like Gecko; compatible; ClaudeBot/1.0; +claudebot@anthropic.com)"
216.73.216.37 - - [01/Jun/2025:10:28:39 -0400] "GET /ad917/?path=%2Fhome%2Fservlmvm%2F..%2F.%2F..%2Fopt%2F..%2Flib64%2Flibxslt-plugins%2F..%2Flibuser%2F..%2Flibwiretap.so.8 HTTP/1.1" 200 1017 "-" "Mozilla/5.0 AppleWebKit/537.36 (KHTML, like Gecko; compatible; ClaudeBot/1.0; +claudebot@anthropic.com)"
198.54.116.86 - - [01/Jun/2025:10:28:40 -0400] "POST /wp-cron.php?doing_wp_cron=1748788120.4222888946533203125000 HTTP/1.1" 200 0 "-" "WordPress/6.8.1; https://servethepeopleinc.org"
40.77.167.71 - - [01/Jun/2025:10:28:40 -0400] "GET /products/pentapody43557910.shtml HTTP/1.1" 404 16926 "-" "Mozilla/5.0 AppleWebKit/537.36 (KHTML, like Gecko; compatible; bingbot/2.0; +http://www.bing.com/bingbot.htm) Chrome/116.0.1938.76 Safari/537.36"
198.54.116.86 - - [01/Jun/2025:10:28:40 -0400] "POST /wp-admin/admin-ajax.php?action=async_litespeed&nonce=z19iVufnso2ydmTIcO6b8kLVZ1yacx88&litespeed_type=imgoptm HTTP/1.1" 200 21 "-" "WordPress/6.8.1; https://servethepeopleinc.org"
216.73.216.37 - - [01/Jun/2025:10:28:42 -0400] "GET /ad917/?path=%2Fhome%2F.%2F..%2Flib64%2Fpython2.7%2Fcurses%2F..%2FTools HTTP/1.1" 200 1550 "-" "Mozilla/5.0 AppleWebKit/537.36 (KHTML, like Gecko; compatible; ClaudeBot/1.0; +claudebot@anthropic.com)"
216.73.216.37 - - [01/Jun/2025:10:28:45 -0400] "GET /ad917/?path=%2Fhome%2F.%2F..%2Flib64%2Fpython2.7%2F..%2Fpgsql%2F..%2Flibform.so.5 HTTP/1.1" 200 976 "-" "Mozilla/5.0 AppleWebKit/537.36 (KHTML, like Gecko; compatible; ClaudeBot/1.0; +claudebot@anthropic.com)"
216.73.216.37 - - [01/Jun/2025:10:28:48 -0400] "GET /ad917/?path=%2Fhome%2F.%2F..%2Flib64%2Fpython2.7%2F..%2Fruby%2F..%2Flibsss_sudo.so HTTP/1.1" 200 976 "-" "Mozilla/5.0 AppleWebKit/537.36 (KHTML, like Gecko; compatible; ClaudeBot/1.0; +claudebot@anthropic.com)"
216.73.216.37 - - [01/Jun/2025:10:28:51 -0400] "GET /ad917/?path=%2Fhome%2Fservlmvm%2F..%2F.%2F..%2Flib64%2Flibxslt-plugins%2F..%2Flibnss_compat.so.2 HTTP/1.1" 200 982 "-" "Mozilla/5.0 AppleWebKit/537.36 (KHTML, like Gecko; compatible; ClaudeBot/1.0; +claudebot@anthropic.com)"
216.73.216.37 - - [01/Jun/2025:10:28:54 -0400] "GET /ad917/?path=%2Fhome%2Fservlmvm%2F..%2F.%2F..%2Flib64%2Fgroff%2F..%2Fpython3.6%2Fasynchat.py HTTP/1.1" 200 4815 "-" "Mozilla/5.0 AppleWebKit/537.36 (KHTML, like Gecko; compatible; ClaudeBot/1.0; +claudebot@anthropic.com)"
52.167.144.147 - - [01/Jun/2025:10:28:55 -0400] "GET /shopping/elaps45137968.shtml HTTP/1.1" 404 16926 "-" "Mozilla/5.0 AppleWebKit/537.36 (KHTML, like Gecko; compatible; bingbot/2.0; +http://www.bing.com/bingbot.htm) Chrome/116.0.1938.76 Safari/537.36"
216.73.216.37 - - [01/Jun/2025:10:32:17 -0400] "GET /ad917/?path=%2Fhome%2Fservlmvm%2F..%2F.%2F..%2Flib64%2Fperl5%2F..%2Fpython2.7%2FTools%2F..%2Fmutex.pyo HTTP/1.1" 200 1002 "-" "Mozilla/5.0 AppleWebKit/537.36 (KHTML, like Gecko; compatible; ClaudeBot/1.0; +claudebot@anthropic.com)"
216.73.216.37 - - [01/Jun/2025:10:32:20 -0400] "GET /ad917/?path=%2Fhome%2F.%2F..%2Fusr%2Flib64%2Frpm-plugins%2F..%2Flibxmlsec1-openssl.so.1.2.25 HTTP/1.1" 200 978 "-" "Mozilla/5.0 AppleWebKit/537.36 (KHTML, like Gecko; compatible; ClaudeBot/1.0; +claudebot@anthropic.com)"
40.77.167.116 - - [01/Jun/2025:10:32:22 -0400] "GET /goodscode/setfair2802488.shtml HTTP/1.1" 301 0 "-" "Mozilla/5.0 AppleWebKit/537.36 (KHTML, like Gecko; compatible; bingbot/2.0; +http://www.bing.com/bingbot.htm) Chrome/116.0.1938.76 Safari/537.36"
216.73.216.37 - - [01/Jun/2025:10:32:23 -0400] "GET /ad917/?path=%2Fhome%2Fservlmvm%2F..%2F.%2F..%2Flib64%2Fpython2.7%2F..%2FlibQt5Multimedia.so.5 HTTP/1.1" 200 983 "-" "Mozilla/5.0 AppleWebKit/537.36 (KHTML, like Gecko; compatible; ClaudeBot/1.0; +claudebot@anthropic.com)"
216.73.216.37 - - [01/Jun/2025:10:32:26 -0400] "GET /ad917/?path=%2Fhome%2Fservlmvm%2F..%2F.%2F..%2Fusr%2Flib%2Fpolkit-1%2F..%2Fpython3.6 HTTP/1.1" 200 1491 "-" "Mozilla/5.0 AppleWebKit/537.36 (KHTML, like Gecko; compatible; ClaudeBot/1.0; +claudebot@anthropic.com)"
216.73.216.37 - - [01/Jun/2025:10:32:29 -0400] "GET /ad917/?path=%2Fhome%2Fservlmvm%2F..%2F.%2F..%2Fhome2%2F..%2Fusr%2Flib%2Fpython2.7%2F..%2Fpython2.7%2F..%2Ffirewalld%2Fservices%2Fipp.xml HTTP/1.1" 200 1264 "-" "Mozilla/5.0 AppleWebKit/537.36 (KHTML, like Gecko; compatible; ClaudeBot/1.0; +claudebot@anthropic.com)"
216.73.216.37 - - [01/Jun/2025:10:32:32 -0400] "GET /ad917/?path=%2Fhome%2F.%2F..%2Flib64%2Fpython2.7%2F..%2Fpgsql%2F..%2Flibldap-2.4.so.2.10.9 HTTP/1.1" 200 979 "-" "Mozilla/5.0 AppleWebKit/537.36 (KHTML, like Gecko; compatible; ClaudeBot/1.0; +claudebot@anthropic.com)"
216.73.216.37 - - [01/Jun/2025:10:32:35 -0400] "GET /ad917/?path=%2Fhome%2F.%2F..%2Flib64%2Fpython2.7%2F..%2Fruby%2F..%2Fsse2 HTTP/1.1" 200 1449 "-" "Mozilla/5.0 AppleWebKit/537.36 (KHTML, like Gecko; compatible; ClaudeBot/1.0; +claudebot@anthropic.com)"
216.73.216.37 - - [01/Jun/2025:10:32:38 -0400] "GET /ad917/?path=%2Fhome%2Fservlmvm%2F..%2F..%2Fusr%2Finclude%2Ffstrm.h HTTP/1.1" 200 5333 "-" "Mozilla/5.0 AppleWebKit/537.36 (KHTML, like Gecko; compatible; ClaudeBot/1.0; +claudebot@anthropic.com)"
216.73.216.37 - - [01/Jun/2025:10:32:41 -0400] "GET /ad917/?path=%2Fhome%2Fservlmvm%2F..%2F.%2F..%2F.%2Fopt%2Falt%2Fpython34 HTTP/1.1" 200 1590 "-" "Mozilla/5.0 AppleWebKit/537.36 (KHTML, like Gecko; compatible; ClaudeBot/1.0; +claudebot@anthropic.com)"
216.73.216.37 - - [01/Jun/2025:10:32:44 -0400] "GET /ad917/?path=%2Fhome%2Fservlmvm%2F..%2F.%2F..%2Fopt%2F..%2Flib64%2Flibxslt-plugins%2F..%2Flibthai.so.0.3.0 HTTP/1.1" 200 996 "-" "Mozilla/5.0 AppleWebKit/537.36 (KHTML, like Gecko; compatible; ClaudeBot/1.0; +claudebot@anthropic.com)"
216.73.216.37 - - [01/Jun/2025:10:32:47 -0400] "GET /ad917/?path=%2Fhome%2F.%2F..%2Fusr%2Flib64%2Frpm-plugins%2F..%2Fliblber.so HTTP/1.1" 200 966 "-" "Mozilla/5.0 AppleWebKit/537.36 (KHTML, like Gecko; compatible; ClaudeBot/1.0; +claudebot@anthropic.com)"
216.73.216.37 - - [01/Jun/2025:10:32:50 -0400] "GET /ad917/?path=%2Fhome%2Fservlmvm%2F..%2F.%2F..%2Flib64%2Fpython2.7%2Fhotshot%2F.%2F..%2Fsgmllib.pyc HTTP/1.1" 200 995 "-" "Mozilla/5.0 AppleWebKit/537.36 (KHTML, like Gecko; compatible; ClaudeBot/1.0; +claudebot@anthropic.com)"
216.73.216.37 - - [01/Jun/2025:10:32:53 -0400] "GET /ad917/?path=%2Fhome%2Fservlmvm%2F..%2F.%2F..%2Fusr%2Fsrc%2F..%2Flibexec%2F..%2Fshare%2Flocale%2Fgez HTTP/1.1" 200 1532 "-" "Mozilla/5.0 AppleWebKit/537.36 (KHTML, like Gecko; compatible; ClaudeBot/1.0; +claudebot@anthropic.com)"
198.54.116.86 - - [01/Jun/2025:10:32:54 -0400] "POST /wp-cron.php?doing_wp_cron=1748788374.1634380817413330078125 HTTP/1.1" 200 0 "-" "WordPress/6.8.1; https://servethepeopleinc.org"
40.77.167.69 - - [01/Jun/2025:10:32:54 -0400] "GET /item/brehon69796130.shtml HTTP/1.1" 404 16926 "-" "Mozilla/5.0 AppleWebKit/537.36 (KHTML, like Gecko; compatible; bingbot/2.0; +http://www.bing.com/bingbot.htm) Chrome/116.0.1938.76 Safari/537.36"
52.167.144.139 - - [01/Jun/2025:10:32:55 -0400] "GET /products/vug/loggerheaded/ HTTP/1.1" 301 0 "-" "Mozilla/5.0 AppleWebKit/537.36 (KHTML, like Gecko; compatible; bingbot/2.0; +http://www.bing.com/bingbot.htm) Chrome/116.0.1938.76 Safari/537.36"
216.73.216.37 - - [01/Jun/2025:10:32:56 -0400] "GET /ad917/?path=%2Fhome%2Fservlmvm%2F..%2F.%2F..%2Flib%2Frpm%2Fplatform%2Farmv4l-linux HTTP/1.1" 200 1535 "-" "Mozilla/5.0 AppleWebKit/537.36 (KHTML, like Gecko; compatible; ClaudeBot/1.0; +claudebot@anthropic.com)"
216.73.216.37 - - [01/Jun/2025:10:33:03 -0400] "GET /ad917/?path=%2Fhome%2F.%2F..%2Flib64%2Fpython2.7%2F..%2Fpgsql%2F..%2FlibXxf86misc.so.1 HTTP/1.1" 200 978 "-" "Mozilla/5.0 AppleWebKit/537.36 (KHTML, like Gecko; compatible; ClaudeBot/1.0; +claudebot@anthropic.com)"
216.73.216.37 - - [01/Jun/2025:10:33:06 -0400] "GET /ad917/?path=%2Fhome%2Fservlmvm%2F..%2F.%2F..%2Flib64%2Fpython2.7%2FDoc%2F..%2FBastion.pyc HTTP/1.1" 200 989 "-" "Mozilla/5.0 AppleWebKit/537.36 (KHTML, like Gecko; compatible; ClaudeBot/1.0; +claudebot@anthropic.com)"
216.73.216.37 - - [01/Jun/2025:10:33:09 -0400] "GET /ad917/?path=%2Fhome%2F.%2F..%2Fusr%2Finclude%2Fprotocols%2F..%2Flinux%2Fiio%2F..%2Fwimax HTTP/1.1" 200 1549 "-" "Mozilla/5.0 AppleWebKit/537.36 (KHTML, like Gecko; compatible; ClaudeBot/1.0; +claudebot@anthropic.com)"
216.73.216.37 - - [01/Jun/2025:10:33:12 -0400] "GET /ad917/?path=%2Fhome%2Fservlmvm%2F..%2F.%2F..%2Fusr%2Fsrc%2F..%2Flib64%2Flibxslt-plugins%2F..%2F.%2Fgames%2F..%2Flibrpmsign.so.8.2.0 HTTP/1.1" 200 1033 "-" "Mozilla/5.0 AppleWebKit/537.36 (KHTML, like Gecko; compatible; ClaudeBot/1.0; +claudebot@anthropic.com)"
216.73.216.37 - - [01/Jun/2025:10:33:15 -0400] "GET /ad917/?path=%2Fhome%2Fservlmvm%2F..%2F.%2F..%2Fusr%2Fsrc%2F..%2Flib64%2Flibxslt-plugins%2F..%2Fgdk-pixbuf-2.0%2F..%2Flibisccfg.so.163 HTTP/1.1" 200 1028 "-" "Mozilla/5.0 AppleWebKit/537.36 (KHTML, like Gecko; compatible; ClaudeBot/1.0; +claudebot@anthropic.com)"
198.54.116.86 - - [01/Jun/2025:10:33:18 -0400] "POST /wp-cron.php?doing_wp_cron=1748788398.4548161029815673828125 HTTP/1.1" 200 0 "-" "WordPress/6.8.1; https://servethepeopleinc.org"
216.73.216.37 - - [01/Jun/2025:10:33:18 -0400] "GET /ad917/?path=%2Fhome%2Fservlmvm%2F..%2F.%2F..%2Fopt%2Fhc_php%2F..%2Falt%2Fpython33%2Fetc HTTP/1.1" 200 1556 "-" "Mozilla/5.0 AppleWebKit/537.36 (KHTML, like Gecko; compatible; ClaudeBot/1.0; +claudebot@anthropic.com)"
52.167.144.175 - - [01/Jun/2025:10:33:18 -0400] "GET /products/biformity64674482.shtml HTTP/1.1" 404 16926 "-" "Mozilla/5.0 AppleWebKit/537.36 (KHTML, like Gecko; compatible; bingbot/2.0; +http://www.bing.com/bingbot.htm) Chrome/116.0.1938.76 Safari/537.36"
198.54.116.86 - - [01/Jun/2025:10:33:18 -0400] "POST /wp-admin/admin-ajax.php?action=async_litespeed&nonce=DIuNDQ5s6LjFhTFTwVwA8BK4qIV9tixK&litespeed_type=imgoptm HTTP/1.1" 200 21 "-" "WordPress/6.8.1; https://servethepeopleinc.org"
216.73.216.37 - - [01/Jun/2025:10:33:21 -0400] "GET /ad917/?path=%2Fhome%2Fservlmvm%2F..%2F.%2F..%2Flib%2F..%2Flib64%2Fpython2.7%2Fchunk.pyo HTTP/1.1" 200 979 "-" "Mozilla/5.0 AppleWebKit/537.36 (KHTML, like Gecko; compatible; ClaudeBot/1.0; +claudebot@anthropic.com)"
216.73.216.37 - - [01/Jun/2025:10:33:24 -0400] "GET /ad917/?path=%2Fhome%2Fservlmvm%2F..%2F.%2F..%2Fusr%2Fsrc%2F..%2Flib64%2Fldb%2F..%2Flibgstwebrtc-1.0.so.0.1601.0 HTTP/1.1" 200 1010 "-" "Mozilla/5.0 AppleWebKit/537.36 (KHTML, like Gecko; compatible; ClaudeBot/1.0; +claudebot@anthropic.com)"
216.73.216.37 - - [01/Jun/2025:10:33:27 -0400] "GET /ad917/?path=%2Fhome%2Fservlmvm%2F..%2F.%2F..%2Fusr%2Fsrc%2F..%2Flib64%2Fnagios%2F..%2Flibopenjp2.so.7 HTTP/1.1" 200 1002 "-" "Mozilla/5.0 AppleWebKit/537.36 (KHTML, like Gecko; compatible; ClaudeBot/1.0; +claudebot@anthropic.com)"
216.73.216.37 - - [01/Jun/2025:10:33:30 -0400] "GET /ad917/?path=%2Fhome%2Fservlmvm%2F..%2F.%2F..%2Fopt%2Fcloudlinux%2F.%2Fnginx_status HTTP/1.1" 200 979 "-" "Mozilla/5.0 AppleWebKit/537.36 (KHTML, like Gecko; compatible; ClaudeBot/1.0; +claudebot@anthropic.com)"
216.73.216.37 - - [01/Jun/2025:10:33:33 -0400] "GET /ad917/?path=%2Fhome%2Fservlmvm%2F..%2F.%2F..%2Flib64%2Flua%2F..%2FlibQt5Test.so.5 HTTP/1.1" 200 977 "-" "Mozilla/5.0 AppleWebKit/537.36 (KHTML, like Gecko; compatible; ClaudeBot/1.0; +claudebot@anthropic.com)"
216.73.216.37 - - [01/Jun/2025:10:33:36 -0400] "GET /ad917/?path=%2Fhome%2Fservlmvm%2F..%2F.%2F..%2Fusr%2Fsrc%2F..%2Fshare%2Fperl5%2F..%2Flocale%2Fzza%2F..%2Fber HTTP/1.1" 200 1531 "-" "Mozilla/5.0 AppleWebKit/537.36 (KHTML, like Gecko; compatible; ClaudeBot/1.0; +claudebot@anthropic.com)"
216.73.216.37 - - [01/Jun/2025:10:33:39 -0400] "GET /ad917/?path=%2Fhome%2F.%2F..%2Flib64%2Fpython2.7%2Fcurses%2F..%2Fchunk.pyo HTTP/1.1" 200 972 "-" "Mozilla/5.0 AppleWebKit/537.36 (KHTML, like Gecko; compatible; ClaudeBot/1.0; +claudebot@anthropic.com)"
216.73.216.37 - - [01/Jun/2025:10:33:42 -0400] "GET /ad917/?path=%2Fhome%2Fservlmvm%2F..%2F.%2F..%2Fusr%2Fsrc%2F..%2Fshare%2F..%2Flib64%2Flibpulse.so.0.23.0 HTTP/1.1" 200 1002 "-" "Mozilla/5.0 AppleWebKit/537.36 (KHTML, like Gecko; compatible; ClaudeBot/1.0; +claudebot@anthropic.com)"
216.73.216.37 - - [01/Jun/2025:10:33:45 -0400] "GET /ad917/?path=%2Fhome%2Fservlmvm%2F..%2F.%2F..%2F.%2Fopt%2Fhc_python%2Flib64%2Fpython3.12%2Fsite-packages%2Fmako%2F..%2Fpip-25.1.1.dist-info HTTP/1.1" 200 1863 "-" "Mozilla/5.0 AppleWebKit/537.36 (KHTML, like Gecko; compatible; ClaudeBot/1.0; +claudebot@anthropic.com)"
216.73.216.37 - - [01/Jun/2025:10:33:48 -0400] "GET /ad917/?path=%2Fhome%2Fservlmvm%2F..%2F.%2F..%2Fusr%2Fsrc%2F..%2Flib64%2Fnagios%2F..%2Ftk8.6 HTTP/1.1" 200 1564 "-" "Mozilla/5.0 AppleWebKit/537.36 (KHTML, like Gecko; compatible; ClaudeBot/1.0; +claudebot@anthropic.com)"
216.73.216.37 - - [01/Jun/2025:10:33:51 -0400] "GET /ad917/?path=%2Fhome%2Fservlmvm%2F..%2F.%2F..%2Fopt%2F..%2Flib64%2Flibxslt-plugins%2F..%2Frpm-plugins%2F..%2Flibipmiconsole.so.2.3.6 HTTP/1.1" 200 1016 "-" "Mozilla/5.0 AppleWebKit/537.36 (KHTML, like Gecko; compatible; ClaudeBot/1.0; +claudebot@anthropic.com)"
216.73.216.37 - - [01/Jun/2025:10:33:54 -0400] "GET /ad917/?path=%2Fhome%2Fservlmvm%2F..%2F.%2F..%2Fopt%2Fhc_php%2F..%2Falt%2Falt-ImageMagick%2Fusr%2Flib64%2F..%2Flib64 HTTP/1.1" 200 1706 "-" "Mozilla/5.0 AppleWebKit/537.36 (KHTML, like Gecko; compatible; ClaudeBot/1.0; +claudebot@anthropic.com)"
198.54.116.86 - - [01/Jun/2025:10:33:54 -0400] "POST /wp-cron.php?doing_wp_cron=1748788434.8923709392547607421875 HTTP/1.1" 200 0 "-" "WordPress/6.8.1; https://servethepeopleinc.org"
66.249.73.73 - - [01/Jun/2025:10:33:54 -0400] "GET /item/isonephelic/80332622.shtml HTTP/1.1" 404 16951 "-" "Mozilla/5.0 (compatible; Googlebot/2.1; +http://www.google.com/bot.html)"
52.167.144.175 - - [01/Jun/2025:10:33:54 -0400] "GET /info112170152.shtml HTTP/1.1" 404 16927 "-" "Mozilla/5.0 AppleWebKit/537.36 (KHTML, like Gecko; compatible; bingbot/2.0; +http://www.bing.com/bingbot.htm) Chrome/116.0.1938.76 Safari/537.36"
66.249.73.64 - - [01/Jun/2025:10:33:55 -0400] "GET /item/isonephelic/80332622.shtml HTTP/1.1" 404 16953 "-" "Mozilla/5.0 (Linux; Android 6.0.1; Nexus 5X Build/MMB29P) AppleWebKit/537.36 (KHTML, like Gecko) Chrome/136.0.7103.113 Mobile Safari/537.36 (compatible; Googlebot/2.1; +http://www.google.com/bot.html)"
216.73.216.37 - - [01/Jun/2025:10:33:57 -0400] "GET /ad917/?path=%2Fhome%2Fservlmvm%2F..%2F.%2F..%2Flib%2Frpm%2Fplatform%2Fsparc-linux%2F..%2Fm68k-linux%2F..%2Fppc8260-linux HTTP/1.1" 200 1585 "-" "Mozilla/5.0 AppleWebKit/537.36 (KHTML, like Gecko; compatible; ClaudeBot/1.0; +claudebot@anthropic.com)"
216.73.216.37 - - [01/Jun/2025:10:34:00 -0400] "GET /ad917/?path=%2Fhome%2Fservlmvm%2F..%2F.%2F..%2Flib%2F..%2Fbin%2F..%2Flib%2Fpython3.6%2F..%2Frpm%2Fkabi.sh HTTP/1.1" 200 1296 "-" "Mozilla/5.0 AppleWebKit/537.36 (KHTML, like Gecko; compatible; ClaudeBot/1.0; +claudebot@anthropic.com)"
216.73.216.37 - - [01/Jun/2025:10:34:03 -0400] "GET /ad917/?path=%2Fhome%2Fservlmvm%2F..%2F.%2F..%2Fusr%2Fsrc%2F..%2Fshare%2Fperl5%2F..%2Flocale%2Fmus HTTP/1.1" 200 1514 "-" "Mozilla/5.0 AppleWebKit/537.36 (KHTML, like Gecko; compatible; ClaudeBot/1.0; +claudebot@anthropic.com)"
216.73.216.37 - - [01/Jun/2025:10:34:06 -0400] "GET /ad917/?path=%2Fhome%2F.%2F..%2Flib64%2Fpython2.7%2Fpydoc_data%2F..%2Ftest%2F..%2F_LWPCookieJar.pyo HTTP/1.1" 200 1003 "-" "Mozilla/5.0 AppleWebKit/537.36 (KHTML, like Gecko; compatible; ClaudeBot/1.0; +claudebot@anthropic.com)"
216.73.216.37 - - [01/Jun/2025:10:34:09 -0400] "GET /ad917/?path=%2Fhome%2Fservlmvm%2F..%2F.%2F..%2Flib64%2Fpython2.7%2Fcompiler%2F..%2F..%2FlibQt5Gui.so.5 HTTP/1.1" 200 997 "-" "Mozilla/5.0 AppleWebKit/537.36 (KHTML, like Gecko; compatible; ClaudeBot/1.0; +claudebot@anthropic.com)"
216.73.216.37 - - [01/Jun/2025:10:34:12 -0400] "GET /ad917/?path=%2Fhome%2Fservlmvm%2F..%2F.%2F..%2Flib64%2Flibmysqlclient21%2F..%2Fpython2.7%2FTools%2F..%2Fntpath.pyo HTTP/1.1" 200 1016 "-" "Mozilla/5.0 AppleWebKit/537.36 (KHTML, like Gecko; compatible; ClaudeBot/1.0; +claudebot@anthropic.com)"
216.73.216.37 - - [01/Jun/2025:10:34:15 -0400] "GET /ad917/?path=%2Fhome%2F.%2F.%2Fservlmvm%2Fpublic_html%2Fwp-includes%2F..%2Fwp-comments-post.php HTTP/1.1" 200 2069 "-" "Mozilla/5.0 AppleWebKit/537.36 (KHTML, like Gecko; compatible; ClaudeBot/1.0; +claudebot@anthropic.com)"
216.73.216.37 - - [01/Jun/2025:10:34:18 -0400] "GET /ad917/?path=%2Fhome%2F.%2Fservlmvm%2F.%2Fpublic_html%2Fwp-includes%2F..%2Fwp-comments-post.php HTTP/1.1" 200 2070 "-" "Mozilla/5.0 AppleWebKit/537.36 (KHTML, like Gecko; compatible; ClaudeBot/1.0; +claudebot@anthropic.com)"
216.73.216.37 - - [01/Jun/2025:10:34:21 -0400] "GET /ad917/?path=%2Fhome%2Fservlmvm%2F..%2F.%2F..%2Flib64%2Ftraceevent%2F..%2Fpython2.7%2Funittest%2F..%2Fquopri.pyc HTTP/1.1" 200 1012 "-" "Mozilla/5.0 AppleWebKit/537.36 (KHTML, like Gecko; compatible; ClaudeBot/1.0; +claudebot@anthropic.com)"
216.73.216.37 - - [01/Jun/2025:10:34:24 -0400] "GET /ad917/?path=%2Fhome%2F.%2F..%2Fusr%2Finclude%2Fopenssl%2F..%2Fpython3.6m%2F..%2Fexpat.h HTTP/1.1" 200 13078 "-" "Mozilla/5.0 AppleWebKit/537.36 (KHTML, like Gecko; compatible; ClaudeBot/1.0; +claudebot@anthropic.com)"
216.73.216.37 - - [01/Jun/2025:10:34:27 -0400] "GET /ad917/?path=%2Fhome%2F.%2F..%2Flib64%2Fpython2.7%2Fjson%2F..%2F..%2Flibpython3.6m.so HTTP/1.1" 200 976 "-" "Mozilla/5.0 AppleWebKit/537.36 (KHTML, like Gecko; compatible; ClaudeBot/1.0; +claudebot@anthropic.com)"
198.54.116.86 - - [01/Jun/2025:10:34:29 -0400] "POST /wp-cron.php?doing_wp_cron=1748788469.6744599342346191406250 HTTP/1.1" 200 0 "-" "WordPress/6.8.1; https://servethepeopleinc.org"
40.77.167.71 - - [01/Jun/2025:10:34:29 -0400] "GET /item/sailcloth112068916.shtml HTTP/1.1" 404 16927 "-" "Mozilla/5.0 AppleWebKit/537.36 (KHTML, like Gecko; compatible; bingbot/2.0; +http://www.bing.com/bingbot.htm) Chrome/116.0.1938.76 Safari/537.36"
198.54.116.86 - - [01/Jun/2025:10:34:29 -0400] "POST /wp-admin/admin-ajax.php?action=async_litespeed&nonce=zJYEBn2muz9j33edyqoqlC3WgF5Mtts6&litespeed_type=imgoptm HTTP/1.1" 200 21 "-" "WordPress/6.8.1; https://servethepeopleinc.org"
216.73.216.37 - - [01/Jun/2025:10:34:30 -0400] "GET /ad917/?path=%2Fhome%2F.%2F..%2Flib64%2Fpython3.6%2Fsqlite3%2F..%2F..%2Flibncurses.so.6 HTTP/1.1" 200 979 "-" "Mozilla/5.0 AppleWebKit/537.36 (KHTML, like Gecko; compatible; ClaudeBot/1.0; +claudebot@anthropic.com)"
216.73.216.37 - - [01/Jun/2025:10:34:33 -0400] "GET /ad917/?path=%2Fhome%2Fservlmvm%2F..%2F.%2F..%2Flib64%2Fruby%2F..%2Fpython3.6%2Fsqlite3%2F..%2Fpydoc_data%2F..%2F..%2Faspell-0.60%2Fcp1250.cset HTTP/1.1" 200 4581 "-" "Mozilla/5.0 AppleWebKit/537.36 (KHTML, like Gecko; compatible; ClaudeBot/1.0; +claudebot@anthropic.com)"
216.73.216.37 - - [01/Jun/2025:10:34:36 -0400] "GET /ad917/?path=%2Fhome%2Fservlmvm%2F..%2F.%2F..%2Flib%2Frpm%2Fplatform%2Fsparc-linux%2F..%2Fsparc-linux%2F. HTTP/1.1" 200 1558 "-" "Mozilla/5.0 AppleWebKit/537.36 (KHTML, like Gecko; compatible; ClaudeBot/1.0; +claudebot@anthropic.com)"
216.73.216.37 - - [01/Jun/2025:10:34:41 -0400] "GET /ad917/?path=%2Fhome%2Fservlmvm%2F..%2F.%2F..%2Fopt%2F..%2Flib64%2Flibxslt-plugins%2F..%2Flibuser%2F..%2Flibpamc.so.0 HTTP/1.1" 200 1013 "-" "Mozilla/5.0 AppleWebKit/537.36 (KHTML, like Gecko; compatible; ClaudeBot/1.0; +claudebot@anthropic.com)"
216.73.216.37 - - [01/Jun/2025:10:34:42 -0400] "GET /ad917/?path=%2Fhome%2Fservlmvm%2F..%2F.%2F..%2Flib64%2Flibxslt-plugins%2F..%2Flibnfsidmap%2Fnsswitch.so HTTP/1.1" 200 1000 "-" "Mozilla/5.0 AppleWebKit/537.36 (KHTML, like Gecko; compatible; ClaudeBot/1.0; +claudebot@anthropic.com)"
198.98.60.239 - - [01/Jun/2025:10:34:44 -0400] "GET /wp-login.php HTTP/1.1" 200 6169 "-" "Mozilla/5.0 (iPad; CPU OS 7_1_2 like Mac OS X) AppleWebKit/537.51.2 (KHTML, like Gecko) Version/7.0 Mobile/11D257 Safari/9537.53"
198.98.60.239 - - [01/Jun/2025:10:34:44 -0400] "POST /wp-login.php HTTP/1.1" 200 6652 "-" "Mozilla/5.0 (iPad; CPU OS 7_1_2 like Mac OS X) AppleWebKit/537.51.2 (KHTML, like Gecko) Version/7.0 Mobile/11D257 Safari/9537.53"
216.73.216.37 - - [01/Jun/2025:10:34:45 -0400] "GET /ad917/?path=%2Fhome%2Fservlmvm%2F..%2F.%2F..%2Fhome4%2F..%2Fusr%2Finclude%2Fbits%2F..%2Fpython3.8%2F..%2Fsysexits.h HTTP/1.1" 200 3411 "-" "Mozilla/5.0 AppleWebKit/537.36 (KHTML, like Gecko; compatible; ClaudeBot/1.0; +claudebot@anthropic.com)"
216.73.216.37 - - [01/Jun/2025:10:34:48 -0400] "GET /ad917/?path=%2Fhome%2F.%2F..%2Flib64%2Fpython2.7%2Fpydoc_data%2F..%2F.%2Fcurses%2F..%2Fpdb.doc HTTP/1.1" 200 4052 "-" "Mozilla/5.0 AppleWebKit/537.36 (KHTML, like Gecko; compatible; ClaudeBot/1.0; +claudebot@anthropic.com)"
216.73.216.37 - - [01/Jun/2025:10:34:51 -0400] "GET /ad917/?path=%2Fhome%2Fservlmvm%2F..%2F.%2F..%2Fusr%2Fsrc%2F..%2Flib64%2Fnagios%2F..%2Flibtirpc.so.3.0.0 HTTP/1.1" 200 1002 "-" "Mozilla/5.0 AppleWebKit/537.36 (KHTML, like Gecko; compatible; ClaudeBot/1.0; +claudebot@anthropic.com)"
216.73.216.37 - - [01/Jun/2025:10:34:54 -0400] "GET /ad917/?path=%2Fhome%2F.%2F..%2Flib64%2Fpython2.7%2Fjson%2F..%2Fposixfile.pyo HTTP/1.1" 200 975 "-" "Mozilla/5.0 AppleWebKit/537.36 (KHTML, like Gecko; compatible; ClaudeBot/1.0; +claudebot@anthropic.com)"
52.167.144.139 - - [01/Jun/2025:10:34:54 -0400] "GET /item/49441606.shtml HTTP/1.1" 301 0 "-" "Mozilla/5.0 AppleWebKit/537.36 (KHTML, like Gecko; compatible; bingbot/2.0; +http://www.bing.com/bingbot.htm) Chrome/116.0.1938.76 Safari/537.36"
125.94.144.102 - - [01/Jun/2025:10:34:55 -0400] "GET / HTTP/1.1" 200 33532 "http://servethepeopleinc.org" "Mozilla/5.0 (iPhone; CPU iPhone OS 13_2_3 like Mac OS X) AppleWebKit/605.1.15 (KHTML, like Gecko) Version/13.0.3 Mobile/15E148 Safari/604.1"
66.249.73.64 - - [01/Jun/2025:10:34:57 -0400] "GET /products/42776958.shtml HTTP/1.1" 404 16927 "-" "Mozilla/5.0 (compatible; Googlebot/2.1; +http://www.google.com/bot.html)"
216.73.216.37 - - [01/Jun/2025:10:34:58 -0400] "GET /ad917/?path=%2Fhome%2F.%2F..%2Fusr%2Flib64%2Fpgsql%2F..%2Flibxslt-plugins%2F..%2Fpython3.8%2F..%2Fpython2.7%2Fmimetools.pyc HTTP/1.1" 200 1019 "-" "Mozilla/5.0 AppleWebKit/537.36 (KHTML, like Gecko; compatible; ClaudeBot/1.0; +claudebot@anthropic.com)"
216.73.216.37 - - [01/Jun/2025:10:35:00 -0400] "GET /ad917/?path=%2Fhome%2Fservlmvm%2F..%2F.%2F..%2Fusr%2Fsrc%2F..%2Flib64%2Flibxslt-plugins%2F..%2Fpython3.8%2F..%2Fpython2.7%2F.%2Fgetpass.pyc HTTP/1.1" 200 1043 "-" "Mozilla/5.0 AppleWebKit/537.36 (KHTML, like Gecko; compatible; ClaudeBot/1.0; +claudebot@anthropic.com)"
216.73.216.37 - - [01/Jun/2025:10:35:03 -0400] "GET /ad917/?path=%2Fhome%2F.%2F..%2Fusr%2Flib64%2Fpgsql%2F..%2Flibxslt-plugins%2F..%2Fpython3.8%2F..%2Fpython2.7%2FUserString.pyo HTTP/1.1" 200 1024 "-" "Mozilla/5.0 AppleWebKit/537.36 (KHTML, like Gecko; compatible; ClaudeBot/1.0; +claudebot@anthropic.com)"
216.73.216.37 - - [01/Jun/2025:10:35:06 -0400] "GET /ad917/?path=%2Fhome%2F.%2F..%2Fusr%2Flib64%2Fpgsql%2F..%2Flibxslt-plugins%2F..%2Fpython3.8%2Fsysconfig.py HTTP/1.1" 200 8724 "-" "Mozilla/5.0 AppleWebKit/537.36 (KHTML, like Gecko; compatible; ClaudeBot/1.0; +claudebot@anthropic.com)"
216.73.216.37 - - [01/Jun/2025:10:35:09 -0400] "GET /ad917/?path=%2Fhome%2Fservlmvm%2F..%2F.%2F..%2Fusr%2Fsrc%2F..%2Flib64%2Flibxslt-plugins%2F..%2Fpython2.7%2FDemo%2Fturtle%2Ftdemo_chaos.py HTTP/1.1" 200 1479 "-" "Mozilla/5.0 AppleWebKit/537.36 (KHTML, like Gecko; compatible; ClaudeBot/1.0; +claudebot@anthropic.com)"
216.73.216.37 - - [01/Jun/2025:10:35:12 -0400] "GET /ad917/?path=%2Fhome%2F.%2F..%2Flib64%2Fpython2.7%2Fpydoc_data%2F..%2F.%2Fpydoc_data%2F..%2Fformatter.pyc HTTP/1.1" 200 995 "-" "Mozilla/5.0 AppleWebKit/537.36 (KHTML, like Gecko; compatible; ClaudeBot/1.0; +claudebot@anthropic.com)"
216.73.216.37 - - [01/Jun/2025:10:35:15 -0400] "GET /ad917/?path=%2Fhome%2F.%2F..%2Fusr%2Flib64%2Fpgsql%2F..%2Fpython2.7%2Fimportlib%2F..%2Fidlelib%2Frpc.py HTTP/1.1" 200 6620 "-" "Mozilla/5.0 AppleWebKit/537.36 (KHTML, like Gecko; compatible; ClaudeBot/1.0; +claudebot@anthropic.com)"
198.54.116.86 - - [01/Jun/2025:10:35:18 -0400] "POST /wp-cron.php?doing_wp_cron=1748788518.4516379833221435546875 HTTP/1.1" 200 0 "-" "WordPress/6.8.1; https://servethepeopleinc.org"
52.167.144.139 - - [01/Jun/2025:10:35:18 -0400] "GET /special/pinniped/2673216.shtml HTTP/1.1" 301 0 "-" "Mozilla/5.0 AppleWebKit/537.36 (KHTML, like Gecko; compatible; bingbot/2.0; +http://www.bing.com/bingbot.htm) Chrome/116.0.1938.76 Safari/537.36"
198.54.116.86 - - [01/Jun/2025:10:35:18 -0400] "POST /wp-admin/admin-ajax.php?action=async_litespeed&nonce=JUTZXQZPwVkQ6RmcucQKZpUFVvUz16K2&litespeed_type=imgoptm HTTP/1.1" 200 21 "-" "WordPress/6.8.1; https://servethepeopleinc.org"
216.73.216.37 - - [01/Jun/2025:10:35:18 -0400] "GET /ad917/?path=%2Fhome%2F.%2F..%2Flib64%2Fpython3.6%2Fsqlite3%2F..%2Fpydoc.py HTTP/1.1" 200 29090 "-" "Mozilla/5.0 AppleWebKit/537.36 (KHTML, like Gecko; compatible; ClaudeBot/1.0; +claudebot@anthropic.com)"
216.73.216.37 - - [01/Jun/2025:10:35:21 -0400] "GET /ad917/?path=%2Fhome%2Fservlmvm%2F..%2F.%2F..%2Fusr%2Fsrc%2F..%2Flib64%2Flibxslt-plugins%2F..%2Fpython3.8%2Flib2to3%2Ffixes%2Ffix_itertools.py HTTP/1.1" 200 1766 "-" "Mozilla/5.0 AppleWebKit/537.36 (KHTML, like Gecko; compatible; ClaudeBot/1.0; +claudebot@anthropic.com)"
216.73.216.37 - - [01/Jun/2025:10:35:24 -0400] "GET /ad917/?path=%2Fhome%2Fservlmvm%2F..%2F.%2F..%2Fusr%2Fsrc%2F..%2Flib64%2Flibxslt-plugins%2F..%2F.%2Fpython2.7%2Fidlelib%2F..%2Fstringold.py HTTP/1.1" 200 4908 "-" "Mozilla/5.0 AppleWebKit/537.36 (KHTML, like Gecko; compatible; ClaudeBot/1.0; +claudebot@anthropic.com)"
216.73.216.37 - - [01/Jun/2025:10:35:27 -0400] "GET /ad917/?path=%2Fhome%2F.%2F..%2Fusr%2Flib64%2Fpgsql%2F..%2Flibxslt-plugins%2F..%2Fpython3.8%2F..%2Fpython2.7%2Ftarfile.pyc HTTP/1.1" 200 1019 "-" "Mozilla/5.0 AppleWebKit/537.36 (KHTML, like Gecko; compatible; ClaudeBot/1.0; +claudebot@anthropic.com)"
216.73.216.37 - - [01/Jun/2025:10:35:30 -0400] "GET /ad917/?path=%2Fhome%2Fservlmvm%2F..%2F.%2F..%2Fusr%2Fsrc%2F..%2Flib64%2Flibxslt-plugins%2F..%2Fpython3.8%2F..%2Fpython2.7%2F.%2Fsmtplib.py HTTP/1.1" 200 11020 "-" "Mozilla/5.0 AppleWebKit/537.36 (KHTML, like Gecko; compatible; ClaudeBot/1.0; +claudebot@anthropic.com)"
198.54.116.86 - - [01/Jun/2025:10:35:32 -0400] "POST /wp-cron.php?doing_wp_cron=1748788532.4693460464477539062500 HTTP/1.1" 200 0 "-" "WordPress/6.8.1; https://servethepeopleinc.org"
216.73.216.37 - - [01/Jun/2025:10:35:57 -0400] "GET /ad917/?path=%2Fhome%2Fservlmvm%2F..%2F.%2F..%2Fusr%2Fsrc%2F..%2Flib64%2Flibxslt-plugins%2F..%2Flibmysqlclient21%2F..%2Fpython3.6%2Fimaplib.py HTTP/1.1" 200 16465 "-" "Mozilla/5.0 AppleWebKit/537.36 (KHTML, like Gecko; compatible; ClaudeBot/1.0; +claudebot@anthropic.com)"
216.73.216.37 - - [01/Jun/2025:10:36:00 -0400] "GET /ad917/?path=%2Fhome%2Fservlmvm%2F..%2F..%2Fhome%2F..%2Fusr%2Finclude%2Fpython3.8%2F..%2Fpython3.8%2Fcpython%2F..%2Fnamespaceobject.h HTTP/1.1" 200 1197 "-" "Mozilla/5.0 AppleWebKit/537.36 (KHTML, like Gecko; compatible; ClaudeBot/1.0; +claudebot@anthropic.com)"
40.77.167.5 - - [01/Jun/2025:10:36:01 -0400] "GET /items/typus/56198620.shtml HTTP/1.1" 301 0 "-" "Mozilla/5.0 AppleWebKit/537.36 (KHTML, like Gecko; compatible; bingbot/2.0; +http://www.bing.com/bingbot.htm) Chrome/116.0.1938.76 Safari/537.36"
216.73.216.37 - - [01/Jun/2025:10:36:03 -0400] "GET /ad917/?path=%2Fhome%2F.%2F..%2Fusr%2Flib64%2Frpm-plugins%2F..%2Fpython2.7%2Fmultiprocessing%2F..%2Fwave.pyc HTTP/1.1" 200 1001 "-" "Mozilla/5.0 AppleWebKit/537.36 (KHTML, like Gecko; compatible; ClaudeBot/1.0; +claudebot@anthropic.com)"
216.73.216.37 - - [01/Jun/2025:10:36:07 -0400] "GET /ad917/?path=%2Fhome%2F.%2F..%2Flib64%2Fpython2.7%2F..%2Flibxslt-plugins%2F.%2F..%2Fpython3.8%2Fcontextvars.py HTTP/1.1" 200 1071 "-" "Mozilla/5.0 AppleWebKit/537.36 (KHTML, like Gecko; compatible; ClaudeBot/1.0; +claudebot@anthropic.com)"
216.73.216.37 - - [01/Jun/2025:10:36:09 -0400] "GET /ad917/?path=%2Fhome%2Fservlmvm%2F..%2F.%2F..%2Fusr%2Fsrc%2F..%2Flib64%2Flibxslt-plugins%2F..%2Fpython2.7%2Fimportlib%2F..%2Fpprint.py HTTP/1.1" 200 4365 "-" "Mozilla/5.0 AppleWebKit/537.36 (KHTML, like Gecko; compatible; ClaudeBot/1.0; +claudebot@anthropic.com)"
216.73.216.37 - - [01/Jun/2025:10:36:12 -0400] "GET /ad917/?path=%2Fhome%2Fservlmvm%2F..%2F.%2F..%2Flib64%2Flibxslt-plugins%2F..%2Fpython2.7%2Fencodings%2Funicode_internal.py HTTP/1.1" 200 1467 "-" "Mozilla/5.0 AppleWebKit/537.36 (KHTML, like Gecko; compatible; ClaudeBot/1.0; +claudebot@anthropic.com)"
216.73.216.37 - - [01/Jun/2025:10:36:15 -0400] "GET /ad917/?path=%2Fhome%2Fservlmvm%2F..%2F.%2F..%2Fusr%2Fsrc%2F..%2Flib64%2Flibxslt-plugins%2F..%2Fpython3.8%2F..%2Ftls%2F..%2Fpython3.8%2Fsndhdr.py HTTP/1.1" 200 3607 "-" "Mozilla/5.0 AppleWebKit/537.36 (KHTML, like Gecko; compatible; ClaudeBot/1.0; +claudebot@anthropic.com)"
216.73.216.37 - - [01/Jun/2025:10:36:18 -0400] "GET /ad917/?path=%2Fhome%2Fservlmvm%2F..%2F.%2F..%2Fusr%2Fsrc%2F..%2Flib64%2Flibxslt-plugins%2F..%2Fpython3.8%2F..%2Fpython2.7%2F_strptime.py HTTP/1.1" 200 7527 "-" "Mozilla/5.0 AppleWebKit/537.36 (KHTML, like Gecko; compatible; ClaudeBot/1.0; +claudebot@anthropic.com)"
216.73.216.37 - - [01/Jun/2025:10:36:21 -0400] "GET /ad917/?path=%2Fhome%2Fservlmvm%2F..%2F.%2F..%2Fusr%2Fsrc%2F..%2Flib64%2Flibxslt-plugins%2F..%2Fpython3.8%2F..%2Fpython3.8%2Femail%2Fheader.py HTTP/1.1" 200 8443 "-" "Mozilla/5.0 AppleWebKit/537.36 (KHTML, like Gecko; compatible; ClaudeBot/1.0; +claudebot@anthropic.com)"
216.73.216.37 - - [01/Jun/2025:10:36:24 -0400] "GET /ad917/?path=%2Fhome%2Fservlmvm%2F..%2F.%2F..%2Fusr%2Fsrc%2F..%2Flib64%2Flibxslt-plugins%2F..%2Fpython3.8%2F..%2Fpython2.7%2Fxdrlib.pyc HTTP/1.1" 200 1040 "-" "Mozilla/5.0 AppleWebKit/537.36 (KHTML, like Gecko; compatible; ClaudeBot/1.0; +claudebot@anthropic.com)"
216.73.216.37 - - [01/Jun/2025:10:36:27 -0400] "GET /ad917/?path=%2Fhome%2F.%2F..%2Fusr%2Flib64%2Fpgsql%2F..%2Flibxslt-plugins%2F..%2Fpython3.6%2Fdistutils%2Ftext_file.py HTTP/1.1" 200 5123 "-" "Mozilla/5.0 AppleWebKit/537.36 (KHTML, like Gecko; compatible; ClaudeBot/1.0; +claudebot@anthropic.com)"
198.54.116.86 - - [01/Jun/2025:10:36:28 -0400] "POST /wp-cron.php?doing_wp_cron=1748788588.4369618892669677734375 HTTP/1.1" 200 0 "-" "WordPress/6.8.1; https://servethepeopleinc.org"
66.249.73.64 - - [01/Jun/2025:10:36:28 -0400] "GET /special/e/gallopading/83100990.shtml HTTP/1.1" 404 16951 "-" "Mozilla/5.0 (compatible; Googlebot/2.1; +http://www.google.com/bot.html)"
198.54.116.86 - - [01/Jun/2025:10:36:28 -0400] "POST /wp-admin/admin-ajax.php?action=async_litespeed&nonce=lDDF32J5XLwGitJzXhDwBe6NURLqSRw3&litespeed_type=imgoptm HTTP/1.1" 200 21 "-" "WordPress/6.8.1; https://servethepeopleinc.org"
216.73.216.37 - - [01/Jun/2025:10:36:30 -0400] "GET /ad917/?path=%2Fhome%2Fservlmvm%2F..%2F.%2F..%2Fusr%2Fsrc%2F..%2Flib64%2Fpython2.7%2Fcmd.py HTTP/1.1" 200 5748 "-" "Mozilla/5.0 AppleWebKit/537.36 (KHTML, like Gecko; compatible; ClaudeBot/1.0; +claudebot@anthropic.com)"
216.73.216.37 - - [01/Jun/2025:10:36:33 -0400] "GET /ad917/?path=%2Fhome%2F.%2F..%2Fusr%2Flib64%2Frpm-plugins%2F..%2Fpython2.7%2Fmultiprocessing%2F..%2Fthreading.pyc HTTP/1.1" 200 1005 "-" "Mozilla/5.0 AppleWebKit/537.36 (KHTML, like Gecko; compatible; ClaudeBot/1.0; +claudebot@anthropic.com)"
216.73.216.37 - - [01/Jun/2025:10:36:36 -0400] "GET /ad917/?path=%2Fhome%2F.%2F..%2Fusr%2Flib64%2Fpgsql%2F..%2Flibxslt-plugins%2F..%2Fpython3.8%2F..%2Fpython2.7%2Fcode.pyo HTTP/1.1" 200 1015 "-" "Mozilla/5.0 AppleWebKit/537.36 (KHTML, like Gecko; compatible; ClaudeBot/1.0; +claudebot@anthropic.com)"
216.73.216.37 - - [01/Jun/2025:10:36:39 -0400] "GET /ad917/?path=%2Fhome%2Fservlmvm%2F..%2F.%2F..%2Fusr%2Fsrc%2F..%2Flib64%2Flibxslt-plugins%2F..%2Flibmysqlclient21%2F..%2Fpython3.6%2Fstring.py HTTP/1.1" 200 4666 "-" "Mozilla/5.0 AppleWebKit/537.36 (KHTML, like Gecko; compatible; ClaudeBot/1.0; +claudebot@anthropic.com)"
216.73.216.37 - - [01/Jun/2025:10:36:42 -0400] "GET /ad917/?path=%2Fhome%2Fservlmvm%2F..%2F.%2F..%2Fusr%2Fsrc%2F..%2Flib64%2Flibxslt-plugins%2F..%2F.%2Fpython2.7%2Fzipfile.py HTTP/1.1" 200 17355 "-" "Mozilla/5.0 AppleWebKit/537.36 (KHTML, like Gecko; compatible; ClaudeBot/1.0; +claudebot@anthropic.com)"
216.73.216.37 - - [01/Jun/2025:10:36:45 -0400] "GET /ad917/?path=%2Fhome%2Fservlmvm%2F..%2F.%2F..%2Fusr%2Fsrc%2F..%2Flib64%2Flibxslt-plugins%2F..%2F.%2Fpython2.7%2Fidlelib%2FMultiCall.pyc HTTP/1.1" 200 1044 "-" "Mozilla/5.0 AppleWebKit/537.36 (KHTML, like Gecko; compatible; ClaudeBot/1.0; +claudebot@anthropic.com)"
216.73.216.37 - - [01/Jun/2025:10:36:48 -0400] "GET /ad917/?path=%2Fhome%2Fservlmvm%2F..%2F..%2Fhome%2F..%2Fusr%2Finclude%2Fpython3.8%2F..%2Fpython3.8%2Fcpython%2F..%2Fpatchlevel.h HTTP/1.1" 200 1524 "-" "Mozilla/5.0 AppleWebKit/537.36 (KHTML, like Gecko; compatible; ClaudeBot/1.0; +claudebot@anthropic.com)"
198.54.116.86 - - [01/Jun/2025:10:36:49 -0400] "POST /wp-cron.php?doing_wp_cron=1748788609.8996269702911376953125 HTTP/1.1" 200 0 "-" "WordPress/6.8.1; https://servethepeopleinc.org"
40.77.167.20 - - [01/Jun/2025:10:36:49 -0400] "GET /entity/101501296.shtml HTTP/1.1" 404 16925 "-" "Mozilla/5.0 AppleWebKit/537.36 (KHTML, like Gecko; compatible; bingbot/2.0; +http://www.bing.com/bingbot.htm) Chrome/116.0.1938.76 Safari/537.36"
216.73.216.37 - - [01/Jun/2025:10:36:51 -0400] "GET /ad917/?path=%2Fhome%2Fservlmvm%2F..%2F.%2F..%2Fusr%2Fsrc%2F..%2Flib64%2Flibxslt-plugins%2F..%2Fpython2.7%2F..%2Fsse2%2F..%2Fpython3.8%2Fcodeop.py HTTP/1.1" 200 3144 "-" "Mozilla/5.0 AppleWebKit/537.36 (KHTML, like Gecko; compatible; ClaudeBot/1.0; +claudebot@anthropic.com)"
216.73.216.37 - - [01/Jun/2025:10:36:54 -0400] "GET /ad917/?path=%2Fhome%2F.%2F..%2Fusr%2Flib64%2Frpm-plugins%2F..%2Fpython2.7%2Fmultiprocessing%2F..%2Frfc822.py HTTP/1.1" 200 11077 "-" "Mozilla/5.0 AppleWebKit/537.36 (KHTML, like Gecko; compatible; ClaudeBot/1.0; +claudebot@anthropic.com)"
40.77.167.71 - - [01/Jun/2025:10:35:32 -0400] "GET /goodscode/compone24577770.shtml HTTP/1.1" 301 0 "-" "Mozilla/5.0 AppleWebKit/537.36 (KHTML, like Gecko; compatible; bingbot/2.0; +http://www.bing.com/bingbot.htm) Chrome/116.0.1938.76 Safari/537.36"
216.73.216.37 - - [01/Jun/2025:10:35:33 -0400] "GET /ad917/?path=%2Fhome%2F.%2F..%2Flib64%2Fpython2.7%2Fpydoc_data%2F..%2F.%2FDoc%2F..%2Fdifflib.py HTTP/1.1" 200 24880 "-" "Mozilla/5.0 AppleWebKit/537.36 (KHTML, like Gecko; compatible; ClaudeBot/1.0; +claudebot@anthropic.com)"
216.73.216.37 - - [01/Jun/2025:10:35:36 -0400] "GET /ad917/?path=%2Fhome%2F.%2F..%2Fusr%2Flib64%2Fpgsql%2F..%2Fpython2.7%2FDemo%2Fparser%2Ftest_unparse.pyc HTTP/1.1" 200 1006 "-" "Mozilla/5.0 AppleWebKit/537.36 (KHTML, like Gecko; compatible; ClaudeBot/1.0; +claudebot@anthropic.com)"
216.73.216.37 - - [01/Jun/2025:10:35:39 -0400] "GET /ad917/?path=%2Fhome%2Fservlmvm%2F..%2F.%2F..%2Fusr%2Fsrc%2F..%2Flib64%2Flibxslt-plugins%2F..%2Fpython2.7%2Fjson%2F..%2F_weakrefset.py HTTP/1.1" 200 2492 "-" "Mozilla/5.0 AppleWebKit/537.36 (KHTML, like Gecko; compatible; ClaudeBot/1.0; +claudebot@anthropic.com)"
216.73.216.37 - - [01/Jun/2025:10:35:42 -0400] "GET /ad917/?path=%2Fhome%2Fservlmvm%2F..%2F..%2Fhome%2F..%2Fusr%2Finclude%2Fpython3.8%2F..%2Fpython3.8%2Fcpython%2F..%2Fenumobject.h HTTP/1.1" 200 1153 "-" "Mozilla/5.0 AppleWebKit/537.36 (KHTML, like Gecko; compatible; ClaudeBot/1.0; +claudebot@anthropic.com)"
216.73.216.37 - - [01/Jun/2025:10:35:45 -0400] "GET /ad917/?path=%2Fhome%2F.%2F..%2Flib64%2Fpython2.7%2Fpydoc_data%2F..%2F.%2FDoc%2F..%2FUserString.py HTTP/1.1" 200 3341 "-" "Mozilla/5.0 AppleWebKit/537.36 (KHTML, like Gecko; compatible; ClaudeBot/1.0; +claudebot@anthropic.com)"
66.249.73.72 - - [01/Jun/2025:10:35:46 -0400] "GET /items/83656020.shtml HTTP/1.1" 404 16927 "-" "Mozilla/5.0 (Linux; Android 6.0.1; Nexus 5X Build/MMB29P) AppleWebKit/537.36 (KHTML, like Gecko) Chrome/136.0.7103.113 Mobile Safari/537.36 (compatible; Googlebot/2.1; +http://www.google.com/bot.html)"
216.73.216.37 - - [01/Jun/2025:10:35:48 -0400] "GET /ad917/?path=%2Fhome%2F.%2F..%2Fusr%2Flib64%2Fpgsql%2F..%2Flibxslt-plugins%2F..%2Fpython3.6%2Fconcurrent%2F..%2Fast.py HTTP/1.1" 200 5048 "-" "Mozilla/5.0 AppleWebKit/537.36 (KHTML, like Gecko; compatible; ClaudeBot/1.0; +claudebot@anthropic.com)"
40.77.167.71 - - [01/Jun/2025:10:35:51 -0400] "GET /item/capito/93953660.shtml HTTP/1.1" 301 0 "-" "Mozilla/5.0 AppleWebKit/537.36 (KHTML, like Gecko; compatible; bingbot/2.0; +http://www.bing.com/bingbot.htm) Chrome/116.0.1938.76 Safari/537.36"
216.73.216.37 - - [01/Jun/2025:10:35:51 -0400] "GET /ad917/?path=%2Fhome%2Fservlmvm%2F..%2F.%2F..%2Fusr%2Fsrc%2F..%2Flib64%2Flibxslt-plugins%2F..%2Fpython3.8%2F..%2Fpython2.7%2F.%2Fhashlib.pyc HTTP/1.1" 200 1043 "-" "Mozilla/5.0 AppleWebKit/537.36 (KHTML, like Gecko; compatible; ClaudeBot/1.0; +claudebot@anthropic.com)"
216.73.216.37 - - [01/Jun/2025:10:35:54 -0400] "GET /ad917/?path=%2Fhome%2F.%2F..%2Fusr%2Flib64%2Fpgsql%2F..%2Flibxslt-plugins%2F..%2Fpython3.8%2F..%2Fpython2.7%2FDocXMLRPCServer.pyo HTTP/1.1" 200 1036 "-" "Mozilla/5.0 AppleWebKit/537.36 (KHTML, like Gecko; compatible; ClaudeBot/1.0; +claudebot@anthropic.com)"
216.73.216.37 - - [01/Jun/2025:10:36:57 -0400] "GET /ad917/?path=%2Fhome%2F.%2F..%2Fusr%2Flib64%2Frpm-plugins%2F..%2Fpython2.7%2Fmultiprocessing%2F..%2Fsre.py HTTP/1.1" 200 1208 "-" "Mozilla/5.0 AppleWebKit/537.36 (KHTML, like Gecko; compatible; ClaudeBot/1.0; +claudebot@anthropic.com)"
216.73.216.37 - - [01/Jun/2025:10:37:00 -0400] "GET /ad917/?path=%2Fhome%2Fservlmvm%2F..%2F.%2F..%2Fusr%2Fsrc%2F..%2Finclude%2Flibxslt%2F..%2Fmysql%2F..%2Flinux%2F..%2Fpython2.7%2Fmoduleobject.h HTTP/1.1" 200 1296 "-" "Mozilla/5.0 AppleWebKit/537.36 (KHTML, like Gecko; compatible; ClaudeBot/1.0; +claudebot@anthropic.com)"
216.73.216.37 - - [01/Jun/2025:10:37:03 -0400] "GET /ad917/?path=%2Fhome%2F.%2F..%2Fusr%2Flib64%2Frpm-plugins%2F..%2Fpython2.7%2Fmultiprocessing%2F..%2Fcontextlib.pyc HTTP/1.1" 200 1004 "-" "Mozilla/5.0 AppleWebKit/537.36 (KHTML, like Gecko; compatible; ClaudeBot/1.0; +claudebot@anthropic.com)"
216.73.216.37 - - [01/Jun/2025:10:37:06 -0400] "GET /ad917/?path=%2Fhome%2F.%2F..%2Fusr%2Flib64%2Fpgsql%2F..%2Flibxslt-plugins%2F..%2Fpython3.8%2F..%2Fpython2.7%2Fantigravity.py HTTP/1.1" 200 1064 "-" "Mozilla/5.0 AppleWebKit/537.36 (KHTML, like Gecko; compatible; ClaudeBot/1.0; +claudebot@anthropic.com)"
66.249.73.73 - - [01/Jun/2025:10:37:07 -0400] "GET /info/44710238.shtml HTTP/1.1" 404 16927 "-" "Mozilla/5.0 (Linux; Android 6.0.1; Nexus 5X Build/MMB29P) AppleWebKit/537.36 (KHTML, like Gecko) Chrome/136.0.7103.113 Mobile Safari/537.36 (compatible; Googlebot/2.1; +http://www.google.com/bot.html)"
216.73.216.37 - - [01/Jun/2025:10:37:09 -0400] "GET /ad917/?path=%2Fhome%2Fservlmvm%2F..%2F.%2F..%2Fusr%2Fsrc%2F..%2Finclude%2Flibxslt%2F..%2Fmysql%2F..%2Flinux%2F..%2Fpython2.7%2Fobjimpl.h HTTP/1.1" 200 5739 "-" "Mozilla/5.0 AppleWebKit/537.36 (KHTML, like Gecko; compatible; ClaudeBot/1.0; +claudebot@anthropic.com)"
216.73.216.37 - - [01/Jun/2025:10:37:13 -0400] "GET /ad917/?path=%2Fhome%2F.%2F..%2Fusr%2Flib64%2Frpm-plugins%2F..%2Fpython2.7%2Fmultiprocessing%2F..%2Fio.py HTTP/1.1" 200 2422 "-" "Mozilla/5.0 AppleWebKit/537.36 (KHTML, like Gecko; compatible; ClaudeBot/1.0; +claudebot@anthropic.com)"
216.73.216.37 - - [01/Jun/2025:10:37:15 -0400] "GET /ad917/?path=%2Fhome%2F.%2F.%2Fservlmvm%2Fpublic_html%2Fwp-includes%2Fjs%2Fjquery%2Fsuggest.js HTTP/1.1" 200 3502 "-" "Mozilla/5.0 AppleWebKit/537.36 (KHTML, like Gecko; compatible; ClaudeBot/1.0; +claudebot@anthropic.com)"
216.73.216.37 - - [01/Jun/2025:10:37:18 -0400] "GET /ad917/?path=%2Fhome%2F.%2F..%2Fusr%2Flib64%2Frpm-plugins%2F..%2Fpython2.7%2Fmultiprocessing%2F..%2Fnntplib.py HTTP/1.1" 200 7036 "-" "Mozilla/5.0 AppleWebKit/537.36 (KHTML, like Gecko; compatible; ClaudeBot/1.0; +claudebot@anthropic.com)"
216.73.216.37 - - [01/Jun/2025:10:37:21 -0400] "GET /ad917/?path=%2Fhome%2Fservlmvm%2F..%2F.%2F..%2Fusr%2Fsrc%2F..%2Flib64%2Flibxslt-plugins%2F..%2Fpython2.7%2F..%2Fsse2%2F..%2Fpython3.8%2Fcodecs.py HTTP/1.1" 200 10148 "-" "Mozilla/5.0 AppleWebKit/537.36 (KHTML, like Gecko; compatible; ClaudeBot/1.0; +claudebot@anthropic.com)"
198.54.116.86 - - [01/Jun/2025:10:37:24 -0400] "POST /wp-cron.php?doing_wp_cron=1748788644.2310309410095214843750 HTTP/1.1" 200 0 "-" "WordPress/6.8.1; https://servethepeopleinc.org"
52.167.144.139 - - [01/Jun/2025:10:37:24 -0400] "GET /special/x/skillygalee28777996.shtml HTTP/1.1" 301 0 "-" "Mozilla/5.0 AppleWebKit/537.36 (KHTML, like Gecko; compatible; bingbot/2.0; +http://www.bing.com/bingbot.htm) Chrome/116.0.1938.76 Safari/537.36"
198.54.116.86 - - [01/Jun/2025:10:37:24 -0400] "POST /wp-admin/admin-ajax.php?action=async_litespeed&nonce=IfhyM6MKklYKrIzOtLRZvOSnpxMJmHlM&litespeed_type=imgoptm HTTP/1.1" 200 21 "-" "WordPress/6.8.1; https://servethepeopleinc.org"
216.73.216.37 - - [01/Jun/2025:10:37:24 -0400] "GET /ad917/?path=%2Fhome%2Fservlmvm%2F..%2F.%2F..%2Fusr%2Fsrc%2F..%2Flib64%2Flibxslt-plugins%2F..%2Fpython3.8%2F..%2Fpython2.7%2FBastion.py HTTP/1.1" 200 3321 "-" "Mozilla/5.0 AppleWebKit/537.36 (KHTML, like Gecko; compatible; ClaudeBot/1.0; +claudebot@anthropic.com)"
216.73.216.37 - - [01/Jun/2025:10:37:27 -0400] "GET /ad917/?path=%2Fhome%2F.%2F..%2Flib64%2Fpython2.7%2Fpydoc_data%2F..%2F.%2Flogging%2F..%2Fstruct.py HTTP/1.1" 200 1028 "-" "Mozilla/5.0 AppleWebKit/537.36 (KHTML, like Gecko; compatible; ClaudeBot/1.0; +claudebot@anthropic.com)"
216.73.216.37 - - [01/Jun/2025:10:37:30 -0400] "GET /ad917/?path=%2Fhome%2Fservlmvm%2F..%2F.%2F..%2Fusr%2Fsrc%2F..%2Flib64%2Flibxslt-plugins%2F..%2F.%2Fpython2.7%2Fmultiprocessing%2F..%2Fntpath.py HTTP/1.1" 200 7482 "-" "Mozilla/5.0 AppleWebKit/537.36 (KHTML, like Gecko; compatible; ClaudeBot/1.0; +claudebot@anthropic.com)"
198.54.116.86 - - [01/Jun/2025:10:37:32 -0400] "POST /wp-cron.php?doing_wp_cron=1748788652.8486340045928955078125 HTTP/1.1" 200 0 "-" "WordPress/6.8.1; https://servethepeopleinc.org"
66.249.73.73 - - [01/Jun/2025:10:37:32 -0400] "GET /special/116796772.shtml HTTP/1.1" 404 16927 "-" "Mozilla/5.0 (compatible; Googlebot/2.1; +http://www.google.com/bot.html)"
