216.73.216.196 - - [01/Jun/2025:08:38:57 -0400] "GET /ad917/?path=%2Fhome%2F.%2F..%2Flib64%2Fpython2.7%2Fpydoc_data%2F..%2Flib2to3%2F..%2F..%2Flibxcb-xinerama.so.0.0.0 HTTP/1.1" 200 1011 "-" "Mozilla/5.0 AppleWebKit/537.36 (KHTML, like Gecko; compatible; ClaudeBot/1.0; +claudebot@anthropic.com)"
216.73.216.196 - - [01/Jun/2025:08:39:00 -0400] "GET /ad917/?path=%2Fhome%2Fservlmvm%2F..%2F..%2F.%2Fusr%2Flib64%2Fpython2.7%2Fimportlib%2F..%2Ffpformat.pyo HTTP/1.1" 200 996 "-" "Mozilla/5.0 AppleWebKit/537.36 (KHTML, like Gecko; compatible; ClaudeBot/1.0; +claudebot@anthropic.com)"
66.249.73.73 - - [01/Jun/2025:08:39:00 -0400] "GET /items/matchboard115047622.shtml HTTP/1.1" 404 16925 "-" "Mozilla/5.0 (compatible; Googlebot/2.1; +http://www.google.com/bot.html)"
216.73.216.196 - - [01/Jun/2025:08:39:03 -0400] "GET /ad917/?path=%2Fhome%2Fservlmvm%2F..%2F.%2F..%2Fusr%2Fsrc%2F..%2Flib64%2Flibibverbs%2F..%2FlibOpenIPMI.so.0 HTTP/1.1" 200 1011 "-" "Mozilla/5.0 AppleWebKit/537.36 (KHTML, like Gecko; compatible; ClaudeBot/1.0; +claudebot@anthropic.com)"
216.73.216.196 - - [01/Jun/2025:08:39:06 -0400] "GET /ad917/?path=%2Fhome%2F.%2F..%2Fusr%2Flib64%2Frpm-plugins%2F..%2Fperl5%2F..%2Flibnfnetlink.so.0.2.0 HTTP/1.1" 200 993 "-" "Mozilla/5.0 AppleWebKit/537.36 (KHTML, like Gecko; compatible; ClaudeBot/1.0; +claudebot@anthropic.com)"
216.73.216.196 - - [01/Jun/2025:08:39:09 -0400] "GET /ad917/?path=%2Fhome%2Fservlmvm%2F..%2F.%2F..%2Flib64%2Fpython2.7%2Femail%2F..%2Flib-dynload%2F..%2FcProfile.pyc HTTP/1.1" 200 1012 "-" "Mozilla/5.0 AppleWebKit/537.36 (KHTML, like Gecko; compatible; ClaudeBot/1.0; +claudebot@anthropic.com)"
216.73.216.196 - - [01/Jun/2025:08:39:12 -0400] "GET /ad917/?path=%2Fhome%2F.%2F..%2Flib%2Fpython3.6%2F..%2Fmodules-load.d%2F.. HTTP/1.1" 200 2415 "-" "Mozilla/5.0 AppleWebKit/537.36 (KHTML, like Gecko; compatible; ClaudeBot/1.0; +claudebot@anthropic.com)"
216.73.216.196 - - [01/Jun/2025:08:39:15 -0400] "GET /ad917/?path=%2Fhome%2Fservlmvm%2F..%2F.%2F..%2Flib64%2Fruby%2F..%2Flibxslt-plugins%2F..%2Flibxmlsec1-openssl.so.1 HTTP/1.1" 200 1004 "-" "Mozilla/5.0 AppleWebKit/537.36 (KHTML, like Gecko; compatible; ClaudeBot/1.0; +claudebot@anthropic.com)"
216.73.216.196 - - [01/Jun/2025:08:39:18 -0400] "GET /ad917/?path=%2Fhome%2Fservlmvm%2F..%2F.%2F..%2Fusr%2Fsrc%2F..%2Finclude%2Flibxml2%2F..%2Fnet HTTP/1.1" 200 1794 "-" "Mozilla/5.0 AppleWebKit/537.36 (KHTML, like Gecko; compatible; ClaudeBot/1.0; +claudebot@anthropic.com)"
216.73.216.196 - - [01/Jun/2025:08:39:21 -0400] "GET /ad917/?path=%2Fhome%2Fservlmvm%2F..%2F.%2F..%2Flib64%2Fruby%2F..%2Flibxslt-plugins%2F..%2Flibslapi-2.4.so.2 HTTP/1.1" 200 1001 "-" "Mozilla/5.0 AppleWebKit/537.36 (KHTML, like Gecko; compatible; ClaudeBot/1.0; +claudebot@anthropic.com)"
198.54.116.86 - - [01/Jun/2025:08:39:23 -0400] "POST /wp-cron.php?doing_wp_cron=1748781563.2323400974273681640625 HTTP/1.1" 200 0 "-" "WordPress/6.8.1; https://servethepeopleinc.org"
40.77.167.59 - - [01/Jun/2025:08:39:23 -0400] "GET /shopdetail/83587052.shtml HTTP/1.1" 301 0 "-" "Mozilla/5.0 AppleWebKit/537.36 (KHTML, like Gecko; compatible; bingbot/2.0; +http://www.bing.com/bingbot.htm) Chrome/116.0.1938.76 Safari/537.36"
198.54.116.86 - - [01/Jun/2025:08:39:23 -0400] "POST /wp-admin/admin-ajax.php?action=async_litespeed&nonce=Os3YMBCdLK30sUsLbrRUaGYrtB0CGTje&litespeed_type=imgoptm HTTP/1.1" 200 21 "-" "WordPress/6.8.1; https://servethepeopleinc.org"
216.73.216.196 - - [01/Jun/2025:08:39:24 -0400] "GET /ad917/?path=%2Fhome%2F.%2F..%2Fusr%2Flib64%2Fpgsql%2F..%2Flibxslt-plugins%2F..%2Fgems%2F..%2Flibtheoradec.so.1 HTTP/1.1" 200 1009 "-" "Mozilla/5.0 AppleWebKit/537.36 (KHTML, like Gecko; compatible; ClaudeBot/1.0; +claudebot@anthropic.com)"
216.73.216.196 - - [01/Jun/2025:08:39:27 -0400] "GET /ad917/?path=%2Fhome%2Fservlmvm%2F..%2F.%2F..%2Fhome4%2F..%2Fusr%2Finclude%2Fbits%2F..%2Fpython3.8%2F..%2Ftiffio.hxx HTTP/1.1" 200 1974 "-" "Mozilla/5.0 AppleWebKit/537.36 (KHTML, like Gecko; compatible; ClaudeBot/1.0; +claudebot@anthropic.com)"
216.73.216.196 - - [01/Jun/2025:08:39:30 -0400] "GET /ad917/?path=%2Fhome%2F.%2F..%2F.%2Flib64%2Fpython2.7%2Fpydoc_data%2F..%2F..%2Flibgsm.so.1 HTTP/1.1" 200 983 "-" "Mozilla/5.0 AppleWebKit/537.36 (KHTML, like Gecko; compatible; ClaudeBot/1.0; +claudebot@anthropic.com)"
216.73.216.196 - - [01/Jun/2025:08:39:33 -0400] "GET /ad917/?path=%2Fhome%2Fservlmvm%2F..%2F.%2F..%2Fusr%2Fsrc%2F..%2Flib64%2Fxtables%2F..%2Flibaudit.so.1.0.0 HTTP/1.1" 200 1004 "-" "Mozilla/5.0 AppleWebKit/537.36 (KHTML, like Gecko; compatible; ClaudeBot/1.0; +claudebot@anthropic.com)"
216.73.216.196 - - [01/Jun/2025:08:39:36 -0400] "GET /ad917/?path=%2Fhome%2Fservlmvm%2F..%2F.%2F..%2Fusr%2Fsrc%2F..%2Flib64%2Flibxslt-plugins%2F..%2F.%2Fperl5%2Fbits%2F..%2F..%2Flibxcb-ewmh.so.2 HTTP/1.1" 200 1046 "-" "Mozilla/5.0 AppleWebKit/537.36 (KHTML, like Gecko; compatible; ClaudeBot/1.0; +claudebot@anthropic.com)"
216.73.216.196 - - [01/Jun/2025:08:39:39 -0400] "GET /ad917/?path=%2Fhome%2Fservlmvm%2F..%2F.%2F..%2Fusr%2Fsrc%2F..%2Flib64%2Flibxslt-plugins%2F..%2Fcmake%2F..%2Fbind%2F..%2Flibrpmsign.so.8.2.0 HTTP/1.1" 200 1045 "-" "Mozilla/5.0 AppleWebKit/537.36 (KHTML, like Gecko; compatible; ClaudeBot/1.0; +claudebot@anthropic.com)"
216.73.216.37 - - [01/Jun/2025:08:39:44 -0400] "GET /ad917/?path=%2Fhome%2Fservlmvm%2F..%2F.%2F..%2Flib64%2Fruby%2F..%2Fpython3.6%2Fsqlite3%2F..%2Fpydoc_data%2F..%2F..%2Flibxcb-randr.so HTTP/1.1" 200 1040 "-" "Mozilla/5.0 AppleWebKit/537.36 (KHTML, like Gecko; compatible; ClaudeBot/1.0; +claudebot@anthropic.com)"
216.73.216.37 - - [01/Jun/2025:08:39:46 -0400] "GET /ad917/?path=%2Fhome%2F.%2F..%2Fusr%2Flib64%2Frpm-plugins%2F..%2Fperl5%2F..%2Flibxcb-xselinux.so HTTP/1.1" 200 991 "-" "Mozilla/5.0 AppleWebKit/537.36 (KHTML, like Gecko; compatible; ClaudeBot/1.0; +claudebot@anthropic.com)"
216.73.216.37 - - [01/Jun/2025:08:39:49 -0400] "GET /ad917/?path=%2Fhome%2Fservlmvm%2F..%2F.%2F..%2Fusr%2Fsrc%2F..%2Flib64%2Flibxslt-plugins%2F..%2Fcmake%2F..%2Fruby%2Fenc%2F.%2Fiso_8859_7.so HTTP/1.1" 200 1051 "-" "Mozilla/5.0 AppleWebKit/537.36 (KHTML, like Gecko; compatible; ClaudeBot/1.0; +claudebot@anthropic.com)"
216.73.216.37 - - [01/Jun/2025:08:39:52 -0400] "GET /ad917/?path=%2Fhome%2F.%2F..%2Fusr%2Flib64%2Frpm-plugins%2F..%2Fperl5%2F..%2Flibgvc.so.6.0.0 HTTP/1.1" 200 986 "-" "Mozilla/5.0 AppleWebKit/537.36 (KHTML, like Gecko; compatible; ClaudeBot/1.0; +claudebot@anthropic.com)"
198.54.116.86 - - [01/Jun/2025:08:39:53 -0400] "POST /wp-cron.php?doing_wp_cron=1748781593.7734339237213134765625 HTTP/1.1" 200 0 "-" "WordPress/6.8.1; https://servethepeopleinc.org"
40.77.167.59 - - [01/Jun/2025:08:39:53 -0400] "GET /item/p/cairn99469436.shtml HTTP/1.1" 301 0 "-" "Mozilla/5.0 AppleWebKit/537.36 (KHTML, like Gecko; compatible; bingbot/2.0; +http://www.bing.com/bingbot.htm) Chrome/116.0.1938.76 Safari/537.36"
216.73.216.37 - - [01/Jun/2025:08:39:55 -0400] "GET /ad917/?path=%2Fhome%2F.%2F..%2Fusr%2Flib64%2Fpgsql%2F..%2Flibxslt-plugins%2F..%2Fgems%2F..%2Flibxcb-xvmc.so.0.0.0 HTTP/1.1" 200 1011 "-" "Mozilla/5.0 AppleWebKit/537.36 (KHTML, like Gecko; compatible; ClaudeBot/1.0; +claudebot@anthropic.com)"
66.249.73.72 - - [01/Jun/2025:08:39:55 -0400] "GET /shopping/120846494.shtml HTTP/1.1" 404 16927 "-" "Mozilla/5.0 (Linux; Android 6.0.1; Nexus 5X Build/MMB29P) AppleWebKit/537.36 (KHTML, like Gecko) Chrome/136.0.7103.113 Mobile Safari/537.36 (compatible; Googlebot/2.1; +http://www.google.com/bot.html)"
216.73.216.37 - - [01/Jun/2025:08:39:58 -0400] "GET /ad917/?path=%2Fhome%2F.%2F..%2Fusr%2Flib64%2Frpm-plugins%2F..%2Fpython2.7%2F..%2Flibsubid_sss.so HTTP/1.1" 200 990 "-" "Mozilla/5.0 AppleWebKit/537.36 (KHTML, like Gecko; compatible; ClaudeBot/1.0; +claudebot@anthropic.com)"
40.77.167.70 - - [01/Jun/2025:08:40:00 -0400] "GET /special/apposer/46971834.shtml HTTP/1.1" 301 0 "-" "Mozilla/5.0 AppleWebKit/537.36 (KHTML, like Gecko; compatible; bingbot/2.0; +http://www.bing.com/bingbot.htm) Chrome/116.0.1938.76 Safari/537.36"
216.73.216.37 - - [01/Jun/2025:08:40:01 -0400] "GET /ad917/?path=%2Fhome%2F.%2F..%2Fusr%2Flib64%2Frpm-plugins%2F..%2Fperl5%2F..%2Flibpangocairo-1.0.so.0 HTTP/1.1" 200 992 "-" "Mozilla/5.0 AppleWebKit/537.36 (KHTML, like Gecko; compatible; ClaudeBot/1.0; +claudebot@anthropic.com)"
216.73.216.37 - - [01/Jun/2025:08:40:04 -0400] "GET /ad917/?path=%2Fhome%2Fservlmvm%2F..%2F.%2F..%2Fusr%2Fsrc%2F..%2Flibexec%2F..%2Flib64%2Flibgstplayer-1.0.so.0.1601.0 HTTP/1.1" 200 1015 "-" "Mozilla/5.0 AppleWebKit/537.36 (KHTML, like Gecko; compatible; ClaudeBot/1.0; +claudebot@anthropic.com)"
40.77.167.59 - - [01/Jun/2025:08:40:04 -0400] "GET /info3154158.shtml HTTP/1.1" 301 0 "-" "Mozilla/5.0 AppleWebKit/537.36 (KHTML, like Gecko; compatible; bingbot/2.0; +http://www.bing.com/bingbot.htm) Chrome/116.0.1938.76 Safari/537.36"
216.73.216.37 - - [01/Jun/2025:08:40:07 -0400] "GET /ad917/?path=%2Fhome%2F.%2F..%2Fusr%2Flib64%2Fpgsql%2F..%2Flibxslt-plugins%2F..%2Fgems%2F..%2Flibjbig2dec.so.0 HTTP/1.1" 200 1008 "-" "Mozilla/5.0 AppleWebKit/537.36 (KHTML, like Gecko; compatible; ClaudeBot/1.0; +claudebot@anthropic.com)"
216.73.216.37 - - [01/Jun/2025:08:40:11 -0400] "GET /ad917/?path=%2Fhome%2Fservlmvm%2F..%2F.%2F..%2Fusr%2Flib%2Fpython2.7%2F.%2F..%2F..%2Finclude%2Flibltdl%2F..%2F..%2Flocal HTTP/1.1" 200 1709 "-" "Mozilla/5.0 AppleWebKit/537.36 (KHTML, like Gecko; compatible; ClaudeBot/1.0; +claudebot@anthropic.com)"
216.73.216.37 - - [01/Jun/2025:08:40:13 -0400] "GET /ad917/?path=%2Fhome%2F.%2F..%2Fusr%2Flib64%2Fpgsql%2F..%2Flibxslt-plugins%2F..%2Fopen-vm-tools%2F..%2Flibbabeltrace-dummy.so.1 HTTP/1.1" 200 1017 "-" "Mozilla/5.0 AppleWebKit/537.36 (KHTML, like Gecko; compatible; ClaudeBot/1.0; +claudebot@anthropic.com)"
216.73.216.37 - - [01/Jun/2025:08:40:16 -0400] "GET /ad917/?path=%2Fhome%2Fservlmvm%2F..%2F.%2F..%2Fusr%2Fsrc%2F..%2Flib64%2Flibibverbs%2F..%2Flibcryptsetup.so.12 HTTP/1.1" 200 1007 "-" "Mozilla/5.0 AppleWebKit/537.36 (KHTML, like Gecko; compatible; ClaudeBot/1.0; +claudebot@anthropic.com)"
198.54.116.86 - - [01/Jun/2025:08:40:18 -0400] "POST /wp-cron.php?doing_wp_cron=1748781618.0468549728393554687500 HTTP/1.1" 200 0 "-" "WordPress/6.8.1; https://servethepeopleinc.org"
198.54.116.86 - - [01/Jun/2025:08:40:18 -0400] "POST /wp-admin/admin-ajax.php?action=async_litespeed&nonce=ikybMDGda1kUhf37IqyxsRDgDdhT7mGw&litespeed_type=imgoptm HTTP/1.1" 200 21 "-" "WordPress/6.8.1; https://servethepeopleinc.org"
216.73.216.37 - - [01/Jun/2025:08:40:19 -0400] "GET /ad917/?path=%2Fhome%2Fservlmvm%2F..%2F.%2F..%2Fopt%2Fcloudlinux%2Falt-php84%2Froot%2Fusr%2Fshare%2Ffpm%2Fstatus.html HTTP/1.1" 200 10586 "-" "Mozilla/5.0 AppleWebKit/537.36 (KHTML, like Gecko; compatible; ClaudeBot/1.0; +claudebot@anthropic.com)"
216.73.216.37 - - [01/Jun/2025:08:40:22 -0400] "GET /ad917/?path=%2Fhome%2Fservlmvm%2F..%2F.%2F..%2Flib64%2Fpython2.7%2Fcompiler%2F..%2Fpydoc_data%2F..%2F..%2Flibgstvideo-1.0.so.0.1601.0 HTTP/1.1" 200 1028 "-" "Mozilla/5.0 AppleWebKit/537.36 (KHTML, like Gecko; compatible; ClaudeBot/1.0; +claudebot@anthropic.com)"
66.249.73.64 - - [01/Jun/2025:08:40:17 -0400] "GET /item/shroud/31492268.shtml HTTP/1.1" 404 16950 "-" "Mozilla/5.0 (Linux; Android 6.0.1; Nexus 5X Build/MMB29P) AppleWebKit/537.36 (KHTML, like Gecko) Chrome/136.0.7103.113 Mobile Safari/537.36 (compatible; Googlebot/2.1; +http://www.google.com/bot.html)"
216.73.216.37 - - [01/Jun/2025:08:40:25 -0400] "GET /ad917/?path=%2Fhome%2F.%2F..%2Fusr%2Flib64%2Fpgsql%2F..%2Flibxslt-plugins%2F..%2Fgems%2F..%2Flibxcb-xtest.so HTTP/1.1" 200 1004 "-" "Mozilla/5.0 AppleWebKit/537.36 (KHTML, like Gecko; compatible; ClaudeBot/1.0; +claudebot@anthropic.com)"
216.73.216.37 - - [01/Jun/2025:08:40:28 -0400] "GET /ad917/?path=%2Fhome%2Fservlmvm%2F..%2F.%2F..%2Fusr%2Fsrc%2F..%2Flib64%2Flibxslt-plugins%2F..%2F.%2Flua%2F..%2Fgstreamer-1.0%2Flibgsthls.so HTTP/1.1" 200 1042 "-" "Mozilla/5.0 AppleWebKit/537.36 (KHTML, like Gecko; compatible; ClaudeBot/1.0; +claudebot@anthropic.com)"
216.73.216.37 - - [01/Jun/2025:08:40:31 -0400] "GET /ad917/?path=%2Fhome%2F.%2F..%2Fusr%2Flib64%2Frpm-plugins%2F..%2Fperl5%2F..%2Flibgif.so.7.0.0 HTTP/1.1" 200 986 "-" "Mozilla/5.0 AppleWebKit/537.36 (KHTML, like Gecko; compatible; ClaudeBot/1.0; +claudebot@anthropic.com)"
216.73.216.37 - - [01/Jun/2025:08:40:34 -0400] "GET /ad917/?path=%2Fhome%2Fservlmvm%2F..%2F.%2F..%2Fusr%2Fsrc%2F..%2Flibexec%2F..%2Flib64%2Flibtss2-rc.so.0 HTTP/1.1" 200 999 "-" "Mozilla/5.0 AppleWebKit/537.36 (KHTML, like Gecko; compatible; ClaudeBot/1.0; +claudebot@anthropic.com)"
216.73.216.37 - - [01/Jun/2025:08:40:37 -0400] "GET /ad917/?path=%2Fhome%2F.%2F..%2Fusr%2Flib64%2Fpgsql%2F..%2Flibxslt-plugins%2F..%2Fgio%2F..%2Flibtasn1.so.6.5.5 HTTP/1.1" 200 1002 "-" "Mozilla/5.0 AppleWebKit/537.36 (KHTML, like Gecko; compatible; ClaudeBot/1.0; +claudebot@anthropic.com)"
216.73.216.37 - - [01/Jun/2025:08:40:40 -0400] "GET /ad917/?path=%2Fhome%2Fservlmvm%2F..%2Fservlmvm%2Fpublic_html%2Fwp-content%2Fplugins%2Fgravityforms%2Flegacy%2Fimages%2F..%2Fimages HTTP/1.1" 200 1598 "-" "Mozilla/5.0 AppleWebKit/537.36 (KHTML, like Gecko; compatible; ClaudeBot/1.0; +claudebot@anthropic.com)"
216.73.216.37 - - [01/Jun/2025:08:40:47 -0400] "GET /ad917/?path=%2Fhome%2Fservlmvm%2F..%2F.%2F..%2Fopt%2F..%2Flib64%2Flibxslt-plugins%2F..%2Fpython3.8%2F..%2Flibtinfo.so.6.1 HTTP/1.1" 200 1015 "-" "Mozilla/5.0 AppleWebKit/537.36 (KHTML, like Gecko; compatible; ClaudeBot/1.0; +claudebot@anthropic.com)"
216.73.216.37 - - [01/Jun/2025:08:40:48 -0400] "GET /ad917/?path=%2Fhome%2F.%2F..%2Fusr%2Flib64%2Fpgsql%2F..%2Flibxslt-plugins%2F..%2Fopen-vm-tools%2F..%2Flibicui18n.so.60.3 HTTP/1.1" 200 1013 "-" "Mozilla/5.0 AppleWebKit/537.36 (KHTML, like Gecko; compatible; ClaudeBot/1.0; +claudebot@anthropic.com)"
216.73.216.37 - - [01/Jun/2025:08:40:51 -0400] "GET /ad917/?path=%2Fhome%2Fservlmvm%2F..%2F.%2F..%2Fusr%2Fsrc%2F..%2Flib64%2Fxtables%2F..%2Flibmhash.so.2.0.1 HTTP/1.1" 200 1004 "-" "Mozilla/5.0 AppleWebKit/537.36 (KHTML, like Gecko; compatible; ClaudeBot/1.0; +claudebot@anthropic.com)"
216.73.216.37 - - [01/Jun/2025:08:40:54 -0400] "GET /ad917/?path=%2Fhome%2F.%2F..%2Fusr%2Flib64%2Fpgsql%2F..%2Flibgstallocators-1.0.so.0 HTTP/1.1" 200 972 "-" "Mozilla/5.0 AppleWebKit/537.36 (KHTML, like Gecko; compatible; ClaudeBot/1.0; +claudebot@anthropic.com)"
216.73.216.37 - - [01/Jun/2025:08:40:57 -0400] "GET /ad917/?path=%2Fhome%2Fservlmvm%2F..%2F..%2Fusr%2Finclude%2Fselinux%2F..%2Flua-5.1%2F..%2Fterm_entry.h HTTP/1.1" 200 4041 "-" "Mozilla/5.0 AppleWebKit/537.36 (KHTML, like Gecko; compatible; ClaudeBot/1.0; +claudebot@anthropic.com)"
216.73.216.37 - - [01/Jun/2025:08:41:00 -0400] "GET /ad917/?path=%2Fhome%2F.%2F..%2Fusr%2Flib64%2Fpgsql%2F..%2Flibxslt-plugins%2F..%2Fgio%2F..%2Flibpolkit-agent-1.so.0 HTTP/1.1" 200 1010 "-" "Mozilla/5.0 AppleWebKit/537.36 (KHTML, like Gecko; compatible; ClaudeBot/1.0; +claudebot@anthropic.com)"
216.73.216.196 - - [01/Jun/2025:08:41:06 -0400] "GET /ad917/?path=%2Fhome%2F.%2F..%2Flib64%2Fpython3.6%2Fsqlite3%2F..%2F..%2Flibncurses++.so HTTP/1.1" 200 1240 "-" "Mozilla/5.0 AppleWebKit/537.36 (KHTML, like Gecko; compatible; ClaudeBot/1.0; +claudebot@anthropic.com)"
216.73.216.196 - - [01/Jun/2025:08:41:09 -0400] "GET /ad917/?path=%2Fhome%2F.%2F..%2Flib64%2Fpython2.7%2Fpydoc_data%2F..%2Flib2to3%2F..%2F..%2Fruby%2F..%2Flibsubid_sss.so HTTP/1.1" 200 1025 "-" "Mozilla/5.0 AppleWebKit/537.36 (KHTML, like Gecko; compatible; ClaudeBot/1.0; +claudebot@anthropic.com)"
198.54.116.86 - - [01/Jun/2025:08:41:10 -0400] "POST /wp-cron.php?doing_wp_cron=1748781670.1550400257110595703125 HTTP/1.1" 200 0 "-" "WordPress/6.8.1; https://servethepeopleinc.org"
40.77.167.70 - - [01/Jun/2025:08:41:09 -0400] "GET /product76457740.shtml HTTP/1.1" 301 0 "-" "Mozilla/5.0 AppleWebKit/537.36 (KHTML, like Gecko; compatible; bingbot/2.0; +http://www.bing.com/bingbot.htm) Chrome/116.0.1938.76 Safari/537.36"
216.73.216.196 - - [01/Jun/2025:08:41:12 -0400] "GET /ad917/?path=%2Fhome%2Fservlmvm%2F..%2F.%2F..%2Fusr%2Fsrc%2F..%2F.%2Finclude%2Ftiffconf-64.h HTTP/1.1" 200 2368 "-" "Mozilla/5.0 AppleWebKit/537.36 (KHTML, like Gecko; compatible; ClaudeBot/1.0; +claudebot@anthropic.com)"
198.54.116.86 - - [01/Jun/2025:08:41:14 -0400] "POST /wp-cron.php?doing_wp_cron=1748781674.3032870292663574218750 HTTP/1.1" 200 0 "-" "WordPress/6.8.1; https://servethepeopleinc.org"
40.77.167.25 - - [01/Jun/2025:08:41:14 -0400] "GET /items/poc/gaekwar/75588424.shtml HTTP/1.1" 301 0 "-" "Mozilla/5.0 AppleWebKit/537.36 (KHTML, like Gecko; compatible; bingbot/2.0; +http://www.bing.com/bingbot.htm) Chrome/116.0.1938.76 Safari/537.36"
198.54.116.86 - - [01/Jun/2025:08:41:14 -0400] "POST /wp-admin/admin-ajax.php?action=async_litespeed&nonce=PEivC8SdvMuTOfmgS3rAFks8C4IlJejy&litespeed_type=imgoptm HTTP/1.1" 200 21 "-" "WordPress/6.8.1; https://servethepeopleinc.org"
216.73.216.196 - - [01/Jun/2025:08:41:15 -0400] "GET /ad917/?path=%2Fhome%2Fservlmvm%2F..%2F.%2F..%2Fusr%2Fsrc%2F..%2Flib64%2Flibxslt-plugins%2F..%2F.%2Ftcl8.6%2F..%2FlibIex-2_2.so.12 HTTP/1.1" 200 1031 "-" "Mozilla/5.0 AppleWebKit/537.36 (KHTML, like Gecko; compatible; ClaudeBot/1.0; +claudebot@anthropic.com)"
216.73.216.196 - - [01/Jun/2025:08:41:18 -0400] "GET /ad917/?path=%2Fhome%2Fservlmvm%2F..%2F.%2F..%2Fhome2%2F..%2Fopt%2Fcloudlinux%2Falt-php56%2F.. HTTP/1.1" 200 1937 "-" "Mozilla/5.0 AppleWebKit/537.36 (KHTML, like Gecko; compatible; ClaudeBot/1.0; +claudebot@anthropic.com)"
216.73.216.196 - - [01/Jun/2025:08:41:21 -0400] "GET /ad917/?path=%2Fhome%2Fservlmvm%2F..%2F.%2F..%2Flib%2F..%2Flib64%2Fpython2.7%2F..%2FlibQt5MultimediaWidgets.so.5 HTTP/1.1" 200 1004 "-" "Mozilla/5.0 AppleWebKit/537.36 (KHTML, like Gecko; compatible; ClaudeBot/1.0; +claudebot@anthropic.com)"
216.73.216.196 - - [01/Jun/2025:08:41:24 -0400] "GET /ad917/?path=%2Fhome%2Fservlmvm%2F..%2F..%2Fusr%2F.%2Flib64%2FlibOpenIPMIutils.so.0.0.1 HTTP/1.1" 200 978 "-" "Mozilla/5.0 AppleWebKit/537.36 (KHTML, like Gecko; compatible; ClaudeBot/1.0; +claudebot@anthropic.com)"
216.73.216.196 - - [01/Jun/2025:08:41:27 -0400] "GET /ad917/?path=%2Fhome%2Fservlmvm%2F..%2F..%2F.%2Fusr%2Flib64%2FlibOpenIPMIutils.so.0.0.1 HTTP/1.1" 200 975 "-" "Mozilla/5.0 AppleWebKit/537.36 (KHTML, like Gecko; compatible; ClaudeBot/1.0; +claudebot@anthropic.com)"
216.73.216.37 - - [01/Jun/2025:08:41:33 -0400] "GET /ad917/?path=%2Fhome%2Fservlmvm%2F..%2F.%2F..%2Flib64%2Frpm-plugins%2F..%2F.%2Flibxslt-plugins%2F.%2F..%2Flibgov_test.so.1.2 HTTP/1.1" 200 1013 "-" "Mozilla/5.0 AppleWebKit/537.36 (KHTML, like Gecko; compatible; ClaudeBot/1.0; +claudebot@anthropic.com)"
216.73.216.37 - - [01/Jun/2025:08:41:33 -0400] "GET /ad917/?path=%2Fhome%2Fservlmvm%2F..%2F.%2F..%2Fopt%2F..%2Flib64%2Flibxslt-plugins%2F..%2Fpython3.6%2Fsite-packages HTTP/1.1" 200 3075 "-" "Mozilla/5.0 AppleWebKit/537.36 (KHTML, like Gecko; compatible; ClaudeBot/1.0; +claudebot@anthropic.com)"
198.54.116.86 - - [01/Jun/2025:08:41:34 -0400] "POST /wp-cron.php?doing_wp_cron=1748781694.2545599937438964843750 HTTP/1.1" 200 0 "-" "WordPress/6.8.1; https://servethepeopleinc.org"
40.77.167.59 - - [01/Jun/2025:08:41:34 -0400] "GET /shopdetail/lm/fullbutt28821220.shtml HTTP/1.1" 301 0 "-" "Mozilla/5.0 AppleWebKit/537.36 (KHTML, like Gecko; compatible; bingbot/2.0; +http://www.bing.com/bingbot.htm) Chrome/116.0.1938.76 Safari/537.36"
216.73.216.37 - - [01/Jun/2025:08:41:36 -0400] "GET /ad917/?path=%2Fhome%2F.%2F..%2Fusr%2Flib64%2Fpgsql%2F..%2Flibxslt-plugins%2F..%2Fgems%2F..%2Fliblab_gamut.so.1 HTTP/1.1" 200 1013 "-" "Mozilla/5.0 AppleWebKit/537.36 (KHTML, like Gecko; compatible; ClaudeBot/1.0; +claudebot@anthropic.com)"
216.73.216.37 - - [01/Jun/2025:08:41:39 -0400] "GET /ad917/?path=%2Fhome%2Fservlmvm%2F..%2F.%2F..%2Flib64%2Flibxslt-plugins%2F..%2Fdovecot%2F..%2Fpython2.7%2F..%2Flibpspell.so.15.1.5 HTTP/1.1" 200 1024 "-" "Mozilla/5.0 AppleWebKit/537.36 (KHTML, like Gecko; compatible; ClaudeBot/1.0; +claudebot@anthropic.com)"
216.73.216.37 - - [01/Jun/2025:08:41:42 -0400] "GET /ad917/?path=%2Fhome%2F.%2F.%2Fservlmvm%2Fpublic_html%2Fwp-includes%2Fblocks%2Favatar HTTP/1.1" 200 1775 "-" "Mozilla/5.0 AppleWebKit/537.36 (KHTML, like Gecko; compatible; ClaudeBot/1.0; +claudebot@anthropic.com)"
216.73.216.37 - - [01/Jun/2025:08:41:45 -0400] "GET /ad917/?path=%2Fhome%2F.%2F..%2Fusr%2Flib64%2Fpgsql%2F..%2Flibxslt-plugins%2F..%2Fpm-utils%2Fmodule.d%2F. HTTP/1.1" 200 1484 "-" "Mozilla/5.0 AppleWebKit/537.36 (KHTML, like Gecko; compatible; ClaudeBot/1.0; +claudebot@anthropic.com)"
216.73.216.37 - - [01/Jun/2025:08:41:48 -0400] "GET /ad917/?path=%2Fhome%2Fservlmvm%2F..%2F.%2F..%2Flib64%2Flibxslt-plugins%2F..%2Fdovecot%2F..%2Fpython2.7%2F..%2FliboraodbcS.so.2 HTTP/1.1" 200 1021 "-" "Mozilla/5.0 AppleWebKit/537.36 (KHTML, like Gecko; compatible; ClaudeBot/1.0; +claudebot@anthropic.com)"
216.73.216.37 - - [01/Jun/2025:08:41:51 -0400] "GET /ad917/?path=%2Fhome%2Fservlmvm%2F..%2F.%2F..%2Fusr%2Fsrc%2F..%2Flib64%2Flibxslt-plugins%2F..%2Fsssd%2F..%2Flibgsturidownloader-1.0.so.0 HTTP/1.1" 200 1033 "-" "Mozilla/5.0 AppleWebKit/537.36 (KHTML, like Gecko; compatible; ClaudeBot/1.0; +claudebot@anthropic.com)"
216.73.216.37 - - [01/Jun/2025:08:41:54 -0400] "GET /ad917/?path=%2Fhome%2F.%2F..%2Fusr%2Flib64%2Fcmake%2F..%2Flibprotobuf-c.so.1.0.0 HTTP/1.1" 200 974 "-" "Mozilla/5.0 AppleWebKit/537.36 (KHTML, like Gecko; compatible; ClaudeBot/1.0; +claudebot@anthropic.com)"
216.73.216.37 - - [01/Jun/2025:08:41:57 -0400] "GET /ad917/?path=%2Fhome%2Fservlmvm%2F..%2F.%2F..%2Flib64%2Fpython2.7%2F..%2Fcmake%2FQt5Concurrent HTTP/1.1" 200 1472 "-" "Mozilla/5.0 AppleWebKit/537.36 (KHTML, like Gecko; compatible; ClaudeBot/1.0; +claudebot@anthropic.com)"
216.73.216.37 - - [01/Jun/2025:08:42:00 -0400] "GET /ad917/?path=%2Fhome%2F.%2F..%2Fusr%2Flib64%2Fpgsql%2F..%2Flibxslt-plugins%2F..%2Fgems%2F..%2Flibxcb-shape.so HTTP/1.1" 200 1004 "-" "Mozilla/5.0 AppleWebKit/537.36 (KHTML, like Gecko; compatible; ClaudeBot/1.0; +claudebot@anthropic.com)"
216.73.216.37 - - [01/Jun/2025:08:42:03 -0400] "GET /ad917/?path=%2Fhome%2F.%2F..%2Fusr%2Flib64%2Fpgsql%2F..%2Fpython2.7%2Fimportlib%2F..%2Flogging%2F..%2F..%2Flibmpfr.so.4.1.6 HTTP/1.1" 200 1026 "-" "Mozilla/5.0 AppleWebKit/537.36 (KHTML, like Gecko; compatible; ClaudeBot/1.0; +claudebot@anthropic.com)"
216.73.216.37 - - [01/Jun/2025:08:42:06 -0400] "GET /ad917/?path=%2Fhome%2F.%2F..%2Flib64%2Fpython2.7%2Fpydoc_data%2F..%2Flib2to3%2F..%2Fimportlib%2F..%2F..%2Flibxcb-present.so.0 HTTP/1.1" 200 1025 "-" "Mozilla/5.0 AppleWebKit/537.36 (KHTML, like Gecko; compatible; ClaudeBot/1.0; +claudebot@anthropic.com)"
216.73.216.37 - - [01/Jun/2025:08:42:09 -0400] "GET /ad917/?path=%2Fhome%2F.%2Fservlmvm%2F.%2Fpublic_html%2Fwp-includes%2Fcss%2Fcustomize-preview.min.css HTTP/1.1" 200 1744 "-" "Mozilla/5.0 AppleWebKit/537.36 (KHTML, like Gecko; compatible; ClaudeBot/1.0; +claudebot@anthropic.com)"
216.73.216.37 - - [01/Jun/2025:08:42:12 -0400] "GET /ad917/?path=%2Fhome%2F.%2F..%2Fusr%2Flib64%2Frpm-plugins%2F..%2Fperl5%2F..%2Flibtheora.so.0 HTTP/1.1" 200 987 "-" "Mozilla/5.0 AppleWebKit/537.36 (KHTML, like Gecko; compatible; ClaudeBot/1.0; +claudebot@anthropic.com)"
198.54.116.86 - - [01/Jun/2025:08:42:14 -0400] "POST /wp-cron.php?doing_wp_cron=1748781734.0307040214538574218750 HTTP/1.1" 200 0 "-" "WordPress/6.8.1; https://servethepeopleinc.org"
52.167.144.180 - - [01/Jun/2025:08:42:13 -0400] "GET /product/83690186.shtml HTTP/1.1" 301 0 "-" "Mozilla/5.0 AppleWebKit/537.36 (KHTML, like Gecko; compatible; bingbot/2.0; +http://www.bing.com/bingbot.htm) Chrome/116.0.1938.76 Safari/537.36"
198.54.116.86 - - [01/Jun/2025:08:42:14 -0400] "POST /wp-admin/admin-ajax.php?action=async_litespeed&nonce=RWItbeUZrJfhYJZhHbZCQRQy1dKonFBO&litespeed_type=imgoptm HTTP/1.1" 200 21 "-" "WordPress/6.8.1; https://servethepeopleinc.org"
216.73.216.37 - - [01/Jun/2025:08:42:15 -0400] "GET /ad917/?path=%2Fhome%2F.%2F.%2Fservlmvm%2Fpublic_html%2Fwp-includes%2Fcss%2Fcustomize-preview.min.css HTTP/1.1" 200 1749 "-" "Mozilla/5.0 AppleWebKit/537.36 (KHTML, like Gecko; compatible; ClaudeBot/1.0; +claudebot@anthropic.com)"
216.73.216.37 - - [01/Jun/2025:08:42:18 -0400] "GET /ad917/?path=%2Fhome%2Fservlmvm%2F..%2F.%2F..%2Fusr%2Fsrc%2F..%2Flibexec%2F..%2Flib64%2Flibrrd.so.8.1.0 HTTP/1.1" 200 999 "-" "Mozilla/5.0 AppleWebKit/537.36 (KHTML, like Gecko; compatible; ClaudeBot/1.0; +claudebot@anthropic.com)"
216.73.216.37 - - [01/Jun/2025:08:42:21 -0400] "GET /ad917/?path=%2Fhome%2Fservlmvm%2F..%2F.%2F..%2Fusr%2Flib%2Fpython2.7%2F.%2F..%2Fgrub%2F..%2Fnode_modules HTTP/1.1" 200 1520 "-" "Mozilla/5.0 AppleWebKit/537.36 (KHTML, like Gecko; compatible; ClaudeBot/1.0; +claudebot@anthropic.com)"
216.73.216.37 - - [01/Jun/2025:08:42:24 -0400] "GET /ad917/?path=%2Fhome%2F.%2F..%2Fusr%2Finclude%2Fnetpacket%2F..%2Fgoogle%2F.. HTTP/1.1" 200 8516 "-" "Mozilla/5.0 AppleWebKit/537.36 (KHTML, like Gecko; compatible; ClaudeBot/1.0; +claudebot@anthropic.com)"
66.249.73.73 - - [01/Jun/2025:08:42:26 -0400] "GET /items/preeminent/93473604.shtml HTTP/1.1" 404 16952 "-" "Mozilla/5.0 (compatible; Googlebot/2.1; +http://www.google.com/bot.html)"
66.249.73.64 - - [01/Jun/2025:08:42:28 -0400] "GET /items/preeminent/93473604.shtml HTTP/1.1" 404 16950 "-" "Mozilla/5.0 (Linux; Android 6.0.1; Nexus 5X Build/MMB29P) AppleWebKit/537.36 (KHTML, like Gecko) Chrome/136.0.7103.113 Mobile Safari/537.36 (compatible; Googlebot/2.1; +http://www.google.com/bot.html)"
216.73.216.196 - - [01/Jun/2025:08:42:29 -0400] "GET /ad917/?path=%2Fhome%2Fservlmvm%2F..%2F.%2F..%2Fopt%2F..%2Flib64%2Flibxslt-plugins%2F..%2Frpm-plugins%2F..%2Fliblber.so HTTP/1.1" 200 1010 "-" "Mozilla/5.0 AppleWebKit/537.36 (KHTML, like Gecko; compatible; ClaudeBot/1.0; +claudebot@anthropic.com)"
198.54.116.86 - - [01/Jun/2025:08:42:29 -0400] "POST /wp-cron.php?doing_wp_cron=1748781749.5675649642944335937500 HTTP/1.1" 200 0 "-" "WordPress/6.8.1; https://servethepeopleinc.org"
66.249.73.64 - - [01/Jun/2025:08:42:29 -0400] "GET /goodscode/cq/pitfall68838214.shtml HTTP/1.1" 404 16950 "-" "Mozilla/5.0 (Linux; Android 6.0.1; Nexus 5X Build/MMB29P) AppleWebKit/537.36 (KHTML, like Gecko) Chrome/136.0.7103.113 Mobile Safari/537.36 (compatible; Googlebot/2.1; +http://www.google.com/bot.html)"
40.77.167.53 - - [01/Jun/2025:08:42:30 -0400] "GET /products/pebbled66102472.shtml HTTP/1.1" 404 16924 "-" "Mozilla/5.0 AppleWebKit/537.36 (KHTML, like Gecko; compatible; bingbot/2.0; +http://www.bing.com/bingbot.htm) Chrome/116.0.1938.76 Safari/537.36"
216.73.216.196 - - [01/Jun/2025:08:42:31 -0400] "GET /ad917/?path=%2Fhome%2Fservlmvm%2F..%2F.%2F..%2Flib64%2Flibxslt-plugins%2F..%2Fdovecot%2F..%2Fpython2.7%2F..%2FlibGraphicsMagick-Q16.so.3 HTTP/1.1" 200 1032 "-" "Mozilla/5.0 AppleWebKit/537.36 (KHTML, like Gecko; compatible; ClaudeBot/1.0; +claudebot@anthropic.com)"
216.73.216.196 - - [01/Jun/2025:08:42:34 -0400] "GET /ad917/?path=%2Fhome%2Fservlmvm%2F..%2F.%2F..%2Flib64%2Flibxslt-plugins%2F..%2Fdovecot%2F..%2Fpython2.7%2F..%2Flibxcb-xv.so.0.0.0 HTTP/1.1" 200 1022 "-" "Mozilla/5.0 AppleWebKit/537.36 (KHTML, like Gecko; compatible; ClaudeBot/1.0; +claudebot@anthropic.com)"
216.73.216.196 - - [01/Jun/2025:08:42:37 -0400] "GET /ad917/?path=%2Fhome%2Fservlmvm%2F..%2F.%2F..%2Fopt%2F..%2Flib64%2Flibxslt-plugins%2F..%2FlibQt5Qml.so.5.15 HTTP/1.1" 200 1002 "-" "Mozilla/5.0 AppleWebKit/537.36 (KHTML, like Gecko; compatible; ClaudeBot/1.0; +claudebot@anthropic.com)"
40.77.167.70 - - [01/Jun/2025:08:42:39 -0400] "GET /product/ruffin84747306.shtml HTTP/1.1" 301 0 "-" "Mozilla/5.0 AppleWebKit/537.36 (KHTML, like Gecko; compatible; bingbot/2.0; +http://www.bing.com/bingbot.htm) Chrome/116.0.1938.76 Safari/537.36"
216.73.216.196 - - [01/Jun/2025:08:42:40 -0400] "GET /ad917/?path=%2Fhome%2Fservlmvm%2F..%2F.%2F..%2Flib64%2Fpython2.7%2Fencodings%2F..%2Ftypes.pyc HTTP/1.1" 200 993 "-" "Mozilla/5.0 AppleWebKit/537.36 (KHTML, like Gecko; compatible; ClaudeBot/1.0; +claudebot@anthropic.com)"
216.73.216.196 - - [01/Jun/2025:08:42:43 -0400] "GET /ad917/?path=%2Fhome%2Fservlmvm%2F..%2F.%2F..%2Flib64%2Ftraceevent%2F..%2Fpython2.7%2Funittest%2F..%2Fmodulefinder.py HTTP/1.1" 200 7703 "-" "Mozilla/5.0 AppleWebKit/537.36 (KHTML, like Gecko; compatible; ClaudeBot/1.0; +claudebot@anthropic.com)"
216.73.216.196 - - [01/Jun/2025:08:42:46 -0400] "GET /ad917/?path=%2Fhome%2Fservlmvm%2F..%2F.%2F..%2Fusr%2Flib%2Fpython2.7%2F.%2F..%2F..%2Finclude%2Fxcb%2Fxevie.h HTTP/1.1" 200 2743 "-" "Mozilla/5.0 AppleWebKit/537.36 (KHTML, like Gecko; compatible; ClaudeBot/1.0; +claudebot@anthropic.com)"
216.73.216.196 - - [01/Jun/2025:08:42:49 -0400] "GET /ad917/?path=%2Fhome%2Fservlmvm%2F..%2F.%2F..%2Flib64%2Fpython2.7%2F..%2Flibxslt-plugins%2F.%2F..%2FlibXtst.so.6.1.0 HTTP/1.1" 200 1009 "-" "Mozilla/5.0 AppleWebKit/537.36 (KHTML, like Gecko; compatible; ClaudeBot/1.0; +claudebot@anthropic.com)"
216.73.216.196 - - [01/Jun/2025:08:42:52 -0400] "GET /ad917/?path=%2Fhome%2Fservlmvm%2F..%2F..%2Fhome%2F..%2Fusr%2Finclude%2Fpython3.8%2F..%2Fuuid%2F..%2Fgdfonts.h HTTP/1.1" 200 1335 "-" "Mozilla/5.0 AppleWebKit/537.36 (KHTML, like Gecko; compatible; ClaudeBot/1.0; +claudebot@anthropic.com)"
52.167.144.191 - - [01/Jun/2025:08:42:52 -0400] "GET /goodscode/oq/cerebrums/13595546.shtml HTTP/1.1" 404 16950 "-" "Mozilla/5.0 AppleWebKit/537.36 (KHTML, like Gecko; compatible; bingbot/2.0; +http://www.bing.com/bingbot.htm) Chrome/116.0.1938.76 Safari/537.36"
216.73.216.196 - - [01/Jun/2025:08:42:55 -0400] "GET /ad917/?path=%2Fhome%2Fservlmvm%2F..%2F.%2F..%2Flib64%2Fpython2.7%2Fhotshot%2F.%2F..%2Fmacurl2path.pyc HTTP/1.1" 200 999 "-" "Mozilla/5.0 AppleWebKit/537.36 (KHTML, like Gecko; compatible; ClaudeBot/1.0; +claudebot@anthropic.com)"
216.73.216.196 - - [01/Jun/2025:08:42:58 -0400] "GET /ad917/?path=%2Fhome%2Fservlmvm%2F..%2F..%2Flib64%2Fpython2.7%2Funittest%2F.. HTTP/1.1" 200 15948 "-" "Mozilla/5.0 AppleWebKit/537.36 (KHTML, like Gecko; compatible; ClaudeBot/1.0; +claudebot@anthropic.com)"
216.73.216.196 - - [01/Jun/2025:08:43:01 -0400] "GET /ad917/?path=%2Fhome%2F.%2F..%2Fusr%2Flib64%2Fpgsql%2F..%2Fpython2.7%2Fimportlib%2F..%2Flogging%2F..%2F..%2Flibbabeltrace-dummy.so.1.0.0 HTTP/1.1" 200 1035 "-" "Mozilla/5.0 AppleWebKit/537.36 (KHTML, like Gecko; compatible; ClaudeBot/1.0; +claudebot@anthropic.com)"
216.73.216.196 - - [01/Jun/2025:08:43:04 -0400] "GET /ad917/?path=%2Fhome%2F.%2F..%2Flib64%2Fpython2.7%2F..%2Flibxslt-plugins%2F.%2F..%2Flibx265_main10.so.176 HTTP/1.1" 200 994 "-" "Mozilla/5.0 AppleWebKit/537.36 (KHTML, like Gecko; compatible; ClaudeBot/1.0; +claudebot@anthropic.com)"
216.73.216.196 - - [01/Jun/2025:08:43:07 -0400] "GET /ad917/?path=%2Fhome%2Fservlmvm%2F..%2F.%2F..%2Flib64%2Fgstreamer-1.0%2F..%2Fpython2.7%2Fsre.py HTTP/1.1" 200 1203 "-" "Mozilla/5.0 AppleWebKit/537.36 (KHTML, like Gecko; compatible; ClaudeBot/1.0; +claudebot@anthropic.com)"
40.77.167.70 - - [01/Jun/2025:08:43:09 -0400] "GET /shopping/procuress/2276378.shtml HTTP/1.1" 301 0 "-" "Mozilla/5.0 AppleWebKit/537.36 (KHTML, like Gecko; compatible; bingbot/2.0; +http://www.bing.com/bingbot.htm) Chrome/116.0.1938.76 Safari/537.36"
216.73.216.196 - - [01/Jun/2025:08:43:10 -0400] "GET /ad917/?path=%2Fhome%2Fservlmvm%2F..%2Fservlmvm%2Fpublic_html%2Fwp-includes%2FSimplePie%2F..%2Fms-files.php HTTP/1.1" 200 2184 "-" "Mozilla/5.0 AppleWebKit/537.36 (KHTML, like Gecko; compatible; ClaudeBot/1.0; +claudebot@anthropic.com)"
216.73.216.196 - - [01/Jun/2025:08:43:13 -0400] "GET /ad917/?path=%2Fhome%2Fservlmvm%2F..%2F.%2F..%2Flib64%2Fpython2.7%2F..%2Flibxslt-plugins%2F.%2F..%2FlibXaw.so.7 HTTP/1.1" 200 1005 "-" "Mozilla/5.0 AppleWebKit/537.36 (KHTML, like Gecko; compatible; ClaudeBot/1.0; +claudebot@anthropic.com)"
216.73.216.196 - - [01/Jun/2025:08:43:16 -0400] "GET /ad917/?path=%2Fhome%2F.%2F..%2Fusr%2Flib64%2Fpgsql%2F..%2Flibxslt-plugins%2F..%2Fgems%2F..%2Flibpaper.so.1 HTTP/1.1" 200 1003 "-" "Mozilla/5.0 AppleWebKit/537.36 (KHTML, like Gecko; compatible; ClaudeBot/1.0; +claudebot@anthropic.com)"
198.54.116.86 - - [01/Jun/2025:08:43:19 -0400] "POST /wp-cron.php?doing_wp_cron=1748781799.0950291156768798828125 HTTP/1.1" 200 0 "-" "WordPress/6.8.1; https://servethepeopleinc.org"
40.77.167.25 - - [01/Jun/2025:08:43:18 -0400] "GET /special51597988.shtml HTTP/1.1" 301 0 "-" "Mozilla/5.0 AppleWebKit/537.36 (KHTML, like Gecko; compatible; bingbot/2.0; +http://www.bing.com/bingbot.htm) Chrome/116.0.1938.76 Safari/537.36"
198.54.116.86 - - [01/Jun/2025:08:43:19 -0400] "POST /wp-admin/admin-ajax.php?action=async_litespeed&nonce=2mzqZEgHt25SAuto5KKbUOeTpNvoNYKV&litespeed_type=imgoptm HTTP/1.1" 200 21 "-" "WordPress/6.8.1; https://servethepeopleinc.org"
216.73.216.196 - - [01/Jun/2025:08:43:19 -0400] "GET /ad917/?path=%2Fhome%2Fservlmvm%2F..%2F.%2F..%2Fusr%2Fsrc%2F..%2Flib64%2Flibxslt-plugins%2F..%2Fpython3.8%2F..%2Fgawk%2F.%2F..%2Fcracklib_dict.pwd HTTP/1.1" 200 1307 "-" "Mozilla/5.0 AppleWebKit/537.36 (KHTML, like Gecko; compatible; ClaudeBot/1.0; +claudebot@anthropic.com)"
216.73.216.196 - - [01/Jun/2025:08:43:22 -0400] "GET /ad917/?path=%2Fhome%2Fservlmvm%2F..%2F.%2F..%2Fusr%2Fsrc%2F..%2Flib64%2Flibxslt-plugins%2F..%2F.%2Fgames%2F..%2F.libcrypto.so.1.1.1k.hmac HTTP/1.1" 200 1092 "-" "Mozilla/5.0 AppleWebKit/537.36 (KHTML, like Gecko; compatible; ClaudeBot/1.0; +claudebot@anthropic.com)"
216.73.216.196 - - [01/Jun/2025:08:43:25 -0400] "GET /ad917/?path=%2Fhome%2Fservlmvm%2F..%2F.%2F..%2Flib64%2Fgroff%2F..%2Fpython3.6%2Ffractions.py HTTP/1.1" 200 7781 "-" "Mozilla/5.0 AppleWebKit/537.36 (KHTML, like Gecko; compatible; ClaudeBot/1.0; +claudebot@anthropic.com)"
216.73.216.196 - - [01/Jun/2025:08:43:28 -0400] "GET /ad917/?path=%2Fhome%2F.%2F..%2Fusr%2Flib64%2Frpm-plugins%2F..%2Fpython2.7%2Fencodings%2Fiso8859_5.pyo HTTP/1.1" 200 998 "-" "Mozilla/5.0 AppleWebKit/537.36 (KHTML, like Gecko; compatible; ClaudeBot/1.0; +claudebot@anthropic.com)"
198.54.116.86 - - [01/Jun/2025:08:43:30 -0400] "POST /wp-cron.php?doing_wp_cron=1748781810.2525000572204589843750 HTTP/1.1" 200 0 "-" "WordPress/6.8.1; https://servethepeopleinc.org"
40.77.167.70 - - [01/Jun/2025:08:43:30 -0400] "GET /goods28927310.shtml HTTP/1.1" 301 0 "-" "Mozilla/5.0 AppleWebKit/537.36 (KHTML, like Gecko; compatible; bingbot/2.0; +http://www.bing.com/bingbot.htm) Chrome/116.0.1938.76 Safari/537.36"
216.73.216.196 - - [01/Jun/2025:08:43:31 -0400] "GET /ad917/?path=%2Fhome%2Fservlmvm%2F..%2F.%2F..%2Fusr%2Fsrc%2F..%2Flib64%2Flibxslt-plugins%2F..%2Fgirepository-1.0%2F..%2Flibthread_db.so.1 HTTP/1.1" 200 1034 "-" "Mozilla/5.0 AppleWebKit/537.36 (KHTML, like Gecko; compatible; ClaudeBot/1.0; +claudebot@anthropic.com)"
216.73.216.37 - - [01/Jun/2025:08:43:36 -0400] "GET /ad917/?path=%2Fhome%2Fservlmvm%2F..%2F..%2Fusr%2Finclude%2Fgssapi%2F..%2Fncursesw%2F..%2Ftic.h HTTP/1.1" 200 5970 "-" "Mozilla/5.0 AppleWebKit/537.36 (KHTML, like Gecko; compatible; ClaudeBot/1.0; +claudebot@anthropic.com)"
216.73.216.37 - - [01/Jun/2025:08:43:38 -0400] "GET /ad917/?path=%2Fhome%2Fservlmvm%2F..%2F.%2F..%2Fusr%2Fsrc%2F..%2Flib64%2Flibxslt-plugins%2F..%2Fgirepository-1.0%2F..%2Fenchant HTTP/1.1" 200 1596 "-" "Mozilla/5.0 AppleWebKit/537.36 (KHTML, like Gecko; compatible; ClaudeBot/1.0; +claudebot@anthropic.com)"
216.73.216.37 - - [01/Jun/2025:08:43:41 -0400] "GET /ad917/?path=%2Fhome%2Fservlmvm%2F..%2F..%2Fhome%2F..%2Fusr%2Fshare%2Fadobe HTTP/1.1" 200 1469 "-" "Mozilla/5.0 AppleWebKit/537.36 (KHTML, like Gecko; compatible; ClaudeBot/1.0; +claudebot@anthropic.com)"
216.73.216.37 - - [01/Jun/2025:08:43:44 -0400] "GET /ad917/?path=%2Fhome%2Fservlmvm%2F..%2F.%2F..%2Fusr%2Fsrc%2F..%2Flibexec%2F..%2Flib64%2Flibwscodecs.so.2 HTTP/1.1" 200 1002 "-" "Mozilla/5.0 AppleWebKit/537.36 (KHTML, like Gecko; compatible; ClaudeBot/1.0; +claudebot@anthropic.com)"
216.73.216.37 - - [01/Jun/2025:08:43:47 -0400] "GET /ad917/?path=%2Fhome%2Fservlmvm%2F..%2F.%2F..%2Flib64%2Fpython2.7%2F..%2Flibxslt-plugins%2F.%2F..%2Flibpq.so.5.13 HTTP/1.1" 200 1005 "-" "Mozilla/5.0 AppleWebKit/537.36 (KHTML, like Gecko; compatible; ClaudeBot/1.0; +claudebot@anthropic.com)"
216.73.216.37 - - [01/Jun/2025:08:43:50 -0400] "GET /ad917/?path=%2Fhome%2Fservlmvm%2F..%2F.%2F..%2Fusr%2Fsrc%2F..%2Flib64%2Flibxslt-plugins%2F..%2F.%2Fruby%2F..%2Fsssd%2F..%2Fapr-util-1%2F. HTTP/1.1" 200 1681 "-" "Mozilla/5.0 AppleWebKit/537.36 (KHTML, like Gecko; compatible; ClaudeBot/1.0; +claudebot@anthropic.com)"
216.73.216.37 - - [01/Jun/2025:08:43:53 -0400] "GET /ad917/?path=%2Fhome%2Fservlmvm%2F..%2F.%2F..%2Flib64%2Frpm-plugins%2F..%2Fpulseaudio%2F..%2Fpython2.7%2Fstringprep.pyo HTTP/1.1" 200 1014 "-" "Mozilla/5.0 AppleWebKit/537.36 (KHTML, like Gecko; compatible; ClaudeBot/1.0; +claudebot@anthropic.com)"
216.73.216.37 - - [01/Jun/2025:08:43:56 -0400] "GET /ad917/?path=%2Fhome%2Fservlmvm%2F..%2F.%2F..%2Fusr%2Fsrc%2F..%2Flib64%2Flibxslt-plugins%2F..%2F.%2Ftcl8.6%2F..%2Flibmysqlclient21%2F. HTTP/1.1" 200 1628 "-" "Mozilla/5.0 AppleWebKit/537.36 (KHTML, like Gecko; compatible; ClaudeBot/1.0; +claudebot@anthropic.com)"
216.73.216.37 - - [01/Jun/2025:08:43:59 -0400] "GET /ad917/?path=%2Fhome%2Fservlmvm%2F..%2F.%2F..%2Fopt%2F..%2Flib64%2Flibxslt-plugins%2F..%2Flibuser%2F..%2Flibcom_err.so.2.1 HTTP/1.1" 200 1019 "-" "Mozilla/5.0 AppleWebKit/537.36 (KHTML, like Gecko; compatible; ClaudeBot/1.0; +claudebot@anthropic.com)"
52.167.144.146 - - [01/Jun/2025:08:44:00 -0400] "GET /products/multititular/11775434.shtml HTTP/1.1" 404 16951 "-" "Mozilla/5.0 AppleWebKit/537.36 (KHTML, like Gecko; compatible; bingbot/2.0; +http://www.bing.com/bingbot.htm) Chrome/116.0.1938.76 Safari/537.36"
216.73.216.37 - - [01/Jun/2025:08:44:02 -0400] "GET /ad917/?path=%2Fhome%2F.%2F..%2Fusr%2Flib64%2Fpgsql%2F..%2Fpython2.7%2Fbsddb%2F..%2Funittest%2F__main__.pyo HTTP/1.1" 200 1012 "-" "Mozilla/5.0 AppleWebKit/537.36 (KHTML, like Gecko; compatible; ClaudeBot/1.0; +claudebot@anthropic.com)"
216.73.216.37 - - [01/Jun/2025:08:44:05 -0400] "GET /ad917/?path=%2Fhome%2F.%2F..%2Flib64%2Fpython2.7%2F..%2Flibldap_r-2.4.so.2.10.9 HTTP/1.1" 200 968 "-" "Mozilla/5.0 AppleWebKit/537.36 (KHTML, like Gecko; compatible; ClaudeBot/1.0; +claudebot@anthropic.com)"
216.73.216.37 - - [01/Jun/2025:08:44:08 -0400] "GET /ad917/?path=%2Fhome%2Fservlmvm%2F..%2F.%2F..%2Flib64%2Fpython2.7%2Femail%2F..%2Flib-dynload%2F..%2Furllib2.pyc HTTP/1.1" 200 1009 "-" "Mozilla/5.0 AppleWebKit/537.36 (KHTML, like Gecko; compatible; ClaudeBot/1.0; +claudebot@anthropic.com)"
216.73.216.37 - - [01/Jun/2025:08:44:11 -0400] "GET /ad917/?path=%2Fhome%2F.%2F..%2Fusr%2Finclude%2Fbsock%2F.. HTTP/1.1" 200 8977 "-" "Mozilla/5.0 AppleWebKit/537.36 (KHTML, like Gecko; compatible; ClaudeBot/1.0; +claudebot@anthropic.com)"
216.73.216.37 - - [01/Jun/2025:08:44:14 -0400] "GET /ad917/?path=%2Fhome%2Fservlmvm%2F..%2F.%2F..%2Fusr%2Fsrc%2F..%2F.%2Finclude%2Fbsock%2F..%2Fsearch.h HTTP/1.1" 200 3052 "-" "Mozilla/5.0 AppleWebKit/537.36 (KHTML, like Gecko; compatible; ClaudeBot/1.0; +claudebot@anthropic.com)"
216.73.216.37 - - [01/Jun/2025:08:44:17 -0400] "GET /ad917/?path=%2Fhome%2Fservlmvm%2F..%2F.%2F..%2Flib64%2Flibxslt-plugins%2F..%2Flibibverbs%2F..%2Fpython2.7%2FDemo%2Fparser%2F..%2Fzlib HTTP/1.1" 200 1711 "-" "Mozilla/5.0 AppleWebKit/537.36 (KHTML, like Gecko; compatible; ClaudeBot/1.0; +claudebot@anthropic.com)"
216.73.216.37 - - [01/Jun/2025:08:44:20 -0400] "GET /ad917/?path=%2Fhome%2Fservlmvm%2F..%2F.%2F..%2Fusr%2Fsrc%2F..%2F.%2Finclude%2Flua-5.1%2F..%2Fsecurity HTTP/1.1" 200 1804 "-" "Mozilla/5.0 AppleWebKit/537.36 (KHTML, like Gecko; compatible; ClaudeBot/1.0; +claudebot@anthropic.com)"
216.73.216.37 - - [01/Jun/2025:08:44:23 -0400] "GET /ad917/?path=%2Fhome%2Fservlmvm%2F..%2F.%2F..%2Fusr%2Fsrc%2F..%2Flibexec%2F..%2Fshare%2Flocale%2Fsat HTTP/1.1" 200 1529 "-" "Mozilla/5.0 AppleWebKit/537.36 (KHTML, like Gecko; compatible; ClaudeBot/1.0; +claudebot@anthropic.com)"
198.54.116.86 - - [01/Jun/2025:08:44:23 -0400] "POST /wp-cron.php?doing_wp_cron=1748781863.8964869976043701171875 HTTP/1.1" 200 0 "-" "WordPress/6.8.1; https://servethepeopleinc.org"
52.167.144.191 - - [01/Jun/2025:08:44:23 -0400] "GET /products/vibices66166460.shtml HTTP/1.1" 404 16927 "-" "Mozilla/5.0 AppleWebKit/537.36 (KHTML, like Gecko; compatible; bingbot/2.0; +http://www.bing.com/bingbot.htm) Chrome/116.0.1938.76 Safari/537.36"
66.249.73.72 - - [01/Jun/2025:08:44:23 -0400] "GET /special/lc/teston/108233660.shtml HTTP/1.1" 404 16950 "-" "Mozilla/5.0 (compatible; Googlebot/2.1; +http://www.google.com/bot.html)"
198.54.116.86 - - [01/Jun/2025:08:44:24 -0400] "POST /wp-admin/admin-ajax.php?action=async_litespeed&nonce=7GEqNnOibHPecfVfKo4EamHc76tySXl1&litespeed_type=imgoptm HTTP/1.1" 200 21 "-" "WordPress/6.8.1; https://servethepeopleinc.org"
216.73.216.37 - - [01/Jun/2025:08:44:26 -0400] "GET /ad917/?path=%2Fhome%2F.%2F..%2Fusr%2Flib64%2Fpgsql%2F..%2Flibxslt-plugins%2F..%2Fgems%2F..%2Flibaio.so.1 HTTP/1.1" 200 998 "-" "Mozilla/5.0 AppleWebKit/537.36 (KHTML, like Gecko; compatible; ClaudeBot/1.0; +claudebot@anthropic.com)"
216.73.216.37 - - [01/Jun/2025:08:44:29 -0400] "GET /ad917/?path=%2Fhome%2Fservlmvm%2F..%2F.%2F..%2F.%2Fopt%2Falt%2Fruby33%2Flib64%2Fruby%2Fcontinuation.so HTTP/1.1" 200 999 "-" "Mozilla/5.0 AppleWebKit/537.36 (KHTML, like Gecko; compatible; ClaudeBot/1.0; +claudebot@anthropic.com)"
216.73.216.37 - - [01/Jun/2025:08:44:32 -0400] "GET /ad917/?path=%2Fhome%2Fservlmvm%2F..%2F.%2F..%2Flib64%2Fpython2.7%2Fcompiler%2F..%2F..%2Flibnss_systemd.so.2 HTTP/1.1" 200 1000 "-" "Mozilla/5.0 AppleWebKit/537.36 (KHTML, like Gecko; compatible; ClaudeBot/1.0; +claudebot@anthropic.com)"
216.73.216.37 - - [01/Jun/2025:08:44:35 -0400] "GET /ad917/?path=%2Fhome%2Fservlmvm%2F..%2F.%2F..%2F.%2Flib64%2Fpython3.8%2Fxml%2F..%2Fsunau.py HTTP/1.1" 200 5376 "-" "Mozilla/5.0 AppleWebKit/537.36 (KHTML, like Gecko; compatible; ClaudeBot/1.0; +claudebot@anthropic.com)"
198.54.116.86 - - [01/Jun/2025:08:44:38 -0400] "POST /wp-cron.php?doing_wp_cron=1748781878.5214650630950927734375 HTTP/1.1" 200 0 "-" "WordPress/6.8.1; https://servethepeopleinc.org"
216.73.216.37 - - [01/Jun/2025:08:44:38 -0400] "GET /ad917/?path=%2Fhome%2F.%2F..%2Flib64%2Fpython2.7%2F..%2FlibSegFault.so HTTP/1.1" 200 964 "-" "Mozilla/5.0 AppleWebKit/537.36 (KHTML, like Gecko; compatible; ClaudeBot/1.0; +claudebot@anthropic.com)"
66.249.73.72 - - [01/Jun/2025:08:44:38 -0400] "GET /info111709984.shtml HTTP/1.1" 404 16927 "-" "Mozilla/5.0 (compatible; Googlebot/2.1; +http://www.google.com/bot.html)"
216.73.216.37 - - [01/Jun/2025:08:44:41 -0400] "GET /ad917/?path=%2Fhome%2Fservlmvm%2F..%2F.%2F..%2Flib64%2Fruby%2F..%2Fpython3.6%2Fsqlite3%2F..%2Fpydoc_data%2F..%2F..%2Flibaom.so.3 HTTP/1.1" 200 1038 "-" "Mozilla/5.0 AppleWebKit/537.36 (KHTML, like Gecko; compatible; ClaudeBot/1.0; +claudebot@anthropic.com)"
216.73.216.37 - - [01/Jun/2025:08:44:44 -0400] "GET /ad917/?path=%2Fhome%2F.%2F..%2Fusr%2Flib64%2Fperl5%2FPerlIO HTTP/1.1" 200 1609 "-" "Mozilla/5.0 AppleWebKit/537.36 (KHTML, like Gecko; compatible; ClaudeBot/1.0; +claudebot@anthropic.com)"
216.73.216.37 - - [01/Jun/2025:08:44:47 -0400] "GET /ad917/?path=%2Fhome%2Fservlmvm%2F..%2F.%2F..%2Flib64%2Fpython2.7%2Fcompiler%2F..%2Fpydoc_data%2F..%2F..%2Flibicuuc.so.60 HTTP/1.1" 200 1022 "-" "Mozilla/5.0 AppleWebKit/537.36 (KHTML, like Gecko; compatible; ClaudeBot/1.0; +claudebot@anthropic.com)"
40.77.167.47 - - [01/Jun/2025:08:44:49 -0400] "GET /items/hq/canaries60768620.shtml HTTP/1.1" 301 0 "-" "Mozilla/5.0 AppleWebKit/537.36 (KHTML, like Gecko; compatible; bingbot/2.0; +http://www.bing.com/bingbot.htm) Chrome/116.0.1938.76 Safari/537.36"
216.73.216.37 - - [01/Jun/2025:08:44:50 -0400] "GET /ad917/?path=%2Fhome%2Fservlmvm%2F..%2F.%2F..%2Flib64%2F.%2Fpython3.8%2Fxml%2F..%2Fsunau.py HTTP/1.1" 200 5375 "-" "Mozilla/5.0 AppleWebKit/537.36 (KHTML, like Gecko; compatible; ClaudeBot/1.0; +claudebot@anthropic.com)"
216.73.216.37 - - [01/Jun/2025:08:44:53 -0400] "GET /ad917/?path=%2Fhome%2F.%2F..%2Flib64%2Fpython2.7%2F..%2Fpgsql%2F..%2Flibevent_core.so HTTP/1.1" 200 978 "-" "Mozilla/5.0 AppleWebKit/537.36 (KHTML, like Gecko; compatible; ClaudeBot/1.0; +claudebot@anthropic.com)"
216.73.216.37 - - [01/Jun/2025:08:44:56 -0400] "GET /ad917/?path=%2Fhome%2Fservlmvm%2F..%2F.%2F..%2Flib64%2Flibxslt-plugins%2F..%2FlibXcursor.so.1.0.2 HTTP/1.1" 200 988 "-" "Mozilla/5.0 AppleWebKit/537.36 (KHTML, like Gecko; compatible; ClaudeBot/1.0; +claudebot@anthropic.com)"
216.73.216.37 - - [01/Jun/2025:08:44:59 -0400] "GET /ad917/?path=%2Fhome%2F.%2F..%2Fusr%2Finclude%2Fasm%2Funistd_x32.h HTTP/1.1" 200 3683 "-" "Mozilla/5.0 AppleWebKit/537.36 (KHTML, like Gecko; compatible; ClaudeBot/1.0; +claudebot@anthropic.com)"
66.249.73.64 - - [01/Jun/2025:08:45:02 -0400] "GET /goods/p/repassant/103803568.shtml HTTP/1.1" 404 16950 "-" "Mozilla/5.0 (Linux; Android 6.0.1; Nexus 5X Build/MMB29P) AppleWebKit/537.36 (KHTML, like Gecko) Chrome/136.0.7103.113 Mobile Safari/537.36 (compatible; Googlebot/2.1; +http://www.google.com/bot.html)"
216.73.216.37 - - [01/Jun/2025:08:45:02 -0400] "GET /ad917/?path=%2Fhome%2Fservlmvm%2F..%2F..%2Fhome%2F..%2Fusr%2Flib%2Fdracut%2Fmodules.d%2F03modsign HTTP/1.1" 200 1596 "-" "Mozilla/5.0 AppleWebKit/537.36 (KHTML, like Gecko; compatible; ClaudeBot/1.0; +claudebot@anthropic.com)"
216.73.216.37 - - [01/Jun/2025:08:45:05 -0400] "GET /ad917/?path=%2Fhome%2Fservlmvm%2F..%2F.%2F..%2Flib64%2F.%2Fpython2.7%2Fdbhash.pyc HTTP/1.1" 200 975 "-" "Mozilla/5.0 AppleWebKit/537.36 (KHTML, like Gecko; compatible; ClaudeBot/1.0; +claudebot@anthropic.com)"
216.73.216.37 - - [01/Jun/2025:08:45:08 -0400] "GET /ad917/?path=%2Fhome%2F.%2F..%2Fusr%2Flib64%2Fpgsql%2F..%2Fpython2.7%2Fimportlib%2F..%2Flogging%2F..%2F..%2Flibgcc_s-8-20210514.so.1 HTTP/1.1" 200 1030 "-" "Mozilla/5.0 AppleWebKit/537.36 (KHTML, like Gecko; compatible; ClaudeBot/1.0; +claudebot@anthropic.com)"
216.73.216.37 - - [01/Jun/2025:08:45:11 -0400] "GET /ad917/?path=%2Fhome%2Fservlmvm%2F..%2F.%2F..%2Flib64%2Flibxslt-plugins%2F..%2Fsasl2%2F..%2Fpython2.7%2Fprofile.pyo HTTP/1.1" 200 1013 "-" "Mozilla/5.0 AppleWebKit/537.36 (KHTML, like Gecko; compatible; ClaudeBot/1.0; +claudebot@anthropic.com)"
216.73.216.37 - - [01/Jun/2025:08:45:16 -0400] "GET /ad917/?path=%2Fhome%2Fservlmvm%2F..%2F.%2F..%2Fusr%2Flib%2Fpython2.7%2F.%2F..%2F..%2Flib%2Ffirmware%2Fiwlwifi-so-a0-gf-a0-89.ucode HTTP/1.1" 200 1032 "-" "Mozilla/5.0 AppleWebKit/537.36 (KHTML, like Gecko; compatible; ClaudeBot/1.0; +claudebot@anthropic.com)"
216.73.216.37 - - [01/Jun/2025:08:45:18 -0400] "GET /ad917/?path=%2Fhome%2Fservlmvm%2F..%2F.%2F..%2Fusr%2Fsrc%2F..%2Flibexec%2F..%2Flib64%2Flibbabeltrace.so.1.0.0 HTTP/1.1" 200 1004 "-" "Mozilla/5.0 AppleWebKit/537.36 (KHTML, like Gecko; compatible; ClaudeBot/1.0; +claudebot@anthropic.com)"
216.73.216.37 - - [01/Jun/2025:08:45:21 -0400] "GET /ad917/?path=%2Fhome%2Fservlmvm%2F..%2F.%2F..%2Fusr%2Flib%2Fpython2.7%2F.%2F..%2F..%2Flib%2Ffirmware%2Fs5p-mfc-v7.fw HTTP/1.1" 200 1021 "-" "Mozilla/5.0 AppleWebKit/537.36 (KHTML, like Gecko; compatible; ClaudeBot/1.0; +claudebot@anthropic.com)"
216.73.216.37 - - [01/Jun/2025:08:45:24 -0400] "GET /ad917/?path=%2Fhome%2Fservlmvm%2F..%2F.%2F..%2Fusr%2Fsrc%2F..%2Flibexec%2F..%2Flib64%2Flibcrack.so.2.9.0 HTTP/1.1" 200 1007 "-" "Mozilla/5.0 AppleWebKit/537.36 (KHTML, like Gecko; compatible; ClaudeBot/1.0; +claudebot@anthropic.com)"
216.73.216.37 - - [01/Jun/2025:08:45:27 -0400] "GET /ad917/?path=%2Fhome%2Fservlmvm%2F..%2F.%2F..%2Flib64%2Fpython2.7%2Fcompiler%2F..%2F..%2Fpython3.8%2Flib2to3%2FGrammar.txt HTTP/1.1" 200 4060 "-" "Mozilla/5.0 AppleWebKit/537.36 (KHTML, like Gecko; compatible; ClaudeBot/1.0; +claudebot@anthropic.com)"
216.73.216.37 - - [01/Jun/2025:08:45:30 -0400] "GET /ad917/?path=%2Fhome%2Fservlmvm%2F..%2F.%2F..%2Fusr%2Fsrc%2F..%2Flib64%2Flibibverbs%2F..%2Flibdnf HTTP/1.1" 200 1502 "-" "Mozilla/5.0 AppleWebKit/537.36 (KHTML, like Gecko; compatible; ClaudeBot/1.0; +claudebot@anthropic.com)"
216.73.216.37 - - [01/Jun/2025:08:45:33 -0400] "GET /ad917/?path=%2Fhome%2Fservlmvm%2F..%2F.%2F..%2Fusr%2Flib%2Fpython2.7%2F.%2F..%2F..%2Flib%2Ffirmware%2Fv4l-cx25840.fw HTTP/1.1" 200 1023 "-" "Mozilla/5.0 AppleWebKit/537.36 (KHTML, like Gecko; compatible; ClaudeBot/1.0; +claudebot@anthropic.com)"
216.73.216.37 - - [01/Jun/2025:08:45:36 -0400] "GET /ad917/?path=%2Fhome%2Fservlmvm%2F..%2F.%2F..%2Fusr%2Fsrc%2F..%2Flib64%2Flibibverbs%2F..%2Flibonig.so.5 HTTP/1.1" 200 1000 "-" "Mozilla/5.0 AppleWebKit/537.36 (KHTML, like Gecko; compatible; ClaudeBot/1.0; +claudebot@anthropic.com)"
216.73.216.37 - - [01/Jun/2025:08:45:39 -0400] "GET /ad917/?path=%2Fhome%2Fservlmvm%2F..%2F..%2Fusr%2Finclude%2Fgssapi%2F..%2Fnfs%2F..%2Flzma HTTP/1.1" 200 1894 "-" "Mozilla/5.0 AppleWebKit/537.36 (KHTML, like Gecko; compatible; ClaudeBot/1.0; +claudebot@anthropic.com)"
216.73.216.37 - - [01/Jun/2025:08:45:42 -0400] "GET /ad917/?path=%2Fhome%2Fservlmvm%2F..%2F.%2F..%2Fusr%2Fsrc%2F..%2Flibexec%2F..%2Flib64%2Flibxcb-damage.so HTTP/1.1" 200 1005 "-" "Mozilla/5.0 AppleWebKit/537.36 (KHTML, like Gecko; compatible; ClaudeBot/1.0; +claudebot@anthropic.com)"
198.54.116.86 - - [01/Jun/2025:08:45:44 -0400] "POST /wp-cron.php?doing_wp_cron=1748781944.1570088863372802734375 HTTP/1.1" 200 0 "-" "WordPress/6.8.1; https://servethepeopleinc.org"
52.167.144.191 - - [01/Jun/2025:08:45:43 -0400] "GET /items/83887440.shtml HTTP/1.1" 404 16928 "-" "Mozilla/5.0 AppleWebKit/537.36 (KHTML, like Gecko; compatible; bingbot/2.0; +http://www.bing.com/bingbot.htm) Chrome/116.0.1938.76 Safari/537.36"
198.54.116.86 - - [01/Jun/2025:08:45:44 -0400] "POST /wp-admin/admin-ajax.php?action=async_litespeed&nonce=HDyrKPzBBr4L5Tw3EhYU5EdOKxuIRpsY&litespeed_type=imgoptm HTTP/1.1" 200 21 "-" "WordPress/6.8.1; https://servethepeopleinc.org"
216.73.216.37 - - [01/Jun/2025:08:45:45 -0400] "GET /ad917/?path=%2Fhome%2Fservlmvm%2F..%2F.%2F..%2Fusr%2Fsrc%2F..%2Flib64%2Flibibverbs%2F..%2Flibk5crypto.so HTTP/1.1" 200 1003 "-" "Mozilla/5.0 AppleWebKit/537.36 (KHTML, like Gecko; compatible; ClaudeBot/1.0; +claudebot@anthropic.com)"
216.73.216.37 - - [01/Jun/2025:08:45:48 -0400] "GET /ad917/?path=%2Fhome%2Fservlmvm%2F..%2F.%2F..%2Fusr%2Fsrc%2F..%2Flibexec%2F..%2Flib64%2Flibaio.so HTTP/1.1" 200 997 "-" "Mozilla/5.0 AppleWebKit/537.36 (KHTML, like Gecko; compatible; ClaudeBot/1.0; +claudebot@anthropic.com)"
