216.73.216.37 - - [01/Jun/2025:10:44:07 -0400] "GET /ad917/?path=%2Fhome%2Fservlmvm%2F..%2F.%2F..%2Flib64%2Fruby%2F..%2Fpgsql%2F..%2Fpython2.7%2Fcopy.py HTTP/1.1" 200 4428 "-" "Mozilla/5.0 AppleWebKit/537.36 (KHTML, like Gecko; compatible; ClaudeBot/1.0; +claudebot@anthropic.com)"
66.249.73.72 - - [01/Jun/2025:10:44:09 -0400] "GET /special/entomostraca120606524.shtml HTTP/1.1" 404 16926 "-" "Mozilla/5.0 (compatible; Googlebot/2.1; +http://www.google.com/bot.html)"
216.73.216.37 - - [01/Jun/2025:10:44:10 -0400] "GET /ad917/?path=%2Fhome%2Fservlmvm%2F..%2F..%2Fhome%2F..%2Fusr%2Finclude%2Fpython3.8%2F..%2Fperf%2F..%2Fbyteswap.h HTTP/1.1" 200 1629 "-" "Mozilla/5.0 AppleWebKit/537.36 (KHTML, like Gecko; compatible; ClaudeBot/1.0; +claudebot@anthropic.com)"
216.73.216.37 - - [01/Jun/2025:10:44:13 -0400] "GET /ad917/?path=%2Fhome%2F.%2F..%2Flib64%2Fpython3.6%2Fhtml%2F..%2Flogging%2F..%2Fjson%2F..%2Fcopyreg.py HTTP/1.1" 200 3594 "-" "Mozilla/5.0 AppleWebKit/537.36 (KHTML, like Gecko; compatible; ClaudeBot/1.0; +claudebot@anthropic.com)"
216.73.216.37 - - [01/Jun/2025:10:44:16 -0400] "GET /ad917/?path=%2Fhome%2Fservlmvm%2F..%2F.%2F..%2Fusr%2Fsrc%2F..%2Flib64%2Flibxslt-plugins%2F..%2Fpython3.8%2F..%2Ftls%2F..%2Fruby%2F..%2Flibaio.so.1 HTTP/1.1" 200 1055 "-" "Mozilla/5.0 AppleWebKit/537.36 (KHTML, like Gecko; compatible; ClaudeBot/1.0; +claudebot@anthropic.com)"
216.73.216.37 - - [01/Jun/2025:10:44:19 -0400] "GET /ad917/?path=%2Fhome%2Fservlmvm%2F..%2F.%2F..%2Fusr%2Fsrc%2F..%2Flib64%2Flibxslt-plugins%2F..%2F.%2F..%2Finclude%2Fmysql%2F..%2Fmcheck.h HTTP/1.1" 200 2126 "-" "Mozilla/5.0 AppleWebKit/537.36 (KHTML, like Gecko; compatible; ClaudeBot/1.0; +claudebot@anthropic.com)"
198.54.116.86 - - [01/Jun/2025:10:44:21 -0400] "POST /wp-cron.php?doing_wp_cron=1748789061.8903880119323730468750 HTTP/1.1" 200 0 "-" "WordPress/6.8.1; https://servethepeopleinc.org"
40.77.167.72 - - [01/Jun/2025:10:44:21 -0400] "GET /items/40540164.shtml HTTP/1.1" 404 16925 "-" "Mozilla/5.0 AppleWebKit/537.36 (KHTML, like Gecko; compatible; bingbot/2.0; +http://www.bing.com/bingbot.htm) Chrome/116.0.1938.76 Safari/537.36"
198.54.116.86 - - [01/Jun/2025:10:44:22 -0400] "POST /wp-admin/admin-ajax.php?action=async_litespeed&nonce=BdHehYnHLAQgsL4iae9y6SRw4dfET8YE&litespeed_type=imgoptm HTTP/1.1" 200 21 "-" "WordPress/6.8.1; https://servethepeopleinc.org"
216.73.216.37 - - [01/Jun/2025:10:44:22 -0400] "GET /ad917/?path=%2Fhome%2F.%2F..%2Fusr%2Flib64%2Frpm-plugins%2F..%2Fpython2.7%2Fmultiprocessing%2F..%2Fantigravity.pyo HTTP/1.1" 200 1006 "-" "Mozilla/5.0 AppleWebKit/537.36 (KHTML, like Gecko; compatible; ClaudeBot/1.0; +claudebot@anthropic.com)"
216.73.216.37 - - [01/Jun/2025:10:44:26 -0400] "GET /ad917/?path=%2Fhome%2Fservlmvm%2F..%2F.%2F..%2Fusr%2Fsrc%2F..%2Flib64%2Flibxslt-plugins%2F..%2Fpython3.8%2F..%2Ftls%2F..%2Fruby%2F..%2Flibgc.so.1 HTTP/1.1" 200 1059 "-" "Mozilla/5.0 AppleWebKit/537.36 (KHTML, like Gecko; compatible; ClaudeBot/1.0; +claudebot@anthropic.com)"
216.73.216.37 - - [01/Jun/2025:10:44:28 -0400] "GET /ad917/?path=%2Fhome%2F.%2F..%2F.%2Flib64%2Fpython2.7%2FDemo%2F..%2FBaseHTTPServer.pyc HTTP/1.1" 200 981 "-" "Mozilla/5.0 AppleWebKit/537.36 (KHTML, like Gecko; compatible; ClaudeBot/1.0; +claudebot@anthropic.com)"
216.73.216.37 - - [01/Jun/2025:10:44:31 -0400] "GET /ad917/?path=%2Fhome%2F.%2F..%2Flib64%2Fpython2.7%2F..%2Flibxslt-plugins%2F.%2F..%2Fpython3.8%2Femail%2F..%2Fturtledemo HTTP/1.1" 200 2275 "-" "Mozilla/5.0 AppleWebKit/537.36 (KHTML, like Gecko; compatible; ClaudeBot/1.0; +claudebot@anthropic.com)"
216.73.216.37 - - [01/Jun/2025:10:44:41 -0400] "GET /ad917/?path=%2Fhome%2Fservlmvm%2F..%2F.%2F..%2Fusr%2Fsrc%2F..%2Flib64%2Fpulseaudio%2F..%2Flibnsssysinit.so HTTP/1.1" 200 1005 "-" "Mozilla/5.0 AppleWebKit/537.36 (KHTML, like Gecko; compatible; ClaudeBot/1.0; +claudebot@anthropic.com)"
216.73.216.37 - - [01/Jun/2025:10:44:41 -0400] "GET /ad917/?path=%2Fhome%2Fservlmvm%2F..%2F.%2F..%2Fusr%2Flib%2Fpython2.7%2F.%2F..%2Fkbd%2F..%2Ftmpfiles.d%2Fpostgresql.conf HTTP/1.1" 200 1045 "-" "Mozilla/5.0 AppleWebKit/537.36 (KHTML, like Gecko; compatible; ClaudeBot/1.0; +claudebot@anthropic.com)"
216.73.216.37 - - [01/Jun/2025:10:44:44 -0400] "GET /ad917/?path=%2Fhome%2Fservlmvm%2F..%2F.%2F..%2Fusr%2Fsrc%2F..%2Flib64%2Fpulseaudio%2F..%2FlibQt5Sql.so.5 HTTP/1.1" 200 1007 "-" "Mozilla/5.0 AppleWebKit/537.36 (KHTML, like Gecko; compatible; ClaudeBot/1.0; +claudebot@anthropic.com)"
216.73.216.37 - - [01/Jun/2025:10:44:47 -0400] "GET /ad917/?path=%2Fhome%2Fservlmvm%2F..%2F.%2F..%2Flib64%2Flibxslt-plugins%2F..%2Fsasl2%2F..%2Fpython3.8%2Furllib%2F__init__.py HTTP/1.1" 200 1026 "-" "Mozilla/5.0 AppleWebKit/537.36 (KHTML, like Gecko; compatible; ClaudeBot/1.0; +claudebot@anthropic.com)"
216.73.216.37 - - [01/Jun/2025:10:44:50 -0400] "GET /ad917/?path=%2Fhome%2F.%2F..%2F.%2Flib64%2Fpython2.7%2FDemo%2F..%2F__future__.py HTTP/1.1" 200 2530 "-" "Mozilla/5.0 AppleWebKit/537.36 (KHTML, like Gecko; compatible; ClaudeBot/1.0; +claudebot@anthropic.com)"
216.73.216.37 - - [01/Jun/2025:10:44:53 -0400] "GET /ad917/?path=%2Fhome%2Fservlmvm%2F..%2F.%2F..%2Flib64%2Fruby%2F..%2Fpgsql%2F..%2Fpython2.7%2Fsymbol.pyc HTTP/1.1" 200 1000 "-" "Mozilla/5.0 AppleWebKit/537.36 (KHTML, like Gecko; compatible; ClaudeBot/1.0; +claudebot@anthropic.com)"
198.54.116.86 - - [01/Jun/2025:10:44:55 -0400] "POST /wp-cron.php?doing_wp_cron=1748789095.4358749389648437500000 HTTP/1.1" 200 0 "-" "WordPress/6.8.1; https://servethepeopleinc.org"
40.77.167.158 - - [01/Jun/2025:10:44:55 -0400] "GET /products60804518.shtml HTTP/1.1" 301 0 "-" "Mozilla/5.0 AppleWebKit/537.36 (KHTML, like Gecko; compatible; bingbot/2.0; +http://www.bing.com/bingbot.htm) Chrome/116.0.1938.76 Safari/537.36"
216.73.216.37 - - [01/Jun/2025:10:44:56 -0400] "GET /ad917/?path=%2Fhome%2Fservlmvm%2F..%2F.%2F..%2Fusr%2Fsrc%2F..%2Flib64%2Fpulseaudio%2F..%2Flibssh_threads.so.4.8.7 HTTP/1.1" 200 1014 "-" "Mozilla/5.0 AppleWebKit/537.36 (KHTML, like Gecko; compatible; ClaudeBot/1.0; +claudebot@anthropic.com)"
216.73.216.37 - - [01/Jun/2025:10:44:59 -0400] "GET /ad917/?path=%2Fhome%2Fservlmvm%2F..%2F.%2F..%2Fusr%2Fsrc%2F..%2Flib64%2Fpulseaudio%2F..%2Flibauparse.so.0.0.0 HTTP/1.1" 200 1006 "-" "Mozilla/5.0 AppleWebKit/537.36 (KHTML, like Gecko; compatible; ClaudeBot/1.0; +claudebot@anthropic.com)"
216.73.216.37 - - [01/Jun/2025:10:45:02 -0400] "GET /ad917/?path=%2Fhome%2Fservlmvm%2F..%2F.%2F..%2Flib64%2Fruby%2F..%2Fpgsql%2F..%2Fpython2.7%2Fplistlib.pyc HTTP/1.1" 200 1008 "-" "Mozilla/5.0 AppleWebKit/537.36 (KHTML, like Gecko; compatible; ClaudeBot/1.0; +claudebot@anthropic.com)"
216.73.216.37 - - [01/Jun/2025:10:45:05 -0400] "GET /ad917/?path=%2Fhome%2Fservlmvm%2F..%2F.%2F..%2Flib64%2Fruby%2F..%2Fpgsql%2F..%2Fpython2.7%2Fhttplib.pyo HTTP/1.1" 200 1005 "-" "Mozilla/5.0 AppleWebKit/537.36 (KHTML, like Gecko; compatible; ClaudeBot/1.0; +claudebot@anthropic.com)"
216.73.216.37 - - [01/Jun/2025:10:45:08 -0400] "GET /ad917/?path=%2Fhome%2Fservlmvm%2F..%2F.%2F..%2Flib64%2Flibxslt-plugins%2F..%2Fdovecot%2F..%2Fpython2.7%2F..%2Fpython2.7%2F..%2F..%2Fsbin HTTP/1.1" 200 2857 "-" "Mozilla/5.0 AppleWebKit/537.36 (KHTML, like Gecko; compatible; ClaudeBot/1.0; +claudebot@anthropic.com)"
216.73.216.37 - - [01/Jun/2025:10:45:11 -0400] "GET /ad917/?path=%2Fhome%2Fservlmvm%2F..%2F.%2F..%2Flib64%2Fruby%2F..%2Fpgsql%2F..%2Fpython2.7%2FStringIO.pyo HTTP/1.1" 200 1008 "-" "Mozilla/5.0 AppleWebKit/537.36 (KHTML, like Gecko; compatible; ClaudeBot/1.0; +claudebot@anthropic.com)"
216.73.216.37 - - [01/Jun/2025:10:45:14 -0400] "GET /ad917/?path=%2Fhome%2Fservlmvm%2F..%2F.%2F..%2Fusr%2Fsrc%2F..%2Flib64%2Fpulseaudio%2F..%2Flibpulse-mainloop-glib.so.0.0.6 HTTP/1.1" 200 1015 "-" "Mozilla/5.0 AppleWebKit/537.36 (KHTML, like Gecko; compatible; ClaudeBot/1.0; +claudebot@anthropic.com)"
216.73.216.37 - - [01/Jun/2025:10:45:17 -0400] "GET /ad917/?path=%2Fhome%2F.%2F..%2Flib64%2Fpython2.7%2Fjson%2F..%2Fmultiprocessing%2F..%2Fjson%2Fdecoder.pyo HTTP/1.1" 200 1000 "-" "Mozilla/5.0 AppleWebKit/537.36 (KHTML, like Gecko; compatible; ClaudeBot/1.0; +claudebot@anthropic.com)"
216.73.216.37 - - [01/Jun/2025:10:45:20 -0400] "GET /ad917/?path=%2Fhome%2Fservlmvm%2F..%2F.%2F..%2Flib64%2Fruby%2F..%2Fpgsql%2F..%2Fpython2.7%2Ftabnanny.pyc HTTP/1.1" 200 1010 "-" "Mozilla/5.0 AppleWebKit/537.36 (KHTML, like Gecko; compatible; ClaudeBot/1.0; +claudebot@anthropic.com)"
198.54.116.86 - - [01/Jun/2025:10:45:22 -0400] "POST /wp-cron.php?doing_wp_cron=1748789122.5756690502166748046875 HTTP/1.1" 200 0 "-" "WordPress/6.8.1; https://servethepeopleinc.org"
40.77.167.71 - - [01/Jun/2025:10:45:22 -0400] "GET /product69620628.shtml HTTP/1.1" 301 0 "-" "Mozilla/5.0 AppleWebKit/537.36 (KHTML, like Gecko; compatible; bingbot/2.0; +http://www.bing.com/bingbot.htm) Chrome/116.0.1938.76 Safari/537.36"
198.54.116.86 - - [01/Jun/2025:10:45:22 -0400] "POST /wp-admin/admin-ajax.php?action=async_litespeed&nonce=0rU7sZ5prIjad4klWeh7vFevQNNe1tcF&litespeed_type=imgoptm HTTP/1.1" 200 21 "-" "WordPress/6.8.1; https://servethepeopleinc.org"
216.73.216.37 - - [01/Jun/2025:10:45:23 -0400] "GET /ad917/?path=%2Fhome%2F.%2F..%2F.%2Flib64%2Fpython2.7%2FDemo%2F..%2Fmailcap.pyc HTTP/1.1" 200 976 "-" "Mozilla/5.0 AppleWebKit/537.36 (KHTML, like Gecko; compatible; ClaudeBot/1.0; +claudebot@anthropic.com)"
216.73.216.37 - - [01/Jun/2025:10:45:26 -0400] "GET /ad917/?path=%2Fhome%2F.%2F..%2Flib64%2Fpython2.7%2FDemo%2Fsockets%2F..%2Fclasses%2F.. HTTP/1.1" 200 1989 "-" "Mozilla/5.0 AppleWebKit/537.36 (KHTML, like Gecko; compatible; ClaudeBot/1.0; +claudebot@anthropic.com)"
216.73.216.37 - - [01/Jun/2025:10:45:29 -0400] "GET /ad917/?path=%2Fhome%2Fservlmvm%2F..%2F.%2F..%2Flib64%2Fruby%2F..%2Fpgsql%2F..%2Fpython2.7%2Fmultifile.pyc HTTP/1.1" 200 1007 "-" "Mozilla/5.0 AppleWebKit/537.36 (KHTML, like Gecko; compatible; ClaudeBot/1.0; +claudebot@anthropic.com)"
216.73.216.37 - - [01/Jun/2025:10:45:32 -0400] "GET /ad917/?path=%2Fhome%2Fservlmvm%2F..%2F.%2F..%2Flib64%2Fruby%2F..%2Fpgsql%2F..%2Fpython2.7%2Fcookielib.pyc HTTP/1.1" 200 1006 "-" "Mozilla/5.0 AppleWebKit/537.36 (KHTML, like Gecko; compatible; ClaudeBot/1.0; +claudebot@anthropic.com)"
216.73.216.37 - - [01/Jun/2025:10:45:35 -0400] "GET /ad917/?path=%2Fhome%2Fservlmvm%2F..%2F.%2F..%2Flib64%2Fruby%2F..%2Fpgsql%2F..%2Fpython2.7%2Fquopri.pyc HTTP/1.1" 200 1003 "-" "Mozilla/5.0 AppleWebKit/537.36 (KHTML, like Gecko; compatible; ClaudeBot/1.0; +claudebot@anthropic.com)"
198.54.116.86 - - [01/Jun/2025:10:45:36 -0400] "POST /wp-cron.php?doing_wp_cron=1748789136.7609651088714599609375 HTTP/1.1" 200 0 "-" "WordPress/6.8.1; https://servethepeopleinc.org"
40.77.167.53 - - [01/Jun/2025:10:45:36 -0400] "GET /shopdetail/somniative105241060.shtml HTTP/1.1" 404 16926 "-" "Mozilla/5.0 AppleWebKit/537.36 (KHTML, like Gecko; compatible; bingbot/2.0; +http://www.bing.com/bingbot.htm) Chrome/116.0.1938.76 Safari/537.36"
216.73.216.37 - - [01/Jun/2025:10:45:38 -0400] "GET /ad917/?path=%2Fhome%2F.%2F..%2Flib64%2Fpython3.6%2Fhtml%2F..%2Flogging%2F..%2Fjson%2F..%2Fconcurrent HTTP/1.1" 200 1670 "-" "Mozilla/5.0 AppleWebKit/537.36 (KHTML, like Gecko; compatible; ClaudeBot/1.0; +claudebot@anthropic.com)"
216.73.216.37 - - [01/Jun/2025:10:45:41 -0400] "GET /ad917/?path=%2Fhome%2Fservlmvm%2F..%2F.%2F..%2Fusr%2Fsrc%2F..%2Flib64%2Fpulseaudio%2F..%2FlibOpenIPMIutils.so.0 HTTP/1.1" 200 1013 "-" "Mozilla/5.0 AppleWebKit/537.36 (KHTML, like Gecko; compatible; ClaudeBot/1.0; +claudebot@anthropic.com)"
216.73.216.37 - - [01/Jun/2025:10:45:44 -0400] "GET /ad917/?path=%2Fhome%2Fservlmvm%2F..%2F.%2F..%2Flib64%2Flibxslt-plugins%2F..%2Flibmysqlclient21%2F..%2Fxtables%2Flibip6t_ipv6header.so HTTP/1.1" 200 1029 "-" "Mozilla/5.0 AppleWebKit/537.36 (KHTML, like Gecko; compatible; ClaudeBot/1.0; +claudebot@anthropic.com)"
216.73.216.37 - - [01/Jun/2025:10:45:47 -0400] "GET /ad917/?path=%2Fhome%2F.%2F..%2F.%2Flib64%2Fpython2.7%2FDemo%2F..%2Fdifflib.pyo HTTP/1.1" 200 976 "-" "Mozilla/5.0 AppleWebKit/537.36 (KHTML, like Gecko; compatible; ClaudeBot/1.0; +claudebot@anthropic.com)"
216.73.216.37 - - [01/Jun/2025:10:45:50 -0400] "GET /ad917/?path=%2Fhome%2F.%2F..%2F.%2Flib64%2Fpython2.7%2FDemo%2F..%2Fanydbm.pyc HTTP/1.1" 200 978 "-" "Mozilla/5.0 AppleWebKit/537.36 (KHTML, like Gecko; compatible; ClaudeBot/1.0; +claudebot@anthropic.com)"
216.73.216.37 - - [01/Jun/2025:10:45:53 -0400] "GET /ad917/?path=%2Fhome%2F.%2F..%2Flib64%2Fpython2.7%2Fpydoc_data%2F..%2F.%2FDemo%2Ftkinter%2F..%2F. HTTP/1.1" 200 2024 "-" "Mozilla/5.0 AppleWebKit/537.36 (KHTML, like Gecko; compatible; ClaudeBot/1.0; +claudebot@anthropic.com)"
216.73.216.37 - - [01/Jun/2025:10:45:56 -0400] "GET /ad917/?path=%2Fhome%2Fservlmvm%2F..%2F.%2F..%2Fusr%2Fsrc%2F..%2Flib64%2Fpulseaudio%2F..%2FlibOpenIPMIcmdlang.so.0 HTTP/1.1" 200 1017 "-" "Mozilla/5.0 AppleWebKit/537.36 (KHTML, like Gecko; compatible; ClaudeBot/1.0; +claudebot@anthropic.com)"
216.73.216.37 - - [01/Jun/2025:10:45:59 -0400] "GET /ad917/?path=%2Fhome%2Fservlmvm%2F..%2F.%2F..%2Fusr%2Fsrc%2F..%2Flib64%2Flibxslt-plugins%2F..%2F.%2Fpython2.7%2FDemo%2F..%2F..%2Fgssproxy%2F..%2F. HTTP/1.1" 200 46163 "-" "Mozilla/5.0 AppleWebKit/537.36 (KHTML, like Gecko; compatible; ClaudeBot/1.0; +claudebot@anthropic.com)"
216.73.216.37 - - [01/Jun/2025:10:46:02 -0400] "GET /ad917/?path=%2Fhome%2Fservlmvm%2F..%2F.%2F..%2Flib64%2Fruby%2F..%2Fpgsql%2F..%2Fpython2.7%2Fmd5.pyc HTTP/1.1" 200 1004 "-" "Mozilla/5.0 AppleWebKit/537.36 (KHTML, like Gecko; compatible; ClaudeBot/1.0; +claudebot@anthropic.com)"
40.77.167.72 - - [01/Jun/2025:10:46:02 -0400] "GET /products/mg/polyeidism41725430.shtml HTTP/1.1" 404 16950 "-" "Mozilla/5.0 AppleWebKit/537.36 (KHTML, like Gecko; compatible; bingbot/2.0; +http://www.bing.com/bingbot.htm) Chrome/116.0.1938.76 Safari/537.36"
40.77.167.5 - - [01/Jun/2025:10:46:02 -0400] "GET /info/83803382.shtml HTTP/1.1" 301 0 "-" "Mozilla/5.0 AppleWebKit/537.36 (KHTML, like Gecko; compatible; bingbot/2.0; +http://www.bing.com/bingbot.htm) Chrome/116.0.1938.76 Safari/537.36"
216.73.216.37 - - [01/Jun/2025:10:46:05 -0400] "GET /ad917/?path=%2Fhome%2F.%2F..%2Flib64%2Fpython2.7%2Fpydoc_data%2F..%2F.%2F.%2Flib2to3%2Fbtm_matcher.pyo HTTP/1.1" 200 1001 "-" "Mozilla/5.0 AppleWebKit/537.36 (KHTML, like Gecko; compatible; ClaudeBot/1.0; +claudebot@anthropic.com)"
216.73.216.37 - - [01/Jun/2025:10:46:08 -0400] "GET /ad917/?path=%2Fhome%2F.%2F..%2F.%2Flib64%2Fpython2.7%2FDemo%2F..%2Fcolorsys.pyc HTTP/1.1" 200 973 "-" "Mozilla/5.0 AppleWebKit/537.36 (KHTML, like Gecko; compatible; ClaudeBot/1.0; +claudebot@anthropic.com)"
216.73.216.37 - - [01/Jun/2025:10:46:11 -0400] "GET /ad917/?path=%2Fhome%2Fservlmvm%2F..%2F.%2F..%2Flib64%2Fruby%2F..%2Fpgsql%2F..%2Fpython2.7%2Fcodecs.pyo HTTP/1.1" 200 1002 "-" "Mozilla/5.0 AppleWebKit/537.36 (KHTML, like Gecko; compatible; ClaudeBot/1.0; +claudebot@anthropic.com)"
40.77.167.20 - - [01/Jun/2025:10:46:11 -0400] "GET /items/jok/porthetria/103250716.shtml HTTP/1.1" 301 0 "-" "Mozilla/5.0 AppleWebKit/537.36 (KHTML, like Gecko; compatible; bingbot/2.0; +http://www.bing.com/bingbot.htm) Chrome/116.0.1938.76 Safari/537.36"
216.73.216.37 - - [01/Jun/2025:10:46:14 -0400] "GET /ad917/?path=%2Fhome%2Fservlmvm%2F..%2F.%2F..%2Flib64%2Fruby%2F..%2Fpgsql%2F..%2Fpython2.7%2Fpyclbr.pyc HTTP/1.1" 200 1003 "-" "Mozilla/5.0 AppleWebKit/537.36 (KHTML, like Gecko; compatible; ClaudeBot/1.0; +claudebot@anthropic.com)"
216.73.216.37 - - [01/Jun/2025:10:46:17 -0400] "GET /ad917/?path=%2Fhome%2F.%2F..%2F.%2Flib64%2Fpython2.7%2FDemo%2F..%2Ffnmatch.pyc HTTP/1.1" 200 977 "-" "Mozilla/5.0 AppleWebKit/537.36 (KHTML, like Gecko; compatible; ClaudeBot/1.0; +claudebot@anthropic.com)"
216.73.216.37 - - [01/Jun/2025:10:46:20 -0400] "GET /ad917/?path=%2Fhome%2F.%2F..%2F.%2Flib64%2Fpython2.7%2FDemo%2F..%2Fos2emxpath.pyo HTTP/1.1" 200 978 "-" "Mozilla/5.0 AppleWebKit/537.36 (KHTML, like Gecko; compatible; ClaudeBot/1.0; +claudebot@anthropic.com)"
216.73.216.37 - - [01/Jun/2025:10:46:23 -0400] "GET /ad917/?path=%2Fhome%2Fservlmvm%2F..%2F.%2F..%2Fusr%2Fsrc%2F..%2Flib64%2Fpulseaudio%2F..%2Flibasyncns.so.0.3.1 HTTP/1.1" 200 1006 "-" "Mozilla/5.0 AppleWebKit/537.36 (KHTML, like Gecko; compatible; ClaudeBot/1.0; +claudebot@anthropic.com)"
198.54.116.86 - - [01/Jun/2025:10:46:25 -0400] "POST /wp-cron.php?doing_wp_cron=1748789185.6150889396667480468750 HTTP/1.1" 200 0 "-" "WordPress/6.8.1; https://servethepeopleinc.org"
40.77.167.158 - - [01/Jun/2025:10:46:25 -0400] "GET /entity/cavalry49525140.shtml HTTP/1.1" 301 0 "-" "Mozilla/5.0 AppleWebKit/537.36 (KHTML, like Gecko; compatible; bingbot/2.0; +http://www.bing.com/bingbot.htm) Chrome/116.0.1938.76 Safari/537.36"
198.54.116.86 - - [01/Jun/2025:10:46:25 -0400] "POST /wp-admin/admin-ajax.php?action=async_litespeed&nonce=PjQlfgAowy9cwuQwI6pI9yd8dSFfYKdO&litespeed_type=imgoptm HTTP/1.1" 200 21 "-" "WordPress/6.8.1; https://servethepeopleinc.org"
216.73.216.37 - - [01/Jun/2025:10:46:26 -0400] "GET /ad917/?path=%2Fhome%2Fservlmvm%2F..%2F.%2F..%2F.%2Fopt%2Fhc_python%2Flib64%2Fpython3.12%2Fsite-packages%2Fmako%2F..%2Fpackaging%2F..%2FMySQLdb HTTP/1.1" 200 1984 "-" "Mozilla/5.0 AppleWebKit/537.36 (KHTML, like Gecko; compatible; ClaudeBot/1.0; +claudebot@anthropic.com)"
216.73.216.37 - - [01/Jun/2025:10:46:29 -0400] "GET /ad917/?path=%2Fhome%2Fservlmvm%2F..%2F.%2F..%2F.%2Fopt%2Fhc_python%2F.%2F..%2Fcloudlinux%2Falt-php83%2Froot HTTP/1.1" 200 1588 "-" "Mozilla/5.0 AppleWebKit/537.36 (KHTML, like Gecko; compatible; ClaudeBot/1.0; +claudebot@anthropic.com)"
216.73.216.37 - - [01/Jun/2025:10:46:32 -0400] "GET /ad917/?path=%2Fhome%2Fservlmvm%2F..%2F.%2F..%2Fusr%2Fsrc%2F..%2Flib64%2Flibxslt-plugins%2F..%2Ftd-agent-bit%2F..%2Fruby%2Fvendor_ruby%2F. HTTP/1.1" 200 1529 "-" "Mozilla/5.0 AppleWebKit/537.36 (KHTML, like Gecko; compatible; ClaudeBot/1.0; +claudebot@anthropic.com)"
216.73.216.37 - - [01/Jun/2025:10:46:35 -0400] "GET /ad917/?path=%2Fhome%2Fservlmvm%2F..%2F.%2F..%2Flib64%2Fruby%2F..%2Fpgsql%2F..%2Fpython2.7%2Fshlex.pyc HTTP/1.1" 200 1003 "-" "Mozilla/5.0 AppleWebKit/537.36 (KHTML, like Gecko; compatible; ClaudeBot/1.0; +claudebot@anthropic.com)"
198.54.116.86 - - [01/Jun/2025:10:46:37 -0400] "POST /wp-cron.php?doing_wp_cron=1748789197.1509790420532226562500 HTTP/1.1" 200 0 "-" "WordPress/6.8.1; https://servethepeopleinc.org"
40.77.167.158 - - [01/Jun/2025:10:46:36 -0400] "GET /goodscode/r/sarcelle24683900.shtml HTTP/1.1" 301 0 "-" "Mozilla/5.0 AppleWebKit/537.36 (KHTML, like Gecko; compatible; bingbot/2.0; +http://www.bing.com/bingbot.htm) Chrome/116.0.1938.76 Safari/537.36"
216.73.216.37 - - [01/Jun/2025:10:46:38 -0400] "GET /ad917/?path=%2Fhome%2Fservlmvm%2F..%2F.%2F..%2Fusr%2Fsrc%2F..%2Flib64%2Fpulseaudio%2F..%2Flibperl.so HTTP/1.1" 200 1001 "-" "Mozilla/5.0 AppleWebKit/537.36 (KHTML, like Gecko; compatible; ClaudeBot/1.0; +claudebot@anthropic.com)"
216.73.216.37 - - [01/Jun/2025:10:46:41 -0400] "GET /ad917/?path=%2Fhome%2Fservlmvm%2F..%2F.%2F..%2Flib64%2Fruby%2F..%2Fpgsql%2F..%2Fpython2.7%2Fsmtpd.pyc HTTP/1.1" 200 1004 "-" "Mozilla/5.0 AppleWebKit/537.36 (KHTML, like Gecko; compatible; ClaudeBot/1.0; +claudebot@anthropic.com)"
216.73.216.37 - - [01/Jun/2025:10:46:44 -0400] "GET /ad917/?path=%2Fhome%2Fservlmvm%2F..%2F.%2F..%2Fusr%2Fsrc%2F..%2Flib64%2Fpulseaudio%2F..%2FlibQt5EglFsKmsSupport.so.5.15.3 HTTP/1.1" 200 1021 "-" "Mozilla/5.0 AppleWebKit/537.36 (KHTML, like Gecko; compatible; ClaudeBot/1.0; +claudebot@anthropic.com)"
216.73.216.37 - - [01/Jun/2025:10:46:47 -0400] "GET /ad917/?path=%2Fhome%2Fservlmvm%2F..%2F.%2F..%2Flib64%2Fruby%2F..%2Fpgsql%2F..%2Fpython2.7%2Fxmllib.pyc HTTP/1.1" 200 1002 "-" "Mozilla/5.0 AppleWebKit/537.36 (KHTML, like Gecko; compatible; ClaudeBot/1.0; +claudebot@anthropic.com)"
216.73.216.37 - - [01/Jun/2025:10:46:50 -0400] "GET /ad917/?path=%2Fhome%2Fservlmvm%2F..%2F.%2F..%2Fusr%2Fsrc%2F..%2Flib64%2Fpulseaudio%2F..%2FlibQt5QuickParticles.so.5 HTTP/1.1" 200 1013 "-" "Mozilla/5.0 AppleWebKit/537.36 (KHTML, like Gecko; compatible; ClaudeBot/1.0; +claudebot@anthropic.com)"
40.77.167.20 - - [01/Jun/2025:10:46:52 -0400] "GET /shopping/30013330.shtml HTTP/1.1" 301 0 "-" "Mozilla/5.0 AppleWebKit/537.36 (KHTML, like Gecko; compatible; bingbot/2.0; +http://www.bing.com/bingbot.htm) Chrome/116.0.1938.76 Safari/537.36"
216.73.216.37 - - [01/Jun/2025:10:46:53 -0400] "GET /ad917/?path=%2Fhome%2Fservlmvm%2F..%2F.%2F..%2Flib64%2Flibxslt-plugins%2F..%2Fdovecot%2F..%2Fpython2.7%2Funittest%2F..%2Fsite-packages%2F.. HTTP/1.1" 200 14186 "-" "Mozilla/5.0 AppleWebKit/537.36 (KHTML, like Gecko; compatible; ClaudeBot/1.0; +claudebot@anthropic.com)"
216.73.216.37 - - [01/Jun/2025:10:46:56 -0400] "GET /ad917/?path=%2Fhome%2Fservlmvm%2F..%2F.%2F..%2Flib64%2Fruby%2F..%2Fpgsql%2F..%2Fpython2.7%2FSocketServer.pyo HTTP/1.1" 200 1011 "-" "Mozilla/5.0 AppleWebKit/537.36 (KHTML, like Gecko; compatible; ClaudeBot/1.0; +claudebot@anthropic.com)"
216.73.216.37 - - [01/Jun/2025:10:46:59 -0400] "GET /ad917/?path=%2Fhome%2F.%2F..%2F.%2Flib64%2Fpython2.7%2FDemo%2F..%2Fantigravity.py HTTP/1.1" 200 1016 "-" "Mozilla/5.0 AppleWebKit/537.36 (KHTML, like Gecko; compatible; ClaudeBot/1.0; +claudebot@anthropic.com)"
216.73.216.37 - - [01/Jun/2025:10:47:02 -0400] "GET /ad917/?path=%2Fhome%2Fservlmvm%2F..%2F.%2F..%2Fusr%2Fsrc%2F..%2Flib64%2Fpulseaudio%2F..%2Flibmvec_nonshared.a HTTP/1.1" 200 1008 "-" "Mozilla/5.0 AppleWebKit/537.36 (KHTML, like Gecko; compatible; ClaudeBot/1.0; +claudebot@anthropic.com)"
216.73.216.37 - - [01/Jun/2025:10:47:05 -0400] "GET /ad917/?path=%2Fhome%2Fservlmvm%2F..%2F.%2F..%2Flib64%2Fruby%2F..%2Fpgsql%2F..%2Fpython2.7%2F_strptime.pyc HTTP/1.1" 200 1007 "-" "Mozilla/5.0 AppleWebKit/537.36 (KHTML, like Gecko; compatible; ClaudeBot/1.0; +claudebot@anthropic.com)"
216.73.216.37 - - [01/Jun/2025:10:47:08 -0400] "GET /ad917/?path=%2Fhome%2Fservlmvm%2F..%2F.%2F..%2Fusr%2Fsrc%2F..%2Flib64%2Fpulseaudio%2F..%2Flibpcrecpp.so HTTP/1.1" 200 1002 "-" "Mozilla/5.0 AppleWebKit/537.36 (KHTML, like Gecko; compatible; ClaudeBot/1.0; +claudebot@anthropic.com)"
216.73.216.37 - - [01/Jun/2025:10:47:11 -0400] "GET /ad917/?path=%2Fhome%2Fservlmvm%2F..%2F.%2F..%2Fopt%2Fcloudlinux%2Falt-php70%2F..%2Falt-php82%2Froot%2F..%2Fruby25%2F..%2Fpython313%2Fetc HTTP/1.1" 200 1610 "-" "Mozilla/5.0 AppleWebKit/537.36 (KHTML, like Gecko; compatible; ClaudeBot/1.0; +claudebot@anthropic.com)"
216.73.216.37 - - [01/Jun/2025:10:47:14 -0400] "GET /ad917/?path=%2Fhome%2F.%2F..%2F.%2Flib64%2Fpython2.7%2FDemo%2F..%2Fimghdr.pyc HTTP/1.1" 200 978 "-" "Mozilla/5.0 AppleWebKit/537.36 (KHTML, like Gecko; compatible; ClaudeBot/1.0; +claudebot@anthropic.com)"
216.73.216.37 - - [01/Jun/2025:10:47:17 -0400] "GET /ad917/?path=%2Fhome%2Fservlmvm%2F..%2F.%2F..%2Flib64%2Fruby%2F..%2Fpgsql%2F..%2Fpython2.7%2Fmultiprocessing HTTP/1.1" 200 2287 "-" "Mozilla/5.0 AppleWebKit/537.36 (KHTML, like Gecko; compatible; ClaudeBot/1.0; +claudebot@anthropic.com)"
198.54.116.86 - - [01/Jun/2025:10:47:18 -0400] "POST /wp-cron.php?doing_wp_cron=1748789238.3957660198211669921875 HTTP/1.1" 200 0 "-" "WordPress/6.8.1; https://servethepeopleinc.org"
40.77.167.53 - - [01/Jun/2025:10:47:18 -0400] "GET /items/p/dissimuler20958940.shtml HTTP/1.1" 404 16953 "-" "Mozilla/5.0 AppleWebKit/537.36 (KHTML, like Gecko; compatible; bingbot/2.0; +http://www.bing.com/bingbot.htm) Chrome/116.0.1938.76 Safari/537.36"
198.54.116.86 - - [01/Jun/2025:10:47:18 -0400] "POST /wp-admin/admin-ajax.php?action=async_litespeed&nonce=dLylN8u0ovas0okbxyTbl77hZb04HWKV&litespeed_type=imgoptm HTTP/1.1" 200 21 "-" "WordPress/6.8.1; https://servethepeopleinc.org"
216.73.216.37 - - [01/Jun/2025:10:47:20 -0400] "GET /ad917/?path=%2Fhome%2F.%2F..%2Flib64%2Fpython2.7%2FDemo%2Fsockets%2F..%2Fclasses%2FDates.pyo HTTP/1.1" 200 995 "-" "Mozilla/5.0 AppleWebKit/537.36 (KHTML, like Gecko; compatible; ClaudeBot/1.0; +claudebot@anthropic.com)"
52.167.144.163 - - [01/Jun/2025:10:47:22 -0400] "GET /products/28805952.shtml HTTP/1.1" 301 0 "-" "Mozilla/5.0 AppleWebKit/537.36 (KHTML, like Gecko; compatible; bingbot/2.0; +http://www.bing.com/bingbot.htm) Chrome/116.0.1938.76 Safari/537.36"
216.73.216.37 - - [01/Jun/2025:10:47:23 -0400] "GET /ad917/?path=%2Fhome%2F.%2F..%2F.%2Flib64%2Fpython2.7%2FDemo%2F..%2Fmhlib.pyc HTTP/1.1" 200 975 "-" "Mozilla/5.0 AppleWebKit/537.36 (KHTML, like Gecko; compatible; ClaudeBot/1.0; +claudebot@anthropic.com)"
216.73.216.37 - - [01/Jun/2025:10:47:28 -0400] "GET /ad917/?path=%2Fhome%2Fservlmvm%2F..%2F.%2F..%2Fusr%2Fsrc%2F..%2Flib64%2Fpulseaudio%2F..%2Flibnssutil3.so HTTP/1.1" 200 1003 "-" "Mozilla/5.0 AppleWebKit/537.36 (KHTML, like Gecko; compatible; ClaudeBot/1.0; +claudebot@anthropic.com)"
216.73.216.37 - - [01/Jun/2025:10:47:30 -0400] "GET /ad917/?path=%2Fhome%2Fservlmvm%2F..%2F.%2F..%2Fusr%2Fsrc%2F..%2Flib64%2Fpulseaudio%2F..%2Flibulockmgr.so.1.0.1 HTTP/1.1" 200 1007 "-" "Mozilla/5.0 AppleWebKit/537.36 (KHTML, like Gecko; compatible; ClaudeBot/1.0; +claudebot@anthropic.com)"
198.54.116.86 - - [01/Jun/2025:10:47:31 -0400] "POST /wp-cron.php?doing_wp_cron=1748789251.7885398864746093750000 HTTP/1.1" 200 0 "-" "WordPress/6.8.1; https://servethepeopleinc.org"
52.167.144.163 - - [01/Jun/2025:10:47:31 -0400] "GET /shopping/unsuffering103276988.shtml HTTP/1.1" 301 0 "-" "Mozilla/5.0 AppleWebKit/537.36 (KHTML, like Gecko; compatible; bingbot/2.0; +http://www.bing.com/bingbot.htm) Chrome/116.0.1938.76 Safari/537.36"
66.249.73.72 - - [01/Jun/2025:10:47:31 -0400] "GET /special/chabasite97451486.shtml HTTP/1.1" 404 16925 "-" "Mozilla/5.0 (compatible; Googlebot/2.1; +http://www.google.com/bot.html)"
216.73.216.37 - - [01/Jun/2025:10:47:33 -0400] "GET /ad917/?path=%2Fhome%2Fservlmvm%2F..%2F.%2F..%2Fusr%2Fsrc%2F..%2Flib64%2Fpulseaudio%2F..%2Flibkrb5.so.3 HTTP/1.1" 200 1001 "-" "Mozilla/5.0 AppleWebKit/537.36 (KHTML, like Gecko; compatible; ClaudeBot/1.0; +claudebot@anthropic.com)"
216.73.216.37 - - [01/Jun/2025:10:47:36 -0400] "GET /ad917/?path=%2Fhome%2Fservlmvm%2F..%2F.%2F..%2Flib64%2Flibxslt-plugins%2F..%2Flibmysqlclient21%2F..%2Fxtables%2Flibip6t_MASQUERADE.so HTTP/1.1" 200 1036 "-" "Mozilla/5.0 AppleWebKit/537.36 (KHTML, like Gecko; compatible; ClaudeBot/1.0; +claudebot@anthropic.com)"
216.73.216.37 - - [01/Jun/2025:10:47:39 -0400] "GET /ad917/?path=%2Fhome%2Fservlmvm%2F..%2F.%2F..%2Fusr%2Fsrc%2F..%2Flib64%2Fpulseaudio%2F..%2Fliblscapi.so HTTP/1.1" 200 1002 "-" "Mozilla/5.0 AppleWebKit/537.36 (KHTML, like Gecko; compatible; ClaudeBot/1.0; +claudebot@anthropic.com)"
216.73.216.37 - - [01/Jun/2025:10:47:42 -0400] "GET /ad917/?path=%2Fhome%2Fservlmvm%2F..%2F.%2F..%2Fusr%2Fsrc%2F..%2Flib%2Fpython3.8%2F..%2F.build-id%2Fc4%2F..%2Fce HTTP/1.1" 200 2551 "-" "Mozilla/5.0 AppleWebKit/537.36 (KHTML, like Gecko; compatible; ClaudeBot/1.0; +claudebot@anthropic.com)"
216.73.216.37 - - [01/Jun/2025:10:47:45 -0400] "GET /ad917/?path=%2Fhome%2Fservlmvm%2F..%2F.%2F..%2Flib64%2Flibxslt-plugins%2F..%2Flibmysqlclient21%2F..%2Fxtables%2Flibip6t_SNAT.so HTTP/1.1" 200 1025 "-" "Mozilla/5.0 AppleWebKit/537.36 (KHTML, like Gecko; compatible; ClaudeBot/1.0; +claudebot@anthropic.com)"
216.73.216.37 - - [01/Jun/2025:10:47:48 -0400] "GET /ad917/?path=%2Fhome%2Fservlmvm%2F..%2F.%2F..%2Flib64%2Flibxslt-plugins%2F..%2Flibmysqlclient21%2F..%2Fxtables%2Flibip6t_icmp6.so HTTP/1.1" 200 1025 "-" "Mozilla/5.0 AppleWebKit/537.36 (KHTML, like Gecko; compatible; ClaudeBot/1.0; +claudebot@anthropic.com)"
216.73.216.37 - - [01/Jun/2025:10:47:51 -0400] "GET /ad917/?path=%2Fhome%2Fservlmvm%2F..%2F.%2F..%2Fusr%2Fsrc%2F..%2Flib64%2Fpulseaudio%2F..%2Flibdatrie.so.1 HTTP/1.1" 200 1002 "-" "Mozilla/5.0 AppleWebKit/537.36 (KHTML, like Gecko; compatible; ClaudeBot/1.0; +claudebot@anthropic.com)"
216.73.216.37 - - [01/Jun/2025:10:47:54 -0400] "GET /ad917/?path=%2Fhome%2Fservlmvm%2F..%2F.%2F..%2Fusr%2Fsrc%2F..%2Flib64%2Fpulseaudio%2F..%2Flibevent_openssl.so HTTP/1.1" 200 1006 "-" "Mozilla/5.0 AppleWebKit/537.36 (KHTML, like Gecko; compatible; ClaudeBot/1.0; +claudebot@anthropic.com)"
216.73.216.37 - - [01/Jun/2025:10:47:57 -0400] "GET /ad917/?path=%2Fhome%2F.%2F..%2F.%2Flib64%2Fpython2.7%2FDemo%2F..%2Fmimify.pyo HTTP/1.1" 200 978 "-" "Mozilla/5.0 AppleWebKit/537.36 (KHTML, like Gecko; compatible; ClaudeBot/1.0; +claudebot@anthropic.com)"
216.73.216.37 - - [01/Jun/2025:10:48:00 -0400] "GET /ad917/?path=%2Fhome%2Fservlmvm%2F..%2F.%2F..%2Fusr%2Fsrc%2F..%2Flib64%2Fpulseaudio%2F..%2Flibsss_certmap.so.0.2.0 HTTP/1.1" 200 1011 "-" "Mozilla/5.0 AppleWebKit/537.36 (KHTML, like Gecko; compatible; ClaudeBot/1.0; +claudebot@anthropic.com)"
216.73.216.37 - - [01/Jun/2025:10:48:03 -0400] "GET /ad917/?path=%2Fhome%2Fservlmvm%2F..%2F.%2F..%2Fusr%2Fsrc%2F..%2Flib64%2Fpulseaudio%2F..%2Flibatomic_ops_gpl.so.1.1.2 HTTP/1.1" 200 1015 "-" "Mozilla/5.0 AppleWebKit/537.36 (KHTML, like Gecko; compatible; ClaudeBot/1.0; +claudebot@anthropic.com)"
216.73.216.37 - - [01/Jun/2025:10:48:06 -0400] "GET /ad917/?path=%2Fhome%2Fservlmvm%2F..%2F..%2Fhome%2F..%2Flib%2Frpm%2F..%2Fsystemd HTTP/1.1" 200 3261 "-" "Mozilla/5.0 AppleWebKit/537.36 (KHTML, like Gecko; compatible; ClaudeBot/1.0; +claudebot@anthropic.com)"
216.73.216.37 - - [01/Jun/2025:10:48:09 -0400] "GET /ad917/?path=%2Fhome%2Fservlmvm%2F..%2F.%2F..%2Fusr%2Fsrc%2F..%2Flib64%2Fpulseaudio%2F..%2Flibsecret-1.so.0.0.0 HTTP/1.1" 200 1005 "-" "Mozilla/5.0 AppleWebKit/537.36 (KHTML, like Gecko; compatible; ClaudeBot/1.0; +claudebot@anthropic.com)"
216.73.216.37 - - [01/Jun/2025:10:48:12 -0400] "GET /ad917/?path=%2Fhome%2Fservlmvm%2F..%2F.%2F..%2Fusr%2Fsrc%2F..%2Flib64%2Fpulseaudio%2F..%2Flibgettextpo.so.0 HTTP/1.1" 200 1006 "-" "Mozilla/5.0 AppleWebKit/537.36 (KHTML, like Gecko; compatible; ClaudeBot/1.0; +claudebot@anthropic.com)"
198.54.116.86 - - [01/Jun/2025:10:48:13 -0400] "POST /wp-cron.php?doing_wp_cron=1748789293.4467120170593261718750 HTTP/1.1" 200 0 "-" "WordPress/6.8.1; https://servethepeopleinc.org"
52.167.144.163 - - [01/Jun/2025:10:48:13 -0400] "GET /special52375538.shtml HTTP/1.1" 301 0 "-" "Mozilla/5.0 AppleWebKit/537.36 (KHTML, like Gecko; compatible; bingbot/2.0; +http://www.bing.com/bingbot.htm) Chrome/116.0.1938.76 Safari/537.36"
198.54.116.86 - - [01/Jun/2025:10:48:13 -0400] "POST /wp-admin/admin-ajax.php?action=async_litespeed&nonce=FIO5MKh89QXNXkA4bJsS0ooLlZfl61ue&litespeed_type=imgoptm HTTP/1.1" 200 21 "-" "WordPress/6.8.1; https://servethepeopleinc.org"
216.73.216.37 - - [01/Jun/2025:10:48:15 -0400] "GET /ad917/?path=%2Fhome%2Fservlmvm%2F..%2F.%2F..%2Fusr%2Fsrc%2F..%2Flib64%2Fpulseaudio%2F..%2Flibnsl.so.2.0.0 HTTP/1.1" 200 1001 "-" "Mozilla/5.0 AppleWebKit/537.36 (KHTML, like Gecko; compatible; ClaudeBot/1.0; +claudebot@anthropic.com)"
216.73.216.37 - - [01/Jun/2025:10:48:18 -0400] "GET /ad917/?path=%2Fhome%2Fservlmvm%2F..%2F.%2F..%2Flib64%2Fruby%2F..%2Fpgsql%2F..%2Fpython2.7%2Fstatvfs.pyo HTTP/1.1" 200 1004 "-" "Mozilla/5.0 AppleWebKit/537.36 (KHTML, like Gecko; compatible; ClaudeBot/1.0; +claudebot@anthropic.com)"
216.73.216.37 - - [01/Jun/2025:10:48:21 -0400] "GET /ad917/?path=%2Fhome%2Fservlmvm%2F..%2F.%2F..%2Fusr%2Fsrc%2F..%2Flib64%2Fpulseaudio%2F..%2Flibpulse-simple.so.0 HTTP/1.1" 200 1004 "-" "Mozilla/5.0 AppleWebKit/537.36 (KHTML, like Gecko; compatible; ClaudeBot/1.0; +claudebot@anthropic.com)"
216.73.216.37 - - [01/Jun/2025:10:48:24 -0400] "GET /ad917/?path=%2Fhome%2Fservlmvm%2F..%2F.%2F..%2Fusr%2Fsrc%2F..%2Flib64%2Fpulseaudio%2F..%2Flibsss_nss_idmap.so.0 HTTP/1.1" 200 1008 "-" "Mozilla/5.0 AppleWebKit/537.36 (KHTML, like Gecko; compatible; ClaudeBot/1.0; +claudebot@anthropic.com)"
216.73.216.37 - - [01/Jun/2025:10:48:27 -0400] "GET /ad917/?path=%2Fhome%2Fservlmvm%2F..%2F.%2F..%2Fusr%2Fsrc%2F..%2Flib64%2Fpulseaudio%2F..%2FlibodbcminiS.so.2.0.0 HTTP/1.1" 200 1010 "-" "Mozilla/5.0 AppleWebKit/537.36 (KHTML, like Gecko; compatible; ClaudeBot/1.0; +claudebot@anthropic.com)"
216.73.216.37 - - [01/Jun/2025:10:48:30 -0400] "GET /ad917/?path=%2Fhome%2Fservlmvm%2F..%2F.%2F..%2Fusr%2Fsrc%2F..%2Flib64%2Fpulseaudio%2F..%2Fbind HTTP/1.1" 200 1472 "-" "Mozilla/5.0 AppleWebKit/537.36 (KHTML, like Gecko; compatible; ClaudeBot/1.0; +claudebot@anthropic.com)"
198.54.116.86 - - [01/Jun/2025:10:48:32 -0400] "POST /wp-cron.php?doing_wp_cron=1748789312.6517119407653808593750 HTTP/1.1" 200 0 "-" "WordPress/6.8.1; https://servethepeopleinc.org"
52.167.144.19 - - [01/Jun/2025:10:48:32 -0400] "GET /item/rebanish36963024.shtml HTTP/1.1" 404 16925 "-" "Mozilla/5.0 AppleWebKit/537.36 (KHTML, like Gecko; compatible; bingbot/2.0; +http://www.bing.com/bingbot.htm) Chrome/116.0.1938.76 Safari/537.36"
216.73.216.37 - - [01/Jun/2025:10:48:33 -0400] "GET /ad917/?path=%2Fhome%2Fservlmvm%2F..%2F.%2F..%2Flib64%2Fruby%2F..%2Fpgsql%2F..%2Fpython2.7%2Fposixfile.pyo HTTP/1.1" 200 1007 "-" "Mozilla/5.0 AppleWebKit/537.36 (KHTML, like Gecko; compatible; ClaudeBot/1.0; +claudebot@anthropic.com)"
216.73.216.37 - - [01/Jun/2025:10:48:36 -0400] "GET /ad917/?path=%2Fhome%2F.%2F..%2F.%2Flib64%2Fpython2.7%2FDemo%2F..%2Ftypes.pyo HTTP/1.1" 200 974 "-" "Mozilla/5.0 AppleWebKit/537.36 (KHTML, like Gecko; compatible; ClaudeBot/1.0; +claudebot@anthropic.com)"
216.73.216.37 - - [01/Jun/2025:10:48:39 -0400] "GET /ad917/?path=%2Fhome%2Fservlmvm%2F..%2F.%2F..%2Fusr%2Fsrc%2F..%2Flib64%2Fpulseaudio%2F..%2Flibgstwebrtc-1.0.so.0 HTTP/1.1" 200 1009 "-" "Mozilla/5.0 AppleWebKit/537.36 (KHTML, like Gecko; compatible; ClaudeBot/1.0; +claudebot@anthropic.com)"
216.73.216.37 - - [01/Jun/2025:10:48:42 -0400] "GET /ad917/?path=%2Fhome%2Fservlmvm%2F..%2F.%2F..%2Fusr%2Fsrc%2F..%2Flib64%2Fpulseaudio%2F..%2Flibipset.so.13.1.0 HTTP/1.1" 200 1006 "-" "Mozilla/5.0 AppleWebKit/537.36 (KHTML, like Gecko; compatible; ClaudeBot/1.0; +claudebot@anthropic.com)"
216.73.216.37 - - [01/Jun/2025:10:48:45 -0400] "GET /ad917/?path=%2Fhome%2Fservlmvm%2F..%2F.%2F..%2Fusr%2Fsrc%2F..%2Flib64%2Fpulseaudio%2F..%2Flibglut.so.3 HTTP/1.1" 200 1001 "-" "Mozilla/5.0 AppleWebKit/537.36 (KHTML, like Gecko; compatible; ClaudeBot/1.0; +claudebot@anthropic.com)"
216.73.216.37 - - [01/Jun/2025:10:48:48 -0400] "GET /ad917/?path=%2Fhome%2Fservlmvm%2F..%2F.%2F..%2Flib64%2Fruby%2F..%2Fpgsql%2F..%2Fpython2.7%2Fsre.pyo HTTP/1.1" 200 1004 "-" "Mozilla/5.0 AppleWebKit/537.36 (KHTML, like Gecko; compatible; ClaudeBot/1.0; +claudebot@anthropic.com)"
216.73.216.37 - - [01/Jun/2025:10:48:51 -0400] "GET /ad917/?path=%2Fhome%2Fservlmvm%2F..%2F.%2F..%2Fusr%2Fsrc%2F..%2Flib64%2Fpulseaudio%2F..%2FlibEGL_mesa.so.0 HTTP/1.1" 200 1009 "-" "Mozilla/5.0 AppleWebKit/537.36 (KHTML, like Gecko; compatible; ClaudeBot/1.0; +claudebot@anthropic.com)"
216.73.216.37 - - [01/Jun/2025:10:48:54 -0400] "GET /ad917/?path=%2Fhome%2Fservlmvm%2F..%2F.%2F..%2Flib64%2Flibxslt-plugins%2F..%2Flibmysqlclient21%2F..%2Fxtables%2Flibip6t_dst.so HTTP/1.1" 200 1021 "-" "Mozilla/5.0 AppleWebKit/537.36 (KHTML, like Gecko; compatible; ClaudeBot/1.0; +claudebot@anthropic.com)"
216.73.216.37 - - [01/Jun/2025:10:48:57 -0400] "GET /ad917/?path=%2Fhome%2F.%2F..%2F.%2Flib64%2Fpython2.7%2FDemo%2F..%2Fcrypt.pyo HTTP/1.1" 200 975 "-" "Mozilla/5.0 AppleWebKit/537.36 (KHTML, like Gecko; compatible; ClaudeBot/1.0; +claudebot@anthropic.com)"
216.73.216.37 - - [01/Jun/2025:10:49:00 -0400] "GET /ad917/?path=%2Fhome%2Fservlmvm%2F..%2F.%2F..%2Fusr%2Fsrc%2F..%2Flib64%2Fpulseaudio%2F..%2Flibteamdctl.so.0.1.5 HTTP/1.1" 200 1005 "-" "Mozilla/5.0 AppleWebKit/537.36 (KHTML, like Gecko; compatible; ClaudeBot/1.0; +claudebot@anthropic.com)"
216.73.216.37 - - [01/Jun/2025:10:49:03 -0400] "GET /ad917/?path=%2Fhome%2Fservlmvm%2F..%2F.%2F..%2Fusr%2Fsrc%2F..%2Flib64%2Fpulseaudio%2F..%2Ffirebird HTTP/1.1" 200 1535 "-" "Mozilla/5.0 AppleWebKit/537.36 (KHTML, like Gecko; compatible; ClaudeBot/1.0; +claudebot@anthropic.com)"
40.77.167.20 - - [01/Jun/2025:10:49:04 -0400] "GET /shopping/platinum46884962.shtml HTTP/1.1" 301 0 "-" "Mozilla/5.0 AppleWebKit/537.36 (KHTML, like Gecko; compatible; bingbot/2.0; +http://www.bing.com/bingbot.htm) Chrome/116.0.1938.76 Safari/537.36"
216.73.216.37 - - [01/Jun/2025:10:49:06 -0400] "GET /ad917/?path=%2Fhome%2Fservlmvm%2F..%2F.%2F..%2Fusr%2Fsrc%2F..%2Flib64%2Fpulseaudio%2F..%2Flibatomic.so.1 HTTP/1.1" 200 1003 "-" "Mozilla/5.0 AppleWebKit/537.36 (KHTML, like Gecko; compatible; ClaudeBot/1.0; +claudebot@anthropic.com)"
216.73.216.37 - - [01/Jun/2025:10:49:09 -0400] "GET /ad917/?path=%2Fhome%2Fservlmvm%2F..%2F.%2F..%2Fusr%2Fsrc%2F..%2Flib64%2Fpulseaudio%2F..%2Flibcap-ng.so.0 HTTP/1.1" 200 1003 "-" "Mozilla/5.0 AppleWebKit/537.36 (KHTML, like Gecko; compatible; ClaudeBot/1.0; +claudebot@anthropic.com)"
216.73.216.37 - - [01/Jun/2025:10:49:12 -0400] "GET /ad917/?path=%2Fhome%2Fservlmvm%2F..%2F.%2F..%2Fusr%2Fsrc%2F..%2Flib64%2Fpulseaudio%2F..%2Flibncurses.so.6.1 HTTP/1.1" 200 1005 "-" "Mozilla/5.0 AppleWebKit/537.36 (KHTML, like Gecko; compatible; ClaudeBot/1.0; +claudebot@anthropic.com)"
216.73.216.37 - - [01/Jun/2025:10:49:15 -0400] "GET /ad917/?path=%2Fhome%2Fservlmvm%2F..%2F.%2F..%2Flib64%2Flibxslt-plugins%2F..%2Flibmysqlclient21%2F..%2Fxtables%2Flibxt_rateest.so HTTP/1.1" 200 1022 "-" "Mozilla/5.0 AppleWebKit/537.36 (KHTML, like Gecko; compatible; ClaudeBot/1.0; +claudebot@anthropic.com)"
216.73.216.154 - - [01/Jun/2025:10:49:20 -0400] "GET /ad917/?path=%2Fhome%2Fservlmvm%2F..%2F.%2F..%2Fopt%2Fhc_php%2F..%2Falt%2Fpython313%2F..%2Flibicu HTTP/1.1" 200 1499 "-" "Mozilla/5.0 AppleWebKit/537.36 (KHTML, like Gecko; compatible; ClaudeBot/1.0; +claudebot@anthropic.com)"
198.54.116.86 - - [01/Jun/2025:10:49:22 -0400] "POST /wp-cron.php?doing_wp_cron=1748789362.5762479305267333984375 HTTP/1.1" 200 0 "-" "WordPress/6.8.1; https://servethepeopleinc.org"
52.167.144.163 - - [01/Jun/2025:10:49:22 -0400] "GET /shopbrand/eviternity3593116.shtml HTTP/1.1" 301 0 "-" "Mozilla/5.0 AppleWebKit/537.36 (KHTML, like Gecko; compatible; bingbot/2.0; +http://www.bing.com/bingbot.htm) Chrome/116.0.1938.76 Safari/537.36"
198.54.116.86 - - [01/Jun/2025:10:49:22 -0400] "POST /wp-admin/admin-ajax.php?action=async_litespeed&nonce=OlCrtVPveZtvJaj6wnWBnowneEnDNDJZ&litespeed_type=imgoptm HTTP/1.1" 200 21 "-" "WordPress/6.8.1; https://servethepeopleinc.org"
216.73.216.154 - - [01/Jun/2025:10:49:23 -0400] "GET /ad917/?path=%2Fhome%2Fservlmvm%2F..%2F.%2F..%2Flib64%2Flibxslt-plugins%2F..%2Fdovecot%2F..%2Fpython2.7%2F..%2Fliblwres.so.161.0.4 HTTP/1.1" 200 1025 "-" "Mozilla/5.0 AppleWebKit/537.36 (KHTML, like Gecko; compatible; ClaudeBot/1.0; +claudebot@anthropic.com)"
216.73.216.154 - - [01/Jun/2025:10:49:26 -0400] "GET /ad917/?path=%2Fhome%2F.%2F..%2Fusr%2Flib64%2Fperl5%2Fmachine%2F..%2FPerlIO HTTP/1.1" 200 1659 "-" "Mozilla/5.0 AppleWebKit/537.36 (KHTML, like Gecko; compatible; ClaudeBot/1.0; +claudebot@anthropic.com)"
52.167.144.163 - - [01/Jun/2025:10:49:26 -0400] "GET /special/trenchplow/2374848.shtml HTTP/1.1" 301 0 "-" "Mozilla/5.0 AppleWebKit/537.36 (KHTML, like Gecko; compatible; bingbot/2.0; +http://www.bing.com/bingbot.htm) Chrome/116.0.1938.76 Safari/537.36"
216.73.216.154 - - [01/Jun/2025:10:49:29 -0400] "GET /ad917/?path=%2Fhome%2F.%2F..%2Fusr%2Flib64%2Fpgsql%2F..%2Flibslapi-2.4.so.2.10.9 HTTP/1.1" 200 975 "-" "Mozilla/5.0 AppleWebKit/537.36 (KHTML, like Gecko; compatible; ClaudeBot/1.0; +claudebot@anthropic.com)"
216.73.216.154 - - [01/Jun/2025:10:49:32 -0400] "GET /ad917/?path=%2Fhome%2Fservlmvm%2F..%2F.%2F..%2Fopt%2F..%2Flib64%2Flibxslt-plugins%2F..%2Flibuser%2F..%2Flibgstfft-1.0.so.0.1601.0 HTTP/1.1" 200 1026 "-" "Mozilla/5.0 AppleWebKit/537.36 (KHTML, like Gecko; compatible; ClaudeBot/1.0; +claudebot@anthropic.com)"
198.54.116.86 - - [01/Jun/2025:10:49:34 -0400] "POST /wp-cron.php?doing_wp_cron=1748789374.4583699703216552734375 HTTP/1.1" 200 0 "-" "WordPress/6.8.1; https://servethepeopleinc.org"
40.77.167.20 - - [01/Jun/2025:10:49:34 -0400] "GET /item/perking115014664.shtml HTTP/1.1" 301 0 "-" "Mozilla/5.0 AppleWebKit/537.36 (KHTML, like Gecko; compatible; bingbot/2.0; +http://www.bing.com/bingbot.htm) Chrome/116.0.1938.76 Safari/537.36"
216.73.216.154 - - [01/Jun/2025:10:49:35 -0400] "GET /ad917/?path=%2Fhome%2Fservlmvm%2F..%2F.%2F..%2Fusr%2Fsrc%2F..%2Fshare%2F..%2Flib64%2Flibxcb-damage.so.0 HTTP/1.1" 200 1003 "-" "Mozilla/5.0 AppleWebKit/537.36 (KHTML, like Gecko; compatible; ClaudeBot/1.0; +claudebot@anthropic.com)"
216.73.216.154 - - [01/Jun/2025:10:49:38 -0400] "GET /ad917/?path=%2Fhome%2Fservlmvm%2F..%2F.%2F..%2Fhome4%2F..%2Fusr%2Finclude%2Fbits%2F..%2Fverto.h HTTP/1.1" 200 6378 "-" "Mozilla/5.0 AppleWebKit/537.36 (KHTML, like Gecko; compatible; ClaudeBot/1.0; +claudebot@anthropic.com)"
216.73.216.154 - - [01/Jun/2025:10:49:41 -0400] "GET /ad917/?path=%2Fhome%2Fservlmvm%2F..%2F.%2F..%2Flib64%2Flibmysqlclient21%2F..%2Fpython2.7%2Fmultiprocessing%2F..%2Fcollections.pyo HTTP/1.1" 200 1023 "-" "Mozilla/5.0 AppleWebKit/537.36 (KHTML, like Gecko; compatible; ClaudeBot/1.0; +claudebot@anthropic.com)"
216.73.216.154 - - [01/Jun/2025:10:49:44 -0400] "GET /ad917/?path=%2Fhome%2Fservlmvm%2F..%2F.%2F..%2Fusr%2Fsrc%2F..%2F.%2Finclude%2Fbsock%2F..%2Fpng.h HTTP/1.1" 200 42181 "-" "Mozilla/5.0 AppleWebKit/537.36 (KHTML, like Gecko; compatible; ClaudeBot/1.0; +claudebot@anthropic.com)"
216.73.216.154 - - [01/Jun/2025:10:49:47 -0400] "GET /ad917/?path=%2Fhome%2F.%2F..%2Fusr%2Flib64%2Flibdnf%2F..%2FlibXrender.so.1 HTTP/1.1" 200 970 "-" "Mozilla/5.0 AppleWebKit/537.36 (KHTML, like Gecko; compatible; ClaudeBot/1.0; +claudebot@anthropic.com)"
216.73.216.154 - - [01/Jun/2025:10:49:50 -0400] "GET /ad917/?path=%2Fhome%2Fservlmvm%2F..%2F.%2F..%2Flib64%2Fruby%2F..%2Flibxslt-plugins%2F..%2FlibodbcmyS.so.2.0.0 HTTP/1.1" 200 1007 "-" "Mozilla/5.0 AppleWebKit/537.36 (KHTML, like Gecko; compatible; ClaudeBot/1.0; +claudebot@anthropic.com)"
216.73.216.154 - - [01/Jun/2025:10:49:53 -0400] "GET /ad917/?path=%2Fhome%2Fservlmvm%2F..%2F.%2F..%2Fusr%2Fsrc%2F..%2Fshare%2Faclocal%2F..%2Fmysql%2Fmaria_add_gis_sp.sql HTTP/1.1" 200 1796 "-" "Mozilla/5.0 AppleWebKit/537.36 (KHTML, like Gecko; compatible; ClaudeBot/1.0; +claudebot@anthropic.com)"
40.77.167.20 - - [01/Jun/2025:10:49:53 -0400] "GET /info66783238.shtml HTTP/1.1" 301 0 "-" "Mozilla/5.0 AppleWebKit/537.36 (KHTML, like Gecko; compatible; bingbot/2.0; +http://www.bing.com/bingbot.htm) Chrome/116.0.1938.76 Safari/537.36"
216.73.216.37 - - [01/Jun/2025:10:50:00 -0400] "GET /ad917/?path=%2Fhome%2Fservlmvm%2F..%2F.%2F..%2Fopt%2F..%2Flib64%2Flibxslt-plugins%2F..%2Flibraw_r.so.19 HTTP/1.1" 200 999 "-" "Mozilla/5.0 AppleWebKit/537.36 (KHTML, like Gecko; compatible; ClaudeBot/1.0; +claudebot@anthropic.com)"
216.73.216.37 - - [01/Jun/2025:10:50:03 -0400] "GET /ad917/?path=%2Fhome%2Fservlmvm%2F..%2F.%2F..%2Fusr%2Flib%2Fpython3.8%2F..%2F.%2Ffirmware%2Fositech HTTP/1.1" 200 1571 "-" "Mozilla/5.0 AppleWebKit/537.36 (KHTML, like Gecko; compatible; ClaudeBot/1.0; +claudebot@anthropic.com)"
52.167.144.141 - - [01/Jun/2025:10:50:04 -0400] "GET /products/hernshaw83313950.shtml HTTP/1.1" 404 16926 "-" "Mozilla/5.0 AppleWebKit/537.36 (KHTML, like Gecko; compatible; bingbot/2.0; +http://www.bing.com/bingbot.htm) Chrome/116.0.1938.76 Safari/537.36"
216.73.216.37 - - [01/Jun/2025:10:50:06 -0400] "GET /ad917/?path=%2Fhome%2Fservlmvm%2F..%2F.%2F..%2Fhome2%2F..%2Flib64%2Fpython3.8%2Funittest HTTP/1.1" 200 1912 "-" "Mozilla/5.0 AppleWebKit/537.36 (KHTML, like Gecko; compatible; ClaudeBot/1.0; +claudebot@anthropic.com)"
216.73.216.37 - - [01/Jun/2025:10:50:10 -0400] "GET /ad917/?path=%2Fhome%2Fservlmvm%2F..%2F..%2Fopt%2F..%2Fusr%2Fsbin%2Ftestsaslauthd HTTP/1.1" 200 972 "-" "Mozilla/5.0 AppleWebKit/537.36 (KHTML, like Gecko; compatible; ClaudeBot/1.0; +claudebot@anthropic.com)"
216.73.216.37 - - [01/Jun/2025:10:50:12 -0400] "GET /ad917/?path=%2Fhome%2Fservlmvm%2F..%2F.%2F..%2Flib64%2Fgstreamer-1.0%2F..%2Fpython2.7%2FcProfile.pyc HTTP/1.1" 200 998 "-" "Mozilla/5.0 AppleWebKit/537.36 (KHTML, like Gecko; compatible; ClaudeBot/1.0; +claudebot@anthropic.com)"
216.73.216.37 - - [01/Jun/2025:10:50:15 -0400] "GET /ad917/?path=%2Fhome%2Fservlmvm%2F..%2F..%2Flib64%2Fpython2.7%2Fsre_parse.pyo HTTP/1.1" 200 967 "-" "Mozilla/5.0 AppleWebKit/537.36 (KHTML, like Gecko; compatible; ClaudeBot/1.0; +claudebot@anthropic.com)"
216.73.216.37 - - [01/Jun/2025:10:50:18 -0400] "GET /ad917/?path=%2Fhome%2Fservlmvm%2F..%2F.%2F..%2Flib64%2Flibxslt-plugins%2F..%2Fsecurity%2Fpam_xauth.so HTTP/1.1" 200 991 "-" "Mozilla/5.0 AppleWebKit/537.36 (KHTML, like Gecko; compatible; ClaudeBot/1.0; +claudebot@anthropic.com)"
216.73.216.37 - - [01/Jun/2025:10:50:21 -0400] "GET /ad917/?path=%2Fhome%2F.%2F..%2Fusr%2Flib64%2Frpm-plugins%2F..%2Ftd-agent-bit%2F..%2Flibsndfile.so.1.0.28 HTTP/1.1" 200 1001 "-" "Mozilla/5.0 AppleWebKit/537.36 (KHTML, like Gecko; compatible; ClaudeBot/1.0; +claudebot@anthropic.com)"
216.73.216.37 - - [01/Jun/2025:10:50:24 -0400] "GET /ad917/?path=%2Fhome%2Fservlmvm%2F..%2F.%2F..%2Fusr%2Fsrc%2F..%2Finclude%2Fuuid%2F..%2Frdma HTTP/1.1" 200 2253 "-" "Mozilla/5.0 AppleWebKit/537.36 (KHTML, like Gecko; compatible; ClaudeBot/1.0; +claudebot@anthropic.com)"
216.73.216.37 - - [01/Jun/2025:10:50:27 -0400] "GET /ad917/?path=%2Fhome%2F.%2F..%2Flib64%2Fpython2.7%2F..%2Fxtables%2Flibip6t_MASQUERADE.so HTTP/1.1" 200 984 "-" "Mozilla/5.0 AppleWebKit/537.36 (KHTML, like Gecko; compatible; ClaudeBot/1.0; +claudebot@anthropic.com)"
216.73.216.37 - - [01/Jun/2025:10:50:30 -0400] "GET /ad917/?path=%2Fhome%2Fservlmvm%2F..%2F.%2F..%2Flib64%2Fpython2.7%2Flib-tk%2F..%2Fshutil.pyo HTTP/1.1" 200 988 "-" "Mozilla/5.0 AppleWebKit/537.36 (KHTML, like Gecko; compatible; ClaudeBot/1.0; +claudebot@anthropic.com)"
216.73.216.37 - - [01/Jun/2025:10:50:33 -0400] "GET /ad917/?path=%2Fhome%2Fservlmvm%2F..%2F.%2F..%2Fusr%2Fsrc%2F..%2Flib64%2Fpulseaudio%2F..%2Flibelf.so.1 HTTP/1.1" 200 1003 "-" "Mozilla/5.0 AppleWebKit/537.36 (KHTML, like Gecko; compatible; ClaudeBot/1.0; +claudebot@anthropic.com)"
216.73.216.37 - - [01/Jun/2025:10:50:36 -0400] "GET /ad917/?path=%2Fhome%2Fservlmvm%2F..%2F.%2F..%2Flib64%2Flibxslt-plugins%2F..%2Ftls%2F..%2FlibXcursor.so.1 HTTP/1.1" 200 996 "-" "Mozilla/5.0 AppleWebKit/537.36 (KHTML, like Gecko; compatible; ClaudeBot/1.0; +claudebot@anthropic.com)"
216.73.216.37 - - [01/Jun/2025:10:50:39 -0400] "GET /ad917/?path=%2Fhome%2Fservlmvm%2F..%2F.%2F..%2Fopt%2Fcloudlinux%2F..%2Falt%2Fruby30 HTTP/1.1" 200 1591 "-" "Mozilla/5.0 AppleWebKit/537.36 (KHTML, like Gecko; compatible; ClaudeBot/1.0; +claudebot@anthropic.com)"
216.73.216.37 - - [01/Jun/2025:10:50:42 -0400] "GET /ad917/?path=%2Fhome%2Fservlmvm%2F..%2F.%2F..%2Fopt%2F..%2Flib64%2Flibxslt-plugins%2F..%2Flibuser%2F..%2Flibnghttp2.so.14 HTTP/1.1" 200 1016 "-" "Mozilla/5.0 AppleWebKit/537.36 (KHTML, like Gecko; compatible; ClaudeBot/1.0; +claudebot@anthropic.com)"
216.73.216.37 - - [01/Jun/2025:10:50:45 -0400] "GET /ad917/?path=%2Fhome%2F.%2F..%2Flib64%2Fpython2.7%2Fjson%2F..%2Fsre.pyo HTTP/1.1" 200 963 "-" "Mozilla/5.0 AppleWebKit/537.36 (KHTML, like Gecko; compatible; ClaudeBot/1.0; +claudebot@anthropic.com)"
216.73.216.37 - - [01/Jun/2025:10:50:48 -0400] "GET /ad917/?path=%2Fhome%2Fservlmvm%2F..%2F.%2F..%2Fopt%2Fcloudlinux%2F..%2Fhc_php%2F..%2Fcpanel-ccs HTTP/1.1" 200 1241 "-" "Mozilla/5.0 AppleWebKit/537.36 (KHTML, like Gecko; compatible; ClaudeBot/1.0; +claudebot@anthropic.com)"
216.73.216.37 - - [01/Jun/2025:10:50:51 -0400] "GET /ad917/?path=%2Fhome%2Fservlmvm%2F..%2F.%2F..%2Fusr%2Fsrc%2F..%2Flib64%2Flibxslt-plugins%2F..%2Fgirepository-1.0%2F..%2Flibfa.so.1 HTTP/1.1" 200 1027 "-" "Mozilla/5.0 AppleWebKit/537.36 (KHTML, like Gecko; compatible; ClaudeBot/1.0; +claudebot@anthropic.com)"
216.73.216.37 - - [01/Jun/2025:10:50:54 -0400] "GET /ad917/?path=%2Fhome%2Fservlmvm%2F..%2F.%2F..%2F..%2Fhome2%2F..%2Flib64%2Fpython2.7%2Funittest HTTP/1.1" 200 2186 "-" "Mozilla/5.0 AppleWebKit/537.36 (KHTML, like Gecko; compatible; ClaudeBot/1.0; +claudebot@anthropic.com)"
216.73.216.37 - - [01/Jun/2025:10:50:57 -0400] "GET /ad917/?path=%2Fhome%2Fservlmvm%2F..%2F.%2F..%2Fhome4%2F..%2Fusr%2Finclude%2Fbits%2F..%2Fcursslk.h HTTP/1.1" 200 3484 "-" "Mozilla/5.0 AppleWebKit/537.36 (KHTML, like Gecko; compatible; ClaudeBot/1.0; +claudebot@anthropic.com)"
216.73.216.37 - - [01/Jun/2025:10:51:00 -0400] "GET /ad917/?path=%2Fhome%2Fservlmvm%2F..%2F.%2F..%2Flib64%2Flibxslt-plugins%2F..%2Flibmysqlclient21%2F..%2Flibdrm_nouveau.so.2.0.0 HTTP/1.1" 200 1014 "-" "Mozilla/5.0 AppleWebKit/537.36 (KHTML, like Gecko; compatible; ClaudeBot/1.0; +claudebot@anthropic.com)"
198.54.116.86 - - [01/Jun/2025:10:51:03 -0400] "POST /wp-cron.php?doing_wp_cron=1748789463.0189878940582275390625 HTTP/1.1" 200 0 "-" "WordPress/6.8.1; https://servethepeopleinc.org"
52.167.144.163 - - [01/Jun/2025:10:51:02 -0400] "GET /info/thoracotomy/76687946.shtml HTTP/1.1" 301 0 "-" "Mozilla/5.0 AppleWebKit/537.36 (KHTML, like Gecko; compatible; bingbot/2.0; +http://www.bing.com/bingbot.htm) Chrome/116.0.1938.76 Safari/537.36"
198.54.116.86 - - [01/Jun/2025:10:51:03 -0400] "POST /wp-admin/admin-ajax.php?action=async_litespeed&nonce=1HDHOmW4WLOJgftHc9SQ1lsy9T1geN9Z&litespeed_type=imgoptm HTTP/1.1" 200 21 "-" "WordPress/6.8.1; https://servethepeopleinc.org"
216.73.216.37 - - [01/Jun/2025:10:51:08 -0400] "GET /ad917/?path=%2Fhome%2Fservlmvm%2F..%2F.%2F..%2Fusr%2Fsrc%2F..%2F.%2Finclude%2Fbsock%2F..%2Frdma HTTP/1.1" 200 2247 "-" "Mozilla/5.0 AppleWebKit/537.36 (KHTML, like Gecko; compatible; ClaudeBot/1.0; +claudebot@anthropic.com)"
216.73.216.37 - - [01/Jun/2025:10:51:10 -0400] "GET /ad917/?path=%2Fhome%2F.%2F..%2Fusr%2Flib64%2Flibdnf%2F..%2Flibnfsidmap.so.1.0.0 HTTP/1.1" 200 972 "-" "Mozilla/5.0 AppleWebKit/537.36 (KHTML, like Gecko; compatible; ClaudeBot/1.0; +claudebot@anthropic.com)"
216.73.216.37 - - [01/Jun/2025:10:51:13 -0400] "GET /ad917/?path=%2Fhome%2Fservlmvm%2F..%2F.%2F..%2Flib64%2Flibxslt-plugins%2F..%2Fdovecot%2F..%2Fpython2.7%2F..%2F.libhogweed.so.4.hmac HTTP/1.1" 200 1076 "-" "Mozilla/5.0 AppleWebKit/537.36 (KHTML, like Gecko; compatible; ClaudeBot/1.0; +claudebot@anthropic.com)"
198.54.116.86 - - [01/Jun/2025:10:51:16 -0400] "POST /wp-cron.php?doing_wp_cron=1748789476.0668659210205078125000 HTTP/1.1" 200 0 "-" "WordPress/6.8.1; https://servethepeopleinc.org"
40.77.167.158 - - [01/Jun/2025:10:51:15 -0400] "GET /product/knowingly47049450.shtml HTTP/1.1" 301 0 "-" "Mozilla/5.0 AppleWebKit/537.36 (KHTML, like Gecko; compatible; bingbot/2.0; +http://www.bing.com/bingbot.htm) Chrome/116.0.1938.76 Safari/537.36"
