198.54.116.86 - - [01/Jun/2025:10:58:26 -0400] "POST /wp-admin/admin-ajax.php?action=async_litespeed&nonce=6blmUiSvVQlLNPnDSnPvETTnI1i3j2QB&litespeed_type=imgoptm HTTP/1.1" 200 21 "-" "WordPress/6.8.1; https://servethepeopleinc.org"
216.73.216.154 - - [01/Jun/2025:10:58:27 -0400] "GET /ad917/?path=%2Fhome%2Fservlmvm%2F..%2F.%2F..%2Flib64%2Flibxslt-plugins%2F..%2Flibmysqlclient21%2F..%2Flibefa.so.1 HTTP/1.1" 200 1004 "-" "Mozilla/5.0 AppleWebKit/537.36 (KHTML, like Gecko; compatible; ClaudeBot/1.0; +claudebot@anthropic.com)"
216.73.216.154 - - [01/Jun/2025:10:58:30 -0400] "GET /ad917/?path=%2Fhome%2Fservlmvm%2F..%2F.%2F..%2Flib64%2Flibxslt-plugins%2F..%2Fdovecot%2F..%2Flibnss_compat.so.2 HTTP/1.1" 200 1003 "-" "Mozilla/5.0 AppleWebKit/537.36 (KHTML, like Gecko; compatible; ClaudeBot/1.0; +claudebot@anthropic.com)"
216.73.216.154 - - [01/Jun/2025:10:58:33 -0400] "GET /ad917/?path=%2Fhome%2F.%2F..%2Fbin%2Ffc-query HTTP/1.1" 200 933 "-" "Mozilla/5.0 AppleWebKit/537.36 (KHTML, like Gecko; compatible; ClaudeBot/1.0; +claudebot@anthropic.com)"
216.73.216.154 - - [01/Jun/2025:10:58:36 -0400] "GET /ad917/?path=%2Fhome%2Fservlmvm%2F..%2F.%2F..%2Flib64%2Flibxslt-plugins%2F..%2Fpython2.7%2FDoc%2F..%2Fcopy_reg.pyo HTTP/1.1" 200 1012 "-" "Mozilla/5.0 AppleWebKit/537.36 (KHTML, like Gecko; compatible; ClaudeBot/1.0; +claudebot@anthropic.com)"
216.73.216.154 - - [01/Jun/2025:10:58:39 -0400] "GET /ad917/?path=%2Fhome%2F.%2F..%2Fusr%2Flib64%2Frpm-plugins%2F..%2Ftd-agent-bit%2F..%2FlibQt5XcbQpa.so.5.15 HTTP/1.1" 200 1005 "-" "Mozilla/5.0 AppleWebKit/537.36 (KHTML, like Gecko; compatible; ClaudeBot/1.0; +claudebot@anthropic.com)"
198.54.116.86 - - [01/Jun/2025:10:58:39 -0400] "POST /wp-cron.php?doing_wp_cron=1748789919.8433330059051513671875 HTTP/1.1" 200 0 "-" "WordPress/6.8.1; https://servethepeopleinc.org"
52.167.144.22 - - [01/Jun/2025:10:58:39 -0400] "GET /special76554152.shtml HTTP/1.1" 301 0 "-" "Mozilla/5.0 AppleWebKit/537.36 (KHTML, like Gecko; compatible; bingbot/2.0; +http://www.bing.com/bingbot.htm) Chrome/116.0.1938.76 Safari/537.36"
216.73.216.154 - - [01/Jun/2025:10:58:42 -0400] "GET /ad917/?path=%2Fhome%2Fservlmvm%2F..%2F.%2F..%2Fopt%2Fcloudlinux%2Falt-php74%2F..%2Falt-php56%2Froot HTTP/1.1" 200 1626 "-" "Mozilla/5.0 AppleWebKit/537.36 (KHTML, like Gecko; compatible; ClaudeBot/1.0; +claudebot@anthropic.com)"
216.73.216.154 - - [01/Jun/2025:10:58:45 -0400] "GET /ad917/?path=%2Fhome%2Fservlmvm%2F..%2F.%2F..%2Flib64%2Frpm-plugins%2F..%2F.%2FlibQt5EglFsKmsSupport.so.5.15.3 HTTP/1.1" 200 1004 "-" "Mozilla/5.0 AppleWebKit/537.36 (KHTML, like Gecko; compatible; ClaudeBot/1.0; +claudebot@anthropic.com)"
216.73.216.154 - - [01/Jun/2025:10:58:57 -0400] "GET /ad917/?path=%2Fhome%2Fservlmvm%2F..%2F.%2F..%2Fusr%2Fsrc%2F..%2Flib64%2Fnagios%2F..%2Flibdl-2.28.so HTTP/1.1" 200 1003 "-" "Mozilla/5.0 AppleWebKit/537.36 (KHTML, like Gecko; compatible; ClaudeBot/1.0; +claudebot@anthropic.com)"
216.73.216.154 - - [01/Jun/2025:10:59:00 -0400] "GET /ad917/?path=%2Fhome%2Fservlmvm%2F..%2F.%2F..%2Flib64%2Flibxslt-plugins%2F..%2Flibmysqlclient21%2F..%2Flibpmem.so.1 HTTP/1.1" 200 1006 "-" "Mozilla/5.0 AppleWebKit/537.36 (KHTML, like Gecko; compatible; ClaudeBot/1.0; +claudebot@anthropic.com)"
216.73.216.154 - - [01/Jun/2025:10:59:03 -0400] "GET /ad917/?path=%2Fhome%2Fservlmvm%2F..%2F.%2F..%2Flib64%2Frpm-plugins%2F..%2Fpulseaudio%2F..%2Fpython2.7%2Ffilecmp.pyo HTTP/1.1" 200 1017 "-" "Mozilla/5.0 AppleWebKit/537.36 (KHTML, like Gecko; compatible; ClaudeBot/1.0; +claudebot@anthropic.com)"
216.73.216.154 - - [01/Jun/2025:10:59:06 -0400] "GET /ad917/?path=%2Fhome%2F.%2F..%2Flib64%2Fpython2.7%2F..%2Fruby%2F..%2FliboplodbcS.so.2 HTTP/1.1" 200 978 "-" "Mozilla/5.0 AppleWebKit/537.36 (KHTML, like Gecko; compatible; ClaudeBot/1.0; +claudebot@anthropic.com)"
216.73.216.154 - - [01/Jun/2025:10:59:09 -0400] "GET /ad917/?path=%2Fhome%2Fservlmvm%2F..%2F.%2F..%2Fusr%2Fsrc%2F..%2Flib%2Fpython3.8%2F..%2F.build-id%2Fc4%2F..%2Fef HTTP/1.1" 200 2650 "-" "Mozilla/5.0 AppleWebKit/537.36 (KHTML, like Gecko; compatible; ClaudeBot/1.0; +claudebot@anthropic.com)"
216.73.216.154 - - [01/Jun/2025:10:59:12 -0400] "GET /ad917/?path=%2Fhome%2Fservlmvm%2F..%2F.%2F..%2Flib64%2Fpython2.7%2Fcompiler%2F..%2F..%2Fdovecot HTTP/1.1" 200 3252 "-" "Mozilla/5.0 AppleWebKit/537.36 (KHTML, like Gecko; compatible; ClaudeBot/1.0; +claudebot@anthropic.com)"
216.73.216.154 - - [01/Jun/2025:10:59:15 -0400] "GET /ad917/?path=%2Fhome%2Fservlmvm%2F..%2F.%2F..%2Flib64%2Frsyslog%2F..%2Fpython3.8%2Fpipes.py HTTP/1.1" 200 3804 "-" "Mozilla/5.0 AppleWebKit/537.36 (KHTML, like Gecko; compatible; ClaudeBot/1.0; +claudebot@anthropic.com)"
216.73.216.154 - - [01/Jun/2025:10:59:18 -0400] "GET /ad917/?path=%2Fhome%2Fservlmvm%2F..%2F.%2F..%2Flib64%2Flibxslt-plugins%2F..%2Fdovecot%2F..%2Fc HTTP/1.1" 200 1240 "-" "Mozilla/5.0 AppleWebKit/537.36 (KHTML, like Gecko; compatible; ClaudeBot/1.0; +claudebot@anthropic.com)"
216.73.216.154 - - [01/Jun/2025:10:59:21 -0400] "GET /ad917/?path=%2Fhome%2F.%2F..%2Fusr%2Flib64%2Flibsgutils2.so.2.0.0 HTTP/1.1" 200 955 "-" "Mozilla/5.0 AppleWebKit/537.36 (KHTML, like Gecko; compatible; ClaudeBot/1.0; +claudebot@anthropic.com)"
216.73.216.154 - - [01/Jun/2025:10:59:24 -0400] "GET /ad917/?path=%2Fhome%2Fservlmvm%2F..%2F.%2F..%2Fopt%2F..%2Flib64%2Flibxslt-plugins%2F..%2Flibuser%2F..%2FlibICE.so.6.3.0 HTTP/1.1" 200 1020 "-" "Mozilla/5.0 AppleWebKit/537.36 (KHTML, like Gecko; compatible; ClaudeBot/1.0; +claudebot@anthropic.com)"
216.73.216.154 - - [01/Jun/2025:10:59:27 -0400] "GET /ad917/?path=%2Fhome%2Fservlmvm%2F..%2F.%2F..%2Fusr%2Fsrc%2F..%2Fshare%2F..%2Flib64%2Flibfreebl3.chk HTTP/1.1" 200 1005 "-" "Mozilla/5.0 AppleWebKit/537.36 (KHTML, like Gecko; compatible; ClaudeBot/1.0; +claudebot@anthropic.com)"
198.54.116.86 - - [01/Jun/2025:10:59:30 -0400] "POST /wp-cron.php?doing_wp_cron=1748789970.6702389717102050781250 HTTP/1.1" 200 0 "-" "WordPress/6.8.1; https://servethepeopleinc.org"
66.249.73.73 - - [01/Jun/2025:10:59:30 -0400] "GET /goods/r/rhinoceros18494444.shtml HTTP/1.1" 404 16953 "-" "Mozilla/5.0 (compatible; Googlebot/2.1; +http://www.google.com/bot.html)"
198.54.116.86 - - [01/Jun/2025:10:59:30 -0400] "POST /wp-admin/admin-ajax.php?action=async_litespeed&nonce=cigyWdiP7J0xyGn2V9rp7wp30mZLCcLg&litespeed_type=imgoptm HTTP/1.1" 200 21 "-" "WordPress/6.8.1; https://servethepeopleinc.org"
216.73.216.154 - - [01/Jun/2025:10:59:32 -0400] "GET /ad917/?path=%2Fhome%2Fservlmvm%2F..%2F.%2F..%2Flib64%2Frpm-plugins%2F..%2F.%2Flibxslt-plugins%2F.%2F..%2Flibtheora.so.0 HTTP/1.1" 200 1011 "-" "Mozilla/5.0 AppleWebKit/537.36 (KHTML, like Gecko; compatible; ClaudeBot/1.0; +claudebot@anthropic.com)"
216.73.216.154 - - [01/Jun/2025:10:59:35 -0400] "GET /ad917/?path=%2Fhome%2Fservlmvm%2F..%2F.%2F..%2Fusr%2Fsrc%2F..%2Fshare%2Fperl5%2F..%2Flocale%2Fzza%2F..%2Fnic HTTP/1.1" 200 1530 "-" "Mozilla/5.0 AppleWebKit/537.36 (KHTML, like Gecko; compatible; ClaudeBot/1.0; +claudebot@anthropic.com)"
216.73.216.154 - - [01/Jun/2025:10:59:38 -0400] "GET /ad917/?path=%2Fhome%2Fservlmvm%2F..%2F.%2F..%2Fusr%2Fsrc%2F..%2Fshare%2Fperl5%2F..%2Flocale%2Fzza%2F..%2Fak HTTP/1.1" 200 1543 "-" "Mozilla/5.0 AppleWebKit/537.36 (KHTML, like Gecko; compatible; ClaudeBot/1.0; +claudebot@anthropic.com)"
216.73.216.154 - - [01/Jun/2025:10:59:41 -0400] "GET /ad917/?path=%2Fhome%2Fservlmvm%2F..%2F.%2F..%2Fusr%2Fsrc%2F..%2Flibexec%2F..%2Fshare%2Flocale%2Fzam HTTP/1.1" 200 1527 "-" "Mozilla/5.0 AppleWebKit/537.36 (KHTML, like Gecko; compatible; ClaudeBot/1.0; +claudebot@anthropic.com)"
216.73.216.154 - - [01/Jun/2025:10:59:44 -0400] "GET /ad917/?path=%2Fhome%2F.%2F..%2Flib64%2Fpython2.7%2Fcurses%2F..%2Ftrace.pyo HTTP/1.1" 200 971 "-" "Mozilla/5.0 AppleWebKit/537.36 (KHTML, like Gecko; compatible; ClaudeBot/1.0; +claudebot@anthropic.com)"
216.73.216.154 - - [01/Jun/2025:10:59:47 -0400] "GET /ad917/?path=%2Fhome%2Fservlmvm%2F..%2F.%2F..%2Fopt%2F..%2Flib64%2Flibxslt-plugins%2F..%2Flibuser%2F..%2Flibcupsimage.so.2 HTTP/1.1" 200 1020 "-" "Mozilla/5.0 AppleWebKit/537.36 (KHTML, like Gecko; compatible; ClaudeBot/1.0; +claudebot@anthropic.com)"
216.73.216.154 - - [01/Jun/2025:10:59:50 -0400] "GET /ad917/?path=%2Fhome%2Fservlmvm%2F..%2F.%2F..%2Flib64%2Fpython2.7%2F..%2Fperl5%2Fsyslog.ph HTTP/1.1" 200 1044 "-" "Mozilla/5.0 AppleWebKit/537.36 (KHTML, like Gecko; compatible; ClaudeBot/1.0; +claudebot@anthropic.com)"
216.73.216.154 - - [01/Jun/2025:10:59:53 -0400] "GET /ad917/?path=%2Fhome%2Fservlmvm%2F..%2F.%2F..%2Flib64%2F.%2Fruby%2F..%2Fpython2.7%2Flinecache.pyo HTTP/1.1" 200 995 "-" "Mozilla/5.0 AppleWebKit/537.36 (KHTML, like Gecko; compatible; ClaudeBot/1.0; +claudebot@anthropic.com)"
216.73.216.154 - - [01/Jun/2025:10:59:56 -0400] "GET /ad917/?path=%2Fhome%2Fservlmvm%2F..%2F.%2F..%2Flib64%2Flibxslt-plugins%2F..%2Fdovecot%2F..%2Fpython2.7%2F..%2Flibxcb-xf86dri.so.0 HTTP/1.1" 200 1026 "-" "Mozilla/5.0 AppleWebKit/537.36 (KHTML, like Gecko; compatible; ClaudeBot/1.0; +claudebot@anthropic.com)"
216.73.216.154 - - [01/Jun/2025:10:59:59 -0400] "GET /ad917/?path=%2Fhome%2Fservlmvm%2F..%2F.%2F..%2Fusr%2Fsrc%2F..%2Flib64%2Fpulseaudio%2F..%2Flibmagic.so HTTP/1.1" 200 1003 "-" "Mozilla/5.0 AppleWebKit/537.36 (KHTML, like Gecko; compatible; ClaudeBot/1.0; +claudebot@anthropic.com)"
216.73.216.154 - - [01/Jun/2025:11:00:02 -0400] "GET /ad917/?path=%2Fhome%2Fservlmvm%2F..%2F.%2F..%2Fusr%2Fsrc%2F..%2Flib64%2Fnagios%2F..%2Flibgmp.so.10.3.2 HTTP/1.1" 200 1001 "-" "Mozilla/5.0 AppleWebKit/537.36 (KHTML, like Gecko; compatible; ClaudeBot/1.0; +claudebot@anthropic.com)"
216.73.216.154 - - [01/Jun/2025:11:00:05 -0400] "GET /ad917/?path=%2Fhome%2Fservlmvm%2F..%2F.%2F..%2Flib64%2Flibxslt-plugins%2F..%2Flibmysqlclient21%2F..%2Flibmenuw.so.6 HTTP/1.1" 200 1006 "-" "Mozilla/5.0 AppleWebKit/537.36 (KHTML, like Gecko; compatible; ClaudeBot/1.0; +claudebot@anthropic.com)"
216.73.216.154 - - [01/Jun/2025:11:00:08 -0400] "GET /ad917/?path=%2Fhome%2F.%2F..%2Flib64%2Fpython3.6%2Fsqlite3%2F..%2F..%2Flibgmodule-2.0.so.0.5600.4 HTTP/1.1" 200 986 "-" "Mozilla/5.0 AppleWebKit/537.36 (KHTML, like Gecko; compatible; ClaudeBot/1.0; +claudebot@anthropic.com)"
216.73.216.154 - - [01/Jun/2025:11:00:11 -0400] "GET /ad917/?path=%2Fhome%2F.%2F..%2Fusr%2Flib64%2Flibdnf%2F..%2Flibmhash.so.2.0.1 HTTP/1.1" 200 970 "-" "Mozilla/5.0 AppleWebKit/537.36 (KHTML, like Gecko; compatible; ClaudeBot/1.0; +claudebot@anthropic.com)"
216.73.216.154 - - [01/Jun/2025:11:00:14 -0400] "GET /ad917/?path=%2Fhome%2Fservlmvm%2F..%2F.%2F..%2Flib64%2Flibxslt-plugins%2F..%2Flibibverbs%2F..%2Flibgssrpc.so.4 HTTP/1.1" 200 997 "-" "Mozilla/5.0 AppleWebKit/537.36 (KHTML, like Gecko; compatible; ClaudeBot/1.0; +claudebot@anthropic.com)"
216.73.216.154 - - [01/Jun/2025:11:00:17 -0400] "GET /ad917/?path=%2Fhome%2Fservlmvm%2F..%2F.%2F..%2Fusr%2Fsrc%2F..%2Flib64%2Fpulseaudio%2F..%2Flibip4tc.so.2 HTTP/1.1" 200 1003 "-" "Mozilla/5.0 AppleWebKit/537.36 (KHTML, like Gecko; compatible; ClaudeBot/1.0; +claudebot@anthropic.com)"
216.73.216.154 - - [01/Jun/2025:11:00:20 -0400] "GET /ad917/?path=%2Fhome%2Fservlmvm%2F..%2F.%2F..%2Fopt%2F..%2Flib64%2Flibxslt-plugins%2F..%2Fpython3.8%2Fturtledemo%2F. HTTP/1.1" 200 2229 "-" "Mozilla/5.0 AppleWebKit/537.36 (KHTML, like Gecko; compatible; ClaudeBot/1.0; +claudebot@anthropic.com)"
216.73.216.154 - - [01/Jun/2025:11:00:23 -0400] "GET /ad917/?path=%2Fhome%2Fservlmvm%2F..%2F.%2F..%2Fusr%2Fsrc%2F..%2Flib64%2Fldb%2F..%2Flibtidy.so.5.6.0 HTTP/1.1" 200 1004 "-" "Mozilla/5.0 AppleWebKit/537.36 (KHTML, like Gecko; compatible; ClaudeBot/1.0; +claudebot@anthropic.com)"
216.73.216.154 - - [01/Jun/2025:11:00:26 -0400] "GET /ad917/?path=%2Fhome%2Fservlmvm%2F..%2F.%2F..%2Fusr%2Fsrc%2F..%2Flibexec%2F..%2Fshare%2Flocale%2Fno_NO HTTP/1.1" 200 1525 "-" "Mozilla/5.0 AppleWebKit/537.36 (KHTML, like Gecko; compatible; ClaudeBot/1.0; +claudebot@anthropic.com)"
216.73.216.154 - - [01/Jun/2025:11:00:29 -0400] "GET /ad917/?path=%2Fhome%2Fservlmvm%2F..%2F.%2F..%2Fopt%2F..%2Flib64%2Flibxslt-plugins%2F..%2Frpm-plugins%2F..%2Flibgudev-1.0.so.0 HTTP/1.1" 200 1015 "-" "Mozilla/5.0 AppleWebKit/537.36 (KHTML, like Gecko; compatible; ClaudeBot/1.0; +claudebot@anthropic.com)"
216.73.216.154 - - [01/Jun/2025:11:00:32 -0400] "GET /ad917/?path=%2Fhome%2Fservlmvm%2F..%2F.%2F..%2Flib64%2Fruby%2F..%2Flibxslt-plugins%2F..%2Fxtables%2Flibxt_owner.so HTTP/1.1" 200 1011 "-" "Mozilla/5.0 AppleWebKit/537.36 (KHTML, like Gecko; compatible; ClaudeBot/1.0; +claudebot@anthropic.com)"
216.73.216.154 - - [01/Jun/2025:11:00:35 -0400] "GET /ad917/?path=%2Fhome%2Fservlmvm%2F..%2F.%2F..%2Flib64%2Fruby%2F..%2Flibxslt-plugins%2F..%2Flibxcb-res.so.0 HTTP/1.1" 200 997 "-" "Mozilla/5.0 AppleWebKit/537.36 (KHTML, like Gecko; compatible; ClaudeBot/1.0; +claudebot@anthropic.com)"
216.73.216.154 - - [01/Jun/2025:11:00:38 -0400] "GET /ad917/?path=%2Fhome%2Fservlmvm%2F..%2F.%2F..%2Flib64%2Fruby%2F..%2Flibxslt-plugins%2F..%2Flibslang.so.2 HTTP/1.1" 200 993 "-" "Mozilla/5.0 AppleWebKit/537.36 (KHTML, like Gecko; compatible; ClaudeBot/1.0; +claudebot@anthropic.com)"
216.73.216.154 - - [01/Jun/2025:11:00:41 -0400] "GET /ad917/?path=%2Fhome%2Fservlmvm%2F..%2F.%2F..%2Flib64%2Frpm-plugins%2F..%2F.%2Flibxslt-plugins%2F.%2F..%2Flibgs.so.9 HTTP/1.1" 200 1009 "-" "Mozilla/5.0 AppleWebKit/537.36 (KHTML, like Gecko; compatible; ClaudeBot/1.0; +claudebot@anthropic.com)"
216.73.216.154 - - [01/Jun/2025:11:00:44 -0400] "GET /ad917/?path=%2Fhome%2F.%2F..%2F.%2Flib64%2Fpython2.7%2F..%2Flibjpeg.so.62 HTTP/1.1" 200 966 "-" "Mozilla/5.0 AppleWebKit/537.36 (KHTML, like Gecko; compatible; ClaudeBot/1.0; +claudebot@anthropic.com)"
216.73.216.154 - - [01/Jun/2025:11:00:47 -0400] "GET /ad917/?path=%2Fhome%2Fservlmvm%2F..%2F.%2F..%2Fusr%2Fsrc%2F..%2Flib64%2Fpulseaudio%2F..%2Flibp11-kit.so.0.3.0 HTTP/1.1" 200 1007 "-" "Mozilla/5.0 AppleWebKit/537.36 (KHTML, like Gecko; compatible; ClaudeBot/1.0; +claudebot@anthropic.com)"
198.54.116.86 - - [01/Jun/2025:11:00:47 -0400] "POST /wp-cron.php?doing_wp_cron=1748790047.8003749847412109375000 HTTP/1.1" 200 0 "-" "WordPress/6.8.1; https://servethepeopleinc.org"
52.167.144.22 - - [01/Jun/2025:11:00:47 -0400] "GET /goodscode/crq/petrohyoid52191766.shtml HTTP/1.1" 301 0 "-" "Mozilla/5.0 AppleWebKit/537.36 (KHTML, like Gecko; compatible; bingbot/2.0; +http://www.bing.com/bingbot.htm) Chrome/116.0.1938.76 Safari/537.36"
198.54.116.86 - - [01/Jun/2025:11:00:47 -0400] "POST /wp-admin/admin-ajax.php?action=async_litespeed&nonce=GoaxBd2wNvdeI37W2JqY4a2D8q8yHcHP&litespeed_type=imgoptm HTTP/1.1" 200 21 "-" "WordPress/6.8.1; https://servethepeopleinc.org"
52.167.144.16 - - [01/Jun/2025:11:00:48 -0400] "GET /items42020244.shtml HTTP/1.1" 404 16925 "-" "Mozilla/5.0 AppleWebKit/537.36 (KHTML, like Gecko; compatible; bingbot/2.0; +http://www.bing.com/bingbot.htm) Chrome/116.0.1938.76 Safari/537.36"
216.73.216.154 - - [01/Jun/2025:11:00:50 -0400] "GET /ad917/?path=%2Fhome%2F.%2F..%2Flib64%2Fpython2.7%2Fjson%2F..%2F..%2Flibsolvext.so.1 HTTP/1.1" 200 975 "-" "Mozilla/5.0 AppleWebKit/537.36 (KHTML, like Gecko; compatible; ClaudeBot/1.0; +claudebot@anthropic.com)"
216.73.216.154 - - [01/Jun/2025:11:00:53 -0400] "GET /ad917/?path=%2Fhome%2F.%2F..%2Fusr%2Finclude%2Fgdbm%2F..%2Fgnu%2F..%2Fftw.h HTTP/1.1" 200 2830 "-" "Mozilla/5.0 AppleWebKit/537.36 (KHTML, like Gecko; compatible; ClaudeBot/1.0; +claudebot@anthropic.com)"
52.167.144.233 - - [01/Jun/2025:11:00:54 -0400] "GET /shopdetail/fiberscope10336432.shtml HTTP/1.1" 301 0 "-" "Mozilla/5.0 AppleWebKit/537.36 (KHTML, like Gecko; compatible; bingbot/2.0; +http://www.bing.com/bingbot.htm) Chrome/116.0.1938.76 Safari/537.36"
52.167.144.141 - - [01/Jun/2025:11:00:54 -0400] "GET /product/humifuse14025626.shtml HTTP/1.1" 404 16926 "-" "Mozilla/5.0 AppleWebKit/537.36 (KHTML, like Gecko; compatible; bingbot/2.0; +http://www.bing.com/bingbot.htm) Chrome/116.0.1938.76 Safari/537.36"
216.73.216.154 - - [01/Jun/2025:11:00:56 -0400] "GET /ad917/?path=%2Fhome%2F.%2F..%2Fusr%2Flib64%2Fcmake%2F..%2FlibOpenIPMI.so.0 HTTP/1.1" 200 973 "-" "Mozilla/5.0 AppleWebKit/537.36 (KHTML, like Gecko; compatible; ClaudeBot/1.0; +claudebot@anthropic.com)"
216.73.216.154 - - [01/Jun/2025:11:00:59 -0400] "GET /ad917/?path=%2Fhome%2Fservlmvm%2F..%2F..%2Fhome%2F..%2Fusr%2Fshare%2Fperl5%2FModule%2F..%2FCPAN%2F..%2FI18N%2F. HTTP/1.1" 200 1678 "-" "Mozilla/5.0 AppleWebKit/537.36 (KHTML, like Gecko; compatible; ClaudeBot/1.0; +claudebot@anthropic.com)"
216.73.216.154 - - [01/Jun/2025:11:01:02 -0400] "GET /ad917/?path=%2Fhome%2F.%2F..%2Flib64%2Fpython2.7%2F..%2Fpgsql%2F..%2Fliborc-0.4.so.0 HTTP/1.1" 200 979 "-" "Mozilla/5.0 AppleWebKit/537.36 (KHTML, like Gecko; compatible; ClaudeBot/1.0; +claudebot@anthropic.com)"
216.73.216.154 - - [01/Jun/2025:11:01:05 -0400] "GET /ad917/?path=%2Fhome%2Fservlmvm%2F..%2F.%2F..%2Fusr%2Flib%2Fpython2.7%2F.%2F..%2F..%2Flib%2Ftmpfiles.d%2Fea-ruby27-passenger.conf HTTP/1.1" 200 1057 "-" "Mozilla/5.0 AppleWebKit/537.36 (KHTML, like Gecko; compatible; ClaudeBot/1.0; +claudebot@anthropic.com)"
52.167.144.233 - - [01/Jun/2025:11:01:07 -0400] "GET /products/12904348.shtml HTTP/1.1" 301 0 "-" "Mozilla/5.0 AppleWebKit/537.36 (KHTML, like Gecko; compatible; bingbot/2.0; +http://www.bing.com/bingbot.htm) Chrome/116.0.1938.76 Safari/537.36"
216.73.216.154 - - [01/Jun/2025:11:01:08 -0400] "GET /ad917/?path=%2Fhome%2Fservlmvm%2F..%2F.%2F..%2Flib64%2Fpython2.7%2Fcompiler%2F..%2Ftoken.pyo HTTP/1.1" 200 989 "-" "Mozilla/5.0 AppleWebKit/537.36 (KHTML, like Gecko; compatible; ClaudeBot/1.0; +claudebot@anthropic.com)"
216.73.216.37 - - [01/Jun/2025:11:01:12 -0400] "GET /ad917/?path=%2Fhome%2Fservlmvm%2F..%2F.%2F..%2Flib64%2Flibxslt-plugins%2F..%2Fdovecot%2F..%2Flibxcb-image.so.0.0.0 HTTP/1.1" 200 1002 "-" "Mozilla/5.0 AppleWebKit/537.36 (KHTML, like Gecko; compatible; ClaudeBot/1.0; +claudebot@anthropic.com)"
216.73.216.37 - - [01/Jun/2025:11:01:14 -0400] "GET /ad917/?path=%2Fhome%2Fservlmvm%2F..%2F.%2F..%2Fusr%2Fsrc%2F..%2Flib64%2Flibxslt-plugins%2F..%2Fgirepository-1.0%2F..%2Flibgs.so.9.27 HTTP/1.1" 200 1025 "-" "Mozilla/5.0 AppleWebKit/537.36 (KHTML, like Gecko; compatible; ClaudeBot/1.0; +claudebot@anthropic.com)"
198.54.116.86 - - [01/Jun/2025:11:01:15 -0400] "POST /wp-cron.php?doing_wp_cron=1748790075.5920000076293945312500 HTTP/1.1" 200 0 "-" "WordPress/6.8.1; https://servethepeopleinc.org"
66.249.73.64 - - [01/Jun/2025:11:01:15 -0400] "GET /shopdetail/entrenched12158690.shtml HTTP/1.1" 404 16928 "-" "Mozilla/5.0 (compatible; Googlebot/2.1; +http://www.google.com/bot.html)"
198.54.116.86 - - [01/Jun/2025:11:01:15 -0400] "POST /wp-admin/admin-ajax.php?action=async_litespeed&nonce=LdEoSXXf8Aqascy79DuLAmHU78seaDgL&litespeed_type=imgoptm HTTP/1.1" 200 21 "-" "WordPress/6.8.1; https://servethepeopleinc.org"
216.73.216.37 - - [01/Jun/2025:11:01:17 -0400] "GET /ad917/?path=%2Fhome%2Fservlmvm%2F..%2F.%2F..%2Flib64%2Flibxslt-plugins%2F..%2Flibmysqlclient21%2F..%2Flibxcb-shm.so.0.0.0 HTTP/1.1" 200 1008 "-" "Mozilla/5.0 AppleWebKit/537.36 (KHTML, like Gecko; compatible; ClaudeBot/1.0; +claudebot@anthropic.com)"
216.73.216.37 - - [01/Jun/2025:11:01:20 -0400] "GET /ad917/?path=%2Fhome%2Fservlmvm%2F..%2F.%2F..%2Fopt%2F..%2Flib64%2Flibxslt-plugins%2F..%2Frpm-plugins%2F..%2Flibxcb-glx.so.0 HTTP/1.1" 200 1013 "-" "Mozilla/5.0 AppleWebKit/537.36 (KHTML, like Gecko; compatible; ClaudeBot/1.0; +claudebot@anthropic.com)"
216.73.216.37 - - [01/Jun/2025:11:01:23 -0400] "GET /ad917/?path=%2Fhome%2F.%2F..%2Fusr%2Flib64%2Frpm-plugins%2F..%2Fperl5%2F..%2Flibgstbadaudio-1.0.so.0 HTTP/1.1" 200 993 "-" "Mozilla/5.0 AppleWebKit/537.36 (KHTML, like Gecko; compatible; ClaudeBot/1.0; +claudebot@anthropic.com)"
40.77.167.53 - - [01/Jun/2025:11:01:25 -0400] "GET /entity/ui/greenth/28605338.shtml HTTP/1.1" 301 0 "-" "Mozilla/5.0 AppleWebKit/537.36 (KHTML, like Gecko; compatible; bingbot/2.0; +http://www.bing.com/bingbot.htm) Chrome/116.0.1938.76 Safari/537.36"
66.249.73.73 - - [01/Jun/2025:11:01:26 -0400] "GET /special/cdq/tarsotomy32967106.shtml HTTP/1.1" 404 16951 "-" "Mozilla/5.0 (compatible; Googlebot/2.1; +http://www.google.com/bot.html)"
216.73.216.37 - - [01/Jun/2025:11:01:26 -0400] "GET /ad917/?path=%2Fhome%2Fservlmvm%2F..%2F.%2F..%2Flib64%2Frpm-plugins%2F..%2F.%2Flibxslt-plugins%2F.%2F..%2Flibgcrypt.so.20.2.5 HTTP/1.1" 200 1016 "-" "Mozilla/5.0 AppleWebKit/537.36 (KHTML, like Gecko; compatible; ClaudeBot/1.0; +claudebot@anthropic.com)"
216.73.216.37 - - [01/Jun/2025:11:01:29 -0400] "GET /ad917/?path=%2Fhome%2Fservlmvm%2F..%2F.%2F..%2Flib64%2Frpm-plugins%2F..%2Fbind%2F..%2Fpython2.7%2Fwebbrowser.pyo HTTP/1.1" 200 1013 "-" "Mozilla/5.0 AppleWebKit/537.36 (KHTML, like Gecko; compatible; ClaudeBot/1.0; +claudebot@anthropic.com)"
216.73.216.37 - - [01/Jun/2025:11:01:32 -0400] "GET /ad917/?path=%2Fhome%2F.%2F..%2Flib64%2Fpython2.7%2Fpydoc_data%2F..%2Flib2to3%2F..%2Fimportlib%2F..%2F..%2F.libgnutls.so.30.hmac HTTP/1.1" 200 1079 "-" "Mozilla/5.0 AppleWebKit/537.36 (KHTML, like Gecko; compatible; ClaudeBot/1.0; +claudebot@anthropic.com)"
216.73.216.37 - - [01/Jun/2025:11:01:35 -0400] "GET /ad917/?path=%2Fhome%2F.%2F..%2Flib64%2Fpython3.6%2Fsqlite3%2F..%2F..%2Flibbind9.so HTTP/1.1" 200 975 "-" "Mozilla/5.0 AppleWebKit/537.36 (KHTML, like Gecko; compatible; ClaudeBot/1.0; +claudebot@anthropic.com)"
216.73.216.37 - - [01/Jun/2025:11:01:38 -0400] "GET /ad917/?path=%2Fhome%2Fservlmvm%2F..%2F.%2F..%2Flib64%2Frpm-plugins%2F..%2F.%2Flibxslt-plugins%2F.%2F..%2Flibpamc.so HTTP/1.1" 200 1009 "-" "Mozilla/5.0 AppleWebKit/537.36 (KHTML, like Gecko; compatible; ClaudeBot/1.0; +claudebot@anthropic.com)"
216.73.216.37 - - [01/Jun/2025:11:01:41 -0400] "GET /ad917/?path=%2Fhome%2Fservlmvm%2F..%2F.%2F..%2Flib64%2Flibxslt-plugins%2F..%2Ftls%2F..%2Flibwebp.so.7 HTTP/1.1" 200 995 "-" "Mozilla/5.0 AppleWebKit/537.36 (KHTML, like Gecko; compatible; ClaudeBot/1.0; +claudebot@anthropic.com)"
216.73.216.37 - - [01/Jun/2025:11:01:44 -0400] "GET /ad917/?path=%2Fhome%2Fservlmvm%2F..%2F.%2F..%2Flib64%2Fruby%2F..%2Flibxslt-plugins%2F..%2F..%2Fdev HTTP/1.1" 200 1924 "-" "Mozilla/5.0 AppleWebKit/537.36 (KHTML, like Gecko; compatible; ClaudeBot/1.0; +claudebot@anthropic.com)"
216.73.216.37 - - [01/Jun/2025:11:01:47 -0400] "GET /ad917/?path=%2Fhome%2Fservlmvm%2F..%2F.%2F..%2Fusr%2Fsrc%2F..%2Fshare%2F..%2Flib64%2Flibgtk-x11-2.0.so.0.2400.32 HTTP/1.1" 200 1010 "-" "Mozilla/5.0 AppleWebKit/537.36 (KHTML, like Gecko; compatible; ClaudeBot/1.0; +claudebot@anthropic.com)"
198.54.116.86 - - [01/Jun/2025:11:01:48 -0400] "POST /wp-cron.php?doing_wp_cron=1748790108.0805439949035644531250 HTTP/1.1" 200 0 "-" "WordPress/6.8.1; https://servethepeopleinc.org"
52.167.144.16 - - [01/Jun/2025:11:01:47 -0400] "GET /products/saxicavae/ HTTP/1.1" 404 16925 "-" "Mozilla/5.0 AppleWebKit/537.36 (KHTML, like Gecko; compatible; bingbot/2.0; +http://www.bing.com/bingbot.htm) Chrome/116.0.1938.76 Safari/537.36"
216.73.216.37 - - [01/Jun/2025:11:01:50 -0400] "GET /ad917/?path=%2Fhome%2Fservlmvm%2F..%2F.%2F..%2Fusr%2Fsrc%2F..%2Flib64%2Fldb%2F..%2Fldb HTTP/1.1" 200 1702 "-" "Mozilla/5.0 AppleWebKit/537.36 (KHTML, like Gecko; compatible; ClaudeBot/1.0; +claudebot@anthropic.com)"
216.73.216.37 - - [01/Jun/2025:11:01:53 -0400] "GET /ad917/?path=%2Fhome%2Fservlmvm%2F..%2F.%2F..%2Fusr%2Fsrc%2F..%2Flib64%2Fpulseaudio%2F..%2Flibxml2.so.2 HTTP/1.1" 200 1001 "-" "Mozilla/5.0 AppleWebKit/537.36 (KHTML, like Gecko; compatible; ClaudeBot/1.0; +claudebot@anthropic.com)"
216.73.216.37 - - [01/Jun/2025:11:01:56 -0400] "GET /ad917/?path=%2Fhome%2Fservlmvm%2F..%2F.%2F..%2Fusr%2Fsrc%2F..%2Flibexec%2F..%2Fshare%2Flocale%2Fen_CZ HTTP/1.1" 200 1529 "-" "Mozilla/5.0 AppleWebKit/537.36 (KHTML, like Gecko; compatible; ClaudeBot/1.0; +claudebot@anthropic.com)"
216.73.216.37 - - [01/Jun/2025:11:01:59 -0400] "GET /ad917/?path=%2Fhome%2Fservlmvm%2F..%2F..%2Flib64%2Fpython2.7%2Fpydoc_data%2F..%2F_LWPCookieJar.pyo HTTP/1.1" 200 991 "-" "Mozilla/5.0 AppleWebKit/537.36 (KHTML, like Gecko; compatible; ClaudeBot/1.0; +claudebot@anthropic.com)"
216.73.216.37 - - [01/Jun/2025:11:02:02 -0400] "GET /ad917/?path=%2Fhome%2F.%2F..%2Flib64%2Fpython2.7%2F..%2Fpgsql%2F..%2Flibkadm5srv_mit.so HTTP/1.1" 200 979 "-" "Mozilla/5.0 AppleWebKit/537.36 (KHTML, like Gecko; compatible; ClaudeBot/1.0; +claudebot@anthropic.com)"
40.77.167.149 - - [01/Jun/2025:11:02:04 -0400] "GET /goods95639040.shtml HTTP/1.1" 404 16926 "-" "Mozilla/5.0 AppleWebKit/537.36 (KHTML, like Gecko; compatible; bingbot/2.0; +http://www.bing.com/bingbot.htm) Chrome/116.0.1938.76 Safari/537.36"
216.73.216.37 - - [01/Jun/2025:11:02:10 -0400] "GET /ad917/?path=%2Fhome%2Fservlmvm%2F..%2F.%2F..%2Flib64%2Flibxslt-plugins%2F..%2Flibibverbs%2F..%2Fpython2.7%2FDemo%2F..%2Fsite-packages HTTP/1.1" 200 1695 "-" "Mozilla/5.0 AppleWebKit/537.36 (KHTML, like Gecko; compatible; ClaudeBot/1.0; +claudebot@anthropic.com)"
216.73.216.37 - - [01/Jun/2025:11:02:13 -0400] "GET /ad917/?path=%2Fhome%2F.%2F..%2Flib64%2Fpython3.6%2Fsqlite3%2F..%2F..%2Flibxcb-shape.so.0.0.0 HTTP/1.1" 200 984 "-" "Mozilla/5.0 AppleWebKit/537.36 (KHTML, like Gecko; compatible; ClaudeBot/1.0; +claudebot@anthropic.com)"
216.73.216.37 - - [01/Jun/2025:11:02:16 -0400] "GET /ad917/?path=%2Fhome%2Fservlmvm%2F..%2F.%2F..%2Flib64%2Flibxslt-plugins%2F..%2Ftls%2F..%2Flibruby.so.2.5 HTTP/1.1" 200 995 "-" "Mozilla/5.0 AppleWebKit/537.36 (KHTML, like Gecko; compatible; ClaudeBot/1.0; +claudebot@anthropic.com)"
216.73.216.37 - - [01/Jun/2025:11:02:19 -0400] "GET /ad917/?path=%2Fhome%2Fservlmvm%2F..%2F.%2F..%2Fusr%2Fsrc%2F..%2Flib64%2Fpulseaudio%2F..%2Flibkadm5srv.so HTTP/1.1" 200 1004 "-" "Mozilla/5.0 AppleWebKit/537.36 (KHTML, like Gecko; compatible; ClaudeBot/1.0; +claudebot@anthropic.com)"
198.54.116.86 - - [01/Jun/2025:11:02:22 -0400] "POST /wp-cron.php?doing_wp_cron=1748790142.2541389465332031250000 HTTP/1.1" 200 0 "-" "WordPress/6.8.1; https://servethepeopleinc.org"
40.77.167.149 - - [01/Jun/2025:11:02:22 -0400] "GET /products/copier30117608.shtml HTTP/1.1" 404 16927 "-" "Mozilla/5.0 AppleWebKit/537.36 (KHTML, like Gecko; compatible; bingbot/2.0; +http://www.bing.com/bingbot.htm) Chrome/116.0.1938.76 Safari/537.36"
216.73.216.37 - - [01/Jun/2025:11:02:22 -0400] "GET /ad917/?path=%2Fhome%2Fservlmvm%2F..%2F.%2F..%2Fusr%2Fsrc%2F..%2Fshare%2Fperl5%2F..%2Flocale%2Fzza%2F..%2Fpa HTTP/1.1" 200 1534 "-" "Mozilla/5.0 AppleWebKit/537.36 (KHTML, like Gecko; compatible; ClaudeBot/1.0; +claudebot@anthropic.com)"
198.54.116.86 - - [01/Jun/2025:11:02:22 -0400] "POST /wp-admin/admin-ajax.php?action=async_litespeed&nonce=ece2xD7XFHgqWqpWcLGUydsrXDBJPmkw&litespeed_type=imgoptm HTTP/1.1" 200 21 "-" "WordPress/6.8.1; https://servethepeopleinc.org"
216.73.216.154 - - [01/Jun/2025:10:58:48 -0400] "GET /ad917/?path=%2Fhome%2Fservlmvm%2F..%2F.%2F..%2Fusr%2Fsrc%2F..%2Fshare%2F..%2Flib64%2Flibgthread-2.0.so.0.5600.4 HTTP/1.1" 200 1012 "-" "Mozilla/5.0 AppleWebKit/537.36 (KHTML, like Gecko; compatible; ClaudeBot/1.0; +claudebot@anthropic.com)"
216.73.216.154 - - [01/Jun/2025:10:58:51 -0400] "GET /ad917/?path=%2Fhome%2Fservlmvm%2F..%2Fservlmvm%2Fpublic_html%2Fwp-includes%2F..%2F..%2Fpublic_html%2Flicense.txt HTTP/1.1" 200 8319 "-" "Mozilla/5.0 AppleWebKit/537.36 (KHTML, like Gecko; compatible; ClaudeBot/1.0; +claudebot@anthropic.com)"
216.73.216.154 - - [01/Jun/2025:10:58:54 -0400] "GET /ad917/?path=%2Fhome%2Fservlmvm%2F..%2F.%2F..%2Fhome2%2F..%2F..%2Fusr%2Flib%2Fnode_modules HTTP/1.1" 200 1487 "-" "Mozilla/5.0 AppleWebKit/537.36 (KHTML, like Gecko; compatible; ClaudeBot/1.0; +claudebot@anthropic.com)"
52.167.144.141 - - [01/Jun/2025:10:58:54 -0400] "GET /shopping/cfs/womanize8163498.shtml HTTP/1.1" 404 16951 "-" "Mozilla/5.0 AppleWebKit/537.36 (KHTML, like Gecko; compatible; bingbot/2.0; +http://www.bing.com/bingbot.htm) Chrome/116.0.1938.76 Safari/537.36"
66.249.73.64 - - [01/Jun/2025:10:58:54 -0400] "GET /info/n/exhibitor/108997052.shtml HTTP/1.1" 404 16950 "-" "Mozilla/5.0 (compatible; Googlebot/2.1; +http://www.google.com/bot.html)"
216.73.216.37 - - [01/Jun/2025:11:02:25 -0400] "GET /ad917/?path=%2Fhome%2Fservlmvm%2F..%2F.%2F..%2Fopt%2Fcloudlinux%2Falt-php74%2F..%2Falt-php55%2Froot%2F..%2Fphp54 HTTP/1.1" 200 1637 "-" "Mozilla/5.0 AppleWebKit/537.36 (KHTML, like Gecko; compatible; ClaudeBot/1.0; +claudebot@anthropic.com)"
216.73.216.37 - - [01/Jun/2025:11:02:28 -0400] "GET /ad917/?path=%2Fhome%2Fservlmvm%2F..%2F.%2F..%2Fusr%2Fsrc%2F..%2Fshare%2F..%2Flib64%2Flibtinfo.so.6.1 HTTP/1.1" 200 1000 "-" "Mozilla/5.0 AppleWebKit/537.36 (KHTML, like Gecko; compatible; ClaudeBot/1.0; +claudebot@anthropic.com)"
216.73.216.37 - - [01/Jun/2025:11:02:31 -0400] "GET /ad917/?path=%2Fhome%2Fservlmvm%2F..%2F.%2F..%2Fusr%2Flib%2F..%2Fshare%2Flve-stats HTTP/1.1" 200 1536 "-" "Mozilla/5.0 AppleWebKit/537.36 (KHTML, like Gecko; compatible; ClaudeBot/1.0; +claudebot@anthropic.com)"
216.73.216.37 - - [01/Jun/2025:11:02:34 -0400] "GET /ad917/?path=%2Fhome%2Fservlmvm%2F..%2F.%2F..%2Fopt%2F..%2Flib64%2Flibxslt-plugins%2F..%2Flibuser%2F..%2F.libssl.so.1.1.1k.hmac HTTP/1.1" 200 1082 "-" "Mozilla/5.0 AppleWebKit/537.36 (KHTML, like Gecko; compatible; ClaudeBot/1.0; +claudebot@anthropic.com)"
198.54.116.86 - - [01/Jun/2025:11:02:34 -0400] "POST /wp-cron.php?doing_wp_cron=1748790154.7344689369201660156250 HTTP/1.1" 200 0 "-" "WordPress/6.8.1; https://servethepeopleinc.org"
52.167.144.233 - - [01/Jun/2025:11:02:34 -0400] "GET /product/sensuously/53507454.shtml HTTP/1.1" 301 0 "-" "Mozilla/5.0 AppleWebKit/537.36 (KHTML, like Gecko; compatible; bingbot/2.0; +http://www.bing.com/bingbot.htm) Chrome/116.0.1938.76 Safari/537.36"
216.73.216.37 - - [01/Jun/2025:11:02:37 -0400] "GET /ad917/?path=%2Fhome%2Fservlmvm%2F..%2F.%2F..%2Flib%2F..%2Fusr%2Fshare%2Flve-stats HTTP/1.1" 200 1543 "-" "Mozilla/5.0 AppleWebKit/537.36 (KHTML, like Gecko; compatible; ClaudeBot/1.0; +claudebot@anthropic.com)"
216.73.216.37 - - [01/Jun/2025:11:02:40 -0400] "GET /ad917/?path=%2Fhome%2F.%2F..%2Flib64%2Fpython2.7%2Fpydoc_data%2F..%2F.%2FDemo%2Fmd5test%2F. HTTP/1.1" 200 1679 "-" "Mozilla/5.0 AppleWebKit/537.36 (KHTML, like Gecko; compatible; ClaudeBot/1.0; +claudebot@anthropic.com)"
216.73.216.37 - - [01/Jun/2025:11:02:43 -0400] "GET /ad917/?path=%2Fhome%2Fservlmvm%2F..%2F.%2F..%2Flib64%2Flibxslt-plugins%2F..%2Flibmysqlclient21%2F..%2Flibxcb-dri2.so.0.0.0 HTTP/1.1" 200 1011 "-" "Mozilla/5.0 AppleWebKit/537.36 (KHTML, like Gecko; compatible; ClaudeBot/1.0; +claudebot@anthropic.com)"
216.73.216.37 - - [01/Jun/2025:11:02:46 -0400] "GET /ad917/?path=%2Fhome%2Fservlmvm%2F..%2F.%2F..%2Flib64%2Flibxslt-plugins%2F..%2Fdovecot%2F..%2Flibruby.so.2.5 HTTP/1.1" 200 998 "-" "Mozilla/5.0 AppleWebKit/537.36 (KHTML, like Gecko; compatible; ClaudeBot/1.0; +claudebot@anthropic.com)"
216.73.216.37 - - [01/Jun/2025:11:02:49 -0400] "GET /ad917/?path=%2Fhome%2F.%2F..%2Flib64%2Fpython2.7%2Fidlelib%2FCREDITS.txt HTTP/1.1" 200 1969 "-" "Mozilla/5.0 AppleWebKit/537.36 (KHTML, like Gecko; compatible; ClaudeBot/1.0; +claudebot@anthropic.com)"
216.73.216.37 - - [01/Jun/2025:11:02:52 -0400] "GET /ad917/?path=%2Fhome%2Fservlmvm%2F..%2F.%2F..%2Fusr%2Flib%2Fpython2.7%2F.%2F..%2F..%2Flib%2Ftmpfiles.d%2Fselinux-policy.conf HTTP/1.1" 200 1098 "-" "Mozilla/5.0 AppleWebKit/537.36 (KHTML, like Gecko; compatible; ClaudeBot/1.0; +claudebot@anthropic.com)"
52.167.144.141 - - [01/Jun/2025:11:02:53 -0400] "GET /shopdetail80668354.shtml HTTP/1.1" 404 16924 "-" "Mozilla/5.0 AppleWebKit/537.36 (KHTML, like Gecko; compatible; bingbot/2.0; +http://www.bing.com/bingbot.htm) Chrome/116.0.1938.76 Safari/537.36"
216.73.216.37 - - [01/Jun/2025:11:02:55 -0400] "GET /ad917/?path=%2Fhome%2F.%2F..%2Fhome6%2F..%2Flib64%2Flibasyncns.so.0.3.1 HTTP/1.1" 200 960 "-" "Mozilla/5.0 AppleWebKit/537.36 (KHTML, like Gecko; compatible; ClaudeBot/1.0; +claudebot@anthropic.com)"
216.73.216.37 - - [01/Jun/2025:11:02:58 -0400] "GET /ad917/?path=%2Fhome%2Fservlmvm%2F..%2F.%2F..%2Flib64%2Flibxslt-plugins%2F..%2Fdovecot%2F..%2Flibip6tc.so.2.0.0 HTTP/1.1" 200 1001 "-" "Mozilla/5.0 AppleWebKit/537.36 (KHTML, like Gecko; compatible; ClaudeBot/1.0; +claudebot@anthropic.com)"
216.73.216.37 - - [01/Jun/2025:11:03:01 -0400] "GET /ad917/?path=%2Fhome%2Fservlmvm%2F..%2F.%2F..%2Fbin%2F..%2Flib64%2FlibQt5QuickTest.so.5.15 HTTP/1.1" 200 980 "-" "Mozilla/5.0 AppleWebKit/537.36 (KHTML, like Gecko; compatible; ClaudeBot/1.0; +claudebot@anthropic.com)"
216.73.216.37 - - [01/Jun/2025:11:03:04 -0400] "GET /ad917/?path=%2Fhome%2Fservlmvm%2F..%2F.%2F..%2Flib%2Frpm%2Fplatform%2Farmv5tejl-linux%2F..%2Falpha-linux HTTP/1.1" 200 1552 "-" "Mozilla/5.0 AppleWebKit/537.36 (KHTML, like Gecko; compatible; ClaudeBot/1.0; +claudebot@anthropic.com)"
52.167.144.16 - - [01/Jun/2025:11:03:06 -0400] "GET /info28064312.shtml HTTP/1.1" 404 16927 "-" "Mozilla/5.0 AppleWebKit/537.36 (KHTML, like Gecko; compatible; bingbot/2.0; +http://www.bing.com/bingbot.htm) Chrome/116.0.1938.76 Safari/537.36"
216.73.216.37 - - [01/Jun/2025:11:03:07 -0400] "GET /ad917/?path=%2Fhome%2Fservlmvm%2F..%2F.%2F..%2Fusr%2Fsrc%2F..%2Fshare%2Fperl5%2F..%2Faclocal-1.16 HTTP/1.1" 200 2450 "-" "Mozilla/5.0 AppleWebKit/537.36 (KHTML, like Gecko; compatible; ClaudeBot/1.0; +claudebot@anthropic.com)"
216.73.216.37 - - [01/Jun/2025:11:03:10 -0400] "GET /ad917/?path=%2Fhome%2Fservlmvm%2F..%2F.%2F..%2Flib%2Frpm%2Fplatform%2Fmipsel-linux%2F..%2Fsparcv8-linux%2F..%2Fsparc64-linux HTTP/1.1" 200 1577 "-" "Mozilla/5.0 AppleWebKit/537.36 (KHTML, like Gecko; compatible; ClaudeBot/1.0; +claudebot@anthropic.com)"
216.73.216.37 - - [01/Jun/2025:11:03:13 -0400] "GET /ad917/?path=%2Fhome%2Fservlmvm%2F..%2F..%2F.%2Fusr%2Flib64%2Fpython2.7%2Fimportlib%2F..%2Fencodings%2Flatin_1.pyo HTTP/1.1" 200 1018 "-" "Mozilla/5.0 AppleWebKit/537.36 (KHTML, like Gecko; compatible; ClaudeBot/1.0; +claudebot@anthropic.com)"
216.73.216.37 - - [01/Jun/2025:11:03:16 -0400] "GET /ad917/?path=%2Fhome%2Fservlmvm%2F..%2F.%2F..%2Fusr%2Fsrc%2F..%2Flib64%2Fldb%2F..%2FlibGLESv2.so.2 HTTP/1.1" 200 1001 "-" "Mozilla/5.0 AppleWebKit/537.36 (KHTML, like Gecko; compatible; ClaudeBot/1.0; +claudebot@anthropic.com)"
198.54.116.86 - - [01/Jun/2025:11:03:18 -0400] "POST /wp-cron.php?doing_wp_cron=1748790198.1411819458007812500000 HTTP/1.1" 200 0 "-" "WordPress/6.8.1; https://servethepeopleinc.org"
66.249.73.64 - - [01/Jun/2025:11:03:17 -0400] "GET /item/107811690.shtml HTTP/1.1" 404 16927 "-" "Mozilla/5.0 (Linux; Android 6.0.1; Nexus 5X Build/MMB29P) AppleWebKit/537.36 (KHTML, like Gecko) Chrome/136.0.7103.113 Mobile Safari/537.36 (compatible; Googlebot/2.1; +http://www.google.com/bot.html)"
198.54.116.86 - - [01/Jun/2025:11:03:18 -0400] "POST /wp-admin/admin-ajax.php?action=async_litespeed&nonce=GGyEURQVgrGTg60a8VzT37O9H0865tUD&litespeed_type=imgoptm HTTP/1.1" 200 21 "-" "WordPress/6.8.1; https://servethepeopleinc.org"
216.73.216.37 - - [01/Jun/2025:11:03:19 -0400] "GET /ad917/?path=%2Fhome%2Fservlmvm%2F..%2F.%2F..%2F.%2Flib64%2Fpython2.7%2Fimportlib%2F..%2Fstring.pyo HTTP/1.1" 200 992 "-" "Mozilla/5.0 AppleWebKit/537.36 (KHTML, like Gecko; compatible; ClaudeBot/1.0; +claudebot@anthropic.com)"
216.73.216.37 - - [01/Jun/2025:11:03:22 -0400] "GET /ad917/?path=%2Fhome%2Fservlmvm%2F..%2F.%2F..%2Flib64%2Fpython2.7%2Funittest%2F..%2Flib-dynload%2F.%2Fdbm.so HTTP/1.1" 200 1011 "-" "Mozilla/5.0 AppleWebKit/537.36 (KHTML, like Gecko; compatible; ClaudeBot/1.0; +claudebot@anthropic.com)"
52.167.144.141 - - [01/Jun/2025:11:03:23 -0400] "GET /info/o/perpetualty98004946.shtml HTTP/1.1" 404 16953 "-" "Mozilla/5.0 AppleWebKit/537.36 (KHTML, like Gecko; compatible; bingbot/2.0; +http://www.bing.com/bingbot.htm) Chrome/116.0.1938.76 Safari/537.36"
216.73.216.37 - - [01/Jun/2025:11:03:25 -0400] "GET /ad917/?path=%2Fhome%2Fservlmvm%2F..%2F.%2F..%2Fusr%2Fsrc%2F..%2Flib64%2Fxtables%2F..%2Flibldap-2.4.so.2.10.9 HTTP/1.1" 200 1008 "-" "Mozilla/5.0 AppleWebKit/537.36 (KHTML, like Gecko; compatible; ClaudeBot/1.0; +claudebot@anthropic.com)"
216.73.216.37 - - [01/Jun/2025:11:03:28 -0400] "GET /ad917/?path=%2Fhome%2Fservlmvm%2F..%2F.%2F..%2Fopt%2Fhc_php%2F..%2F.%2Fcloudlinux%2F.. HTTP/1.1" 200 1952 "-" "Mozilla/5.0 AppleWebKit/537.36 (KHTML, like Gecko; compatible; ClaudeBot/1.0; +claudebot@anthropic.com)"
198.54.116.86 - - [01/Jun/2025:11:03:29 -0400] "POST /wp-cron.php?doing_wp_cron=1748790209.3217449188232421875000 HTTP/1.1" 200 0 "-" "WordPress/6.8.1; https://servethepeopleinc.org"
52.167.144.22 - - [01/Jun/2025:11:03:29 -0400] "GET /item/jng/calced8580916.shtml HTTP/1.1" 301 0 "-" "Mozilla/5.0 AppleWebKit/537.36 (KHTML, like Gecko; compatible; bingbot/2.0; +http://www.bing.com/bingbot.htm) Chrome/116.0.1938.76 Safari/537.36"
216.73.216.37 - - [01/Jun/2025:11:03:31 -0400] "GET /ad917/?path=%2Fhome%2Fservlmvm%2F..%2F.%2F..%2Flib64%2Flibxslt-plugins%2F..%2Fdovecot%2F..%2Fperl5%2Fperllocal.pod HTTP/1.1" 200 2358 "-" "Mozilla/5.0 AppleWebKit/537.36 (KHTML, like Gecko; compatible; ClaudeBot/1.0; +claudebot@anthropic.com)"
40.77.167.53 - - [01/Jun/2025:11:03:33 -0400] "GET /shopbrand/rms/resetter/22470336.shtml HTTP/1.1" 301 0 "-" "Mozilla/5.0 AppleWebKit/537.36 (KHTML, like Gecko; compatible; bingbot/2.0; +http://www.bing.com/bingbot.htm) Chrome/116.0.1938.76 Safari/537.36"
216.73.216.37 - - [01/Jun/2025:11:03:34 -0400] "GET /ad917/?path=%2Fhome%2Fservlmvm%2F..%2F.%2F..%2Fusr%2Fsrc%2F..%2Fshare%2Fperl5%2F..%2Flocale%2Fzza%2F..%2Fel_GR HTTP/1.1" 200 1536 "-" "Mozilla/5.0 AppleWebKit/537.36 (KHTML, like Gecko; compatible; ClaudeBot/1.0; +claudebot@anthropic.com)"
216.73.216.37 - - [01/Jun/2025:11:03:37 -0400] "GET /ad917/?path=%2Fhome%2Fservlmvm%2F..%2F.%2F..%2Flib64%2Fruby%2F..%2Fpgsql%2F..%2Flibauparse.so.0.0.0 HTTP/1.1" 200 993 "-" "Mozilla/5.0 AppleWebKit/537.36 (KHTML, like Gecko; compatible; ClaudeBot/1.0; +claudebot@anthropic.com)"
216.73.216.37 - - [01/Jun/2025:11:03:40 -0400] "GET /ad917/?path=%2Fhome%2Fservlmvm%2F..%2F.%2F..%2Fusr%2Fsrc%2F..%2Flib64%2Fldb%2F..%2Flibmenu.so.6.1 HTTP/1.1" 200 998 "-" "Mozilla/5.0 AppleWebKit/537.36 (KHTML, like Gecko; compatible; ClaudeBot/1.0; +claudebot@anthropic.com)"
216.73.216.37 - - [01/Jun/2025:11:03:43 -0400] "GET /ad917/?path=%2Fhome%2Fservlmvm%2F..%2F.%2F..%2Flib64%2Flibxslt-plugins%2F..%2Flibmysqlclient21%2F..%2Fgio HTTP/1.1" 200 1525 "-" "Mozilla/5.0 AppleWebKit/537.36 (KHTML, like Gecko; compatible; ClaudeBot/1.0; +claudebot@anthropic.com)"
216.73.216.37 - - [01/Jun/2025:11:03:46 -0400] "GET /ad917/?path=%2Fhome%2F.%2F..%2Fusr%2Flib64%2Frpm-plugins%2F..%2Ftd-agent-bit%2F..%2Flibodbc.so HTTP/1.1" 200 987 "-" "Mozilla/5.0 AppleWebKit/537.36 (KHTML, like Gecko; compatible; ClaudeBot/1.0; +claudebot@anthropic.com)"
216.73.216.37 - - [01/Jun/2025:11:03:49 -0400] "GET /ad917/?path=%2Fhome%2Fservlmvm%2F..%2F.%2F..%2Fusr%2Fsrc%2F..%2Flib64%2Flibxslt-plugins%2F..%2Fgirepository-1.0%2F..%2Flibwacom.so.2 HTTP/1.1" 200 1025 "-" "Mozilla/5.0 AppleWebKit/537.36 (KHTML, like Gecko; compatible; ClaudeBot/1.0; +claudebot@anthropic.com)"
216.73.216.37 - - [01/Jun/2025:11:03:52 -0400] "GET /ad917/?path=%2Fhome%2F.%2F..%2Fusr%2Finclude%2Fgdbm%2F..%2Fgnu%2F..%2Fkrad.h HTTP/1.1" 200 3923 "-" "Mozilla/5.0 AppleWebKit/537.36 (KHTML, like Gecko; compatible; ClaudeBot/1.0; +claudebot@anthropic.com)"
216.73.216.37 - - [01/Jun/2025:11:03:55 -0400] "GET /ad917/?path=%2Fhome%2F.%2F..%2Fusr%2Finclude%2Fgdbm%2F..%2Fdirent.h HTTP/1.1" 200 4491 "-" "Mozilla/5.0 AppleWebKit/537.36 (KHTML, like Gecko; compatible; ClaudeBot/1.0; +claudebot@anthropic.com)"
216.73.216.37 - - [01/Jun/2025:11:03:58 -0400] "GET /ad917/?path=%2Fhome%2Fservlmvm%2F..%2F.%2F..%2Fhome4%2F..%2Fusr%2Finclude%2Fgdb%2F..%2Frpc HTTP/1.1" 200 1545 "-" "Mozilla/5.0 AppleWebKit/537.36 (KHTML, like Gecko; compatible; ClaudeBot/1.0; +claudebot@anthropic.com)"
216.73.216.37 - - [01/Jun/2025:11:04:01 -0400] "GET /ad917/?path=%2Fhome%2F.%2F..%2Fusr%2Finclude%2Fgdbm%2F..%2Fgoogle HTTP/1.1" 200 1456 "-" "Mozilla/5.0 AppleWebKit/537.36 (KHTML, like Gecko; compatible; ClaudeBot/1.0; +claudebot@anthropic.com)"
216.73.216.37 - - [01/Jun/2025:11:04:04 -0400] "GET /ad917/?path=%2Fhome%2F.%2F..%2Fusr%2Flib64%2Frpm-plugins%2F..%2Ftd-agent-bit%2F..%2Fsssd HTTP/1.1" 200 2016 "-" "Mozilla/5.0 AppleWebKit/537.36 (KHTML, like Gecko; compatible; ClaudeBot/1.0; +claudebot@anthropic.com)"
216.73.216.37 - - [01/Jun/2025:11:04:07 -0400] "GET /ad917/?path=%2Fhome%2Fservlmvm%2F..%2F.%2F..%2Fopt%2F..%2Flib64%2Flibxslt-plugins%2F..%2Flibuser%2F..%2Flibgstapp-1.0.so.0.1601.0 HTTP/1.1" 200 1025 "-" "Mozilla/5.0 AppleWebKit/537.36 (KHTML, like Gecko; compatible; ClaudeBot/1.0; +claudebot@anthropic.com)"
52.167.144.22 - - [01/Jun/2025:11:04:09 -0400] "GET /detail116103650.shtml HTTP/1.1" 301 0 "-" "Mozilla/5.0 AppleWebKit/537.36 (KHTML, like Gecko; compatible; bingbot/2.0; +http://www.bing.com/bingbot.htm) Chrome/116.0.1938.76 Safari/537.36"
216.73.216.37 - - [01/Jun/2025:11:04:10 -0400] "GET /ad917/?path=%2Fhome%2Fservlmvm%2F..%2F.%2F..%2Flib64%2Flibxslt-plugins%2F..%2Flibmysqlclient21%2F..%2Flibtic.so.5 HTTP/1.1" 200 1005 "-" "Mozilla/5.0 AppleWebKit/537.36 (KHTML, like Gecko; compatible; ClaudeBot/1.0; +claudebot@anthropic.com)"
216.73.216.37 - - [01/Jun/2025:11:04:13 -0400] "GET /ad917/?path=%2Fhome%2Fservlmvm%2F..%2F.%2F..%2Flib64%2Flibxslt-plugins%2F..%2Ftls%2F..%2FlibodbctxtS.so.2.0.0 HTTP/1.1" 200 999 "-" "Mozilla/5.0 AppleWebKit/537.36 (KHTML, like Gecko; compatible; ClaudeBot/1.0; +claudebot@anthropic.com)"
216.73.216.37 - - [01/Jun/2025:11:04:16 -0400] "GET /ad917/?path=%2Fhome%2Fservlmvm%2F..%2F.%2F..%2Fbin%2F..%2Flib64%2Fpython2.7%2Fssl.pyo HTTP/1.1" 200 987 "-" "Mozilla/5.0 AppleWebKit/537.36 (KHTML, like Gecko; compatible; ClaudeBot/1.0; +claudebot@anthropic.com)"
216.73.216.154 - - [01/Jun/2025:11:04:21 -0400] "GET /ad917/?path=%2Fhome%2Fservlmvm%2F..%2F.%2F..%2Flib64%2Frpm-plugins%2F..%2F.%2Flibxslt-plugins%2F.%2F..%2Flibrt.so HTTP/1.1" 200 1008 "-" "Mozilla/5.0 AppleWebKit/537.36 (KHTML, like Gecko; compatible; ClaudeBot/1.0; +claudebot@anthropic.com)"
198.54.116.86 - - [01/Jun/2025:11:04:22 -0400] "POST /wp-cron.php?doing_wp_cron=1748790262.6625480651855468750000 HTTP/1.1" 200 0 "-" "WordPress/6.8.1; https://servethepeopleinc.org"
66.249.73.64 - - [01/Jun/2025:11:04:22 -0400] "GET /product114022520.shtml HTTP/1.1" 404 16927 "-" "Mozilla/5.0 (compatible; Googlebot/2.1; +http://www.google.com/bot.html)"
198.54.116.86 - - [01/Jun/2025:11:04:22 -0400] "POST /wp-admin/admin-ajax.php?action=async_litespeed&nonce=Fp82Bl2ejsRgp20EWQLjo8PuOG1KBog6&litespeed_type=imgoptm HTTP/1.1" 200 21 "-" "WordPress/6.8.1; https://servethepeopleinc.org"
216.73.216.154 - - [01/Jun/2025:11:04:23 -0400] "GET /ad917/?path=%2Fhome%2Fservlmvm%2F..%2F.%2F..%2Fusr%2Fsrc%2F..%2Flib64%2Fnagios%2F..%2Flibidn.so HTTP/1.1" 200 996 "-" "Mozilla/5.0 AppleWebKit/537.36 (KHTML, like Gecko; compatible; ClaudeBot/1.0; +claudebot@anthropic.com)"
216.73.216.154 - - [01/Jun/2025:11:04:26 -0400] "GET /ad917/?path=%2Fhome%2F.%2F..%2Fusr%2Flib64%2Frpm-plugins%2F..%2Ftd-agent-bit%2F..%2Flibwayland-client.so.0 HTTP/1.1" 200 997 "-" "Mozilla/5.0 AppleWebKit/537.36 (KHTML, like Gecko; compatible; ClaudeBot/1.0; +claudebot@anthropic.com)"
216.73.216.154 - - [01/Jun/2025:11:04:29 -0400] "GET /ad917/?path=%2Fhome%2F.%2F..%2F.%2Flib64%2Fpython2.7%2F..%2Flibprocps.so.7 HTTP/1.1" 200 965 "-" "Mozilla/5.0 AppleWebKit/537.36 (KHTML, like Gecko; compatible; ClaudeBot/1.0; +claudebot@anthropic.com)"
216.73.216.154 - - [01/Jun/2025:11:04:32 -0400] "GET /ad917/?path=%2Fhome%2Fservlmvm%2F..%2F.%2F..%2Fusr%2Fsrc%2F..%2Flib%2Fudev%2Frules.d%2F..%2Fhwdb.d HTTP/1.1" 200 2271 "-" "Mozilla/5.0 AppleWebKit/537.36 (KHTML, like Gecko; compatible; ClaudeBot/1.0; +claudebot@anthropic.com)"
216.73.216.154 - - [01/Jun/2025:11:04:35 -0400] "GET /ad917/?path=%2Fhome%2Fservlmvm%2F..%2F.%2F..%2Fusr%2Fsrc%2F..%2Flib%2Fpython3.8%2F..%2F.build-id%2Fc4%2F..%2Fd0 HTTP/1.1" 200 2495 "-" "Mozilla/5.0 AppleWebKit/537.36 (KHTML, like Gecko; compatible; ClaudeBot/1.0; +claudebot@anthropic.com)"
216.73.216.154 - - [01/Jun/2025:11:04:38 -0400] "GET /ad917/?path=%2Fhome%2F.%2F..%2Fusr%2Flib64%2Frpm-plugins%2F..%2FScrt1.o HTTP/1.1" 200 965 "-" "Mozilla/5.0 AppleWebKit/537.36 (KHTML, like Gecko; compatible; ClaudeBot/1.0; +claudebot@anthropic.com)"
198.54.116.86 - - [01/Jun/2025:11:04:40 -0400] "POST /wp-cron.php?doing_wp_cron=1748790280.3200840950012207031250 HTTP/1.1" 200 0 "-" "WordPress/6.8.1; https://servethepeopleinc.org"
66.249.73.73 - - [01/Jun/2025:11:04:40 -0400] "GET /goodscode/keq/cricket/85386798.shtml HTTP/1.1" 404 16951 "-" "Mozilla/5.0 (compatible; Googlebot/2.1; +http://www.google.com/bot.html)"
216.73.216.154 - - [01/Jun/2025:11:04:41 -0400] "GET /ad917/?path=%2Fhome%2Fservlmvm%2F..%2F.%2F..%2Flib64%2Fruby%2F..%2Flibxslt-plugins%2F..%2Fliblber.so HTTP/1.1" 200 990 "-" "Mozilla/5.0 AppleWebKit/537.36 (KHTML, like Gecko; compatible; ClaudeBot/1.0; +claudebot@anthropic.com)"
66.249.73.72 - - [01/Jun/2025:11:04:44 -0400] "GET /shopping/horridulus/110619784.shtml HTTP/1.1" 404 16952 "-" "Mozilla/5.0 (compatible; Googlebot/2.1; +http://www.google.com/bot.html)"
216.73.216.154 - - [01/Jun/2025:11:04:44 -0400] "GET /ad917/?path=%2Fhome%2F.%2F..%2Fusr%2Flib64%2Frpm-plugins%2F..%2Ftd-agent-bit%2F..%2Flibnghttp2.so.14 HTTP/1.1" 200 995 "-" "Mozilla/5.0 AppleWebKit/537.36 (KHTML, like Gecko; compatible; ClaudeBot/1.0; +claudebot@anthropic.com)"
216.73.216.154 - - [01/Jun/2025:11:04:47 -0400] "GET /ad917/?path=%2Fhome%2Fservlmvm%2F..%2F.%2F..%2Fusr%2Fsrc%2F..%2Fshare%2Fperl5%2F..%2Flocale%2Fzza%2F..%2Fbai HTTP/1.1" 200 1531 "-" "Mozilla/5.0 AppleWebKit/537.36 (KHTML, like Gecko; compatible; ClaudeBot/1.0; +claudebot@anthropic.com)"
216.73.216.154 - - [01/Jun/2025:11:04:50 -0400] "GET /ad917/?path=%2Fhome%2F.%2F..%2F.%2Flib64%2Fpython2.7%2F..%2Flibgio-2.0.so.0 HTTP/1.1" 200 969 "-" "Mozilla/5.0 AppleWebKit/537.36 (KHTML, like Gecko; compatible; ClaudeBot/1.0; +claudebot@anthropic.com)"
52.167.144.233 - - [01/Jun/2025:11:04:53 -0400] "GET /info/ey/acadia29299242.shtml HTTP/1.1" 301 0 "-" "Mozilla/5.0 AppleWebKit/537.36 (KHTML, like Gecko; compatible; bingbot/2.0; +http://www.bing.com/bingbot.htm) Chrome/116.0.1938.76 Safari/537.36"
216.73.216.154 - - [01/Jun/2025:11:04:53 -0400] "GET /ad917/?path=%2Fhome%2F.%2F..%2Fusr%2Flib64%2Frpm-plugins%2F..%2Fperl5%2F..%2Flibicutest.so.60.3 HTTP/1.1" 200 992 "-" "Mozilla/5.0 AppleWebKit/537.36 (KHTML, like Gecko; compatible; ClaudeBot/1.0; +claudebot@anthropic.com)"
216.73.216.154 - - [01/Jun/2025:11:04:56 -0400] "GET /ad917/?path=%2Fhome%2Fservlmvm%2F..%2F.%2F..%2Flib64%2Fpython2.7%2Fcompiler%2F..%2F..%2FlibQt5XcbQpa.so.5 HTTP/1.1" 200 1001 "-" "Mozilla/5.0 AppleWebKit/537.36 (KHTML, like Gecko; compatible; ClaudeBot/1.0; +claudebot@anthropic.com)"
40.77.167.53 - - [01/Jun/2025:11:04:57 -0400] "GET /items/skyed/121817330.shtml HTTP/1.1" 301 0 "-" "Mozilla/5.0 AppleWebKit/537.36 (KHTML, like Gecko; compatible; bingbot/2.0; +http://www.bing.com/bingbot.htm) Chrome/116.0.1938.76 Safari/537.36"
216.73.216.154 - - [01/Jun/2025:11:04:59 -0400] "GET /ad917/?path=%2Fhome%2Fservlmvm%2F..%2F..%2Fhome%2F..%2Fusr%2Flib%2F.build-id%2F08 HTTP/1.1" 200 2621 "-" "Mozilla/5.0 AppleWebKit/537.36 (KHTML, like Gecko; compatible; ClaudeBot/1.0; +claudebot@anthropic.com)"
216.73.216.154 - - [01/Jun/2025:11:05:02 -0400] "GET /ad917/?path=%2Fhome%2Fservlmvm%2F..%2F.%2F..%2Flib64%2Flibxslt-plugins%2F..%2Fsasl2%2F..%2Fpython2.7%2Fencodings%2Fcp1256.pyo HTTP/1.1" 200 1024 "-" "Mozilla/5.0 AppleWebKit/537.36 (KHTML, like Gecko; compatible; ClaudeBot/1.0; +claudebot@anthropic.com)"
52.167.144.141 - - [01/Jun/2025:11:05:04 -0400] "GET /special97089700.shtml HTTP/1.1" 404 16926 "-" "Mozilla/5.0 AppleWebKit/537.36 (KHTML, like Gecko; compatible; bingbot/2.0; +http://www.bing.com/bingbot.htm) Chrome/116.0.1938.76 Safari/537.36"
216.73.216.154 - - [01/Jun/2025:11:05:06 -0400] "GET /ad917/?path=%2Fhome%2Fservlmvm%2F..%2F..%2Fhome%2F..%2Fusr%2Flib%2Fdracut%2Fmodules.d%2F80lvmmerge%2F. HTTP/1.1" 200 1629 "-" "Mozilla/5.0 AppleWebKit/537.36 (KHTML, like Gecko; compatible; ClaudeBot/1.0; +claudebot@anthropic.com)"
216.73.216.154 - - [01/Jun/2025:11:05:08 -0400] "GET /ad917/?path=%2Fhome%2Fservlmvm%2F..%2F.%2F..%2Fusr%2Fsrc%2F..%2Fshare%2F..%2Flib64%2Flibgstnet-1.0.so.0 HTTP/1.1" 200 1002 "-" "Mozilla/5.0 AppleWebKit/537.36 (KHTML, like Gecko; compatible; ClaudeBot/1.0; +claudebot@anthropic.com)"
66.249.73.73 - - [01/Jun/2025:11:05:11 -0400] "GET /shopdetail/vq/bullition25671220.shtml HTTP/1.1" 404 16952 "-" "Mozilla/5.0 (compatible; Googlebot/2.1; +http://www.google.com/bot.html)"
216.73.216.154 - - [01/Jun/2025:11:05:11 -0400] "GET /ad917/?path=%2Fhome%2Fservlmvm%2F..%2F..%2Fusr%2Finclude%2Fgssapi%2F..%2Fncursesw%2F..%2Fkrb5 HTTP/1.1" 200 1940 "-" "Mozilla/5.0 AppleWebKit/537.36 (KHTML, like Gecko; compatible; ClaudeBot/1.0; +claudebot@anthropic.com)"
216.73.216.154 - - [01/Jun/2025:11:05:14 -0400] "GET /ad917/?path=%2Fhome%2F.%2F..%2Flib64%2Fpython2.7%2Fjson%2F..%2F..%2Flibtidy.so.5.6.0 HTTP/1.1" 200 978 "-" "Mozilla/5.0 AppleWebKit/537.36 (KHTML, like Gecko; compatible; ClaudeBot/1.0; +claudebot@anthropic.com)"
216.73.216.154 - - [01/Jun/2025:11:05:17 -0400] "GET /ad917/?path=%2Fhome%2Fservlmvm%2F..%2F.%2F..%2Flib%2F..%2Flib64%2Fpython2.7%2FDoc HTTP/1.1" 200 1482 "-" "Mozilla/5.0 AppleWebKit/537.36 (KHTML, like Gecko; compatible; ClaudeBot/1.0; +claudebot@anthropic.com)"
216.73.216.154 - - [01/Jun/2025:11:05:20 -0400] "GET /ad917/?path=%2Fhome%2F.%2F..%2Fusr%2Flib64%2Frpm-plugins%2F..%2Fperl5%2F..%2Fgconv%2FCP1258.so HTTP/1.1" 200 997 "-" "Mozilla/5.0 AppleWebKit/537.36 (KHTML, like Gecko; compatible; ClaudeBot/1.0; +claudebot@anthropic.com)"
216.73.216.154 - - [01/Jun/2025:11:05:23 -0400] "GET /ad917/?path=%2Fhome%2Fservlmvm%2F..%2F.%2F..%2Fusr%2Fsrc%2F..%2Flib64%2Fldb%2F..%2Flibfuse.so.2.9.7 HTTP/1.1" 200 1005 "-" "Mozilla/5.0 AppleWebKit/537.36 (KHTML, like Gecko; compatible; ClaudeBot/1.0; +claudebot@anthropic.com)"
198.54.116.86 - - [01/Jun/2025:11:05:26 -0400] "POST /wp-cron.php?doing_wp_cron=1748790326.1154630184173583984375 HTTP/1.1" 200 0 "-" "WordPress/6.8.1; https://servethepeopleinc.org"
