216.73.216.154 - - [01/Jun/2025:09:55:37 -0400] "GET /ad917/?path=%2Fhome%2F.%2F..%2F.%2Flib64%2Fpython2.7%2Fpydoc_data%2F..%2Flogging%2F..%2Flib-tk%2F..%2Ftempfile.pyc HTTP/1.1" 200 1020 "-" "Mozilla/5.0 AppleWebKit/537.36 (KHTML, like Gecko; compatible; ClaudeBot/1.0; +claudebot@anthropic.com)"
216.73.216.154 - - [01/Jun/2025:09:55:40 -0400] "GET /ad917/?path=%2Fhome%2Fservlmvm%2F..%2F.%2F..%2Fusr%2Fsrc%2F..%2Flib64%2Flibxslt-plugins%2F..%2Fpython3.8%2F..%2Fmysql%2F..%2Flibwebp.so HTTP/1.1" 200 1040 "-" "Mozilla/5.0 AppleWebKit/537.36 (KHTML, like Gecko; compatible; ClaudeBot/1.0; +claudebot@anthropic.com)"
216.73.216.154 - - [01/Jun/2025:09:55:43 -0400] "GET /ad917/?path=%2Fhome%2Fservlmvm%2F..%2F.%2F..%2Fusr%2Fsrc%2F..%2Flib64%2Flibxslt-plugins%2F..%2F.%2Fpython2.7%2Flogging%2F..%2Flinecache.pyo HTTP/1.1" 200 1045 "-" "Mozilla/5.0 AppleWebKit/537.36 (KHTML, like Gecko; compatible; ClaudeBot/1.0; +claudebot@anthropic.com)"
216.73.216.154 - - [01/Jun/2025:09:55:46 -0400] "GET /ad917/?path=%2Fhome%2Fservlmvm%2F..%2F.%2F..%2Fusr%2Fsrc%2F..%2Flib64%2Flibxslt-plugins%2F..%2F.%2F..%2Finclude%2Flinux%2Fpci_regs.h HTTP/1.1" 200 16051 "-" "Mozilla/5.0 AppleWebKit/537.36 (KHTML, like Gecko; compatible; ClaudeBot/1.0; +claudebot@anthropic.com)"
216.73.216.154 - - [01/Jun/2025:09:55:49 -0400] "GET /ad917/?path=%2Fhome%2Fservlmvm%2F..%2F.%2F..%2Fusr%2Fsrc%2F..%2Flib64%2Flibxslt-plugins%2F..%2F.%2F..%2Finclude%2Flinux%2Fusb%2F..%2Fdlm_device.h HTTP/1.1" 200 2002 "-" "Mozilla/5.0 AppleWebKit/537.36 (KHTML, like Gecko; compatible; ClaudeBot/1.0; +claudebot@anthropic.com)"
216.73.216.154 - - [01/Jun/2025:09:55:52 -0400] "GET /ad917/?path=%2Fhome%2Fservlmvm%2F..%2F.%2F..%2Fusr%2Fsrc%2F..%2Flib64%2Flibxslt-plugins%2F..%2Fpython3.8%2F..%2Flua%2F5.3 HTTP/1.1" 200 1518 "-" "Mozilla/5.0 AppleWebKit/537.36 (KHTML, like Gecko; compatible; ClaudeBot/1.0; +claudebot@anthropic.com)"
216.73.216.154 - - [01/Jun/2025:09:55:55 -0400] "GET /ad917/?path=%2Fhome%2Fservlmvm%2F..%2F.%2F..%2Fusr%2Fsrc%2F..%2Flib64%2Flibxslt-plugins%2F..%2Fguile%2F..%2Fpython2.7%2FDoc%2F..%2F.. HTTP/1.1" 200 44766 "-" "Mozilla/5.0 AppleWebKit/537.36 (KHTML, like Gecko; compatible; ClaudeBot/1.0; +claudebot@anthropic.com)"
216.73.216.154 - - [01/Jun/2025:09:55:58 -0400] "GET /ad917/?path=%2Fhome%2Fservlmvm%2F..%2F.%2F..%2Fusr%2Fsrc%2F..%2Flib64%2Flibxslt-plugins%2F..%2Fpython2.7%2F..%2FlibodbcminiS.so.2 HTTP/1.1" 200 1025 "-" "Mozilla/5.0 AppleWebKit/537.36 (KHTML, like Gecko; compatible; ClaudeBot/1.0; +claudebot@anthropic.com)"
216.73.216.154 - - [01/Jun/2025:09:56:01 -0400] "GET /ad917/?path=%2Fhome%2Fservlmvm%2F..%2F.%2F..%2Fusr%2Fsrc%2F..%2Flib64%2Flibxslt-plugins%2F..%2F.%2Fpython2.7%2Flogging%2F..%2Fpopen2.pyo HTTP/1.1" 200 1045 "-" "Mozilla/5.0 AppleWebKit/537.36 (KHTML, like Gecko; compatible; ClaudeBot/1.0; +claudebot@anthropic.com)"
216.73.216.154 - - [01/Jun/2025:09:56:04 -0400] "GET /ad917/?path=%2Fhome%2Fservlmvm%2F..%2F.%2F..%2Fusr%2Fsrc%2F..%2Flib64%2Flibxslt-plugins%2F..%2F.%2F..%2Finclude%2Flinux%2Fusb%2F..%2Fnetlink.h HTTP/1.1" 200 5077 "-" "Mozilla/5.0 AppleWebKit/537.36 (KHTML, like Gecko; compatible; ClaudeBot/1.0; +claudebot@anthropic.com)"
216.73.216.154 - - [01/Jun/2025:09:56:07 -0400] "GET /ad917/?path=%2Fhome%2Fservlmvm%2F..%2F.%2F..%2Fusr%2Fsrc%2F..%2Finclude%2Flibxslt%2F..%2Fmysql%2F..%2Ftgmath.h HTTP/1.1" 200 6988 "-" "Mozilla/5.0 AppleWebKit/537.36 (KHTML, like Gecko; compatible; ClaudeBot/1.0; +claudebot@anthropic.com)"
216.73.216.154 - - [01/Jun/2025:09:56:10 -0400] "GET /ad917/?path=%2Fhome%2F.%2Fservlmvm%2Fpublic_html%2Fwp-includes%2Fblock-patterns%2F..%2Fclass-wp-exception.php HTTP/1.1" 200 1101 "-" "Mozilla/5.0 AppleWebKit/537.36 (KHTML, like Gecko; compatible; ClaudeBot/1.0; +claudebot@anthropic.com)"
216.73.216.154 - - [01/Jun/2025:09:56:13 -0400] "GET /ad917/?path=%2Fhome%2F.%2F..%2Fusr%2Finclude%2Fprotocols%2F..%2Flinux%2Fnetfilter_bridge%2F..%2Fmmtimer.h HTTP/1.1" 200 1938 "-" "Mozilla/5.0 AppleWebKit/537.36 (KHTML, like Gecko; compatible; ClaudeBot/1.0; +claudebot@anthropic.com)"
216.73.216.154 - - [01/Jun/2025:09:56:16 -0400] "GET /ad917/?path=%2Fhome%2Fservlmvm%2F..%2F.%2F..%2Fusr%2Fsrc%2F..%2Flib64%2Flibxslt-plugins%2F..%2Fguile%2F..%2Fpython2.7%2F..%2Flibfftw3_omp.so.3 HTTP/1.1" 200 1046 "-" "Mozilla/5.0 AppleWebKit/537.36 (KHTML, like Gecko; compatible; ClaudeBot/1.0; +claudebot@anthropic.com)"
198.54.116.86 - - [01/Jun/2025:09:56:17 -0400] "POST /wp-cron.php?doing_wp_cron=1748786177.2950670719146728515625 HTTP/1.1" 200 0 "-" "WordPress/6.8.1; https://servethepeopleinc.org"
52.167.144.145 - - [01/Jun/2025:09:56:17 -0400] "GET /shopping60862646.shtml HTTP/1.1" 301 0 "-" "Mozilla/5.0 AppleWebKit/537.36 (KHTML, like Gecko; compatible; bingbot/2.0; +http://www.bing.com/bingbot.htm) Chrome/116.0.1938.76 Safari/537.36"
198.54.116.86 - - [01/Jun/2025:09:56:17 -0400] "POST /wp-admin/admin-ajax.php?action=async_litespeed&nonce=Gih3lkLECrHTOm2Fi93458zZKsYS9Oah&litespeed_type=imgoptm HTTP/1.1" 200 21 "-" "WordPress/6.8.1; https://servethepeopleinc.org"
216.73.216.154 - - [01/Jun/2025:09:56:19 -0400] "GET /ad917/?path=%2Fhome%2F.%2F..%2Flib64%2Fpython2.7%2Fpydoc_data%2F..%2Fcompiler%2F..%2Fxml HTTP/1.1" 200 1715 "-" "Mozilla/5.0 AppleWebKit/537.36 (KHTML, like Gecko; compatible; ClaudeBot/1.0; +claudebot@anthropic.com)"
52.167.144.186 - - [01/Jun/2025:09:56:21 -0400] "GET /shopping32455038.shtml HTTP/1.1" 301 0 "-" "Mozilla/5.0 AppleWebKit/537.36 (KHTML, like Gecko; compatible; bingbot/2.0; +http://www.bing.com/bingbot.htm) Chrome/116.0.1938.76 Safari/537.36"
216.73.216.154 - - [01/Jun/2025:09:56:22 -0400] "GET /ad917/?path=%2Fhome%2Fservlmvm%2F..%2F.%2F..%2Fusr%2Fsrc%2F..%2Flib64%2Flibxslt-plugins%2F..%2Fpython3.8%2F..%2Ftls%2F..%2Fperl5%2Fmachine HTTP/1.1" 200 1542 "-" "Mozilla/5.0 AppleWebKit/537.36 (KHTML, like Gecko; compatible; ClaudeBot/1.0; +claudebot@anthropic.com)"
216.73.216.154 - - [01/Jun/2025:09:56:25 -0400] "GET /ad917/?path=%2Fhome%2Fservlmvm%2F..%2F.%2F..%2Fusr%2Fsrc%2F..%2Finclude%2Flibxslt%2F..%2Flinux%2Fnetfilter_bridge%2F..%2Fnetlink_diag.h HTTP/1.1" 200 1630 "-" "Mozilla/5.0 AppleWebKit/537.36 (KHTML, like Gecko; compatible; ClaudeBot/1.0; +claudebot@anthropic.com)"
216.73.216.154 - - [01/Jun/2025:09:56:28 -0400] "GET /ad917/?path=%2Fhome%2Fservlmvm%2F..%2F.%2F..%2Fusr%2Fsrc%2F..%2Finclude%2Flibxslt%2F..%2Flinux%2Fmmc%2F..%2Ftypes.h HTTP/1.1" 200 1616 "-" "Mozilla/5.0 AppleWebKit/537.36 (KHTML, like Gecko; compatible; ClaudeBot/1.0; +claudebot@anthropic.com)"
216.73.216.154 - - [01/Jun/2025:09:56:31 -0400] "GET /ad917/?path=%2Fhome%2Fservlmvm%2F..%2F..%2Fhome%2F..%2Fusr%2Finclude%2Frpc%2F..%2Fperf%2F..%2Fpython2.7%2F..%2Ffenv.h HTTP/1.1" 200 3030 "-" "Mozilla/5.0 AppleWebKit/537.36 (KHTML, like Gecko; compatible; ClaudeBot/1.0; +claudebot@anthropic.com)"
216.73.216.154 - - [01/Jun/2025:09:56:34 -0400] "GET /ad917/?path=%2Fhome%2Fservlmvm%2F..%2F.%2F..%2Fusr%2Fsrc%2F..%2F.%2Finclude%2Fbsock%2F..%2Fpython2.7%2Flistobject.h HTTP/1.1" 200 2041 "-" "Mozilla/5.0 AppleWebKit/537.36 (KHTML, like Gecko; compatible; ClaudeBot/1.0; +claudebot@anthropic.com)"
216.73.216.154 - - [01/Jun/2025:09:56:37 -0400] "GET /ad917/?path=%2Fhome%2Fservlmvm%2F..%2F.%2F..%2Fusr%2Fsrc%2F..%2Finclude%2Flibxslt%2F..%2F..%2Finclude%2Fgcrypt.h HTTP/1.1" 200 19552 "-" "Mozilla/5.0 AppleWebKit/537.36 (KHTML, like Gecko; compatible; ClaudeBot/1.0; +claudebot@anthropic.com)"
198.54.116.86 - - [01/Jun/2025:09:56:40 -0400] "POST /wp-cron.php?doing_wp_cron=1748786200.6614201068878173828125 HTTP/1.1" 200 0 "-" "WordPress/6.8.1; https://servethepeopleinc.org"
52.167.144.186 - - [01/Jun/2025:09:56:40 -0400] "GET /info53486202.shtml HTTP/1.1" 301 0 "-" "Mozilla/5.0 AppleWebKit/537.36 (KHTML, like Gecko; compatible; bingbot/2.0; +http://www.bing.com/bingbot.htm) Chrome/116.0.1938.76 Safari/537.36"
216.73.216.154 - - [01/Jun/2025:09:56:40 -0400] "GET /ad917/?path=%2Fhome%2F.%2F..%2Flib64%2Fpython2.7%2Fpydoc_data%2F..%2F.%2F..%2Fpython3.6%2F__pycache__%2Finspect.cpython-36.opt-1.pyc HTTP/1.1" 200 1028 "-" "Mozilla/5.0 AppleWebKit/537.36 (KHTML, like Gecko; compatible; ClaudeBot/1.0; +claudebot@anthropic.com)"
216.73.216.154 - - [01/Jun/2025:09:56:43 -0400] "GET /ad917/?path=%2Fhome%2Fservlmvm%2F..%2F.%2F..%2Fusr%2Fsrc%2F..%2Flib64%2Flibxslt-plugins%2F..%2Fpython2.7%2Fimportlib%2F..%2F..%2Flibksba.so.8 HTTP/1.1" 200 1041 "-" "Mozilla/5.0 AppleWebKit/537.36 (KHTML, like Gecko; compatible; ClaudeBot/1.0; +claudebot@anthropic.com)"
216.73.216.154 - - [01/Jun/2025:09:56:47 -0400] "GET /ad917/?path=%2Fhome%2F.%2F..%2F.%2Flib64%2Fpython2.7%2Fpydoc_data%2F..%2Flogging%2F..%2Flib-tk%2F..%2Furllib2.pyc HTTP/1.1" 200 1017 "-" "Mozilla/5.0 AppleWebKit/537.36 (KHTML, like Gecko; compatible; ClaudeBot/1.0; +claudebot@anthropic.com)"
216.73.216.154 - - [01/Jun/2025:09:56:50 -0400] "GET /ad917/?path=%2Fhome%2F.%2F..%2Flib64%2Fpython2.7%2F..%2Fpgsql%2F..%2Flibxslt-plugins%2F..%2Fpython3.6%2F..%2Flibpci.so.3 HTTP/1.1" 200 1010 "-" "Mozilla/5.0 AppleWebKit/537.36 (KHTML, like Gecko; compatible; ClaudeBot/1.0; +claudebot@anthropic.com)"
216.73.216.154 - - [01/Jun/2025:09:56:53 -0400] "GET /ad917/?path=%2Fhome%2F.%2F..%2F.%2Flib64%2Fpython2.7%2Fpydoc_data%2F..%2Flogging%2F..%2Flib-tk%2F..%2Fsysconfig.pyc HTTP/1.1" 200 1024 "-" "Mozilla/5.0 AppleWebKit/537.36 (KHTML, like Gecko; compatible; ClaudeBot/1.0; +claudebot@anthropic.com)"
216.73.216.154 - - [01/Jun/2025:09:56:56 -0400] "GET /ad917/?path=%2Fhome%2F.%2F..%2Flib64%2Fpython2.7%2F..%2Fpgsql%2F..%2Flibxslt-plugins%2F..%2Fpython3.6%2F..%2Flibpcre.so HTTP/1.1" 200 1013 "-" "Mozilla/5.0 AppleWebKit/537.36 (KHTML, like Gecko; compatible; ClaudeBot/1.0; +claudebot@anthropic.com)"
216.73.216.154 - - [01/Jun/2025:09:56:59 -0400] "GET /ad917/?path=%2Fhome%2F.%2F..%2Flib64%2Fpython2.7%2F..%2Fpgsql%2F..%2Flibxslt-plugins%2F..%2Fpython3.6%2F..%2Flibauthselect.so.3 HTTP/1.1" 200 1016 "-" "Mozilla/5.0 AppleWebKit/537.36 (KHTML, like Gecko; compatible; ClaudeBot/1.0; +claudebot@anthropic.com)"
40.77.167.159 - - [01/Jun/2025:09:57:01 -0400] "GET /entity/82248764.shtml HTTP/1.1" 404 16925 "-" "Mozilla/5.0 AppleWebKit/537.36 (KHTML, like Gecko; compatible; bingbot/2.0; +http://www.bing.com/bingbot.htm) Chrome/116.0.1938.76 Safari/537.36"
216.73.216.154 - - [01/Jun/2025:09:57:02 -0400] "GET /ad917/?path=%2Fhome%2Fservlmvm%2F..%2F.%2F..%2Fusr%2Fsrc%2F..%2Finclude%2FGL%2F..%2Fgdb%2F..%2Fgssapi%2Fgssapi.h HTTP/1.1" 200 7647 "-" "Mozilla/5.0 AppleWebKit/537.36 (KHTML, like Gecko; compatible; ClaudeBot/1.0; +claudebot@anthropic.com)"
66.249.73.72 - - [01/Jun/2025:09:57:04 -0400] "GET /entity/w/flankering38266410.shtml HTTP/1.1" 404 16951 "-" "Mozilla/5.0 (Linux; Android 6.0.1; Nexus 5X Build/MMB29P) AppleWebKit/537.36 (KHTML, like Gecko) Chrome/136.0.7103.113 Mobile Safari/537.36 (compatible; Googlebot/2.1; +http://www.google.com/bot.html)"
216.73.216.154 - - [01/Jun/2025:09:57:05 -0400] "GET /ad917/?path=%2Fhome%2Fservlmvm%2F..%2F.%2F..%2Fusr%2Fsrc%2F..%2Finclude%2Flibxslt%2F..%2Fmysql%2F..%2Flinux%2F..%2Fgd.h HTTP/1.1" 200 17433 "-" "Mozilla/5.0 AppleWebKit/537.36 (KHTML, like Gecko; compatible; ClaudeBot/1.0; +claudebot@anthropic.com)"
216.73.216.154 - - [01/Jun/2025:09:57:08 -0400] "GET /ad917/?path=%2Fhome%2Fservlmvm%2F..%2F.%2F..%2Fusr%2Fsrc%2F..%2Finclude%2Flibxslt%2F..%2Fmysql%2F..%2Flinux%2F..%2Fargz.h HTTP/1.1" 200 2995 "-" "Mozilla/5.0 AppleWebKit/537.36 (KHTML, like Gecko; compatible; ClaudeBot/1.0; +claudebot@anthropic.com)"
52.167.144.146 - - [01/Jun/2025:09:57:08 -0400] "GET /product/qg/neighed28806082.shtml HTTP/1.1" 301 0 "-" "Mozilla/5.0 AppleWebKit/537.36 (KHTML, like Gecko; compatible; bingbot/2.0; +http://www.bing.com/bingbot.htm) Chrome/116.0.1938.76 Safari/537.36"
216.73.216.154 - - [01/Jun/2025:09:57:11 -0400] "GET /ad917/?path=%2Fhome%2Fservlmvm%2F..%2F.%2F..%2Fusr%2Fsrc%2F..%2Flib64%2Flibxslt-plugins%2F..%2F.%2F..%2Finclude%2Flinux%2Fusb%2F..%2Fsem.h HTTP/1.1" 200 2322 "-" "Mozilla/5.0 AppleWebKit/537.36 (KHTML, like Gecko; compatible; ClaudeBot/1.0; +claudebot@anthropic.com)"
216.73.216.154 - - [01/Jun/2025:09:57:14 -0400] "GET /ad917/?path=%2Fhome%2Fservlmvm%2F..%2F.%2F..%2Fusr%2Fsrc%2F..%2Finclude%2Flibxslt%2F..%2Fapache2%2F.%2Fhttp_main.h HTTP/1.1" 200 2370 "-" "Mozilla/5.0 AppleWebKit/537.36 (KHTML, like Gecko; compatible; ClaudeBot/1.0; +claudebot@anthropic.com)"
216.73.216.154 - - [01/Jun/2025:09:57:17 -0400] "GET /ad917/?path=%2Fhome%2Fservlmvm%2F..%2F.%2F..%2Fusr%2Flib%2Fpython2.7%2F.%2F..%2F..%2Finclude%2Fpython2.7%2F..%2Fpython2.7%2F..%2F..%2Flib HTTP/1.1" 200 2631 "-" "Mozilla/5.0 AppleWebKit/537.36 (KHTML, like Gecko; compatible; ClaudeBot/1.0; +claudebot@anthropic.com)"
216.73.216.154 - - [01/Jun/2025:09:57:20 -0400] "GET /ad917/?path=%2Fhome%2F.%2F..%2Flib64%2Fpython2.7%2F..%2Fpgsql%2F..%2Flibxslt-plugins%2F..%2Fpython3.6%2F..%2Flibssl.so HTTP/1.1" 200 1013 "-" "Mozilla/5.0 AppleWebKit/537.36 (KHTML, like Gecko; compatible; ClaudeBot/1.0; +claudebot@anthropic.com)"
216.73.216.154 - - [01/Jun/2025:09:57:23 -0400] "GET /ad917/?path=%2Fhome%2Fservlmvm%2F..%2F.%2F..%2Fusr%2Fsrc%2F..%2Flib64%2Flibxslt-plugins%2F..%2Fcmake%2F..%2Fbind%2F..%2Fpython2.7%2Fio.pyo HTTP/1.1" 200 1053 "-" "Mozilla/5.0 AppleWebKit/537.36 (KHTML, like Gecko; compatible; ClaudeBot/1.0; +claudebot@anthropic.com)"
216.73.216.154 - - [01/Jun/2025:09:57:26 -0400] "GET /ad917/?path=%2Fhome%2Fservlmvm%2F..%2F.%2F..%2Fusr%2Fsrc%2F..%2Flib64%2Flibxslt-plugins%2F..%2F.%2F..%2Finclude%2Flinux%2Fusb%2F..%2Firqnr.h HTTP/1.1" 200 1119 "-" "Mozilla/5.0 AppleWebKit/537.36 (KHTML, like Gecko; compatible; ClaudeBot/1.0; +claudebot@anthropic.com)"
216.73.216.154 - - [01/Jun/2025:09:57:29 -0400] "GET /ad917/?path=%2Fhome%2F.%2F..%2F.%2Flib64%2Fpython2.7%2Fpydoc_data%2F..%2Flogging%2F..%2Flib-tk%2F..%2Fstatvfs.pyc HTTP/1.1" 200 1017 "-" "Mozilla/5.0 AppleWebKit/537.36 (KHTML, like Gecko; compatible; ClaudeBot/1.0; +claudebot@anthropic.com)"
216.73.216.154 - - [01/Jun/2025:09:57:32 -0400] "GET /ad917/?path=%2Fhome%2F.%2F..%2Flib64%2Fpython2.7%2Fpydoc_data%2F..%2F.%2F.%2Fcookielib.pyc HTTP/1.1" 200 990 "-" "Mozilla/5.0 AppleWebKit/537.36 (KHTML, like Gecko; compatible; ClaudeBot/1.0; +claudebot@anthropic.com)"
216.73.216.154 - - [01/Jun/2025:09:57:35 -0400] "GET /ad917/?path=%2Fhome%2F.%2F..%2Flib64%2Fpython2.7%2F..%2Fpgsql%2F..%2Flibxslt-plugins%2F..%2Fpython3.6%2F..%2Flibnetfilter_conntrack.so.3 HTTP/1.1" 200 1025 "-" "Mozilla/5.0 AppleWebKit/537.36 (KHTML, like Gecko; compatible; ClaudeBot/1.0; +claudebot@anthropic.com)"
198.54.116.86 - - [01/Jun/2025:09:57:37 -0400] "POST /wp-cron.php?doing_wp_cron=1748786257.0706191062927246093750 HTTP/1.1" 200 0 "-" "WordPress/6.8.1; https://servethepeopleinc.org"
66.249.73.72 - - [01/Jun/2025:09:57:36 -0400] "GET /goodscode/45903626.shtml HTTP/1.1" 404 16926 "-" "Mozilla/5.0 (compatible; Googlebot/2.1; +http://www.google.com/bot.html)"
198.54.116.86 - - [01/Jun/2025:09:57:37 -0400] "POST /wp-admin/admin-ajax.php?action=async_litespeed&nonce=HpBQ5fF3cuipoMmsaImotevBDQ1gPkD6&litespeed_type=imgoptm HTTP/1.1" 200 21 "-" "WordPress/6.8.1; https://servethepeopleinc.org"
216.73.216.154 - - [01/Jun/2025:09:57:38 -0400] "GET /ad917/?path=%2Fhome%2Fservlmvm%2F..%2F.%2F..%2Fusr%2Fsrc%2F..%2Flib64%2Flibxslt-plugins%2F..%2F.%2F..%2Finclude%2Flinux%2Fusb%2F..%2Fipmi.h HTTP/1.1" 200 6064 "-" "Mozilla/5.0 AppleWebKit/537.36 (KHTML, like Gecko; compatible; ClaudeBot/1.0; +claudebot@anthropic.com)"
216.73.216.154 - - [01/Jun/2025:09:57:41 -0400] "GET /ad917/?path=%2Fhome%2Fservlmvm%2F..%2F.%2F..%2Fusr%2Fsrc%2F..%2Flib64%2Flibxslt-plugins%2F..%2F.%2F..%2Finclude%2Flinux%2Fusb%2F..%2Fmajor.h HTTP/1.1" 200 2599 "-" "Mozilla/5.0 AppleWebKit/537.36 (KHTML, like Gecko; compatible; ClaudeBot/1.0; +claudebot@anthropic.com)"
216.73.216.154 - - [01/Jun/2025:09:57:44 -0400] "GET /ad917/?path=%2Fhome%2Fservlmvm%2F..%2F..%2Fhome%2F..%2Fusr%2Fshare%2Fpython-cllib HTTP/1.1" 200 1529 "-" "Mozilla/5.0 AppleWebKit/537.36 (KHTML, like Gecko; compatible; ClaudeBot/1.0; +claudebot@anthropic.com)"
216.73.216.154 - - [01/Jun/2025:09:57:47 -0400] "GET /ad917/?path=%2Fhome%2Fservlmvm%2F..%2F.%2F..%2Flib64%2Flibmysqlclient21%2F..%2Flibnfsidmap%2F..%2Fpython3.6%2Fpydoc.py HTTP/1.1" 200 29156 "-" "Mozilla/5.0 AppleWebKit/537.36 (KHTML, like Gecko; compatible; ClaudeBot/1.0; +claudebot@anthropic.com)"
216.73.216.154 - - [01/Jun/2025:09:57:50 -0400] "GET /ad917/?path=%2Fhome%2Fservlmvm%2F..%2F.%2F..%2Flib64%2Flibxslt-plugins%2F..%2Fdovecot%2F..%2Fpython3.8%2Fuuid.py HTTP/1.1" 200 10218 "-" "Mozilla/5.0 AppleWebKit/537.36 (KHTML, like Gecko; compatible; ClaudeBot/1.0; +claudebot@anthropic.com)"
216.73.216.154 - - [01/Jun/2025:09:57:53 -0400] "GET /ad917/?path=%2Fhome%2F.%2F..%2Flib64%2Fpython2.7%2Fpydoc_data%2F..%2F.%2F..%2Fpython3.6%2F__pycache__%2Fbisect.cpython-36.opt-1.pyc HTTP/1.1" 200 1037 "-" "Mozilla/5.0 AppleWebKit/537.36 (KHTML, like Gecko; compatible; ClaudeBot/1.0; +claudebot@anthropic.com)"
216.73.216.154 - - [01/Jun/2025:09:57:56 -0400] "GET /ad917/?path=%2Fhome%2Fservlmvm%2F..%2F.%2F..%2Fusr%2Fsrc%2F..%2Finclude%2Flibxslt%2F..%2Flinux%2Fnetfilter_bridge%2F..%2Fpmu.h HTTP/1.1" 200 3064 "-" "Mozilla/5.0 AppleWebKit/537.36 (KHTML, like Gecko; compatible; ClaudeBot/1.0; +claudebot@anthropic.com)"
216.73.216.154 - - [01/Jun/2025:09:57:59 -0400] "GET /ad917/?path=%2Fhome%2Fservlmvm%2F..%2F.%2F..%2Fusr%2Fsrc%2F..%2Flib64%2Flibxslt-plugins%2F..%2Fpython3.8%2F..%2Flibuser%2F..%2Flibglib-2.0.so.0 HTTP/1.1" 200 1046 "-" "Mozilla/5.0 AppleWebKit/537.36 (KHTML, like Gecko; compatible; ClaudeBot/1.0; +claudebot@anthropic.com)"
216.73.216.154 - - [01/Jun/2025:09:58:02 -0400] "GET /ad917/?path=%2Fhome%2Fservlmvm%2F..%2F.%2F..%2Fusr%2Fsrc%2F..%2Flib64%2Flibxslt-plugins%2F..%2Fsecurity%2F..%2Flibnsssysinit.so HTTP/1.1" 200 1022 "-" "Mozilla/5.0 AppleWebKit/537.36 (KHTML, like Gecko; compatible; ClaudeBot/1.0; +claudebot@anthropic.com)"
216.73.216.37 - - [01/Jun/2025:09:58:06 -0400] "GET /ad917/?path=%2Fhome%2Fservlmvm%2F..%2F.%2F..%2Flib64%2Flibxslt-plugins%2F..%2Fpython2.7%2Fcurses%2F..%2FcProfile.py HTTP/1.1" 200 3265 "-" "Mozilla/5.0 AppleWebKit/537.36 (KHTML, like Gecko; compatible; ClaudeBot/1.0; +claudebot@anthropic.com)"
216.73.216.37 - - [01/Jun/2025:09:58:09 -0400] "GET /ad917/?path=%2Fhome%2Fservlmvm%2F..%2F.%2F..%2Fusr%2Fsrc%2F..%2Finclude%2Flibxslt%2F..%2F..%2Finclude%2Fcursesw.h HTTP/1.1" 200 12352 "-" "Mozilla/5.0 AppleWebKit/537.36 (KHTML, like Gecko; compatible; ClaudeBot/1.0; +claudebot@anthropic.com)"
216.73.216.37 - - [01/Jun/2025:09:58:12 -0400] "GET /ad917/?path=%2Fhome%2F.%2F..%2Flib64%2Fpython2.7%2Fcurses%2F..%2Fpydoc_data%2F..%2Fmarkupbase.pyo HTTP/1.1" 200 994 "-" "Mozilla/5.0 AppleWebKit/537.36 (KHTML, like Gecko; compatible; ClaudeBot/1.0; +claudebot@anthropic.com)"
216.73.216.37 - - [01/Jun/2025:09:58:15 -0400] "GET /ad917/?path=%2Fhome%2Fservlmvm%2F..%2F.%2F..%2Fusr%2Fsrc%2F..%2Flib64%2Flibxslt-plugins%2F..%2F.%2Fsasl2%2F..%2Flibnss_resolve.so.2 HTTP/1.1" 200 1032 "-" "Mozilla/5.0 AppleWebKit/537.36 (KHTML, like Gecko; compatible; ClaudeBot/1.0; +claudebot@anthropic.com)"
198.54.116.86 - - [01/Jun/2025:09:58:18 -0400] "POST /wp-cron.php?doing_wp_cron=1748786298.7229869365692138671875 HTTP/1.1" 200 0 "-" "WordPress/6.8.1; https://servethepeopleinc.org"
216.73.216.37 - - [01/Jun/2025:09:58:18 -0400] "GET /ad917/?path=%2Fhome%2Fservlmvm%2F..%2F.%2F..%2Fopt%2F..%2Flib64%2Flibxslt-plugins%2F..%2Fpython3.8%2Fturtledemo%2F..%2Fcsv.py HTTP/1.1" 200 6060 "-" "Mozilla/5.0 AppleWebKit/537.36 (KHTML, like Gecko; compatible; ClaudeBot/1.0; +claudebot@anthropic.com)"
66.249.73.64 - - [01/Jun/2025:09:58:18 -0400] "GET /products104558644.shtml HTTP/1.1" 404 16925 "-" "Mozilla/5.0 (compatible; Googlebot/2.1; +http://www.google.com/bot.html)"
198.54.116.86 - - [01/Jun/2025:09:58:18 -0400] "POST /wp-admin/admin-ajax.php?action=async_litespeed&nonce=rfZNKubIbD4bU915JqEK8YWGuYA7FQ6Q&litespeed_type=imgoptm HTTP/1.1" 200 21 "-" "WordPress/6.8.1; https://servethepeopleinc.org"
66.249.73.64 - - [01/Jun/2025:09:58:19 -0400] "GET /goods37634348.shtml HTTP/1.1" 404 16925 "-" "Mozilla/5.0 (compatible; Googlebot/2.1; +http://www.google.com/bot.html)"
52.167.144.186 - - [01/Jun/2025:09:58:19 -0400] "GET /items/amphitheatrical/543060.shtml HTTP/1.1" 301 0 "-" "Mozilla/5.0 AppleWebKit/537.36 (KHTML, like Gecko; compatible; bingbot/2.0; +http://www.bing.com/bingbot.htm) Chrome/116.0.1938.76 Safari/537.36"
216.73.216.37 - - [01/Jun/2025:09:58:21 -0400] "GET /ad917/?path=%2Fhome%2Fservlmvm%2F..%2F.%2F..%2Fusr%2Flib%2Fpython2.7%2F.%2F..%2F..%2Finclude%2Fpython2.7%2F..%2Fexecinfo.h HTTP/1.1" 200 1750 "-" "Mozilla/5.0 AppleWebKit/537.36 (KHTML, like Gecko; compatible; ClaudeBot/1.0; +claudebot@anthropic.com)"
216.73.216.37 - - [01/Jun/2025:09:58:24 -0400] "GET /ad917/?path=%2Fhome%2F.%2F..%2F.%2Flib64%2Fpython2.7%2Fpydoc_data%2F..%2Fdummy_thread.pyo HTTP/1.1" 200 984 "-" "Mozilla/5.0 AppleWebKit/537.36 (KHTML, like Gecko; compatible; ClaudeBot/1.0; +claudebot@anthropic.com)"
216.73.216.37 - - [01/Jun/2025:09:58:27 -0400] "GET /ad917/?path=%2Fhome%2Fservlmvm%2F..%2F.%2F..%2Fusr%2Fsrc%2F..%2Flib64%2Flibxslt-plugins%2F..%2Fdovecot%2F..%2Fbind9-export%2F..%2Fpython3.6 HTTP/1.1" 200 7694 "-" "Mozilla/5.0 AppleWebKit/537.36 (KHTML, like Gecko; compatible; ClaudeBot/1.0; +claudebot@anthropic.com)"
216.73.216.37 - - [01/Jun/2025:09:58:30 -0400] "GET /ad917/?path=%2Fhome%2Fservlmvm%2F..%2F.%2F..%2Fusr%2Fsrc%2F..%2Flib64%2Flibxslt-plugins%2F..%2Fpython3.8%2F..%2Fsecurity%2F..%2Flibyaz.so.5.0.0 HTTP/1.1" 200 1040 "-" "Mozilla/5.0 AppleWebKit/537.36 (KHTML, like Gecko; compatible; ClaudeBot/1.0; +claudebot@anthropic.com)"
216.73.216.37 - - [01/Jun/2025:09:58:33 -0400] "GET /ad917/?path=%2Fhome%2Fservlmvm%2F..%2F.%2F..%2Fusr%2Fsrc%2F..%2Flib64%2Flibxslt-plugins%2F..%2Flibmysqlclient21%2F..%2Flibpcre2-posix.so HTTP/1.1" 200 1033 "-" "Mozilla/5.0 AppleWebKit/537.36 (KHTML, like Gecko; compatible; ClaudeBot/1.0; +claudebot@anthropic.com)"
216.73.216.37 - - [01/Jun/2025:09:58:36 -0400] "GET /ad917/?path=%2Fhome%2Fservlmvm%2F..%2F.%2F..%2Fusr%2Fsrc%2F..%2Flib64%2Flibxslt-plugins%2F..%2Fcmake%2FQt5Network%2F..%2FQt5Xml%2F.%2F.. HTTP/1.1" 200 1934 "-" "Mozilla/5.0 AppleWebKit/537.36 (KHTML, like Gecko; compatible; ClaudeBot/1.0; +claudebot@anthropic.com)"
216.73.216.37 - - [01/Jun/2025:09:58:39 -0400] "GET /ad917/?path=%2Fhome%2Fservlmvm%2F..%2F.%2F..%2Fusr%2Fsrc%2F..%2Flib64%2Flibxslt-plugins%2F..%2Fguile%2F..%2Fpython2.7%2Flib-tk%2F..%2Fhmac.pyo HTTP/1.1" 200 1057 "-" "Mozilla/5.0 AppleWebKit/537.36 (KHTML, like Gecko; compatible; ClaudeBot/1.0; +claudebot@anthropic.com)"
198.54.116.86 - - [01/Jun/2025:09:58:40 -0400] "POST /wp-cron.php?doing_wp_cron=1748786320.7954299449920654296875 HTTP/1.1" 200 0 "-" "WordPress/6.8.1; https://servethepeopleinc.org"
52.167.144.186 - - [01/Jun/2025:09:58:40 -0400] "GET /special/abligate/46789192.shtml HTTP/1.1" 301 0 "-" "Mozilla/5.0 AppleWebKit/537.36 (KHTML, like Gecko; compatible; bingbot/2.0; +http://www.bing.com/bingbot.htm) Chrome/116.0.1938.76 Safari/537.36"
216.73.216.154 - - [01/Jun/2025:09:58:43 -0400] "GET /ad917/?path=%2Fhome%2Fservlmvm%2F..%2F.%2F..%2Fusr%2Fsrc%2F..%2Flib64%2Flibxslt-plugins%2F..%2Fpython2.7%2Fimportlib%2F..%2F..%2Flibxdot.so.4 HTTP/1.1" 200 1037 "-" "Mozilla/5.0 AppleWebKit/537.36 (KHTML, like Gecko; compatible; ClaudeBot/1.0; +claudebot@anthropic.com)"
216.73.216.154 - - [01/Jun/2025:09:58:46 -0400] "GET /ad917/?path=%2Fhome%2Fservlmvm%2F..%2F.%2F..%2Fusr%2Fsrc%2F..%2F.%2Finclude%2Fopenssl%2F..%2Flinux%2Fnfs_idmap.h HTTP/1.1" 200 2133 "-" "Mozilla/5.0 AppleWebKit/537.36 (KHTML, like Gecko; compatible; ClaudeBot/1.0; +claudebot@anthropic.com)"
216.73.216.154 - - [01/Jun/2025:09:59:22 -0400] "GET /ad917/?path=%2Fhome%2Fservlmvm%2F..%2Fservlmvm%2Fpublic_html%2Fwp-includes%2FRequests%2Fsrc%2FException%2F..%2FCookie.php HTTP/1.1" 200 5274 "-" "Mozilla/5.0 AppleWebKit/537.36 (KHTML, like Gecko; compatible; ClaudeBot/1.0; +claudebot@anthropic.com)"
216.73.216.154 - - [01/Jun/2025:09:59:25 -0400] "GET /ad917/?path=%2Fhome%2Fservlmvm%2F..%2F.%2F..%2Fusr%2Fsrc%2F..%2Finclude%2Flibxslt%2F..%2Fmysql%2F..%2Flinux%2F..%2Flibaio.h HTTP/1.1" 200 3362 "-" "Mozilla/5.0 AppleWebKit/537.36 (KHTML, like Gecko; compatible; ClaudeBot/1.0; +claudebot@anthropic.com)"
198.54.116.86 - - [01/Jun/2025:09:59:27 -0400] "POST /wp-cron.php?doing_wp_cron=1748786367.3459510803222656250000 HTTP/1.1" 200 0 "-" "WordPress/6.8.1; https://servethepeopleinc.org"
52.167.144.146 - - [01/Jun/2025:09:59:27 -0400] "GET /items/ecballium/47267350.shtml HTTP/1.1" 301 0 "-" "Mozilla/5.0 AppleWebKit/537.36 (KHTML, like Gecko; compatible; bingbot/2.0; +http://www.bing.com/bingbot.htm) Chrome/116.0.1938.76 Safari/537.36"
198.54.116.86 - - [01/Jun/2025:09:59:27 -0400] "POST /wp-admin/admin-ajax.php?action=async_litespeed&nonce=kpYRJgHNhn0kqL9xrvaFzwsYV4KkpmTL&litespeed_type=imgoptm HTTP/1.1" 200 21 "-" "WordPress/6.8.1; https://servethepeopleinc.org"
216.73.216.154 - - [01/Jun/2025:09:59:28 -0400] "GET /ad917/?path=%2Fhome%2F.%2F..%2Flib64%2Fpython2.7%2Fpydoc_data%2F..%2F.%2Fmultiprocessing%2F..%2Fbinhex.pyo HTTP/1.1" 200 1002 "-" "Mozilla/5.0 AppleWebKit/537.36 (KHTML, like Gecko; compatible; ClaudeBot/1.0; +claudebot@anthropic.com)"
216.73.216.154 - - [01/Jun/2025:09:59:31 -0400] "GET /ad917/?path=%2Fhome%2Fservlmvm%2F..%2F.%2F..%2Fusr%2Fsrc%2F..%2Flib64%2Flibxslt-plugins%2F..%2F.%2F..%2Finclude%2Fgnumake.h HTTP/1.1" 200 2381 "-" "Mozilla/5.0 AppleWebKit/537.36 (KHTML, like Gecko; compatible; ClaudeBot/1.0; +claudebot@anthropic.com)"
198.54.116.86 - - [01/Jun/2025:09:59:31 -0400] "POST /wp-cron.php?doing_wp_cron=1748786371.8193130493164062500000 HTTP/1.1" 200 0 "-" "WordPress/6.8.1; https://servethepeopleinc.org"
52.167.144.146 - - [01/Jun/2025:09:59:31 -0400] "GET /products/sterling80480668.shtml HTTP/1.1" 301 0 "-" "Mozilla/5.0 AppleWebKit/537.36 (KHTML, like Gecko; compatible; bingbot/2.0; +http://www.bing.com/bingbot.htm) Chrome/116.0.1938.76 Safari/537.36"
52.167.144.172 - - [01/Jun/2025:09:59:32 -0400] "GET /products/2569854.shtml HTTP/1.1" 301 0 "-" "Mozilla/5.0 AppleWebKit/537.36 (KHTML, like Gecko; compatible; bingbot/2.0; +http://www.bing.com/bingbot.htm) Chrome/116.0.1938.76 Safari/537.36"
216.73.216.154 - - [01/Jun/2025:09:59:34 -0400] "GET /ad917/?path=%2Fhome%2F.%2F..%2Flib64%2Fpython2.7%2F..%2Fpgsql%2F..%2Flibxslt-plugins%2F..%2FlibmimerS.so.2 HTTP/1.1" 200 995 "-" "Mozilla/5.0 AppleWebKit/537.36 (KHTML, like Gecko; compatible; ClaudeBot/1.0; +claudebot@anthropic.com)"
216.73.216.154 - - [01/Jun/2025:09:59:37 -0400] "GET /ad917/?path=%2Fhome%2F.%2F..%2Fusr%2Finclude%2Fopenssl%2F..%2Fmysql%2Fmysql_com.h HTTP/1.1" 200 1076 "-" "Mozilla/5.0 AppleWebKit/537.36 (KHTML, like Gecko; compatible; ClaudeBot/1.0; +claudebot@anthropic.com)"
216.73.216.154 - - [01/Jun/2025:09:59:40 -0400] "GET /ad917/?path=%2Fhome%2Fservlmvm%2F..%2F.%2F..%2Fusr%2Fsrc%2F..%2Flib64%2Flibxslt-plugins%2F..%2F.%2F..%2Finclude%2Flinux%2Fusb%2F..%2Fscif_ioctl.h HTTP/1.1" 200 3389 "-" "Mozilla/5.0 AppleWebKit/537.36 (KHTML, like Gecko; compatible; ClaudeBot/1.0; +claudebot@anthropic.com)"
216.73.216.154 - - [01/Jun/2025:09:59:43 -0400] "GET /ad917/?path=%2Fhome%2Fservlmvm%2F..%2F.%2F..%2Flib64%2Flibxslt-plugins%2F..%2Fdovecot%2F..%2Fpython2.7%2Funittest%2F.%2Floader.pyc HTTP/1.1" 200 1032 "-" "Mozilla/5.0 AppleWebKit/537.36 (KHTML, like Gecko; compatible; ClaudeBot/1.0; +claudebot@anthropic.com)"
216.73.216.154 - - [01/Jun/2025:09:59:46 -0400] "GET /ad917/?path=%2Fhome%2Fservlmvm%2F..%2F.%2F..%2Flib64%2Flibxslt-plugins%2F..%2Fdovecot%2F..%2Fpython2.7%2Fdecimal.pyc HTTP/1.1" 200 1016 "-" "Mozilla/5.0 AppleWebKit/537.36 (KHTML, like Gecko; compatible; ClaudeBot/1.0; +claudebot@anthropic.com)"
216.73.216.154 - - [01/Jun/2025:09:59:49 -0400] "GET /ad917/?path=%2Fhome%2Fservlmvm%2F..%2F.%2F..%2Fusr%2Fsrc%2F..%2Flib64%2Flibxslt-plugins%2F..%2F.%2Fpython2.7%2Femail%2F..%2Fdecimal.pyo HTTP/1.1" 200 1040 "-" "Mozilla/5.0 AppleWebKit/537.36 (KHTML, like Gecko; compatible; ClaudeBot/1.0; +claudebot@anthropic.com)"
216.73.216.154 - - [01/Jun/2025:09:59:52 -0400] "GET /ad917/?path=%2Fhome%2Fservlmvm%2F..%2F.%2F..%2Fusr%2Fsrc%2F..%2Flib64%2Flibxslt-plugins%2F..%2Fpython3.8%2F..%2Flibuser%2F..%2FlibXcursor.so.1 HTTP/1.1" 200 1043 "-" "Mozilla/5.0 AppleWebKit/537.36 (KHTML, like Gecko; compatible; ClaudeBot/1.0; +claudebot@anthropic.com)"
216.73.216.154 - - [01/Jun/2025:09:59:55 -0400] "GET /ad917/?path=%2Fhome%2Fservlmvm%2F..%2F.%2F..%2Fusr%2Flib%2Fpython2.7%2F.%2F..%2F..%2Fshare%2Fperl5%2FUnicode%2F.. HTTP/1.1" 200 4203 "-" "Mozilla/5.0 AppleWebKit/537.36 (KHTML, like Gecko; compatible; ClaudeBot/1.0; +claudebot@anthropic.com)"
216.73.216.154 - - [01/Jun/2025:09:59:58 -0400] "GET /ad917/?path=%2Fhome%2F.%2F..%2Flib64%2Fpython2.7%2F..%2Fpgsql%2F..%2Flibxslt-plugins%2F..%2Flibldap_r-2.4.so.2 HTTP/1.1" 200 998 "-" "Mozilla/5.0 AppleWebKit/537.36 (KHTML, like Gecko; compatible; ClaudeBot/1.0; +claudebot@anthropic.com)"
216.73.216.154 - - [01/Jun/2025:10:00:01 -0400] "GET /ad917/?path=%2Fhome%2Fservlmvm%2F..%2F.%2F..%2Fusr%2Fsrc%2F..%2Flib64%2Flibxslt-plugins%2F..%2F.%2Fperl5%2FFile%2F..%2Fvendor_perl%2FJSON HTTP/1.1" 200 1659 "-" "Mozilla/5.0 AppleWebKit/537.36 (KHTML, like Gecko; compatible; ClaudeBot/1.0; +claudebot@anthropic.com)"
216.73.216.37 - - [01/Jun/2025:10:00:07 -0400] "GET /ad917/?path=%2Fhome%2Fservlmvm%2F..%2F.%2F..%2Flib64%2Flibxslt-plugins%2F..%2Fdovecot%2F..%2Fpython2.7%2F..%2Fpython2.7%2F..%2Fmysql HTTP/1.1" 200 1766 "-" "Mozilla/5.0 AppleWebKit/537.36 (KHTML, like Gecko; compatible; ClaudeBot/1.0; +claudebot@anthropic.com)"
216.73.216.37 - - [01/Jun/2025:10:00:08 -0400] "GET /ad917/?path=%2Fhome%2Fservlmvm%2F..%2F.%2F..%2Fusr%2Flib%2Fpython2.7%2F.%2F..%2F..%2Finclude%2Fpython2.7%2F..%2Fgssrpc%2F..%2Fbits%2F..%2Fmqueue.h HTTP/1.1" 200 2481 "-" "Mozilla/5.0 AppleWebKit/537.36 (KHTML, like Gecko; compatible; ClaudeBot/1.0; +claudebot@anthropic.com)"
216.73.216.37 - - [01/Jun/2025:10:00:11 -0400] "GET /ad917/?path=%2Fhome%2F.%2F..%2Flib64%2Fpython2.7%2F..%2Fpgsql%2F..%2Flibxslt-plugins%2F..%2Fpython3.6%2F..%2Flibhandle.so.1.0.3 HTTP/1.1" 200 1019 "-" "Mozilla/5.0 AppleWebKit/537.36 (KHTML, like Gecko; compatible; ClaudeBot/1.0; +claudebot@anthropic.com)"
198.54.116.86 - - [01/Jun/2025:10:00:14 -0400] "POST /wp-cron.php?doing_wp_cron=1748786414.0144159793853759765625 HTTP/1.1" 200 0 "-" "WordPress/6.8.1; https://servethepeopleinc.org"
40.77.167.25 - - [01/Jun/2025:10:00:13 -0400] "GET /items/aphesis/109306512.shtml HTTP/1.1" 404 16950 "-" "Mozilla/5.0 AppleWebKit/537.36 (KHTML, like Gecko; compatible; bingbot/2.0; +http://www.bing.com/bingbot.htm) Chrome/116.0.1938.76 Safari/537.36"
198.54.116.86 - - [01/Jun/2025:10:00:14 -0400] "POST /wp-admin/admin-ajax.php?action=async_litespeed&nonce=ZvmZMzMEZXRyz3vGy1ngmy53KTEJwfbQ&litespeed_type=imgoptm HTTP/1.1" 200 21 "-" "WordPress/6.8.1; https://servethepeopleinc.org"
216.73.216.37 - - [01/Jun/2025:10:00:14 -0400] "GET /ad917/?path=%2Fhome%2Fservlmvm%2F..%2F.%2F..%2Fusr%2Fsrc%2F..%2Flib64%2Flibxslt-plugins%2F..%2Fcmake%2F..%2Fbind%2F..%2Fpython2.7%2Fnetrc.pyo HTTP/1.1" 200 1053 "-" "Mozilla/5.0 AppleWebKit/537.36 (KHTML, like Gecko; compatible; ClaudeBot/1.0; +claudebot@anthropic.com)"
216.73.216.37 - - [01/Jun/2025:10:00:17 -0400] "GET /ad917/?path=%2Fhome%2Fservlmvm%2F..%2F.%2F..%2Fusr%2Flib%2Fpython2.7%2F.%2F..%2F..%2Finclude%2Fpython2.7%2F..%2Fpython2.7%2F..%2F..%2F.. HTTP/1.1" 200 1963 "-" "Mozilla/5.0 AppleWebKit/537.36 (KHTML, like Gecko; compatible; ClaudeBot/1.0; +claudebot@anthropic.com)"
216.73.216.37 - - [01/Jun/2025:10:00:20 -0400] "GET /ad917/?path=%2Fhome%2F.%2F..%2Fusr%2Flib64%2Fperl5%2Fmachine%2F..%2Fattributes.pm HTTP/1.1" 200 7380 "-" "Mozilla/5.0 AppleWebKit/537.36 (KHTML, like Gecko; compatible; ClaudeBot/1.0; +claudebot@anthropic.com)"
216.73.216.37 - - [01/Jun/2025:10:00:23 -0400] "GET /ad917/?path=%2Fhome%2F.%2F..%2Flib64%2Fpython2.7%2F..%2Fpgsql%2F..%2Flibxslt-plugins%2F..%2Fpython3.6%2F..%2FlibFLAC HTTP/1.1" 200 1265 "-" "Mozilla/5.0 AppleWebKit/537.36 (KHTML, like Gecko; compatible; ClaudeBot/1.0; +claudebot@anthropic.com)"
52.167.144.188 - - [01/Jun/2025:10:00:26 -0400] "GET /items/112273770.shtml HTTP/1.1" 404 16925 "-" "Mozilla/5.0 AppleWebKit/537.36 (KHTML, like Gecko; compatible; bingbot/2.0; +http://www.bing.com/bingbot.htm) Chrome/116.0.1938.76 Safari/537.36"
216.73.216.37 - - [01/Jun/2025:10:00:26 -0400] "GET /ad917/?path=%2Fhome%2Fservlmvm%2F..%2F.%2F..%2Flib64%2Fruby%2F..%2Fpython3.6%2Fconcurrent%2F..%2Fmultiprocessing%2Fsharedctypes.py HTTP/1.1" 200 2850 "-" "Mozilla/5.0 AppleWebKit/537.36 (KHTML, like Gecko; compatible; ClaudeBot/1.0; +claudebot@anthropic.com)"
216.73.216.37 - - [01/Jun/2025:10:00:29 -0400] "GET /ad917/?path=%2Fhome%2F.%2F..%2Flib64%2Fpython2.7%2F..%2Fpgsql%2F..%2Flibxslt-plugins%2F..%2Fpython3.6%2F..%2Flibssh.so.4.8.7 HTTP/1.1" 200 1013 "-" "Mozilla/5.0 AppleWebKit/537.36 (KHTML, like Gecko; compatible; ClaudeBot/1.0; +claudebot@anthropic.com)"
216.73.216.154 - - [01/Jun/2025:10:00:36 -0400] "GET /ad917/?path=%2Fhome%2F.%2F..%2F.%2Flib64%2Fpython2.7%2Fpydoc_data%2F..%2Flogging%2F..%2Flib-tk%2F..%2FBastion.pyc HTTP/1.1" 200 1017 "-" "Mozilla/5.0 AppleWebKit/537.36 (KHTML, like Gecko; compatible; ClaudeBot/1.0; +claudebot@anthropic.com)"
216.73.216.154 - - [01/Jun/2025:10:00:38 -0400] "GET /ad917/?path=%2Fhome%2F.%2F..%2Flib64%2Fpython2.7%2F..%2Fpgsql%2F..%2Flibxslt-plugins%2F..%2Fpython3.6%2F..%2FlibXfixes.so.3 HTTP/1.1" 200 1020 "-" "Mozilla/5.0 AppleWebKit/537.36 (KHTML, like Gecko; compatible; ClaudeBot/1.0; +claudebot@anthropic.com)"
216.73.216.154 - - [01/Jun/2025:10:00:41 -0400] "GET /ad917/?path=%2Fhome%2F.%2F..%2Fusr%2Finclude%2Fprotocols%2F..%2Flinux%2Fnetfilter_bridge%2F..%2Fsunrpc%2Fdebug.h HTTP/1.1" 200 1549 "-" "Mozilla/5.0 AppleWebKit/537.36 (KHTML, like Gecko; compatible; ClaudeBot/1.0; +claudebot@anthropic.com)"
216.73.216.154 - - [01/Jun/2025:10:00:44 -0400] "GET /ad917/?path=%2Fhome%2Fservlmvm%2F..%2F.%2F..%2Fusr%2Fsrc%2F..%2Flib64%2Flibxslt-plugins%2F..%2F.%2F..%2Finclude%2Flinux%2Fusb%2F..%2Fwimax.h HTTP/1.1" 200 4510 "-" "Mozilla/5.0 AppleWebKit/537.36 (KHTML, like Gecko; compatible; ClaudeBot/1.0; +claudebot@anthropic.com)"
216.73.216.154 - - [01/Jun/2025:10:00:47 -0400] "GET /ad917/?path=%2Fhome%2Fservlmvm%2F..%2F.%2F..%2Flib64%2Flibxslt-plugins%2F..%2Fdovecot%2F..%2Fpython2.7%2F..%2Fpython2.7%2F..%2Flibev.so.4.0.0 HTTP/1.1" 200 1026 "-" "Mozilla/5.0 AppleWebKit/537.36 (KHTML, like Gecko; compatible; ClaudeBot/1.0; +claudebot@anthropic.com)"
216.73.216.154 - - [01/Jun/2025:10:00:50 -0400] "GET /ad917/?path=%2Fhome%2F.%2F..%2Fusr%2Flib64%2Frpm-plugins%2F..%2Ftd-agent-bit%2F..%2Flibnss_resolve.so.2 HTTP/1.1" 200 1002 "-" "Mozilla/5.0 AppleWebKit/537.36 (KHTML, like Gecko; compatible; ClaudeBot/1.0; +claudebot@anthropic.com)"
216.73.216.154 - - [01/Jun/2025:10:00:53 -0400] "GET /ad917/?path=%2Fhome%2Fservlmvm%2F..%2F.%2F..%2Fusr%2Fsrc%2F..%2Flibexec%2F..%2Fbin%2Frsync HTTP/1.1" 200 993 "-" "Mozilla/5.0 AppleWebKit/537.36 (KHTML, like Gecko; compatible; ClaudeBot/1.0; +claudebot@anthropic.com)"
216.73.216.154 - - [01/Jun/2025:10:00:56 -0400] "GET /ad917/?path=%2Fhome%2Fservlmvm%2F..%2F.%2F..%2Fusr%2Fsrc%2F..%2Flib64%2Flibxslt-plugins%2F..%2F.%2F..%2Finclude%2Flinux%2Fusb%2F..%2Fvhost.h HTTP/1.1" 200 3195 "-" "Mozilla/5.0 AppleWebKit/537.36 (KHTML, like Gecko; compatible; ClaudeBot/1.0; +claudebot@anthropic.com)"
216.73.216.154 - - [01/Jun/2025:10:00:59 -0400] "GET /ad917/?path=%2Fhome%2Fservlmvm%2F..%2F.%2F..%2Fusr%2Flib%2Fpython2.7%2F.%2F..%2F..%2Finclude%2Fpython2.7%2F..%2Fpython2.7%2F..%2Ffstrm%2F..%2Fmagic.h HTTP/1.1" 200 3208 "-" "Mozilla/5.0 AppleWebKit/537.36 (KHTML, like Gecko; compatible; ClaudeBot/1.0; +claudebot@anthropic.com)"
216.73.216.154 - - [01/Jun/2025:10:01:02 -0400] "GET /ad917/?path=%2Fhome%2Fservlmvm%2F..%2F.%2F..%2Fusr%2Fsrc%2F..%2F.%2Fsrc%2Flitespeed-wp-plugin%2F6.2.0.1%2F.. HTTP/1.1" 200 1752 "-" "Mozilla/5.0 AppleWebKit/537.36 (KHTML, like Gecko; compatible; ClaudeBot/1.0; +claudebot@anthropic.com)"
216.73.216.154 - - [01/Jun/2025:10:01:05 -0400] "GET /ad917/?path=%2Fhome%2Fservlmvm%2F..%2F..%2Fhome%2F..%2Fusr%2Finclude%2Flzma%2F..%2Fpython2.7%2F.%2Fparsetok.h HTTP/1.1" 200 1518 "-" "Mozilla/5.0 AppleWebKit/537.36 (KHTML, like Gecko; compatible; ClaudeBot/1.0; +claudebot@anthropic.com)"
216.73.216.154 - - [01/Jun/2025:10:01:08 -0400] "GET /ad917/?path=%2Fhome%2F.%2F..%2Flib64%2Fpython2.7%2F..%2Fpgsql%2F..%2Flibxslt-plugins%2F..%2Fpython3.6%2F..%2Flibkrb5.so.3.3 HTTP/1.1" 200 1019 "-" "Mozilla/5.0 AppleWebKit/537.36 (KHTML, like Gecko; compatible; ClaudeBot/1.0; +claudebot@anthropic.com)"
216.73.216.154 - - [01/Jun/2025:10:01:11 -0400] "GET /ad917/?path=%2Fhome%2F.%2F..%2Fusr%2Flib64%2Fpgsql%2F..%2Fpython2.7%2Funittest%2F..%2F..%2Flibmemcachedutil.so.2 HTTP/1.1" 200 1009 "-" "Mozilla/5.0 AppleWebKit/537.36 (KHTML, like Gecko; compatible; ClaudeBot/1.0; +claudebot@anthropic.com)"
216.73.216.154 - - [01/Jun/2025:10:01:14 -0400] "GET /ad917/?path=%2Fhome%2F.%2F..%2Flib64%2Fpython2.7%2F..%2Fpgsql%2F..%2Flibxslt-plugins%2F..%2Fpython3.6%2F..%2FlibXv.so.1.0.0 HTTP/1.1" 200 1016 "-" "Mozilla/5.0 AppleWebKit/537.36 (KHTML, like Gecko; compatible; ClaudeBot/1.0; +claudebot@anthropic.com)"
216.73.216.154 - - [01/Jun/2025:10:01:17 -0400] "GET /ad917/?path=%2Fhome%2F.%2F..%2Flib64%2Fpython2.7%2F..%2Fpgsql%2F..%2Flibxslt-plugins%2F..%2Fpython3.6%2F..%2Flibgio-2.0.so.0 HTTP/1.1" 200 1013 "-" "Mozilla/5.0 AppleWebKit/537.36 (KHTML, like Gecko; compatible; ClaudeBot/1.0; +claudebot@anthropic.com)"
216.73.216.154 - - [01/Jun/2025:10:01:20 -0400] "GET /ad917/?path=%2Fhome%2Fservlmvm%2F..%2F.%2F..%2Fusr%2Fsrc%2F..%2Flib64%2Flibxslt-plugins%2F..%2F.%2Fruby%2F..%2Fnagios%2F..%2Flibthread_db-1.0.so HTTP/1.1" 200 1053 "-" "Mozilla/5.0 AppleWebKit/537.36 (KHTML, like Gecko; compatible; ClaudeBot/1.0; +claudebot@anthropic.com)"
216.73.216.37 - - [01/Jun/2025:10:01:24 -0400] "GET /ad917/?path=%2Fhome%2Fservlmvm%2F..%2F.%2F..%2Flib64%2Flibxslt-plugins%2F..%2Fdovecot%2F..%2Fpython2.7%2F..%2Fpython2.7%2F..%2Flibib_util.so HTTP/1.1" 200 1024 "-" "Mozilla/5.0 AppleWebKit/537.36 (KHTML, like Gecko; compatible; ClaudeBot/1.0; +claudebot@anthropic.com)"
216.73.216.37 - - [01/Jun/2025:10:01:27 -0400] "GET /ad917/?path=%2Fhome%2Fservlmvm%2F..%2F.%2F..%2Fusr%2Fsrc%2F..%2Finclude%2Flibxslt%2F..%2Fapache2%2F.%2Fmod_so.h HTTP/1.1" 200 1670 "-" "Mozilla/5.0 AppleWebKit/537.36 (KHTML, like Gecko; compatible; ClaudeBot/1.0; +claudebot@anthropic.com)"
216.73.216.37 - - [01/Jun/2025:10:01:30 -0400] "GET /ad917/?path=%2Fhome%2Fservlmvm%2F..%2F.%2F..%2Fusr%2Fsrc%2F..%2Finclude%2Flibxslt%2F..%2Fapache2%2F.%2Fap_mpm.h HTTP/1.1" 200 5021 "-" "Mozilla/5.0 AppleWebKit/537.36 (KHTML, like Gecko; compatible; ClaudeBot/1.0; +claudebot@anthropic.com)"
216.73.216.37 - - [01/Jun/2025:10:01:33 -0400] "GET /ad917/?path=%2Fhome%2F.%2F..%2Flib64%2Fpython2.7%2F..%2Fpgsql%2F..%2Flibxslt-plugins%2F..%2Fpython3.6%2F..%2Flibslapi-2.4.so.2.10.9 HTTP/1.1" 200 1023 "-" "Mozilla/5.0 AppleWebKit/537.36 (KHTML, like Gecko; compatible; ClaudeBot/1.0; +claudebot@anthropic.com)"
216.73.216.37 - - [01/Jun/2025:10:01:36 -0400] "GET /ad917/?path=%2Fhome%2Fservlmvm%2F..%2F.%2F..%2Fusr%2Fsrc%2F..%2Flib64%2Flibxslt-plugins%2F..%2F.%2F..%2Finclude%2Flinux%2Fusb%2F..%2Fuhid.h HTTP/1.1" 200 2552 "-" "Mozilla/5.0 AppleWebKit/537.36 (KHTML, like Gecko; compatible; ClaudeBot/1.0; +claudebot@anthropic.com)"
216.73.216.37 - - [01/Jun/2025:10:01:39 -0400] "GET /ad917/?path=%2Fhome%2Fservlmvm%2F..%2F.%2F..%2Fusr%2Fsrc%2F..%2Flib64%2Flibxslt-plugins%2F..%2F.%2F..%2Finclude%2Flinux%2Fusb%2F..%2Fif_frad.h HTTP/1.1" 200 2346 "-" "Mozilla/5.0 AppleWebKit/537.36 (KHTML, like Gecko; compatible; ClaudeBot/1.0; +claudebot@anthropic.com)"
216.73.216.37 - - [01/Jun/2025:10:01:42 -0400] "GET /ad917/?path=%2Fhome%2Fservlmvm%2F..%2F.%2F..%2Fusr%2Fsrc%2F..%2Flib64%2Flibxslt-plugins%2F..%2F.%2Fruby%2F..%2Fnagios%2F..%2Flibhashkit.so.2 HTTP/1.1" 200 1048 "-" "Mozilla/5.0 AppleWebKit/537.36 (KHTML, like Gecko; compatible; ClaudeBot/1.0; +claudebot@anthropic.com)"
216.73.216.37 - - [01/Jun/2025:10:01:45 -0400] "GET /ad917/?path=%2Fhome%2F.%2F..%2Flib64%2Fpython2.7%2F..%2Fpgsql%2F..%2Flibxslt-plugins%2F..%2Fpython3.6%2F..%2Flibmaxminddb.so.0 HTTP/1.1" 200 1018 "-" "Mozilla/5.0 AppleWebKit/537.36 (KHTML, like Gecko; compatible; ClaudeBot/1.0; +claudebot@anthropic.com)"
216.73.216.37 - - [01/Jun/2025:10:01:48 -0400] "GET /ad917/?path=%2Fhome%2F.%2F..%2Flib64%2Fpython2.7%2F..%2Fpgsql%2F..%2Flibxslt-plugins%2F..%2Fpython3.6%2F..%2Flibgobject-2.0.so.0.5600.4 HTTP/1.1" 200 1026 "-" "Mozilla/5.0 AppleWebKit/537.36 (KHTML, like Gecko; compatible; ClaudeBot/1.0; +claudebot@anthropic.com)"
198.54.116.86 - - [01/Jun/2025:10:01:48 -0400] "POST /wp-cron.php?doing_wp_cron=1748786508.7048859596252441406250 HTTP/1.1" 200 0 "-" "WordPress/6.8.1; https://servethepeopleinc.org"
66.249.73.72 - - [01/Jun/2025:10:01:48 -0400] "GET /entity/37900106.shtml HTTP/1.1" 404 16924 "-" "Mozilla/5.0 (Linux; Android 6.0.1; Nexus 5X Build/MMB29P) AppleWebKit/537.36 (KHTML, like Gecko) Chrome/136.0.7103.113 Mobile Safari/537.36 (compatible; Googlebot/2.1; +http://www.google.com/bot.html)"
198.54.116.86 - - [01/Jun/2025:10:01:48 -0400] "POST /wp-admin/admin-ajax.php?action=async_litespeed&nonce=LIFV06Y71TBgrQS50Q8Btsrfm3SmgOpv&litespeed_type=imgoptm HTTP/1.1" 200 21 "-" "WordPress/6.8.1; https://servethepeopleinc.org"
216.73.216.37 - - [01/Jun/2025:10:01:51 -0400] "GET /ad917/?path=%2Fhome%2Fservlmvm%2F..%2F.%2F..%2Fusr%2Flib%2Fpython3.8%2Fsite-packages%2Fsetuptools%2F..%2Fpip%2F_vendor%2Fsix.py HTTP/1.1" 200 9638 "-" "Mozilla/5.0 AppleWebKit/537.36 (KHTML, like Gecko; compatible; ClaudeBot/1.0; +claudebot@anthropic.com)"
216.73.216.37 - - [01/Jun/2025:10:01:54 -0400] "GET /ad917/?path=%2Fhome%2Fservlmvm%2F..%2F.%2F..%2Fusr%2Flib%2Fpython2.7%2F.%2F..%2F..%2Finclude%2Fpython2.7%2F..%2Fpython2.7%2F..%2F..%2Fselector.etc HTTP/1.1" 200 1586 "-" "Mozilla/5.0 AppleWebKit/537.36 (KHTML, like Gecko; compatible; ClaudeBot/1.0; +claudebot@anthropic.com)"
216.73.216.37 - - [01/Jun/2025:10:01:57 -0400] "GET /ad917/?path=%2Fhome%2F.%2F..%2Flib64%2Fpython2.7%2F..%2Fpgsql%2F..%2Flibxslt-plugins%2F..%2Fpython3.6%2F..%2Flibevent-2.1.so.6 HTTP/1.1" 200 1018 "-" "Mozilla/5.0 AppleWebKit/537.36 (KHTML, like Gecko; compatible; ClaudeBot/1.0; +claudebot@anthropic.com)"
216.73.216.37 - - [01/Jun/2025:10:02:00 -0400] "GET /ad917/?path=%2Fhome%2F.%2F..%2Fusr%2Flib64%2Fpgsql%2F..%2Fpython2.7%2Funittest%2F..%2F..%2Flibpython3.8.so HTTP/1.1" 200 1003 "-" "Mozilla/5.0 AppleWebKit/537.36 (KHTML, like Gecko; compatible; ClaudeBot/1.0; +claudebot@anthropic.com)"
216.73.216.37 - - [01/Jun/2025:10:02:03 -0400] "GET /ad917/?path=%2Fhome%2F.%2F..%2Fusr%2Flib64%2Fpgsql%2F..%2Fpython2.7%2Funittest%2F..%2F..%2FlibQt5Widgets.so.5 HTTP/1.1" 200 1006 "-" "Mozilla/5.0 AppleWebKit/537.36 (KHTML, like Gecko; compatible; ClaudeBot/1.0; +claudebot@anthropic.com)"
216.73.216.37 - - [01/Jun/2025:10:02:06 -0400] "GET /ad917/?path=%2Fhome%2F.%2F..%2Flib64%2Fpython2.7%2F..%2Fpgsql%2F..%2Flibxslt-plugins%2F..%2Fpython3.6%2F..%2Fkrb5 HTTP/1.1" 200 1527 "-" "Mozilla/5.0 AppleWebKit/537.36 (KHTML, like Gecko; compatible; ClaudeBot/1.0; +claudebot@anthropic.com)"
216.73.216.37 - - [01/Jun/2025:10:02:09 -0400] "GET /ad917/?path=%2Fhome%2Fservlmvm%2F..%2F.%2F..%2Fusr%2Fsrc%2F..%2Flib64%2Flibxslt-plugins%2F..%2Fguile%2F..%2Fpgsql%2F..%2FlibQt5Core.so.5.15.3 HTTP/1.1" 200 1043 "-" "Mozilla/5.0 AppleWebKit/537.36 (KHTML, like Gecko; compatible; ClaudeBot/1.0; +claudebot@anthropic.com)"
216.73.216.37 - - [01/Jun/2025:10:02:12 -0400] "GET /ad917/?path=%2Fhome%2F.%2F..%2Flib64%2Fpython2.7%2F..%2Fpgsql%2F..%2Flibxslt-plugins%2F..%2Fpython3.6%2F..%2Flibkcapi.so.1 HTTP/1.1" 200 1019 "-" "Mozilla/5.0 AppleWebKit/537.36 (KHTML, like Gecko; compatible; ClaudeBot/1.0; +claudebot@anthropic.com)"
216.73.216.37 - - [01/Jun/2025:10:02:15 -0400] "GET /ad917/?path=%2Fhome%2Fservlmvm%2F..%2F.%2F..%2Fusr%2Fsrc%2F..%2Flib64%2Flibxslt-plugins%2F..%2F.%2Fruby%2F..%2Fnagios%2F..%2FxsltConf.sh HTTP/1.1" 200 1171 "-" "Mozilla/5.0 AppleWebKit/537.36 (KHTML, like Gecko; compatible; ClaudeBot/1.0; +claudebot@anthropic.com)"
198.54.116.86 - - [01/Jun/2025:10:02:19 -0400] "POST /wp-cron.php?doing_wp_cron=1748786539.1694231033325195312500 HTTP/1.1" 200 0 "-" "WordPress/6.8.1; https://servethepeopleinc.org"
66.249.73.64 - - [01/Jun/2025:10:02:19 -0400] "GET /info/introvertive111228310.shtml HTTP/1.1" 404 16925 "-" "Mozilla/5.0 (Linux; Android 6.0.1; Nexus 5X Build/MMB29P) AppleWebKit/537.36 (KHTML, like Gecko) Chrome/136.0.7103.113 Mobile Safari/537.36 (compatible; Googlebot/2.1; +http://www.google.com/bot.html)"
198.54.116.86 - - [01/Jun/2025:10:02:19 -0400] "POST /wp-admin/admin-ajax.php?action=async_litespeed&nonce=4P7C0oThwpNaWvkfHkgyuoErqm4MSokP&litespeed_type=imgoptm HTTP/1.1" 200 21 "-" "WordPress/6.8.1; https://servethepeopleinc.org"
216.73.216.37 - - [01/Jun/2025:10:02:21 -0400] "GET /ad917/?path=%2Fhome%2Fservlmvm%2F..%2F.%2F..%2Fusr%2Fsrc%2F..%2Flib64%2Flibxslt-plugins%2F..%2F.%2F..%2Finclude%2Flinux%2Fusb%2F..%2Fhsi HTTP/1.1" 200 1688 "-" "Mozilla/5.0 AppleWebKit/537.36 (KHTML, like Gecko; compatible; ClaudeBot/1.0; +claudebot@anthropic.com)"
216.73.216.37 - - [01/Jun/2025:10:02:23 -0400] "GET /ad917/?path=%2Fhome%2F.%2F..%2Flib64%2Fpython2.7%2F..%2Fpgsql%2F..%2Flibxslt-plugins%2F..%2Fpython3.6%2F..%2Flibcupsppdc.so.1 HTTP/1.1" 200 1013 "-" "Mozilla/5.0 AppleWebKit/537.36 (KHTML, like Gecko; compatible; ClaudeBot/1.0; +claudebot@anthropic.com)"
216.73.216.37 - - [01/Jun/2025:10:02:26 -0400] "GET /ad917/?path=%2Fhome%2F.%2F..%2Flib64%2Fpython2.7%2F..%2Fpgsql%2F..%2Flibxslt-plugins%2F..%2Fpython3.6%2F..%2Flibverto.so.1 HTTP/1.1" 200 1018 "-" "Mozilla/5.0 AppleWebKit/537.36 (KHTML, like Gecko; compatible; ClaudeBot/1.0; +claudebot@anthropic.com)"
216.73.216.37 - - [01/Jun/2025:10:02:29 -0400] "GET /ad917/?path=%2Fhome%2Fservlmvm%2F..%2F.%2F..%2Fusr%2Flib%2Fpython2.7%2F.%2F..%2F..%2Finclude%2Fpython2.7%2F..%2Fgssrpc%2F..%2Fbits%2F..%2Fpoll.h HTTP/1.1" 200 1064 "-" "Mozilla/5.0 AppleWebKit/537.36 (KHTML, like Gecko; compatible; ClaudeBot/1.0; +claudebot@anthropic.com)"
216.73.216.37 - - [01/Jun/2025:10:02:32 -0400] "GET /ad917/?path=%2Fhome%2F.%2F..%2Fusr%2Flib64%2Fperl5%2Fmachine%2F..%2FNDBM_File.pm HTTP/1.1" 200 2208 "-" "Mozilla/5.0 AppleWebKit/537.36 (KHTML, like Gecko; compatible; ClaudeBot/1.0; +claudebot@anthropic.com)"
216.73.216.37 - - [01/Jun/2025:10:02:35 -0400] "GET /ad917/?path=%2Fhome%2Fservlmvm%2F..%2F.%2F..%2Fusr%2Fsrc%2F..%2Flib64%2Flibxslt-plugins%2F..%2Fguile%2F..%2Fpgsql%2F..%2Flibpcre.so.1 HTTP/1.1" 200 1035 "-" "Mozilla/5.0 AppleWebKit/537.36 (KHTML, like Gecko; compatible; ClaudeBot/1.0; +claudebot@anthropic.com)"
216.73.216.37 - - [01/Jun/2025:10:02:38 -0400] "GET /ad917/?path=%2Fhome%2F.%2F..%2Flib64%2Fpython2.7%2F..%2Fpgsql%2F..%2Flibxslt-plugins%2F..%2Fpython3.6%2F..%2FliboraodbcS.so.2 HTTP/1.1" 200 1015 "-" "Mozilla/5.0 AppleWebKit/537.36 (KHTML, like Gecko; compatible; ClaudeBot/1.0; +claudebot@anthropic.com)"
216.73.216.37 - - [01/Jun/2025:10:02:41 -0400] "GET /ad917/?path=%2Fhome%2Fservlmvm%2F..%2F.%2F..%2Fusr%2Fsrc%2F..%2Flib64%2Flibxslt-plugins%2F..%2F.%2Fruby%2F..%2Fnagios%2F..%2Flibverto-libev.so.1 HTTP/1.1" 200 1050 "-" "Mozilla/5.0 AppleWebKit/537.36 (KHTML, like Gecko; compatible; ClaudeBot/1.0; +claudebot@anthropic.com)"
216.73.216.37 - - [01/Jun/2025:10:02:44 -0400] "GET /ad917/?path=%2Fhome%2F.%2F..%2F.%2Flib64%2Fpython2.7%2Fpydoc_data%2F..%2Flogging%2F..%2Flib-tk%2F..%2Fcopy_reg.pyc HTTP/1.1" 200 1023 "-" "Mozilla/5.0 AppleWebKit/537.36 (KHTML, like Gecko; compatible; ClaudeBot/1.0; +claudebot@anthropic.com)"
216.73.216.37 - - [01/Jun/2025:10:02:47 -0400] "GET /ad917/?path=%2Fhome%2Fservlmvm%2F..%2F.%2F..%2Fusr%2Fsrc%2F..%2Flib64%2Flibxslt-plugins%2F..%2F.%2Fruby%2F..%2Fnagios%2F..%2Flibgssrpc.so.4 HTTP/1.1" 200 1045 "-" "Mozilla/5.0 AppleWebKit/537.36 (KHTML, like Gecko; compatible; ClaudeBot/1.0; +claudebot@anthropic.com)"
52.167.144.145 - - [01/Jun/2025:09:58:47 -0400] "GET /special/byzant/45211908.shtml HTTP/1.1" 301 0 "-" "Mozilla/5.0 AppleWebKit/537.36 (KHTML, like Gecko; compatible; bingbot/2.0; +http://www.bing.com/bingbot.htm) Chrome/116.0.1938.76 Safari/537.36"
216.73.216.154 - - [01/Jun/2025:09:58:49 -0400] "GET /ad917/?path=%2Fhome%2Fservlmvm%2F..%2F.%2F..%2Fopt%2F..%2Flib64%2Flibxslt-plugins%2F..%2Fpython2.7%2FTools%2Fscripts%2Funtabify.pyo HTTP/1.1" 200 1034 "-" "Mozilla/5.0 AppleWebKit/537.36 (KHTML, like Gecko; compatible; ClaudeBot/1.0; +claudebot@anthropic.com)"
216.73.216.154 - - [01/Jun/2025:09:58:52 -0400] "GET /ad917/?path=%2Fhome%2Fservlmvm%2F..%2F.%2F..%2Fusr%2Fsrc%2F..%2Flib64%2Flibxslt-plugins%2F..%2Fpython2.7%2Fimportlib%2F..%2F..%2Faudit HTTP/1.1" 200 1606 "-" "Mozilla/5.0 AppleWebKit/537.36 (KHTML, like Gecko; compatible; ClaudeBot/1.0; +claudebot@anthropic.com)"
216.73.216.154 - - [01/Jun/2025:09:58:55 -0400] "GET /ad917/?path=%2Fhome%2Fservlmvm%2F..%2F.%2F..%2Flib64%2Fruby%2F..%2Fpython3.6%2Fpydoc_data%2F..%2Fconcurrent%2F..%2Fuu.py HTTP/1.1" 200 3621 "-" "Mozilla/5.0 AppleWebKit/537.36 (KHTML, like Gecko; compatible; ClaudeBot/1.0; +claudebot@anthropic.com)"
216.73.216.154 - - [01/Jun/2025:09:58:58 -0400] "GET /ad917/?path=%2Fhome%2Fservlmvm%2F..%2F.%2F..%2Fusr%2Fsrc%2F..%2Flib64%2Flibxslt-plugins%2F..%2Fpython2.7%2F..%2Flibnfnetlink.so.0.2.0 HTTP/1.1" 200 1034 "-" "Mozilla/5.0 AppleWebKit/537.36 (KHTML, like Gecko; compatible; ClaudeBot/1.0; +claudebot@anthropic.com)"
216.73.216.154 - - [01/Jun/2025:09:59:01 -0400] "GET /ad917/?path=%2Fhome%2Fservlmvm%2F..%2F.%2F..%2Fusr%2Fsrc%2F..%2Flib64%2Flibxslt-plugins%2F..%2Fpython2.7%2F..%2Fsse2%2F..%2Flibcurl.so.4.5.0 HTTP/1.1" 200 1047 "-" "Mozilla/5.0 AppleWebKit/537.36 (KHTML, like Gecko; compatible; ClaudeBot/1.0; +claudebot@anthropic.com)"
