198.44.171.121 - - [12/Apr/2025:00:05:21 -0400] "GET /wp-content/uploads/ HTTP/1.1" 200 1280 "binance.com" "Mozilla/5.0 (Windows NT 10.0; Win64; x64) AppleWebKit/537.36 (KHTML, like Gecko) Chrome/90.0.4430.85 Safari/537.36"
198.44.171.121 - - [12/Apr/2025:00:05:31 -0400] "GET /wp-content/upgrade/ HTTP/1.1" 200 681 "binance.com" "Mozilla/5.0 (Windows NT 10.0; Win64; x64) AppleWebKit/537.36 (KHTML, like Gecko) Chrome/90.0.4430.85 Safari/537.36"
198.54.116.86 - - [12/Apr/2025:00:05:46 -0400] "POST /wp-cron.php?doing_wp_cron=1744430746.3584289550781250000000 HTTP/1.1" 200 0 "-" "WordPress/6.7.2; https://spekkshealth.com"
198.44.171.121 - - [12/Apr/2025:00:05:44 -0400] "GET /wp-content/languages/ HTTP/1.1" 404 19659 "binance.com" "Mozilla/5.0 (Windows NT 10.0; Win64; x64) AppleWebKit/537.36 (KHTML, like Gecko) Chrome/90.0.4430.85 Safari/537.36"
198.54.116.86 - - [12/Apr/2025:00:05:46 -0400] "POST /wp-admin/admin-ajax.php?action=async_litespeed&nonce=dvgwUG8UKgC9DyVb1LvrN34MDjJ7gZLQ&litespeed_type=imgoptm HTTP/1.1" 200 21 "-" "WordPress/6.7.2; https://spekkshealth.com"
198.44.171.121 - - [12/Apr/2025:00:05:57 -0400] "GET /wp-admin/includes/ HTTP/1.1" 200 4511 "binance.com" "Mozilla/5.0 (Windows NT 10.0; Win64; x64) AppleWebKit/537.36 (KHTML, like Gecko) Chrome/90.0.4430.85 Safari/537.36"
198.44.171.121 - - [12/Apr/2025:00:06:14 -0400] "GET /wp-admin/includes/ HTTP/1.1" 200 4485 "binance.com" "Mozilla/5.0 (Windows NT 10.0; Win64; x64) AppleWebKit/537.36 (KHTML, like Gecko) Chrome/90.0.4430.85 Safari/537.36"
198.44.171.121 - - [12/Apr/2025:00:06:25 -0400] "GET /wp-admin/maint/ HTTP/1.1" 200 771 "binance.com" "Mozilla/5.0 (Windows NT 10.0; Win64; x64) AppleWebKit/537.36 (KHTML, like Gecko) Chrome/90.0.4430.85 Safari/537.36"
198.44.171.121 - - [12/Apr/2025:00:06:33 -0400] "GET /wp-admin/maint/ HTTP/1.1" 200 771 "binance.com" "Mozilla/5.0 (Windows NT 10.0; Win64; x64) AppleWebKit/537.36 (KHTML, like Gecko) Chrome/90.0.4430.85 Safari/537.36"
198.54.116.86 - - [12/Apr/2025:00:06:45 -0400] "POST /wp-cron.php?doing_wp_cron=1744430805.1962459087371826171875 HTTP/1.1" 200 0 "-" "WordPress/6.7.2; https://spekkshealth.com"
198.44.171.121 - - [12/Apr/2025:00:06:45 -0400] "GET /wp-admin/network/ HTTP/1.1" 302 0 "binance.com" "Mozilla/5.0 (Windows NT 10.0; Win64; x64) AppleWebKit/537.36 (KHTML, like Gecko) Chrome/90.0.4430.85 Safari/537.36"
198.44.171.121 - - [12/Apr/2025:00:06:45 -0400] "GET /wp-login.php?redirect_to=https%3A%2F%2Fspekkshealth.com%2Fwp-admin%2Fnetwork%2F&reauth=1 HTTP/1.1" 200 2536 "binance.com" "Mozilla/5.0 (Windows NT 10.0; Win64; x64) AppleWebKit/537.36 (KHTML, like Gecko) Chrome/90.0.4430.85 Safari/537.36"
198.54.116.86 - - [12/Apr/2025:00:06:45 -0400] "POST /wp-admin/admin-ajax.php?action=async_litespeed&nonce=hB10k0gISfIRzvwJvz8XVTz5MBNgHWmt&litespeed_type=imgoptm HTTP/1.1" 200 21 "-" "WordPress/6.7.2; https://spekkshealth.com"
198.44.171.121 - - [12/Apr/2025:00:06:55 -0400] "GET /wp-admin/user/ HTTP/1.1" 302 0 "binance.com" "Mozilla/5.0 (Windows NT 10.0; Win64; x64) AppleWebKit/537.36 (KHTML, like Gecko) Chrome/90.0.4430.85 Safari/537.36"
198.44.171.121 - - [12/Apr/2025:00:06:56 -0400] "GET /wp-login.php?redirect_to=https%3A%2F%2Fspekkshealth.com%2Fwp-admin%2Fuser%2F&reauth=1 HTTP/1.1" 200 2533 "binance.com" "Mozilla/5.0 (Windows NT 10.0; Win64; x64) AppleWebKit/537.36 (KHTML, like Gecko) Chrome/90.0.4430.85 Safari/537.36"
198.44.171.121 - - [12/Apr/2025:00:07:20 -0400] "GET /wp-admin/css/ HTTP/1.1" 200 3704 "binance.com" "Mozilla/5.0 (Windows NT 10.0; Win64; x64) AppleWebKit/537.36 (KHTML, like Gecko) Chrome/90.0.4430.85 Safari/537.36"
198.44.171.121 - - [12/Apr/2025:00:07:31 -0400] "GET /wp-admin/css/colors/ HTTP/1.1" 200 1306 "binance.com" "Mozilla/5.0 (Windows NT 10.0; Win64; x64) AppleWebKit/537.36 (KHTML, like Gecko) Chrome/90.0.4430.85 Safari/537.36"
198.44.171.121 - - [12/Apr/2025:00:07:47 -0400] "GET /wp-admin/css/colors/blue/ HTTP/1.1" 200 880 "binance.com" "Mozilla/5.0 (Windows NT 10.0; Win64; x64) AppleWebKit/537.36 (KHTML, like Gecko) Chrome/90.0.4430.85 Safari/537.36"
198.44.171.121 - - [12/Apr/2025:00:07:56 -0400] "GET /wp-admin/css/colors/coffee/ HTTP/1.1" 200 880 "binance.com" "Mozilla/5.0 (Windows NT 10.0; Win64; x64) AppleWebKit/537.36 (KHTML, like Gecko) Chrome/90.0.4430.85 Safari/537.36"
198.44.171.121 - - [12/Apr/2025:00:08:07 -0400] "GET /wp-admin/css/colors/ectoplasm/ HTTP/1.1" 200 888 "binance.com" "Mozilla/5.0 (Windows NT 10.0; Win64; x64) AppleWebKit/537.36 (KHTML, like Gecko) Chrome/90.0.4430.85 Safari/537.36"
198.44.171.121 - - [12/Apr/2025:00:08:24 -0400] "GET /wp-admin/css/colors/light/ HTTP/1.1" 200 881 "binance.com" "Mozilla/5.0 (Windows NT 10.0; Win64; x64) AppleWebKit/537.36 (KHTML, like Gecko) Chrome/90.0.4430.85 Safari/537.36"
198.44.171.121 - - [12/Apr/2025:00:08:35 -0400] "GET /wp-admin/css/colors/midnight/ HTTP/1.1" 200 882 "binance.com" "Mozilla/5.0 (Windows NT 10.0; Win64; x64) AppleWebKit/537.36 (KHTML, like Gecko) Chrome/90.0.4430.85 Safari/537.36"
198.44.171.121 - - [12/Apr/2025:00:08:47 -0400] "GET /wp-admin/css/colors/modern/ HTTP/1.1" 200 885 "binance.com" "Mozilla/5.0 (Windows NT 10.0; Win64; x64) AppleWebKit/537.36 (KHTML, like Gecko) Chrome/90.0.4430.85 Safari/537.36"
198.44.171.121 - - [12/Apr/2025:00:08:57 -0400] "GET /wp-admin/css/colors/ocean/ HTTP/1.1" 200 882 "binance.com" "Mozilla/5.0 (Windows NT 10.0; Win64; x64) AppleWebKit/537.36 (KHTML, like Gecko) Chrome/90.0.4430.85 Safari/537.36"
198.54.116.86 - - [12/Apr/2025:00:09:08 -0400] "POST /wp-cron.php?doing_wp_cron=1744430948.9104349613189697265625 HTTP/1.1" 200 0 "-" "WordPress/6.7.2; https://spekkshealth.com"
198.44.171.121 - - [12/Apr/2025:00:09:06 -0400] "GET /wp-admin/css/colors/sunrise/%20 HTTP/1.1" 301 0 "binance.com" "Mozilla/5.0 (Windows NT 10.0; Win64; x64) AppleWebKit/537.36 (KHTML, like Gecko) Chrome/90.0.4430.85 Safari/537.36"
198.44.171.121 - - [12/Apr/2025:00:09:08 -0400] "GET /wp-admin/css/colors/sunrise/ HTTP/1.1" 200 882 "binance.com" "Mozilla/5.0 (Windows NT 10.0; Win64; x64) AppleWebKit/537.36 (KHTML, like Gecko) Chrome/90.0.4430.85 Safari/537.36"
198.54.116.86 - - [12/Apr/2025:00:09:09 -0400] "POST /wp-admin/admin-ajax.php?action=async_litespeed&nonce=bb1Oj4KE6Xl7qlWswp7Fn4nTR9Ok8MTt&litespeed_type=imgoptm HTTP/1.1" 200 21 "-" "WordPress/6.7.2; https://spekkshealth.com"
198.44.171.121 - - [12/Apr/2025:00:09:22 -0400] "GET /wp-admin/images/ HTTP/1.1" 200 3327 "binance.com" "Mozilla/5.0 (Windows NT 10.0; Win64; x64) AppleWebKit/537.36 (KHTML, like Gecko) Chrome/90.0.4430.85 Safari/537.36"
198.44.171.121 - - [12/Apr/2025:00:09:31 -0400] "GET /wp-admin/js/ HTTP/1.1" 200 4012 "binance.com" "Mozilla/5.0 (Windows NT 10.0; Win64; x64) AppleWebKit/537.36 (KHTML, like Gecko) Chrome/90.0.4430.85 Safari/537.36"
198.44.171.121 - - [12/Apr/2025:00:09:45 -0400] "GET /wp-admin/js/widgets/ HTTP/1.1" 200 1548 "binance.com" "Mozilla/5.0 (Windows NT 10.0; Win64; x64) AppleWebKit/537.36 (KHTML, like Gecko) Chrome/90.0.4430.85 Safari/537.36"
198.44.171.121 - - [12/Apr/2025:00:09:59 -0400] "GET /wp-includes/ HTTP/1.1" 200 0 "binance.com" "Mozilla/5.0 (Windows NT 10.0; Win64; x64) AppleWebKit/537.36 (KHTML, like Gecko) Chrome/90.0.4430.85 Safari/537.36"
198.44.171.121 - - [12/Apr/2025:00:10:15 -0400] "GET /wp-includes/ID3/ HTTP/1.1" 200 1623 "binance.com" "Mozilla/5.0 (Windows NT 10.0; Win64; x64) AppleWebKit/537.36 (KHTML, like Gecko) Chrome/90.0.4430.85 Safari/537.36"
198.44.171.121 - - [12/Apr/2025:00:10:29 -0400] "GET /wp-includes/ID3/ HTTP/1.1" 200 1623 "binance.com" "Mozilla/5.0 (Windows NT 10.0; Win64; x64) AppleWebKit/537.36 (KHTML, like Gecko) Chrome/90.0.4430.85 Safari/537.36"
198.44.171.121 - - [12/Apr/2025:00:10:41 -0400] "GET /wp-includes/IXR/ HTTP/1.1" 200 1416 "binance.com" "Mozilla/5.0 (Windows NT 10.0; Win64; x64) AppleWebKit/537.36 (KHTML, like Gecko) Chrome/90.0.4430.85 Safari/537.36"
198.44.171.121 - - [12/Apr/2025:00:10:53 -0400] "GET /wp-includes/IXR/ HTTP/1.1" 200 1416 "binance.com" "Mozilla/5.0 (Windows NT 10.0; Win64; x64) AppleWebKit/537.36 (KHTML, like Gecko) Chrome/90.0.4430.85 Safari/537.36"
198.44.171.121 - - [12/Apr/2025:00:11:04 -0400] "GET /wp-includes/PHPMailer/ HTTP/1.1" 200 845 "binance.com" "Mozilla/5.0 (Windows NT 10.0; Win64; x64) AppleWebKit/537.36 (KHTML, like Gecko) Chrome/90.0.4430.85 Safari/537.36"
198.44.171.121 - - [12/Apr/2025:00:11:19 -0400] "GET /wp-includes/PHPMailer/ HTTP/1.1" 200 845 "binance.com" "Mozilla/5.0 (Windows NT 10.0; Win64; x64) AppleWebKit/537.36 (KHTML, like Gecko) Chrome/90.0.4430.85 Safari/537.36"
198.44.171.121 - - [12/Apr/2025:00:11:27 -0400] "GET /wp-includes/Text/ HTTP/1.1" 200 905 "binance.com" "Mozilla/5.0 (Windows NT 10.0; Win64; x64) AppleWebKit/537.36 (KHTML, like Gecko) Chrome/90.0.4430.85 Safari/537.36"
198.44.171.121 - - [12/Apr/2025:00:11:35 -0400] "GET /wp-includes/Text/ HTTP/1.1" 200 905 "binance.com" "Mozilla/5.0 (Windows NT 10.0; Win64; x64) AppleWebKit/537.36 (KHTML, like Gecko) Chrome/90.0.4430.85 Safari/537.36"
198.44.171.121 - - [12/Apr/2025:00:11:46 -0400] "GET /wp-includes/Text/Diff/ HTTP/1.1" 200 864 "binance.com" "Mozilla/5.0 (Windows NT 10.0; Win64; x64) AppleWebKit/537.36 (KHTML, like Gecko) Chrome/90.0.4430.85 Safari/537.36"
198.44.171.121 - - [12/Apr/2025:00:11:56 -0400] "GET /wp-includes/Text/Diff/ HTTP/1.1" 200 864 "binance.com" "Mozilla/5.0 (Windows NT 10.0; Win64; x64) AppleWebKit/537.36 (KHTML, like Gecko) Chrome/90.0.4430.85 Safari/537.36"
198.44.171.121 - - [12/Apr/2025:00:12:09 -0400] "GET /wp-includes/Text/Diff/Engine/ HTTP/1.1" 200 879 "binance.com" "Mozilla/5.0 (Windows NT 10.0; Win64; x64) AppleWebKit/537.36 (KHTML, like Gecko) Chrome/90.0.4430.85 Safari/537.36"
198.44.171.121 - - [12/Apr/2025:00:12:23 -0400] "GET /wp-includes/Text/Diff/Engine/ HTTP/1.1" 200 879 "binance.com" "Mozilla/5.0 (Windows NT 10.0; Win64; x64) AppleWebKit/537.36 (KHTML, like Gecko) Chrome/90.0.4430.85 Safari/537.36"
198.44.171.121 - - [12/Apr/2025:00:12:31 -0400] "GET /wp-includes/Text/Diff/Renderer/ HTTP/1.1" 200 784 "binance.com" "Mozilla/5.0 (Windows NT 10.0; Win64; x64) AppleWebKit/537.36 (KHTML, like Gecko) Chrome/90.0.4430.85 Safari/537.36"
198.44.171.121 - - [12/Apr/2025:00:12:43 -0400] "GET /wp-includes/Text/Diff/Renderer/ HTTP/1.1" 200 784 "binance.com" "Mozilla/5.0 (Windows NT 10.0; Win64; x64) AppleWebKit/537.36 (KHTML, like Gecko) Chrome/90.0.4430.85 Safari/537.36"
198.44.171.121 - - [12/Apr/2025:00:12:51 -0400] "GET /wp-includes/blocks/ HTTP/1.1" 200 22 "binance.com" "Mozilla/5.0 (Windows NT 10.0; Win64; x64) AppleWebKit/537.36 (KHTML, like Gecko) Chrome/90.0.4430.85 Safari/537.36"
198.44.171.121 - - [12/Apr/2025:00:13:05 -0400] "GET /wp-includes/pomo/ HTTP/1.1" 200 1281 "binance.com" "Mozilla/5.0 (Windows NT 10.0; Win64; x64) AppleWebKit/537.36 (KHTML, like Gecko) Chrome/90.0.4430.85 Safari/537.36"
198.44.171.121 - - [12/Apr/2025:00:13:20 -0400] "GET /wp-includes/pomo/ HTTP/1.1" 200 1281 "binance.com" "Mozilla/5.0 (Windows NT 10.0; Win64; x64) AppleWebKit/537.36 (KHTML, like Gecko) Chrome/90.0.4430.85 Safari/537.36"
198.44.171.121 - - [12/Apr/2025:00:13:31 -0400] "GET /wp-includes/sitemaps/ HTTP/1.1" 200 1417 "binance.com" "Mozilla/5.0 (Windows NT 10.0; Win64; x64) AppleWebKit/537.36 (KHTML, like Gecko) Chrome/90.0.4430.85 Safari/537.36"
198.44.171.121 - - [12/Apr/2025:00:13:41 -0400] "GET /wp-includes/sitemaps/ HTTP/1.1" 200 1417 "binance.com" "Mozilla/5.0 (Windows NT 10.0; Win64; x64) AppleWebKit/537.36 (KHTML, like Gecko) Chrome/90.0.4430.85 Safari/537.36"
198.44.171.121 - - [12/Apr/2025:00:13:50 -0400] "GET /wp-includes/sitemaps/providers/ HTTP/1.1" 200 886 "binance.com" "Mozilla/5.0 (Windows NT 10.0; Win64; x64) AppleWebKit/537.36 (KHTML, like Gecko) Chrome/90.0.4430.85 Safari/537.36"
198.44.171.121 - - [12/Apr/2025:00:14:08 -0400] "GET /wp-includes/sitemaps/providers/ HTTP/1.1" 200 886 "binance.com" "Mozilla/5.0 (Windows NT 10.0; Win64; x64) AppleWebKit/537.36 (KHTML, like Gecko) Chrome/90.0.4430.85 Safari/537.36"
198.44.171.121 - - [12/Apr/2025:00:14:18 -0400] "GET /wp-includes/widgets/ HTTP/1.1" 200 1851 "binance.com" "Mozilla/5.0 (Windows NT 10.0; Win64; x64) AppleWebKit/537.36 (KHTML, like Gecko) Chrome/90.0.4430.85 Safari/537.36"
198.44.171.121 - - [12/Apr/2025:00:14:26 -0400] "GET /wp-includes/widgets/ HTTP/1.1" 200 1851 "binance.com" "Mozilla/5.0 (Windows NT 10.0; Win64; x64) AppleWebKit/537.36 (KHTML, like Gecko) Chrome/90.0.4430.85 Safari/537.36"
198.44.171.121 - - [12/Apr/2025:00:14:34 -0400] "GET /wp-includes/widgets/class-wp-widget-block.php HTTP/1.1" 200 206 "binance.com" "Mozilla/5.0 (Windows NT 10.0; Win64; x64) AppleWebKit/537.36 (KHTML, like Gecko) Chrome/90.0.4430.85 Safari/537.36"
198.44.171.121 - - [12/Apr/2025:00:14:43 -0400] "GET /wp-includes/css/ HTTP/1.1" 200 2332 "binance.com" "Mozilla/5.0 (Windows NT 10.0; Win64; x64) AppleWebKit/537.36 (KHTML, like Gecko) Chrome/90.0.4430.85 Safari/537.36"
198.44.171.121 - - [12/Apr/2025:00:14:51 -0400] "GET /wp-includes/css/dist/ HTTP/1.1" 200 1410 "binance.com" "Mozilla/5.0 (Windows NT 10.0; Win64; x64) AppleWebKit/537.36 (KHTML, like Gecko) Chrome/90.0.4430.85 Safari/537.36"
198.44.171.121 - - [12/Apr/2025:00:15:02 -0400] "GET /wp-includes/fonts/ HTTP/1.1" 200 1456 "binance.com" "Mozilla/5.0 (Windows NT 10.0; Win64; x64) AppleWebKit/537.36 (KHTML, like Gecko) Chrome/90.0.4430.85 Safari/537.36"
198.44.171.121 - - [12/Apr/2025:00:15:15 -0400] "GET /wp-includes/fonts/ HTTP/1.1" 200 1456 "binance.com" "Mozilla/5.0 (Windows NT 10.0; Win64; x64) AppleWebKit/537.36 (KHTML, like Gecko) Chrome/90.0.4430.85 Safari/537.36"
198.44.171.121 - - [12/Apr/2025:00:15:23 -0400] "GET /wp-includes/fonts/class-wp-font-collection.php HTTP/1.1" 200 0 "binance.com" "Mozilla/5.0 (Windows NT 10.0; Win64; x64) AppleWebKit/537.36 (KHTML, like Gecko) Chrome/90.0.4430.85 Safari/537.36"
198.44.171.121 - - [12/Apr/2025:00:15:36 -0400] "GET /wp-includes/fonts/class-wp-font-face-resolver.php HTTP/1.1" 200 0 "binance.com" "Mozilla/5.0 (Windows NT 10.0; Win64; x64) AppleWebKit/537.36 (KHTML, like Gecko) Chrome/90.0.4430.85 Safari/537.36"
198.44.171.121 - - [12/Apr/2025:00:15:47 -0400] "GET /wp-includes/fonts/class-wp-font-face.php HTTP/1.1" 200 0 "binance.com" "Mozilla/5.0 (Windows NT 10.0; Win64; x64) AppleWebKit/537.36 (KHTML, like Gecko) Chrome/90.0.4430.85 Safari/537.36"
198.44.171.121 - - [12/Apr/2025:00:15:55 -0400] "GET /wp-includes/fonts/class-wp-font-library.php HTTP/1.1" 200 0 "binance.com" "Mozilla/5.0 (Windows NT 10.0; Win64; x64) AppleWebKit/537.36 (KHTML, like Gecko) Chrome/90.0.4430.85 Safari/537.36"
198.44.171.121 - - [12/Apr/2025:00:16:05 -0400] "GET /wp-includes/fonts/class-wp-font-utils.php HTTP/1.1" 200 0 "binance.com" "Mozilla/5.0 (Windows NT 10.0; Win64; x64) AppleWebKit/537.36 (KHTML, like Gecko) Chrome/90.0.4430.85 Safari/537.36"
198.44.171.121 - - [12/Apr/2025:00:16:10 -0400] "GET /wp-includes/images/ HTTP/1.1" 200 2006 "binance.com" "Mozilla/5.0 (Windows NT 10.0; Win64; x64) AppleWebKit/537.36 (KHTML, like Gecko) Chrome/90.0.4430.85 Safari/537.36"
198.44.171.121 - - [12/Apr/2025:00:16:20 -0400] "GET /wp-includes/images/crystal/ HTTP/1.1" 200 1406 "binance.com" "Mozilla/5.0 (Windows NT 10.0; Win64; x64) AppleWebKit/537.36 (KHTML, like Gecko) Chrome/90.0.4430.85 Safari/537.36"
198.44.171.121 - - [12/Apr/2025:00:16:27 -0400] "GET /wp-includes/images/media/ HTTP/1.1" 200 1474 "binance.com" "Mozilla/5.0 (Windows NT 10.0; Win64; x64) AppleWebKit/537.36 (KHTML, like Gecko) Chrome/90.0.4430.85 Safari/537.36"
198.44.171.121 - - [12/Apr/2025:00:16:44 -0400] "GET /wp-includes/images/smilies/ HTTP/1.1" 200 1666 "binance.com" "Mozilla/5.0 (Windows NT 10.0; Win64; x64) AppleWebKit/537.36 (KHTML, like Gecko) Chrome/90.0.4430.85 Safari/537.36"
198.54.116.86 - - [12/Apr/2025:00:17:11 -0400] "POST /wp-cron.php?doing_wp_cron=1744431431.9351069927215576171875 HTTP/1.1" 200 0 "-" "WordPress/6.7.2; https://spekkshealth.com"
198.44.171.121 - - [12/Apr/2025:00:17:10 -0400] "GET /wp-includes/images/wlw/ HTTP/1.1" 404 19634 "binance.com" "Mozilla/5.0 (Windows NT 10.0; Win64; x64) AppleWebKit/537.36 (KHTML, like Gecko) Chrome/90.0.4430.85 Safari/537.36"
198.54.116.86 - - [12/Apr/2025:00:17:12 -0400] "POST /wp-admin/admin-ajax.php?action=async_litespeed&nonce=3XQoy6qxbq008n81XTDC4j5Mjq2HLNdK&litespeed_type=imgoptm HTTP/1.1" 200 21 "-" "WordPress/6.7.2; https://spekkshealth.com"
198.54.116.86 - - [12/Apr/2025:00:17:26 -0400] "POST /wp-cron.php?doing_wp_cron=1744431446.3755950927734375000000 HTTP/1.1" 200 0 "-" "WordPress/6.7.2; https://spekkshealth.com"
198.44.171.121 - - [12/Apr/2025:00:17:26 -0400] "GET /wp-includes/js/%20 HTTP/1.1" 301 0 "binance.com" "Mozilla/5.0 (Windows NT 10.0; Win64; x64) AppleWebKit/537.36 (KHTML, like Gecko) Chrome/90.0.4430.85 Safari/537.36"
198.44.171.121 - - [12/Apr/2025:00:17:26 -0400] "GET /wp-includes/js/ HTTP/1.1" 200 4606 "binance.com" "Mozilla/5.0 (Windows NT 10.0; Win64; x64) AppleWebKit/537.36 (KHTML, like Gecko) Chrome/90.0.4430.85 Safari/537.36"
198.44.171.121 - - [12/Apr/2025:00:17:37 -0400] "GET /wp-includes/js/codemirror/ HTTP/1.1" 200 1343 "binance.com" "Mozilla/5.0 (Windows NT 10.0; Win64; x64) AppleWebKit/537.36 (KHTML, like Gecko) Chrome/90.0.4430.85 Safari/537.36"
198.44.171.121 - - [12/Apr/2025:00:17:51 -0400] "GET /wp-includes/js/plupload/ HTTP/1.1" 200 1374 "binance.com" "Mozilla/5.0 (Windows NT 10.0; Win64; x64) AppleWebKit/537.36 (KHTML, like Gecko) Chrome/90.0.4430.85 Safari/537.36"
198.44.171.121 - - [12/Apr/2025:00:18:01 -0400] "GET /.well-known/ HTTP/1.1" 200 761 "binance.com" "Mozilla/5.0 (Windows NT 10.0; Win64; x64) AppleWebKit/537.36 (KHTML, like Gecko) Chrome/90.0.4430.85 Safari/537.36"
8.217.42.229 - - [12/Apr/2025:00:39:42 -0400] "GET /robots.txt HTTP/1.1" 200 97 "-" "AliyunSecBot/Aliyun (AliyunSecBot@service.alibaba.com)"
178.254.29.124 - - [12/Apr/2025:00:39:47 -0400] "GET / HTTP/1.1" 200 35493 "-" "Mozilla/5.0 (Windows NT 10.0; Win64; x64) AppleWebKit/537.36 (KHTML, like Gecko) Chrome/91.0.4472.114 Safari/537.36 Edg/91.0.864.54"
198.98.52.69 - - [12/Apr/2025:01:45:25 -0400] "GET /wp-login.php HTTP/1.1" 200 9123 "-" "Mozilla/5.0 (X11; Linux x86_64; rv:30.0) Gecko/20100101 Firefox/30.0"
198.98.49.67 - - [12/Apr/2025:02:00:17 -0400] "GET /wp-login.php HTTP/1.1" 200 9123 "-" "Mozilla/5.0 (Windows NT 6.1; WOW64; Trident/7.0; rv:11.0) like Gecko"
198.54.116.86 - - [12/Apr/2025:02:00:20 -0400] "POST /wp-cron.php?doing_wp_cron=1744437620.0744369029998779296875 HTTP/1.1" 200 0 "-" "WordPress/6.7.2; https://spekkshealth.com"
198.98.49.67 - - [12/Apr/2025:02:00:17 -0400] "POST /wp-login.php HTTP/1.1" 200 9627 "-" "Mozilla/5.0 (Windows NT 6.1; WOW64; Trident/7.0; rv:11.0) like Gecko"
198.54.116.86 - - [12/Apr/2025:02:00:20 -0400] "POST /wp-admin/admin-ajax.php?action=async_litespeed&nonce=TAr8gzdDGZlRdQVG7nHuRBIqTOjLlcQd&litespeed_type=imgoptm HTTP/1.1" 200 21 "-" "WordPress/6.7.2; https://spekkshealth.com"
142.93.233.23 - - [12/Apr/2025:02:19:19 -0400] "GET / HTTP/1.1" 200 35493 "-" "Mozilla/5.0 (compatible)"
142.93.233.23 - - [12/Apr/2025:02:19:23 -0400] "GET /wp-content/uploads/2024/01/cropped-WDD-US-11012024-54158190614-SPEKKS-scaled-1-32x32.jpg HTTP/1.1" 200 1209 "https://spekkshealth.com/" "Mozilla/5.0 (compatible)"
199.195.249.51 - - [12/Apr/2025:02:35:17 -0400] "GET /wp-login.php HTTP/1.1" 200 9123 "-" "Mozilla/5.0 (Macintosh; Intel Mac OS X 10_9_4) AppleWebKit/537.36 (KHTML, like Gecko) Chrome/36.0.1985.143 Safari/537.36"
198.54.116.86 - - [12/Apr/2025:02:35:19 -0400] "POST /wp-cron.php?doing_wp_cron=1744439719.4239881038665771484375 HTTP/1.1" 200 0 "-" "WordPress/6.7.2; https://spekkshealth.com"
199.195.249.51 - - [12/Apr/2025:02:35:17 -0400] "POST /wp-login.php HTTP/1.1" 200 9627 "-" "Mozilla/5.0 (Macintosh; Intel Mac OS X 10_9_4) AppleWebKit/537.36 (KHTML, like Gecko) Chrome/36.0.1985.143 Safari/537.36"
198.54.116.86 - - [12/Apr/2025:02:35:19 -0400] "POST /wp-admin/admin-ajax.php?action=async_litespeed&nonce=ejqILiDtkKukn0IX3H8y1YG4VnHFx2RV&litespeed_type=imgoptm HTTP/1.1" 200 21 "-" "WordPress/6.7.2; https://spekkshealth.com"
198.98.49.67 - - [12/Apr/2025:03:34:44 -0400] "GET /wp-login.php HTTP/1.1" 200 9123 "-" "Mozilla/5.0 (Macintosh; Intel Mac OS X 10_10) AppleWebKit/600.1.3 (KHTML, like Gecko) Version/8.0 Safari/600.1.3"
198.54.116.86 - - [12/Apr/2025:03:34:47 -0400] "POST /wp-cron.php?doing_wp_cron=1744443286.9755489826202392578125 HTTP/1.1" 200 0 "-" "WordPress/6.7.2; https://spekkshealth.com"
198.98.49.67 - - [12/Apr/2025:03:34:44 -0400] "POST /wp-login.php HTTP/1.1" 200 9601 "-" "Mozilla/5.0 (Macintosh; Intel Mac OS X 10_10) AppleWebKit/600.1.3 (KHTML, like Gecko) Version/8.0 Safari/600.1.3"
198.54.116.86 - - [12/Apr/2025:03:34:47 -0400] "POST /wp-admin/admin-ajax.php?action=async_litespeed&nonce=JHsrC8gh6zljYzkbupvAe7pB6ICZ1EI5&litespeed_type=imgoptm HTTP/1.1" 200 21 "-" "WordPress/6.7.2; https://spekkshealth.com"
160.16.215.164 - - [12/Apr/2025:03:58:43 -0400] "GET / HTTP/1.1" 200 29787 "http://spekkshealth.com" "Mozilla/5.0 (Macintosh; Intel Mac OS X 10_15_7; rv:129.0) Gecko/20100101 Firefox/129.0"
198.54.116.86 - - [12/Apr/2025:03:58:46 -0400] "POST /wp-cron.php?doing_wp_cron=1744444726.2286570072174072265625 HTTP/1.1" 200 0 "-" "WordPress/6.7.2; https://spekkshealth.com"
160.16.215.164 - - [12/Apr/2025:03:58:44 -0400] "GET /index.php?author=1 HTTP/1.1" 301 0 "https://spekkshealth.com" "Mozilla/5.0 (Windows NT 10.0; Win64; x64; rv:125.0.1) Gecko/20100101 Firefox/125.0.1"
160.16.215.164 - - [12/Apr/2025:03:58:46 -0400] "GET /author/admin/ HTTP/1.1" 200 17671 "https://spekkshealth.com" "Mozilla/5.0 (Windows NT 10.0; Win64; x64; rv:125.0.1) Gecko/20100101 Firefox/125.0.1"
198.54.116.86 - - [12/Apr/2025:03:58:46 -0400] "POST /wp-admin/admin-ajax.php?action=async_litespeed&nonce=Zw6VU41100d5TzKwNLoP8grodtLzuGXp&litespeed_type=imgoptm HTTP/1.1" 200 21 "-" "WordPress/6.7.2; https://spekkshealth.com"
160.16.215.164 - - [12/Apr/2025:03:58:46 -0400] "GET /index.php?author=2 HTTP/1.1" 301 0 "https://spekkshealth.com" "Mozilla/5.0 (Macintosh; Intel Mac OS X 10_15_7) AppleWebKit/537.36 (KHTML, like Gecko) Chrome/115.0.5790.102 Safari/537.36"
160.16.215.164 - - [12/Apr/2025:03:58:47 -0400] "GET /?author=2 HTTP/1.1" 200 17202 "https://spekkshealth.com" "Mozilla/5.0 (Macintosh; Intel Mac OS X 10_15_7) AppleWebKit/537.36 (KHTML, like Gecko) Chrome/115.0.5790.102 Safari/537.36"
160.16.215.164 - - [12/Apr/2025:03:58:47 -0400] "GET /index.php?author=3 HTTP/1.1" 301 0 "https://spekkshealth.com" "Mozilla/5.0 (Windows NT 10.0; Win64; x64) AppleWebKit/537.36 (KHTML, like Gecko) Chrome/116.0.5845.96 Safari/537.36"
160.16.215.164 - - [12/Apr/2025:03:58:47 -0400] "GET /?author=3 HTTP/1.1" 404 16668 "https://spekkshealth.com" "Mozilla/5.0 (Windows NT 10.0; Win64; x64) AppleWebKit/537.36 (KHTML, like Gecko) Chrome/116.0.5845.96 Safari/537.36"
160.16.215.164 - - [12/Apr/2025:03:58:47 -0400] "GET /index.php?author=4 HTTP/1.1" 301 0 "https://spekkshealth.com" "Mozilla/5.0 (Macintosh; Intel Mac OS X 10_15_7) AppleWebKit/537.36 (KHTML, like Gecko) Chrome/126.0.0.0 Safari/537.36"
160.16.215.164 - - [12/Apr/2025:03:58:48 -0400] "GET /?author=4 HTTP/1.1" 404 16669 "https://spekkshealth.com" "Mozilla/5.0 (Macintosh; Intel Mac OS X 10_15_7) AppleWebKit/537.36 (KHTML, like Gecko) Chrome/126.0.0.0 Safari/537.36"
160.16.215.164 - - [12/Apr/2025:03:58:48 -0400] "GET /index.php?author=5 HTTP/1.1" 301 0 "https://spekkshealth.com" "Mozilla/5.0 (Macintosh; Intel Mac OS X 10_15_7) AppleWebKit/537.36 (KHTML, like Gecko) Chrome/113.0.5672.93 Safari/537.36"
160.16.215.164 - - [12/Apr/2025:03:58:48 -0400] "GET /?author=5 HTTP/1.1" 404 16669 "https://spekkshealth.com" "Mozilla/5.0 (Macintosh; Intel Mac OS X 10_15_7) AppleWebKit/537.36 (KHTML, like Gecko) Chrome/113.0.5672.93 Safari/537.36"
104.244.75.153 - - [12/Apr/2025:04:03:41 -0400] "GET /wp-login.php HTTP/1.1" 200 9123 "-" "Mozilla/5.0 (Macintosh; Intel Mac OS X 10_6_8) AppleWebKit/534.59.10 (KHTML, like Gecko) Version/5.1.9 Safari/534.59.10"
198.54.116.86 - - [12/Apr/2025:04:03:53 -0400] "POST /wp-cron.php?doing_wp_cron=1744445033.6968510150909423828125 HTTP/1.1" 200 0 "-" "WordPress/6.7.2; https://spekkshealth.com"
104.244.75.153 - - [12/Apr/2025:04:03:51 -0400] "POST /wp-login.php HTTP/1.1" 200 9601 "-" "Mozilla/5.0 (Macintosh; Intel Mac OS X 10_6_8) AppleWebKit/534.59.10 (KHTML, like Gecko) Version/5.1.9 Safari/534.59.10"
198.54.116.86 - - [12/Apr/2025:04:03:53 -0400] "POST /wp-admin/admin-ajax.php?action=async_litespeed&nonce=dmt1zcQoZ9exkl4dnI2qSXpaDmYNrjPM&litespeed_type=imgoptm HTTP/1.1" 200 21 "-" "WordPress/6.7.2; https://spekkshealth.com"
43.153.47.201 - - [12/Apr/2025:04:32:38 -0400] "GET / HTTP/1.1" 200 35493 "http://spekkshealth.com" "Mozilla/5.0 (iPhone; CPU iPhone OS 13_2_3 like Mac OS X) AppleWebKit/605.1.15 (KHTML, like Gecko) Version/13.0.3 Mobile/15E148 Safari/604.1"
198.54.116.86 - - [12/Apr/2025:04:47:51 -0400] "POST /wp-cron.php?doing_wp_cron=1744447671.4617969989776611328125 HTTP/1.1" 200 0 "-" "WordPress/6.7.2; https://spekkshealth.com"
43.156.156.96 - - [12/Apr/2025:04:47:48 -0400] "GET /wp-json/wp/v2/pages/11 HTTP/1.1" 200 104447 "-" "Mozilla/5.0 (iPhone; CPU iPhone OS 13_2_3 like Mac OS X) AppleWebKit/605.1.15 (KHTML, like Gecko) Version/13.0.3 Mobile/15E148 Safari/604.1"
198.54.116.86 - - [12/Apr/2025:04:47:51 -0400] "POST /wp-admin/admin-ajax.php?action=async_litespeed&nonce=JipOTZe6IKvivwn4fP5TUzXHg0iO0DOB&litespeed_type=imgoptm HTTP/1.1" 200 21 "-" "WordPress/6.7.2; https://spekkshealth.com"
84.17.48.145 - - [12/Apr/2025:04:48:31 -0400] "GET / HTTP/1.0" 200 163700 "https://spekkshealth.com/" "Mozilla/5.0 (Windows NT 10.0; Win64; x64) AppleWebKit/537.36 (KHTML, like Gecko) Chrome/131.0.0.0 Safari/537.36"
198.54.116.86 - - [12/Apr/2025:04:48:33 -0400] "POST /wp-cron.php?doing_wp_cron=1744447713.6525890827178955078125 HTTP/1.1" 200 0 "-" "WordPress/6.7.2; https://spekkshealth.com"
198.54.116.86 - - [12/Apr/2025:04:48:33 -0400] "POST /wp-admin/admin-ajax.php?action=async_litespeed&nonce=qGXapXNiy0iRqkYPZg00CGdQ3qV0avqz&litespeed_type=imgoptm HTTP/1.1" 200 21 "-" "WordPress/6.7.2; https://spekkshealth.com"
84.17.48.145 - - [12/Apr/2025:04:48:33 -0400] "POST / HTTP/1.0" 200 152256 "https://spekkshealth.com/" "Mozilla/5.0 (Windows NT 10.0; Win64; x64) AppleWebKit/537.36 (KHTML, like Gecko) Chrome/131.0.0.0 Safari/537.36"
198.54.116.86 - - [12/Apr/2025:04:55:57 -0400] "POST /wp-cron.php?doing_wp_cron=1744448157.3098289966583251953125 HTTP/1.1" 200 0 "-" "WordPress/6.7.2; https://spekkshealth.com"
124.156.157.91 - - [12/Apr/2025:04:55:53 -0400] "GET /wp-json/oembed/1.0/embed?url=https%3A%2F%2Fspekkshealth.com%2F HTTP/1.1" 200 2125 "-" "Mozilla/5.0 (iPhone; CPU iPhone OS 13_2_3 like Mac OS X) AppleWebKit/605.1.15 (KHTML, like Gecko) Version/13.0.3 Mobile/15E148 Safari/604.1"
198.54.116.86 - - [12/Apr/2025:04:55:57 -0400] "POST /wp-admin/admin-ajax.php?action=async_litespeed&nonce=upr0CjjjuptkR0NJm3097TGdzM1zzmyB&litespeed_type=imgoptm HTTP/1.1" 200 21 "-" "WordPress/6.7.2; https://spekkshealth.com"
198.54.116.86 - - [12/Apr/2025:05:03:07 -0400] "POST /wp-cron.php?doing_wp_cron=1744448587.6655070781707763671875 HTTP/1.1" 200 0 "-" "WordPress/6.7.2; https://spekkshealth.com"
13.90.159.79 - - [12/Apr/2025:05:03:04 -0400] "GET /autoload_classmap.php HTTP/1.1" 404 88138 "-" "-"
198.54.116.86 - - [12/Apr/2025:05:03:07 -0400] "POST /wp-admin/admin-ajax.php?action=async_litespeed&nonce=oCTT7fCZyYPrHyBuRG5aHEHdTSCg261J&litespeed_type=imgoptm HTTP/1.1" 200 21 "-" "WordPress/6.7.2; https://spekkshealth.com"
13.90.159.79 - - [12/Apr/2025:05:03:08 -0400] "GET /post.php HTTP/1.1" 404 87354 "-" "-"
13.90.159.79 - - [12/Apr/2025:05:03:08 -0400] "GET /1.php HTTP/1.1" 404 87354 "-" "-"
13.90.159.79 - - [12/Apr/2025:05:03:09 -0400] "GET /flower.php HTTP/1.1" 404 87354 "-" "-"
13.90.159.79 - - [12/Apr/2025:05:03:09 -0400] "GET /admin.php HTTP/1.1" 404 87354 "-" "-"
13.90.159.79 - - [12/Apr/2025:05:03:09 -0400] "GET /file.php HTTP/1.1" 404 87354 "-" "-"
13.90.159.79 - - [12/Apr/2025:05:03:10 -0400] "GET /meta.php HTTP/1.1" 404 87354 "-" "-"
13.90.159.79 - - [12/Apr/2025:05:03:10 -0400] "GET /index.php HTTP/1.1" 301 0 "-" "-"
13.90.159.79 - - [12/Apr/2025:05:03:11 -0400] "GET / HTTP/1.1" 200 163700 "-" "-"
198.54.116.86 - - [12/Apr/2025:05:03:11 -0400] "POST /wp-cron.php?doing_wp_cron=1744448591.3779768943786621093750 HTTP/1.1" 200 0 "-" "WordPress/6.7.2; https://spekkshealth.com"
13.90.159.79 - - [12/Apr/2025:05:03:11 -0400] "GET /about.php HTTP/1.1" 404 87354 "-" "-"
198.54.116.86 - - [12/Apr/2025:05:03:11 -0400] "POST /wp-admin/admin-ajax.php?action=async_litespeed&nonce=O9b2GgD0DTTXbL17l0cq6dWikSt20UBS&litespeed_type=imgoptm HTTP/1.1" 200 21 "-" "WordPress/6.7.2; https://spekkshealth.com"
13.90.159.79 - - [12/Apr/2025:05:03:11 -0400] "GET /randkeyword.php HTTP/1.1" 404 87354 "-" "-"
13.90.159.79 - - [12/Apr/2025:05:03:12 -0400] "GET /goods.php HTTP/1.1" 404 87354 "-" "-"
13.90.159.79 - - [12/Apr/2025:05:03:12 -0400] "GET /hehe.php HTTP/1.1" 404 87354 "-" "-"
13.90.159.79 - - [12/Apr/2025:05:03:12 -0400] "GET /user.php HTTP/1.1" 404 87354 "-" "-"
13.90.159.79 - - [12/Apr/2025:05:03:13 -0400] "GET /wp-2019.php HTTP/1.1" 404 87354 "-" "-"
13.90.159.79 - - [12/Apr/2025:05:03:13 -0400] "GET /chosen.php HTTP/1.1" 404 87354 "-" "-"
13.90.159.79 - - [12/Apr/2025:05:03:13 -0400] "GET /functions.php HTTP/1.1" 404 87354 "-" "-"
13.90.159.79 - - [12/Apr/2025:05:03:14 -0400] "GET /cron.php HTTP/1.1" 404 87354 "-" "-"
13.90.159.79 - - [12/Apr/2025:05:03:14 -0400] "GET /edit.php HTTP/1.1" 404 87354 "-" "-"
13.90.159.79 - - [12/Apr/2025:05:03:15 -0400] "GET /gecko-new.php HTTP/1.1" 404 87354 "-" "-"
13.90.159.79 - - [12/Apr/2025:05:03:15 -0400] "GET /cookie.php HTTP/1.1" 404 87354 "-" "-"
13.90.159.79 - - [12/Apr/2025:05:03:15 -0400] "GET /xleet.php HTTP/1.1" 404 87354 "-" "-"
13.90.159.79 - - [12/Apr/2025:05:03:16 -0400] "GET /spip.php HTTP/1.1" 404 87354 "-" "-"
13.90.159.79 - - [12/Apr/2025:05:03:16 -0400] "GET /22.php HTTP/1.1" 404 87354 "-" "-"
13.90.159.79 - - [12/Apr/2025:05:03:17 -0400] "GET /room.php HTTP/1.1" 404 87354 "-" "-"
13.90.159.79 - - [12/Apr/2025:05:03:17 -0400] "GET /disagreed.php HTTP/1.1" 404 87354 "-" "-"
13.90.159.79 - - [12/Apr/2025:05:03:18 -0400] "GET /text.php HTTP/1.1" 404 87354 "-" "-"
13.90.159.79 - - [12/Apr/2025:05:03:18 -0400] "GET /alfa-rex.php HTTP/1.1" 404 87354 "-" "-"
13.90.159.79 - - [12/Apr/2025:05:03:18 -0400] "GET /alfa-rex.php7 HTTP/1.1" 404 87354 "-" "-"
13.90.159.79 - - [12/Apr/2025:05:03:19 -0400] "GET /feeds.php HTTP/1.1" 404 87354 "-" "-"
13.90.159.79 - - [12/Apr/2025:05:03:19 -0400] "GET /radio.php HTTP/1.1" 404 87354 "-" "-"
13.90.159.79 - - [12/Apr/2025:05:03:20 -0400] "GET /dropdown.php HTTP/1.1" 404 87354 "-" "-"
13.90.159.79 - - [12/Apr/2025:05:03:20 -0400] "GET /defaults.php HTTP/1.1" 404 87354 "-" "-"
13.90.159.79 - - [12/Apr/2025:05:03:21 -0400] "GET /system.php HTTP/1.1" 404 87354 "-" "-"
13.90.159.79 - - [12/Apr/2025:05:03:21 -0400] "GET /xmlrpc.php HTTP/1.1" 405 42 "-" "-"
13.90.159.79 - - [12/Apr/2025:05:03:21 -0400] "GET /xmlrpc.php0 HTTP/1.1" 404 87354 "-" "-"
13.90.159.79 - - [12/Apr/2025:05:03:22 -0400] "GET /colors.php HTTP/1.1" 404 87354 "-" "-"
13.90.159.79 - - [12/Apr/2025:05:03:22 -0400] "GET /updates.php HTTP/1.1" 404 87354 "-" "-"
13.90.159.79 - - [12/Apr/2025:05:03:23 -0400] "GET /alfa-rex1.php HTTP/1.1" 404 87354 "-" "-"
13.90.159.79 - - [12/Apr/2025:05:03:23 -0400] "GET /wp-index.php HTTP/1.1" 404 87354 "-" "-"
13.90.159.79 - - [12/Apr/2025:05:03:23 -0400] "GET /wp-admin.php HTTP/1.1" 404 87354 "-" "-"
13.90.159.79 - - [12/Apr/2025:05:03:24 -0400] "GET /alfa.php HTTP/1.1" 404 87354 "-" "-"
13.90.159.79 - - [12/Apr/2025:05:03:24 -0400] "GET /alfanew.php7 HTTP/1.1" 404 87354 "-" "-"
13.90.159.79 - - [12/Apr/2025:05:03:25 -0400] "GET /locale.php HTTP/1.1" 404 87354 "-" "-"
13.90.159.79 - - [12/Apr/2025:05:03:25 -0400] "GET /wxo.php HTTP/1.1" 404 87354 "-" "-"
13.90.159.79 - - [12/Apr/2025:05:03:26 -0400] "GET /colour.php HTTP/1.1" 404 87354 "-" "-"
13.90.159.79 - - [12/Apr/2025:05:03:26 -0400] "GET /files.php HTTP/1.1" 404 87354 "-" "-"
13.90.159.79 - - [12/Apr/2025:05:03:26 -0400] "GET /install.php HTTP/1.1" 404 87354 "-" "-"
13.90.159.79 - - [12/Apr/2025:05:03:27 -0400] "GET /wp-contentt.php HTTP/1.1" 404 87354 "-" "-"
13.90.159.79 - - [12/Apr/2025:05:03:27 -0400] "GET /config.php7 HTTP/1.1" 404 87354 "-" "-"
13.90.159.79 - - [12/Apr/2025:05:03:28 -0400] "GET /config.php HTTP/1.1" 404 87354 "-" "-"
13.90.159.79 - - [12/Apr/2025:05:03:28 -0400] "GET /theme.php HTTP/1.1" 404 87354 "-" "-"
13.90.159.79 - - [12/Apr/2025:05:03:29 -0400] "GET /block-bindings.php HTTP/1.1" 404 87354 "-" "-"
13.90.159.79 - - [12/Apr/2025:05:03:29 -0400] "GET /class_api.php HTTP/1.1" 404 87354 "-" "-"
13.90.159.79 - - [12/Apr/2025:05:03:30 -0400] "GET /inputs.php HTTP/1.1" 200 0 "-" "-"
198.54.116.86 - - [12/Apr/2025:05:08:16 -0400] "POST /wp-cron.php?doing_wp_cron=1744448896.7337450981140136718750 HTTP/1.1" 200 0 "-" "WordPress/6.7.2; https://spekkshealth.com"
43.128.156.124 - - [12/Apr/2025:05:08:14 -0400] "GET /wp-json/oembed/1.0/embed?url=https%3A%2F%2Fspekkshealth.com%2F&format=xml HTTP/1.1" 200 1139 "-" "Mozilla/5.0 (iPhone; CPU iPhone OS 13_2_3 like Mac OS X) AppleWebKit/605.1.15 (KHTML, like Gecko) Version/13.0.3 Mobile/15E148 Safari/604.1"
198.54.116.86 - - [12/Apr/2025:05:08:16 -0400] "POST /wp-admin/admin-ajax.php?action=async_litespeed&nonce=S5o7NSA9dntVBruboQ4RcssfDRETlcmT&litespeed_type=imgoptm HTTP/1.1" 200 21 "-" "WordPress/6.7.2; https://spekkshealth.com"
198.54.116.86 - - [12/Apr/2025:05:22:09 -0400] "POST /wp-cron.php?doing_wp_cron=1744449729.1602890491485595703125 HTTP/1.1" 200 0 "-" "WordPress/6.7.2; https://spekkshealth.com"
43.157.156.190 - - [12/Apr/2025:05:22:06 -0400] "GET /embed/ HTTP/1.1" 301 0 "-" "Mozilla/5.0 (iPhone; CPU iPhone OS 13_2_3 like Mac OS X) AppleWebKit/605.1.15 (KHTML, like Gecko) Version/13.0.3 Mobile/15E148 Safari/604.1"
198.54.116.86 - - [12/Apr/2025:05:22:09 -0400] "POST /wp-admin/admin-ajax.php?action=async_litespeed&nonce=efkcC3e65arwOGeoo4tpURVIvHpmBFgy&litespeed_type=imgoptm HTTP/1.1" 200 21 "-" "WordPress/6.7.2; https://spekkshealth.com"
43.157.156.190 - - [12/Apr/2025:05:22:12 -0400] "GET / HTTP/1.1" 200 35493 "https://spekkshealth.com/embed/" "Mozilla/5.0 (iPhone; CPU iPhone OS 13_2_3 like Mac OS X) AppleWebKit/605.1.15 (KHTML, like Gecko) Version/13.0.3 Mobile/15E148 Safari/604.1"
198.98.54.73 - - [12/Apr/2025:05:42:15 -0400] "GET /wp-login.php HTTP/1.1" 200 9123 "-" "Mozilla/5.0 (Macintosh; Intel Mac OS X 10_9_2) AppleWebKit/537.36 (KHTML, like Gecko) Chrome/35.0.1916.153 Safari/537.36"
198.54.116.86 - - [12/Apr/2025:05:42:17 -0400] "POST /wp-cron.php?doing_wp_cron=1744450937.2820420265197753906250 HTTP/1.1" 200 0 "-" "WordPress/6.7.2; https://spekkshealth.com"
198.98.54.73 - - [12/Apr/2025:05:42:15 -0400] "POST /wp-login.php HTTP/1.1" 200 9627 "-" "Mozilla/5.0 (Macintosh; Intel Mac OS X 10_9_2) AppleWebKit/537.36 (KHTML, like Gecko) Chrome/35.0.1916.153 Safari/537.36"
198.54.116.86 - - [12/Apr/2025:05:42:17 -0400] "POST /wp-admin/admin-ajax.php?action=async_litespeed&nonce=03dOFq7fZ6Xbi1ZRUXu8Biye1ahCX9Md&litespeed_type=imgoptm HTTP/1.1" 200 21 "-" "WordPress/6.7.2; https://spekkshealth.com"
107.189.3.177 - - [12/Apr/2025:05:47:38 -0400] "GET /wp-login.php HTTP/1.1" 200 9123 "-" "Mozilla/5.0 (compatible; MSIE 9.0; Windows NT 6.1; WOW64; Trident/5.0)"
198.54.116.86 - - [12/Apr/2025:05:47:52 -0400] "POST /wp-cron.php?doing_wp_cron=1744451272.6047139167785644531250 HTTP/1.1" 200 0 "-" "WordPress/6.7.2; https://spekkshealth.com"
107.189.3.177 - - [12/Apr/2025:05:47:50 -0400] "POST /wp-login.php HTTP/1.1" 200 9601 "-" "Mozilla/5.0 (compatible; MSIE 9.0; Windows NT 6.1; WOW64; Trident/5.0)"
198.54.116.86 - - [12/Apr/2025:05:47:52 -0400] "POST /wp-admin/admin-ajax.php?action=async_litespeed&nonce=wAQCg9x44Qkapek0G0eKx69mr49fMNcZ&litespeed_type=imgoptm HTTP/1.1" 200 21 "-" "WordPress/6.7.2; https://spekkshealth.com"
193.233.83.174 - - [12/Apr/2025:06:01:10 -0400] "GET /contact-us/ HTTP/1.1" 200 22213 "-" "Mozilla/5.0 (Windows NT 10.0; Win64; x64) AppleWebKit/537.36 (KHTML, like Gecko) Chrome/114.0.0.0 Safari/537.36 Vivaldi/5.3.2679.68"
198.54.116.86 - - [12/Apr/2025:06:01:27 -0400] "POST /wp-cron.php?doing_wp_cron=1744452087.2500429153442382812500 HTTP/1.1" 200 0 "-" "WordPress/6.7.2; https://spekkshealth.com"
193.233.83.174 - - [12/Apr/2025:06:01:25 -0400] "POST /contact-us/ HTTP/1.1" 200 19837 "https://spekkshealth.com/contact-us/" "Mozilla/5.0 (Windows NT 10.0; Win64; x64) AppleWebKit/537.36 (KHTML, like Gecko) Chrome/114.0.0.0 Safari/537.36 Vivaldi/5.3.2679.68"
198.54.116.86 - - [12/Apr/2025:06:01:27 -0400] "POST /wp-admin/admin-ajax.php?action=async_litespeed&nonce=1CBNzRBEmGuwMA6sVBy7M4DYlTlH78cL&litespeed_type=imgoptm HTTP/1.1" 200 21 "-" "WordPress/6.7.2; https://spekkshealth.com"
198.98.55.56 - - [12/Apr/2025:06:36:50 -0400] "GET /wp-login.php HTTP/1.1" 200 9123 "-" "Mozilla/5.0 (Macintosh; Intel Mac OS X 10_8_5) AppleWebKit/537.77.4 (KHTML, like Gecko) Version/6.1.5 Safari/537.77.4"
198.54.116.86 - - [12/Apr/2025:06:36:52 -0400] "POST /wp-cron.php?doing_wp_cron=1744454212.3381359577178955078125 HTTP/1.1" 200 0 "-" "WordPress/6.7.2; https://spekkshealth.com"
198.98.55.56 - - [12/Apr/2025:06:36:50 -0400] "POST /wp-login.php HTTP/1.1" 200 9601 "-" "Mozilla/5.0 (Macintosh; Intel Mac OS X 10_8_5) AppleWebKit/537.77.4 (KHTML, like Gecko) Version/6.1.5 Safari/537.77.4"
198.54.116.86 - - [12/Apr/2025:06:36:52 -0400] "POST /wp-admin/admin-ajax.php?action=async_litespeed&nonce=PKWgNAYw12hPV8NWUAB2RLtxzx0RqL6W&litespeed_type=imgoptm HTTP/1.1" 200 21 "-" "WordPress/6.7.2; https://spekkshealth.com"