IP : 3.15.194.249 Hostname : server86.web-hosting.com Kernel : Linux server86.web-hosting.com 4.18.0-513.18.1.lve.el8.x86_64 #1 SMP Thu Feb 22 12:55:50 UTC 2024 x86_64 Disable Function : None :) OS : Linux PATH: / home/ servlmvm/ ./ ./ ./ access-logs/ spekkshealth.com.servethepeopleinc.org-ssl_log/ /

198.54.116.86 - - [11/Apr/2025:08:07:26 -0400] "POST /wp-cron.php?doing_wp_cron=1744373246.5903329849243164062500 HTTP/1.1" 200 0 "-" "WordPress/6.7.2; https://spekkshealth.com"
198.98.48.90 - - [11/Apr/2025:08:07:24 -0400] "POST /wp-login.php HTTP/1.1" 200 9601 "-" "Mozilla/5.0 (Windows NT 5.1; rv:31.0) Gecko/20100101 Firefox/31.0"
198.54.116.86 - - [11/Apr/2025:08:07:26 -0400] "POST /wp-admin/admin-ajax.php?action=async_litespeed&nonce=dR7X5NaxcJMghfHlCP3UscIuE2giNYe8&litespeed_type=imgoptm HTTP/1.1" 200 21 "-" "WordPress/6.7.2; https://spekkshealth.com"
157.55.39.13 - - [11/Apr/2025:08:09:31 -0400] "GET / HTTP/1.1" 200 29787 "-" "Mozilla/5.0 AppleWebKit/537.36 (KHTML, like Gecko; compatible; bingbot/2.0; +http://www.bing.com/bingbot.htm) Chrome/116.0.1938.76 Safari/537.36"
45.61.187.191 - - [11/Apr/2025:09:43:27 -0400] "GET /wp-login.php HTTP/1.1" 200 9123 "-" "Mozilla/5.0 (Windows NT 5.1; rv:31.0) Gecko/20100101 Firefox/31.0"
198.54.116.86 - - [11/Apr/2025:09:43:30 -0400] "POST /wp-cron.php?doing_wp_cron=1744379010.5145339965820312500000 HTTP/1.1" 200 0 "-" "WordPress/6.7.2; https://spekkshealth.com"
45.61.187.191 - - [11/Apr/2025:09:43:28 -0400] "POST /wp-login.php HTTP/1.1" 200 9627 "-" "Mozilla/5.0 (Windows NT 5.1; rv:31.0) Gecko/20100101 Firefox/31.0"
198.54.116.86 - - [11/Apr/2025:09:43:30 -0400] "POST /wp-admin/admin-ajax.php?action=async_litespeed&nonce=9OyIEPs6XlapiCjMOKPTRmqFUN50mrHp&litespeed_type=imgoptm HTTP/1.1" 200 0 "-" "WordPress/6.7.2; https://spekkshealth.com"
198.54.116.86 - - [11/Apr/2025:10:09:57 -0400] "POST /wp-cron.php?doing_wp_cron=1744380597.0777420997619628906250 HTTP/1.1" 200 0 "-" "WordPress/6.7.2; https://spekkshealth.com"
54.36.148.226 - - [11/Apr/2025:10:09:55 -0400] "GET /service-detail/ HTTP/1.1" 200 17443 "-" "Mozilla/5.0 (compatible; AhrefsBot/7.0; +http://ahrefs.com/robot/)"
198.54.116.86 - - [11/Apr/2025:10:09:57 -0400] "POST /wp-admin/admin-ajax.php?action=async_litespeed&nonce=NqaBXRliRlKOsEafAfJTr74wXBcZCaTN&litespeed_type=imgoptm HTTP/1.1" 200 21 "-" "WordPress/6.7.2; https://spekkshealth.com"
93.158.91.12 - - [11/Apr/2025:11:04:26 -0400] "GET / HTTP/1.1" 200 35493 "-" "Mozilla/5.0 (Windows NT 10.0; Win64; x64) AppleWebKit/537.36 (KHTML, like Gecko) Chrome/105.0.0.0 Safari/537.36"
93.158.91.12 - - [11/Apr/2025:11:04:27 -0400] "GET /wp-content/uploads/2024/01/cropped-WDD-US-11012024-54158190614-SPEKKS-scaled-1-32x32.jpg HTTP/1.1" 200 1209 "-" "Mozilla/5.0 (Windows NT 10.0; Win64; x64) AppleWebKit/537.36 (KHTML, like Gecko) Chrome/105.0.0.0 Safari/537.36"
47.128.55.1 - - [11/Apr/2025:11:33:49 -0400] "GET /robots.txt HTTP/1.1" 200 111 "-" "Mozilla/5.0 (Linux; Android 5.0) AppleWebKit/537.36 (KHTML, like Gecko) Mobile Safari/537.36 (compatible; Bytespider; spider-feedback@bytedance.com)"
47.128.125.95 - - [11/Apr/2025:11:33:59 -0400] "GET /book-appointment/ HTTP/1.1" 200 23491 "-" "Mozilla/5.0 (Linux; Android 5.0) AppleWebKit/537.36 (KHTML, like Gecko) Mobile Safari/537.36 (compatible; Bytespider; spider-feedback@bytedance.com)"
47.128.125.95 - - [11/Apr/2025:11:34:00 -0400] "GET /wp-content/plugins/gAppointments/assets/calendar.css?ver=1.2.6 HTTP/1.1" 200 6192 "https://spekkshealth.com/book-appointment/" "Mozilla/5.0 (Linux; Android 5.0) AppleWebKit/537.36 (KHTML, like Gecko) Mobile Safari/537.36 (compatible; Bytespider; spider-feedback@bytedance.com)"
47.128.125.95 - - [11/Apr/2025:11:34:00 -0400] "GET /wp-content/plugins/gAppointments/assets/grid.css?ver=1.2.6 HTTP/1.1" 200 674 "https://spekkshealth.com/book-appointment/" "Mozilla/5.0 (Linux; Android 5.0) AppleWebKit/537.36 (KHTML, like Gecko) Mobile Safari/537.36 (compatible; Bytespider; spider-feedback@bytedance.com)"
47.128.125.95 - - [11/Apr/2025:11:34:00 -0400] "GET /wp-content/plugins/gAppointments/assets/font-awesome.min.css?ver=1.2.6 HTTP/1.1" 200 6659 "https://spekkshealth.com/book-appointment/" "Mozilla/5.0 (Linux; Android 5.0) AppleWebKit/537.36 (KHTML, like Gecko) Mobile Safari/537.36 (compatible; Bytespider; spider-feedback@bytedance.com)"
47.128.125.95 - - [11/Apr/2025:11:34:00 -0400] "GET /wp-content/plugins/gAppointments/assets/schedule.css?ver=1.2.6 HTTP/1.1" 200 1187 "https://spekkshealth.com/book-appointment/" "Mozilla/5.0 (Linux; Android 5.0) AppleWebKit/537.36 (KHTML, like Gecko) Mobile Safari/537.36 (compatible; Bytespider; spider-feedback@bytedance.com)"
47.128.125.95 - - [11/Apr/2025:11:34:00 -0400] "GET /wp-content/uploads/useanyfont/uaf.css?ver=1705308897 HTTP/1.1" 200 226 "https://spekkshealth.com/book-appointment/" "Mozilla/5.0 (Linux; Android 5.0) AppleWebKit/537.36 (KHTML, like Gecko) Mobile Safari/537.36 (compatible; Bytespider; spider-feedback@bytedance.com)"
47.128.125.95 - - [11/Apr/2025:11:34:00 -0400] "GET /wp-includes/css/dashicons.min.css?ver=6.7.2 HTTP/1.1" 200 35110 "https://spekkshealth.com/book-appointment/" "Mozilla/5.0 (Linux; Android 5.0) AppleWebKit/537.36 (KHTML, like Gecko) Mobile Safari/537.36 (compatible; Bytespider; spider-feedback@bytedance.com)"
47.128.125.95 - - [11/Apr/2025:11:34:00 -0400] "GET /wp-includes/css/dist/block-library/style.min.css?ver=6.7.2 HTTP/1.1" 200 14225 "https://spekkshealth.com/book-appointment/" "Mozilla/5.0 (Linux; Android 5.0) AppleWebKit/537.36 (KHTML, like Gecko) Mobile Safari/537.36 (compatible; Bytespider; spider-feedback@bytedance.com)"
47.128.125.95 - - [11/Apr/2025:11:34:00 -0400] "GET /wp-content/plugins/gravityforms/assets/css/dist/basic.min.css?ver=2.8.18 HTTP/1.1" 200 6849 "https://spekkshealth.com/book-appointment/" "Mozilla/5.0 (Linux; Android 5.0) AppleWebKit/537.36 (KHTML, like Gecko) Mobile Safari/537.36 (compatible; Bytespider; spider-feedback@bytedance.com)"
47.128.125.95 - - [11/Apr/2025:11:34:00 -0400] "GET /wp-content/plugins/gravityforms/assets/css/dist/theme-ie11.min.css?ver=2.8.18 HTTP/1.1" 200 327 "https://spekkshealth.com/book-appointment/" "Mozilla/5.0 (Linux; Android 5.0) AppleWebKit/537.36 (KHTML, like Gecko) Mobile Safari/537.36 (compatible; Bytespider; spider-feedback@bytedance.com)"
47.128.125.95 - - [11/Apr/2025:11:34:00 -0400] "GET /wp-content/plugins/gravityforms/assets/css/dist/theme-components.min.css?ver=2.8.18 HTTP/1.1" 200 0 "https://spekkshealth.com/book-appointment/" "Mozilla/5.0 (Linux; Android 5.0) AppleWebKit/537.36 (KHTML, like Gecko) Mobile Safari/537.36 (compatible; Bytespider; spider-feedback@bytedance.com)"
47.128.125.95 - - [11/Apr/2025:11:34:00 -0400] "GET /wp-content/themes/woodmart/css/parts/wp-gutenberg.min.css?ver=7.3.2 HTTP/1.1" 200 1904 "https://spekkshealth.com/book-appointment/" "Mozilla/5.0 (Linux; Android 5.0) AppleWebKit/537.36 (KHTML, like Gecko) Mobile Safari/537.36 (compatible; Bytespider; spider-feedback@bytedance.com)"
47.128.125.95 - - [11/Apr/2025:11:34:00 -0400] "GET /wp-content/themes/woodmart/css/bootstrap-light.min.css?ver=7.3.2 HTTP/1.1" 200 812 "https://spekkshealth.com/book-appointment/" "Mozilla/5.0 (Linux; Android 5.0) AppleWebKit/537.36 (KHTML, like Gecko) Mobile Safari/537.36 (compatible; Bytespider; spider-feedback@bytedance.com)"
47.128.125.95 - - [11/Apr/2025:11:34:00 -0400] "GET /wp-content/plugins/gravityforms/assets/css/dist/theme.min.css?ver=2.8.18 HTTP/1.1" 200 5531 "https://spekkshealth.com/book-appointment/" "Mozilla/5.0 (Linux; Android 5.0) AppleWebKit/537.36 (KHTML, like Gecko) Mobile Safari/537.36 (compatible; Bytespider; spider-feedback@bytedance.com)"
47.128.125.95 - - [11/Apr/2025:11:34:00 -0400] "GET /wp-content/themes/woodmart/css/parts/int-wpb-base.min.css?ver=7.3.2 HTTP/1.1" 200 2653 "https://spekkshealth.com/book-appointment/" "Mozilla/5.0 (Linux; Android 5.0) AppleWebKit/537.36 (KHTML, like Gecko) Mobile Safari/537.36 (compatible; Bytespider; spider-feedback@bytedance.com)"
47.128.125.95 - - [11/Apr/2025:11:34:00 -0400] "GET /wp-content/themes/woodmart/css/parts/int-mc4wp.min.css?ver=7.3.2 HTTP/1.1" 200 352 "https://spekkshealth.com/book-appointment/" "Mozilla/5.0 (Linux; Android 5.0) AppleWebKit/537.36 (KHTML, like Gecko) Mobile Safari/537.36 (compatible; Bytespider; spider-feedback@bytedance.com)"
47.128.125.95 - - [11/Apr/2025:11:34:00 -0400] "GET /wp-content/themes/woodmart/css/parts/int-rev-slider.min.css?ver=7.3.2 HTTP/1.1" 200 256 "https://spekkshealth.com/book-appointment/" "Mozilla/5.0 (Linux; Android 5.0) AppleWebKit/537.36 (KHTML, like Gecko) Mobile Safari/537.36 (compatible; Bytespider; spider-feedback@bytedance.com)"
47.128.125.95 - - [11/Apr/2025:11:34:00 -0400] "GET /wp-content/themes/woodmart/css/parts/base.min.css?ver=7.3.2 HTTP/1.1" 200 10433 "https://spekkshealth.com/book-appointment/" "Mozilla/5.0 (Linux; Android 5.0) AppleWebKit/537.36 (KHTML, like Gecko) Mobile Safari/537.36 (compatible; Bytespider; spider-feedback@bytedance.com)"
47.128.125.95 - - [11/Apr/2025:11:34:00 -0400] "GET /wp-content/plugins/js_composer/assets/css/js_composer.min.css?ver=7.3 HTTP/1.1" 200 40992 "https://spekkshealth.com/book-appointment/" "Mozilla/5.0 (Linux; Android 5.0) AppleWebKit/537.36 (KHTML, like Gecko) Mobile Safari/537.36 (compatible; Bytespider; spider-feedback@bytedance.com)"
47.128.125.95 - - [11/Apr/2025:11:34:00 -0400] "GET /wp-content/themes/woodmart/css/parts/header-el-base.min.css?ver=7.3.2 HTTP/1.1" 200 811 "https://spekkshealth.com/book-appointment/" "Mozilla/5.0 (Linux; Android 5.0) AppleWebKit/537.36 (KHTML, like Gecko) Mobile Safari/537.36 (compatible; Bytespider; spider-feedback@bytedance.com)"
47.128.125.95 - - [11/Apr/2025:11:34:00 -0400] "GET /wp-content/themes/woodmart/css/parts/mod-tools.min.css?ver=7.3.2 HTTP/1.1" 200 863 "https://spekkshealth.com/book-appointment/" "Mozilla/5.0 (Linux; Android 5.0) AppleWebKit/537.36 (KHTML, like Gecko) Mobile Safari/537.36 (compatible; Bytespider; spider-feedback@bytedance.com)"
47.128.125.95 - - [11/Apr/2025:11:34:00 -0400] "GET /wp-content/themes/woodmart/css/parts/int-wpb-base-deprecated.min.css?ver=7.3.2 HTTP/1.1" 200 301 "https://spekkshealth.com/book-appointment/" "Mozilla/5.0 (Linux; Android 5.0) AppleWebKit/537.36 (KHTML, like Gecko) Mobile Safari/537.36 (compatible; Bytespider; spider-feedback@bytedance.com)"
47.128.125.95 - - [11/Apr/2025:11:34:00 -0400] "GET /wp-content/themes/woodmart/css/parts/header-base.min.css?ver=7.3.2 HTTP/1.1" 200 2509 "https://spekkshealth.com/book-appointment/" "Mozilla/5.0 (Linux; Android 5.0) AppleWebKit/537.36 (KHTML, like Gecko) Mobile Safari/537.36 (compatible; Bytespider; spider-feedback@bytedance.com)"
47.128.125.95 - - [11/Apr/2025:11:34:00 -0400] "GET /wp-content/themes/woodmart/css/parts/page-title.min.css?ver=7.3.2 HTTP/1.1" 200 204 "https://spekkshealth.com/book-appointment/" "Mozilla/5.0 (Linux; Android 5.0) AppleWebKit/537.36 (KHTML, like Gecko) Mobile Safari/537.36 (compatible; Bytespider; spider-feedback@bytedance.com)"
47.128.125.95 - - [11/Apr/2025:11:34:00 -0400] "GET /wp-content/themes/woodmart/css/parts/el-social-icons.min.css?ver=7.3.2 HTTP/1.1" 200 1130 "https://spekkshealth.com/book-appointment/" "Mozilla/5.0 (Linux; Android 5.0) AppleWebKit/537.36 (KHTML, like Gecko) Mobile Safari/537.36 (compatible; Bytespider; spider-feedback@bytedance.com)"
47.128.125.95 - - [11/Apr/2025:11:34:01 -0400] "GET /wp-content/themes/woodmart/css/parts/opt-widget-collapse.min.css?ver=7.3.2 HTTP/1.1" 200 349 "https://spekkshealth.com/book-appointment/" "Mozilla/5.0 (Linux; Android 5.0) AppleWebKit/537.36 (KHTML, like Gecko) Mobile Safari/537.36 (compatible; Bytespider; spider-feedback@bytedance.com)"
47.128.125.95 - - [11/Apr/2025:11:34:01 -0400] "GET /wp-content/themes/woodmart/css/parts/int-wbp-el-animations.min.css?ver=7.3.2 HTTP/1.1" 200 678 "https://spekkshealth.com/book-appointment/" "Mozilla/5.0 (Linux; Android 5.0) AppleWebKit/537.36 (KHTML, like Gecko) Mobile Safari/537.36 (compatible; Bytespider; spider-feedback@bytedance.com)"
47.128.125.95 - - [11/Apr/2025:11:34:01 -0400] "GET /wp-content/themes/woodmart/css/parts/footer-base.min.css?ver=7.3.2 HTTP/1.1" 200 360 "https://spekkshealth.com/book-appointment/" "Mozilla/5.0 (Linux; Android 5.0) AppleWebKit/537.36 (KHTML, like Gecko) Mobile Safari/537.36 (compatible; Bytespider; spider-feedback@bytedance.com)"
47.128.125.95 - - [11/Apr/2025:11:34:01 -0400] "GET /wp-content/themes/woodmart/css/parts/opt-scrolltotop.min.css?ver=7.3.2 HTTP/1.1" 200 345 "https://spekkshealth.com/book-appointment/" "Mozilla/5.0 (Linux; Android 5.0) AppleWebKit/537.36 (KHTML, like Gecko) Mobile Safari/537.36 (compatible; Bytespider; spider-feedback@bytedance.com)"
47.128.125.95 - - [11/Apr/2025:11:34:01 -0400] "GET /wp-content/themes/woodmart/css/parts/el-text-block.min.css?ver=7.3.2 HTTP/1.1" 200 110 "https://spekkshealth.com/book-appointment/" "Mozilla/5.0 (Linux; Android 5.0) AppleWebKit/537.36 (KHTML, like Gecko) Mobile Safari/537.36 (compatible; Bytespider; spider-feedback@bytedance.com)"
47.128.125.95 - - [11/Apr/2025:11:34:01 -0400] "GET /wp-content/plugins/js_composer/assets/lib/bower/animate-css/animate.min.css?ver=7.3 HTTP/1.1" 200 2248 "https://spekkshealth.com/book-appointment/" "Mozilla/5.0 (Linux; Android 5.0) AppleWebKit/537.36 (KHTML, like Gecko) Mobile Safari/537.36 (compatible; Bytespider; spider-feedback@bytedance.com)"
47.128.125.95 - - [11/Apr/2025:11:34:01 -0400] "GET /wp-content/plugins/revslider/public/assets/css/rs6.css?ver=6.6.20 HTTP/1.1" 200 11961 "https://spekkshealth.com/book-appointment/" "Mozilla/5.0 (Linux; Android 5.0) AppleWebKit/537.36 (KHTML, like Gecko) Mobile Safari/537.36 (compatible; Bytespider; spider-feedback@bytedance.com)"
47.128.125.95 - - [11/Apr/2025:11:34:01 -0400] "GET /wp-content/uploads/2024/01/WDD-US-11012024-54158190614-SPEKKS-scaled.jpg HTTP/1.1" 206 500 "https://spekkshealth.com/book-appointment/" "Mozilla/5.0 (Linux; Android 5.0) AppleWebKit/537.36 (KHTML, like Gecko) Mobile Safari/537.36 (compatible; Bytespider; spider-feedback@bytedance.com)"
47.128.125.95 - - [11/Apr/2025:11:34:01 -0400] "GET /wp-content/uploads/2024/01/Layer-47.jpg HTTP/1.1" 206 500 "https://spekkshealth.com/book-appointment/" "Mozilla/5.0 (Linux; Android 5.0) AppleWebKit/537.36 (KHTML, like Gecko) Mobile Safari/537.36 (compatible; Bytespider; spider-feedback@bytedance.com)"
47.128.125.95 - - [11/Apr/2025:11:34:02 -0400] "GET /wp-content/uploads/2024/01/Rectangle-3.png HTTP/1.1" 206 500 "https://spekkshealth.com/book-appointment/" "Mozilla/5.0 (Linux; Android 5.0) AppleWebKit/537.36 (KHTML, like Gecko) Mobile Safari/537.36 (compatible; Bytespider; spider-feedback@bytedance.com)"
77.74.177.114 - - [11/Apr/2025:11:35:48 -0400] "GET / HTTP/1.1" 200 35493 "-" "Mozilla/5.0 (Linux; arm_64; Android 12; CPH2205) AppleWebKit/537.36 (KHTML, like Gecko) Chrome/110.0.0.0 YaBrowser/23.3.3.86.00 SA/3 Mobile Safari/537.36"
58.49.233.126 - - [11/Apr/2025:11:49:05 -0400] "GET / HTTP/1.1" 200 35493 "http://spekkshealth.com" "Mozilla/5.0 (iPhone; CPU iPhone OS 13_2_3 like Mac OS X) AppleWebKit/605.1.15 (KHTML, like Gecko) Version/13.0.3 Mobile/15E148 Safari/604.1"
204.137.14.85 - - [11/Apr/2025:12:20:29 -0400] "GET / HTTP/1.1" 200 163700 "-" "Mozilla/5.0 (X11; Fedora; Linux x86_64; rv:132.0) Gecko/20100101 Firefox/132.0"
204.137.14.85 - - [11/Apr/2025:12:20:30 -0400] "GET / HTTP/1.1" 200 163700 "-" "Mozilla/5.0 (X11; Fedora; Linux x86_64; rv:132.0) Gecko/20100101 Firefox/132.0"
198.54.116.86 - - [11/Apr/2025:12:20:34 -0400] "POST /wp-cron.php?doing_wp_cron=1744388434.1274778842926025390625 HTTP/1.1" 200 0 "-" "WordPress/6.7.2; https://spekkshealth.com"
204.137.14.85 - - [11/Apr/2025:12:20:31 -0400] "GET /about-us/ HTTP/1.1" 200 91126 "-" "Mozilla/5.0 (X11; Fedora; Linux x86_64; rv:132.0) Gecko/20100101 Firefox/132.0"
198.54.116.86 - - [11/Apr/2025:12:20:34 -0400] "POST /wp-admin/admin-ajax.php?action=async_litespeed&nonce=NIfbyGSufG7XmDJbvClLJRWlDW98Jgnl&litespeed_type=imgoptm HTTP/1.1" 200 21 "-" "WordPress/6.7.2; https://spekkshealth.com"
204.137.14.85 - - [11/Apr/2025:12:20:35 -0400] "GET /services/ HTTP/1.1" 200 102178 "-" "Mozilla/5.0 (X11; Fedora; Linux x86_64; rv:132.0) Gecko/20100101 Firefox/132.0"
204.137.14.85 - - [11/Apr/2025:12:20:36 -0400] "GET /contact-us/ HTTP/1.1" 200 111065 "-" "Mozilla/5.0 (X11; Fedora; Linux x86_64; rv:132.0) Gecko/20100101 Firefox/132.0"
204.137.14.85 - - [11/Apr/2025:12:20:37 -0400] "GET /book-appointment/ HTTP/1.1" 200 164645 "-" "Mozilla/5.0 (X11; Fedora; Linux x86_64; rv:132.0) Gecko/20100101 Firefox/132.0"
204.137.14.85 - - [11/Apr/2025:12:20:38 -0400] "GET /tel:817-760-8264 HTTP/1.1" 404 87354 "-" "Mozilla/5.0 (X11; Fedora; Linux x86_64; rv:132.0) Gecko/20100101 Firefox/132.0"
204.137.14.85 - - [11/Apr/2025:12:20:40 -0400] "GET /tel:817-225-0009 HTTP/1.1" 404 87354 "-" "Mozilla/5.0 (X11; Fedora; Linux x86_64; rv:132.0) Gecko/20100101 Firefox/132.0"
198.54.116.86 - - [11/Apr/2025:12:40:55 -0400] "POST /wp-cron.php?doing_wp_cron=1744389655.6862289905548095703125 HTTP/1.1" 200 0 "-" "WordPress/6.7.2; https://spekkshealth.com"
54.36.148.60 - - [11/Apr/2025:12:40:53 -0400] "GET /hello-world/ HTTP/1.1" 200 19659 "-" "Mozilla/5.0 (compatible; AhrefsBot/7.0; +http://ahrefs.com/robot/)"
198.54.116.86 - - [11/Apr/2025:12:40:55 -0400] "POST /wp-admin/admin-ajax.php?action=async_litespeed&nonce=87gIsuyA0IbVV4JbJa943G6whJVt7UlQ&litespeed_type=imgoptm HTTP/1.1" 200 21 "-" "WordPress/6.7.2; https://spekkshealth.com"
156.253.174.193 - - [11/Apr/2025:12:57:06 -0400] "GET /contact-us/ HTTP/1.1" 200 22213 "-" "Mozilla/5.0 (Windows NT 10.0; Win64; x64) AppleWebKit/537.36 (KHTML, like Gecko) Chrome/114.0.0.0 Safari/537.36 OPR/89.0.4447.51"
198.54.116.86 - - [11/Apr/2025:12:57:09 -0400] "POST /wp-cron.php?doing_wp_cron=1744390629.2676999568939208984375 HTTP/1.1" 200 0 "-" "WordPress/6.7.2; https://spekkshealth.com"
156.253.174.193 - - [11/Apr/2025:12:57:07 -0400] "POST /contact-us/ HTTP/1.1" 200 19837 "https://spekkshealth.com/contact-us/" "Mozilla/5.0 (Windows NT 10.0; Win64; x64) AppleWebKit/537.36 (KHTML, like Gecko) Chrome/114.0.0.0 Safari/537.36 OPR/89.0.4447.51"
198.54.116.86 - - [11/Apr/2025:12:57:09 -0400] "POST /wp-admin/admin-ajax.php?action=async_litespeed&nonce=8YDwekzA9rS3FCiUbmvWzxckOLGAIzHK&litespeed_type=imgoptm HTTP/1.1" 200 21 "-" "WordPress/6.7.2; https://spekkshealth.com"
54.36.148.65 - - [11/Apr/2025:14:00:16 -0400] "GET /wp-comments-post.php HTTP/1.1" 405 0 "-" "Mozilla/5.0 (compatible; AhrefsBot/7.0; +http://ahrefs.com/robot/)"
45.61.188.237 - - [11/Apr/2025:15:51:38 -0400] "GET /wp-login.php HTTP/1.1" 200 9123 "-" "Mozilla/5.0 (Windows NT 6.1; rv:24.0) Gecko/20100101 Firefox/24.0"
198.54.116.86 - - [11/Apr/2025:15:51:41 -0400] "POST /wp-cron.php?doing_wp_cron=1744401100.9286849498748779296875 HTTP/1.1" 200 0 "-" "WordPress/6.7.2; https://spekkshealth.com"
45.61.188.237 - - [11/Apr/2025:15:51:38 -0400] "POST /wp-login.php HTTP/1.1" 200 9627 "-" "Mozilla/5.0 (Windows NT 6.1; rv:24.0) Gecko/20100101 Firefox/24.0"
198.54.116.86 - - [11/Apr/2025:15:51:41 -0400] "POST /wp-admin/admin-ajax.php?action=async_litespeed&nonce=jDPdvfSj4Efze8aF5xcrpde2Uv9elqHh&litespeed_type=imgoptm HTTP/1.1" 200 21 "-" "WordPress/6.7.2; https://spekkshealth.com"
54.36.148.167 - - [11/Apr/2025:16:06:58 -0400] "GET /about-us/ HTTP/1.1" 200 17916 "-" "Mozilla/5.0 (compatible; AhrefsBot/7.0; +http://ahrefs.com/robot/)"
23.106.24.241 - - [11/Apr/2025:16:23:55 -0400] "GET /contact-us/ HTTP/1.1" 200 22213 "-" "Mozilla/5.0 (Windows NT 10.0; Win64; x64) AppleWebKit/537.36 (KHTML, like Gecko) Chrome/114.0.0.0 Safari/537.36 OPR/89.0.4447.51"
198.54.116.86 - - [11/Apr/2025:16:23:58 -0400] "POST /wp-cron.php?doing_wp_cron=1744403038.1734941005706787109375 HTTP/1.1" 200 0 "-" "WordPress/6.7.2; https://spekkshealth.com"
23.106.24.241 - - [11/Apr/2025:16:23:56 -0400] "POST /contact-us/ HTTP/1.1" 200 19837 "https://spekkshealth.com/contact-us/" "Mozilla/5.0 (Windows NT 10.0; Win64; x64) AppleWebKit/537.36 (KHTML, like Gecko) Chrome/114.0.0.0 Safari/537.36 OPR/89.0.4447.51"
198.54.116.86 - - [11/Apr/2025:16:23:58 -0400] "POST /wp-admin/admin-ajax.php?action=async_litespeed&nonce=MtDQW5dLi49YqAPVuEkaNrDE7OYgJsn6&litespeed_type=imgoptm HTTP/1.1" 200 21 "-" "WordPress/6.7.2; https://spekkshealth.com"
45.61.187.186 - - [11/Apr/2025:16:38:39 -0400] "GET /wp-login.php HTTP/1.1" 200 9123 "-" "Mozilla/5.0 (Macintosh; Intel Mac OS X 10_8_5) AppleWebKit/537.77.4 (KHTML, like Gecko) Version/6.1.5 Safari/537.77.4"
198.54.116.86 - - [11/Apr/2025:16:38:53 -0400] "POST /wp-cron.php?doing_wp_cron=1744403933.9558069705963134765625 HTTP/1.1" 200 0 "-" "WordPress/6.7.2; https://spekkshealth.com"
45.61.187.186 - - [11/Apr/2025:16:38:52 -0400] "POST /wp-login.php HTTP/1.1" 200 9601 "-" "Mozilla/5.0 (Macintosh; Intel Mac OS X 10_8_5) AppleWebKit/537.77.4 (KHTML, like Gecko) Version/6.1.5 Safari/537.77.4"
198.54.116.86 - - [11/Apr/2025:16:38:54 -0400] "POST /wp-admin/admin-ajax.php?action=async_litespeed&nonce=akElGGSvUBd3hSk9fj8M18OEKeL324As&litespeed_type=imgoptm HTTP/1.1" 200 21 "-" "WordPress/6.7.2; https://spekkshealth.com"
43.157.150.69 - - [11/Apr/2025:16:49:46 -0400] "GET / HTTP/1.1" 200 35493 "http://spekkshealth.com" "Mozilla/5.0 (iPhone; CPU iPhone OS 13_2_3 like Mac OS X) AppleWebKit/605.1.15 (KHTML, like Gecko) Version/13.0.3 Mobile/15E148 Safari/604.1"
43.157.250.180 - - [11/Apr/2025:17:06:17 -0400] "GET /book-appointment/ HTTP/1.1" 200 27854 "-" "Mozilla/5.0 (iPhone; CPU iPhone OS 13_2_3 like Mac OS X) AppleWebKit/605.1.15 (KHTML, like Gecko) Version/13.0.3 Mobile/15E148 Safari/604.1"
198.54.116.86 - - [11/Apr/2025:17:16:06 -0400] "POST /wp-cron.php?doing_wp_cron=1744406166.1528759002685546875000 HTTP/1.1" 200 0 "-" "WordPress/6.7.2; https://spekkshealth.com"
43.134.141.244 - - [11/Apr/2025:17:16:04 -0400] "GET /feed/ HTTP/1.1" 200 863 "-" "Mozilla/5.0 (iPhone; CPU iPhone OS 13_2_3 like Mac OS X) AppleWebKit/605.1.15 (KHTML, like Gecko) Version/13.0.3 Mobile/15E148 Safari/604.1"
198.54.116.86 - - [11/Apr/2025:17:16:06 -0400] "POST /wp-admin/admin-ajax.php?action=async_litespeed&nonce=CGjREWezZYnq6EHLN3UABA1I3VbUNVxa&litespeed_type=imgoptm HTTP/1.1" 200 21 "-" "WordPress/6.7.2; https://spekkshealth.com"
198.54.116.86 - - [11/Apr/2025:17:23:55 -0400] "POST /wp-cron.php?doing_wp_cron=1744406635.4220600128173828125000 HTTP/1.1" 200 0 "-" "WordPress/6.7.2; https://spekkshealth.com"
43.130.9.111 - - [11/Apr/2025:17:23:53 -0400] "GET /comments/feed/ HTTP/1.1" 200 768 "-" "Mozilla/5.0 (iPhone; CPU iPhone OS 13_2_3 like Mac OS X) AppleWebKit/605.1.15 (KHTML, like Gecko) Version/13.0.3 Mobile/15E148 Safari/604.1"
198.54.116.86 - - [11/Apr/2025:17:23:55 -0400] "POST /wp-admin/admin-ajax.php?action=async_litespeed&nonce=mxXSt205htpng3KOyhjAstoEPiOZPJrb&litespeed_type=imgoptm HTTP/1.1" 200 21 "-" "WordPress/6.7.2; https://spekkshealth.com"
138.246.253.24 - - [11/Apr/2025:17:27:17 -0400] "GET /robots.txt HTTP/1.1" 200 117 "-" "Mozilla/5.0 (Windows NT 10.0; Win64; x64) AppleWebKit/537.36 (KHTML, like Gecko) Chrome/103.0.5060.134 Safari/537.36"
198.98.52.69 - - [11/Apr/2025:17:42:58 -0400] "GET /wp-login.php HTTP/1.1" 200 9123 "-" "Mozilla/5.0 (compatible; MSIE 10.0; Windows NT 6.1; WOW64; Trident/6.0)"
43.159.140.236 - - [11/Apr/2025:17:44:15 -0400] "GET /about-us/ HTTP/1.1" 200 20983 "-" "Mozilla/5.0 (iPhone; CPU iPhone OS 13_2_3 like Mac OS X) AppleWebKit/605.1.15 (KHTML, like Gecko) Version/13.0.3 Mobile/15E148 Safari/604.1"
43.167.245.18 - - [11/Apr/2025:17:53:37 -0400] "GET /services/ HTTP/1.1" 200 21844 "-" "Mozilla/5.0 (iPhone; CPU iPhone OS 13_2_3 like Mac OS X) AppleWebKit/605.1.15 (KHTML, like Gecko) Version/13.0.3 Mobile/15E148 Safari/604.1"
198.54.116.86 - - [11/Apr/2025:18:10:19 -0400] "POST /wp-cron.php?doing_wp_cron=1744409419.4715340137481689453125 HTTP/1.1" 200 0 "-" "WordPress/6.7.2; https://spekkshealth.com"
43.130.150.80 - - [11/Apr/2025:18:10:17 -0400] "GET /wp-json/oembed/1.0/embed?url=https%3A%2F%2Fspekkshealth.com%2Fbook-appointment%2F&format=xml HTTP/1.1" 200 1161 "-" "Mozilla/5.0 (iPhone; CPU iPhone OS 13_2_3 like Mac OS X) AppleWebKit/605.1.15 (KHTML, like Gecko) Version/13.0.3 Mobile/15E148 Safari/604.1"
198.54.116.86 - - [11/Apr/2025:18:10:19 -0400] "POST /wp-admin/admin-ajax.php?action=async_litespeed&nonce=dRAUbTOdR9gNdgk9PTrgNl7ODmVdTVdP&litespeed_type=imgoptm HTTP/1.1" 200 21 "-" "WordPress/6.7.2; https://spekkshealth.com"
198.54.116.86 - - [11/Apr/2025:18:16:11 -0400] "POST /wp-cron.php?doing_wp_cron=1744409771.1381969451904296875000 HTTP/1.1" 200 0 "-" "WordPress/6.7.2; https://spekkshealth.com"
43.153.102.138 - - [11/Apr/2025:18:16:08 -0400] "GET /hello-world/feed/ HTTP/1.1" 200 726 "-" "Mozilla/5.0 (iPhone; CPU iPhone OS 13_2_3 like Mac OS X) AppleWebKit/605.1.15 (KHTML, like Gecko) Version/13.0.3 Mobile/15E148 Safari/604.1"
198.54.116.86 - - [11/Apr/2025:18:16:11 -0400] "POST /wp-admin/admin-ajax.php?action=async_litespeed&nonce=jxJQh5SOO00t422HCjEuLvDSSTYmerh7&litespeed_type=imgoptm HTTP/1.1" 200 21 "-" "WordPress/6.7.2; https://spekkshealth.com"
43.155.129.131 - - [11/Apr/2025:18:24:32 -0400] "GET /hello-world/ HTTP/1.1" 200 22874 "-" "Mozilla/5.0 (iPhone; CPU iPhone OS 13_2_3 like Mac OS X) AppleWebKit/605.1.15 (KHTML, like Gecko) Version/13.0.3 Mobile/15E148 Safari/604.1"
43.157.168.43 - - [11/Apr/2025:18:33:43 -0400] "GET /contact-us/ HTTP/1.1" 200 25668 "-" "Mozilla/5.0 (iPhone; CPU iPhone OS 13_2_3 like Mac OS X) AppleWebKit/605.1.15 (KHTML, like Gecko) Version/13.0.3 Mobile/15E148 Safari/604.1"
196.251.80.168 - - [11/Apr/2025:18:47:26 -0400] "GET / HTTP/1.1" 200 163700 "-" "Mozlila/5.0 (Linux; Android 7.0; SM-G892A Bulid/NRD90M; wv) AppleWebKit/537.36 (KHTML, like Gecko) Version/4.0 Chrome/60.0.3112.107 Moblie Safari/537.36"
198.54.116.86 - - [11/Apr/2025:18:47:28 -0400] "POST /wp-cron.php?doing_wp_cron=1744411648.6483519077301025390625 HTTP/1.1" 200 0 "-" "WordPress/6.7.2; https://spekkshealth.com"
198.54.116.86 - - [11/Apr/2025:18:47:28 -0400] "POST /wp-cron.php?doing_wp_cron=1744411648.6482830047607421875000 HTTP/1.1" 200 0 "-" "WordPress/6.7.2; https://spekkshealth.com"
196.251.80.168 - - [11/Apr/2025:18:47:26 -0400] "POST /wp-plain.php HTTP/1.1" 404 88068 "www.google.com" "Mozilla/5.0 (Linux; Android 7.0; SM-G892A Bulid/NRD90M; wv) AppleWebKit/537.36 (KHTML, like Gecko) Version/4.0 Chrome/60.0.3112.107 Moblie Safari/537.36"
196.251.80.168 - - [11/Apr/2025:18:47:26 -0400] "GET /wp-content/plugins/apikey/apikey.php?test=hello HTTP/1.1" 404 87793 "-" "Mozlila/5.0 (Linux; Android 7.0; SM-G892A Bulid/NRD90M; wv) AppleWebKit/537.36 (KHTML, like Gecko) Version/4.0 Chrome/60.0.3112.107 Moblie Safari/537.36"
196.251.80.168 - - [11/Apr/2025:18:47:26 -0400] "GET /wp-content/themes/seotheme/db.php?u HTTP/1.1" 404 87793 "www.google.com" "Mozlila/5.0 (Linux; Android 7.0; SM-G892A Bulid/NRD90M; wv) AppleWebKit/537.36 (KHTML, like Gecko) Version/4.0 Chrome/60.0.3112.107 Moblie Safari/537.36"
198.54.116.86 - - [11/Apr/2025:18:47:28 -0400] "POST /wp-admin/admin-ajax.php?action=async_litespeed&nonce=0gixv8lJ5oq3VOpP2auhFUb4chP1W6Fj&litespeed_type=imgoptm HTTP/1.1" 200 21 "-" "WordPress/6.7.2; https://spekkshealth.com"
196.251.80.168 - - [11/Apr/2025:18:47:29 -0400] "GET /wp-content/themes/seotheme/db.php?u HTTP/1.1" 404 87793 "www.google.com" "Mozlila/5.0 (Linux; Android 7.0; SM-G892A Bulid/NRD90M; wv) AppleWebKit/537.36 (KHTML, like Gecko) Version/4.0 Chrome/60.0.3112.107 Moblie Safari/537.36"
196.251.80.168 - - [11/Apr/2025:18:47:29 -0400] "GET /guwnpumc.php?Fox=d3wL7 HTTP/1.1" 404 87354 "www.google.com" "Mozilla/5.0 (Linux; Android 7.0; SM-G892A Bulid/NRD90M; wv) AppleWebKit/537.36 (KHTML, like Gecko) Version/4.0 Chrome/60.0.3112.107 Moblie Safari/537.36"
196.251.80.168 - - [11/Apr/2025:18:47:29 -0400] "GET /plugins/content/apismtp/apismtp.php?test=hello HTTP/1.1" 404 87793 "-" "Mozlila/5.0 (Linux; Android 7.0; SM-G892A Bulid/NRD90M; wv) AppleWebKit/537.36 (KHTML, like Gecko) Version/4.0 Chrome/60.0.3112.107 Moblie Safari/537.36"
196.251.80.168 - - [11/Apr/2025:18:47:29 -0400] "GET /wp-content/plugins/apikey/apikey.php.suspected?test=hello HTTP/1.1" 404 87793 "-" "Mozlila/5.0 (Linux; Android 7.0; SM-G892A Bulid/NRD90M; wv) AppleWebKit/537.36 (KHTML, like Gecko) Version/4.0 Chrome/60.0.3112.107 Moblie Safari/537.36"
196.251.80.168 - - [11/Apr/2025:18:47:30 -0400] "GET /plugins/content/apismtp/apismtp.php.suspected?test=hello HTTP/1.1" 404 87793 "-" "Mozlila/5.0 (Linux; Android 7.0; SM-G892A Bulid/NRD90M; wv) AppleWebKit/537.36 (KHTML, like Gecko) Version/4.0 Chrome/60.0.3112.107 Moblie Safari/537.36"
198.54.116.86 - - [11/Apr/2025:18:59:39 -0400] "POST /wp-cron.php?doing_wp_cron=1744412379.5460178852081298828125 HTTP/1.1" 200 0 "-" "WordPress/6.7.2; https://spekkshealth.com"
43.159.149.56 - - [11/Apr/2025:18:59:37 -0400] "GET /?p=21 HTTP/1.1" 301 0 "-" "Mozilla/5.0 (iPhone; CPU iPhone OS 13_2_3 like Mac OS X) AppleWebKit/605.1.15 (KHTML, like Gecko) Version/13.0.3 Mobile/15E148 Safari/604.1"
198.54.116.86 - - [11/Apr/2025:18:59:39 -0400] "POST /wp-admin/admin-ajax.php?action=async_litespeed&nonce=OxSQmaqZ1RMcX259isydnFvX2Q5CmOPJ&litespeed_type=imgoptm HTTP/1.1" 200 21 "-" "WordPress/6.7.2; https://spekkshealth.com"
43.159.149.56 - - [11/Apr/2025:18:59:46 -0400] "GET /services/ HTTP/1.1" 200 21841 "https://spekkshealth.com/?p=21" "Mozilla/5.0 (iPhone; CPU iPhone OS 13_2_3 like Mac OS X) AppleWebKit/605.1.15 (KHTML, like Gecko) Version/13.0.3 Mobile/15E148 Safari/604.1"
51.222.253.11 - - [11/Apr/2025:19:00:55 -0400] "GET /robots.txt HTTP/1.1" 200 97 "-" "Mozilla/5.0 (compatible; AhrefsBot/7.0; +http://ahrefs.com/robot/)"
54.36.148.137 - - [11/Apr/2025:19:00:56 -0400] "GET /services/ HTTP/1.1" 200 18739 "-" "Mozilla/5.0 (compatible; AhrefsBot/7.0; +http://ahrefs.com/robot/)"
198.54.116.86 - - [11/Apr/2025:19:05:12 -0400] "POST /wp-cron.php?doing_wp_cron=1744412712.3359560966491699218750 HTTP/1.1" 200 0 "-" "WordPress/6.7.2; https://spekkshealth.com"
43.157.250.210 - - [11/Apr/2025:19:05:10 -0400] "GET /book-appointment/embed/ HTTP/1.1" 200 7152 "-" "Mozilla/5.0 (iPhone; CPU iPhone OS 13_2_3 like Mac OS X) AppleWebKit/605.1.15 (KHTML, like Gecko) Version/13.0.3 Mobile/15E148 Safari/604.1"
198.54.116.86 - - [11/Apr/2025:19:05:12 -0400] "POST /wp-admin/admin-ajax.php?action=async_litespeed&nonce=QSpZau6N0cyzSSqpkAJNuAW1wUcNjGKD&litespeed_type=imgoptm HTTP/1.1" 200 21 "-" "WordPress/6.7.2; https://spekkshealth.com"
198.235.24.30 - - [11/Apr/2025:19:10:10 -0400] "GET / HTTP/1.1" 200 163700 "http://198.54.116.86:80/" "-"
43.157.250.180 - - [11/Apr/2025:19:14:25 -0400] "GET / HTTP/1.1" 200 35493 "-" "Mozilla/5.0 (iPhone; CPU iPhone OS 13_2_3 like Mac OS X) AppleWebKit/605.1.15 (KHTML, like Gecko) Version/13.0.3 Mobile/15E148 Safari/604.1"
194.61.40.14 - - [11/Apr/2025:19:21:00 -0400] "GET /contact-us/ HTTP/1.1" 200 22213 "-" "Mozilla/5.0 (Windows NT 10.0; Win64; x64) AppleWebKit/537.36 (KHTML, like Gecko) Chrome/114.0.0.0 Safari/537.36 OPR/89.0.4447.51"
198.54.116.86 - - [11/Apr/2025:19:21:04 -0400] "POST /wp-cron.php?doing_wp_cron=1744413664.4256789684295654296875 HTTP/1.1" 200 0 "-" "WordPress/6.7.2; https://spekkshealth.com"
194.61.40.38 - - [11/Apr/2025:19:21:02 -0400] "POST /contact-us/ HTTP/1.1" 200 19838 "https://spekkshealth.com/contact-us/" "Mozilla/5.0 (Windows NT 10.0; Win64; x64) AppleWebKit/537.36 (KHTML, like Gecko) Chrome/114.0.0.0 Safari/537.36 OPR/89.0.4447.51"
198.54.116.86 - - [11/Apr/2025:19:21:04 -0400] "POST /wp-admin/admin-ajax.php?action=async_litespeed&nonce=QlhQNCnALMNGS3dCKsG6iv89h48cowHE&litespeed_type=imgoptm HTTP/1.1" 200 21 "-" "WordPress/6.7.2; https://spekkshealth.com"
198.54.116.86 - - [11/Apr/2025:19:24:23 -0400] "POST /wp-cron.php?doing_wp_cron=1744413863.8655331134796142578125 HTTP/1.1" 200 0 "-" "WordPress/6.7.2; https://spekkshealth.com"
43.133.253.253 - - [11/Apr/2025:19:24:21 -0400] "GET /2024/01/ HTTP/1.1" 200 20728 "-" "Mozilla/5.0 (iPhone; CPU iPhone OS 13_2_3 like Mac OS X) AppleWebKit/605.1.15 (KHTML, like Gecko) Version/13.0.3 Mobile/15E148 Safari/604.1"
198.54.116.86 - - [11/Apr/2025:19:24:24 -0400] "POST /wp-admin/admin-ajax.php?action=async_litespeed&nonce=jTw6kCns7C1lLLiGltssGHAv3ZFPCBlY&litespeed_type=imgoptm HTTP/1.1" 200 21 "-" "WordPress/6.7.2; https://spekkshealth.com"
198.54.116.86 - - [11/Apr/2025:19:34:47 -0400] "POST /wp-cron.php?doing_wp_cron=1744414487.6634180545806884765625 HTTP/1.1" 200 0 "-" "WordPress/6.7.2; https://spekkshealth.com"
43.155.140.157 - - [11/Apr/2025:19:34:45 -0400] "GET /wp-json/wp/v2/pages/23 HTTP/1.1" 200 23058 "-" "Mozilla/5.0 (iPhone; CPU iPhone OS 13_2_3 like Mac OS X) AppleWebKit/605.1.15 (KHTML, like Gecko) Version/13.0.3 Mobile/15E148 Safari/604.1"
198.54.116.86 - - [11/Apr/2025:19:34:47 -0400] "POST /wp-admin/admin-ajax.php?action=async_litespeed&nonce=DTTN3sNw2srWUNMsNYJuvGpVIyJNM11u&litespeed_type=imgoptm HTTP/1.1" 200 21 "-" "WordPress/6.7.2; https://spekkshealth.com"
198.54.116.86 - - [11/Apr/2025:19:43:35 -0400] "POST /wp-cron.php?doing_wp_cron=1744415015.4717099666595458984375 HTTP/1.1" 200 0 "-" "WordPress/6.7.2; https://spekkshealth.com"
43.157.95.131 - - [11/Apr/2025:19:43:33 -0400] "GET /wp-json/oembed/1.0/embed?url=https%3A%2F%2Fspekkshealth.com%2Fservices%2F&format=xml HTTP/1.1" 200 1149 "-" "Mozilla/5.0 (iPhone; CPU iPhone OS 13_2_3 like Mac OS X) AppleWebKit/605.1.15 (KHTML, like Gecko) Version/13.0.3 Mobile/15E148 Safari/604.1"
198.54.116.86 - - [11/Apr/2025:19:43:35 -0400] "POST /wp-admin/admin-ajax.php?action=async_litespeed&nonce=pgBH6cVBYo0pzfpJZOs0CC4Wq5A3gM76&litespeed_type=imgoptm HTTP/1.1" 200 21 "-" "WordPress/6.7.2; https://spekkshealth.com"
198.54.116.86 - - [11/Apr/2025:19:54:11 -0400] "POST /wp-cron.php?doing_wp_cron=1744415651.7793450355529785156250 HTTP/1.1" 200 0 "-" "WordPress/6.7.2; https://spekkshealth.com"
43.153.74.75 - - [11/Apr/2025:19:54:09 -0400] "GET /wp-json/ HTTP/1.1" 200 240216 "-" "Mozilla/5.0 (iPhone; CPU iPhone OS 13_2_3 like Mac OS X) AppleWebKit/605.1.15 (KHTML, like Gecko) Version/13.0.3 Mobile/15E148 Safari/604.1"
198.54.116.86 - - [11/Apr/2025:19:54:11 -0400] "POST /wp-admin/admin-ajax.php?action=async_litespeed&nonce=YzSCbOI9ZDdcgRAIrS1t75jek8VMdYFW&litespeed_type=imgoptm HTTP/1.1" 200 21 "-" "WordPress/6.7.2; https://spekkshealth.com"
198.54.116.86 - - [11/Apr/2025:19:59:07 -0400] "POST /wp-cron.php?doing_wp_cron=1744415947.1852240562438964843750 HTTP/1.1" 200 0 "-" "WordPress/6.7.2; https://spekkshealth.com"
134.17.14.122 - - [11/Apr/2025:19:59:05 -0400] "GET /goat.php HTTP/1.1" 404 16716 "-" "Mozilla/4.0 (compatible; MSIE 6.0; Windows NT 5.1; SV1)"
198.54.116.86 - - [11/Apr/2025:19:59:07 -0400] "POST /wp-admin/admin-ajax.php?action=async_litespeed&nonce=bAtNKIm071b0A2jNpmkNEG7PUqo2gMIU&litespeed_type=imgoptm HTTP/1.1" 200 21 "-" "WordPress/6.7.2; https://spekkshealth.com"
198.54.116.86 - - [11/Apr/2025:20:08:58 -0400] "POST /wp-cron.php?doing_wp_cron=1744416538.7433118820190429687500 HTTP/1.1" 200 0 "-" "WordPress/6.7.2; https://spekkshealth.com"
43.129.51.239 - - [11/Apr/2025:20:08:56 -0400] "GET /wp-json/wp/v2/pages/21 HTTP/1.1" 200 19780 "-" "Mozilla/5.0 (iPhone; CPU iPhone OS 13_2_3 like Mac OS X) AppleWebKit/605.1.15 (KHTML, like Gecko) Version/13.0.3 Mobile/15E148 Safari/604.1"
198.54.116.86 - - [11/Apr/2025:20:08:58 -0400] "POST /wp-admin/admin-ajax.php?action=async_litespeed&nonce=Ib5lTZOcFDLCM2EPzzZaKiaf85R6IiAF&litespeed_type=imgoptm HTTP/1.1" 200 21 "-" "WordPress/6.7.2; https://spekkshealth.com"
66.249.77.13 - - [11/Apr/2025:20:27:20 -0400] "GET /robots.txt HTTP/1.1" 200 97 "-" "Mozilla/5.0 (compatible; Googlebot/2.1; +http://www.google.com/bot.html)"
52.167.144.150 - - [11/Apr/2025:20:49:16 -0400] "GET /sitemap.xml.gz HTTP/1.1" 301 0 "-" "Mozilla/5.0 AppleWebKit/537.36 (KHTML, like Gecko; compatible; bingbot/2.0; +http://www.bing.com/bingbot.htm) Chrome/116.0.1938.76 Safari/537.36"
52.167.144.150 - - [11/Apr/2025:20:49:17 -0400] "GET /wp-sitemap.xml HTTP/1.1" 200 193 "-" "Mozilla/5.0 AppleWebKit/537.36 (KHTML, like Gecko; compatible; bingbot/2.0; +http://www.bing.com/bingbot.htm) Chrome/116.0.1938.76 Safari/537.36"
157.55.39.195 - - [11/Apr/2025:20:49:31 -0400] "GET /wp-sitemap-users-1.xml HTTP/1.1" 200 160 "-" "Mozilla/5.0 AppleWebKit/537.36 (KHTML, like Gecko; compatible; bingbot/2.0; +http://www.bing.com/bingbot.htm) Chrome/116.0.1938.76 Safari/537.36"
40.77.167.149 - - [11/Apr/2025:20:52:46 -0400] "GET /sitemap.xml HTTP/1.1" 301 0 "-" "Mozilla/5.0 AppleWebKit/537.36 (KHTML, like Gecko; compatible; bingbot/2.0; +http://www.bing.com/bingbot.htm) Chrome/116.0.1938.76 Safari/537.36"
40.77.167.149 - - [11/Apr/2025:20:52:47 -0400] "GET /wp-sitemap.xml HTTP/1.1" 200 193 "-" "Mozilla/5.0 AppleWebKit/537.36 (KHTML, like Gecko; compatible; bingbot/2.0; +http://www.bing.com/bingbot.htm) Chrome/116.0.1938.76 Safari/537.36"
117.62.235.53 - - [11/Apr/2025:21:19:35 -0400] "GET / HTTP/1.1" 200 35493 "http://spekkshealth.com" "Mozilla/5.0 (iPhone; CPU iPhone OS 13_2_3 like Mac OS X) AppleWebKit/605.1.15 (KHTML, like Gecko) Version/13.0.3 Mobile/15E148 Safari/604.1"
107.189.3.177 - - [11/Apr/2025:21:36:39 -0400] "GET /wp-login.php HTTP/1.1" 200 9123 "-" "Mozilla/5.0 (Windows NT 6.1; WOW64; rv:24.0) Gecko/20100101 Firefox/24.0"
198.54.116.86 - - [11/Apr/2025:21:36:57 -0400] "POST /wp-cron.php?doing_wp_cron=1744421817.1756789684295654296875 HTTP/1.1" 200 0 "-" "WordPress/6.7.2; https://spekkshealth.com"
107.189.3.177 - - [11/Apr/2025:21:36:54 -0400] "POST /wp-login.php HTTP/1.1" 200 9627 "-" "Mozilla/5.0 (Windows NT 6.1; WOW64; rv:24.0) Gecko/20100101 Firefox/24.0"
198.54.116.86 - - [11/Apr/2025:21:36:57 -0400] "POST /wp-admin/admin-ajax.php?action=async_litespeed&nonce=x6rs5Zh6cPLFWxXzpdn3fdfJhtqer0dS&litespeed_type=imgoptm HTTP/1.1" 200 21 "-" "WordPress/6.7.2; https://spekkshealth.com"
98.163.9.168 - - [11/Apr/2025:22:03:07 -0400] "GET /contact-us/ HTTP/1.1" 200 22213 "-" "Mozilla/5.0 (Android 2.2.3; Mobile; rv:58.0) Gecko/58.0 Firefox/58.0"
198.98.49.67 - - [11/Apr/2025:22:36:49 -0400] "GET /wp-login.php HTTP/1.1" 200 9123 "-" "Mozilla/5.0 (Macintosh; Intel Mac OS X 10.8; rv:31.0) Gecko/20100101 Firefox/31.0"
198.54.116.86 - - [11/Apr/2025:22:36:51 -0400] "POST /wp-cron.php?doing_wp_cron=1744425411.5952050685882568359375 HTTP/1.1" 200 0 "-" "WordPress/6.7.2; https://spekkshealth.com"
198.98.49.67 - - [11/Apr/2025:22:36:49 -0400] "POST /wp-login.php HTTP/1.1" 200 9601 "-" "Mozilla/5.0 (Macintosh; Intel Mac OS X 10.8; rv:31.0) Gecko/20100101 Firefox/31.0"
198.54.116.86 - - [11/Apr/2025:22:36:51 -0400] "POST /wp-admin/admin-ajax.php?action=async_litespeed&nonce=L99QaugPWMUuEF4RwRPlNkivdBsvtQhP&litespeed_type=imgoptm HTTP/1.1" 200 21 "-" "WordPress/6.7.2; https://spekkshealth.com"
128.90.141.3 - - [11/Apr/2025:22:42:05 -0400] "GET / HTTP/1.1" 200 35493 "http://spekkshealth.com" "Go-http-client/1.1"
128.90.141.3 - - [11/Apr/2025:22:42:06 -0400] "GET /wp-admin/setup-config.php?step=1&language=en_GB HTTP/1.1" 409 1214 "-" "Mozilla/5.0 (compatible; Googlebot/2.1; +http://www.google.com/bot.html)"
198.54.116.86 - - [11/Apr/2025:22:42:07 -0400] "POST /wp-cron.php?doing_wp_cron=1744425727.2489039897918701171875 HTTP/1.1" 200 0 "-" "WordPress/6.7.2; https://spekkshealth.com"
128.90.141.3 - - [11/Apr/2025:22:42:07 -0400] "GET /wp-admin/install.php?step=1&language=en_GB HTTP/1.1" 200 520 "-" "Mozilla/5.0 (compatible; Googlebot/2.1; +http://www.google.com/bot.html)"
198.54.116.86 - - [11/Apr/2025:22:42:08 -0400] "POST /wp-cron.php?doing_wp_cron=1744425728.4681019783020019531250 HTTP/1.1" 200 0 "-" "WordPress/6.7.2; https://spekkshealth.com"
128.90.141.3 - - [11/Apr/2025:22:42:07 -0400] "GET /wordpress/wp-admin/setup-config.php?step=1&language=en_GB HTTP/1.1" 404 19628 "-" "Mozilla/5.0 (iPhone; CPU iPhone OS 16_4 like Mac OS X) AppleWebKit/605.1.15 (KHTML, like Gecko) Version/16.4 Mobile/15E148 Safari/604.1"
198.54.116.86 - - [11/Apr/2025:22:42:08 -0400] "POST /wp-admin/admin-ajax.php?action=async_litespeed&nonce=dYdkPnbW2M2vknapGoyMpzdyXiYt2obr&litespeed_type=imgoptm HTTP/1.1" 200 21 "-" "WordPress/6.7.2; https://spekkshealth.com"
128.90.141.3 - - [11/Apr/2025:22:42:08 -0400] "GET /wordpress/wp-admin/install.php?step=1&language=en_GB HTTP/1.1" 404 19628 "-" "Mozilla/5.0 (compatible; Yahoo! Slurp; http://help.yahoo.com/help/us/ysearch/slurp)"
128.90.141.3 - - [11/Apr/2025:22:42:09 -0400] "GET /wp/wp-admin/setup-config.php?step=1&language=en_GB HTTP/1.1" 404 19628 "-" "Mozilla/5.0 (iPad; CPU OS 16_4 like Mac OS X) AppleWebKit/605.1.15 (KHTML, like Gecko) Version/16.4 Mobile/15E148 Safari/604.1"
128.90.141.3 - - [11/Apr/2025:22:42:09 -0400] "GET /wp/wp-admin/install.php?step=1&language=en_GB HTTP/1.1" 404 19628 "-" "Mozilla/5.0 (compatible; Yahoo! Slurp; http://help.yahoo.com/help/us/ysearch/slurp)"
128.90.141.3 - - [11/Apr/2025:22:42:10 -0400] "GET /new/wp-admin/setup-config.php?step=1&language=en_GB HTTP/1.1" 404 19626 "-" "Mozilla/5.0 (iPad; CPU OS 16_4 like Mac OS X) AppleWebKit/605.1.15 (KHTML, like Gecko) Version/16.4 Mobile/15E148 Safari/604.1"
128.90.141.3 - - [11/Apr/2025:22:42:10 -0400] "GET /new/wp-admin/install.php?step=1&language=en_GB HTTP/1.1" 404 19628 "-" "Mozilla/5.0 (Windows NT 10.0; Win64; x64) AppleWebKit/537.36 (KHTML, like Gecko) Edge/115.0.0.0"
128.90.141.3 - - [11/Apr/2025:22:42:10 -0400] "GET /old/wp-admin/setup-config.php?step=1&language=en_GB HTTP/1.1" 404 19626 "-" "Mozilla/5.0 (compatible; Yahoo! Slurp; http://help.yahoo.com/help/us/ysearch/slurp)"
198.54.116.86 - - [11/Apr/2025:22:42:11 -0400] "POST /wp-cron.php?doing_wp_cron=1744425731.4063179492950439453125 HTTP/1.1" 200 0 "-" "WordPress/6.7.2; https://spekkshealth.com"
128.90.141.3 - - [11/Apr/2025:22:42:11 -0400] "GET /old/wp-admin/install.php?step=1&language=en_GB HTTP/1.1" 404 19626 "-" "Mozilla/5.0 (Windows NT 10.0; Win64; x64) AppleWebKit/537.36 (KHTML, like Gecko) Chrome/115.0.0.0 Safari/537.36"
198.54.116.86 - - [11/Apr/2025:22:42:11 -0400] "POST /wp-admin/admin-ajax.php?action=async_litespeed&nonce=VK5IjYnddkwkGHSoH2z7oCIkL6AJpBNK&litespeed_type=imgoptm HTTP/1.1" 200 21 "-" "WordPress/6.7.2; https://spekkshealth.com"
128.90.141.3 - - [11/Apr/2025:22:42:11 -0400] "GET /blog/wp-admin/setup-config.php?step=1&language=en_GB HTTP/1.1" 404 19626 "-" "Mozilla/5.0 (Windows NT 10.0; Win64; x64) AppleWebKit/537.36 (KHTML, like Gecko) Chrome/115.0.0.0 Safari/537.36"
128.90.141.3 - - [11/Apr/2025:22:42:12 -0400] "GET /blog/wp-admin/install.php?step=1&language=en_GB HTTP/1.1" 404 19626 "-" "Mozilla/5.0 (Windows NT 10.0; Win64; x64) AppleWebKit/537.36 (KHTML, like Gecko) Edge/115.0.0.0"
128.90.141.3 - - [11/Apr/2025:22:42:12 -0400] "GET /test/wp-admin/setup-config.php?step=1&language=en_GB HTTP/1.1" 404 19627 "-" "Mozilla/5.0 (iPhone; CPU iPhone OS 16_4 like Mac OS X) AppleWebKit/605.1.15 (KHTML, like Gecko) Version/16.4 Mobile/15E148 Safari/604.1"
128.90.141.3 - - [11/Apr/2025:22:42:12 -0400] "GET /test/wp-admin/install.php?step=1&language=en_GB HTTP/1.1" 404 19628 "-" "Mozilla/5.0 (Macintosh; Intel Mac OS X 10_15_7) AppleWebKit/605.1.15 (KHTML, like Gecko) Version/15.1 Safari/605.1.15"
128.90.141.3 - - [11/Apr/2025:22:42:13 -0400] "GET /shop/wp-admin/setup-config.php?step=1&language=en_GB HTTP/1.1" 404 19626 "-" "Mozilla/5.0 (Windows NT 10.0; Win64; x64) AppleWebKit/537.36 (KHTML, like Gecko) Edge/115.0.0.0"
128.90.141.3 - - [11/Apr/2025:22:42:13 -0400] "GET /shop/wp-admin/install.php?step=1&language=en_GB HTTP/1.1" 404 19627 "-" "Mozilla/5.0 (compatible; Bingbot/2.0; +http://www.bing.com/bingbot.htm)"
198.98.55.56 - - [11/Apr/2025:22:47:53 -0400] "GET /wp-login.php HTTP/1.1" 200 9123 "-" "Mozilla/5.0 (Macintosh; Intel Mac OS X 10.8; rv:31.0) Gecko/20100101 Firefox/31.0"
198.54.116.86 - - [11/Apr/2025:22:47:55 -0400] "POST /wp-cron.php?doing_wp_cron=1744426075.7129349708557128906250 HTTP/1.1" 200 0 "-" "WordPress/6.7.2; https://spekkshealth.com"
198.98.55.56 - - [11/Apr/2025:22:47:53 -0400] "POST /wp-login.php HTTP/1.1" 200 9627 "-" "Mozilla/5.0 (Macintosh; Intel Mac OS X 10.8; rv:31.0) Gecko/20100101 Firefox/31.0"
198.54.116.86 - - [11/Apr/2025:22:47:55 -0400] "POST /wp-admin/admin-ajax.php?action=async_litespeed&nonce=Y2fhZHGXhkBhiCPlaKo28NW3acAza1Ff&litespeed_type=imgoptm HTTP/1.1" 200 21 "-" "WordPress/6.7.2; https://spekkshealth.com"
198.98.62.238 - - [11/Apr/2025:22:58:18 -0400] "GET /wp-login.php HTTP/1.1" 200 9123 "-" "Mozilla/5.0 (Macintosh; Intel Mac OS X 10_6_8) AppleWebKit/537.36 (KHTML, like Gecko) Chrome/36.0.1985.125 Safari/537.36"
198.54.116.86 - - [11/Apr/2025:23:02:58 -0400] "POST /wp-cron.php?doing_wp_cron=1744426977.9896469116210937500000 HTTP/1.1" 200 0 "-" "WordPress/6.7.2; https://spekkshealth.com"
198.98.62.238 - - [11/Apr/2025:23:02:56 -0400] "POST /wp-login.php HTTP/1.1" 200 9627 "-" "Mozilla/5.0 (Macintosh; Intel Mac OS X 10_6_8) AppleWebKit/537.36 (KHTML, like Gecko) Chrome/36.0.1985.125 Safari/537.36"
198.54.116.86 - - [11/Apr/2025:23:02:58 -0400] "POST /wp-admin/admin-ajax.php?action=async_litespeed&nonce=fWUhUPc2irlPFIJwjhKF4tZyYO6pVgDM&litespeed_type=imgoptm HTTP/1.1" 200 21 "-" "WordPress/6.7.2; https://spekkshealth.com"
205.210.31.197 - - [11/Apr/2025:23:17:15 -0400] "GET / HTTP/1.1" 200 163700 "-" "Expanse, a Palo Alto Networks company, searches across the global IPv4 space multiple times per day to identify customers' presences on the Internet. If you would like to be excluded from our scans, please send IP addresses/domains to: scaninfo@paloaltonetworks.com"
143.244.57.82 - - [11/Apr/2025:23:23:43 -0400] "GET / HTTP/1.1" 200 163700 "-" "Mozilla/5.0 (Windows NT 10.0; Win64; x64) AppleWebKit/537.36 (KHTML, like Gecko) Chrome/78.0.3904.108 Safari/537.36"
198.54.116.86 - - [11/Apr/2025:23:23:46 -0400] "POST /wp-cron.php?doing_wp_cron=1744428226.4052660465240478515625 HTTP/1.1" 200 0 "-" "WordPress/6.7.2; https://spekkshealth.com"
143.244.57.82 - - [11/Apr/2025:23:23:44 -0400] "GET //wp-includes/wlwmanifest.xml HTTP/1.1" 301 0 "-" "Mozilla/5.0 (Windows NT 10.0; Win64; x64) AppleWebKit/537.36 (KHTML, like Gecko) Chrome/78.0.3904.108 Safari/537.36"
143.244.57.82 - - [11/Apr/2025:23:23:46 -0400] "GET / HTTP/1.1" 200 163700 "-" "Mozilla/5.0 (Windows NT 10.0; Win64; x64) AppleWebKit/537.36 (KHTML, like Gecko) Chrome/78.0.3904.108 Safari/537.36"
198.54.116.86 - - [11/Apr/2025:23:23:46 -0400] "POST /wp-admin/admin-ajax.php?action=async_litespeed&nonce=65R4XI8e77vL6x1QFj14IJct3JxRVPBh&litespeed_type=imgoptm HTTP/1.1" 200 21 "-" "WordPress/6.7.2; https://spekkshealth.com"
143.244.57.82 - - [11/Apr/2025:23:23:47 -0400] "GET //?author=1 HTTP/1.1" 301 0 "-" "Mozilla/5.0 (Windows NT 10.0; Win64; x64) AppleWebKit/537.36 (KHTML, like Gecko) Chrome/78.0.3904.108 Safari/537.36"
143.244.57.82 - - [11/Apr/2025:23:23:47 -0400] "GET //?author=2 HTTP/1.1" 301 0 "-" "Mozilla/5.0 (Windows NT 10.0; Win64; x64) AppleWebKit/537.36 (KHTML, like Gecko) Chrome/78.0.3904.108 Safari/537.36"
143.244.57.82 - - [11/Apr/2025:23:23:47 -0400] "GET //wp-json/wp/v2/users/ HTTP/1.1" 200 644 "-" "Mozilla/5.0 (Windows NT 10.0; Win64; x64) AppleWebKit/537.36 (KHTML, like Gecko) Chrome/78.0.3904.108 Safari/537.36"
185.191.171.7 - - [11/Apr/2025:23:48:39 -0400] "GET /robots.txt HTTP/1.1" 200 111 "-" "Mozilla/5.0 (compatible; SemrushBot/7~bl; +http://www.semrush.com/bot.html)"
185.191.171.12 - - [11/Apr/2025:23:48:41 -0400] "GET /service-detail/ HTTP/1.1" 200 20447 "-" "Mozilla/5.0 (compatible; SemrushBot/7~bl; +http://www.semrush.com/bot.html)"
178.238.10.35 - - [11/Apr/2025:23:50:44 -0400] "GET / HTTP/1.1" 200 163700 "-" "Mozilla/5.0 (Windows NT 10.0; Win64; x64) AppleWebKit/537.36 (KHTML, like Gecko) Chrome/78.0.3904.108 Safari/537.36"
198.54.116.86 - - [11/Apr/2025:23:50:47 -0400] "POST /wp-cron.php?doing_wp_cron=1744429847.5609080791473388671875 HTTP/1.1" 200 0 "-" "WordPress/6.7.2; https://spekkshealth.com"
178.238.10.35 - - [11/Apr/2025:23:50:45 -0400] "GET //wp-includes/wlwmanifest.xml HTTP/1.1" 301 0 "-" "Mozilla/5.0 (Windows NT 10.0; Win64; x64) AppleWebKit/537.36 (KHTML, like Gecko) Chrome/78.0.3904.108 Safari/537.36"
178.238.10.35 - - [11/Apr/2025:23:50:47 -0400] "GET / HTTP/1.1" 200 163700 "-" "Mozilla/5.0 (Windows NT 10.0; Win64; x64) AppleWebKit/537.36 (KHTML, like Gecko) Chrome/78.0.3904.108 Safari/537.36"
198.54.116.86 - - [11/Apr/2025:23:50:47 -0400] "POST /wp-admin/admin-ajax.php?action=async_litespeed&nonce=h8pHjXIpH50PO18OWKXUavY7owGYXLq1&litespeed_type=imgoptm HTTP/1.1" 200 21 "-" "WordPress/6.7.2; https://spekkshealth.com"
178.238.10.35 - - [11/Apr/2025:23:50:48 -0400] "GET //?author=1 HTTP/1.1" 301 0 "-" "Mozilla/5.0 (Windows NT 10.0; Win64; x64) AppleWebKit/537.36 (KHTML, like Gecko) Chrome/78.0.3904.108 Safari/537.36"
178.238.10.35 - - [11/Apr/2025:23:50:48 -0400] "GET //?author=2 HTTP/1.1" 301 0 "-" "Mozilla/5.0 (Windows NT 10.0; Win64; x64) AppleWebKit/537.36 (KHTML, like Gecko) Chrome/78.0.3904.108 Safari/537.36"
178.238.10.35 - - [11/Apr/2025:23:50:48 -0400] "GET //wp-json/wp/v2/users/ HTTP/1.1" 200 644 "-" "Mozilla/5.0 (Windows NT 10.0; Win64; x64) AppleWebKit/537.36 (KHTML, like Gecko) Chrome/78.0.3904.108 Safari/537.36"
40.77.167.18 - - [11/Apr/2025:23:53:02 -0400] "GET /wp-sitemap.xml HTTP/1.1" 200 193 "-" "Mozilla/5.0 AppleWebKit/537.36 (KHTML, like Gecko; compatible; bingbot/2.0; +http://www.bing.com/bingbot.htm) Chrome/116.0.1938.76 Safari/537.36"
198.44.171.121 - - [12/Apr/2025:00:04:32 -0400] "GET /wp-admin/css/ HTTP/1.1" 200 3676 "binance.com" "Mozilla/5.0 (Windows NT 10.0; Win64; x64) AppleWebKit/537.36 (KHTML, like Gecko) Chrome/90.0.4430.85 Safari/537.36"
198.44.171.121 - - [12/Apr/2025:00:04:45 -0400] "GET /wp-content/uploads/2025/04/ HTTP/1.1" 200 689 "binance.com" "Mozilla/5.0 (Windows NT 10.0; Win64; x64) AppleWebKit/537.36 (KHTML, like Gecko) Chrome/90.0.4430.85 Safari/537.36"
198.44.171.121 - - [12/Apr/2025:00:05:06 -0400] "GET /wp-content/uploads/2025/03/ HTTP/1.1" 200 689 "binance.com" "Mozilla/5.0 (Windows NT 10.0; Win64; x64) AppleWebKit/537.36 (KHTML, like Gecko) Chrome/90.0.4430.85 Safari/537.36"
