66.249.77.41 - - [15/Apr/2025:10:28:29 -0400] "GET /entity/v/aboma/113742112.shtml HTTP/1.1" 200 26056 "-" "Mozilla/5.0 (Linux; Android 6.0.1; Nexus 5X Build/MMB29P) AppleWebKit/537.36 (KHTML, like Gecko) Chrome/135.0.7049.84 Mobile Safari/537.36 (compatible; GoogleOther)"
3.16.147.87 - - [15/Apr/2025:10:28:32 -0400] "GET /ad917/?path=%2Fhome%2F.%2F..%2Fhome5%2F..%2Flib64%2Faspell-0.60%2F..%2Flibfontconfig.so HTTP/1.1" 200 971 "-" "Mozilla/5.0 AppleWebKit/537.36 (KHTML, like Gecko; compatible; ClaudeBot/1.0; +claudebot@anthropic.com)"
3.16.147.87 - - [15/Apr/2025:10:28:35 -0400] "GET /ad917/?path=%2Fhome%2F.%2F..%2Fhome5%2F..%2Flib64%2Faspell-0.60%2F..%2FlibFLAC.so.8.3.0 HTTP/1.1" 200 974 "-" "Mozilla/5.0 AppleWebKit/537.36 (KHTML, like Gecko; compatible; ClaudeBot/1.0; +claudebot@anthropic.com)"
3.16.147.87 - - [15/Apr/2025:10:28:38 -0400] "GET /ad917/?path=%2Fhome%2F.%2F..%2Fhome5%2F..%2Flib64%2Faspell-0.60%2F..%2Fliblzma.so.5.2.4 HTTP/1.1" 200 971 "-" "Mozilla/5.0 AppleWebKit/537.36 (KHTML, like Gecko; compatible; ClaudeBot/1.0; +claudebot@anthropic.com)"
3.16.147.87 - - [15/Apr/2025:10:28:41 -0400] "GET /ad917/?path=%2Fhome%2F.%2F..%2Fhome5%2F..%2Flib64%2Faspell-0.60%2F..%2Flibutempter.so.0 HTTP/1.1" 200 970 "-" "Mozilla/5.0 AppleWebKit/537.36 (KHTML, like Gecko; compatible; ClaudeBot/1.0; +claudebot@anthropic.com)"
66.249.77.40 - - [15/Apr/2025:10:28:41 -0400] "GET /goodscode/r/cyprinoidea/113722288.shtml HTTP/1.1" 200 27944 "-" "Mozilla/5.0 (Linux; Android 6.0.1; Nexus 5X Build/MMB29P) AppleWebKit/537.36 (KHTML, like Gecko) Chrome/135.0.7049.84 Mobile Safari/537.36 (compatible; GoogleOther)"
3.16.147.87 - - [15/Apr/2025:10:28:44 -0400] "GET /ad917/?path=%2Fhome%2F.%2F..%2Fhome5%2F..%2Flib64%2Faspell-0.60%2F..%2Flibkmod.so.2.3.3 HTTP/1.1" 200 971 "-" "Mozilla/5.0 AppleWebKit/537.36 (KHTML, like Gecko; compatible; ClaudeBot/1.0; +claudebot@anthropic.com)"
3.16.147.87 - - [15/Apr/2025:10:28:47 -0400] "GET /ad917/?path=%2Fhome%2F.%2F..%2Fhome5%2F..%2Flib64%2Faspell-0.60%2F..%2Fgirepository-1.0 HTTP/1.1" 200 2958 "-" "Mozilla/5.0 AppleWebKit/537.36 (KHTML, like Gecko; compatible; ClaudeBot/1.0; +claudebot@anthropic.com)"
3.16.147.87 - - [15/Apr/2025:10:28:50 -0400] "GET /ad917/?path=%2Fhome%2F.%2F..%2Fhome5%2F..%2Flib64%2Faspell-0.60%2F..%2Flibicuio.so.60.3 HTTP/1.1" 200 972 "-" "Mozilla/5.0 AppleWebKit/537.36 (KHTML, like Gecko; compatible; ClaudeBot/1.0; +claudebot@anthropic.com)"
3.16.147.87 - - [15/Apr/2025:10:28:53 -0400] "GET /ad917/?path=%2Fhome%2F.%2F..%2Fhome5%2F..%2Flib64%2Faspell-0.60%2F..%2Flibicutu.so.60.3 HTTP/1.1" 200 972 "-" "Mozilla/5.0 AppleWebKit/537.36 (KHTML, like Gecko; compatible; ClaudeBot/1.0; +claudebot@anthropic.com)"
3.16.147.87 - - [15/Apr/2025:10:28:56 -0400] "GET /ad917/?path=%2Fhome%2F.%2F..%2Fhome5%2F..%2Flib64%2Faspell-0.60%2F..%2Flibcupsppdc.so.1 HTTP/1.1" 200 971 "-" "Mozilla/5.0 AppleWebKit/537.36 (KHTML, like Gecko; compatible; ClaudeBot/1.0; +claudebot@anthropic.com)"
3.16.147.87 - - [15/Apr/2025:10:28:59 -0400] "GET /ad917/?path=%2Fhome%2F.%2F..%2Fhome5%2F..%2Flib64%2Faspell-0.60%2F..%2Flibk5crypto.so.3 HTTP/1.1" 200 972 "-" "Mozilla/5.0 AppleWebKit/537.36 (KHTML, like Gecko; compatible; ClaudeBot/1.0; +claudebot@anthropic.com)"
3.16.147.87 - - [15/Apr/2025:10:29:02 -0400] "GET /ad917/?path=%2Fhome%2F.%2F..%2Fhome5%2F..%2Flib64%2Faspell-0.60%2F..%2Flibssl.so.1.1.1k HTTP/1.1" 200 969 "-" "Mozilla/5.0 AppleWebKit/537.36 (KHTML, like Gecko; compatible; ClaudeBot/1.0; +claudebot@anthropic.com)"
66.249.77.40 - - [15/Apr/2025:10:29:02 -0400] "GET /special/x/testier/63396564.shtml HTTP/1.1" 200 28068 "-" "Mozilla/5.0 (Linux; Android 6.0.1; Nexus 5X Build/MMB29P) AppleWebKit/537.36 (KHTML, like Gecko) Chrome/135.0.7049.84 Mobile Safari/537.36 (compatible; GoogleOther)"
3.16.147.87 - - [15/Apr/2025:10:29:05 -0400] "GET /ad917/?path=%2Fhome%2F.%2F..%2Fhome5%2F..%2Flib64%2Faspell-0.60%2F..%2Fliblzo2.so.2.0.0 HTTP/1.1" 200 972 "-" "Mozilla/5.0 AppleWebKit/537.36 (KHTML, like Gecko; compatible; ClaudeBot/1.0; +claudebot@anthropic.com)"
3.16.147.87 - - [15/Apr/2025:10:29:08 -0400] "GET /ad917/?path=%2Fhome%2F.%2F..%2Fhome5%2F..%2Flib64%2Faspell-0.60%2F..%2Flibhgfs.so.0.0.0 HTTP/1.1" 200 971 "-" "Mozilla/5.0 AppleWebKit/537.36 (KHTML, like Gecko; compatible; ClaudeBot/1.0; +claudebot@anthropic.com)"
3.16.147.87 - - [15/Apr/2025:10:29:11 -0400] "GET /ad917/?path=%2Fhome%2F.%2F..%2Fhome5%2F..%2Flib64%2Faspell-0.60%2F..%2Fliblber-2.4.so.2 HTTP/1.1" 200 971 "-" "Mozilla/5.0 AppleWebKit/537.36 (KHTML, like Gecko; compatible; ClaudeBot/1.0; +claudebot@anthropic.com)"
3.16.147.87 - - [15/Apr/2025:10:29:14 -0400] "GET /ad917/?path=%2Fhome%2F.%2F..%2Fhome5%2F..%2Flib64%2Faspell-0.60%2F..%2Flibmetalink.so.3 HTTP/1.1" 200 970 "-" "Mozilla/5.0 AppleWebKit/537.36 (KHTML, like Gecko; compatible; ClaudeBot/1.0; +claudebot@anthropic.com)"
3.16.147.87 - - [15/Apr/2025:10:29:17 -0400] "GET /ad917/?path=%2Fhome%2F.%2F..%2Fhome5%2F..%2Flib64%2Faspell-0.60%2F..%2Flibsecret-1.so.0 HTTP/1.1" 200 971 "-" "Mozilla/5.0 AppleWebKit/537.36 (KHTML, like Gecko; compatible; ClaudeBot/1.0; +claudebot@anthropic.com)"
3.16.147.87 - - [15/Apr/2025:10:29:20 -0400] "GET /ad917/?path=%2Fhome%2F.%2F..%2Fhome5%2F..%2Flib64%2Faspell-0.60%2F..%2Flibgssrpc.so.4.2 HTTP/1.1" 200 971 "-" "Mozilla/5.0 AppleWebKit/537.36 (KHTML, like Gecko; compatible; ClaudeBot/1.0; +claudebot@anthropic.com)"
3.16.147.87 - - [15/Apr/2025:10:29:23 -0400] "GET /ad917/?path=%2Fhome%2F.%2F..%2Fhome5%2F..%2Flib64%2Faspell-0.60%2F..%2Flibxcb-record.so HTTP/1.1" 200 971 "-" "Mozilla/5.0 AppleWebKit/537.36 (KHTML, like Gecko; compatible; ClaudeBot/1.0; +claudebot@anthropic.com)"
3.16.147.87 - - [15/Apr/2025:10:29:26 -0400] "GET /ad917/?path=%2Fhome%2F.%2F..%2Fhome5%2F..%2Flib64%2Faspell-0.60%2F..%2Flibpathplan.so.4 HTTP/1.1" 200 970 "-" "Mozilla/5.0 AppleWebKit/537.36 (KHTML, like Gecko; compatible; ClaudeBot/1.0; +claudebot@anthropic.com)"
3.16.147.87 - - [15/Apr/2025:10:29:29 -0400] "GET /ad917/?path=%2Fhome%2F.%2F..%2Fhome5%2F..%2Flib64%2Faspell-0.60%2F..%2Flibicuuc.so.60.3 HTTP/1.1" 200 972 "-" "Mozilla/5.0 AppleWebKit/537.36 (KHTML, like Gecko; compatible; ClaudeBot/1.0; +claudebot@anthropic.com)"
3.16.147.87 - - [15/Apr/2025:10:29:32 -0400] "GET /ad917/?path=%2Fhome%2F.%2F..%2Fhome5%2F..%2Flib64%2Faspell-0.60%2F.%2Fnroff-filter.info HTTP/1.1" 200 1124 "-" "Mozilla/5.0 AppleWebKit/537.36 (KHTML, like Gecko; compatible; ClaudeBot/1.0; +claudebot@anthropic.com)"
3.16.147.87 - - [15/Apr/2025:10:29:35 -0400] "GET /ad917/?path=%2Fhome%2F.%2F..%2Fhome5%2F..%2Flib64%2Faspell-0.60%2F..%2Flibopus.so.0.6.1 HTTP/1.1" 200 970 "-" "Mozilla/5.0 AppleWebKit/537.36 (KHTML, like Gecko; compatible; ClaudeBot/1.0; +claudebot@anthropic.com)"
66.249.77.41 - - [15/Apr/2025:10:29:46 -0400] "GET /product/x/yeaning/113426608.shtml HTTP/1.1" 200 25459 "-" "Mozilla/5.0 (Linux; Android 6.0.1; Nexus 5X Build/MMB29P) AppleWebKit/537.36 (KHTML, like Gecko) Chrome/135.0.7049.84 Mobile Safari/537.36 (compatible; GoogleOther)"
66.249.77.42 - - [15/Apr/2025:10:30:01 -0400] "GET /special/drowse/88167404.shtml HTTP/1.1" 200 25555 "-" "Mozilla/5.0 (Linux; Android 6.0.1; Nexus 5X Build/MMB29P) AppleWebKit/537.36 (KHTML, like Gecko) Chrome/135.0.7049.84 Mobile Safari/537.36 (compatible; GoogleOther)"
18.117.224.62 - - [15/Apr/2025:10:30:03 -0400] "GET /ad917/?path=%2Fhome%2Fservlmvm%2Fpuppiesoftexas.com%2F.%2Fwp-includes%2Fjs%2Fadmin-bar.js HTTP/1.1" 200 3794 "-" "Mozilla/5.0 AppleWebKit/537.36 (KHTML, like Gecko; compatible; ClaudeBot/1.0; +claudebot@anthropic.com)"
18.117.224.62 - - [15/Apr/2025:10:30:06 -0400] "GET /ad917/?path=%2Fhome%2Fservlmvm%2F..%2F.%2F..%2F..%2Flib%2Ffirmware%2Femi62%2Fbitstream.fw HTTP/1.1" 200 984 "-" "Mozilla/5.0 AppleWebKit/537.36 (KHTML, like Gecko; compatible; ClaudeBot/1.0; +claudebot@anthropic.com)"
18.117.224.62 - - [15/Apr/2025:10:30:09 -0400] "GET /ad917/?path=%2Fhome%2Fservlmvm%2F..%2F.%2F..%2F..%2Flib%2Ffirmware%2Ftigon%2Ftg3_tso5.bin HTTP/1.1" 200 983 "-" "Mozilla/5.0 AppleWebKit/537.36 (KHTML, like Gecko; compatible; ClaudeBot/1.0; +claudebot@anthropic.com)"
66.249.77.41 - - [15/Apr/2025:10:30:08 -0400] "GET /products/b/listerized/79521268.shtml HTTP/1.1" 200 25510 "-" "Mozilla/5.0 (Linux; Android 6.0.1; Nexus 5X Build/MMB29P) AppleWebKit/537.36 (KHTML, like Gecko) Chrome/135.0.7049.84 Mobile Safari/537.36 (compatible; GoogleOther)"
18.117.224.62 - - [15/Apr/2025:10:30:12 -0400] "GET /ad917/?path=%2Fhome%2Fservlmvm%2Fpuppiesoftexas.com%2F.%2Fwp-includes%2Fjs%2Fclipboard.js HTTP/1.1" 200 8175 "-" "Mozilla/5.0 AppleWebKit/537.36 (KHTML, like Gecko; compatible; ClaudeBot/1.0; +claudebot@anthropic.com)"
18.117.224.62 - - [15/Apr/2025:10:30:15 -0400] "GET /ad917/?path=%2Fhome%2Fservlmvm%2F..%2F.%2F..%2F..%2Flib%2Ffirmware%2Famdgpu%2Ffiji_mc.bin HTTP/1.1" 200 986 "-" "Mozilla/5.0 AppleWebKit/537.36 (KHTML, like Gecko; compatible; ClaudeBot/1.0; +claudebot@anthropic.com)"
18.117.224.62 - - [15/Apr/2025:10:30:18 -0400] "GET /ad917/?path=%2Fhome%2Fservlmvm%2F..%2F.%2F..%2F..%2Flib%2Ffirmware%2Fintel%2Fibt-11-5.ddc HTTP/1.1" 200 984 "-" "Mozilla/5.0 AppleWebKit/537.36 (KHTML, like Gecko; compatible; ClaudeBot/1.0; +claudebot@anthropic.com)"
18.117.224.62 - - [15/Apr/2025:10:30:21 -0400] "GET /ad917/?path=%2Fhome%2Fservlmvm%2Fpuppiesoftexas.com%2F.%2Fwp-includes%2Fjs%2Fheartbeat.js HTTP/1.1" 200 7859 "-" "Mozilla/5.0 AppleWebKit/537.36 (KHTML, like Gecko; compatible; ClaudeBot/1.0; +claudebot@anthropic.com)"
18.117.224.62 - - [15/Apr/2025:10:30:24 -0400] "GET /ad917/?path=%2Fhome%2Fservlmvm%2F..%2F.%2F..%2F..%2Flib%2Ffirmware%2Fintel%2Fibt-11-5.sfi HTTP/1.1" 200 984 "-" "Mozilla/5.0 AppleWebKit/537.36 (KHTML, like Gecko; compatible; ClaudeBot/1.0; +claudebot@anthropic.com)"
18.117.224.62 - - [15/Apr/2025:10:30:27 -0400] "GET /ad917/?path=%2Fhome%2Fservlmvm%2Fpuppiesoftexas.com%2F.%2Fwp-includes%2Fjs%2Fquicktags.js HTTP/1.1" 200 7594 "-" "Mozilla/5.0 AppleWebKit/537.36 (KHTML, like Gecko; compatible; ClaudeBot/1.0; +claudebot@anthropic.com)"
18.117.224.62 - - [15/Apr/2025:10:30:30 -0400] "GET /ad917/?path=%2Fhome%2Fservlmvm%2F..%2F.%2F..%2F..%2Flib%2Ffirmware%2Famdgpu%2Fsi58_mc.bin HTTP/1.1" 200 986 "-" "Mozilla/5.0 AppleWebKit/537.36 (KHTML, like Gecko; compatible; ClaudeBot/1.0; +claudebot@anthropic.com)"
66.249.77.40 - - [15/Apr/2025:10:30:30 -0400] "GET /products/duc/reseek/93253188.shtml HTTP/1.1" 200 27848 "-" "Mozilla/5.0 (Linux; Android 6.0.1; Nexus 5X Build/MMB29P) AppleWebKit/537.36 (KHTML, like Gecko) Chrome/135.0.7049.84 Mobile Safari/537.36 (compatible; GoogleOther)"
18.117.224.62 - - [15/Apr/2025:10:30:33 -0400] "GET /ad917/?path=%2Fhome%2Fservlmvm%2Fpublic_html%2Fwp-includes%2Fblocks%2Fpage-list%2F..%2F.. HTTP/1.1" 200 9408 "-" "Mozilla/5.0 AppleWebKit/537.36 (KHTML, like Gecko; compatible; ClaudeBot/1.0; +claudebot@anthropic.com)"
18.117.224.62 - - [15/Apr/2025:10:30:36 -0400] "GET /ad917/?path=%2Fhome%2Fservlmvm%2Fwww%2Fwp-includes%2Fimages%2Fsmilies%2Ficon_rolleyes.gif HTTP/1.1" 200 975 "-" "Mozilla/5.0 AppleWebKit/537.36 (KHTML, like Gecko; compatible; ClaudeBot/1.0; +claudebot@anthropic.com)"
18.117.224.62 - - [15/Apr/2025:10:30:39 -0400] "GET /ad917/?path=%2Fhome%2Fservlmvm%2Fwww%2Fwp-includes%2Fimages%2Fsmilies%2Ficon_confused.gif HTTP/1.1" 200 975 "-" "Mozilla/5.0 AppleWebKit/537.36 (KHTML, like Gecko; compatible; ClaudeBot/1.0; +claudebot@anthropic.com)"
66.249.77.40 - - [15/Apr/2025:10:30:39 -0400] "GET /special/allure/123591280.shtml HTTP/1.1" 200 26141 "-" "Mozilla/5.0 (Linux; Android 6.0.1; Nexus 5X Build/MMB29P) AppleWebKit/537.36 (KHTML, like Gecko) Chrome/135.0.7049.84 Mobile Safari/537.36 (compatible; GoogleOther)"
18.117.224.62 - - [15/Apr/2025:10:30:42 -0400] "GET /ad917/?path=%2Fhome%2Fservlmvm%2Fwww%2Fwp-includes%2Fimages%2Fsmilies%2Ficon_question.gif HTTP/1.1" 200 970 "-" "Mozilla/5.0 AppleWebKit/537.36 (KHTML, like Gecko; compatible; ClaudeBot/1.0; +claudebot@anthropic.com)"
18.117.224.62 - - [15/Apr/2025:10:30:45 -0400] "GET /ad917/?path=%2Fhome%2F.%2F..%2Fhome5%2F..%2Flib64%2Faspell-0.60%2F..%2Flibhistory.so.7.0 HTTP/1.1" 200 978 "-" "Mozilla/5.0 AppleWebKit/537.36 (KHTML, like Gecko; compatible; ClaudeBot/1.0; +claudebot@anthropic.com)"
18.117.224.62 - - [15/Apr/2025:10:30:48 -0400] "GET /ad917/?path=%2Fhome%2F.%2F..%2Fhome5%2F..%2Flib64%2Faspell-0.60%2F..%2Flibpciaccess.so.0 HTTP/1.1" 200 981 "-" "Mozilla/5.0 AppleWebKit/537.36 (KHTML, like Gecko; compatible; ClaudeBot/1.0; +claudebot@anthropic.com)"
66.249.77.40 - - [15/Apr/2025:10:30:49 -0400] "GET /shopdetail/z/tabefaction/29712880.shtml HTTP/1.1" 200 26372 "-" "Mozilla/5.0 (Linux; Android 6.0.1; Nexus 5X Build/MMB29P) AppleWebKit/537.36 (KHTML, like Gecko) Chrome/135.0.7049.84 Mobile Safari/537.36 (compatible; GoogleOther)"
18.117.224.62 - - [15/Apr/2025:10:30:51 -0400] "GET /ad917/?path=%2Fhome%2F.%2F..%2Fhome5%2F..%2Flib64%2Faspell-0.60%2F..%2Flibkcapi.so.1.4.0 HTTP/1.1" 200 981 "-" "Mozilla/5.0 AppleWebKit/537.36 (KHTML, like Gecko; compatible; ClaudeBot/1.0; +claudebot@anthropic.com)"
52.167.144.225 - - [15/Apr/2025:10:30:50 -0400] "GET /goods/76191628.shtml HTTP/1.1" 200 25110 "-" "Mozilla/5.0 AppleWebKit/537.36 (KHTML, like Gecko; compatible; bingbot/2.0; +http://www.bing.com/bingbot.htm) Chrome/116.0.1938.76 Safari/537.36"
18.117.224.62 - - [15/Apr/2025:10:30:54 -0400] "GET /ad917/?path=%2Fhome%2F.%2F..%2Fhome5%2F..%2Flib64%2Faspell-0.60%2F..%2Flibxcb-shape.so.0 HTTP/1.1" 200 982 "-" "Mozilla/5.0 AppleWebKit/537.36 (KHTML, like Gecko; compatible; ClaudeBot/1.0; +claudebot@anthropic.com)"
18.117.224.62 - - [15/Apr/2025:10:30:57 -0400] "GET /ad917/?path=%2Fhome%2F.%2F..%2Fhome5%2F..%2Flib64%2Faspell-0.60%2F..%2Flibtasn1.so.6.5.5 HTTP/1.1" 200 982 "-" "Mozilla/5.0 AppleWebKit/537.36 (KHTML, like Gecko; compatible; ClaudeBot/1.0; +claudebot@anthropic.com)"
18.117.224.62 - - [15/Apr/2025:10:31:00 -0400] "GET /ad917/?path=%2Fhome%2Fservlmvm%2F..%2F.%2F..%2F..%2Flib%2Ffirmware%2F.%2FINT8866RCA2.bin HTTP/1.1" 200 982 "-" "Mozilla/5.0 AppleWebKit/537.36 (KHTML, like Gecko; compatible; ClaudeBot/1.0; +claudebot@anthropic.com)"
52.167.144.225 - - [15/Apr/2025:10:31:00 -0400] "GET /special/u/bullock50928050.shtml HTTP/1.1" 200 25483 "-" "Mozilla/5.0 AppleWebKit/537.36 (KHTML, like Gecko; compatible; bingbot/2.0; +http://www.bing.com/bingbot.htm) Chrome/116.0.1938.76 Safari/537.36"
18.117.224.62 - - [15/Apr/2025:10:31:03 -0400] "GET /ad917/?path=%2Fhome%2F.%2F..%2Fhome5%2F..%2Flib64%2Faspell-0.60%2F..%2Flibslang.so.2.3.2 HTTP/1.1" 200 981 "-" "Mozilla/5.0 AppleWebKit/537.36 (KHTML, like Gecko; compatible; ClaudeBot/1.0; +claudebot@anthropic.com)"
18.117.224.62 - - [15/Apr/2025:10:31:06 -0400] "GET /ad917/?path=%2Fhome%2F.%2F..%2Fhome5%2F..%2Flib64%2Faspell-0.60%2F..%2Flibirs.so.161.0.1 HTTP/1.1" 200 980 "-" "Mozilla/5.0 AppleWebKit/537.36 (KHTML, like Gecko; compatible; ClaudeBot/1.0; +claudebot@anthropic.com)"
18.117.224.62 - - [15/Apr/2025:10:31:09 -0400] "GET /ad917/?path=%2Fhome%2F.%2F..%2Fhome5%2F..%2Flib64%2Faspell-0.60%2F..%2Flibevent-2.1.so.6 HTTP/1.1" 200 982 "-" "Mozilla/5.0 AppleWebKit/537.36 (KHTML, like Gecko; compatible; ClaudeBot/1.0; +claudebot@anthropic.com)"
18.117.224.62 - - [15/Apr/2025:10:31:12 -0400] "GET /ad917/?path=%2Fhome%2F.%2F..%2Fhome5%2F..%2Flib64%2Faspell-0.60%2F..%2Flibgdbm_compat.so HTTP/1.1" 200 981 "-" "Mozilla/5.0 AppleWebKit/537.36 (KHTML, like Gecko; compatible; ClaudeBot/1.0; +claudebot@anthropic.com)"
66.249.77.42 - - [15/Apr/2025:10:31:13 -0400] "GET /items/jog/tendresse/1190260.shtml HTTP/1.1" 200 26276 "-" "Mozilla/5.0 (Linux; Android 6.0.1; Nexus 5X Build/MMB29P) AppleWebKit/537.36 (KHTML, like Gecko) Chrome/135.0.7049.84 Mobile Safari/537.36 (compatible; GoogleOther)"
18.117.224.62 - - [15/Apr/2025:10:31:15 -0400] "GET /ad917/?path=%2Fhome%2F.%2F..%2Fhome5%2F..%2Flib64%2Faspell-0.60%2F..%2Flibbrotlienc.so.1 HTTP/1.1" 200 980 "-" "Mozilla/5.0 AppleWebKit/537.36 (KHTML, like Gecko; compatible; ClaudeBot/1.0; +claudebot@anthropic.com)"
66.249.77.41 - - [15/Apr/2025:10:31:16 -0400] "GET /detail/v/piprine/53345776.shtml HTTP/1.1" 200 26400 "-" "Mozilla/5.0 (Linux; Android 6.0.1; Nexus 5X Build/MMB29P) AppleWebKit/537.36 (KHTML, like Gecko) Chrome/135.0.7049.84 Mobile Safari/537.36 (compatible; GoogleOther)"
18.117.224.62 - - [15/Apr/2025:10:31:18 -0400] "GET /ad917/?path=%2Fhome%2F.%2F..%2Fhome5%2F..%2Flib64%2Faspell-0.60%2F..%2Flibgraphite2.so.3 HTTP/1.1" 200 982 "-" "Mozilla/5.0 AppleWebKit/537.36 (KHTML, like Gecko; compatible; ClaudeBot/1.0; +claudebot@anthropic.com)"
18.117.224.62 - - [15/Apr/2025:10:31:21 -0400] "GET /ad917/?path=%2Fhome%2F.%2F..%2Fhome5%2F..%2Flib64%2Faspell-0.60%2F..%2Flibidn.so.11.6.18 HTTP/1.1" 200 980 "-" "Mozilla/5.0 AppleWebKit/537.36 (KHTML, like Gecko; compatible; ClaudeBot/1.0; +claudebot@anthropic.com)"
18.117.224.62 - - [15/Apr/2025:10:31:24 -0400] "GET /ad917/?path=%2Fhome%2Fservlmvm%2F..%2F.%2F..%2F..%2Flib%2Ffirmware%2F.%2FTAS2XXX38A8.bin HTTP/1.1" 200 985 "-" "Mozilla/5.0 AppleWebKit/537.36 (KHTML, like Gecko; compatible; ClaudeBot/1.0; +claudebot@anthropic.com)"
18.117.224.62 - - [15/Apr/2025:10:31:27 -0400] "GET /ad917/?path=%2Fhome%2Fservlmvm%2F..%2F.%2F..%2F..%2Flib%2Ffirmware%2F.%2FTAS2XXX38D6.bin HTTP/1.1" 200 985 "-" "Mozilla/5.0 AppleWebKit/537.36 (KHTML, like Gecko; compatible; ClaudeBot/1.0; +claudebot@anthropic.com)"
18.117.224.62 - - [15/Apr/2025:10:31:30 -0400] "GET /ad917/?path=%2Fhome%2F.%2F..%2Fhome5%2F..%2Flib64%2Faspell-0.60%2F..%2Flibresolv-2.28.so HTTP/1.1" 200 981 "-" "Mozilla/5.0 AppleWebKit/537.36 (KHTML, like Gecko; compatible; ClaudeBot/1.0; +claudebot@anthropic.com)"
18.117.224.62 - - [15/Apr/2025:10:31:33 -0400] "GET /ad917/?path=%2Fhome%2F.%2F..%2Fhome5%2F..%2Flib64%2Faspell-0.60%2F..%2FlibodbcminiS.so.2 HTTP/1.1" 200 983 "-" "Mozilla/5.0 AppleWebKit/537.36 (KHTML, like Gecko; compatible; ClaudeBot/1.0; +claudebot@anthropic.com)"
18.117.224.62 - - [15/Apr/2025:10:31:36 -0400] "GET /ad917/?path=%2Fhome%2F.%2F..%2Fhome5%2F..%2Flib64%2Faspell-0.60%2F..%2Flibgpg-error.so.0 HTTP/1.1" 200 982 "-" "Mozilla/5.0 AppleWebKit/537.36 (KHTML, like Gecko; compatible; ClaudeBot/1.0; +claudebot@anthropic.com)"
18.117.224.62 - - [15/Apr/2025:10:31:39 -0400] "GET /ad917/?path=%2Fhome%2Fservlmvm%2F..%2F.%2F..%2F..%2Flib%2Ffirmware%2F.%2FTAS2XXX38A7.bin HTTP/1.1" 200 985 "-" "Mozilla/5.0 AppleWebKit/537.36 (KHTML, like Gecko; compatible; ClaudeBot/1.0; +claudebot@anthropic.com)"
18.117.224.62 - - [15/Apr/2025:10:31:42 -0400] "GET /ad917/?path=%2Fhome%2F.%2F..%2Fhome5%2F..%2Flib64%2Faspell-0.60%2F..%2Fliblcms2.so.2.0.8 HTTP/1.1" 200 981 "-" "Mozilla/5.0 AppleWebKit/537.36 (KHTML, like Gecko; compatible; ClaudeBot/1.0; +claudebot@anthropic.com)"
18.117.224.62 - - [15/Apr/2025:10:31:45 -0400] "GET /ad917/?path=%2Fhome%2F.%2F..%2Fhome5%2F..%2Flib64%2Faspell-0.60%2F..%2Flibjpeg.so.62.2.0 HTTP/1.1" 200 982 "-" "Mozilla/5.0 AppleWebKit/537.36 (KHTML, like Gecko; compatible; ClaudeBot/1.0; +claudebot@anthropic.com)"
18.117.224.62 - - [15/Apr/2025:10:31:48 -0400] "GET /ad917/?path=%2Fhome%2F.%2F..%2Fhome5%2F..%2Flib64%2Faspell-0.60%2F..%2Flibcrypt.so.1.1.0 HTTP/1.1" 200 981 "-" "Mozilla/5.0 AppleWebKit/537.36 (KHTML, like Gecko; compatible; ClaudeBot/1.0; +claudebot@anthropic.com)"
18.117.224.62 - - [15/Apr/2025:10:31:51 -0400] "GET /ad917/?path=%2Fhome%2F.%2F..%2Fhome5%2F..%2Flib64%2Faspell-0.60%2F..%2Flibnl-nf-3.so.200 HTTP/1.1" 200 983 "-" "Mozilla/5.0 AppleWebKit/537.36 (KHTML, like Gecko; compatible; ClaudeBot/1.0; +claudebot@anthropic.com)"
18.117.224.62 - - [15/Apr/2025:10:31:54 -0400] "GET /ad917/?path=%2Fhome%2Fservlmvm%2F..%2F.%2F..%2F..%2Flib%2Ffirmware%2F.%2FTAS2XXX38BA.bin HTTP/1.1" 200 985 "-" "Mozilla/5.0 AppleWebKit/537.36 (KHTML, like Gecko; compatible; ClaudeBot/1.0; +claudebot@anthropic.com)"
18.117.224.62 - - [15/Apr/2025:10:31:57 -0400] "GET /ad917/?path=%2Fhome%2F.%2F..%2Fhome5%2F..%2Flib64%2Faspell-0.60%2F..%2Flibpcre2-posix.so HTTP/1.1" 200 982 "-" "Mozilla/5.0 AppleWebKit/537.36 (KHTML, like Gecko; compatible; ClaudeBot/1.0; +claudebot@anthropic.com)"
66.249.77.40 - - [15/Apr/2025:10:31:57 -0400] "GET /goodscode/d/comparison/50040628.shtml HTTP/1.1" 200 29500 "-" "Mozilla/5.0 (Linux; Android 6.0.1; Nexus 5X Build/MMB29P) AppleWebKit/537.36 (KHTML, like Gecko) Chrome/135.0.7049.84 Mobile Safari/537.36 (compatible; GoogleOther)"
18.117.224.62 - - [15/Apr/2025:10:32:00 -0400] "GET /ad917/?path=%2Fhome%2Fservlmvm%2F..%2F.%2F..%2F..%2Flib%2Ffirmware%2F.%2FTAS2XXX3884.bin HTTP/1.1" 200 985 "-" "Mozilla/5.0 AppleWebKit/537.36 (KHTML, like Gecko; compatible; ClaudeBot/1.0; +claudebot@anthropic.com)"
18.117.224.62 - - [15/Apr/2025:10:32:03 -0400] "GET /ad917/?path=%2Fhome%2F.%2F..%2Fhome5%2F..%2Flib64%2Faspell-0.60%2F..%2Flibksba.so.8.11.6 HTTP/1.1" 200 981 "-" "Mozilla/5.0 AppleWebKit/537.36 (KHTML, like Gecko; compatible; ClaudeBot/1.0; +claudebot@anthropic.com)"
66.249.77.41 - - [15/Apr/2025:10:32:03 -0400] "GET /detail/vie/faciend/90360144.shtml HTTP/1.1" 200 27955 "-" "Mozilla/5.0 (Linux; Android 6.0.1; Nexus 5X Build/MMB29P) AppleWebKit/537.36 (KHTML, like Gecko) Chrome/135.0.7049.84 Mobile Safari/537.36 (compatible; GoogleOther)"
18.117.224.62 - - [15/Apr/2025:10:32:06 -0400] "GET /ad917/?path=%2Fhome%2F.%2F..%2Fhome5%2F..%2Flib64%2Faspell-0.60%2F..%2Flibpcre.so.1.2.10 HTTP/1.1" 200 981 "-" "Mozilla/5.0 AppleWebKit/537.36 (KHTML, like Gecko; compatible; ClaudeBot/1.0; +claudebot@anthropic.com)"
18.117.224.62 - - [15/Apr/2025:10:32:09 -0400] "GET /ad917/?path=%2Fhome%2F.%2F..%2Fhome5%2F..%2Flib64%2Faspell-0.60%2F..%2FlibQt5Qml.so.5.15 HTTP/1.1" 200 983 "-" "Mozilla/5.0 AppleWebKit/537.36 (KHTML, like Gecko; compatible; ClaudeBot/1.0; +claudebot@anthropic.com)"
66.249.77.41 - - [15/Apr/2025:10:32:18 -0400] "GET /goodscode/des/uglesome/120405784.shtml HTTP/1.1" 200 25020 "-" "Mozilla/5.0 (Linux; Android 6.0.1; Nexus 5X Build/MMB29P) AppleWebKit/537.36 (KHTML, like Gecko) Chrome/135.0.7049.84 Mobile Safari/537.36 (compatible; GoogleOther)"
66.249.77.40 - - [15/Apr/2025:10:32:42 -0400] "GET /shopbrand/dms/orellana/68928904.shtml HTTP/1.1" 200 26864 "-" "Mozilla/5.0 (Linux; Android 6.0.1; Nexus 5X Build/MMB29P) AppleWebKit/537.36 (KHTML, like Gecko) Chrome/135.0.7049.84 Mobile Safari/537.36 (compatible; GoogleOther)"
3.149.239.180 - - [15/Apr/2025:10:32:44 -0400] "GET /ad917/?path=%2Fhome%2Fservlmvm%2Fpuppiesoftexas.com%2F.%2Fwp-includes%2Fsodium_compat%2F.. HTTP/1.1" 200 9504 "-" "Mozilla/5.0 AppleWebKit/537.36 (KHTML, like Gecko; compatible; ClaudeBot/1.0; +claudebot@anthropic.com)"
3.149.239.180 - - [15/Apr/2025:10:32:47 -0400] "GET /ad917/?path=%2Fhome%2Fservlmvm%2F.%2Flscache%2Ff%2F..%2F..%2Fssl%2F..%2Fpuppiesoftexas.com HTTP/1.1" 200 2306 "-" "Mozilla/5.0 AppleWebKit/537.36 (KHTML, like Gecko; compatible; ClaudeBot/1.0; +claudebot@anthropic.com)"
66.249.77.40 - - [15/Apr/2025:10:32:46 -0400] "GET /shopdetail/gyo/proleptic/65254502.shtml HTTP/1.1" 200 26015 "-" "Mozilla/5.0 (Linux; Android 6.0.1; Nexus 5X Build/MMB29P) AppleWebKit/537.36 (KHTML, like Gecko) Chrome/135.0.7049.84 Mobile Safari/537.36 (compatible; GoogleOther)"
3.149.239.180 - - [15/Apr/2025:10:32:50 -0400] "GET /ad917/?path=%2Fhome%2Fservlmvm%2F..%2F.%2F..%2F..%2Flib%2Ffirmware%2Famdgpu%2Fraven_me.bin HTTP/1.1" 200 989 "-" "Mozilla/5.0 AppleWebKit/537.36 (KHTML, like Gecko; compatible; ClaudeBot/1.0; +claudebot@anthropic.com)"
3.149.239.180 - - [15/Apr/2025:10:32:53 -0400] "GET /ad917/?path=%2Fhome%2Fservlmvm%2F..%2F.%2F..%2F..%2Flib%2Ffirmware%2Famdgpu%2Ftonga_mc.bin HTTP/1.1" 200 989 "-" "Mozilla/5.0 AppleWebKit/537.36 (KHTML, like Gecko; compatible; ClaudeBot/1.0; +claudebot@anthropic.com)"
3.149.239.180 - - [15/Apr/2025:10:32:56 -0400] "GET /ad917/?path=%2Fhome%2Fservlmvm%2F..%2F.%2F..%2F..%2Flib%2Ffirmware%2Famdgpu%2Ffiji_vce.bin HTTP/1.1" 200 989 "-" "Mozilla/5.0 AppleWebKit/537.36 (KHTML, like Gecko; compatible; ClaudeBot/1.0; +claudebot@anthropic.com)"
3.149.239.180 - - [15/Apr/2025:10:32:59 -0400] "GET /ad917/?path=%2Fhome%2Fservlmvm%2F..%2F.%2F..%2F..%2Flib%2Ffirmware%2Fcxgb4%2Faq1202_fw.cld HTTP/1.1" 200 990 "-" "Mozilla/5.0 AppleWebKit/537.36 (KHTML, like Gecko; compatible; ClaudeBot/1.0; +claudebot@anthropic.com)"
3.149.239.180 - - [15/Apr/2025:10:33:02 -0400] "GET /ad917/?path=%2Fhome%2Fservlmvm%2F..%2F.%2F..%2F..%2Flib%2Ffirmware%2Fcxgb4%2Ft5-config.txt HTTP/1.1" 200 7880 "-" "Mozilla/5.0 AppleWebKit/537.36 (KHTML, like Gecko; compatible; ClaudeBot/1.0; +claudebot@anthropic.com)"
66.249.77.41 - - [15/Apr/2025:10:33:02 -0400] "GET /goodscode/lc/theophilanthropist/50047532.shtml HTTP/1.1" 200 26455 "-" "Mozilla/5.0 (Linux; Android 6.0.1; Nexus 5X Build/MMB29P) AppleWebKit/537.36 (KHTML, like Gecko) Chrome/135.0.7049.84 Mobile Safari/537.36 (compatible; GoogleOther)"
3.149.239.180 - - [15/Apr/2025:10:33:05 -0400] "GET /ad917/?path=%2Fhome%2Fservlmvm%2F..%2F.%2F..%2F..%2Flib%2Ffirmware%2Fintel%2Fibt-12-16.ddc HTTP/1.1" 200 986 "-" "Mozilla/5.0 AppleWebKit/537.36 (KHTML, like Gecko; compatible; ClaudeBot/1.0; +claudebot@anthropic.com)"
3.149.239.180 - - [15/Apr/2025:10:33:08 -0400] "GET /ad917/?path=%2Fhome%2Fservlmvm%2F..%2F.%2F..%2F..%2Flib%2Ffirmware%2Fav7110%2Fbootcode.bin HTTP/1.1" 200 988 "-" "Mozilla/5.0 AppleWebKit/537.36 (KHTML, like Gecko; compatible; ClaudeBot/1.0; +claudebot@anthropic.com)"
3.149.239.180 - - [15/Apr/2025:10:33:11 -0400] "GET /ad917/?path=%2Fhome%2Fservlmvm%2Fpuppiesoftexas.com%2F.%2Fwp-includes%2Fjs%2Fimgareaselect HTTP/1.1" 200 1650 "-" "Mozilla/5.0 AppleWebKit/537.36 (KHTML, like Gecko; compatible; ClaudeBot/1.0; +claudebot@anthropic.com)"
3.149.239.180 - - [15/Apr/2025:10:33:14 -0400] "GET /ad917/?path=%2Fhome%2Fservlmvm%2Fpuppiesoftexas.com%2F.%2Fwp-includes%2Fblock-supports%2F. HTTP/1.1" 200 2012 "-" "Mozilla/5.0 AppleWebKit/537.36 (KHTML, like Gecko; compatible; ClaudeBot/1.0; +claudebot@anthropic.com)"
3.149.239.180 - - [15/Apr/2025:10:33:17 -0400] "GET /ad917/?path=%2Fhome%2Fservlmvm%2F..%2F.%2F..%2F..%2Flib%2Ffirmware%2Fatusb%2Frzusb-0.3.bin HTTP/1.1" 200 987 "-" "Mozilla/5.0 AppleWebKit/537.36 (KHTML, like Gecko; compatible; ClaudeBot/1.0; +claudebot@anthropic.com)"
3.149.239.180 - - [15/Apr/2025:10:33:20 -0400] "GET /ad917/?path=%2Fhome%2Fservlmvm%2Fpuppiesoftexas.com%2F.%2Fwp-includes%2Fjs%2Fwp-pointer.js HTTP/1.1" 200 4067 "-" "Mozilla/5.0 AppleWebKit/537.36 (KHTML, like Gecko; compatible; ClaudeBot/1.0; +claudebot@anthropic.com)"
3.149.239.180 - - [15/Apr/2025:10:33:23 -0400] "GET /ad917/?path=%2Fhome%2Fservlmvm%2Fpuppiesoftexas.com%2F.%2Fwp-includes%2Fjs%2Funderscore.js HTTP/1.1" 200 21535 "-" "Mozilla/5.0 AppleWebKit/537.36 (KHTML, like Gecko; compatible; ClaudeBot/1.0; +claudebot@anthropic.com)"
3.149.239.180 - - [15/Apr/2025:10:33:26 -0400] "GET /ad917/?path=%2Fhome%2Fservlmvm%2Fpuppiesoftexas.com%2F.%2Fwp-includes%2Fjs%2Fzxcvbn.min.js HTTP/1.1" 200 396486 "-" "Mozilla/5.0 AppleWebKit/537.36 (KHTML, like Gecko; compatible; ClaudeBot/1.0; +claudebot@anthropic.com)"
66.249.77.40 - - [15/Apr/2025:10:33:25 -0400] "GET /items/f/paraconine/82228520.shtml HTTP/1.1" 200 27390 "-" "Mozilla/5.0 (Linux; Android 6.0.1; Nexus 5X Build/MMB29P) AppleWebKit/537.36 (KHTML, like Gecko) Chrome/135.0.7049.84 Mobile Safari/537.36 (compatible; GoogleOther)"
3.149.239.180 - - [15/Apr/2025:10:33:29 -0400] "GET /ad917/?path=%2Fhome%2Fservlmvm%2F..%2F.%2F..%2F..%2Flib%2Ffirmware%2Famdgpu%2Fverde_me.bin HTTP/1.1" 200 988 "-" "Mozilla/5.0 AppleWebKit/537.36 (KHTML, like Gecko; compatible; ClaudeBot/1.0; +claudebot@anthropic.com)"
3.149.239.180 - - [15/Apr/2025:10:33:32 -0400] "GET /ad917/?path=%2Fhome%2Fservlmvm%2Fpuppiesoftexas.com%2F.%2Fwp-includes%2Fjs%2Fwplink.min.js HTTP/1.1" 200 5206 "-" "Mozilla/5.0 AppleWebKit/537.36 (KHTML, like Gecko; compatible; ClaudeBot/1.0; +claudebot@anthropic.com)"
40.77.167.247 - - [15/Apr/2025:10:33:31 -0400] "GET /info2859890.shtml HTTP/1.1" 200 27510 "-" "Mozilla/5.0 AppleWebKit/537.36 (KHTML, like Gecko; compatible; bingbot/2.0; +http://www.bing.com/bingbot.htm) Chrome/116.0.1938.76 Safari/537.36"
52.167.144.150 - - [15/Apr/2025:10:33:34 -0400] "GET /product3512738.shtml HTTP/1.1" 200 27447 "-" "Mozilla/5.0 AppleWebKit/537.36 (KHTML, like Gecko; compatible; bingbot/2.0; +http://www.bing.com/bingbot.htm) Chrome/116.0.1938.76 Safari/537.36"
3.149.239.180 - - [15/Apr/2025:10:33:35 -0400] "GET /ad917/?path=%2Fhome%2Fservlmvm%2F..%2F.%2F..%2F..%2Flib%2Ffirmware%2Famdgpu%2Ftopaz_me.bin HTTP/1.1" 200 989 "-" "Mozilla/5.0 AppleWebKit/537.36 (KHTML, like Gecko; compatible; ClaudeBot/1.0; +claudebot@anthropic.com)"
3.149.239.180 - - [15/Apr/2025:10:33:38 -0400] "GET /ad917/?path=%2Fhome%2Fservlmvm%2Fpublic_html%2Fad917%2F.%2F.%2F..%2F.%2F..%2F.bash_profile HTTP/1.1" 200 1088 "-" "Mozilla/5.0 AppleWebKit/537.36 (KHTML, like Gecko; compatible; ClaudeBot/1.0; +claudebot@anthropic.com)"
3.149.239.180 - - [15/Apr/2025:10:33:41 -0400] "GET /ad917/?path=%2Fhome%2Fservlmvm%2F..%2F.%2F..%2F..%2Flib%2Ffirmware%2Famdgpu%2Ffiji_pfp.bin HTTP/1.1" 200 989 "-" "Mozilla/5.0 AppleWebKit/537.36 (KHTML, like Gecko; compatible; ClaudeBot/1.0; +claudebot@anthropic.com)"
3.149.239.180 - - [15/Apr/2025:10:33:44 -0400] "GET /ad917/?path=%2Fhome%2Fservlmvm%2Fpuppiesoftexas.com%2F.%2Fwp-includes%2Fblock-bindings%2F. HTTP/1.1" 200 1574 "-" "Mozilla/5.0 AppleWebKit/537.36 (KHTML, like Gecko; compatible; ClaudeBot/1.0; +claudebot@anthropic.com)"
66.249.77.40 - - [15/Apr/2025:10:33:45 -0400] "GET /products/wuy/percina/82119958.shtml HTTP/1.1" 200 26994 "-" "Mozilla/5.0 (Linux; Android 6.0.1; Nexus 5X Build/MMB29P) AppleWebKit/537.36 (KHTML, like Gecko) Chrome/135.0.7049.84 Mobile Safari/537.36 (compatible; GoogleOther)"
3.149.239.180 - - [15/Apr/2025:10:33:47 -0400] "GET /ad917/?path=%2Fhome%2Fservlmvm%2F..%2F.%2F..%2F..%2Flib%2Ffirmware%2Fgo7007%2Fgo7007tv.bin HTTP/1.1" 200 984 "-" "Mozilla/5.0 AppleWebKit/537.36 (KHTML, like Gecko; compatible; ClaudeBot/1.0; +claudebot@anthropic.com)"
66.249.77.40 - - [15/Apr/2025:10:33:47 -0400] "GET /special/rqe/porthook/65269156.shtml HTTP/1.1" 200 27202 "-" "Mozilla/5.0 (Linux; Android 6.0.1; Nexus 5X Build/MMB29P) AppleWebKit/537.36 (KHTML, like Gecko) Chrome/135.0.7049.84 Mobile Safari/537.36 (compatible; GoogleOther)"
3.149.239.180 - - [15/Apr/2025:10:33:50 -0400] "GET /ad917/?path=%2Fhome%2Fservlmvm%2F..%2F.%2F..%2F..%2Flib%2Ffirmware%2Fcxgb4%2Ft6-config.txt HTTP/1.1" 200 8500 "-" "Mozilla/5.0 AppleWebKit/537.36 (KHTML, like Gecko; compatible; ClaudeBot/1.0; +claudebot@anthropic.com)"
3.149.239.180 - - [15/Apr/2025:10:33:53 -0400] "GET /ad917/?path=%2Fhome%2Fservlmvm%2F..%2F.%2F..%2F..%2Flib%2Ffirmware%2Famdgpu%2Ftopaz_mc.bin HTTP/1.1" 200 989 "-" "Mozilla/5.0 AppleWebKit/537.36 (KHTML, like Gecko; compatible; ClaudeBot/1.0; +claudebot@anthropic.com)"
3.149.239.180 - - [15/Apr/2025:10:33:56 -0400] "GET /ad917/?path=%2Fhome%2Fservlmvm%2F..%2F.%2F..%2F..%2Flib%2Ffirmware%2Fatusb%2Fatusb-0.2.dfu HTTP/1.1" 200 984 "-" "Mozilla/5.0 AppleWebKit/537.36 (KHTML, like Gecko; compatible; ClaudeBot/1.0; +claudebot@anthropic.com)"
3.149.239.180 - - [15/Apr/2025:10:33:59 -0400] "GET /ad917/?path=%2Fhome%2Fservlmvm%2Fpuppiesoftexas.com%2F.%2Fwp-includes%2Fjs%2Fmedia-grid.js HTTP/1.1" 200 8249 "-" "Mozilla/5.0 AppleWebKit/537.36 (KHTML, like Gecko; compatible; ClaudeBot/1.0; +claudebot@anthropic.com)"
3.149.239.180 - - [15/Apr/2025:10:34:02 -0400] "GET /ad917/?path=%2Fhome%2Fservlmvm%2F..%2F.%2F..%2F..%2Flib%2Ffirmware%2Famdgpu%2Fverde_ce.bin HTTP/1.1" 200 988 "-" "Mozilla/5.0 AppleWebKit/537.36 (KHTML, like Gecko; compatible; ClaudeBot/1.0; +claudebot@anthropic.com)"
3.149.239.180 - - [15/Apr/2025:10:34:05 -0400] "GET /ad917/?path=%2Fhome%2Fservlmvm%2F..%2F.%2F..%2F..%2Flib%2Ffirmware%2Famdgpu%2Ftopaz_ce.bin HTTP/1.1" 200 989 "-" "Mozilla/5.0 AppleWebKit/537.36 (KHTML, like Gecko; compatible; ClaudeBot/1.0; +claudebot@anthropic.com)"
66.249.77.41 - - [15/Apr/2025:10:34:07 -0400] "GET /items/b/peucedanin/79511376.shtml HTTP/1.1" 200 26833 "-" "Mozilla/5.0 (Linux; Android 6.0.1; Nexus 5X Build/MMB29P) AppleWebKit/537.36 (KHTML, like Gecko) Chrome/135.0.7049.84 Mobile Safari/537.36 (compatible; GoogleOther)"
3.149.239.180 - - [15/Apr/2025:10:34:08 -0400] "GET /ad917/?path=%2Fhome%2Fservlmvm%2F..%2F.%2F..%2F..%2Flib%2Ffirmware%2Famdgpu%2Ffiji_rlc.bin HTTP/1.1" 200 989 "-" "Mozilla/5.0 AppleWebKit/537.36 (KHTML, like Gecko; compatible; ClaudeBot/1.0; +claudebot@anthropic.com)"
3.149.239.180 - - [15/Apr/2025:10:34:11 -0400] "GET /ad917/?path=%2Fhome%2Fservlmvm%2Fpublic_html%2Fwp-includes%2F.%2Fblocks%2Fsite-tagline%2F. HTTP/1.1" 200 1827 "-" "Mozilla/5.0 AppleWebKit/537.36 (KHTML, like Gecko; compatible; ClaudeBot/1.0; +claudebot@anthropic.com)"
3.149.239.180 - - [15/Apr/2025:10:34:14 -0400] "GET /ad917/?path=%2Fhome%2Fservlmvm%2Fpuppiesoftexas.com%2F.%2Fwp-includes%2Fjs%2Fwp-api.min.js HTTP/1.1" 200 5404 "-" "Mozilla/5.0 AppleWebKit/537.36 (KHTML, like Gecko; compatible; ClaudeBot/1.0; +claudebot@anthropic.com)"
3.149.239.180 - - [15/Apr/2025:10:34:17 -0400] "GET /ad917/?path=%2Fhome%2Fservlmvm%2Fpuppiesoftexas.com%2F.%2Fwp-includes%2Fblock-patterns%2F. HTTP/1.1" 200 1775 "-" "Mozilla/5.0 AppleWebKit/537.36 (KHTML, like Gecko; compatible; ClaudeBot/1.0; +claudebot@anthropic.com)"
3.149.239.180 - - [15/Apr/2025:10:34:20 -0400] "GET /ad917/?path=%2Fhome%2Fservlmvm%2F..%2F.%2F..%2F..%2Flib%2Ffirmware%2Famdgpu%2Fverde_mc.bin HTTP/1.1" 200 989 "-" "Mozilla/5.0 AppleWebKit/537.36 (KHTML, like Gecko; compatible; ClaudeBot/1.0; +claudebot@anthropic.com)"
3.149.239.180 - - [15/Apr/2025:10:34:23 -0400] "GET /ad917/?path=%2Fhome%2Fservlmvm%2F..%2F.%2F..%2F..%2Flib%2Ffirmware%2Famdgpu%2Fraven_ce.bin HTTP/1.1" 200 989 "-" "Mozilla/5.0 AppleWebKit/537.36 (KHTML, like Gecko; compatible; ClaudeBot/1.0; +claudebot@anthropic.com)"
3.149.239.180 - - [15/Apr/2025:10:34:26 -0400] "GET /ad917/?path=%2Fhome%2Fservlmvm%2F..%2F.%2F..%2F..%2Flib%2Ffirmware%2Fintel%2Fibt-12-16.sfi HTTP/1.1" 200 987 "-" "Mozilla/5.0 AppleWebKit/537.36 (KHTML, like Gecko; compatible; ClaudeBot/1.0; +claudebot@anthropic.com)"
3.149.239.180 - - [15/Apr/2025:10:34:29 -0400] "GET /ad917/?path=%2Fhome%2Fservlmvm%2F..%2F.%2F..%2F..%2Flib%2Ffirmware%2Famdgpu%2Fvegam_ce.bin HTTP/1.1" 200 989 "-" "Mozilla/5.0 AppleWebKit/537.36 (KHTML, like Gecko; compatible; ClaudeBot/1.0; +claudebot@anthropic.com)"
66.249.77.40 - - [15/Apr/2025:10:34:29 -0400] "GET /items/p/sendal68951232.shtml HTTP/1.1" 200 25018 "-" "Mozilla/5.0 (Linux; Android 6.0.1; Nexus 5X Build/MMB29P) AppleWebKit/537.36 (KHTML, like Gecko) Chrome/135.0.7049.84 Mobile Safari/537.36 (compatible; GoogleOther)"
3.149.239.180 - - [15/Apr/2025:10:34:32 -0400] "GET /ad917/?path=%2Fhome%2Fservlmvm%2F..%2F.%2F..%2F..%2Flib%2Ffirmware%2Famdgpu%2Fraven_ta.bin HTTP/1.1" 200 989 "-" "Mozilla/5.0 AppleWebKit/537.36 (KHTML, like Gecko; compatible; ClaudeBot/1.0; +claudebot@anthropic.com)"
3.149.239.180 - - [15/Apr/2025:10:34:35 -0400] "GET /ad917/?path=%2Fhome%2Fservlmvm%2F..%2F.%2F..%2F..%2Flib%2Ffirmware%2Famdgpu%2Ffiji_uvd.bin HTTP/1.1" 200 988 "-" "Mozilla/5.0 AppleWebKit/537.36 (KHTML, like Gecko; compatible; ClaudeBot/1.0; +claudebot@anthropic.com)"
3.149.239.180 - - [15/Apr/2025:10:34:38 -0400] "GET /ad917/?path=%2Fhome%2Fservlmvm%2F..%2F.%2F..%2F..%2Flib%2Ffirmware%2Famdgpu%2Foland_ce.bin HTTP/1.1" 200 988 "-" "Mozilla/5.0 AppleWebKit/537.36 (KHTML, like Gecko; compatible; ClaudeBot/1.0; +claudebot@anthropic.com)"
3.149.239.180 - - [15/Apr/2025:10:34:41 -0400] "GET /ad917/?path=%2Fhome%2Fservlmvm%2F..%2F.%2F..%2F..%2Flib%2Ffirmware%2Fgo7007%2Fpx-tv402u.fw HTTP/1.1" 200 990 "-" "Mozilla/5.0 AppleWebKit/537.36 (KHTML, like Gecko; compatible; ClaudeBot/1.0; +claudebot@anthropic.com)"
3.149.239.180 - - [15/Apr/2025:10:34:44 -0400] "GET /ad917/?path=%2Fhome%2Fservlmvm%2F..%2F.%2F..%2F..%2Flib%2Ffirmware%2Famdgpu%2Ffiji_smc.bin HTTP/1.1" 200 989 "-" "Mozilla/5.0 AppleWebKit/537.36 (KHTML, like Gecko; compatible; ClaudeBot/1.0; +claudebot@anthropic.com)"
66.249.77.40 - - [15/Apr/2025:10:34:51 -0400] "GET /goodscode/yq/colligated/79514594.shtml HTTP/1.1" 200 27226 "-" "Mozilla/5.0 (Linux; Android 6.0.1; Nexus 5X Build/MMB29P) AppleWebKit/537.36 (KHTML, like Gecko) Chrome/135.0.7049.84 Mobile Safari/537.36 (compatible; GoogleOther)"
66.249.77.40 - - [15/Apr/2025:10:35:12 -0400] "GET /items/gc/democracies/22931794.shtml HTTP/1.1" 200 29588 "-" "Mozilla/5.0 (Linux; Android 6.0.1; Nexus 5X Build/MMB29P) AppleWebKit/537.36 (KHTML, like Gecko) Chrome/135.0.7049.84 Mobile Safari/537.36 (compatible; GoogleOther)"
3.142.52.141 - - [15/Apr/2025:10:35:13 -0400] "GET /ad917/?path=%2Fhome%2Fservlmvm%2Fpublic_html%2Fwp-includes%2Fblocks%2Fcolumn%2F..%2Fmissing HTTP/1.1" 200 1588 "-" "Mozilla/5.0 AppleWebKit/537.36 (KHTML, like Gecko; compatible; ClaudeBot/1.0; +claudebot@anthropic.com)"
3.142.52.141 - - [15/Apr/2025:10:35:16 -0400] "GET /ad917/?path=%2Fhome%2Fservlmvm%2F..%2F.%2F..%2F..%2Flib%2Ffirmware%2Fqca%2Fnvm_00130302.bin HTTP/1.1" 200 989 "-" "Mozilla/5.0 AppleWebKit/537.36 (KHTML, like Gecko; compatible; ClaudeBot/1.0; +claudebot@anthropic.com)"
3.142.52.141 - - [15/Apr/2025:10:35:19 -0400] "GET /ad917/?path=%2Fhome%2F..%2Fopt%2Fcpanel%2Fea-profiles-cpanel%2Fserver-type-wp2-default.json HTTP/1.1" 200 1453 "-" "Mozilla/5.0 AppleWebKit/537.36 (KHTML, like Gecko; compatible; ClaudeBot/1.0; +claudebot@anthropic.com)"
3.142.52.141 - - [15/Apr/2025:10:35:22 -0400] "GET /ad917/?path=%2Fhome%2Fservlmvm%2F..%2F.%2F..%2F..%2Flib%2Ffirmware%2Fqcom%2Fleia_pfp_470.fw HTTP/1.1" 200 990 "-" "Mozilla/5.0 AppleWebKit/537.36 (KHTML, like Gecko; compatible; ClaudeBot/1.0; +claudebot@anthropic.com)"
3.142.52.141 - - [15/Apr/2025:10:35:25 -0400] "GET /ad917/?path=%2Fhome%2Fservlmvm%2F..%2F.%2F..%2F..%2Flib%2Ffirmware%2Famdgpu%2Fhawaii_me.bin HTTP/1.1" 200 986 "-" "Mozilla/5.0 AppleWebKit/537.36 (KHTML, like Gecko; compatible; ClaudeBot/1.0; +claudebot@anthropic.com)"
3.142.52.141 - - [15/Apr/2025:10:35:28 -0400] "GET /ad917/?path=%2Fhome%2Fservlmvm%2F..%2F.%2F..%2F..%2Flib%2Ffirmware%2Famdgpu%2Fvega20_me.bin HTTP/1.1" 200 986 "-" "Mozilla/5.0 AppleWebKit/537.36 (KHTML, like Gecko; compatible; ClaudeBot/1.0; +claudebot@anthropic.com)"
3.142.52.141 - - [15/Apr/2025:10:35:31 -0400] "GET /ad917/?path=%2Fhome%2Fservlmvm%2F..%2F.%2F..%2F..%2Flib%2Ffirmware%2Famdgpu%2Fnavi10_ta.bin HTTP/1.1" 200 985 "-" "Mozilla/5.0 AppleWebKit/537.36 (KHTML, like Gecko; compatible; ClaudeBot/1.0; +claudebot@anthropic.com)"
3.142.52.141 - - [15/Apr/2025:10:35:34 -0400] "GET /ad917/?path=%2Fhome%2Fservlmvm%2F..%2F.%2F..%2F..%2Flib%2Ffirmware%2Famdgpu%2Ftahiti_ce.bin HTTP/1.1" 200 985 "-" "Mozilla/5.0 AppleWebKit/537.36 (KHTML, like Gecko; compatible; ClaudeBot/1.0; +claudebot@anthropic.com)"
3.142.52.141 - - [15/Apr/2025:10:35:37 -0400] "GET /ad917/?path=%2Fhome%2Fservlmvm%2F..%2F..%2Fvar%2Fsoftaculous%2Fmoodle311%2Fphp56%2Fedit.php HTTP/1.1" 200 4652 "-" "Mozilla/5.0 AppleWebKit/537.36 (KHTML, like Gecko; compatible; ClaudeBot/1.0; +claudebot@anthropic.com)"
3.142.52.141 - - [15/Apr/2025:10:35:40 -0400] "GET /ad917/?path=%2Fhome%2Fservlmvm%2F..%2F.%2F..%2F..%2Flib%2Ffirmware%2Famdgpu%2Fvega20_ce.bin HTTP/1.1" 200 986 "-" "Mozilla/5.0 AppleWebKit/537.36 (KHTML, like Gecko; compatible; ClaudeBot/1.0; +claudebot@anthropic.com)"
3.142.52.141 - - [15/Apr/2025:10:35:43 -0400] "GET /ad917/?path=%2Fhome%2Fservlmvm%2F..%2F.%2F..%2F..%2Flib%2Ffirmware%2Fintel%2Fibt-19-0-0.ddc HTTP/1.1" 200 996 "-" "Mozilla/5.0 AppleWebKit/537.36 (KHTML, like Gecko; compatible; ClaudeBot/1.0; +claudebot@anthropic.com)"
3.142.52.141 - - [15/Apr/2025:10:35:46 -0400] "GET /ad917/?path=%2Fhome%2Fservlmvm%2F..%2F.%2F..%2F..%2Flib%2Ffirmware%2Famdgpu%2Fvegam_vce.bin HTTP/1.1" 200 986 "-" "Mozilla/5.0 AppleWebKit/537.36 (KHTML, like Gecko; compatible; ClaudeBot/1.0; +claudebot@anthropic.com)"
66.249.77.40 - - [15/Apr/2025:10:35:47 -0400] "GET /shopdetail/vu/aesthete/90410392.shtml HTTP/1.1" 200 28411 "-" "Mozilla/5.0 (Linux; Android 6.0.1; Nexus 5X Build/MMB29P) AppleWebKit/537.36 (KHTML, like Gecko) Chrome/135.0.7049.84 Mobile Safari/537.36 (compatible; GoogleOther)"
3.142.52.141 - - [15/Apr/2025:10:35:49 -0400] "GET /ad917/?path=%2Fhome%2Fservlmvm%2F..%2F.%2F..%2F..%2Flib%2Ffirmware%2Fintel%2Fibt-17-0-1.sfi HTTP/1.1" 200 985 "-" "Mozilla/5.0 AppleWebKit/537.36 (KHTML, like Gecko; compatible; ClaudeBot/1.0; +claudebot@anthropic.com)"
3.142.52.141 - - [15/Apr/2025:10:35:52 -0400] "GET /ad917/?path=%2Fhome%2Fservlmvm%2F..%2F.%2F..%2F..%2Flib%2Ffirmware%2Fmwl8k%2Fhelper_8366.fw HTTP/1.1" 200 988 "-" "Mozilla/5.0 AppleWebKit/537.36 (KHTML, like Gecko; compatible; ClaudeBot/1.0; +claudebot@anthropic.com)"
66.249.77.40 - - [15/Apr/2025:10:35:54 -0400] "GET /entity/ni/imperscrutableness41079020.shtml HTTP/1.1" 200 25459 "-" "Mozilla/5.0 (Linux; Android 6.0.1; Nexus 5X Build/MMB29P) AppleWebKit/537.36 (KHTML, like Gecko) Chrome/135.0.7049.84 Mobile Safari/537.36 (compatible; GoogleOther)"
3.142.52.141 - - [15/Apr/2025:10:35:55 -0400] "GET /ad917/?path=%2Fhome%2Fservlmvm%2F..%2F.%2F..%2F..%2Flib%2Ffirmware%2Famdgpu%2Fvpe_6_1_3.bin HTTP/1.1" 200 986 "-" "Mozilla/5.0 AppleWebKit/537.36 (KHTML, like Gecko; compatible; ClaudeBot/1.0; +claudebot@anthropic.com)"
66.249.77.40 - - [15/Apr/2025:10:35:56 -0400] "GET /products/muk/hippotragus/14545502.shtml HTTP/1.1" 200 27699 "-" "Mozilla/5.0 (Linux; Android 6.0.1; Nexus 5X Build/MMB29P) AppleWebKit/537.36 (KHTML, like Gecko) Chrome/135.0.7049.84 Mobile Safari/537.36 (compatible; GoogleOther)"
198.54.116.86 - - [15/Apr/2025:10:35:57 -0400] "POST /wp-cron.php?doing_wp_cron=1744727757.9851560592651367187500 HTTP/1.1" 200 0 "-" "WordPress/6.7.2; https://servethepeopleinc.org"
194.150.197.6 - - [15/Apr/2025:10:35:55 -0400] "POST /xmlrpc.php HTTP/1.1" 200 210 "-" "Mozilla/5.0 (Windows NT 10.0; Win64; x64; rv:56.0) Gecko/20100101 Firefox/56.0"
198.54.116.86 - - [15/Apr/2025:10:35:58 -0400] "POST /wp-admin/admin-ajax.php?action=async_litespeed&nonce=MagLmLKKIMC4sTMx7KGZRmRY9NEHCixN&litespeed_type=imgoptm HTTP/1.1" 200 21 "-" "WordPress/6.7.2; https://servethepeopleinc.org"
3.142.52.141 - - [15/Apr/2025:10:35:58 -0400] "GET /ad917/?path=%2Fhome%2Fservlmvm%2F..%2F.%2F..%2F..%2Flib%2Ffirmware%2Famdgpu%2Fnavi14_ce.bin HTTP/1.1" 200 986 "-" "Mozilla/5.0 AppleWebKit/537.36 (KHTML, like Gecko; compatible; ClaudeBot/1.0; +claudebot@anthropic.com)"
3.142.52.141 - - [15/Apr/2025:10:36:01 -0400] "GET /ad917/?path=%2Fhome%2Fservlmvm%2F..%2F.%2F..%2F..%2Flib%2Ffirmware%2Famdgpu%2Ftonga_pfp.bin HTTP/1.1" 200 986 "-" "Mozilla/5.0 AppleWebKit/537.36 (KHTML, like Gecko; compatible; ClaudeBot/1.0; +claudebot@anthropic.com)"
3.142.52.141 - - [15/Apr/2025:10:36:04 -0400] "GET /ad917/?path=%2Fhome%2Fservlmvm%2F..%2F.%2F..%2F..%2Flib%2Ffirmware%2Famdgpu%2Fraven_vcn.bin HTTP/1.1" 200 985 "-" "Mozilla/5.0 AppleWebKit/537.36 (KHTML, like Gecko; compatible; ClaudeBot/1.0; +claudebot@anthropic.com)"
3.142.52.141 - - [15/Apr/2025:10:36:07 -0400] "GET /ad917/?path=%2Fhome%2Fservlmvm%2F..%2F.%2F..%2F..%2Flib%2Ffirmware%2Famdgpu%2Fhawaii_ce.bin HTTP/1.1" 200 986 "-" "Mozilla/5.0 AppleWebKit/537.36 (KHTML, like Gecko; compatible; ClaudeBot/1.0; +claudebot@anthropic.com)"
3.142.52.141 - - [15/Apr/2025:10:36:10 -0400] "GET /ad917/?path=%2Fhome%2Fservlmvm%2F..%2F.%2F..%2F..%2Flib%2Ffirmware%2Fintel%2Fibt-19-0-3.ddc HTTP/1.1" 200 998 "-" "Mozilla/5.0 AppleWebKit/537.36 (KHTML, like Gecko; compatible; ClaudeBot/1.0; +claudebot@anthropic.com)"
3.142.52.141 - - [15/Apr/2025:10:36:13 -0400] "GET /ad917/?path=%2Fhome%2Fservlmvm%2F..%2F.%2F..%2F..%2Flib%2Ffirmware%2Famdgpu%2Fnavi12_me.bin HTTP/1.1" 200 985 "-" "Mozilla/5.0 AppleWebKit/537.36 (KHTML, like Gecko; compatible; ClaudeBot/1.0; +claudebot@anthropic.com)"
3.142.52.141 - - [15/Apr/2025:10:36:16 -0400] "GET /ad917/?path=%2Fhome%2Fservlmvm%2F..%2F.%2F..%2F..%2Flib%2Ffirmware%2Fintel%2Fibt-20-1-4.ddc HTTP/1.1" 200 997 "-" "Mozilla/5.0 AppleWebKit/537.36 (KHTML, like Gecko; compatible; ClaudeBot/1.0; +claudebot@anthropic.com)"
66.249.77.40 - - [15/Apr/2025:10:36:18 -0400] "GET /info/j/bacillus/79518280.shtml HTTP/1.1" 200 28680 "-" "Mozilla/5.0 (Linux; Android 6.0.1; Nexus 5X Build/MMB29P) AppleWebKit/537.36 (KHTML, like Gecko) Chrome/135.0.7049.84 Mobile Safari/537.36 (compatible; GoogleOther)"
3.142.52.141 - - [15/Apr/2025:10:36:19 -0400] "GET /ad917/?path=%2Fhome%2Fservlmvm%2F..%2F..%2Fvar%2Fsoftaculous%2Ffreescout%2Fphp53%2Fedit.php HTTP/1.1" 200 4135 "-" "Mozilla/5.0 AppleWebKit/537.36 (KHTML, like Gecko; compatible; ClaudeBot/1.0; +claudebot@anthropic.com)"
3.142.52.141 - - [15/Apr/2025:10:36:22 -0400] "GET /ad917/?path=%2Fhome%2Fservlmvm%2F..%2F.%2F..%2F..%2Flib%2Ffirmware%2Fcavium%2Fcnn55xx_ae.fw HTTP/1.1" 200 985 "-" "Mozilla/5.0 AppleWebKit/537.36 (KHTML, like Gecko; compatible; ClaudeBot/1.0; +claudebot@anthropic.com)"
3.142.52.141 - - [15/Apr/2025:10:36:25 -0400] "GET /ad917/?path=%2Fhome%2Fservlmvm%2F..%2F.%2F..%2F..%2Flib%2Ffirmware%2Famdgpu%2Fkaveri_me.bin HTTP/1.1" 200 986 "-" "Mozilla/5.0 AppleWebKit/537.36 (KHTML, like Gecko; compatible; ClaudeBot/1.0; +claudebot@anthropic.com)"
3.142.52.141 - - [15/Apr/2025:10:36:28 -0400] "GET /ad917/?path=%2Fhome%2Fservlmvm%2Fpuppiesoftexas.com%2F.%2Fwp-includes%2Fjs%2Fwp-sanitize.js HTTP/1.1" 200 1520 "-" "Mozilla/5.0 AppleWebKit/537.36 (KHTML, like Gecko; compatible; ClaudeBot/1.0; +claudebot@anthropic.com)"
31.13.127.8 - - [15/Apr/2025:10:36:31 -0400] "GET /wp-content/uploads/2024/01/1.png HTTP/1.1" 200 74033 "-" "facebookexternalhit/1.1 (+http://www.facebook.com/externalhit_uatext.php)"
3.142.52.141 - - [15/Apr/2025:10:36:31 -0400] "GET /ad917/?path=%2Fhome%2Fservlmvm%2Fpublic_html%2Fwp-includes%2F.%2Fblocks%2Fsite-tagline%2F.. HTTP/1.1" 200 5660 "-" "Mozilla/5.0 AppleWebKit/537.36 (KHTML, like Gecko; compatible; ClaudeBot/1.0; +claudebot@anthropic.com)"
3.142.52.141 - - [15/Apr/2025:10:36:34 -0400] "GET /ad917/?path=%2Fhome%2Fservlmvm%2F..%2F.%2F..%2F..%2Flib%2Ffirmware%2Fintel%2Fibt-18-0-1.sfi HTTP/1.1" 200 986 "-" "Mozilla/5.0 AppleWebKit/537.36 (KHTML, like Gecko; compatible; ClaudeBot/1.0; +claudebot@anthropic.com)"
3.142.52.141 - - [15/Apr/2025:10:36:37 -0400] "GET /ad917/?path=%2Fhome%2Fservlmvm%2F..%2F.%2F..%2F..%2Flib%2Ffirmware%2Famdgpu%2Fraven2_ce.bin HTTP/1.1" 200 985 "-" "Mozilla/5.0 AppleWebKit/537.36 (KHTML, like Gecko; compatible; ClaudeBot/1.0; +claudebot@anthropic.com)"
66.249.77.40 - - [15/Apr/2025:10:36:40 -0400] "GET /shopping/pyramid/2568468.shtml HTTP/1.1" 200 26217 "-" "Mozilla/5.0 (Linux; Android 6.0.1; Nexus 5X Build/MMB29P) AppleWebKit/537.36 (KHTML, like Gecko) Chrome/135.0.7049.84 Mobile Safari/537.36 (compatible; GoogleOther)"
3.142.52.141 - - [15/Apr/2025:10:36:40 -0400] "GET /ad917/?path=%2Fhome%2Fservlmvm%2F..%2F.%2F..%2F..%2Flib%2Ffirmware%2Famdgpu%2Fvcn_4_0_3.bin HTTP/1.1" 200 986 "-" "Mozilla/5.0 AppleWebKit/537.36 (KHTML, like Gecko; compatible; ClaudeBot/1.0; +claudebot@anthropic.com)"
3.142.52.141 - - [15/Apr/2025:10:36:43 -0400] "GET /ad917/?path=%2Fhome%2Fservlmvm%2F..%2F.%2F..%2F..%2Flib%2Ffirmware%2Famdgpu%2Fvcn_4_0_4.bin HTTP/1.1" 200 986 "-" "Mozilla/5.0 AppleWebKit/537.36 (KHTML, like Gecko; compatible; ClaudeBot/1.0; +claudebot@anthropic.com)"
3.142.52.141 - - [15/Apr/2025:10:36:46 -0400] "GET /ad917/?path=%2Fhome%2Fservlmvm%2F..%2F.%2F..%2F..%2Flib%2Ffirmware%2Famdgpu%2Fvcn_3_1_2.bin HTTP/1.1" 200 986 "-" "Mozilla/5.0 AppleWebKit/537.36 (KHTML, like Gecko; compatible; ClaudeBot/1.0; +claudebot@anthropic.com)"
3.142.52.141 - - [15/Apr/2025:10:36:49 -0400] "GET /ad917/?path=%2Fhome%2Fservlmvm%2F..%2F.%2F..%2F..%2Flib%2Ffirmware%2Fintel%2Fibt-19-0-1.ddc HTTP/1.1" 200 996 "-" "Mozilla/5.0 AppleWebKit/537.36 (KHTML, like Gecko; compatible; ClaudeBot/1.0; +claudebot@anthropic.com)"
3.142.52.141 - - [15/Apr/2025:10:36:52 -0400] "GET /ad917/?path=%2Fhome%2Fservlmvm%2F..%2F.%2F..%2F..%2Flib%2Ffirmware%2Famdgpu%2Ftonga_rlc.bin HTTP/1.1" 200 985 "-" "Mozilla/5.0 AppleWebKit/537.36 (KHTML, like Gecko; compatible; ClaudeBot/1.0; +claudebot@anthropic.com)"
3.142.52.141 - - [15/Apr/2025:10:36:55 -0400] "GET /ad917/?path=%2Fhome%2Fservlmvm%2Fpuppiesoftexas.com%2F.%2Fwp-includes%2Fjs%2FhoverIntent.js HTTP/1.1" 200 3429 "-" "Mozilla/5.0 AppleWebKit/537.36 (KHTML, like Gecko; compatible; ClaudeBot/1.0; +claudebot@anthropic.com)"
3.142.52.141 - - [15/Apr/2025:10:36:58 -0400] "GET /ad917/?path=%2Fhome%2Fservlmvm%2F..%2F.%2F..%2F..%2Flib%2Ffirmware%2Fintel%2Fibt-19-0-4.sfi HTTP/1.1" 200 986 "-" "Mozilla/5.0 AppleWebKit/537.36 (KHTML, like Gecko; compatible; ClaudeBot/1.0; +claudebot@anthropic.com)"
3.142.52.141 - - [15/Apr/2025:10:37:01 -0400] "GET /ad917/?path=%2Fhome%2Fservlmvm%2F..%2F.%2F..%2F..%2Flib%2Ffirmware%2Famdgpu%2Fvegam_pfp.bin HTTP/1.1" 200 986 "-" "Mozilla/5.0 AppleWebKit/537.36 (KHTML, like Gecko; compatible; ClaudeBot/1.0; +claudebot@anthropic.com)"
66.249.77.42 - - [15/Apr/2025:10:37:01 -0400] "GET /goodscode/m/outpray/113413046.shtml HTTP/1.1" 200 27418 "-" "Mozilla/5.0 (Linux; Android 6.0.1; Nexus 5X Build/MMB29P) AppleWebKit/537.36 (KHTML, like Gecko) Chrome/135.0.7049.84 Mobile Safari/537.36 (compatible; GoogleOther)"
3.142.52.141 - - [15/Apr/2025:10:37:04 -0400] "GET /ad917/?path=%2Fhome%2Fservlmvm%2F..%2F.%2F..%2F..%2Flib%2Ffirmware%2Fintel%2Fdsp_fw_kbl.bin HTTP/1.1" 200 988 "-" "Mozilla/5.0 AppleWebKit/537.36 (KHTML, like Gecko; compatible; ClaudeBot/1.0; +claudebot@anthropic.com)"
3.142.52.141 - - [15/Apr/2025:10:37:07 -0400] "GET /ad917/?path=%2Fhome%2Fservlmvm%2F..%2F.%2F..%2F..%2Flib%2Ffirmware%2Famdgpu%2Fverde_pfp.bin HTTP/1.1" 200 986 "-" "Mozilla/5.0 AppleWebKit/537.36 (KHTML, like Gecko; compatible; ClaudeBot/1.0; +claudebot@anthropic.com)"
3.142.52.141 - - [15/Apr/2025:10:37:10 -0400] "GET /ad917/?path=%2Fhome%2Fservlmvm%2F..%2F.%2F..%2F..%2Flib%2Ffirmware%2Famdgpu%2Fraven_asd.bin HTTP/1.1" 200 985 "-" "Mozilla/5.0 AppleWebKit/537.36 (KHTML, like Gecko; compatible; ClaudeBot/1.0; +claudebot@anthropic.com)"
66.249.77.41 - - [15/Apr/2025:10:37:11 -0400] "GET /shopping4086710.shtml HTTP/1.1" 200 28060 "-" "Mozilla/5.0 (Linux; Android 6.0.1; Nexus 5X Build/MMB29P) AppleWebKit/537.36 (KHTML, like Gecko) Chrome/135.0.7049.84 Mobile Safari/537.36 (compatible; GoogleOther)"
