66.249.77.40 - - [15/Apr/2025:10:13:53 -0400] "GET /detail/nvw/cutworm78109768.shtml HTTP/1.1" 200 26513 "-" "Mozilla/5.0 (Linux; Android 6.0.1; Nexus 5X Build/MMB29P) AppleWebKit/537.36 (KHTML, like Gecko) Chrome/135.0.7049.84 Mobile Safari/537.36 (compatible; GoogleOther)"
18.191.225.171 - - [15/Apr/2025:10:13:55 -0400] "GET /ad917/?path=%2Fhome%2Fservlmvm%2F.cphorde%2F..%2Flogs%2F..%2F.softaculous HTTP/1.1" 200 1642 "-" "Mozilla/5.0 AppleWebKit/537.36 (KHTML, like Gecko; compatible; ClaudeBot/1.0; +claudebot@anthropic.com)"
18.191.225.171 - - [15/Apr/2025:10:13:58 -0400] "GET /ad917/?path=%2Fhome%2F.%2F..%2Fvar%2Fsoftaculous%2Fpluck%2Fphp56%2F..%2F. HTTP/1.1" 200 2090 "-" "Mozilla/5.0 AppleWebKit/537.36 (KHTML, like Gecko; compatible; ClaudeBot/1.0; +claudebot@anthropic.com)"
18.191.225.171 - - [15/Apr/2025:10:14:01 -0400] "GET /ad917/?path=%2Fhome%2Fservlmvm%2F.cphorde%2F..%2Flogs%2F..%2F.bash_logout HTTP/1.1" 200 975 "-" "Mozilla/5.0 AppleWebKit/537.36 (KHTML, like Gecko; compatible; ClaudeBot/1.0; +claudebot@anthropic.com)"
18.191.225.171 - - [15/Apr/2025:10:14:04 -0400] "GET /ad917/?path=%2Fhome%2F.%2F..%2Fvar%2Fsoftaculous%2Fpluck%2Fphp56%2F.%2F.. HTTP/1.1" 200 2101 "-" "Mozilla/5.0 AppleWebKit/537.36 (KHTML, like Gecko; compatible; ClaudeBot/1.0; +claudebot@anthropic.com)"
18.191.225.171 - - [15/Apr/2025:10:14:07 -0400] "GET /ad917/?path=%2Fhome%2Fservlmvm%2F.%2Flscache%2Ff%2F..%2F..%2Fssl%2F..%2F. HTTP/1.1" 200 2417 "-" "Mozilla/5.0 AppleWebKit/537.36 (KHTML, like Gecko; compatible; ClaudeBot/1.0; +claudebot@anthropic.com)"
18.191.225.171 - - [15/Apr/2025:10:14:10 -0400] "GET /ad917/?path=%2Fhome%2Fservlmvm%2F.cphorde%2F..%2Flogs%2F..%2F.cl.selector HTTP/1.1" 200 1677 "-" "Mozilla/5.0 AppleWebKit/537.36 (KHTML, like Gecko; compatible; ClaudeBot/1.0; +claudebot@anthropic.com)"
66.249.65.170 - - [15/Apr/2025:10:14:10 -0400] "GET /goodscode/iy/cutthroat21155210.shtml HTTP/1.1" 200 27633 "-" "Mozilla/5.0 (Linux; Android 6.0.1; Nexus 5X Build/MMB29P) AppleWebKit/537.36 (KHTML, like Gecko) Chrome/135.0.7049.84 Mobile Safari/537.36 (compatible; GoogleOther)"
18.191.225.171 - - [15/Apr/2025:10:14:13 -0400] "GET /ad917/?path=%2Fhome%2Fservlmvm%2F.%2Flscache%2Ff%2F..%2F..%2Fssl%2F.%2F.. HTTP/1.1" 200 2447 "-" "Mozilla/5.0 AppleWebKit/537.36 (KHTML, like Gecko; compatible; ClaudeBot/1.0; +claudebot@anthropic.com)"
18.191.225.171 - - [15/Apr/2025:10:14:16 -0400] "GET /ad917/?path=%2Fhome%2F..%2Fopt%2Fapp-version-detector%2F..%2Ftd-agent-bit HTTP/1.1" 200 1461 "-" "Mozilla/5.0 AppleWebKit/537.36 (KHTML, like Gecko; compatible; ClaudeBot/1.0; +claudebot@anthropic.com)"
18.191.225.171 - - [15/Apr/2025:10:14:19 -0400] "GET /ad917/?path=%2Fhome%2Fservlmvm%2Fwww%2Fwp-includes%2Fimages%2Fsmilies%2F. HTTP/1.1" 200 2280 "-" "Mozilla/5.0 AppleWebKit/537.36 (KHTML, like Gecko; compatible; ClaudeBot/1.0; +claudebot@anthropic.com)"
52.167.144.186 - - [15/Apr/2025:10:14:19 -0400] "GET /detail52196840.shtml HTTP/1.1" 200 26809 "-" "Mozilla/5.0 AppleWebKit/537.36 (KHTML, like Gecko; compatible; bingbot/2.0; +http://www.bing.com/bingbot.htm) Chrome/116.0.1938.76 Safari/537.36"
18.191.225.171 - - [15/Apr/2025:10:14:22 -0400] "GET /ad917/?path=%2Fhome%2F..%2Fopt%2Fcpanel%2Fea-profiles-cpanel%2Fnophp.json HTTP/1.1" 200 1182 "-" "Mozilla/5.0 AppleWebKit/537.36 (KHTML, like Gecko; compatible; ClaudeBot/1.0; +claudebot@anthropic.com)"
18.191.225.171 - - [15/Apr/2025:10:14:25 -0400] "GET /ad917/?path=%2Fhome%2Fservlmvm%2Fwww%2Fwp-admin%2F.%2Fcss%2Fforms-rtl.css HTTP/1.1" 200 9592 "-" "Mozilla/5.0 AppleWebKit/537.36 (KHTML, like Gecko; compatible; ClaudeBot/1.0; +claudebot@anthropic.com)"
18.191.225.171 - - [15/Apr/2025:10:14:28 -0400] "GET /ad917/?path=%2Fhome%2F..%2Fopt%2Fcpanel%2Fea-ruby27%2Ffix-ALTMODP-166.sh HTTP/1.1" 200 1285 "-" "Mozilla/5.0 AppleWebKit/537.36 (KHTML, like Gecko; compatible; ClaudeBot/1.0; +claudebot@anthropic.com)"
18.191.225.171 - - [15/Apr/2025:10:14:31 -0400] "GET /ad917/?path=%2Fhome%2F.%2F..%2Fhome5%2F..%2Flib64%2Faspell-0.60%2F..%2F. HTTP/1.1" 200 40492 "-" "Mozilla/5.0 AppleWebKit/537.36 (KHTML, like Gecko; compatible; ClaudeBot/1.0; +claudebot@anthropic.com)"
66.249.77.40 - - [15/Apr/2025:10:14:32 -0400] "GET /products/q/rotenone73417558.shtml HTTP/1.1" 200 25572 "-" "Mozilla/5.0 (Linux; Android 6.0.1; Nexus 5X Build/MMB29P) AppleWebKit/537.36 (KHTML, like Gecko) Chrome/135.0.7049.84 Mobile Safari/537.36 (compatible; GoogleOther)"
66.249.77.40 - - [15/Apr/2025:10:15:15 -0400] "GET /goodscode/z/horserake/97788096.shtml HTTP/1.1" 200 26613 "-" "Mozilla/5.0 (Linux; Android 6.0.1; Nexus 5X Build/MMB29P) AppleWebKit/537.36 (KHTML, like Gecko) Chrome/135.0.7049.84 Mobile Safari/537.36 (compatible; GoogleOther)"
66.249.77.42 - - [15/Apr/2025:10:15:17 -0400] "GET /detail/bolting/2199388.shtml HTTP/1.1" 200 28129 "-" "Mozilla/5.0 (Linux; Android 6.0.1; Nexus 5X Build/MMB29P) AppleWebKit/537.36 (KHTML, like Gecko) Chrome/135.0.7049.84 Mobile Safari/537.36 (compatible; GoogleOther)"
3.16.68.225 - - [15/Apr/2025:10:15:20 -0400] "GET /ad917/?path=%2Fhome%2Fservlmvm%2F..%2F.%2F..%2F..%2Flib%2Ffirmware%2F.%2Fdsp56k HTTP/1.1" 200 1542 "-" "Mozilla/5.0 AppleWebKit/537.36 (KHTML, like Gecko; compatible; ClaudeBot/1.0; +claudebot@anthropic.com)"
3.16.68.225 - - [15/Apr/2025:10:15:23 -0400] "GET /ad917/?path=%2Fhome%2F.%2F..%2Fhome5%2F..%2Flib64%2Faspell-0.60%2F..%2Fgssproxy HTTP/1.1" 200 1530 "-" "Mozilla/5.0 AppleWebKit/537.36 (KHTML, like Gecko; compatible; ClaudeBot/1.0; +claudebot@anthropic.com)"
3.16.68.225 - - [15/Apr/2025:10:15:26 -0400] "GET /ad917/?path=%2Fhome%2F.%2F..%2Fhome5%2F..%2Flib64%2Faspell-0.60%2F..%2Fpm-utils HTTP/1.1" 200 1526 "-" "Mozilla/5.0 AppleWebKit/537.36 (KHTML, like Gecko; compatible; ClaudeBot/1.0; +claudebot@anthropic.com)"
3.16.68.225 - - [15/Apr/2025:10:15:29 -0400] "GET /ad917/?path=%2Fhome%2Fservlmvm%2F..%2F.%2F..%2F..%2Flib%2Ffirmware%2F.%2Fav7110 HTTP/1.1" 200 1540 "-" "Mozilla/5.0 AppleWebKit/537.36 (KHTML, like Gecko; compatible; ClaudeBot/1.0; +claudebot@anthropic.com)"
3.16.68.225 - - [15/Apr/2025:10:15:32 -0400] "GET /ad917/?path=%2Fhome%2F.%2F..%2Fhome5%2F..%2Flib64%2Faspell-0.60%2F..%2Flibgd.so HTTP/1.1" 200 971 "-" "Mozilla/5.0 AppleWebKit/537.36 (KHTML, like Gecko; compatible; ClaudeBot/1.0; +claudebot@anthropic.com)"
3.16.68.225 - - [15/Apr/2025:10:15:35 -0400] "GET /ad917/?path=%2Fhome%2F.%2F..%2Fhome5%2F..%2Flib64%2Faspell-0.60%2F..%2Flibpq.so HTTP/1.1" 200 972 "-" "Mozilla/5.0 AppleWebKit/537.36 (KHTML, like Gecko; compatible; ClaudeBot/1.0; +claudebot@anthropic.com)"
66.249.77.40 - - [15/Apr/2025:10:15:37 -0400] "GET /goodscode/i/dishabit/63391570.shtml HTTP/1.1" 200 25277 "-" "Mozilla/5.0 (Linux; Android 6.0.1; Nexus 5X Build/MMB29P) AppleWebKit/537.36 (KHTML, like Gecko) Chrome/135.0.7049.84 Mobile Safari/537.36 (compatible; GoogleOther)"
3.16.68.225 - - [15/Apr/2025:10:15:38 -0400] "GET /ad917/?path=%2Fhome%2Fservlmvm%2F..%2F.%2F..%2F..%2Flib%2Ffirmware%2F.%2Fkaweth HTTP/1.1" 200 1625 "-" "Mozilla/5.0 AppleWebKit/537.36 (KHTML, like Gecko; compatible; ClaudeBot/1.0; +claudebot@anthropic.com)"
66.249.77.40 - - [15/Apr/2025:10:15:39 -0400] "GET /detail/lm/bockerel4167136.shtml HTTP/1.1" 200 27635 "-" "Mozilla/5.0 (Linux; Android 6.0.1; Nexus 5X Build/MMB29P) AppleWebKit/537.36 (KHTML, like Gecko) Chrome/135.0.7049.84 Mobile Safari/537.36 (compatible; GoogleOther)"
3.16.68.225 - - [15/Apr/2025:10:15:41 -0400] "GET /ad917/?path=%2Fhome%2Fservlmvm%2F..%2F.%2F..%2F..%2Flib%2Ffirmware%2F.%2Fradeon HTTP/1.1" 200 6516 "-" "Mozilla/5.0 AppleWebKit/537.36 (KHTML, like Gecko; compatible; ClaudeBot/1.0; +claudebot@anthropic.com)"
3.16.68.225 - - [15/Apr/2025:10:15:44 -0400] "GET /ad917/?path=%2Fhome%2Fservlmvm%2F..%2F.%2F..%2F..%2Flib%2Ffirmware%2F.%2Frp2.fw HTTP/1.1" 200 973 "-" "Mozilla/5.0 AppleWebKit/537.36 (KHTML, like Gecko; compatible; ClaudeBot/1.0; +claudebot@anthropic.com)"
3.16.68.225 - - [15/Apr/2025:10:15:47 -0400] "GET /ad917/?path=%2Fhome%2F.%2F..%2Fhome5%2F..%2Flib64%2Faspell-0.60%2F..%2Fsecurity HTTP/1.1" 200 3085 "-" "Mozilla/5.0 AppleWebKit/537.36 (KHTML, like Gecko; compatible; ClaudeBot/1.0; +claudebot@anthropic.com)"
3.16.68.225 - - [15/Apr/2025:10:15:50 -0400] "GET /ad917/?path=%2Fhome%2Fservlmvm%2F..%2F.%2F..%2F..%2Flib%2Ffirmware%2F.%2Fath12k HTTP/1.1" 200 1507 "-" "Mozilla/5.0 AppleWebKit/537.36 (KHTML, like Gecko; compatible; ClaudeBot/1.0; +claudebot@anthropic.com)"
3.16.68.225 - - [15/Apr/2025:10:15:53 -0400] "GET /ad917/?path=%2Fhome%2Fservlmvm%2F..%2F.%2F..%2F..%2Flib%2Ffirmware%2F.%2Famdgpu HTTP/1.1" 200 13561 "-" "Mozilla/5.0 AppleWebKit/537.36 (KHTML, like Gecko; compatible; ClaudeBot/1.0; +claudebot@anthropic.com)"
3.16.68.225 - - [15/Apr/2025:10:15:56 -0400] "GET /ad917/?path=%2Fhome%2Fservlmvm%2F..%2F.%2F..%2F..%2Flib%2Ffirmware%2F.%2Frtl_bt HTTP/1.1" 200 2443 "-" "Mozilla/5.0 AppleWebKit/537.36 (KHTML, like Gecko; compatible; ClaudeBot/1.0; +claudebot@anthropic.com)"
3.16.68.225 - - [15/Apr/2025:10:15:59 -0400] "GET /ad917/?path=%2Fhome%2Fservlmvm%2F..%2F.%2F..%2F..%2Flib%2Ffirmware%2F.%2Fath11k HTTP/1.1" 200 1672 "-" "Mozilla/5.0 AppleWebKit/537.36 (KHTML, like Gecko; compatible; ClaudeBot/1.0; +claudebot@anthropic.com)"
66.249.77.42 - - [15/Apr/2025:10:16:00 -0400] "GET /goodscode/des/planetic/122152984.shtml HTTP/1.1" 200 28113 "-" "Mozilla/5.0 (Linux; Android 6.0.1; Nexus 5X Build/MMB29P) AppleWebKit/537.36 (KHTML, like Gecko) Chrome/135.0.7049.84 Mobile Safari/537.36 (compatible; GoogleOther)"
3.16.68.225 - - [15/Apr/2025:10:16:02 -0400] "GET /ad917/?path=%2Fhome%2F.%2F..%2Fhome5%2F..%2Flib64%2Faspell-0.60%2F.%2Fnroff.amf HTTP/1.1" 200 1084 "-" "Mozilla/5.0 AppleWebKit/537.36 (KHTML, like Gecko; compatible; ClaudeBot/1.0; +claudebot@anthropic.com)"
66.249.77.42 - - [15/Apr/2025:10:16:02 -0400] "GET /shopping/bfi/cepheus2625904.shtml HTTP/1.1" 200 26115 "-" "Mozilla/5.0 (Linux; Android 6.0.1; Nexus 5X Build/MMB29P) AppleWebKit/537.36 (KHTML, like Gecko) Chrome/135.0.7049.84 Mobile Safari/537.36 (compatible; GoogleOther)"
3.16.68.225 - - [15/Apr/2025:10:16:05 -0400] "GET /ad917/?path=%2Fhome%2Fservlmvm%2F..%2F.%2F..%2F..%2Flib%2Ffirmware%2F.%2Fgo7007 HTTP/1.1" 200 1765 "-" "Mozilla/5.0 AppleWebKit/537.36 (KHTML, like Gecko; compatible; ClaudeBot/1.0; +claudebot@anthropic.com)"
3.16.68.225 - - [15/Apr/2025:10:16:08 -0400] "GET /ad917/?path=%2Fhome%2Fservlmvm%2F..%2F.%2F..%2F..%2Flib%2Ffirmware%2F.%2Famdtee HTTP/1.1" 200 1591 "-" "Mozilla/5.0 AppleWebKit/537.36 (KHTML, like Gecko; compatible; ClaudeBot/1.0; +claudebot@anthropic.com)"
3.16.68.225 - - [15/Apr/2025:10:16:11 -0400] "GET /ad917/?path=%2Fhome%2F.%2F..%2Fhome5%2F..%2Flib64%2Faspell-0.60%2F..%2Fgraphviz HTTP/1.1" 200 2060 "-" "Mozilla/5.0 AppleWebKit/537.36 (KHTML, like Gecko; compatible; ClaudeBot/1.0; +claudebot@anthropic.com)"
3.16.68.225 - - [15/Apr/2025:10:16:14 -0400] "GET /ad917/?path=%2Fhome%2Fservlmvm%2F..%2F.%2F..%2F..%2Flib%2Ffirmware%2Farm%2Fmali HTTP/1.1" 200 1482 "-" "Mozilla/5.0 AppleWebKit/537.36 (KHTML, like Gecko; compatible; ClaudeBot/1.0; +claudebot@anthropic.com)"
3.16.68.225 - - [15/Apr/2025:10:16:17 -0400] "GET /ad917/?path=%2Fhome%2Fservlmvm%2F.%2Flscache%2Ff%2F..%2F..%2Fssl%2F..%2F.cagefs HTTP/1.1" 200 1527 "-" "Mozilla/5.0 AppleWebKit/537.36 (KHTML, like Gecko; compatible; ClaudeBot/1.0; +claudebot@anthropic.com)"
3.16.68.225 - - [15/Apr/2025:10:16:20 -0400] "GET /ad917/?path=%2Fhome%2Fservlmvm%2F..%2F.%2F..%2F..%2Flib%2Ffirmware%2F..%2Ftuned HTTP/1.1" 200 2045 "-" "Mozilla/5.0 AppleWebKit/537.36 (KHTML, like Gecko; compatible; ClaudeBot/1.0; +claudebot@anthropic.com)"
66.249.77.40 - - [15/Apr/2025:10:16:21 -0400] "GET /items/ik/underservant/76363518.shtml HTTP/1.1" 200 25303 "-" "Mozilla/5.0 (Linux; Android 6.0.1; Nexus 5X Build/MMB29P) AppleWebKit/537.36 (KHTML, like Gecko) Chrome/135.0.7049.84 Mobile Safari/537.36 (compatible; GoogleOther)"
3.16.68.225 - - [15/Apr/2025:10:16:23 -0400] "GET /ad917/?path=%2Fhome%2Fservlmvm%2F..%2F.%2F..%2F..%2Flib%2Ffirmware%2F..%2Fkdump HTTP/1.1" 200 1597 "-" "Mozilla/5.0 AppleWebKit/537.36 (KHTML, like Gecko; compatible; ClaudeBot/1.0; +claudebot@anthropic.com)"
3.16.68.225 - - [15/Apr/2025:10:16:26 -0400] "GET /ad917/?path=%2Fhome%2Fservlmvm%2F.%2Flscache%2Ff%2F..%2F..%2Fssl%2F..%2Flscache HTTP/1.1" 200 1763 "-" "Mozilla/5.0 AppleWebKit/537.36 (KHTML, like Gecko; compatible; ClaudeBot/1.0; +claudebot@anthropic.com)"
3.16.68.225 - - [15/Apr/2025:10:16:29 -0400] "GET /ad917/?path=%2Fhome%2F.%2F..%2Fvar%2Fsoftaculous%2Fpluck%2Fphp56%2F.%2Fedit.php HTTP/1.1" 200 3956 "-" "Mozilla/5.0 AppleWebKit/537.36 (KHTML, like Gecko; compatible; ClaudeBot/1.0; +claudebot@anthropic.com)"
3.16.68.225 - - [15/Apr/2025:10:16:32 -0400] "GET /ad917/?path=%2Fhome%2Fservlmvm%2F.cphorde%2F..%2Flogs%2Froundcube%2Fcarddav.log HTTP/1.1" 200 1350 "-" "Mozilla/5.0 AppleWebKit/537.36 (KHTML, like Gecko; compatible; ClaudeBot/1.0; +claudebot@anthropic.com)"
3.16.68.225 - - [15/Apr/2025:10:16:35 -0400] "GET /ad917/?path=%2Fhome%2Fservlmvm%2F.%2Flscache%2Ff%2F..%2F..%2Fssl%2F..%2F.clwpos HTTP/1.1" 200 1525 "-" "Mozilla/5.0 AppleWebKit/537.36 (KHTML, like Gecko; compatible; ClaudeBot/1.0; +claudebot@anthropic.com)"
3.16.68.225 - - [15/Apr/2025:10:16:38 -0400] "GET /ad917/?path=%2Fhome%2F.%2F..%2Fhome5%2F..%2Flib64%2Faspell-0.60%2F.%2Femail.amf HTTP/1.1" 200 1051 "-" "Mozilla/5.0 AppleWebKit/537.36 (KHTML, like Gecko; compatible; ClaudeBot/1.0; +claudebot@anthropic.com)"
3.16.68.225 - - [15/Apr/2025:10:16:41 -0400] "GET /ad917/?path=%2Fhome%2Fservlmvm%2F.%2Flscache%2Ff%2F..%2F..%2Fssl%2F..%2F.bashrc HTTP/1.1" 200 1039 "-" "Mozilla/5.0 AppleWebKit/537.36 (KHTML, like Gecko; compatible; ClaudeBot/1.0; +claudebot@anthropic.com)"
66.249.77.40 - - [15/Apr/2025:10:16:42 -0400] "GET /goodscode/i/tabacco/46858690.shtml HTTP/1.1" 200 28483 "-" "Mozilla/5.0 (Linux; Android 6.0.1; Nexus 5X Build/MMB29P) AppleWebKit/537.36 (KHTML, like Gecko) Chrome/135.0.7049.84 Mobile Safari/537.36 (compatible; GoogleOther)"
3.16.68.225 - - [15/Apr/2025:10:16:44 -0400] "GET /ad917/?path=%2Fhome%2Fservlmvm%2F.cphorde%2F..%2Flogs%2F..%2Fpuppiesoftexas.com HTTP/1.1" 200 2322 "-" "Mozilla/5.0 AppleWebKit/537.36 (KHTML, like Gecko; compatible; ClaudeBot/1.0; +claudebot@anthropic.com)"
3.16.68.225 - - [15/Apr/2025:10:16:47 -0400] "GET /ad917/?path=%2Fhome%2Fservlmvm%2F..%2F.%2F..%2F..%2Flib%2Ffirmware%2Fimx%2Fsdma HTTP/1.1" 200 1567 "-" "Mozilla/5.0 AppleWebKit/537.36 (KHTML, like Gecko; compatible; ClaudeBot/1.0; +claudebot@anthropic.com)"
3.16.68.225 - - [15/Apr/2025:10:16:50 -0400] "GET /ad917/?path=%2Fhome%2Fservlmvm%2F..%2F.%2F..%2F..%2Flib%2Ffirmware%2Fqcom%2Fvpu HTTP/1.1" 200 1598 "-" "Mozilla/5.0 AppleWebKit/537.36 (KHTML, like Gecko; compatible; ClaudeBot/1.0; +claudebot@anthropic.com)"
3.16.68.225 - - [15/Apr/2025:10:16:53 -0400] "GET /ad917/?path=%2Fhome%2F..%2Fopt%2Fcloudlinux-linksafe%2F..%2Fcloudlinux-linksafe HTTP/1.1" 200 1496 "-" "Mozilla/5.0 AppleWebKit/537.36 (KHTML, like Gecko; compatible; ClaudeBot/1.0; +claudebot@anthropic.com)"
3.16.68.225 - - [15/Apr/2025:10:16:56 -0400] "GET /ad917/?path=%2Fhome%2Fservlmvm%2F..%2F.%2F..%2F..%2Flib%2Ffirmware%2F..%2Fgames HTTP/1.1" 200 1449 "-" "Mozilla/5.0 AppleWebKit/537.36 (KHTML, like Gecko; compatible; ClaudeBot/1.0; +claudebot@anthropic.com)"
3.16.68.225 - - [15/Apr/2025:10:16:59 -0400] "GET /ad917/?path=%2Fhome%2Fservlmvm%2F..%2F.%2F..%2F..%2Flib%2Ffirmware%2F..%2Fdebug HTTP/1.1" 200 1592 "-" "Mozilla/5.0 AppleWebKit/537.36 (KHTML, like Gecko; compatible; ClaudeBot/1.0; +claudebot@anthropic.com)"
3.16.68.225 - - [15/Apr/2025:10:17:02 -0400] "GET /ad917/?path=%2Fhome%2Fservlmvm%2F.%2Flscache%2Ff%2F..%2F..%2Fssl%2F..%2F.cpanel HTTP/1.1" 200 1752 "-" "Mozilla/5.0 AppleWebKit/537.36 (KHTML, like Gecko; compatible; ClaudeBot/1.0; +claudebot@anthropic.com)"
3.16.68.225 - - [15/Apr/2025:10:17:05 -0400] "GET /ad917/?path=%2Fhome%2Fservlmvm%2Fpuppiesoftexas.com%2F.%2Fwp-includes%2Fcss%2F. HTTP/1.1" 200 2553 "-" "Mozilla/5.0 AppleWebKit/537.36 (KHTML, like Gecko; compatible; ClaudeBot/1.0; +claudebot@anthropic.com)"
66.249.77.42 - - [15/Apr/2025:10:17:05 -0400] "GET /products/p/fantasia/76364820.shtml HTTP/1.1" 200 27033 "-" "Mozilla/5.0 (Linux; Android 6.0.1; Nexus 5X Build/MMB29P) AppleWebKit/537.36 (KHTML, like Gecko) Chrome/135.0.7049.84 Mobile Safari/537.36 (compatible; GoogleOther)"
3.16.68.225 - - [15/Apr/2025:10:17:08 -0400] "GET /ad917/?path=%2Fhome%2Fservlmvm%2F..%2F.%2F..%2F..%2Flib%2Ffirmware%2Fatmel%2F.. HTTP/1.1" 200 12028 "-" "Mozilla/5.0 AppleWebKit/537.36 (KHTML, like Gecko; compatible; ClaudeBot/1.0; +claudebot@anthropic.com)"
3.16.68.225 - - [15/Apr/2025:10:17:11 -0400] "GET /ad917/?path=%2Fhome%2Fservlmvm%2F..%2F.%2F..%2F..%2Flib%2Ffirmware%2Fnvidia%2F. HTTP/1.1" 200 1922 "-" "Mozilla/5.0 AppleWebKit/537.36 (KHTML, like Gecko; compatible; ClaudeBot/1.0; +claudebot@anthropic.com)"
3.16.68.225 - - [15/Apr/2025:10:17:14 -0400] "GET /ad917/?path=%2Fhome%2Fservlmvm%2F..%2F.%2F..%2F..%2Flib%2Ffirmware%2Frtw88%2F.. HTTP/1.1" 200 12030 "-" "Mozilla/5.0 AppleWebKit/537.36 (KHTML, like Gecko; compatible; ClaudeBot/1.0; +claudebot@anthropic.com)"
3.16.68.225 - - [15/Apr/2025:10:17:17 -0400] "GET /ad917/?path=%2Fhome%2Fservlmvm%2F..%2F.%2F..%2F..%2Flib%2Ffirmware%2Fdpaa2%2F.. HTTP/1.1" 200 11458 "-" "Mozilla/5.0 AppleWebKit/537.36 (KHTML, like Gecko; compatible; ClaudeBot/1.0; +claudebot@anthropic.com)"
66.249.77.40 - - [15/Apr/2025:10:17:22 -0400] "GET /item/rni/imprecision2795788.shtml HTTP/1.1" 200 27837 "-" "Mozilla/5.0 (Linux; Android 6.0.1; Nexus 5X Build/MMB29P) AppleWebKit/537.36 (KHTML, like Gecko) Chrome/135.0.7049.84 Mobile Safari/537.36 (compatible; GoogleOther)"
66.249.77.40 - - [15/Apr/2025:10:17:26 -0400] "GET /info/iy/gypse/72908366.shtml HTTP/1.1" 200 30066 "-" "Mozilla/5.0 (Linux; Android 6.0.1; Nexus 5X Build/MMB29P) AppleWebKit/537.36 (KHTML, like Gecko) Chrome/135.0.7049.84 Mobile Safari/537.36 (compatible; GoogleOther)"
52.167.144.184 - - [15/Apr/2025:10:17:32 -0400] "GET /items/spermatic99202588.shtml HTTP/1.1" 200 28582 "-" "Mozilla/5.0 AppleWebKit/537.36 (KHTML, like Gecko; compatible; bingbot/2.0; +http://www.bing.com/bingbot.htm) Chrome/116.0.1938.76 Safari/537.36"
66.249.77.40 - - [15/Apr/2025:10:17:40 -0400] "GET /sitemap-hot-2909792.xml HTTP/1.1" 200 10099 "-" "Mozilla/5.0 (compatible; Googlebot/2.1; +http://www.google.com/bot.html)"
66.249.77.40 - - [15/Apr/2025:10:17:48 -0400] "GET /goodscode/ko/dramaturgist56497858.shtml HTTP/1.1" 200 26061 "-" "Mozilla/5.0 (Linux; Android 6.0.1; Nexus 5X Build/MMB29P) AppleWebKit/537.36 (KHTML, like Gecko) Chrome/135.0.7049.84 Mobile Safari/537.36 (compatible; GoogleOther)"
3.148.250.202 - - [15/Apr/2025:10:17:51 -0400] "GET /ad917/?path=%2Fhome%2F.%2F..%2Fhome5%2F..%2Flib64%2Faspell-0.60%2F..%2Flibformw.so HTTP/1.1" 200 973 "-" "Mozilla/5.0 AppleWebKit/537.36 (KHTML, like Gecko; compatible; ClaudeBot/1.0; +claudebot@anthropic.com)"
66.249.77.40 - - [15/Apr/2025:10:17:53 -0400] "GET /sitemap-item-512.xml HTTP/1.1" 200 10169 "-" "Mozilla/5.0 (compatible; Googlebot/2.1; +http://www.google.com/bot.html)"
3.148.250.202 - - [15/Apr/2025:10:17:54 -0400] "GET /ad917/?path=%2Fhome%2F.%2F..%2Fhome5%2F..%2Flib64%2Faspell-0.60%2F..%2Flibgsm.so.1 HTTP/1.1" 200 972 "-" "Mozilla/5.0 AppleWebKit/537.36 (KHTML, like Gecko; compatible; ClaudeBot/1.0; +claudebot@anthropic.com)"
3.148.250.202 - - [15/Apr/2025:10:17:57 -0400] "GET /ad917/?path=%2Fhome%2F.%2F..%2Fhome5%2F..%2Flib64%2Faspell-0.60%2F..%2Flibssh.so.4 HTTP/1.1" 200 970 "-" "Mozilla/5.0 AppleWebKit/537.36 (KHTML, like Gecko; compatible; ClaudeBot/1.0; +claudebot@anthropic.com)"
3.148.250.202 - - [15/Apr/2025:10:18:00 -0400] "GET /ad917/?path=%2Fhome%2Fservlmvm%2F..%2F.%2F..%2F..%2Flib%2Ffirmware%2F.%2Fvpu_p.bin HTTP/1.1" 200 976 "-" "Mozilla/5.0 AppleWebKit/537.36 (KHTML, like Gecko; compatible; ClaudeBot/1.0; +claudebot@anthropic.com)"
3.148.250.202 - - [15/Apr/2025:10:18:03 -0400] "GET /ad917/?path=%2Fhome%2F.%2F..%2Fhome5%2F..%2Flib64%2Faspell-0.60%2F..%2Flibtic.so.5 HTTP/1.1" 200 972 "-" "Mozilla/5.0 AppleWebKit/537.36 (KHTML, like Gecko; compatible; ClaudeBot/1.0; +claudebot@anthropic.com)"
52.167.144.184 - - [15/Apr/2025:10:18:02 -0400] "GET /products/29511158.shtml HTTP/1.1" 200 29406 "-" "Mozilla/5.0 AppleWebKit/537.36 (KHTML, like Gecko; compatible; bingbot/2.0; +http://www.bing.com/bingbot.htm) Chrome/116.0.1938.76 Safari/537.36"
3.21.41.164 - - [15/Apr/2025:10:18:04 -0400] "GET /robots.txt HTTP/1.1" 200 101 "-" "Mozilla/5.0 AppleWebKit/537.36 (KHTML, like Gecko; compatible; ClaudeBot/1.0; +claudebot@anthropic.com)"
3.21.41.164 - - [15/Apr/2025:10:18:05 -0400] "GET /ad917/?path=%2Fhome%2F.%2F..%2Flib%2Fdebug%2F..%2Ffirmware%2F4.18.0-513.11.1.lve.el8.x86_64%2Fintel-ucode%2F06-0f-0a HTTP/1.1" 200 1248 "-" "Mozilla/5.0 AppleWebKit/537.36 (KHTML, like Gecko; compatible; ClaudeBot/1.0; +claudebot@anthropic.com)"
3.21.41.164 - - [15/Apr/2025:10:18:05 -0400] "GET /ad917/?path=%2Fhome%2F.%2F..%2Flib%2Fgames%2F..%2Ffirmware%2F4.18.0-513.18.1.lve.el8.x86_64%2Fintel-ucode%2F0f-04-08 HTTP/1.1" 200 1245 "-" "Mozilla/5.0 AppleWebKit/537.36 (KHTML, like Gecko; compatible; ClaudeBot/1.0; +claudebot@anthropic.com)"
3.21.41.164 - - [15/Apr/2025:10:18:05 -0400] "GET /ad917/?path=%2Fhome%2Fservlmvm%2Fpublic_html%2Fad917%2F.%2F..%2Fwp-includes%2Fblocks%2Fcomment-reply-link%2F..%2Flist HTTP/1.1" 200 1735 "-" "Mozilla/5.0 AppleWebKit/537.36 (KHTML, like Gecko; compatible; ClaudeBot/1.0; +claudebot@anthropic.com)"
3.21.41.164 - - [15/Apr/2025:10:18:05 -0400] "GET /ad917/?path=%2Fhome%2F.%2F..%2Flib%2Fdebug%2F..%2Ffirmware%2F4.18.0-513.11.1.lve.el8.x86_64%2Fintel-ucode%2F06-2c-02 HTTP/1.1" 200 1249 "-" "Mozilla/5.0 AppleWebKit/537.36 (KHTML, like Gecko; compatible; ClaudeBot/1.0; +claudebot@anthropic.com)"
3.21.41.164 - - [15/Apr/2025:10:18:05 -0400] "GET /ad917/?path=%2Fhome%2F.%2F..%2Flib%2Fdebug%2F..%2Ffirmware%2F4.18.0-513.11.1.lve.el8.x86_64%2Fintel-ucode%2F06-8e-09 HTTP/1.1" 200 1248 "-" "Mozilla/5.0 AppleWebKit/537.36 (KHTML, like Gecko; compatible; ClaudeBot/1.0; +claudebot@anthropic.com)"
3.148.250.202 - - [15/Apr/2025:10:18:06 -0400] "GET /ad917/?path=%2Fhome%2F.%2F..%2Fhome5%2F..%2Flib64%2Faspell-0.60%2F..%2FlibXaw.so.7 HTTP/1.1" 200 975 "-" "Mozilla/5.0 AppleWebKit/537.36 (KHTML, like Gecko; compatible; ClaudeBot/1.0; +claudebot@anthropic.com)"
3.21.41.164 - - [15/Apr/2025:10:18:07 -0400] "GET /ad917/?path=%2Fhome%2F.%2F..%2Flib%2Fgames%2F..%2Ffirmware%2F4.18.0-513.18.1.lve.el8.x86_64%2Fintel-ucode%2F0f-03-02 HTTP/1.1" 200 1245 "-" "Mozilla/5.0 AppleWebKit/537.36 (KHTML, like Gecko; compatible; ClaudeBot/1.0; +claudebot@anthropic.com)"
3.21.41.164 - - [15/Apr/2025:10:18:07 -0400] "GET /ad917/?path=%2Fhome%2F.%2F..%2Flib%2Fgames%2F..%2Ffirmware%2F4.18.0-513.24.1.lve.1.el8.x86_64%2F..%2FTAS2XXX38FD.bin HTTP/1.1" 200 997 "-" "Mozilla/5.0 AppleWebKit/537.36 (KHTML, like Gecko; compatible; ClaudeBot/1.0; +claudebot@anthropic.com)"
3.21.41.164 - - [15/Apr/2025:10:18:07 -0400] "GET /ad917/?path=%2Fhome%2F.%2F..%2Flib%2Fgames%2F..%2Ffirmware%2F4.18.0-513.11.1.lve.el8.x86_64%2Fintel-ucode%2F06-97-05 HTTP/1.1" 200 1250 "-" "Mozilla/5.0 AppleWebKit/537.36 (KHTML, like Gecko; compatible; ClaudeBot/1.0; +claudebot@anthropic.com)"
3.21.41.164 - - [15/Apr/2025:10:18:07 -0400] "GET /ad917/?path=%2Fhome%2F.%2F..%2Flib%2Fdebug%2F..%2Ffirmware%2F4.18.0-513.11.1.lve.el8.x86_64%2Fintel-ucode%2F06-aa-04 HTTP/1.1" 200 1248 "-" "Mozilla/5.0 AppleWebKit/537.36 (KHTML, like Gecko; compatible; ClaudeBot/1.0; +claudebot@anthropic.com)"
3.21.41.164 - - [15/Apr/2025:10:18:07 -0400] "GET /ad917/?path=%2Fhome%2F.%2F..%2Flib%2Fgames%2F..%2Ffirmware%2F4.18.0-513.18.1.lve.el8.x86_64%2Fintel-ucode%2F06-97-02 HTTP/1.1" 200 1247 "-" "Mozilla/5.0 AppleWebKit/537.36 (KHTML, like Gecko; compatible; ClaudeBot/1.0; +claudebot@anthropic.com)"
3.148.250.202 - - [15/Apr/2025:10:18:09 -0400] "GET /ad917/?path=%2Fhome%2Fservlmvm%2F..%2F.%2F..%2F..%2Flib%2Ffirmware%2F.%2Far7010.fw HTTP/1.1" 200 976 "-" "Mozilla/5.0 AppleWebKit/537.36 (KHTML, like Gecko; compatible; ClaudeBot/1.0; +claudebot@anthropic.com)"
3.21.41.164 - - [15/Apr/2025:10:18:09 -0400] "GET /ad917/?path=%2Fhome%2F.%2F..%2Flib%2Fgames%2F..%2Ffirmware%2F4.18.0-513.18.1.lve.el8.x86_64%2Fintel-ucode%2F06-3f-04 HTTP/1.1" 200 1245 "-" "Mozilla/5.0 AppleWebKit/537.36 (KHTML, like Gecko; compatible; ClaudeBot/1.0; +claudebot@anthropic.com)"
3.21.41.164 - - [15/Apr/2025:10:18:09 -0400] "GET /ad917/?path=%2Fhome%2F.%2F..%2Flib%2Fdebug%2F..%2Ffirmware%2F4.18.0-513.18.1.lve.el8.x86_64%2Fintel-ucode%2F06-55-03 HTTP/1.1" 200 1246 "-" "Mozilla/5.0 AppleWebKit/537.36 (KHTML, like Gecko; compatible; ClaudeBot/1.0; +claudebot@anthropic.com)"
3.21.41.164 - - [15/Apr/2025:10:18:09 -0400] "GET /ad917/?path=%2Fhome%2F.%2F..%2Flib%2Fgames%2F..%2Ffirmware%2F4.18.0-513.11.1.lve.el8.x86_64%2Fintel-ucode%2F06-4c-03 HTTP/1.1" 200 1248 "-" "Mozilla/5.0 AppleWebKit/537.36 (KHTML, like Gecko; compatible; ClaudeBot/1.0; +claudebot@anthropic.com)"
3.21.41.164 - - [15/Apr/2025:10:18:09 -0400] "GET /ad917/?path=%2Fhome%2F.%2F..%2Flib%2Fgames%2F..%2Ffirmware%2F4.18.0-513.18.1.lve.el8.x86_64%2Fintel-ucode%2F0f-03-03 HTTP/1.1" 200 1245 "-" "Mozilla/5.0 AppleWebKit/537.36 (KHTML, like Gecko; compatible; ClaudeBot/1.0; +claudebot@anthropic.com)"
3.21.41.164 - - [15/Apr/2025:10:18:09 -0400] "GET /ad917/?path=%2Fhome%2F.%2F..%2Flib%2Fdebug%2F..%2Ffirmware%2F4.18.0-513.24.1.lve.1.el8.x86_64%2F..%2FTAS2XXX387D.bin HTTP/1.1" 200 997 "-" "Mozilla/5.0 AppleWebKit/537.36 (KHTML, like Gecko; compatible; ClaudeBot/1.0; +claudebot@anthropic.com)"
66.249.77.42 - - [15/Apr/2025:10:18:09 -0400] "GET /shopbrand/pmm/emulator/125876100.shtml HTTP/1.1" 200 25108 "-" "Mozilla/5.0 (Linux; Android 6.0.1; Nexus 5X Build/MMB29P) AppleWebKit/537.36 (KHTML, like Gecko) Chrome/135.0.7049.84 Mobile Safari/537.36 (compatible; GoogleOther)"
3.21.41.164 - - [15/Apr/2025:10:18:10 -0400] "GET /ad917/?path=%2Fhome%2F.%2F..%2Flib%2Fdebug%2F..%2Ffirmware%2F4.18.0-513.11.1.lve.el8.x86_64%2Fintel-ucode%2F06-05-01 HTTP/1.1" 200 1249 "-" "Mozilla/5.0 AppleWebKit/537.36 (KHTML, like Gecko; compatible; ClaudeBot/1.0; +claudebot@anthropic.com)"
3.148.250.202 - - [15/Apr/2025:10:18:12 -0400] "GET /ad917/?path=%2Fhome%2F.%2F..%2Fhome5%2F..%2Flib64%2Faspell-0.60%2F..%2Flibverto.so HTTP/1.1" 200 972 "-" "Mozilla/5.0 AppleWebKit/537.36 (KHTML, like Gecko; compatible; ClaudeBot/1.0; +claudebot@anthropic.com)"
3.148.250.202 - - [15/Apr/2025:10:18:15 -0400] "GET /ad917/?path=%2Fhome%2Fservlmvm%2F..%2F.%2F..%2F..%2Flib%2Ffirmware%2F.%2Fnetronome HTTP/1.1" 200 1937 "-" "Mozilla/5.0 AppleWebKit/537.36 (KHTML, like Gecko; compatible; ClaudeBot/1.0; +claudebot@anthropic.com)"
3.148.250.202 - - [15/Apr/2025:10:18:18 -0400] "GET /ad917/?path=%2Fhome%2F.%2F..%2Fhome5%2F..%2Flib64%2Faspell-0.60%2F..%2Flibsepol.so HTTP/1.1" 200 971 "-" "Mozilla/5.0 AppleWebKit/537.36 (KHTML, like Gecko; compatible; ClaudeBot/1.0; +claudebot@anthropic.com)"
3.148.250.202 - - [15/Apr/2025:10:18:21 -0400] "GET /ad917/?path=%2Fhome%2F.%2F..%2Fhome5%2F..%2Flib64%2Faspell-0.60%2F..%2Flibelf.so.1 HTTP/1.1" 200 972 "-" "Mozilla/5.0 AppleWebKit/537.36 (KHTML, like Gecko; compatible; ClaudeBot/1.0; +claudebot@anthropic.com)"
3.148.250.202 - - [15/Apr/2025:10:18:24 -0400] "GET /ad917/?path=%2Fhome%2F.%2F..%2Fhome5%2F..%2Flib64%2Faspell-0.60%2F..%2Flibtic.so.6 HTTP/1.1" 200 972 "-" "Mozilla/5.0 AppleWebKit/537.36 (KHTML, like Gecko; compatible; ClaudeBot/1.0; +claudebot@anthropic.com)"
3.148.250.202 - - [15/Apr/2025:10:18:27 -0400] "GET /ad917/?path=%2Fhome%2F.%2F..%2Fhome5%2F..%2Flib64%2Faspell-0.60%2F..%2Faspell-0.60 HTTP/1.1" 200 3019 "-" "Mozilla/5.0 AppleWebKit/537.36 (KHTML, like Gecko; compatible; ClaudeBot/1.0; +claudebot@anthropic.com)"
3.148.250.202 - - [15/Apr/2025:10:18:30 -0400] "GET /ad917/?path=%2Fhome%2F.%2F..%2Fhome5%2F..%2Flib64%2Faspell-0.60%2F..%2Flibgvc.so.6 HTTP/1.1" 200 973 "-" "Mozilla/5.0 AppleWebKit/537.36 (KHTML, like Gecko; compatible; ClaudeBot/1.0; +claudebot@anthropic.com)"
66.249.77.41 - - [15/Apr/2025:10:18:31 -0400] "GET /products/kua/barrel/67880930.shtml HTTP/1.1" 200 27211 "-" "Mozilla/5.0 (Linux; Android 6.0.1; Nexus 5X Build/MMB29P) AppleWebKit/537.36 (KHTML, like Gecko) Chrome/135.0.7049.84 Mobile Safari/537.36 (compatible; GoogleOther)"
3.148.250.202 - - [15/Apr/2025:10:18:33 -0400] "GET /ad917/?path=%2Fhome%2F.%2F..%2Fhome5%2F..%2Flib64%2Faspell-0.60%2F..%2Flibp11.so.3 HTTP/1.1" 200 973 "-" "Mozilla/5.0 AppleWebKit/537.36 (KHTML, like Gecko; compatible; ClaudeBot/1.0; +claudebot@anthropic.com)"
3.148.250.202 - - [15/Apr/2025:10:18:36 -0400] "GET /ad917/?path=%2Fhome%2F.%2F..%2Fhome5%2F..%2Flib64%2Faspell-0.60%2F..%2Flibcrypt.so HTTP/1.1" 200 973 "-" "Mozilla/5.0 AppleWebKit/537.36 (KHTML, like Gecko; compatible; ClaudeBot/1.0; +claudebot@anthropic.com)"
3.148.250.202 - - [15/Apr/2025:10:18:39 -0400] "GET /ad917/?path=%2Fhome%2F.%2F..%2Fhome5%2F..%2Flib64%2Faspell-0.60%2F..%2Flibmpc.so.3 HTTP/1.1" 200 973 "-" "Mozilla/5.0 AppleWebKit/537.36 (KHTML, like Gecko; compatible; ClaudeBot/1.0; +claudebot@anthropic.com)"
3.148.250.202 - - [15/Apr/2025:10:18:42 -0400] "GET /ad917/?path=%2Fhome%2F.%2F..%2Fhome5%2F..%2Flib64%2Faspell-0.60%2F..%2Fliblwres.so HTTP/1.1" 200 972 "-" "Mozilla/5.0 AppleWebKit/537.36 (KHTML, like Gecko; compatible; ClaudeBot/1.0; +claudebot@anthropic.com)"
3.148.250.202 - - [15/Apr/2025:10:18:45 -0400] "GET /ad917/?path=%2Fhome%2F.%2F..%2Fhome5%2F..%2Flib64%2Faspell-0.60%2F..%2Flibnsl.so.1 HTTP/1.1" 200 972 "-" "Mozilla/5.0 AppleWebKit/537.36 (KHTML, like Gecko; compatible; ClaudeBot/1.0; +claudebot@anthropic.com)"
66.249.77.40 - - [15/Apr/2025:10:18:45 -0400] "GET /special/f/incidental/3523696.shtml HTTP/1.1" 200 25813 "-" "Mozilla/5.0 (Linux; Android 6.0.1; Nexus 5X Build/MMB29P) AppleWebKit/537.36 (KHTML, like Gecko) Chrome/135.0.7049.84 Mobile Safari/537.36 (compatible; GoogleOther)"
3.148.250.202 - - [15/Apr/2025:10:18:48 -0400] "GET /ad917/?path=%2Fhome%2F.%2F..%2Fhome5%2F..%2Flib64%2Faspell-0.60%2F..%2Flibsmi.so.2 HTTP/1.1" 200 972 "-" "Mozilla/5.0 AppleWebKit/537.36 (KHTML, like Gecko; compatible; ClaudeBot/1.0; +claudebot@anthropic.com)"
198.54.116.86 - - [15/Apr/2025:10:18:48 -0400] "POST /wp-cron.php?doing_wp_cron=1744726728.7571630477905273437500 HTTP/1.1" 200 0 "-" "WordPress/6.7.2; https://servethepeopleinc.org"
178.250.156.105 - - [15/Apr/2025:10:18:48 -0400] "POST /xmlrpc.php HTTP/1.1" 200 210 "-" "Mozilla/5.0 (Windows NT 10.0; Win64; x64; rv:75.0) Gecko/20100101 Firefox/75.0"
198.54.116.86 - - [15/Apr/2025:10:18:48 -0400] "POST /wp-admin/admin-ajax.php?action=async_litespeed&nonce=6jiZmoTcHImIDjKEWauwHh065mQMyzyq&litespeed_type=imgoptm HTTP/1.1" 200 21 "-" "WordPress/6.7.2; https://servethepeopleinc.org"
3.148.250.202 - - [15/Apr/2025:10:18:51 -0400] "GET /ad917/?path=%2Fhome%2F.%2F..%2Fhome5%2F..%2Flib64%2Faspell-0.60%2F..%2FlibEGL.so.1 HTTP/1.1" 200 974 "-" "Mozilla/5.0 AppleWebKit/537.36 (KHTML, like Gecko; compatible; ClaudeBot/1.0; +claudebot@anthropic.com)"
66.249.77.40 - - [15/Apr/2025:10:18:53 -0400] "GET /entity/u/omostegite/6825446.shtml HTTP/1.1" 200 26496 "-" "Mozilla/5.0 (Linux; Android 6.0.1; Nexus 5X Build/MMB29P) AppleWebKit/537.36 (KHTML, like Gecko) Chrome/135.0.7049.84 Mobile Safari/537.36 (compatible; GoogleOther)"
3.148.250.202 - - [15/Apr/2025:10:18:54 -0400] "GET /ad917/?path=%2Fhome%2F.%2F..%2Fhome5%2F..%2Flib64%2Faspell-0.60%2F..%2Flibcc1.so.0 HTTP/1.1" 200 971 "-" "Mozilla/5.0 AppleWebKit/537.36 (KHTML, like Gecko; compatible; ClaudeBot/1.0; +claudebot@anthropic.com)"
3.148.250.202 - - [15/Apr/2025:10:18:57 -0400] "GET /ad917/?path=%2Fhome%2F.%2F..%2Fhome5%2F..%2Flib64%2Faspell-0.60%2F..%2Flibefa.so.1 HTTP/1.1" 200 972 "-" "Mozilla/5.0 AppleWebKit/537.36 (KHTML, like Gecko; compatible; ClaudeBot/1.0; +claudebot@anthropic.com)"
3.148.250.202 - - [15/Apr/2025:10:19:00 -0400] "GET /ad917/?path=%2Fhome%2F.%2F..%2Fhome5%2F..%2Flib64%2Faspell-0.60%2F..%2Flibldb.so.2 HTTP/1.1" 200 972 "-" "Mozilla/5.0 AppleWebKit/537.36 (KHTML, like Gecko; compatible; ClaudeBot/1.0; +claudebot@anthropic.com)"
3.148.250.202 - - [15/Apr/2025:10:19:03 -0400] "GET /ad917/?path=%2Fhome%2F.%2F..%2Fhome5%2F..%2Flib64%2Faspell-0.60%2F..%2Flibisccc.so HTTP/1.1" 200 972 "-" "Mozilla/5.0 AppleWebKit/537.36 (KHTML, like Gecko; compatible; ClaudeBot/1.0; +claudebot@anthropic.com)"
3.148.250.202 - - [15/Apr/2025:10:19:06 -0400] "GET /ad917/?path=%2Fhome%2F.%2F..%2Fhome5%2F..%2Flib64%2Faspell-0.60%2F..%2Flibanl.so.1 HTTP/1.1" 200 972 "-" "Mozilla/5.0 AppleWebKit/537.36 (KHTML, like Gecko; compatible; ClaudeBot/1.0; +claudebot@anthropic.com)"
3.148.250.202 - - [15/Apr/2025:10:19:09 -0400] "GET /ad917/?path=%2Fhome%2F.%2F..%2Fhome5%2F..%2Flib64%2Faspell-0.60%2F..%2Flibndp.so.0 HTTP/1.1" 200 973 "-" "Mozilla/5.0 AppleWebKit/537.36 (KHTML, like Gecko; compatible; ClaudeBot/1.0; +claudebot@anthropic.com)"
3.148.250.202 - - [15/Apr/2025:10:19:12 -0400] "GET /ad917/?path=%2Fhome%2F.%2F..%2Fhome5%2F..%2Flib64%2Faspell-0.60%2F.%2Fstandard.kbd HTTP/1.1" 200 1052 "-" "Mozilla/5.0 AppleWebKit/537.36 (KHTML, like Gecko; compatible; ClaudeBot/1.0; +claudebot@anthropic.com)"
3.148.250.202 - - [15/Apr/2025:10:19:15 -0400] "GET /ad917/?path=%2Fhome%2F.%2F..%2Fhome5%2F..%2Flib64%2Faspell-0.60%2F..%2Flibply.so.5 HTTP/1.1" 200 972 "-" "Mozilla/5.0 AppleWebKit/537.36 (KHTML, like Gecko; compatible; ClaudeBot/1.0; +claudebot@anthropic.com)"
66.249.77.41 - - [15/Apr/2025:10:19:15 -0400] "GET /products/ko/separability/72926998.shtml HTTP/1.1" 200 27833 "-" "Mozilla/5.0 (Linux; Android 6.0.1; Nexus 5X Build/MMB29P) AppleWebKit/537.36 (KHTML, like Gecko) Chrome/135.0.7049.84 Mobile Safari/537.36 (compatible; GoogleOther)"
3.148.250.202 - - [15/Apr/2025:10:19:18 -0400] "GET /ad917/?path=%2Fhome%2F.%2F..%2Fhome5%2F..%2Flib64%2Faspell-0.60%2F..%2FlibICE.so.6 HTTP/1.1" 200 975 "-" "Mozilla/5.0 AppleWebKit/537.36 (KHTML, like Gecko; compatible; ClaudeBot/1.0; +claudebot@anthropic.com)"
3.148.250.202 - - [15/Apr/2025:10:19:21 -0400] "GET /ad917/?path=%2Fhome%2F.%2F..%2Fhome5%2F..%2Flib64%2Faspell-0.60%2F..%2Fliblz4.so.1 HTTP/1.1" 200 973 "-" "Mozilla/5.0 AppleWebKit/537.36 (KHTML, like Gecko; compatible; ClaudeBot/1.0; +claudebot@anthropic.com)"
3.148.250.202 - - [15/Apr/2025:10:19:24 -0400] "GET /ad917/?path=%2Fhome%2F.%2F..%2Fhome5%2F..%2Flib64%2Faspell-0.60%2F..%2Fliblve.so.0 HTTP/1.1" 200 972 "-" "Mozilla/5.0 AppleWebKit/537.36 (KHTML, like Gecko; compatible; ClaudeBot/1.0; +claudebot@anthropic.com)"
3.148.250.202 - - [15/Apr/2025:10:19:27 -0400] "GET /ad917/?path=%2Fhome%2Fservlmvm%2F..%2F.%2F..%2F..%2Flib%2Ffirmware%2Fqcom%2Faic100 HTTP/1.1" 200 1669 "-" "Mozilla/5.0 AppleWebKit/537.36 (KHTML, like Gecko; compatible; ClaudeBot/1.0; +claudebot@anthropic.com)"
3.148.250.202 - - [15/Apr/2025:10:19:30 -0400] "GET /ad917/?path=%2Fhome%2Fservlmvm%2F.%2Flscache%2Ff%2F..%2F..%2Fssl%2F..%2F.nc_plugin HTTP/1.1" 200 1231 "-" "Mozilla/5.0 AppleWebKit/537.36 (KHTML, like Gecko; compatible; ClaudeBot/1.0; +claudebot@anthropic.com)"
3.148.250.202 - - [15/Apr/2025:10:19:33 -0400] "GET /ad917/?path=%2Fhome%2Fservlmvm%2F..%2F.%2F..%2F..%2Flib%2Ffirmware%2Fqcom%2Fqdu100 HTTP/1.1" 200 1529 "-" "Mozilla/5.0 AppleWebKit/537.36 (KHTML, like Gecko; compatible; ClaudeBot/1.0; +claudebot@anthropic.com)"
3.148.250.202 - - [15/Apr/2025:10:19:36 -0400] "GET /ad917/?path=%2Fhome%2Fservlmvm%2F..%2F.%2F..%2F..%2Flib%2Ffirmware%2Fqcom%2Fsdm845 HTTP/1.1" 200 1851 "-" "Mozilla/5.0 AppleWebKit/537.36 (KHTML, like Gecko; compatible; ClaudeBot/1.0; +claudebot@anthropic.com)"
66.249.77.41 - - [15/Apr/2025:10:19:37 -0400] "GET /shopbrand/ymg/redpole/83920830.shtml HTTP/1.1" 200 26998 "-" "Mozilla/5.0 (Linux; Android 6.0.1; Nexus 5X Build/MMB29P) AppleWebKit/537.36 (KHTML, like Gecko) Chrome/135.0.7049.84 Mobile Safari/537.36 (compatible; GoogleOther)"
198.54.116.86 - - [15/Apr/2025:10:19:38 -0400] "POST /wp-cron.php?doing_wp_cron=1744726778.0638709068298339843750 HTTP/1.1" 200 0 "-" "WordPress/6.7.2; https://servethepeopleinc.org"
104.244.75.153 - - [15/Apr/2025:10:19:37 -0400] "GET /wp-login.php HTTP/1.1" 200 6169 "-" "Mozilla/5.0 (iPhone; CPU iPhone OS 7_1_2 like Mac OS X) AppleWebKit/537.51.2 (KHTML, like Gecko) Version/7.0 Mobile/11D257 Safari/9537.53"
18.191.225.171 - - [15/Apr/2025:10:14:34 -0400] "GET /ad917/?path=%2Fhome%2F.%2F..%2Fhome5%2F..%2Flib64%2Faspell-0.60%2F.%2F.. HTTP/1.1" 200 41483 "-" "Mozilla/5.0 AppleWebKit/537.36 (KHTML, like Gecko; compatible; ClaudeBot/1.0; +claudebot@anthropic.com)"
18.191.225.171 - - [15/Apr/2025:10:14:37 -0400] "GET /ad917/?path=%2Fhome%2F.%2F..%2Fvar%2Fsoftaculous%2Fpluck%2Fphp56%2F.%2F. HTTP/1.1" 200 1593 "-" "Mozilla/5.0 AppleWebKit/537.36 (KHTML, like Gecko; compatible; ClaudeBot/1.0; +claudebot@anthropic.com)"
18.191.225.171 - - [15/Apr/2025:10:14:40 -0400] "GET /ad917/?path=%2Fhome%2F..%2Fopt%2Fcloudlinux-linksafe%2F..%2Ftd-agent-bit HTTP/1.1" 200 1469 "-" "Mozilla/5.0 AppleWebKit/537.36 (KHTML, like Gecko; compatible; ClaudeBot/1.0; +claudebot@anthropic.com)"
18.191.225.171 - - [15/Apr/2025:10:14:43 -0400] "GET /ad917/?path=%2Fhome%2Fservlmvm%2F.%2Flscache%2Ff%2F..%2F..%2Fssl%2F.%2F. HTTP/1.1" 200 1628 "-" "Mozilla/5.0 AppleWebKit/537.36 (KHTML, like Gecko; compatible; ClaudeBot/1.0; +claudebot@anthropic.com)"
18.191.225.171 - - [15/Apr/2025:10:14:46 -0400] "GET /ad917/?path=%2Fhome%2Fservlmvm%2F.cphorde%2F..%2Flogs%2F..%2Faccess-logs HTTP/1.1" 200 1719 "-" "Mozilla/5.0 AppleWebKit/537.36 (KHTML, like Gecko; compatible; ClaudeBot/1.0; +claudebot@anthropic.com)"
66.249.77.40 - - [15/Apr/2025:10:14:54 -0400] "GET /product/qgg/homeothermal/57442690.shtml HTTP/1.1" 200 25619 "-" "Mozilla/5.0 (Linux; Android 6.0.1; Nexus 5X Build/MMB29P) AppleWebKit/537.36 (KHTML, like Gecko) Chrome/135.0.7049.84 Mobile Safari/537.36 (compatible; GoogleOther)"
198.54.116.86 - - [15/Apr/2025:10:19:38 -0400] "POST /wp-admin/admin-ajax.php?action=async_litespeed&nonce=ANptFYFiIKw5haqIR2OdixACo77UGH8F&litespeed_type=imgoptm HTTP/1.1" 200 21 "-" "WordPress/6.7.2; https://servethepeopleinc.org"
3.148.250.202 - - [15/Apr/2025:10:19:39 -0400] "GET /ad917/?path=%2Fhome%2F..%2Fopt%2Fcpanel%2Fea-profiles-cpanel%2Fallphp-opcache.json HTTP/1.1" 200 1552 "-" "Mozilla/5.0 AppleWebKit/537.36 (KHTML, like Gecko; compatible; ClaudeBot/1.0; +claudebot@anthropic.com)"
3.148.250.202 - - [15/Apr/2025:10:19:42 -0400] "GET /ad917/?path=%2Fhome%2Fservlmvm%2F..%2F.%2F..%2F..%2Flib%2Ffirmware%2F..%2Fsysimage HTTP/1.1" 200 1457 "-" "Mozilla/5.0 AppleWebKit/537.36 (KHTML, like Gecko; compatible; ClaudeBot/1.0; +claudebot@anthropic.com)"
3.148.250.202 - - [15/Apr/2025:10:19:45 -0400] "GET /ad917/?path=%2Fhome%2Fservlmvm%2F..%2F.%2F..%2F..%2Flib%2Ffirmware%2F..%2Ffirmware HTTP/1.1" 200 10673 "-" "Mozilla/5.0 AppleWebKit/537.36 (KHTML, like Gecko; compatible; ClaudeBot/1.0; +claudebot@anthropic.com)"
3.148.250.202 - - [15/Apr/2025:10:19:48 -0400] "GET /ad917/?path=%2Fhome%2F.%2F..%2Fvar%2Fsoftaculous%2Fpluck%2Fphp56%2F..%2Fimport.php HTTP/1.1" 200 2708 "-" "Mozilla/5.0 AppleWebKit/537.36 (KHTML, like Gecko; compatible; ClaudeBot/1.0; +claudebot@anthropic.com)"
52.167.144.184 - - [15/Apr/2025:10:19:52 -0400] "GET /info99415538.shtml HTTP/1.1" 200 27117 "-" "Mozilla/5.0 AppleWebKit/537.36 (KHTML, like Gecko; compatible; bingbot/2.0; +http://www.bing.com/bingbot.htm) Chrome/116.0.1938.76 Safari/537.36"
52.167.144.184 - - [15/Apr/2025:10:19:55 -0400] "GET /products/75968634.shtml HTTP/1.1" 200 26891 "-" "Mozilla/5.0 AppleWebKit/537.36 (KHTML, like Gecko; compatible; bingbot/2.0; +http://www.bing.com/bingbot.htm) Chrome/116.0.1938.76 Safari/537.36"
66.249.77.40 - - [15/Apr/2025:10:19:58 -0400] "GET /goodscode/sc/earthnut/83910686.shtml HTTP/1.1" 200 27525 "-" "Mozilla/5.0 (Linux; Android 6.0.1; Nexus 5X Build/MMB29P) AppleWebKit/537.36 (KHTML, like Gecko) Chrome/135.0.7049.84 Mobile Safari/537.36 (compatible; GoogleOther)"
18.218.206.106 - - [15/Apr/2025:10:20:19 -0400] "GET /ad917/?path=%2Fhome%2Fservlmvm%2Fpublic_html%2Fad917%2F.%2F.%2F..%2F.%2F..%2F.cpanel HTTP/1.1" 200 1772 "-" "Mozilla/5.0 AppleWebKit/537.36 (KHTML, like Gecko; compatible; ClaudeBot/1.0; +claudebot@anthropic.com)"
198.54.116.86 - - [15/Apr/2025:10:20:19 -0400] "POST /wp-cron.php?doing_wp_cron=1744726819.9138989448547363281250 HTTP/1.1" 200 0 "-" "WordPress/6.7.2; https://servethepeopleinc.org"
104.244.75.153 - - [15/Apr/2025:10:20:19 -0400] "POST /wp-login.php HTTP/1.1" 200 6652 "-" "Mozilla/5.0 (iPhone; CPU iPhone OS 7_1_2 like Mac OS X) AppleWebKit/537.51.2 (KHTML, like Gecko) Version/7.0 Mobile/11D257 Safari/9537.53"
66.249.77.41 - - [15/Apr/2025:10:20:20 -0400] "GET /products/imphee414772.shtml HTTP/1.1" 200 26187 "-" "Mozilla/5.0 (Linux; Android 6.0.1; Nexus 5X Build/MMB29P) AppleWebKit/537.36 (KHTML, like Gecko) Chrome/135.0.7049.84 Mobile Safari/537.36 (compatible; GoogleOther)"
18.218.206.106 - - [15/Apr/2025:10:20:22 -0400] "GET /ad917/?path=%2Fhome%2Fservlmvm%2F..%2F..%2Flib64%2FImageMagick-6.9.13%2F..%2Flua%2F. HTTP/1.1" 200 1506 "-" "Mozilla/5.0 AppleWebKit/537.36 (KHTML, like Gecko; compatible; ClaudeBot/1.0; +claudebot@anthropic.com)"
18.218.206.106 - - [15/Apr/2025:10:20:25 -0400] "GET /ad917/?path=%2Fhome%2Fservlmvm%2Fpublic_html%2Fad917%2F.%2F.%2F..%2F.%2F..%2Flscache HTTP/1.1" 200 1771 "-" "Mozilla/5.0 AppleWebKit/537.36 (KHTML, like Gecko; compatible; ClaudeBot/1.0; +claudebot@anthropic.com)"
18.218.206.106 - - [15/Apr/2025:10:20:28 -0400] "GET /ad917/?path=%2Fhome%2Fservlmvm%2F.%2Fspekkshealth.com%2F..%2Fmail%2F.Trash%2Ftmp%2F. HTTP/1.1" 200 1460 "-" "Mozilla/5.0 AppleWebKit/537.36 (KHTML, like Gecko; compatible; ClaudeBot/1.0; +claudebot@anthropic.com)"
18.218.206.106 - - [15/Apr/2025:10:20:31 -0400] "GET /ad917/?path=%2Fhome%2Fservlmvm%2F..%2F..%2Fvar%2Fsoftaculous%2Fmoodle311%2Fphp56%2F. HTTP/1.1" 200 1672 "-" "Mozilla/5.0 AppleWebKit/537.36 (KHTML, like Gecko; compatible; ClaudeBot/1.0; +claudebot@anthropic.com)"
18.218.206.106 - - [15/Apr/2025:10:20:34 -0400] "GET /ad917/?path=%2Fhome%2Fservlmvm%2F..%2F..%2Fvar%2Fsoftaculous%2Focportal%2Fimages%2F. HTTP/1.1" 200 1566 "-" "Mozilla/5.0 AppleWebKit/537.36 (KHTML, like Gecko; compatible; ClaudeBot/1.0; +claudebot@anthropic.com)"
18.218.206.106 - - [15/Apr/2025:10:20:37 -0400] "GET /ad917/?path=%2Fhome%2Fservlmvm%2F..%2F.%2F..%2F..%2Flib%2Ffirmware%2Femi62%2Fmidi.fw HTTP/1.1" 200 983 "-" "Mozilla/5.0 AppleWebKit/537.36 (KHTML, like Gecko; compatible; ClaudeBot/1.0; +claudebot@anthropic.com)"
66.249.77.40 - - [15/Apr/2025:10:20:37 -0400] "GET /products/wuk/waler/70562294.shtml HTTP/1.1" 200 26205 "-" "Mozilla/5.0 (Linux; Android 6.0.1; Nexus 5X Build/MMB29P) AppleWebKit/537.36 (KHTML, like Gecko) Chrome/135.0.7049.84 Mobile Safari/537.36 (compatible; GoogleOther)"
18.218.206.106 - - [15/Apr/2025:10:20:40 -0400] "GET /ad917/?path=%2Fhome%2Fservlmvm%2Fpublic_html%2Fad917%2F.%2F.%2F..%2F.%2F..%2F.bashrc HTTP/1.1" 200 1045 "-" "Mozilla/5.0 AppleWebKit/537.36 (KHTML, like Gecko; compatible; ClaudeBot/1.0; +claudebot@anthropic.com)"
66.249.77.40 - - [15/Apr/2025:10:20:42 -0400] "GET /items/m/sexisyllable/56512154.shtml HTTP/1.1" 200 26603 "-" "Mozilla/5.0 (Linux; Android 6.0.1; Nexus 5X Build/MMB29P) AppleWebKit/537.36 (KHTML, like Gecko) Chrome/135.0.7049.84 Mobile Safari/537.36 (compatible; GoogleOther)"
18.218.206.106 - - [15/Apr/2025:10:20:43 -0400] "GET /ad917/?path=%2Fhome%2F.%2F..%2F..%2Fvar%2Flog%2F..%2Fsoftaculous%2Fuikit%2Fphp71%2F. HTTP/1.1" 200 1531 "-" "Mozilla/5.0 AppleWebKit/537.36 (KHTML, like Gecko; compatible; ClaudeBot/1.0; +claudebot@anthropic.com)"
18.218.206.106 - - [15/Apr/2025:10:20:46 -0400] "GET /ad917/?path=%2Fhome%2Fservlmvm%2Fwww%2Fwp-includes%2Fimages%2Fsmilies%2Ficon_eek.gif HTTP/1.1" 200 968 "-" "Mozilla/5.0 AppleWebKit/537.36 (KHTML, like Gecko; compatible; ClaudeBot/1.0; +claudebot@anthropic.com)"
18.218.206.106 - - [15/Apr/2025:10:20:49 -0400] "GET /ad917/?path=%2Fhome%2Fservlmvm%2Fwww%2Fwp-includes%2Fimages%2Fsmilies%2Ficon_sad.gif HTTP/1.1" 200 968 "-" "Mozilla/5.0 AppleWebKit/537.36 (KHTML, like Gecko; compatible; ClaudeBot/1.0; +claudebot@anthropic.com)"
18.218.206.106 - - [15/Apr/2025:10:20:52 -0400] "GET /ad917/?path=%2Fhome%2Fservlmvm%2Fwww%2Fwp-includes%2Fimages%2Fsmilies%2Frolleyes.png HTTP/1.1" 200 969 "-" "Mozilla/5.0 AppleWebKit/537.36 (KHTML, like Gecko; compatible; ClaudeBot/1.0; +claudebot@anthropic.com)"
18.218.206.106 - - [15/Apr/2025:10:20:55 -0400] "GET /ad917/?path=%2Fhome%2Fservlmvm%2Fwww%2Fwp-includes%2Fimages%2Fsmilies%2Ficon_mad.gif HTTP/1.1" 200 967 "-" "Mozilla/5.0 AppleWebKit/537.36 (KHTML, like Gecko; compatible; ClaudeBot/1.0; +claudebot@anthropic.com)"
66.249.77.40 - - [15/Apr/2025:10:20:54 -0400] "GET /shopdetail/pyc/ancile/76987276.shtml HTTP/1.1" 200 27090 "-" "Mozilla/5.0 (Linux; Android 6.0.1; Nexus 5X Build/MMB29P) AppleWebKit/537.36 (KHTML, like Gecko) Chrome/135.0.7049.84 Mobile Safari/537.36 (compatible; GoogleOther)"
18.218.206.106 - - [15/Apr/2025:10:20:58 -0400] "GET /ad917/?path=%2Fhome%2Fservlmvm%2Fwww%2Fwp-includes%2Fimages%2Fsmilies%2Ficon_lol.gif HTTP/1.1" 200 968 "-" "Mozilla/5.0 AppleWebKit/537.36 (KHTML, like Gecko; compatible; ClaudeBot/1.0; +claudebot@anthropic.com)"
18.218.206.106 - - [15/Apr/2025:10:21:01 -0400] "GET /ad917/?path=%2Fhome%2F.%2F..%2Fhome5%2F..%2Flib64%2Faspell-0.60%2F..%2Flibgdbm.so.6 HTTP/1.1" 200 976 "-" "Mozilla/5.0 AppleWebKit/537.36 (KHTML, like Gecko; compatible; ClaudeBot/1.0; +claudebot@anthropic.com)"
18.218.206.106 - - [15/Apr/2025:10:21:04 -0400] "GET /ad917/?path=%2Fhome%2F.%2F..%2Fhome5%2F..%2Flib64%2Faspell-0.60%2F..%2Flibssl.so.10 HTTP/1.1" 200 974 "-" "Mozilla/5.0 AppleWebKit/537.36 (KHTML, like Gecko; compatible; ClaudeBot/1.0; +claudebot@anthropic.com)"
66.249.77.41 - - [15/Apr/2025:10:21:04 -0400] "GET /products/c/appanagist/61373366.shtml HTTP/1.1" 200 27863 "-" "Mozilla/5.0 (Linux; Android 6.0.1; Nexus 5X Build/MMB29P) AppleWebKit/537.36 (KHTML, like Gecko) Chrome/135.0.7049.84 Mobile Safari/537.36 (compatible; GoogleOther)"
18.218.206.106 - - [15/Apr/2025:10:21:07 -0400] "GET /ad917/?path=%2Fhome%2F.%2F..%2Fhome5%2F..%2Flib64%2Faspell-0.60%2F..%2Flibestr.so.0 HTTP/1.1" 200 975 "-" "Mozilla/5.0 AppleWebKit/537.36 (KHTML, like Gecko; compatible; ClaudeBot/1.0; +claudebot@anthropic.com)"
18.218.206.106 - - [15/Apr/2025:10:21:10 -0400] "GET /ad917/?path=%2Fhome%2F.%2F..%2Fhome5%2F..%2Flib64%2Faspell-0.60%2F..%2Flibpcap.so.1 HTTP/1.1" 200 976 "-" "Mozilla/5.0 AppleWebKit/537.36 (KHTML, like Gecko; compatible; ClaudeBot/1.0; +claudebot@anthropic.com)"
18.218.206.106 - - [15/Apr/2025:10:21:13 -0400] "GET /ad917/?path=%2Fhome%2F.%2F..%2Fhome5%2F..%2Flib64%2Faspell-0.60%2F..%2Flibthai.so.0 HTTP/1.1" 200 976 "-" "Mozilla/5.0 AppleWebKit/537.36 (KHTML, like Gecko; compatible; ClaudeBot/1.0; +claudebot@anthropic.com)"
18.218.206.106 - - [15/Apr/2025:10:21:16 -0400] "GET /ad917/?path=%2Fhome%2F.%2F..%2Fhome5%2F..%2Flib64%2Faspell-0.60%2F..%2FlibXext.so.6 HTTP/1.1" 200 978 "-" "Mozilla/5.0 AppleWebKit/537.36 (KHTML, like Gecko; compatible; ClaudeBot/1.0; +claudebot@anthropic.com)"
18.218.206.106 - - [15/Apr/2025:10:21:19 -0400] "GET /ad917/?path=%2Fhome%2F.%2F..%2Fhome5%2F..%2Flib64%2Faspell-0.60%2F..%2Flibhgfs.so.0 HTTP/1.1" 200 977 "-" "Mozilla/5.0 AppleWebKit/537.36 (KHTML, like Gecko; compatible; ClaudeBot/1.0; +claudebot@anthropic.com)"
18.218.206.106 - - [15/Apr/2025:10:21:22 -0400] "GET /ad917/?path=%2Fhome%2Fservlmvm%2F..%2F.%2F..%2F..%2Flib%2Ffirmware%2F.%2Frt2561.bin HTTP/1.1" 200 975 "-" "Mozilla/5.0 AppleWebKit/537.36 (KHTML, like Gecko; compatible; ClaudeBot/1.0; +claudebot@anthropic.com)"
18.218.206.106 - - [15/Apr/2025:10:21:25 -0400] "GET /ad917/?path=%2Fhome%2F.%2F..%2Fhome5%2F..%2Flib64%2Faspell-0.60%2F..%2Flibmenu.so.6 HTTP/1.1" 200 976 "-" "Mozilla/5.0 AppleWebKit/537.36 (KHTML, like Gecko; compatible; ClaudeBot/1.0; +claudebot@anthropic.com)"
66.249.77.40 - - [15/Apr/2025:10:21:25 -0400] "GET /product/ak/cyllene/22930450.shtml HTTP/1.1" 200 27550 "-" "Mozilla/5.0 (Linux; Android 6.0.1; Nexus 5X Build/MMB29P) AppleWebKit/537.36 (KHTML, like Gecko) Chrome/135.0.7049.84 Mobile Safari/537.36 (compatible; GoogleOther)"
18.218.206.106 - - [15/Apr/2025:10:21:28 -0400] "GET /ad917/?path=%2Fhome%2F.%2F..%2Fhome5%2F..%2Flib64%2Faspell-0.60%2F..%2Flibcurses.so HTTP/1.1" 200 993 "-" "Mozilla/5.0 AppleWebKit/537.36 (KHTML, like Gecko; compatible; ClaudeBot/1.0; +claudebot@anthropic.com)"
18.218.206.106 - - [15/Apr/2025:10:21:31 -0400] "GET /ad917/?path=%2Fhome%2F.%2F..%2Fhome5%2F..%2Flib64%2Faspell-0.60%2F..%2Flibtiff.so.5 HTTP/1.1" 200 977 "-" "Mozilla/5.0 AppleWebKit/537.36 (KHTML, like Gecko; compatible; ClaudeBot/1.0; +claudebot@anthropic.com)"
18.218.206.106 - - [15/Apr/2025:10:21:34 -0400] "GET /ad917/?path=%2Fhome%2F.%2F..%2Fhome5%2F..%2Flib64%2Faspell-0.60%2F..%2Flibcurl.so.4 HTTP/1.1" 200 975 "-" "Mozilla/5.0 AppleWebKit/537.36 (KHTML, like Gecko; compatible; ClaudeBot/1.0; +claudebot@anthropic.com)"
198.54.116.86 - - [15/Apr/2025:10:21:36 -0400] "POST /wp-cron.php?doing_wp_cron=1744726896.4393789768218994140625 HTTP/1.1" 200 0 "-" "WordPress/6.7.2; https://servethepeopleinc.org"
45.61.188.237 - - [15/Apr/2025:10:21:36 -0400] "GET /wp-login.php HTTP/1.1" 200 6169 "-" "Mozilla/5.0 (Macintosh; Intel Mac OS X 10.9; rv:31.0) Gecko/20100101 Firefox/31.0"
198.54.116.86 - - [15/Apr/2025:10:21:36 -0400] "POST /wp-admin/admin-ajax.php?action=async_litespeed&nonce=2aG5GceUOomTS8DUdgPRd0ld56AXkIzu&litespeed_type=imgoptm HTTP/1.1" 200 21 "-" "WordPress/6.7.2; https://servethepeopleinc.org"
45.61.188.237 - - [15/Apr/2025:10:21:36 -0400] "POST /wp-login.php HTTP/1.1" 200 6688 "-" "Mozilla/5.0 (Macintosh; Intel Mac OS X 10.9; rv:31.0) Gecko/20100101 Firefox/31.0"
18.218.206.106 - - [15/Apr/2025:10:21:37 -0400] "GET /ad917/?path=%2Fhome%2F.%2F..%2Fhome5%2F..%2Flib64%2Faspell-0.60%2F..%2Flibgmp.so.10 HTTP/1.1" 200 977 "-" "Mozilla/5.0 AppleWebKit/537.36 (KHTML, like Gecko; compatible; ClaudeBot/1.0; +claudebot@anthropic.com)"
