18.219.47.115 - - [15/Apr/2025:08:28:04 -0400] "GET /ad917/?path=%2Fhome%2Fservlmvm%2Fpublic_html%2Fwp-includes%2F.%2Fcustomize%2F..%2Fpluggable-deprecated.php HTTP/1.1" 200 2891 "-" "Mozilla/5.0 AppleWebKit/537.36 (KHTML, like Gecko; compatible; ClaudeBot/1.0; +claudebot@anthropic.com)"
66.249.77.40 - - [15/Apr/2025:08:28:04 -0400] "GET /shopping/re/synonymally124969888.shtml HTTP/1.1" 200 27720 "-" "Mozilla/5.0 (Linux; Android 6.0.1; Nexus 5X Build/MMB29P) AppleWebKit/537.36 (KHTML, like Gecko) Chrome/135.0.7049.84 Mobile Safari/537.36 (compatible; GoogleOther)"
18.219.47.115 - - [15/Apr/2025:08:28:07 -0400] "GET /ad917/?path=%2Fhome%2Fservlmvm%2Fpublic_html%2Fad917%2F..%2F.%2Fwp-includes%2Fjs%2Fdist%2Fcore-data.min.js HTTP/1.1" 200 21514 "-" "Mozilla/5.0 AppleWebKit/537.36 (KHTML, like Gecko; compatible; ClaudeBot/1.0; +claudebot@anthropic.com)"
66.249.77.41 - - [15/Apr/2025:08:28:08 -0400] "GET /item/2060080.shtml HTTP/1.1" 200 27505 "-" "Mozilla/5.0 (Linux; Android 6.0.1; Nexus 5X Build/MMB29P) AppleWebKit/537.36 (KHTML, like Gecko) Chrome/135.0.7049.84 Mobile Safari/537.36 (compatible; GoogleOther)"
18.219.47.115 - - [15/Apr/2025:08:28:10 -0400] "GET /ad917/?path=%2Fhome%2Fservlmvm%2Fpublic_html%2Fwp-includes%2F.%2Fcustomize%2F..%2Fms-default-constants.php HTTP/1.1" 200 2644 "-" "Mozilla/5.0 AppleWebKit/537.36 (KHTML, like Gecko; compatible; ClaudeBot/1.0; +claudebot@anthropic.com)"
18.219.47.115 - - [15/Apr/2025:08:28:13 -0400] "GET /ad917/?path=%2Fhome%2Fservlmvm%2Fpublic_html%2Fad917%2F..%2Fwp-admin%2Fnetwork%2F.%2F..%2Ftheme-editor.php HTTP/1.1" 200 6654 "-" "Mozilla/5.0 AppleWebKit/537.36 (KHTML, like Gecko; compatible; ClaudeBot/1.0; +claudebot@anthropic.com)"
66.249.77.40 - - [15/Apr/2025:08:28:14 -0400] "GET /goods55421042.shtml HTTP/1.1" 200 29392 "-" "Mozilla/5.0 (Linux; Android 6.0.1; Nexus 5X Build/MMB29P) AppleWebKit/537.36 (KHTML, like Gecko) Chrome/135.0.7049.84 Mobile Safari/537.36 (compatible; GoogleOther)"
18.219.47.115 - - [15/Apr/2025:08:28:16 -0400] "GET /ad917/?path=%2Fhome%2Fservlmvm%2Fspekkshealth.com%2Fwp-includes%2Fsitemaps%2F..%2Ffunctions.wp-scripts.php HTTP/1.1" 200 5124 "-" "Mozilla/5.0 AppleWebKit/537.36 (KHTML, like Gecko; compatible; ClaudeBot/1.0; +claudebot@anthropic.com)"
18.219.47.115 - - [15/Apr/2025:08:28:19 -0400] "GET /ad917/?path=%2Fhome%2Fservlmvm%2Fpublic_html%2F.%2Fwp-includes%2Fblock-patterns%2F..%2Fclass-simplepie.php HTTP/1.1" 200 1248 "-" "Mozilla/5.0 AppleWebKit/537.36 (KHTML, like Gecko; compatible; ClaudeBot/1.0; +claudebot@anthropic.com)"
66.249.77.40 - - [15/Apr/2025:08:28:19 -0400] "GET /item/zng/attiguous124972360.shtml HTTP/1.1" 200 27328 "-" "Mozilla/5.0 (Linux; Android 6.0.1; Nexus 5X Build/MMB29P) AppleWebKit/537.36 (KHTML, like Gecko) Chrome/135.0.7049.84 Mobile Safari/537.36 (compatible; GoogleOther)"
18.219.47.115 - - [15/Apr/2025:08:28:22 -0400] "GET /ad917/?path=%2Fhome%2Fservlmvm%2Fspekkshealth.com%2Fwp-includes%2Fcustomize%2F..%2Fclass-wp-block-type.php HTTP/1.1" 200 5055 "-" "Mozilla/5.0 AppleWebKit/537.36 (KHTML, like Gecko; compatible; ClaudeBot/1.0; +claudebot@anthropic.com)"
66.249.77.40 - - [15/Apr/2025:08:28:24 -0400] "GET /entity/124968144.shtml HTTP/1.1" 200 27326 "-" "Mozilla/5.0 (Linux; Android 6.0.1; Nexus 5X Build/MMB29P) AppleWebKit/537.36 (KHTML, like Gecko) Chrome/135.0.7049.84 Mobile Safari/537.36 (compatible; GoogleOther)"
18.219.47.115 - - [15/Apr/2025:08:28:25 -0400] "GET /ad917/?path=%2Fhome%2Fservlmvm%2Fpublic_html%2Fad917%2F..%2Fwp-admin%2F.%2Fnetwork%2F..%2Fload-scripts.php HTTP/1.1" 200 1997 "-" "Mozilla/5.0 AppleWebKit/537.36 (KHTML, like Gecko; compatible; ClaudeBot/1.0; +claudebot@anthropic.com)"
18.219.47.115 - - [15/Apr/2025:08:28:28 -0400] "GET /ad917/?path=%2Fhome%2Fservlmvm%2Fpublic_html%2Fad917%2F..%2Fwp-admin%2F.%2Fnetwork%2F..%2Ftheme-editor.php HTTP/1.1" 200 6658 "-" "Mozilla/5.0 AppleWebKit/537.36 (KHTML, like Gecko; compatible; ClaudeBot/1.0; +claudebot@anthropic.com)"
18.219.47.115 - - [15/Apr/2025:08:28:31 -0400] "GET /ad917/?path=%2Fhome%2Fservlmvm%2Fspekkshealth.com%2Fwp-includes%2Fcustomize%2F..%2Fclass-wp-date-query.php HTTP/1.1" 200 10156 "-" "Mozilla/5.0 AppleWebKit/537.36 (KHTML, like Gecko; compatible; ClaudeBot/1.0; +claudebot@anthropic.com)"
66.249.77.40 - - [15/Apr/2025:08:28:31 -0400] "GET /entity/z/unbarricadoed124965856.shtml HTTP/1.1" 200 26911 "-" "Mozilla/5.0 (Linux; Android 6.0.1; Nexus 5X Build/MMB29P) AppleWebKit/537.36 (KHTML, like Gecko) Chrome/135.0.7049.84 Mobile Safari/537.36 (compatible; GoogleOther)"
18.219.47.115 - - [15/Apr/2025:08:28:34 -0400] "GET /ad917/?path=%2Fhome%2Fservlmvm%2Fspekkshealth.com%2Fwp-includes%2Fsodium_compat%2F..%2Fclass-avif-info.php HTTP/1.1" 200 7353 "-" "Mozilla/5.0 AppleWebKit/537.36 (KHTML, like Gecko; compatible; ClaudeBot/1.0; +claudebot@anthropic.com)"
66.249.77.40 - - [15/Apr/2025:08:28:36 -0400] "GET /entity/affricate124985894.shtml HTTP/1.1" 200 25092 "-" "Mozilla/5.0 (Linux; Android 6.0.1; Nexus 5X Build/MMB29P) AppleWebKit/537.36 (KHTML, like Gecko) Chrome/135.0.7049.84 Mobile Safari/537.36 (compatible; GoogleOther)"
66.249.77.40 - - [15/Apr/2025:08:28:51 -0400] "GET /entity/124993470.shtml HTTP/1.1" 200 29200 "-" "Mozilla/5.0 (Linux; Android 6.0.1; Nexus 5X Build/MMB29P) AppleWebKit/537.36 (KHTML, like Gecko) Chrome/135.0.7049.84 Mobile Safari/537.36 (compatible; GoogleOther)"
66.249.77.40 - - [15/Apr/2025:08:28:54 -0400] "GET /item/yaq/cohering/21145010.shtml HTTP/1.1" 200 27173 "-" "Mozilla/5.0 (Linux; Android 6.0.1; Nexus 5X Build/MMB29P) AppleWebKit/537.36 (KHTML, like Gecko) Chrome/135.0.7049.84 Mobile Safari/537.36 (compatible; GoogleOther)"
66.249.77.40 - - [15/Apr/2025:08:28:58 -0400] "GET /info/2055460.shtml HTTP/1.1" 200 27702 "-" "Mozilla/5.0 (Linux; Android 6.0.1; Nexus 5X Build/MMB29P) AppleWebKit/537.36 (KHTML, like Gecko) Chrome/135.0.7049.84 Mobile Safari/537.36 (compatible; GoogleOther)"
66.249.77.42 - - [15/Apr/2025:08:29:06 -0400] "GET /product/qgs/otocyst/48785378.shtml HTTP/1.1" 200 26078 "-" "Mozilla/5.0 (Linux; Android 6.0.1; Nexus 5X Build/MMB29P) AppleWebKit/537.36 (KHTML, like Gecko) Chrome/135.0.7049.84 Mobile Safari/537.36 (compatible; GoogleOther)"
66.249.77.42 - - [15/Apr/2025:08:29:08 -0400] "GET /entity/om/balletomane23128754.shtml HTTP/1.1" 200 27560 "-" "Mozilla/5.0 (Linux; Android 6.0.1; Nexus 5X Build/MMB29P) AppleWebKit/537.36 (KHTML, like Gecko) Chrome/135.0.7049.84 Mobile Safari/537.36 (compatible; GoogleOther)"
66.249.77.41 - - [15/Apr/2025:08:29:10 -0400] "GET /products/t/mariner2148316.shtml HTTP/1.1" 200 26959 "-" "Mozilla/5.0 (Linux; Android 6.0.1; Nexus 5X Build/MMB29P) AppleWebKit/537.36 (KHTML, like Gecko) Chrome/135.0.7049.84 Mobile Safari/537.36 (compatible; GoogleOther)"
3.145.109.76 - - [15/Apr/2025:08:29:13 -0400] "GET /ad917/?path=%2Fhome%2Fservlmvm%2Fpublic_html%2Fad917%2F..%2F.%2Fwp-includes%2Fpomo%2F..%2Ftheme-previews.php HTTP/1.1" 200 2129 "-" "Mozilla/5.0 AppleWebKit/537.36 (KHTML, like Gecko; compatible; ClaudeBot/1.0; +claudebot@anthropic.com)"
3.145.109.76 - - [15/Apr/2025:08:29:16 -0400] "GET /ad917/?path=%2Fhome%2Fservlmvm%2Fpublic_html%2Fad917%2F..%2F.%2Fwp-includes%2Fl10n%2F..%2Fmedia-template.php HTTP/1.1" 200 14442 "-" "Mozilla/5.0 AppleWebKit/537.36 (KHTML, like Gecko; compatible; ClaudeBot/1.0; +claudebot@anthropic.com)"
3.145.109.76 - - [15/Apr/2025:08:29:19 -0400] "GET /ad917/?path=%2Fhome%2Fservlmvm%2Fpublic_html%2Fad917%2F..%2Fwp-admin%2Fimages%2F..%2F..%2Fwp-blog-header.php HTTP/1.1" 200 1322 "-" "Mozilla/5.0 AppleWebKit/537.36 (KHTML, like Gecko; compatible; ClaudeBot/1.0; +claudebot@anthropic.com)"
3.145.109.76 - - [15/Apr/2025:08:29:22 -0400] "GET /ad917/?path=%2Fhome%2Fservlmvm%2Fspekkshealth.com%2Fwp-includes%2Fcustomize%2F..%2Fclass-wp-user-request.php HTTP/1.1" 200 1593 "-" "Mozilla/5.0 AppleWebKit/537.36 (KHTML, like Gecko; compatible; ClaudeBot/1.0; +claudebot@anthropic.com)"
3.145.109.76 - - [15/Apr/2025:08:29:25 -0400] "GET /ad917/?path=%2Fhome%2Fservlmvm%2Fpublic_html%2Fad917%2F..%2F.%2Fwp-includes%2FText%2F..%2Fblock-bindings.php HTTP/1.1" 200 2719 "-" "Mozilla/5.0 AppleWebKit/537.36 (KHTML, like Gecko; compatible; ClaudeBot/1.0; +claudebot@anthropic.com)"
66.249.77.40 - - [15/Apr/2025:08:29:27 -0400] "GET /goodscode/res/subderisorious/32101776.shtml HTTP/1.1" 200 25527 "-" "Mozilla/5.0 (Linux; Android 6.0.1; Nexus 5X Build/MMB29P) AppleWebKit/537.36 (KHTML, like Gecko) Chrome/135.0.7049.84 Mobile Safari/537.36 (compatible; GoogleOther)"
3.145.109.76 - - [15/Apr/2025:08:29:28 -0400] "GET /ad917/?path=%2Fhome%2Fservlmvm%2Fspekkshealth.com%2Fwp-includes%2Fblock-patterns%2F.%2Fquery-small-posts.php HTTP/1.1" 200 1454 "-" "Mozilla/5.0 AppleWebKit/537.36 (KHTML, like Gecko; compatible; ClaudeBot/1.0; +claudebot@anthropic.com)"
3.145.109.76 - - [15/Apr/2025:08:29:31 -0400] "GET /ad917/?path=%2Fhome%2Fservlmvm%2Fpublic_html%2Fwp-includes%2Finteractivity-api%2F.%2F..%2Fclass-requests.php HTTP/1.1" 200 1822 "-" "Mozilla/5.0 AppleWebKit/537.36 (KHTML, like Gecko; compatible; ClaudeBot/1.0; +claudebot@anthropic.com)"
3.15.209.38 - - [15/Apr/2025:08:29:34 -0400] "GET /ad917/?path=%2Fhome%2Fservlmvm%2Fpublic_html%2Fad917%2F.%2F..%2F.%2Fwp-includes%2Finteractivity-api%2F..%2Fimages HTTP/1.1" 200 2392 "-" "Mozilla/5.0 AppleWebKit/537.36 (KHTML, like Gecko; compatible; ClaudeBot/1.0; +claudebot@anthropic.com)"
3.15.209.38 - - [15/Apr/2025:08:29:34 -0400] "GET /ad917/?path=%2Fhome%2Fservlmvm%2Fpublic_html%2Fad917%2F.%2F..%2Fwp-includes%2Fblocks%2Ftext-columns%2F..%2Favatar HTTP/1.1" 200 1789 "-" "Mozilla/5.0 AppleWebKit/537.36 (KHTML, like Gecko; compatible; ClaudeBot/1.0; +claudebot@anthropic.com)"
3.15.209.38 - - [15/Apr/2025:08:29:34 -0400] "GET /ad917/?path=%2Fhome%2Fservlmvm%2Fpublic_html%2Fad917%2F.%2F..%2Fwp-includes%2Fblocks%2Ftext-columns%2F..%2Fspacer HTTP/1.1" 200 1835 "-" "Mozilla/5.0 AppleWebKit/537.36 (KHTML, like Gecko; compatible; ClaudeBot/1.0; +claudebot@anthropic.com)"
3.15.209.38 - - [15/Apr/2025:08:29:34 -0400] "GET /ad917/?path=%2Fhome%2Fservlmvm%2Fpublic_html%2Fad917%2F..%2Fcgi-bin%2F..%2Fwp-admin%2F..%2Fwp-includes%2Fload.php HTTP/1.1" 200 16872 "-" "Mozilla/5.0 AppleWebKit/537.36 (KHTML, like Gecko; compatible; ClaudeBot/1.0; +claudebot@anthropic.com)"
3.15.209.38 - - [15/Apr/2025:08:29:34 -0400] "GET /ad917/?path=%2Fhome%2Fservlmvm%2Fpublic_html%2Fad917%2F..%2Fcgi-bin%2F..%2Fwp-admin%2F..%2Fwp-includes%2Fhttp.php HTTP/1.1" 200 6506 "-" "Mozilla/5.0 AppleWebKit/537.36 (KHTML, like Gecko; compatible; ClaudeBot/1.0; +claudebot@anthropic.com)"
3.145.109.76 - - [15/Apr/2025:08:29:34 -0400] "GET /ad917/?path=%2Fhome%2Fservlmvm%2Fspekkshealth.com%2Fwp-includes%2Fcustomize%2F..%2Fclass-wp-dependencies.php HTTP/1.1" 200 4867 "-" "Mozilla/5.0 AppleWebKit/537.36 (KHTML, like Gecko; compatible; ClaudeBot/1.0; +claudebot@anthropic.com)"
3.15.209.38 - - [15/Apr/2025:08:29:36 -0400] "GET /ad917/?path=%2Fhome%2Fservlmvm%2Fpublic_html%2Fad917%2F.%2F..%2Fwp-content%2Fthemes%2Ftwentytwentythree%2F..%2F.. HTTP/1.1" 200 1852 "-" "Mozilla/5.0 AppleWebKit/537.36 (KHTML, like Gecko; compatible; ClaudeBot/1.0; +claudebot@anthropic.com)"
3.15.209.38 - - [15/Apr/2025:08:29:36 -0400] "GET /ad917/?path=%2Fhome%2Fservlmvm%2Fpublic_html%2Fad917%2F.%2F..%2Fwp-content%2Fplugins%2Flitespeed-cache%2Flang%2F. HTTP/1.1" 200 1578 "-" "Mozilla/5.0 AppleWebKit/537.36 (KHTML, like Gecko; compatible; ClaudeBot/1.0; +claudebot@anthropic.com)"
3.15.209.38 - - [15/Apr/2025:08:29:36 -0400] "GET /ad917/?path=%2Fhome%2Fservlmvm%2Fpublic_html%2Fad917%2F.%2F..%2F.%2Fwp-includes%2Fblock-bindings%2F..%2FPHPMailer HTTP/1.1" 200 1684 "-" "Mozilla/5.0 AppleWebKit/537.36 (KHTML, like Gecko; compatible; ClaudeBot/1.0; +claudebot@anthropic.com)"
3.15.209.38 - - [15/Apr/2025:08:29:36 -0400] "GET /ad917/?path=%2Fhome%2Fservlmvm%2Fpublic_html%2Fad917%2F.%2F..%2F..%2Fspekkshealth.com%2Fwp-includes%2F.%2Fwidgets HTTP/1.1" 200 2158 "-" "Mozilla/5.0 AppleWebKit/537.36 (KHTML, like Gecko; compatible; ClaudeBot/1.0; +claudebot@anthropic.com)"
3.15.209.38 - - [15/Apr/2025:08:29:36 -0400] "GET /ad917/?path=%2Fhome%2Fservlmvm%2Fpublic_html%2Fad917%2F.%2F..%2Fwp-includes%2Fblocks%2Flegacy-widget%2F..%2Fverse HTTP/1.1" 200 1715 "-" "Mozilla/5.0 AppleWebKit/537.36 (KHTML, like Gecko; compatible; ClaudeBot/1.0; +claudebot@anthropic.com)"
3.145.109.76 - - [15/Apr/2025:08:29:37 -0400] "GET /ad917/?path=%2Fhome%2Fservlmvm%2Fpublic_html%2Fwp-includes%2Fcustomize%2F.%2F..%2Fclass-wp-ajax-response.php HTTP/1.1" 200 2891 "-" "Mozilla/5.0 AppleWebKit/537.36 (KHTML, like Gecko; compatible; ClaudeBot/1.0; +claudebot@anthropic.com)"
3.15.209.38 - - [15/Apr/2025:08:29:37 -0400] "GET /ad917/?path=%2Fhome%2Fservlmvm%2Fpublic_html%2Fad917%2F.%2F..%2Fwp-includes%2Fblocks%2Fpost-template%2F..%2Ftable HTTP/1.1" 200 1908 "-" "Mozilla/5.0 AppleWebKit/537.36 (KHTML, like Gecko; compatible; ClaudeBot/1.0; +claudebot@anthropic.com)"
3.15.209.38 - - [15/Apr/2025:08:29:37 -0400] "GET /ad917/?path=%2Fhome%2Fservlmvm%2Fpublic_html%2Fad917%2F.%2F..%2Fwp-includes%2Fblocks%2Fcomments-title%2F..%2Fcode HTTP/1.1" 200 1888 "-" "Mozilla/5.0 AppleWebKit/537.36 (KHTML, like Gecko; compatible; ClaudeBot/1.0; +claudebot@anthropic.com)"
3.15.209.38 - - [15/Apr/2025:08:29:37 -0400] "GET /ad917/?path=%2Fhome%2Fservlmvm%2Fpublic_html%2Fad917%2F.%2F..%2Fwp-includes%2Fblocks%2Flist-item%2F..%2Fimage.php HTTP/1.1" 200 5182 "-" "Mozilla/5.0 AppleWebKit/537.36 (KHTML, like Gecko; compatible; ClaudeBot/1.0; +claudebot@anthropic.com)"
3.15.209.38 - - [15/Apr/2025:08:29:38 -0400] "GET /ad917/?path=%2Fhome%2Fservlmvm%2Fpublic_html%2Fad917%2F.%2F..%2Fwp-includes%2Fimages%2Fmedia%2F.%2Fspreadsheet.png HTTP/1.1" 200 1008 "-" "Mozilla/5.0 AppleWebKit/537.36 (KHTML, like Gecko; compatible; ClaudeBot/1.0; +claudebot@anthropic.com)"
3.15.209.38 - - [15/Apr/2025:08:29:38 -0400] "GET /ad917/?path=%2Fhome%2Fservlmvm%2Fpublic_html%2Fad917%2F.%2F..%2Fwp-includes%2Fimages%2Fmedia%2F.%2Finteractive.svg HTTP/1.1" 200 1234 "-" "Mozilla/5.0 AppleWebKit/537.36 (KHTML, like Gecko; compatible; ClaudeBot/1.0; +claudebot@anthropic.com)"
3.145.109.76 - - [15/Apr/2025:08:29:40 -0400] "GET /ad917/?path=%2Fhome%2Fservlmvm%2Fspekkshealth.com%2Fwp-includes%2Fcustomize%2F..%2Fclass-wp-image-editor.php HTTP/1.1" 200 5810 "-" "Mozilla/5.0 AppleWebKit/537.36 (KHTML, like Gecko; compatible; ClaudeBot/1.0; +claudebot@anthropic.com)"
66.249.77.40 - - [15/Apr/2025:08:29:39 -0400] "GET /special/inaffectedly27021120.shtml HTTP/1.1" 200 27050 "-" "Mozilla/5.0 (Linux; Android 6.0.1; Nexus 5X Build/MMB29P) AppleWebKit/537.36 (KHTML, like Gecko) Chrome/135.0.7049.84 Mobile Safari/537.36 (compatible; GoogleOther)"
66.249.77.40 - - [15/Apr/2025:08:29:42 -0400] "GET /shopdetail/rye/muddleheaded/2146096.shtml HTTP/1.1" 200 27622 "-" "Mozilla/5.0 (Linux; Android 6.0.1; Nexus 5X Build/MMB29P) AppleWebKit/537.36 (KHTML, like Gecko) Chrome/135.0.7049.84 Mobile Safari/537.36 (compatible; GoogleOther)"
3.145.109.76 - - [15/Apr/2025:08:29:43 -0400] "GET /ad917/?path=%2Fhome%2Fservlmvm%2Fpublic_html%2Fwp-includes%2F.%2Fphp-compat%2F..%2Fclass.wp-dependencies.php HTTP/1.1" 200 1177 "-" "Mozilla/5.0 AppleWebKit/537.36 (KHTML, like Gecko; compatible; ClaudeBot/1.0; +claudebot@anthropic.com)"
66.249.77.40 - - [15/Apr/2025:08:29:44 -0400] "GET /goodscode/e/corymbous/120843722.shtml HTTP/1.1" 200 25963 "-" "Mozilla/5.0 (Linux; Android 6.0.1; Nexus 5X Build/MMB29P) AppleWebKit/537.36 (KHTML, like Gecko) Chrome/135.0.7049.84 Mobile Safari/537.36 (compatible; GoogleOther)"
3.145.109.76 - - [15/Apr/2025:08:29:46 -0400] "GET /ad917/?path=%2Fhome%2Fservlmvm%2Fpublic_html%2Fwp-includes%2F.%2FPHPMailer%2F..%2Fclass-wp-http-response.php HTTP/1.1" 200 1918 "-" "Mozilla/5.0 AppleWebKit/537.36 (KHTML, like Gecko; compatible; ClaudeBot/1.0; +claudebot@anthropic.com)"
3.145.109.76 - - [15/Apr/2025:08:29:49 -0400] "GET /ad917/?path=%2Fhome%2Fservlmvm%2Fpublic_html%2Fad917%2F..%2Fwp-admin%2Fimages%2F..%2Fjs%2Finline-edit-tax.js HTTP/1.1" 200 3569 "-" "Mozilla/5.0 AppleWebKit/537.36 (KHTML, like Gecko; compatible; ClaudeBot/1.0; +claudebot@anthropic.com)"
3.145.109.76 - - [15/Apr/2025:08:29:52 -0400] "GET /ad917/?path=%2Fhome%2Fservlmvm%2Fpublic_html%2Fad917%2F..%2Fwp-admin%2Fimages%2F..%2Fjs%2Fpassword-toggle.js HTTP/1.1" 200 1463 "-" "Mozilla/5.0 AppleWebKit/537.36 (KHTML, like Gecko; compatible; ClaudeBot/1.0; +claudebot@anthropic.com)"
3.145.109.76 - - [15/Apr/2025:08:29:55 -0400] "GET /ad917/?path=%2Fhome%2Fservlmvm%2Fpublic_html%2Fwp-includes%2F.%2FPHPMailer%2F..%2Fclass-wp-xmlrpc-server.php HTTP/1.1" 200 39682 "-" "Mozilla/5.0 AppleWebKit/537.36 (KHTML, like Gecko; compatible; ClaudeBot/1.0; +claudebot@anthropic.com)"
3.145.109.76 - - [15/Apr/2025:08:29:58 -0400] "GET /ad917/?path=%2Fhome%2Fservlmvm%2Fpublic_html%2Fad917%2F..%2F.%2Fwp-includes%2Fpomo%2F..%2Fclass-wp-roles.php HTTP/1.1" 200 3438 "-" "Mozilla/5.0 AppleWebKit/537.36 (KHTML, like Gecko; compatible; ClaudeBot/1.0; +claudebot@anthropic.com)"
3.145.109.76 - - [15/Apr/2025:08:30:01 -0400] "GET /ad917/?path=%2Fhome%2Fservlmvm%2Fpublic_html%2Fad917%2F..%2F.%2Fwp-includes%2Fjs%2Fdist%2Fmedia-utils.min.js HTTP/1.1" 200 4346 "-" "Mozilla/5.0 AppleWebKit/537.36 (KHTML, like Gecko; compatible; ClaudeBot/1.0; +claudebot@anthropic.com)"
66.249.77.41 - - [15/Apr/2025:08:30:01 -0400] "GET /goodscode/sey/polymorphous/21249590.shtml HTTP/1.1" 200 25685 "-" "Mozilla/5.0 (Linux; Android 6.0.1; Nexus 5X Build/MMB29P) AppleWebKit/537.36 (KHTML, like Gecko) Chrome/135.0.7049.84 Mobile Safari/537.36 (compatible; GoogleOther)"
3.145.109.76 - - [15/Apr/2025:08:30:04 -0400] "GET /ad917/?path=%2Fhome%2Fservlmvm%2Fpublic_html%2Fwp-includes%2FPHPMailer%2F.%2F..%2Fclass-wp-http-encoding.php HTTP/1.1" 200 3171 "-" "Mozilla/5.0 AppleWebKit/537.36 (KHTML, like Gecko; compatible; ClaudeBot/1.0; +claudebot@anthropic.com)"
66.249.77.41 - - [15/Apr/2025:08:30:03 -0400] "GET /shopdetail/s/canonization/104990718.shtml HTTP/1.1" 200 27159 "-" "Mozilla/5.0 (Linux; Android 6.0.1; Nexus 5X Build/MMB29P) AppleWebKit/537.36 (KHTML, like Gecko) Chrome/135.0.7049.84 Mobile Safari/537.36 (compatible; GoogleOther)"
3.145.109.76 - - [15/Apr/2025:08:30:07 -0400] "GET /ad917/?path=%2Fhome%2Fservlmvm%2Fpublic_html%2Fad917%2F..%2Fwp-admin%2Fnetwork%2F.%2F..%2Fedit-link-form.php HTTP/1.1" 200 3287 "-" "Mozilla/5.0 AppleWebKit/537.36 (KHTML, like Gecko; compatible; ClaudeBot/1.0; +claudebot@anthropic.com)"
66.249.77.41 - - [15/Apr/2025:08:30:08 -0400] "GET /goodscode/p/irreligious/21141368.shtml HTTP/1.1" 200 30050 "-" "Mozilla/5.0 (Linux; Android 6.0.1; Nexus 5X Build/MMB29P) AppleWebKit/537.36 (KHTML, like Gecko) Chrome/135.0.7049.84 Mobile Safari/537.36 (compatible; GoogleOther)"
3.145.109.76 - - [15/Apr/2025:08:30:10 -0400] "GET /ad917/?path=%2Fhome%2Fservlmvm%2Fspekkshealth.com%2Fwp-includes%2Fsitemaps%2F..%2Fregistration-functions.php HTTP/1.1" 200 1119 "-" "Mozilla/5.0 AppleWebKit/537.36 (KHTML, like Gecko; compatible; ClaudeBot/1.0; +claudebot@anthropic.com)"
13.71.40.65 - - [15/Apr/2025:08:30:11 -0400] "GET /wp-admin/css/ HTTP/1.1" 200 3710 "binance.com" "Mozilla/5.0 (Windows NT 10.0; Win64; x64) AppleWebKit/537.36 (KHTML, like Gecko) Chrome/90.0.4430.85 Safari/537.36"
3.145.109.76 - - [15/Apr/2025:08:30:13 -0400] "GET /ad917/?path=%2Fhome%2Fservlmvm%2Fpublic_html%2Fwp-includes%2FSimplePie%2F.%2F..%2Fclass-wp-network-query.php HTTP/1.1" 200 6152 "-" "Mozilla/5.0 AppleWebKit/537.36 (KHTML, like Gecko; compatible; ClaudeBot/1.0; +claudebot@anthropic.com)"
3.145.109.76 - - [15/Apr/2025:08:30:16 -0400] "GET /ad917/?path=%2Fhome%2Fservlmvm%2Fpublic_html%2Fwp-includes%2Fcustomize%2F.%2F..%2Fclass-wp-recovery-mode.php HTTP/1.1" 200 4295 "-" "Mozilla/5.0 AppleWebKit/537.36 (KHTML, like Gecko; compatible; ClaudeBot/1.0; +claudebot@anthropic.com)"
13.71.40.65 - - [15/Apr/2025:08:30:16 -0400] "GET /wp-content/uploads/2025/04/ HTTP/1.1" 200 690 "binance.com" "Mozilla/5.0 (Windows NT 10.0; Win64; x64) AppleWebKit/537.36 (KHTML, like Gecko) Chrome/90.0.4430.85 Safari/537.36"
3.145.109.76 - - [15/Apr/2025:08:30:19 -0400] "GET /ad917/?path=%2Fhome%2Fservlmvm%2Fpublic_html%2Fwp-includes%2Fcustomize%2F.%2F..%2Fclass-wp-http-response.php HTTP/1.1" 200 1915 "-" "Mozilla/5.0 AppleWebKit/537.36 (KHTML, like Gecko; compatible; ClaudeBot/1.0; +claudebot@anthropic.com)"
66.249.77.40 - - [15/Apr/2025:08:30:19 -0400] "GET /detail/om/pounce124991606.shtml HTTP/1.1" 200 26278 "-" "Mozilla/5.0 (Linux; Android 6.0.1; Nexus 5X Build/MMB29P) AppleWebKit/537.36 (KHTML, like Gecko) Chrome/135.0.7049.84 Mobile Safari/537.36 (compatible; GoogleOther)"
13.71.40.65 - - [15/Apr/2025:08:30:20 -0400] "GET /wp-content/uploads/2025/03/ HTTP/1.1" 200 690 "binance.com" "Mozilla/5.0 (Windows NT 10.0; Win64; x64) AppleWebKit/537.36 (KHTML, like Gecko) Chrome/90.0.4430.85 Safari/537.36"
66.249.77.40 - - [15/Apr/2025:08:30:21 -0400] "GET /goodscode/j/cabinetwork/2149052.shtml HTTP/1.1" 200 26306 "-" "Mozilla/5.0 (Linux; Android 6.0.1; Nexus 5X Build/MMB29P) AppleWebKit/537.36 (KHTML, like Gecko) Chrome/135.0.7049.84 Mobile Safari/537.36 (compatible; GoogleOther)"
3.145.109.76 - - [15/Apr/2025:08:30:22 -0400] "GET /ad917/?path=%2Fhome%2Fservlmvm%2Fpublic_html%2Fwp-includes%2F.%2Fjs%2F.%2Fcustomize-selective-refresh.min.js HTTP/1.1" 200 4847 "-" "Mozilla/5.0 AppleWebKit/537.36 (KHTML, like Gecko; compatible; ClaudeBot/1.0; +claudebot@anthropic.com)"
3.145.109.76 - - [15/Apr/2025:08:30:25 -0400] "GET /ad917/?path=%2Fhome%2Fservlmvm%2Fpublic_html%2Fad917%2F..%2F.%2Fwp-includes%2Fl10n%2F..%2Fblock-template.php HTTP/1.1" 200 5647 "-" "Mozilla/5.0 AppleWebKit/537.36 (KHTML, like Gecko; compatible; ClaudeBot/1.0; +claudebot@anthropic.com)"
13.71.40.65 - - [15/Apr/2025:08:30:25 -0400] "GET /wp-content/uploads/ HTTP/1.1" 200 1294 "binance.com" "Mozilla/5.0 (Windows NT 10.0; Win64; x64) AppleWebKit/537.36 (KHTML, like Gecko) Chrome/90.0.4430.85 Safari/537.36"
3.145.109.76 - - [15/Apr/2025:08:30:28 -0400] "GET /ad917/?path=%2Fhome%2Fservlmvm%2Fpublic_html%2Fad917%2F..%2F.%2Fwp-includes%2Fl10n%2F..%2Fclass-wp-query.php HTTP/1.1" 200 34793 "-" "Mozilla/5.0 AppleWebKit/537.36 (KHTML, like Gecko; compatible; ClaudeBot/1.0; +claudebot@anthropic.com)"
66.249.77.40 - - [15/Apr/2025:08:30:28 -0400] "GET /shopping/kse/riptowel/120845066.shtml HTTP/1.1" 200 27121 "-" "Mozilla/5.0 (Linux; Android 6.0.1; Nexus 5X Build/MMB29P) AppleWebKit/537.36 (KHTML, like Gecko) Chrome/135.0.7049.84 Mobile Safari/537.36 (compatible; GoogleOther)"
52.167.144.222 - - [15/Apr/2025:08:30:30 -0400] "GET /entity76681042.shtml HTTP/1.1" 200 28525 "-" "Mozilla/5.0 AppleWebKit/537.36 (KHTML, like Gecko; compatible; bingbot/2.0; +http://www.bing.com/bingbot.htm) Chrome/116.0.1938.76 Safari/537.36"
13.71.40.65 - - [15/Apr/2025:08:30:31 -0400] "GET /wp-content/upgrade/ HTTP/1.1" 200 683 "binance.com" "Mozilla/5.0 (Windows NT 10.0; Win64; x64) AppleWebKit/537.36 (KHTML, like Gecko) Chrome/90.0.4430.85 Safari/537.36"
3.145.109.76 - - [15/Apr/2025:08:30:31 -0400] "GET /ad917/?path=%2Fhome%2Fservlmvm%2Fpublic_html%2Fad917%2F..%2F.%2Fwp-includes%2FText%2F..%2Fembed-template.php HTTP/1.1" 200 1187 "-" "Mozilla/5.0 AppleWebKit/537.36 (KHTML, like Gecko; compatible; ClaudeBot/1.0; +claudebot@anthropic.com)"
66.249.77.40 - - [15/Apr/2025:08:30:30 -0400] "GET /products/outwalk/12497982.shtml HTTP/1.1" 200 26502 "-" "Mozilla/5.0 (Linux; Android 6.0.1; Nexus 5X Build/MMB29P) AppleWebKit/537.36 (KHTML, like Gecko) Chrome/135.0.7049.84 Mobile Safari/537.36 (compatible; GoogleOther)"
3.145.109.76 - - [15/Apr/2025:08:30:34 -0400] "GET /ad917/?path=%2Fhome%2Fservlmvm%2Fpublic_html%2Fad917%2F..%2Fwp-admin%2Fimages%2F..%2Fjs%2Fsvg-painter.min.js HTTP/1.1" 200 1782 "-" "Mozilla/5.0 AppleWebKit/537.36 (KHTML, like Gecko; compatible; ClaudeBot/1.0; +claudebot@anthropic.com)"
198.54.116.86 - - [15/Apr/2025:08:30:36 -0400] "POST /wp-cron.php?doing_wp_cron=1744720236.5055170059204101562500 HTTP/1.1" 200 0 "-" "WordPress/6.7.2; https://servethepeopleinc.org"
13.71.40.65 - - [15/Apr/2025:08:30:36 -0400] "GET /wp-content/languages/ HTTP/1.1" 404 19409 "binance.com" "Mozilla/5.0 (Windows NT 10.0; Win64; x64) AppleWebKit/537.36 (KHTML, like Gecko) Chrome/90.0.4430.85 Safari/537.36"
198.54.116.86 - - [15/Apr/2025:08:30:36 -0400] "POST /wp-admin/admin-ajax.php?action=async_litespeed&nonce=eflyN205xrzhXIehvmVkXdf7OVPbezRK&litespeed_type=imgoptm HTTP/1.1" 200 21 "-" "WordPress/6.7.2; https://servethepeopleinc.org"
3.145.109.76 - - [15/Apr/2025:08:30:37 -0400] "GET /ad917/?path=%2Fhome%2Fservlmvm%2Fpublic_html%2Fad917%2F..%2F.%2Fwp-includes%2Fpomo%2F..%2Fblock-bindings.php HTTP/1.1" 200 2693 "-" "Mozilla/5.0 AppleWebKit/537.36 (KHTML, like Gecko; compatible; ClaudeBot/1.0; +claudebot@anthropic.com)"
3.145.109.76 - - [15/Apr/2025:08:30:40 -0400] "GET /ad917/?path=%2Fhome%2Fservlmvm%2Fpublic_html%2Fad917%2F..%2F.%2Fwp-includes%2Fpomo%2F..%2Fclass-wp-embed.php HTTP/1.1" 200 6050 "-" "Mozilla/5.0 AppleWebKit/537.36 (KHTML, like Gecko; compatible; ClaudeBot/1.0; +claudebot@anthropic.com)"
13.71.40.65 - - [15/Apr/2025:08:30:40 -0400] "GET /wp-admin/includes/ HTTP/1.1" 200 4546 "binance.com" "Mozilla/5.0 (Windows NT 10.0; Win64; x64) AppleWebKit/537.36 (KHTML, like Gecko) Chrome/90.0.4430.85 Safari/537.36"
66.249.77.40 - - [15/Apr/2025:08:30:39 -0400] "GET /entity/124993344.shtml HTTP/1.1" 200 28906 "-" "Mozilla/5.0 (Linux; Android 6.0.1; Nexus 5X Build/MMB29P) AppleWebKit/537.36 (KHTML, like Gecko) Chrome/135.0.7049.84 Mobile Safari/537.36 (compatible; GoogleOther)"
66.249.77.40 - - [15/Apr/2025:08:30:42 -0400] "GET /special/nabbed/93564152.shtml HTTP/1.1" 200 26804 "-" "Mozilla/5.0 (Linux; Android 6.0.1; Nexus 5X Build/MMB29P) AppleWebKit/537.36 (KHTML, like Gecko) Chrome/135.0.7049.84 Mobile Safari/537.36 (compatible; GoogleOther)"
3.145.109.76 - - [15/Apr/2025:08:30:43 -0400] "GET /ad917/?path=%2Fhome%2Fservlmvm%2Fspekkshealth.com%2Fwp-includes%2Fsitemaps%2F..%2Fclass-wp-network-query.php HTTP/1.1" 200 6167 "-" "Mozilla/5.0 AppleWebKit/537.36 (KHTML, like Gecko; compatible; ClaudeBot/1.0; +claudebot@anthropic.com)"
13.71.40.65 - - [15/Apr/2025:08:30:44 -0400] "GET /wp-admin/includes/ HTTP/1.1" 200 4546 "binance.com" "Mozilla/5.0 (Windows NT 10.0; Win64; x64) AppleWebKit/537.36 (KHTML, like Gecko) Chrome/90.0.4430.85 Safari/537.36"
3.145.109.76 - - [15/Apr/2025:08:30:46 -0400] "GET /ad917/?path=%2Fhome%2Fservlmvm%2Fspekkshealth.com%2Fwp-includes%2Fcustomize%2F..%2Fclass-wp-block-parser.php HTTP/1.1" 200 4505 "-" "Mozilla/5.0 AppleWebKit/537.36 (KHTML, like Gecko; compatible; ClaudeBot/1.0; +claudebot@anthropic.com)"
66.249.77.41 - - [15/Apr/2025:08:30:46 -0400] "GET /goodscode/p/macrograph/32079932.shtml HTTP/1.1" 200 26085 "-" "Mozilla/5.0 (Linux; Android 6.0.1; Nexus 5X Build/MMB29P) AppleWebKit/537.36 (KHTML, like Gecko) Chrome/135.0.7049.84 Mobile Safari/537.36 (compatible; GoogleOther)"
13.71.40.65 - - [15/Apr/2025:08:30:48 -0400] "GET /wp-admin/maint/ HTTP/1.1" 200 831 "binance.com" "Mozilla/5.0 (Windows NT 10.0; Win64; x64) AppleWebKit/537.36 (KHTML, like Gecko) Chrome/90.0.4430.85 Safari/537.36"
66.249.77.41 - - [15/Apr/2025:08:30:48 -0400] "GET /goodscode/geo/mashed/73500194.shtml HTTP/1.1" 200 25047 "-" "Mozilla/5.0 (Linux; Android 6.0.1; Nexus 5X Build/MMB29P) AppleWebKit/537.36 (KHTML, like Gecko) Chrome/135.0.7049.84 Mobile Safari/537.36 (compatible; GoogleOther)"
3.145.109.76 - - [15/Apr/2025:08:30:49 -0400] "GET /ad917/?path=%2Fhome%2Fservlmvm%2Fpublic_html%2Fad917%2F..%2F.%2Fwp-includes%2Fl10n%2F..%2Fclass-wp-theme.php HTTP/1.1" 200 16507 "-" "Mozilla/5.0 AppleWebKit/537.36 (KHTML, like Gecko; compatible; ClaudeBot/1.0; +claudebot@anthropic.com)"
13.71.40.65 - - [15/Apr/2025:08:30:50 -0400] "GET /wp-admin/maint/ HTTP/1.1" 200 831 "binance.com" "Mozilla/5.0 (Windows NT 10.0; Win64; x64) AppleWebKit/537.36 (KHTML, like Gecko) Chrome/90.0.4430.85 Safari/537.36"
3.145.109.76 - - [15/Apr/2025:08:30:52 -0400] "GET /ad917/?path=%2Fhome%2Fservlmvm%2Fpublic_html%2Fad917%2F..%2F.%2Fwp-includes%2Fl10n%2F..%2Fclass-wp-embed.php HTTP/1.1" 200 6022 "-" "Mozilla/5.0 AppleWebKit/537.36 (KHTML, like Gecko; compatible; ClaudeBot/1.0; +claudebot@anthropic.com)"
66.249.77.40 - - [15/Apr/2025:08:30:53 -0400] "GET /detail/trainy/124991476.shtml HTTP/1.1" 200 26224 "-" "Mozilla/5.0 (Linux; Android 6.0.1; Nexus 5X Build/MMB29P) AppleWebKit/537.36 (KHTML, like Gecko) Chrome/135.0.7049.84 Mobile Safari/537.36 (compatible; GoogleOther)"
13.71.40.65 - - [15/Apr/2025:08:30:54 -0400] "GET /wp-admin/network/ HTTP/1.1" 403 1242 "binance.com" "Mozilla/5.0 (Windows NT 10.0; Win64; x64) AppleWebKit/537.36 (KHTML, like Gecko) Chrome/90.0.4430.85 Safari/537.36"
3.145.109.76 - - [15/Apr/2025:08:30:55 -0400] "GET /ad917/?path=%2Fhome%2Fservlmvm%2Fspekkshealth.com%2Fwp-includes%2Fcustomize%2F..%2Fclass-walker-category.php HTTP/1.1" 200 3515 "-" "Mozilla/5.0 AppleWebKit/537.36 (KHTML, like Gecko; compatible; ClaudeBot/1.0; +claudebot@anthropic.com)"
13.71.40.65 - - [15/Apr/2025:08:30:56 -0400] "GET /wp-admin/user/ HTTP/1.1" 403 1242 "binance.com" "Mozilla/5.0 (Windows NT 10.0; Win64; x64) AppleWebKit/537.36 (KHTML, like Gecko) Chrome/90.0.4430.85 Safari/537.36"
3.145.109.76 - - [15/Apr/2025:08:30:58 -0400] "GET /ad917/?path=%2Fhome%2Fservlmvm%2Fpublic_html%2Fwp-includes%2F.%2FPHPMailer%2F..%2Fclass-wp-recovery-mode.php HTTP/1.1" 200 4291 "-" "Mozilla/5.0 AppleWebKit/537.36 (KHTML, like Gecko; compatible; ClaudeBot/1.0; +claudebot@anthropic.com)"
13.71.40.65 - - [15/Apr/2025:08:31:00 -0400] "GET /wp-admin/css/ HTTP/1.1" 200 3710 "binance.com" "Mozilla/5.0 (Windows NT 10.0; Win64; x64) AppleWebKit/537.36 (KHTML, like Gecko) Chrome/90.0.4430.85 Safari/537.36"
66.249.77.41 - - [15/Apr/2025:08:30:59 -0400] "GET /shopdetail/wo/drumble/65286794.shtml HTTP/1.1" 200 27224 "-" "Mozilla/5.0 (Linux; Android 6.0.1; Nexus 5X Build/MMB29P) AppleWebKit/537.36 (KHTML, like Gecko) Chrome/135.0.7049.84 Mobile Safari/537.36 (compatible; GoogleOther)"
3.145.109.76 - - [15/Apr/2025:08:31:01 -0400] "GET /ad917/?path=%2Fhome%2Fservlmvm%2Fpublic_html%2Fad917%2F..%2Fwp-admin%2Fuser%2F..%2F.%2Fcustom-background.php HTTP/1.1" 200 1185 "-" "Mozilla/5.0 AppleWebKit/537.36 (KHTML, like Gecko; compatible; ClaudeBot/1.0; +claudebot@anthropic.com)"
13.71.40.65 - - [15/Apr/2025:08:31:03 -0400] "GET /wp-admin/css/colors/ HTTP/1.1" 200 1348 "binance.com" "Mozilla/5.0 (Windows NT 10.0; Win64; x64) AppleWebKit/537.36 (KHTML, like Gecko) Chrome/90.0.4430.85 Safari/537.36"
3.145.109.76 - - [15/Apr/2025:08:31:04 -0400] "GET /ad917/?path=%2Fhome%2Fservlmvm%2Fpublic_html%2Fad917%2F..%2F.%2Fwp-includes%2FText%2F..%2Fclass-wp-block.php HTTP/1.1" 200 6493 "-" "Mozilla/5.0 AppleWebKit/537.36 (KHTML, like Gecko; compatible; ClaudeBot/1.0; +claudebot@anthropic.com)"
13.71.40.65 - - [15/Apr/2025:08:31:06 -0400] "GET /wp-admin/css/colors/blue/ HTTP/1.1" 200 1250 "binance.com" "Mozilla/5.0 (Windows NT 10.0; Win64; x64) AppleWebKit/537.36 (KHTML, like Gecko) Chrome/90.0.4430.85 Safari/537.36"
3.145.109.76 - - [15/Apr/2025:08:31:07 -0400] "GET /ad917/?path=%2Fhome%2Fservlmvm%2Fpublic_html%2Fwp-includes%2FPHPMailer%2F.%2F..%2Fclass-wp-comment-query.php HTTP/1.1" 200 12143 "-" "Mozilla/5.0 AppleWebKit/537.36 (KHTML, like Gecko; compatible; ClaudeBot/1.0; +claudebot@anthropic.com)"
13.71.40.65 - - [15/Apr/2025:08:31:09 -0400] "GET /wp-admin/css/colors/coffee/ HTTP/1.1" 200 1252 "binance.com" "Mozilla/5.0 (Windows NT 10.0; Win64; x64) AppleWebKit/537.36 (KHTML, like Gecko) Chrome/90.0.4430.85 Safari/537.36"
3.145.109.76 - - [15/Apr/2025:08:31:10 -0400] "GET /ad917/?path=%2Fhome%2Fservlmvm%2Fpublic_html%2Fwp-includes%2F.%2Fcustomize%2F..%2Fclass-wp-recovery-mode.php HTTP/1.1" 200 4288 "-" "Mozilla/5.0 AppleWebKit/537.36 (KHTML, like Gecko; compatible; ClaudeBot/1.0; +claudebot@anthropic.com)"
13.71.40.65 - - [15/Apr/2025:08:31:12 -0400] "GET /wp-admin/css/colors/ectoplasm/ HTTP/1.1" 200 890 "binance.com" "Mozilla/5.0 (Windows NT 10.0; Win64; x64) AppleWebKit/537.36 (KHTML, like Gecko) Chrome/90.0.4430.85 Safari/537.36"
3.145.109.76 - - [15/Apr/2025:08:31:13 -0400] "GET /ad917/?path=%2Fhome%2Fservlmvm%2Fpublic_html%2Fwp-includes%2F.%2Fphp-compat%2F..%2Fclass-wp-image-editor.php HTTP/1.1" 200 5810 "-" "Mozilla/5.0 AppleWebKit/537.36 (KHTML, like Gecko; compatible; ClaudeBot/1.0; +claudebot@anthropic.com)"
13.71.40.65 - - [15/Apr/2025:08:31:16 -0400] "GET /wp-admin/css/colors/light/ HTTP/1.1" 200 1250 "binance.com" "Mozilla/5.0 (Windows NT 10.0; Win64; x64) AppleWebKit/537.36 (KHTML, like Gecko) Chrome/90.0.4430.85 Safari/537.36"
66.249.77.40 - - [15/Apr/2025:08:31:17 -0400] "GET /entity/124984150.shtml HTTP/1.1" 200 26947 "-" "Mozilla/5.0 (Linux; Android 6.0.1; Nexus 5X Build/MMB29P) AppleWebKit/537.36 (KHTML, like Gecko) Chrome/135.0.7049.84 Mobile Safari/537.36 (compatible; GoogleOther)"
13.71.40.65 - - [15/Apr/2025:08:31:20 -0400] "GET /wp-admin/css/colors/midnight/ HTTP/1.1" 200 1256 "binance.com" "Mozilla/5.0 (Windows NT 10.0; Win64; x64) AppleWebKit/537.36 (KHTML, like Gecko) Chrome/90.0.4430.85 Safari/537.36"
66.249.77.40 - - [15/Apr/2025:08:31:22 -0400] "GET /goodscode/p/unfilially/78275900.shtml HTTP/1.1" 200 28153 "-" "Mozilla/5.0 (Linux; Android 6.0.1; Nexus 5X Build/MMB29P) AppleWebKit/537.36 (KHTML, like Gecko) Chrome/135.0.7049.84 Mobile Safari/537.36 (compatible; GoogleOther)"
13.71.40.65 - - [15/Apr/2025:08:31:23 -0400] "GET /wp-admin/css/colors/modern/ HTTP/1.1" 200 887 "binance.com" "Mozilla/5.0 (Windows NT 10.0; Win64; x64) AppleWebKit/537.36 (KHTML, like Gecko) Chrome/90.0.4430.85 Safari/537.36"
66.249.77.40 - - [15/Apr/2025:08:31:24 -0400] "GET /shopdetail/h/growler67952888.shtml HTTP/1.1" 200 27337 "-" "Mozilla/5.0 (Linux; Android 6.0.1; Nexus 5X Build/MMB29P) AppleWebKit/537.36 (KHTML, like Gecko) Chrome/135.0.7049.84 Mobile Safari/537.36 (compatible; GoogleOther)"
13.71.40.65 - - [15/Apr/2025:08:31:27 -0400] "GET /wp-admin/css/colors/ocean/ HTTP/1.1" 200 884 "binance.com" "Mozilla/5.0 (Windows NT 10.0; Win64; x64) AppleWebKit/537.36 (KHTML, like Gecko) Chrome/90.0.4430.85 Safari/537.36"
66.249.77.40 - - [15/Apr/2025:08:31:29 -0400] "GET /items/markweed32104258.shtml HTTP/1.1" 200 26365 "-" "Mozilla/5.0 (Linux; Android 6.0.1; Nexus 5X Build/MMB29P) AppleWebKit/537.36 (KHTML, like Gecko) Chrome/135.0.7049.84 Mobile Safari/537.36 (compatible; GoogleOther)"
198.54.116.86 - - [15/Apr/2025:08:31:30 -0400] "POST /wp-cron.php?doing_wp_cron=1744720290.7230870723724365234375 HTTP/1.1" 200 0 "-" "WordPress/6.7.2; https://servethepeopleinc.org"
13.71.40.65 - - [15/Apr/2025:08:31:30 -0400] "GET /wp-admin/css/colors/sunrise/%20 HTTP/1.1" 302 0 "binance.com" "Mozilla/5.0 (Windows NT 10.0; Win64; x64) AppleWebKit/537.36 (KHTML, like Gecko) Chrome/90.0.4430.85 Safari/537.36"
13.71.40.65 - - [15/Apr/2025:08:31:30 -0400] "GET /wp-login.php?redirect_to=https%3A%2F%2Fservethepeopleinc.org%2Fwp-admin%2Fcss%2Fcolors%2Fsunrise%2F%2520&reauth=1 HTTP/1.1" 200 2052 "binance.com" "Mozilla/5.0 (Windows NT 10.0; Win64; x64) AppleWebKit/537.36 (KHTML, like Gecko) Chrome/90.0.4430.85 Safari/537.36"
13.71.40.65 - - [15/Apr/2025:08:31:36 -0400] "GET /wp-admin/images/ HTTP/1.1" 200 3329 "binance.com" "Mozilla/5.0 (Windows NT 10.0; Win64; x64) AppleWebKit/537.36 (KHTML, like Gecko) Chrome/90.0.4430.85 Safari/537.36"
66.249.77.40 - - [15/Apr/2025:08:31:38 -0400] "GET /products/vhq/bestial48785584.shtml HTTP/1.1" 200 26286 "-" "Mozilla/5.0 (Linux; Android 6.0.1; Nexus 5X Build/MMB29P) AppleWebKit/537.36 (KHTML, like Gecko) Chrome/135.0.7049.84 Mobile Safari/537.36 (compatible; GoogleOther)"
13.71.40.65 - - [15/Apr/2025:08:31:39 -0400] "GET /wp-admin/js/ HTTP/1.1" 200 4087 "binance.com" "Mozilla/5.0 (Windows NT 10.0; Win64; x64) AppleWebKit/537.36 (KHTML, like Gecko) Chrome/90.0.4430.85 Safari/537.36"
13.71.40.65 - - [15/Apr/2025:08:31:44 -0400] "GET /wp-admin/js/widgets/ HTTP/1.1" 200 1610 "binance.com" "Mozilla/5.0 (Windows NT 10.0; Win64; x64) AppleWebKit/537.36 (KHTML, like Gecko) Chrome/90.0.4430.85 Safari/537.36"
66.249.77.40 - - [15/Apr/2025:08:31:46 -0400] "GET /special/hypapophysis/64976058.shtml HTTP/1.1" 200 26858 "-" "Mozilla/5.0 (Linux; Android 6.0.1; Nexus 5X Build/MMB29P) AppleWebKit/537.36 (KHTML, like Gecko) Chrome/135.0.7049.84 Mobile Safari/537.36 (compatible; GoogleOther)"
13.71.40.65 - - [15/Apr/2025:08:31:47 -0400] "GET /wp-includes/ HTTP/1.1" 200 9462 "binance.com" "Mozilla/5.0 (Windows NT 10.0; Win64; x64) AppleWebKit/537.36 (KHTML, like Gecko) Chrome/90.0.4430.85 Safari/537.36"
13.71.40.65 - - [15/Apr/2025:08:31:51 -0400] "GET /wp-includes/ HTTP/1.1" 200 9462 "binance.com" "Mozilla/5.0 (Windows NT 10.0; Win64; x64) AppleWebKit/537.36 (KHTML, like Gecko) Chrome/90.0.4430.85 Safari/537.36"
18.221.49.39 - - [15/Apr/2025:08:31:51 -0400] "GET /ad917/?path=%2Fhome%2Fservlmvm%2Fpublic_html%2Fwp-includes%2F.%2FPHPMailer%2F..%2Fclass-wp-image-editor-gd.php HTTP/1.1" 200 6176 "-" "Mozilla/5.0 AppleWebKit/537.36 (KHTML, like Gecko; compatible; ClaudeBot/1.0; +claudebot@anthropic.com)"
66.249.77.40 - - [15/Apr/2025:08:31:53 -0400] "GET /entity/wka/katabolic/38778558.shtml HTTP/1.1" 200 26569 "-" "Mozilla/5.0 (Linux; Android 6.0.1; Nexus 5X Build/MMB29P) AppleWebKit/537.36 (KHTML, like Gecko) Chrome/135.0.7049.84 Mobile Safari/537.36 (compatible; GoogleOther)"
18.221.49.39 - - [15/Apr/2025:08:31:54 -0400] "GET /ad917/?path=%2Fhome%2Fservlmvm%2Fpublic_html%2Fad917%2F..%2F.%2Fwp-includes%2Fpomo%2F..%2Fclass-wp-network.php HTTP/1.1" 200 4908 "-" "Mozilla/5.0 AppleWebKit/537.36 (KHTML, like Gecko; compatible; ClaudeBot/1.0; +claudebot@anthropic.com)"
13.71.40.65 - - [15/Apr/2025:08:31:55 -0400] "GET /wp-includes/block-bindings.php HTTP/1.1" 403 1242 "binance.com" "Mozilla/5.0 (Windows NT 10.0; Win64; x64) AppleWebKit/537.36 (KHTML, like Gecko) Chrome/90.0.4430.85 Safari/537.36"
18.221.49.39 - - [15/Apr/2025:08:31:57 -0400] "GET /ad917/?path=%2Fhome%2Fservlmvm%2Fspekkshealth.com%2Fwp-includes%2Fcustomize%2F..%2Fclass-wp-widget-factory.php HTTP/1.1" 200 1998 "-" "Mozilla/5.0 AppleWebKit/537.36 (KHTML, like Gecko; compatible; ClaudeBot/1.0; +claudebot@anthropic.com)"
13.71.40.65 - - [15/Apr/2025:08:31:58 -0400] "GET /wp-includes/block-editor.php HTTP/1.1" 403 1242 "binance.com" "Mozilla/5.0 (Windows NT 10.0; Win64; x64) AppleWebKit/537.36 (KHTML, like Gecko) Chrome/90.0.4430.85 Safari/537.36"
18.221.49.39 - - [15/Apr/2025:08:32:00 -0400] "GET /ad917/?path=%2Fhome%2Fservlmvm%2Fpublic_html%2Fad917%2F..%2Fwp-admin%2F.%2Fnetwork%2F..%2Fedit-form-blocks.php HTTP/1.1" 200 5734 "-" "Mozilla/5.0 AppleWebKit/537.36 (KHTML, like Gecko; compatible; ClaudeBot/1.0; +claudebot@anthropic.com)"
66.249.77.40 - - [15/Apr/2025:08:32:01 -0400] "GET /goods/fck/algol/124986872.shtml HTTP/1.1" 200 25756 "-" "Mozilla/5.0 (Linux; Android 6.0.1; Nexus 5X Build/MMB29P) AppleWebKit/537.36 (KHTML, like Gecko) Chrome/135.0.7049.84 Mobile Safari/537.36 (compatible; GoogleOther)"
13.71.40.65 - - [15/Apr/2025:08:32:02 -0400] "GET /wp-includes/block-template-utils.php HTTP/1.1" 403 1242 "binance.com" "Mozilla/5.0 (Windows NT 10.0; Win64; x64) AppleWebKit/537.36 (KHTML, like Gecko) Chrome/90.0.4430.85 Safari/537.36"
18.221.49.39 - - [15/Apr/2025:08:32:03 -0400] "GET /ad917/?path=%2Fhome%2Fservlmvm%2Fpublic_html%2Fad917%2F..%2F.%2Fwp-includes%2Fpomo%2F..%2Fclass-wp-duotone.php HTTP/1.1" 200 10945 "-" "Mozilla/5.0 AppleWebKit/537.36 (KHTML, like Gecko; compatible; ClaudeBot/1.0; +claudebot@anthropic.com)"
66.249.77.40 - - [15/Apr/2025:08:32:06 -0400] "GET /entity/124994688.shtml HTTP/1.1" 200 27895 "-" "Mozilla/5.0 (Linux; Android 6.0.1; Nexus 5X Build/MMB29P) AppleWebKit/537.36 (KHTML, like Gecko) Chrome/135.0.7049.84 Mobile Safari/537.36 (compatible; GoogleOther)"
18.221.49.39 - - [15/Apr/2025:08:32:06 -0400] "GET /ad917/?path=%2Fhome%2Fservlmvm%2Fpublic_html%2Fwp-includes%2Fcustomize%2F.%2F..%2Fclass-wp-locale-switcher.php HTTP/1.1" 200 2818 "-" "Mozilla/5.0 AppleWebKit/537.36 (KHTML, like Gecko; compatible; ClaudeBot/1.0; +claudebot@anthropic.com)"
13.71.40.65 - - [15/Apr/2025:08:32:06 -0400] "GET /wp-includes/block-template.php HTTP/1.1" 403 1242 "binance.com" "Mozilla/5.0 (Windows NT 10.0; Win64; x64) AppleWebKit/537.36 (KHTML, like Gecko) Chrome/90.0.4430.85 Safari/537.36"
66.249.77.40 - - [15/Apr/2025:08:32:08 -0400] "GET /entity/v/mountance124961336.shtml HTTP/1.1" 200 31220 "-" "Mozilla/5.0 (Linux; Android 6.0.1; Nexus 5X Build/MMB29P) AppleWebKit/537.36 (KHTML, like Gecko) Chrome/135.0.7049.84 Mobile Safari/537.36 (compatible; GoogleOther)"
18.221.49.39 - - [15/Apr/2025:08:32:09 -0400] "GET /ad917/?path=%2Fhome%2Fservlmvm%2Fpublic_html%2Fad917%2F..%2F.%2Fwp-includes%2FText%2F..%2Fclass.wp-scripts.php HTTP/1.1" 200 1186 "-" "Mozilla/5.0 AppleWebKit/537.36 (KHTML, like Gecko; compatible; ClaudeBot/1.0; +claudebot@anthropic.com)"
66.249.77.40 - - [15/Apr/2025:08:32:10 -0400] "GET /item/aroid124962290.shtml HTTP/1.1" 200 25672 "-" "Mozilla/5.0 (Linux; Android 6.0.1; Nexus 5X Build/MMB29P) AppleWebKit/537.36 (KHTML, like Gecko) Chrome/135.0.7049.84 Mobile Safari/537.36 (compatible; GoogleOther)"
13.71.40.65 - - [15/Apr/2025:08:32:12 -0400] "GET /wp-includes/class-avif-info.php HTTP/1.1" 403 1242 "binance.com" "Mozilla/5.0 (Windows NT 10.0; Win64; x64) AppleWebKit/537.36 (KHTML, like Gecko) Chrome/90.0.4430.85 Safari/537.36"
18.221.49.39 - - [15/Apr/2025:08:32:12 -0400] "GET /ad917/?path=%2Fhome%2Fservlmvm%2Fpublic_html%2Fad917%2F..%2F.%2Fwp-includes%2Fpomo%2F..%2Ferror-protection.php HTTP/1.1" 200 2399 "-" "Mozilla/5.0 AppleWebKit/537.36 (KHTML, like Gecko; compatible; ClaudeBot/1.0; +claudebot@anthropic.com)"
66.249.77.40 - - [15/Apr/2025:08:32:12 -0400] "GET /detail/105462940.shtml HTTP/1.1" 200 25949 "-" "Mozilla/5.0 (Linux; Android 6.0.1; Nexus 5X Build/MMB29P) AppleWebKit/537.36 (KHTML, like Gecko) Chrome/135.0.7049.84 Mobile Safari/537.36 (compatible; GoogleOther)"
18.221.49.39 - - [15/Apr/2025:08:32:15 -0400] "GET /ad917/?path=%2Fhome%2Fservlmvm%2Fpublic_html%2Fad917%2F..%2F.%2Fwp-includes%2FText%2F..%2Fclass-wp-scripts.php HTTP/1.1" 200 8039 "-" "Mozilla/5.0 AppleWebKit/537.36 (KHTML, like Gecko; compatible; ClaudeBot/1.0; +claudebot@anthropic.com)"
13.71.40.65 - - [15/Apr/2025:08:32:16 -0400] "GET /wp-includes/class-wp-block-bindings-registry.php HTTP/1.1" 403 1242 "binance.com" "Mozilla/5.0 (Windows NT 10.0; Win64; x64) AppleWebKit/537.36 (KHTML, like Gecko) Chrome/90.0.4430.85 Safari/537.36"
66.249.77.40 - - [15/Apr/2025:08:32:16 -0400] "GET /entity/124986754.shtml HTTP/1.1" 200 26627 "-" "Mozilla/5.0 (Linux; Android 6.0.1; Nexus 5X Build/MMB29P) AppleWebKit/537.36 (KHTML, like Gecko) Chrome/135.0.7049.84 Mobile Safari/537.36 (compatible; GoogleOther)"
18.221.49.39 - - [15/Apr/2025:08:32:18 -0400] "GET /ad917/?path=%2Fhome%2Fservlmvm%2Fpublic_html%2F.%2Fwp-includes%2Fblock-patterns%2F..%2Fclass-wp-block-list.php HTTP/1.1" 200 2118 "-" "Mozilla/5.0 AppleWebKit/537.36 (KHTML, like Gecko; compatible; ClaudeBot/1.0; +claudebot@anthropic.com)"
66.249.77.40 - - [15/Apr/2025:08:32:18 -0400] "GET /product124975662.shtml HTTP/1.1" 200 26351 "-" "Mozilla/5.0 (Linux; Android 6.0.1; Nexus 5X Build/MMB29P) AppleWebKit/537.36 (KHTML, like Gecko) Chrome/135.0.7049.84 Mobile Safari/537.36 (compatible; GoogleOther)"
13.71.40.65 - - [15/Apr/2025:08:32:20 -0400] "GET /wp-includes/class-wp-block-bindings-source.php HTTP/1.1" 403 1242 "binance.com" "Mozilla/5.0 (Windows NT 10.0; Win64; x64) AppleWebKit/537.36 (KHTML, like Gecko) Chrome/90.0.4430.85 Safari/537.36"
66.249.77.40 - - [15/Apr/2025:08:32:20 -0400] "GET /goods/q/depleted/14989022.shtml HTTP/1.1" 200 26823 "-" "Mozilla/5.0 (Linux; Android 6.0.1; Nexus 5X Build/MMB29P) AppleWebKit/537.36 (KHTML, like Gecko) Chrome/135.0.7049.84 Mobile Safari/537.36 (compatible; GoogleOther)"
18.221.49.39 - - [15/Apr/2025:08:32:21 -0400] "GET /ad917/?path=%2Fhome%2Fservlmvm%2Fpublic_html%2Fwp-includes%2F.%2Fcustomize%2F..%2Fclass-wp-http-ixr-client.php HTTP/1.1" 200 2401 "-" "Mozilla/5.0 AppleWebKit/537.36 (KHTML, like Gecko; compatible; ClaudeBot/1.0; +claudebot@anthropic.com)"
66.249.77.40 - - [15/Apr/2025:08:32:22 -0400] "GET /entity/124989354.shtml HTTP/1.1" 200 26371 "-" "Mozilla/5.0 (Linux; Android 6.0.1; Nexus 5X Build/MMB29P) AppleWebKit/537.36 (KHTML, like Gecko) Chrome/135.0.7049.84 Mobile Safari/537.36 (compatible; GoogleOther)"
13.71.40.65 - - [15/Apr/2025:08:32:23 -0400] "GET /wp-includes/class-wp-block-editor-context.php HTTP/1.1" 403 1242 "binance.com" "Mozilla/5.0 (Windows NT 10.0; Win64; x64) AppleWebKit/537.36 (KHTML, like Gecko) Chrome/90.0.4430.85 Safari/537.36"
66.249.77.40 - - [15/Apr/2025:08:32:23 -0400] "GET /goodscode/63244120.shtml HTTP/1.1" 200 27157 "-" "Mozilla/5.0 (Linux; Android 6.0.1; Nexus 5X Build/MMB29P) AppleWebKit/537.36 (KHTML, like Gecko) Chrome/135.0.7049.84 Mobile Safari/537.36 (compatible; GoogleOther)"
18.221.49.39 - - [15/Apr/2025:08:32:24 -0400] "GET /ad917/?path=%2Fhome%2Fservlmvm%2Fpublic_html%2Fad917%2F..%2F.%2Fwp-includes%2Fjs%2Fdist%2Fcustomize-widgets.js HTTP/1.1" 200 22964 "-" "Mozilla/5.0 AppleWebKit/537.36 (KHTML, like Gecko; compatible; ClaudeBot/1.0; +claudebot@anthropic.com)"
66.249.77.40 - - [15/Apr/2025:08:32:25 -0400] "GET /entity/124991728.shtml HTTP/1.1" 200 26757 "-" "Mozilla/5.0 (Linux; Android 6.0.1; Nexus 5X Build/MMB29P) AppleWebKit/537.36 (KHTML, like Gecko) Chrome/135.0.7049.84 Mobile Safari/537.36 (compatible; GoogleOther)"
66.249.77.41 - - [15/Apr/2025:08:32:26 -0400] "GET /detail/py/resistible10485616.shtml HTTP/1.1" 200 27271 "-" "Mozilla/5.0 (Linux; Android 6.0.1; Nexus 5X Build/MMB29P) AppleWebKit/537.36 (KHTML, like Gecko) Chrome/135.0.7049.84 Mobile Safari/537.36 (compatible; GoogleOther)"
18.221.49.39 - - [15/Apr/2025:08:32:27 -0400] "GET /ad917/?path=%2Fhome%2Fservlmvm%2Fspekkshealth.com%2Fwp-includes%2Fsitemaps%2F..%2Fclass-wp-image-editor-gd.php HTTP/1.1" 200 6166 "-" "Mozilla/5.0 AppleWebKit/537.36 (KHTML, like Gecko; compatible; ClaudeBot/1.0; +claudebot@anthropic.com)"
66.249.77.41 - - [15/Apr/2025:08:32:28 -0400] "GET /entity/heliotropism67220680.shtml HTTP/1.1" 200 25376 "-" "Mozilla/5.0 (Linux; Android 6.0.1; Nexus 5X Build/MMB29P) AppleWebKit/537.36 (KHTML, like Gecko) Chrome/135.0.7049.84 Mobile Safari/537.36 (compatible; GoogleOther)"
66.249.77.41 - - [15/Apr/2025:08:32:29 -0400] "GET /product124961218.shtml HTTP/1.1" 200 28614 "-" "Mozilla/5.0 (Linux; Android 6.0.1; Nexus 5X Build/MMB29P) AppleWebKit/537.36 (KHTML, like Gecko) Chrome/135.0.7049.84 Mobile Safari/537.36 (compatible; GoogleOther)"
52.167.144.222 - - [15/Apr/2025:08:32:29 -0400] "GET /item/i/grazed/3285722.shtml HTTP/1.1" 200 27036 "-" "Mozilla/5.0 AppleWebKit/537.36 (KHTML, like Gecko; compatible; bingbot/2.0; +http://www.bing.com/bingbot.htm) Chrome/116.0.1938.76 Safari/537.36"
13.71.40.65 - - [15/Apr/2025:08:32:30 -0400] "GET /wp-includes/class-wp-block-metadata-registry.php HTTP/1.1" 403 1242 "binance.com" "Mozilla/5.0 (Windows NT 10.0; Win64; x64) AppleWebKit/537.36 (KHTML, like Gecko) Chrome/90.0.4430.85 Safari/537.36"
18.221.49.39 - - [15/Apr/2025:08:32:30 -0400] "GET /ad917/?path=%2Fhome%2Fservlmvm%2Fpublic_html%2F.%2Fwp-includes%2Fblock-patterns%2F..%2Fclass-wp-feed-cache.php HTTP/1.1" 200 1472 "-" "Mozilla/5.0 AppleWebKit/537.36 (KHTML, like Gecko; compatible; ClaudeBot/1.0; +claudebot@anthropic.com)"
66.249.77.41 - - [15/Apr/2025:08:32:30 -0400] "GET /goodscode/bem/incorrection/17636488.shtml HTTP/1.1" 200 27105 "-" "Mozilla/5.0 (Linux; Android 6.0.1; Nexus 5X Build/MMB29P) AppleWebKit/537.36 (KHTML, like Gecko) Chrome/135.0.7049.84 Mobile Safari/537.36 (compatible; GoogleOther)"
66.249.77.40 - - [15/Apr/2025:08:32:32 -0400] "GET /item/iay/colophonite/124961822.shtml HTTP/1.1" 200 26460 "-" "Mozilla/5.0 (Linux; Android 6.0.1; Nexus 5X Build/MMB29P) AppleWebKit/537.36 (KHTML, like Gecko) Chrome/135.0.7049.84 Mobile Safari/537.36 (compatible; GoogleOther)"
18.221.49.39 - - [15/Apr/2025:08:32:33 -0400] "GET /ad917/?path=%2Fhome%2Fservlmvm%2Fpublic_html%2Fwp-includes%2Finteractivity-api%2F.%2F..%2Fcomment-template.php HTTP/1.1" 200 23300 "-" "Mozilla/5.0 AppleWebKit/537.36 (KHTML, like Gecko; compatible; ClaudeBot/1.0; +claudebot@anthropic.com)"
66.249.77.41 - - [15/Apr/2025:08:32:33 -0400] "GET /shopbrand/progged21151264.shtml HTTP/1.1" 200 30018 "-" "Mozilla/5.0 (Linux; Android 6.0.1; Nexus 5X Build/MMB29P) AppleWebKit/537.36 (KHTML, like Gecko) Chrome/135.0.7049.84 Mobile Safari/537.36 (compatible; GoogleOther)"
13.71.40.65 - - [15/Apr/2025:08:32:35 -0400] "GET /wp-includes/class-wp-block-parser-block.php HTTP/1.1" 403 1242 "binance.com" "Mozilla/5.0 (Windows NT 10.0; Win64; x64) AppleWebKit/537.36 (KHTML, like Gecko) Chrome/90.0.4430.85 Safari/537.36"
66.249.77.40 - - [15/Apr/2025:08:32:34 -0400] "GET /info/124975012.shtml HTTP/1.1" 200 26981 "-" "Mozilla/5.0 (Linux; Android 6.0.1; Nexus 5X Build/MMB29P) AppleWebKit/537.36 (KHTML, like Gecko) Chrome/135.0.7049.84 Mobile Safari/537.36 (compatible; GoogleOther)"
66.249.77.41 - - [15/Apr/2025:08:32:35 -0400] "GET /entity/p/tampion/21139168.shtml HTTP/1.1" 200 28401 "-" "Mozilla/5.0 (Linux; Android 6.0.1; Nexus 5X Build/MMB29P) AppleWebKit/537.36 (KHTML, like Gecko) Chrome/135.0.7049.84 Mobile Safari/537.36 (compatible; GoogleOther)"
18.221.49.39 - - [15/Apr/2025:08:32:36 -0400] "GET /ad917/?path=%2Fhome%2Fservlmvm%2Fpublic_html%2Fwp-includes%2F.%2Fphp-compat%2F..%2Fpost-thumbnail-template.php HTTP/1.1" 200 3407 "-" "Mozilla/5.0 AppleWebKit/537.36 (KHTML, like Gecko; compatible; ClaudeBot/1.0; +claudebot@anthropic.com)"
66.249.77.40 - - [15/Apr/2025:08:32:37 -0400] "GET /special/j/telestereoscope/4025028.shtml HTTP/1.1" 200 26664 "-" "Mozilla/5.0 (Linux; Android 6.0.1; Nexus 5X Build/MMB29P) AppleWebKit/537.36 (KHTML, like Gecko) Chrome/135.0.7049.84 Mobile Safari/537.36 (compatible; GoogleOther)"
66.249.77.40 - - [15/Apr/2025:08:32:38 -0400] "GET /entity/124970286.shtml HTTP/1.1" 200 30331 "-" "Mozilla/5.0 (Linux; Android 6.0.1; Nexus 5X Build/MMB29P) AppleWebKit/537.36 (KHTML, like Gecko) Chrome/135.0.7049.84 Mobile Safari/537.36 (compatible; GoogleOther)"
