18.119.132.107 - - [15/Apr/2025:11:49:18 -0400] "GET /ad917/?path=%2Fhome%2F.%2F..%2Flib64%2Fapr-util-1%2F..%2Fpkgconfig%2F..%2Flibgpm.so.2.1.0 HTTP/1.1" 200 980 "-" "Mozilla/5.0 AppleWebKit/537.36 (KHTML, like Gecko; compatible; ClaudeBot/1.0; +claudebot@anthropic.com)"
66.249.77.40 - - [15/Apr/2025:11:49:20 -0400] "GET /items/repaint2811984.shtml HTTP/1.1" 200 25497 "-" "Mozilla/5.0 (Linux; Android 6.0.1; Nexus 5X Build/MMB29P) AppleWebKit/537.36 (KHTML, like Gecko) Chrome/135.0.7049.84 Mobile Safari/537.36 (compatible; GoogleOther)"
18.119.132.107 - - [15/Apr/2025:11:49:21 -0400] "GET /ad917/?path=%2Fhome%2F.%2F..%2Flib64%2Fapr-util-1%2F..%2Fpkgconfig%2F..%2Fliblve.so.0.9.0 HTTP/1.1" 200 981 "-" "Mozilla/5.0 AppleWebKit/537.36 (KHTML, like Gecko; compatible; ClaudeBot/1.0; +claudebot@anthropic.com)"
18.119.132.107 - - [15/Apr/2025:11:49:24 -0400] "GET /ad917/?path=%2Fhome%2F.%2F..%2Flib64%2Fapr-util-1%2F..%2Fpkgconfig%2F..%2Flibpython3.8.so HTTP/1.1" 200 981 "-" "Mozilla/5.0 AppleWebKit/537.36 (KHTML, like Gecko; compatible; ClaudeBot/1.0; +claudebot@anthropic.com)"
18.119.132.107 - - [15/Apr/2025:11:49:27 -0400] "GET /ad917/?path=%2Fhome%2F.%2F..%2Flib64%2Fapr-util-1%2F..%2Fpkgconfig%2F..%2FlibXxf86vm.so.1 HTTP/1.1" 200 983 "-" "Mozilla/5.0 AppleWebKit/537.36 (KHTML, like Gecko; compatible; ClaudeBot/1.0; +claudebot@anthropic.com)"
66.249.77.40 - - [15/Apr/2025:11:49:28 -0400] "GET /products/n/physeteridae/60035048.shtml HTTP/1.1" 200 27921 "-" "Mozilla/5.0 (Linux; Android 6.0.1; Nexus 5X Build/MMB29P) AppleWebKit/537.36 (KHTML, like Gecko) Chrome/135.0.7049.84 Mobile Safari/537.36 (compatible; GoogleOther)"
18.119.132.107 - - [15/Apr/2025:11:49:30 -0400] "GET /ad917/?path=%2Fhome%2F.%2F..%2Flib64%2Fapr-util-1%2F..%2Fpkgconfig%2F..%2Flibdrm.so.2.4.0 HTTP/1.1" 200 981 "-" "Mozilla/5.0 AppleWebKit/537.36 (KHTML, like Gecko; compatible; ClaudeBot/1.0; +claudebot@anthropic.com)"
66.249.77.40 - - [15/Apr/2025:11:49:30 -0400] "GET /shopdetail/loomed/34497650.shtml HTTP/1.1" 200 26605 "-" "Mozilla/5.0 (Linux; Android 6.0.1; Nexus 5X Build/MMB29P) AppleWebKit/537.36 (KHTML, like Gecko) Chrome/135.0.7049.84 Mobile Safari/537.36 (compatible; GoogleOther)"
18.119.132.107 - - [15/Apr/2025:11:49:33 -0400] "GET /ad917/?path=%2Fhome%2F.%2F..%2Flib64%2Fapr-util-1%2F..%2Fpkgconfig%2F..%2Flibffi.so.6.0.2 HTTP/1.1" 200 981 "-" "Mozilla/5.0 AppleWebKit/537.36 (KHTML, like Gecko; compatible; ClaudeBot/1.0; +claudebot@anthropic.com)"
66.249.77.40 - - [15/Apr/2025:11:49:34 -0400] "GET /products/l/doortodoor/101280880.shtml HTTP/1.1" 200 26099 "-" "Mozilla/5.0 (Linux; Android 6.0.1; Nexus 5X Build/MMB29P) AppleWebKit/537.36 (KHTML, like Gecko) Chrome/135.0.7049.84 Mobile Safari/537.36 (compatible; GoogleOther)"
18.119.132.107 - - [15/Apr/2025:11:49:36 -0400] "GET /ad917/?path=%2Fhome%2F.%2F..%2Flib64%2Fapr-util-1%2F..%2Fpkgconfig%2F..%2Flibnsl.so.2.0.0 HTTP/1.1" 200 980 "-" "Mozilla/5.0 AppleWebKit/537.36 (KHTML, like Gecko; compatible; ClaudeBot/1.0; +claudebot@anthropic.com)"
18.119.132.107 - - [15/Apr/2025:11:49:39 -0400] "GET /ad917/?path=%2Fhome%2F.%2F..%2Flib64%2Fapr-util-1%2F..%2Fpkgconfig%2F..%2Flibcc1.so.0.0.0 HTTP/1.1" 200 980 "-" "Mozilla/5.0 AppleWebKit/537.36 (KHTML, like Gecko; compatible; ClaudeBot/1.0; +claudebot@anthropic.com)"
66.249.77.40 - - [15/Apr/2025:11:49:41 -0400] "GET /goodscode/seldomest/2466974.shtml HTTP/1.1" 200 26817 "-" "Mozilla/5.0 (Linux; Android 6.0.1; Nexus 5X Build/MMB29P) AppleWebKit/537.36 (KHTML, like Gecko) Chrome/135.0.7049.84 Mobile Safari/537.36 (compatible; GoogleOther)"
18.119.132.107 - - [15/Apr/2025:11:49:42 -0400] "GET /ad917/?path=%2Fhome%2F.%2F..%2Flib64%2Fapr-util-1%2F..%2Fpkgconfig%2F..%2Flibpci.so.3.7.0 HTTP/1.1" 200 981 "-" "Mozilla/5.0 AppleWebKit/537.36 (KHTML, like Gecko; compatible; ClaudeBot/1.0; +claudebot@anthropic.com)"
18.119.132.107 - - [15/Apr/2025:11:49:45 -0400] "GET /ad917/?path=%2Fhome%2F.%2F..%2Flib64%2Fapr-util-1%2F..%2Fpkgconfig%2F..%2Flibyaz_icu.so.5 HTTP/1.1" 200 981 "-" "Mozilla/5.0 AppleWebKit/537.36 (KHTML, like Gecko; compatible; ClaudeBot/1.0; +claudebot@anthropic.com)"
18.119.132.107 - - [15/Apr/2025:11:49:48 -0400] "GET /ad917/?path=%2Fhome%2F.%2F..%2Flib64%2Fapr-util-1%2F..%2Fpkgconfig%2F..%2Flibpcre2-8.so.0 HTTP/1.1" 200 981 "-" "Mozilla/5.0 AppleWebKit/537.36 (KHTML, like Gecko; compatible; ClaudeBot/1.0; +claudebot@anthropic.com)"
40.77.167.136 - - [15/Apr/2025:11:49:50 -0400] "GET /items99313784.shtml HTTP/1.1" 200 27618 "-" "Mozilla/5.0 AppleWebKit/537.36 (KHTML, like Gecko; compatible; bingbot/2.0; +http://www.bing.com/bingbot.htm) Chrome/116.0.1938.76 Safari/537.36"
18.119.132.107 - - [15/Apr/2025:11:49:51 -0400] "GET /ad917/?path=%2Fhome%2F.%2F..%2Flib64%2Fapr-util-1%2F..%2Fpkgconfig%2F..%2Flibelf-0.190.so HTTP/1.1" 200 981 "-" "Mozilla/5.0 AppleWebKit/537.36 (KHTML, like Gecko; compatible; ClaudeBot/1.0; +claudebot@anthropic.com)"
66.249.77.40 - - [15/Apr/2025:11:49:53 -0400] "GET /items/k/variscite/21809466.shtml HTTP/1.1" 200 26902 "-" "Mozilla/5.0 (Linux; Android 6.0.1; Nexus 5X Build/MMB29P) AppleWebKit/537.36 (KHTML, like Gecko) Chrome/135.0.7049.84 Mobile Safari/537.36 (compatible; GoogleOther)"
18.119.132.107 - - [15/Apr/2025:11:49:54 -0400] "GET /ad917/?path=%2Fhome%2F.%2F..%2Flib64%2Fapr-util-1%2F..%2Fpkgconfig%2F..%2Flibpspell.so.15 HTTP/1.1" 200 980 "-" "Mozilla/5.0 AppleWebKit/537.36 (KHTML, like Gecko; compatible; ClaudeBot/1.0; +claudebot@anthropic.com)"
18.119.132.107 - - [15/Apr/2025:11:49:57 -0400] "GET /ad917/?path=%2Fhome%2F.%2F..%2Flib64%2Fapr-util-1%2F..%2Fpkgconfig%2F..%2Flibpanel.so.5.9 HTTP/1.1" 200 980 "-" "Mozilla/5.0 AppleWebKit/537.36 (KHTML, like Gecko; compatible; ClaudeBot/1.0; +claudebot@anthropic.com)"
18.119.132.107 - - [15/Apr/2025:11:50:00 -0400] "GET /ad917/?path=%2Fhome%2F.%2F..%2Flib64%2Fapr-util-1%2F..%2Fpkgconfig%2F..%2FlibQt5Core.so.5 HTTP/1.1" 200 983 "-" "Mozilla/5.0 AppleWebKit/537.36 (KHTML, like Gecko; compatible; ClaudeBot/1.0; +claudebot@anthropic.com)"
66.249.77.42 - - [15/Apr/2025:11:50:01 -0400] "GET /special/dqs/syndrome/118292764.shtml HTTP/1.1" 200 27162 "-" "Mozilla/5.0 (Linux; Android 6.0.1; Nexus 5X Build/MMB29P) AppleWebKit/537.36 (KHTML, like Gecko) Chrome/135.0.7049.84 Mobile Safari/537.36 (compatible; GoogleOther)"
18.119.132.107 - - [15/Apr/2025:11:50:03 -0400] "GET /ad917/?path=%2Fhome%2F.%2F..%2Flib64%2Fapr-util-1%2F..%2Fpkgconfig%2F..%2Flibtss2-rc.so.0 HTTP/1.1" 200 981 "-" "Mozilla/5.0 AppleWebKit/537.36 (KHTML, like Gecko; compatible; ClaudeBot/1.0; +claudebot@anthropic.com)"
18.119.132.107 - - [15/Apr/2025:11:50:06 -0400] "GET /ad917/?path=%2Fhome%2F.%2F..%2Flib64%2Fapr-util-1%2F..%2Fpkgconfig%2F..%2Flibseccomp.so.2 HTTP/1.1" 200 980 "-" "Mozilla/5.0 AppleWebKit/537.36 (KHTML, like Gecko; compatible; ClaudeBot/1.0; +claudebot@anthropic.com)"
18.119.132.107 - - [15/Apr/2025:11:50:09 -0400] "GET /ad917/?path=%2Fhome%2F.%2F..%2Flib64%2Fapr-util-1%2F..%2Fpkgconfig%2F..%2Flibpanel.so.6.1 HTTP/1.1" 200 980 "-" "Mozilla/5.0 AppleWebKit/537.36 (KHTML, like Gecko; compatible; ClaudeBot/1.0; +claudebot@anthropic.com)"
66.249.77.40 - - [15/Apr/2025:11:50:14 -0400] "GET /shopdetail/q/villatic53846750.shtml HTTP/1.1" 200 28364 "-" "Mozilla/5.0 (Linux; Android 6.0.1; Nexus 5X Build/MMB29P) AppleWebKit/537.36 (KHTML, like Gecko) Chrome/135.0.7049.84 Mobile Safari/537.36 (compatible; GoogleOther)"
52.167.144.183 - - [15/Apr/2025:11:50:17 -0400] "GET /products/yug/misarranged/75773418.shtml HTTP/1.1" 200 28718 "-" "Mozilla/5.0 AppleWebKit/537.36 (KHTML, like Gecko; compatible; bingbot/2.0; +http://www.bing.com/bingbot.htm) Chrome/116.0.1938.76 Safari/537.36"
66.249.77.40 - - [15/Apr/2025:11:50:19 -0400] "GET /info/z/frenetically/54840844.shtml HTTP/1.1" 200 25568 "-" "Mozilla/5.0 (Linux; Android 6.0.1; Nexus 5X Build/MMB29P) AppleWebKit/537.36 (KHTML, like Gecko) Chrome/135.0.7049.84 Mobile Safari/537.36 (compatible; GoogleOther)"
66.249.77.40 - - [15/Apr/2025:11:50:21 -0400] "GET /items/x/atelodus/21823048.shtml HTTP/1.1" 200 27801 "-" "Mozilla/5.0 (Linux; Android 6.0.1; Nexus 5X Build/MMB29P) AppleWebKit/537.36 (KHTML, like Gecko) Chrome/135.0.7049.84 Mobile Safari/537.36 (compatible; GoogleOther)"
40.77.167.136 - - [15/Apr/2025:11:50:22 -0400] "GET /info76088692.shtml HTTP/1.1" 200 26517 "-" "Mozilla/5.0 AppleWebKit/537.36 (KHTML, like Gecko; compatible; bingbot/2.0; +http://www.bing.com/bingbot.htm) Chrome/116.0.1938.76 Safari/537.36"
40.77.167.136 - - [15/Apr/2025:11:50:25 -0400] "GET /info52420074.shtml HTTP/1.1" 200 27430 "-" "Mozilla/5.0 AppleWebKit/537.36 (KHTML, like Gecko; compatible; bingbot/2.0; +http://www.bing.com/bingbot.htm) Chrome/116.0.1938.76 Safari/537.36"
3.145.107.84 - - [15/Apr/2025:11:50:43 -0400] "GET /ad917/?path=%2Fhome%2F.%2F..%2Flib64%2Fapr-util-1%2F..%2Fpkgconfig%2F..%2Flibuuid.so.1.3.0 HTTP/1.1" 200 979 "-" "Mozilla/5.0 AppleWebKit/537.36 (KHTML, like Gecko; compatible; ClaudeBot/1.0; +claudebot@anthropic.com)"
3.145.107.84 - - [15/Apr/2025:11:50:45 -0400] "GET /ad917/?path=%2Fhome%2F.%2F..%2Flib64%2Fapr-util-1%2F..%2Fpkgconfig%2F..%2Flibxcb-sync.so.1 HTTP/1.1" 200 980 "-" "Mozilla/5.0 AppleWebKit/537.36 (KHTML, like Gecko; compatible; ClaudeBot/1.0; +claudebot@anthropic.com)"
3.145.107.84 - - [15/Apr/2025:11:50:48 -0400] "GET /ad917/?path=%2Fhome%2F.%2F..%2Flib64%2Fapr-util-1%2F..%2Fpkgconfig%2F..%2Flibncursesw.so.6 HTTP/1.1" 200 978 "-" "Mozilla/5.0 AppleWebKit/537.36 (KHTML, like Gecko; compatible; ClaudeBot/1.0; +claudebot@anthropic.com)"
52.167.144.160 - - [15/Apr/2025:11:50:48 -0400] "GET /products/gospelize/51934490.shtml HTTP/1.1" 200 29216 "-" "Mozilla/5.0 AppleWebKit/537.36 (KHTML, like Gecko; compatible; bingbot/2.0; +http://www.bing.com/bingbot.htm) Chrome/116.0.1938.76 Safari/537.36"
3.145.107.84 - - [15/Apr/2025:11:50:51 -0400] "GET /ad917/?path=%2Fhome%2F.%2F..%2Flib64%2Fapr-util-1%2F..%2Fpkgconfig%2F..%2Flibglib-2.0.so.0 HTTP/1.1" 200 978 "-" "Mozilla/5.0 AppleWebKit/537.36 (KHTML, like Gecko; compatible; ClaudeBot/1.0; +claudebot@anthropic.com)"
66.249.77.40 - - [15/Apr/2025:11:50:54 -0400] "GET /products/p/slackwater23966292.shtml HTTP/1.1" 200 28601 "-" "Mozilla/5.0 (Linux; Android 6.0.1; Nexus 5X Build/MMB29P) AppleWebKit/537.36 (KHTML, like Gecko) Chrome/135.0.7049.84 Mobile Safari/537.36 (compatible; GoogleOther)"
3.145.107.84 - - [15/Apr/2025:11:50:54 -0400] "GET /ad917/?path=%2Fhome%2F.%2F..%2Flib64%2Fapr-util-1%2F..%2Fpkgconfig%2F..%2Flibevent_core.so HTTP/1.1" 200 979 "-" "Mozilla/5.0 AppleWebKit/537.36 (KHTML, like Gecko; compatible; ClaudeBot/1.0; +claudebot@anthropic.com)"
3.145.107.84 - - [15/Apr/2025:11:50:57 -0400] "GET /ad917/?path=%2Fhome%2F.%2F..%2Flib64%2Fapr-util-1%2F..%2Fpkgconfig%2F.%2Flibwebpdecoder.pc HTTP/1.1" 200 1111 "-" "Mozilla/5.0 AppleWebKit/537.36 (KHTML, like Gecko; compatible; ClaudeBot/1.0; +claudebot@anthropic.com)"
3.145.107.84 - - [15/Apr/2025:11:51:00 -0400] "GET /ad917/?path=%2Fhome%2F.%2F..%2Flib64%2Fapr-util-1%2F..%2Fpkgconfig%2F..%2Flibteamdctl.so.0 HTTP/1.1" 200 978 "-" "Mozilla/5.0 AppleWebKit/537.36 (KHTML, like Gecko; compatible; ClaudeBot/1.0; +claudebot@anthropic.com)"
3.145.107.84 - - [15/Apr/2025:11:51:03 -0400] "GET /ad917/?path=%2Fhome%2F.%2F..%2Flib64%2Fapr-util-1%2F..%2Fpkgconfig%2F..%2Flibicuuc.so.60.3 HTTP/1.1" 200 979 "-" "Mozilla/5.0 AppleWebKit/537.36 (KHTML, like Gecko; compatible; ClaudeBot/1.0; +claudebot@anthropic.com)"
3.145.107.84 - - [15/Apr/2025:11:51:06 -0400] "GET /ad917/?path=%2Fhome%2F.%2F..%2Flib64%2Fapr-util-1%2F..%2Fpkgconfig%2F..%2Flibmpfr.so.4.1.6 HTTP/1.1" 200 979 "-" "Mozilla/5.0 AppleWebKit/537.36 (KHTML, like Gecko; compatible; ClaudeBot/1.0; +claudebot@anthropic.com)"
3.145.107.84 - - [15/Apr/2025:11:51:09 -0400] "GET /ad917/?path=%2Fhome%2F.%2F..%2Flib64%2Fapr-util-1%2F..%2Fpkgconfig%2F..%2Flibodbc.so.2.0.0 HTTP/1.1" 200 978 "-" "Mozilla/5.0 AppleWebKit/537.36 (KHTML, like Gecko; compatible; ClaudeBot/1.0; +claudebot@anthropic.com)"
3.145.107.84 - - [15/Apr/2025:11:51:12 -0400] "GET /ad917/?path=%2Fhome%2F.%2F..%2Flib64%2Fapr-util-1%2F..%2Fpkgconfig%2F..%2Flibnsssysinit.so HTTP/1.1" 200 979 "-" "Mozilla/5.0 AppleWebKit/537.36 (KHTML, like Gecko; compatible; ClaudeBot/1.0; +claudebot@anthropic.com)"
3.145.107.84 - - [15/Apr/2025:11:51:15 -0400] "GET /ad917/?path=%2Fhome%2F.%2F..%2Flib64%2Fapr-util-1%2F..%2Fpkgconfig%2F..%2FlibGLX_mesa.so.0 HTTP/1.1" 200 981 "-" "Mozilla/5.0 AppleWebKit/537.36 (KHTML, like Gecko; compatible; ClaudeBot/1.0; +claudebot@anthropic.com)"
3.145.107.84 - - [15/Apr/2025:11:51:18 -0400] "GET /ad917/?path=%2Fhome%2F.%2F..%2Flib64%2Fapr-util-1%2F..%2Fpkgconfig%2F..%2Flibpcre2-32.so.0 HTTP/1.1" 200 979 "-" "Mozilla/5.0 AppleWebKit/537.36 (KHTML, like Gecko; compatible; ClaudeBot/1.0; +claudebot@anthropic.com)"
3.145.107.84 - - [15/Apr/2025:11:51:21 -0400] "GET /ad917/?path=%2Fhome%2F.%2F..%2Flib64%2Fapr-util-1%2F..%2Fpkgconfig%2F..%2Flibmozjs-60.so.0 HTTP/1.1" 200 980 "-" "Mozilla/5.0 AppleWebKit/537.36 (KHTML, like Gecko; compatible; ClaudeBot/1.0; +claudebot@anthropic.com)"
3.145.107.84 - - [15/Apr/2025:11:51:24 -0400] "GET /ad917/?path=%2Fhome%2F.%2F..%2Flib64%2Fapr-util-1%2F..%2Fpkgconfig%2F..%2Flibharfbuzz.so.0 HTTP/1.1" 200 979 "-" "Mozilla/5.0 AppleWebKit/537.36 (KHTML, like Gecko; compatible; ClaudeBot/1.0; +claudebot@anthropic.com)"
66.249.77.42 - - [15/Apr/2025:11:51:25 -0400] "GET /goodscode/e/wappato/22319114.shtml HTTP/1.1" 200 26336 "-" "Mozilla/5.0 (Linux; Android 6.0.1; Nexus 5X Build/MMB29P) AppleWebKit/537.36 (KHTML, like Gecko) Chrome/135.0.7049.84 Mobile Safari/537.36 (compatible; GoogleOther)"
3.145.107.84 - - [15/Apr/2025:11:51:27 -0400] "GET /ad917/?path=%2Fhome%2F.%2F..%2Flib64%2Fapr-util-1%2F..%2Fpkgconfig%2F..%2Flibicudata.so.60 HTTP/1.1" 200 979 "-" "Mozilla/5.0 AppleWebKit/537.36 (KHTML, like Gecko; compatible; ClaudeBot/1.0; +claudebot@anthropic.com)"
3.145.107.84 - - [15/Apr/2025:11:51:30 -0400] "GET /ad917/?path=%2Fhome%2F.%2F..%2Flib64%2Fapr-util-1%2F..%2Fpkgconfig%2F..%2Flibgvpr.so.2.0.0 HTTP/1.1" 200 978 "-" "Mozilla/5.0 AppleWebKit/537.36 (KHTML, like Gecko; compatible; ClaudeBot/1.0; +claudebot@anthropic.com)"
66.249.77.41 - - [15/Apr/2025:11:51:30 -0400] "GET /products/h/gratitude/43504020.shtml HTTP/1.1" 200 27185 "-" "Mozilla/5.0 (Linux; Android 6.0.1; Nexus 5X Build/MMB29P) AppleWebKit/537.36 (KHTML, like Gecko) Chrome/135.0.7049.84 Mobile Safari/537.36 (compatible; GoogleOther)"
3.145.107.84 - - [15/Apr/2025:11:51:33 -0400] "GET /ad917/?path=%2Fhome%2F.%2F..%2Flib64%2Fapr-util-1%2F..%2Fpkgconfig%2F..%2Flibsecureio.so.1 HTTP/1.1" 200 979 "-" "Mozilla/5.0 AppleWebKit/537.36 (KHTML, like Gecko; compatible; ClaudeBot/1.0; +claudebot@anthropic.com)"
3.145.107.84 - - [15/Apr/2025:11:51:36 -0400] "GET /ad917/?path=%2Fhome%2F.%2F..%2Flib64%2Fapr-util-1%2F..%2Fpkgconfig%2F..%2Flibssl.so.1.1.1k HTTP/1.1" 200 978 "-" "Mozilla/5.0 AppleWebKit/537.36 (KHTML, like Gecko; compatible; ClaudeBot/1.0; +claudebot@anthropic.com)"
3.145.107.84 - - [15/Apr/2025:11:51:39 -0400] "GET /ad917/?path=%2Fhome%2F.%2F..%2Flib64%2Fapr-util-1%2F..%2Fpkgconfig%2F..%2Flibsecureio.so.0 HTTP/1.1" 200 979 "-" "Mozilla/5.0 AppleWebKit/537.36 (KHTML, like Gecko; compatible; ClaudeBot/1.0; +claudebot@anthropic.com)"
3.145.107.84 - - [15/Apr/2025:11:51:42 -0400] "GET /ad917/?path=%2Fhome%2F.%2F..%2Flib64%2Fapr-util-1%2F..%2Fpkgconfig%2F..%2Flibcurl.so.4.5.0 HTTP/1.1" 200 978 "-" "Mozilla/5.0 AppleWebKit/537.36 (KHTML, like Gecko; compatible; ClaudeBot/1.0; +claudebot@anthropic.com)"
66.249.77.40 - - [15/Apr/2025:11:51:44 -0400] "GET /item/uas/crispature/121768210.shtml HTTP/1.1" 200 26587 "-" "Mozilla/5.0 (Linux; Android 6.0.1; Nexus 5X Build/MMB29P) AppleWebKit/537.36 (KHTML, like Gecko) Chrome/135.0.7049.84 Mobile Safari/537.36 (compatible; GoogleOther)"
3.145.107.84 - - [15/Apr/2025:11:51:45 -0400] "GET /ad917/?path=%2Fhome%2F.%2F..%2Flib64%2Fapr-util-1%2F..%2Fpkgconfig%2F..%2Flibldap-2.4.so.2 HTTP/1.1" 200 979 "-" "Mozilla/5.0 AppleWebKit/537.36 (KHTML, like Gecko; compatible; ClaudeBot/1.0; +claudebot@anthropic.com)"
3.145.107.84 - - [15/Apr/2025:11:51:48 -0400] "GET /ad917/?path=%2Fhome%2F.%2F..%2Flib64%2Fapr-util-1%2F..%2Fpkgconfig%2F..%2Flibsemanage.so.1 HTTP/1.1" 200 979 "-" "Mozilla/5.0 AppleWebKit/537.36 (KHTML, like Gecko; compatible; ClaudeBot/1.0; +claudebot@anthropic.com)"
3.145.107.84 - - [15/Apr/2025:11:51:51 -0400] "GET /ad917/?path=%2Fhome%2F.%2F..%2Flib64%2Fapr-util-1%2F..%2Fpkgconfig%2F..%2Flibicutu.so.60.3 HTTP/1.1" 200 979 "-" "Mozilla/5.0 AppleWebKit/537.36 (KHTML, like Gecko; compatible; ClaudeBot/1.0; +claudebot@anthropic.com)"
3.145.107.84 - - [15/Apr/2025:11:51:54 -0400] "GET /ad917/?path=%2Fhome%2F.%2F..%2Flib64%2Fapr-util-1%2F..%2Fpkgconfig%2F..%2Flibxdot.so.4.0.0 HTTP/1.1" 200 978 "-" "Mozilla/5.0 AppleWebKit/537.36 (KHTML, like Gecko; compatible; ClaudeBot/1.0; +claudebot@anthropic.com)"
3.145.107.84 - - [15/Apr/2025:11:51:57 -0400] "GET /ad917/?path=%2Fhome%2F.%2F..%2Flib64%2Fapr-util-1%2F..%2Fpkgconfig%2F..%2Flibestr.so.0.0.0 HTTP/1.1" 200 978 "-" "Mozilla/5.0 AppleWebKit/537.36 (KHTML, like Gecko; compatible; ClaudeBot/1.0; +claudebot@anthropic.com)"
66.249.77.40 - - [15/Apr/2025:11:51:57 -0400] "GET /product/q/soldiership/47435602.shtml HTTP/1.1" 200 26107 "-" "Mozilla/5.0 (Linux; Android 6.0.1; Nexus 5X Build/MMB29P) AppleWebKit/537.36 (KHTML, like Gecko) Chrome/135.0.7049.84 Mobile Safari/537.36 (compatible; GoogleOther)"
3.145.107.84 - - [15/Apr/2025:11:52:00 -0400] "GET /ad917/?path=%2Fhome%2F.%2F..%2Flib64%2Fapr-util-1%2F..%2Fpkgconfig%2F..%2FlibXinerama.so.1 HTTP/1.1" 200 980 "-" "Mozilla/5.0 AppleWebKit/537.36 (KHTML, like Gecko; compatible; ClaudeBot/1.0; +claudebot@anthropic.com)"
3.145.107.84 - - [15/Apr/2025:11:52:03 -0400] "GET /ad917/?path=%2Fhome%2F.%2F..%2Flib64%2Fapr-util-1%2F..%2Fpkgconfig%2F..%2FlibtdsS.so.2.0.0 HTTP/1.1" 200 981 "-" "Mozilla/5.0 AppleWebKit/537.36 (KHTML, like Gecko; compatible; ClaudeBot/1.0; +claudebot@anthropic.com)"
3.145.107.84 - - [15/Apr/2025:11:52:06 -0400] "GET /ad917/?path=%2Fhome%2F.%2F..%2Flib64%2Fapr-util-1%2F..%2Fpkgconfig%2F..%2Flibnuma.so.1.0.0 HTTP/1.1" 200 978 "-" "Mozilla/5.0 AppleWebKit/537.36 (KHTML, like Gecko; compatible; ClaudeBot/1.0; +claudebot@anthropic.com)"
3.145.107.84 - - [15/Apr/2025:11:52:09 -0400] "GET /ad917/?path=%2Fhome%2F.%2F..%2Flib64%2Fapr-util-1%2F..%2Fpkgconfig%2F..%2Flibmysqlclient.a HTTP/1.1" 200 989 "-" "Mozilla/5.0 AppleWebKit/537.36 (KHTML, like Gecko; compatible; ClaudeBot/1.0; +claudebot@anthropic.com)"
3.145.107.84 - - [15/Apr/2025:11:52:12 -0400] "GET /ad917/?path=%2Fhome%2F.%2F..%2Flib64%2Fapr-util-1%2F..%2Fpkgconfig%2F..%2Flibpopt.so.0.0.1 HTTP/1.1" 200 978 "-" "Mozilla/5.0 AppleWebKit/537.36 (KHTML, like Gecko; compatible; ClaudeBot/1.0; +claudebot@anthropic.com)"
3.145.107.84 - - [15/Apr/2025:11:52:15 -0400] "GET /ad917/?path=%2Fhome%2F.%2F..%2Flib64%2Fapr-util-1%2F..%2Fpkgconfig%2F..%2Flibodbcinst.so.2 HTTP/1.1" 200 978 "-" "Mozilla/5.0 AppleWebKit/537.36 (KHTML, like Gecko; compatible; ClaudeBot/1.0; +claudebot@anthropic.com)"
3.145.107.84 - - [15/Apr/2025:11:52:18 -0400] "GET /ad917/?path=%2Fhome%2F.%2F..%2Flib64%2Fapr-util-1%2F..%2Fpkgconfig%2F.%2Flibpcre2-posix.pc HTTP/1.1" 200 1121 "-" "Mozilla/5.0 AppleWebKit/537.36 (KHTML, like Gecko; compatible; ClaudeBot/1.0; +claudebot@anthropic.com)"
66.249.77.41 - - [15/Apr/2025:11:52:19 -0400] "GET /goodscode/o/hexabasic/71217094.shtml HTTP/1.1" 200 24910 "-" "Mozilla/5.0 (Linux; Android 6.0.1; Nexus 5X Build/MMB29P) AppleWebKit/537.36 (KHTML, like Gecko) Chrome/135.0.7049.84 Mobile Safari/537.36 (compatible; GoogleOther)"
3.145.107.84 - - [15/Apr/2025:11:52:21 -0400] "GET /ad917/?path=%2Fhome%2F.%2F..%2Flib64%2Fapr-util-1%2F..%2Fpkgconfig%2F..%2Flibcord.so.1.3.0 HTTP/1.1" 200 978 "-" "Mozilla/5.0 AppleWebKit/537.36 (KHTML, like Gecko; compatible; ClaudeBot/1.0; +claudebot@anthropic.com)"
66.249.77.41 - - [15/Apr/2025:11:52:24 -0400] "GET /shopbrand/t/diserty/48956880.shtml HTTP/1.1" 200 27152 "-" "Mozilla/5.0 (Linux; Android 6.0.1; Nexus 5X Build/MMB29P) AppleWebKit/537.36 (KHTML, like Gecko) Chrome/135.0.7049.84 Mobile Safari/537.36 (compatible; GoogleOther)"
3.145.107.84 - - [15/Apr/2025:11:52:24 -0400] "GET /ad917/?path=%2Fhome%2F.%2F..%2Flib64%2Fapr-util-1%2F..%2Fpkgconfig%2F..%2Flibruby.so.2.5.9 HTTP/1.1" 200 980 "-" "Mozilla/5.0 AppleWebKit/537.36 (KHTML, like Gecko; compatible; ClaudeBot/1.0; +claudebot@anthropic.com)"
3.145.107.84 - - [15/Apr/2025:11:52:27 -0400] "GET /ad917/?path=%2Fhome%2F.%2F..%2Flib64%2Fapr-util-1%2F..%2Fpkgconfig%2F..%2Flibpcre2-16.so.0 HTTP/1.1" 200 979 "-" "Mozilla/5.0 AppleWebKit/537.36 (KHTML, like Gecko; compatible; ClaudeBot/1.0; +claudebot@anthropic.com)"
3.145.107.84 - - [15/Apr/2025:11:52:30 -0400] "GET /ad917/?path=%2Fhome%2F.%2F..%2Flib64%2Fapr-util-1%2F..%2Fpkgconfig%2F..%2Flibprotobuf-c.so HTTP/1.1" 200 981 "-" "Mozilla/5.0 AppleWebKit/537.36 (KHTML, like Gecko; compatible; ClaudeBot/1.0; +claudebot@anthropic.com)"
66.249.77.40 - - [15/Apr/2025:11:52:31 -0400] "GET /shopdetail/pipefish11517114.shtml HTTP/1.1" 200 26796 "-" "Mozilla/5.0 (Linux; Android 6.0.1; Nexus 5X Build/MMB29P) AppleWebKit/537.36 (KHTML, like Gecko) Chrome/135.0.7049.84 Mobile Safari/537.36 (compatible; GoogleOther)"
3.145.107.84 - - [15/Apr/2025:11:52:33 -0400] "GET /ad917/?path=%2Fhome%2F.%2F..%2Flib64%2Fapr-util-1%2F..%2Fpkgconfig%2F..%2Flibcpupower.so.0 HTTP/1.1" 200 979 "-" "Mozilla/5.0 AppleWebKit/537.36 (KHTML, like Gecko; compatible; ClaudeBot/1.0; +claudebot@anthropic.com)"
3.145.107.84 - - [15/Apr/2025:11:52:36 -0400] "GET /ad917/?path=%2Fhome%2F.%2F..%2Flib64%2Fapr-util-1%2F..%2Fpkgconfig%2F..%2Flibxcb-dpms.so.0 HTTP/1.1" 200 979 "-" "Mozilla/5.0 AppleWebKit/537.36 (KHTML, like Gecko; compatible; ClaudeBot/1.0; +claudebot@anthropic.com)"
3.145.107.84 - - [15/Apr/2025:11:52:39 -0400] "GET /ad917/?path=%2Fhome%2F.%2F..%2Flib64%2Fapr-util-1%2F..%2Fpkgconfig%2F..%2Flibcupsmime.so.1 HTTP/1.1" 200 978 "-" "Mozilla/5.0 AppleWebKit/537.36 (KHTML, like Gecko; compatible; ClaudeBot/1.0; +claudebot@anthropic.com)"
3.145.107.84 - - [15/Apr/2025:11:52:42 -0400] "GET /ad917/?path=%2Fhome%2F.%2F..%2Flib64%2Fapr-util-1%2F..%2Fpkgconfig%2F..%2Flibssh2.so.1.0.1 HTTP/1.1" 200 978 "-" "Mozilla/5.0 AppleWebKit/537.36 (KHTML, like Gecko; compatible; ClaudeBot/1.0; +claudebot@anthropic.com)"
66.249.77.40 - - [15/Apr/2025:11:52:44 -0400] "GET /items1620256.shtml HTTP/1.1" 200 26786 "-" "Mozilla/5.0 (Linux; Android 6.0.1; Nexus 5X Build/MMB29P) AppleWebKit/537.36 (KHTML, like Gecko) Chrome/135.0.7049.84 Mobile Safari/537.36 (compatible; GoogleOther)"
3.145.107.84 - - [15/Apr/2025:11:52:45 -0400] "GET /ad917/?path=%2Fhome%2F.%2F..%2Flib64%2Fapr-util-1%2F..%2Fpkgconfig%2F..%2Flibwscodecs.so.2 HTTP/1.1" 200 978 "-" "Mozilla/5.0 AppleWebKit/537.36 (KHTML, like Gecko; compatible; ClaudeBot/1.0; +claudebot@anthropic.com)"
3.145.107.84 - - [15/Apr/2025:11:52:48 -0400] "GET /ad917/?path=%2Fhome%2F.%2F..%2Flib64%2Fapr-util-1%2F..%2Fpkgconfig%2F..%2Flibxcb-dri2.so.0 HTTP/1.1" 200 979 "-" "Mozilla/5.0 AppleWebKit/537.36 (KHTML, like Gecko; compatible; ClaudeBot/1.0; +claudebot@anthropic.com)"
66.249.77.40 - - [15/Apr/2025:11:52:49 -0400] "GET /items/i/objectless/73808238.shtml HTTP/1.1" 200 25519 "-" "Mozilla/5.0 (Linux; Android 6.0.1; Nexus 5X Build/MMB29P) AppleWebKit/537.36 (KHTML, like Gecko) Chrome/135.0.7049.84 Mobile Safari/537.36 (compatible; GoogleOther)"
66.249.77.40 - - [15/Apr/2025:11:52:51 -0400] "GET /info/jk/merrygoround/17427160.shtml HTTP/1.1" 200 25302 "-" "Mozilla/5.0 (Linux; Android 6.0.1; Nexus 5X Build/MMB29P) AppleWebKit/537.36 (KHTML, like Gecko) Chrome/135.0.7049.84 Mobile Safari/537.36 (compatible; GoogleOther)"
3.145.107.84 - - [15/Apr/2025:11:52:51 -0400] "GET /ad917/?path=%2Fhome%2F.%2F..%2Flib64%2Fapr-util-1%2F..%2Fpkgconfig%2F..%2Flibfreetype.so.6 HTTP/1.1" 200 979 "-" "Mozilla/5.0 AppleWebKit/537.36 (KHTML, like Gecko; compatible; ClaudeBot/1.0; +claudebot@anthropic.com)"
3.145.107.84 - - [15/Apr/2025:11:52:54 -0400] "GET /ad917/?path=%2Fhome%2F.%2F..%2Flib64%2Fapr-util-1%2F..%2Fpkgconfig%2F..%2Flibutempter.so.0 HTTP/1.1" 200 978 "-" "Mozilla/5.0 AppleWebKit/537.36 (KHTML, like Gecko; compatible; ClaudeBot/1.0; +claudebot@anthropic.com)"
3.145.107.84 - - [15/Apr/2025:11:52:57 -0400] "GET /ad917/?path=%2Fhome%2F.%2F..%2Flib64%2Fapr-util-1%2F..%2Fpkgconfig%2F..%2Flibguestlib.so.0 HTTP/1.1" 200 978 "-" "Mozilla/5.0 AppleWebKit/537.36 (KHTML, like Gecko; compatible; ClaudeBot/1.0; +claudebot@anthropic.com)"
66.249.77.40 - - [15/Apr/2025:11:52:58 -0400] "GET /shopdetail/devotionally110360738.shtml HTTP/1.1" 200 28074 "-" "Mozilla/5.0 (Linux; Android 6.0.1; Nexus 5X Build/MMB29P) AppleWebKit/537.36 (KHTML, like Gecko) Chrome/135.0.7049.84 Mobile Safari/537.36 (compatible; GoogleOther)"
66.249.77.40 - - [15/Apr/2025:11:53:00 -0400] "GET /special/lqm/odorata/78318304.shtml HTTP/1.1" 200 27762 "-" "Mozilla/5.0 (Linux; Android 6.0.1; Nexus 5X Build/MMB29P) AppleWebKit/537.36 (KHTML, like Gecko) Chrome/135.0.7049.84 Mobile Safari/537.36 (compatible; GoogleOther)"
3.145.107.84 - - [15/Apr/2025:11:53:00 -0400] "GET /ad917/?path=%2Fhome%2F.%2F..%2Flib64%2Fapr-util-1%2F..%2Fpkgconfig%2F..%2Flibopus.so.0.6.1 HTTP/1.1" 200 978 "-" "Mozilla/5.0 AppleWebKit/537.36 (KHTML, like Gecko; compatible; ClaudeBot/1.0; +claudebot@anthropic.com)"
3.145.107.84 - - [15/Apr/2025:11:53:03 -0400] "GET /ad917/?path=%2Fhome%2F.%2F..%2Flib64%2Fapr-util-1%2F..%2Fpkgconfig%2F..%2Flibxcb-damage.so HTTP/1.1" 200 979 "-" "Mozilla/5.0 AppleWebKit/537.36 (KHTML, like Gecko; compatible; ClaudeBot/1.0; +claudebot@anthropic.com)"
3.145.107.84 - - [15/Apr/2025:11:53:06 -0400] "GET /ad917/?path=%2Fhome%2F.%2F..%2Flib64%2Fapr-util-1%2F..%2Fpkgconfig%2F..%2Fp11-kit-proxy.so HTTP/1.1" 200 983 "-" "Mozilla/5.0 AppleWebKit/537.36 (KHTML, like Gecko; compatible; ClaudeBot/1.0; +claudebot@anthropic.com)"
66.249.77.40 - - [15/Apr/2025:11:53:09 -0400] "GET /shopping/d/outer/104571784.shtml HTTP/1.1" 200 26717 "-" "Mozilla/5.0 (Linux; Android 6.0.1; Nexus 5X Build/MMB29P) AppleWebKit/537.36 (KHTML, like Gecko) Chrome/135.0.7049.84 Mobile Safari/537.36 (compatible; GoogleOther)"
3.145.107.84 - - [15/Apr/2025:11:53:09 -0400] "GET /ad917/?path=%2Fhome%2F.%2F..%2Flib64%2Fapr-util-1%2F..%2Fpkgconfig%2F..%2FlibIex-2_2.so.12 HTTP/1.1" 200 981 "-" "Mozilla/5.0 AppleWebKit/537.36 (KHTML, like Gecko; compatible; ClaudeBot/1.0; +claudebot@anthropic.com)"
66.249.77.40 - - [15/Apr/2025:11:53:11 -0400] "GET /goodscode/d/jugoslav/63064848.shtml HTTP/1.1" 200 27690 "-" "Mozilla/5.0 (Linux; Android 6.0.1; Nexus 5X Build/MMB29P) AppleWebKit/537.36 (KHTML, like Gecko) Chrome/135.0.7049.84 Mobile Safari/537.36 (compatible; GoogleOther)"
3.145.107.84 - - [15/Apr/2025:11:53:12 -0400] "GET /ad917/?path=%2Fhome%2F.%2F..%2Flib64%2Fapr-util-1%2F..%2Fpkgconfig%2F..%2FlibQt5Quick.so.5 HTTP/1.1" 200 983 "-" "Mozilla/5.0 AppleWebKit/537.36 (KHTML, like Gecko; compatible; ClaudeBot/1.0; +claudebot@anthropic.com)"
66.249.77.40 - - [15/Apr/2025:11:53:13 -0400] "GET /shopdetail/vle/kismet117616464.shtml HTTP/1.1" 200 27497 "-" "Mozilla/5.0 (Linux; Android 6.0.1; Nexus 5X Build/MMB29P) AppleWebKit/537.36 (KHTML, like Gecko) Chrome/135.0.7049.84 Mobile Safari/537.36 (compatible; GoogleOther)"
3.145.107.84 - - [15/Apr/2025:11:53:15 -0400] "GET /ad917/?path=%2Fhome%2F.%2F..%2Flib64%2Fapr-util-1%2F..%2Fpkgconfig%2F..%2Flibisl.so.15.1.1 HTTP/1.1" 200 978 "-" "Mozilla/5.0 AppleWebKit/537.36 (KHTML, like Gecko; compatible; ClaudeBot/1.0; +claudebot@anthropic.com)"
3.145.107.84 - - [15/Apr/2025:11:53:18 -0400] "GET /ad917/?path=%2Fhome%2F.%2F..%2Flib64%2Fapr-util-1%2F..%2Fpkgconfig%2F..%2Flibxcb-render.so HTTP/1.1" 200 978 "-" "Mozilla/5.0 AppleWebKit/537.36 (KHTML, like Gecko; compatible; ClaudeBot/1.0; +claudebot@anthropic.com)"
66.249.77.40 - - [15/Apr/2025:11:53:19 -0400] "GET /item/a/oneeighth/93265142.shtml HTTP/1.1" 200 26969 "-" "Mozilla/5.0 (Linux; Android 6.0.1; Nexus 5X Build/MMB29P) AppleWebKit/537.36 (KHTML, like Gecko) Chrome/135.0.7049.84 Mobile Safari/537.36 (compatible; GoogleOther)"
66.249.77.40 - - [15/Apr/2025:11:53:26 -0400] "GET /item/tuberosity/61098974.shtml HTTP/1.1" 200 26542 "-" "Mozilla/5.0 (Linux; Android 6.0.1; Nexus 5X Build/MMB29P) AppleWebKit/537.36 (KHTML, like Gecko) Chrome/135.0.7049.84 Mobile Safari/537.36 (compatible; GoogleOther)"
66.249.77.40 - - [15/Apr/2025:11:53:38 -0400] "GET /detail/p/insolently117499448.shtml HTTP/1.1" 200 26500 "-" "Mozilla/5.0 (Linux; Android 6.0.1; Nexus 5X Build/MMB29P) AppleWebKit/537.36 (KHTML, like Gecko) Chrome/135.0.7049.84 Mobile Safari/537.36 (compatible; GoogleOther)"
66.249.77.40 - - [15/Apr/2025:11:53:42 -0400] "GET /goodscode/bei/antiburgher/45148384.shtml HTTP/1.1" 200 25528 "-" "Mozilla/5.0 (Linux; Android 6.0.1; Nexus 5X Build/MMB29P) AppleWebKit/537.36 (KHTML, like Gecko) Chrome/135.0.7049.84 Mobile Safari/537.36 (compatible; GoogleOther)"
3.145.165.235 - - [15/Apr/2025:11:53:49 -0400] "GET /ad917/?path=%2Fhome%2F.%2F..%2Flib64%2Fapr-util-1%2F..%2Fpkgconfig%2F..%2Flibxml2.so.2.9.7 HTTP/1.1" 200 982 "-" "Mozilla/5.0 AppleWebKit/537.36 (KHTML, like Gecko; compatible; ClaudeBot/1.0; +claudebot@anthropic.com)"
3.145.165.235 - - [15/Apr/2025:11:53:52 -0400] "GET /ad917/?path=%2Fhome%2F.%2F..%2Flib64%2Fapr-util-1%2F..%2Fpkgconfig%2F..%2Flibpython3.6m.so HTTP/1.1" 200 982 "-" "Mozilla/5.0 AppleWebKit/537.36 (KHTML, like Gecko; compatible; ClaudeBot/1.0; +claudebot@anthropic.com)"
3.145.165.235 - - [15/Apr/2025:11:53:55 -0400] "GET /ad917/?path=%2Fhome%2F.%2F..%2Flib64%2Fapr-util-1%2F..%2Fpkgconfig%2F..%2Flibsmi.so.2.0.27 HTTP/1.1" 200 980 "-" "Mozilla/5.0 AppleWebKit/537.36 (KHTML, like Gecko; compatible; ClaudeBot/1.0; +claudebot@anthropic.com)"
3.145.165.235 - - [15/Apr/2025:11:53:58 -0400] "GET /ad917/?path=%2Fhome%2F.%2F..%2Flib64%2Fapr-util-1%2F..%2Fpkgconfig%2F..%2Flibmcpp.so.0.3.0 HTTP/1.1" 200 980 "-" "Mozilla/5.0 AppleWebKit/537.36 (KHTML, like Gecko; compatible; ClaudeBot/1.0; +claudebot@anthropic.com)"
3.145.165.235 - - [15/Apr/2025:11:54:01 -0400] "GET /ad917/?path=%2Fhome%2F.%2F..%2Flib64%2Fapr-util-1%2F..%2Fpkgconfig%2F..%2Flibnpth.so.0.1.1 HTTP/1.1" 200 981 "-" "Mozilla/5.0 AppleWebKit/537.36 (KHTML, like Gecko; compatible; ClaudeBot/1.0; +claudebot@anthropic.com)"
3.145.165.235 - - [15/Apr/2025:11:54:04 -0400] "GET /ad917/?path=%2Fhome%2F.%2F..%2Flib64%2Fapr-util-1%2F..%2Fpkgconfig%2F..%2FlibXext.so.6.4.0 HTTP/1.1" 200 983 "-" "Mozilla/5.0 AppleWebKit/537.36 (KHTML, like Gecko; compatible; ClaudeBot/1.0; +claudebot@anthropic.com)"
3.145.165.235 - - [15/Apr/2025:11:54:07 -0400] "GET /ad917/?path=%2Fhome%2F.%2F..%2Flib64%2Fapr-util-1%2F..%2Fpkgconfig%2F..%2Flibnetsnmp.so.35 HTTP/1.1" 200 981 "-" "Mozilla/5.0 AppleWebKit/537.36 (KHTML, like Gecko; compatible; ClaudeBot/1.0; +claudebot@anthropic.com)"
52.167.144.183 - - [15/Apr/2025:11:54:08 -0400] "GET /products/discalceated52218038.shtml HTTP/1.1" 200 25529 "-" "Mozilla/5.0 AppleWebKit/537.36 (KHTML, like Gecko; compatible; bingbot/2.0; +http://www.bing.com/bingbot.htm) Chrome/116.0.1938.76 Safari/537.36"
3.145.165.235 - - [15/Apr/2025:11:54:10 -0400] "GET /ad917/?path=%2Fhome%2F.%2F..%2Flib64%2Fapr-util-1%2F..%2Fpkgconfig%2F..%2Fliblber-2.4.so.2 HTTP/1.1" 200 981 "-" "Mozilla/5.0 AppleWebKit/537.36 (KHTML, like Gecko; compatible; ClaudeBot/1.0; +claudebot@anthropic.com)"
3.145.165.235 - - [15/Apr/2025:11:54:13 -0400] "GET /ad917/?path=%2Fhome%2F.%2F..%2Flib64%2Fapr-util-1%2F..%2Fpkgconfig%2F.%2Flibevent_extra.pc HTTP/1.1" 200 1121 "-" "Mozilla/5.0 AppleWebKit/537.36 (KHTML, like Gecko; compatible; ClaudeBot/1.0; +claudebot@anthropic.com)"
3.145.165.235 - - [15/Apr/2025:11:54:16 -0400] "GET /ad917/?path=%2Fhome%2F.%2F..%2Flib64%2Fapr-util-1%2F..%2Fpkgconfig%2F..%2Flibonig.so.5.0.0 HTTP/1.1" 200 981 "-" "Mozilla/5.0 AppleWebKit/537.36 (KHTML, like Gecko; compatible; ClaudeBot/1.0; +claudebot@anthropic.com)"
66.249.77.42 - - [15/Apr/2025:11:54:16 -0400] "GET /product/u/measurably/82392954.shtml HTTP/1.1" 200 29778 "-" "Mozilla/5.0 (Linux; Android 6.0.1; Nexus 5X Build/MMB29P) AppleWebKit/537.36 (KHTML, like Gecko) Chrome/135.0.7049.84 Mobile Safari/537.36 (compatible; GoogleOther)"
3.145.165.235 - - [15/Apr/2025:11:54:19 -0400] "GET /ad917/?path=%2Fhome%2F.%2F..%2Flib64%2Fapr-util-1%2F..%2Fpkgconfig%2F..%2Flibxcb-dri3.so.0 HTTP/1.1" 200 982 "-" "Mozilla/5.0 AppleWebKit/537.36 (KHTML, like Gecko; compatible; ClaudeBot/1.0; +claudebot@anthropic.com)"
3.145.165.235 - - [15/Apr/2025:11:54:22 -0400] "GET /ad917/?path=%2Fhome%2F.%2F..%2Flib64%2Fapr-util-1%2F..%2Fpkgconfig%2F..%2Flibarchive.so.13 HTTP/1.1" 200 980 "-" "Mozilla/5.0 AppleWebKit/537.36 (KHTML, like Gecko; compatible; ClaudeBot/1.0; +claudebot@anthropic.com)"
3.145.165.235 - - [15/Apr/2025:11:54:25 -0400] "GET /ad917/?path=%2Fhome%2F.%2F..%2Flib64%2Fapr-util-1%2F..%2Fpkgconfig%2F..%2Flibltdl.so.7.3.1 HTTP/1.1" 200 980 "-" "Mozilla/5.0 AppleWebKit/537.36 (KHTML, like Gecko; compatible; ClaudeBot/1.0; +claudebot@anthropic.com)"
66.249.77.41 - - [15/Apr/2025:11:54:25 -0400] "GET /item3620258.shtml HTTP/1.1" 200 27239 "-" "Mozilla/5.0 (Linux; Android 6.0.1; Nexus 5X Build/MMB29P) AppleWebKit/537.36 (KHTML, like Gecko) Chrome/135.0.7049.84 Mobile Safari/537.36 (compatible; GoogleOther)"
3.145.165.235 - - [15/Apr/2025:11:54:28 -0400] "GET /ad917/?path=%2Fhome%2F.%2F..%2Flib64%2Fapr-util-1%2F..%2Fpkgconfig%2F..%2Flibfbclient.so.2 HTTP/1.1" 200 983 "-" "Mozilla/5.0 AppleWebKit/537.36 (KHTML, like Gecko; compatible; ClaudeBot/1.0; +claudebot@anthropic.com)"
3.145.165.235 - - [15/Apr/2025:11:54:31 -0400] "GET /ad917/?path=%2Fhome%2F.%2F..%2Flib64%2Fapr-util-1%2F..%2Fpkgconfig%2F..%2Flibicui18n.so.60 HTTP/1.1" 200 980 "-" "Mozilla/5.0 AppleWebKit/537.36 (KHTML, like Gecko; compatible; ClaudeBot/1.0; +claudebot@anthropic.com)"
3.145.165.235 - - [15/Apr/2025:11:54:34 -0400] "GET /ad917/?path=%2Fhome%2F.%2F..%2Flib64%2Fapr-util-1%2F..%2Fpkgconfig%2F..%2FlibEGL_mesa.so.0 HTTP/1.1" 200 984 "-" "Mozilla/5.0 AppleWebKit/537.36 (KHTML, like Gecko; compatible; ClaudeBot/1.0; +claudebot@anthropic.com)"
3.145.165.235 - - [15/Apr/2025:11:54:37 -0400] "GET /ad917/?path=%2Fhome%2F.%2F..%2Flib64%2Fapr-util-1%2F..%2Fpkgconfig%2F..%2Flibpathplan.so.4 HTTP/1.1" 200 981 "-" "Mozilla/5.0 AppleWebKit/537.36 (KHTML, like Gecko; compatible; ClaudeBot/1.0; +claudebot@anthropic.com)"
66.249.77.40 - - [15/Apr/2025:11:54:38 -0400] "GET /special/p/smoothly41274508.shtml HTTP/1.1" 200 27085 "-" "Mozilla/5.0 (Linux; Android 6.0.1; Nexus 5X Build/MMB29P) AppleWebKit/537.36 (KHTML, like Gecko) Chrome/135.0.7049.84 Mobile Safari/537.36 (compatible; GoogleOther)"
3.145.165.235 - - [15/Apr/2025:11:54:40 -0400] "GET /ad917/?path=%2Fhome%2F.%2F..%2Flib64%2Fapr-util-1%2F..%2Fpkgconfig%2F..%2Flibncurses++w.so HTTP/1.1" 200 1245 "-" "Mozilla/5.0 AppleWebKit/537.36 (KHTML, like Gecko; compatible; ClaudeBot/1.0; +claudebot@anthropic.com)"
3.145.165.235 - - [15/Apr/2025:11:54:43 -0400] "GET /ad917/?path=%2Fhome%2F.%2F..%2Flib64%2Fapr-util-1%2F..%2Fpkgconfig%2F..%2Flibext2fs.so.2.4 HTTP/1.1" 200 981 "-" "Mozilla/5.0 AppleWebKit/537.36 (KHTML, like Gecko; compatible; ClaudeBot/1.0; +claudebot@anthropic.com)"
66.249.77.40 - - [15/Apr/2025:11:54:46 -0400] "GET /goodscode/jk/tartar/14929756.shtml HTTP/1.1" 200 27340 "-" "Mozilla/5.0 (Linux; Android 6.0.1; Nexus 5X Build/MMB29P) AppleWebKit/537.36 (KHTML, like Gecko) Chrome/135.0.7049.84 Mobile Safari/537.36 (compatible; GoogleOther)"
3.145.165.235 - - [15/Apr/2025:11:54:46 -0400] "GET /ad917/?path=%2Fhome%2F.%2F..%2Flib64%2Fapr-util-1%2F..%2Fpkgconfig%2F..%2Fc++-plesk-12.2.0 HTTP/1.1" 200 1248 "-" "Mozilla/5.0 AppleWebKit/537.36 (KHTML, like Gecko; compatible; ClaudeBot/1.0; +claudebot@anthropic.com)"
3.145.165.235 - - [15/Apr/2025:11:54:49 -0400] "GET /ad917/?path=%2Fhome%2F.%2F..%2Flib64%2Fapr-util-1%2F..%2Fpkgconfig%2F..%2Flibicutest.so.60 HTTP/1.1" 200 980 "-" "Mozilla/5.0 AppleWebKit/537.36 (KHTML, like Gecko; compatible; ClaudeBot/1.0; +claudebot@anthropic.com)"
3.145.165.235 - - [15/Apr/2025:11:54:52 -0400] "GET /ad917/?path=%2Fhome%2F.%2F..%2Flib64%2Fapr-util-1%2F..%2Fpkgconfig%2F..%2Flibreadline.so.7 HTTP/1.1" 200 979 "-" "Mozilla/5.0 AppleWebKit/537.36 (KHTML, like Gecko; compatible; ClaudeBot/1.0; +claudebot@anthropic.com)"
3.145.165.235 - - [15/Apr/2025:11:54:55 -0400] "GET /ad917/?path=%2Fhome%2F.%2F..%2Flib64%2Fapr-util-1%2F..%2Fpkgconfig%2F..%2Flibcrypto.so.1.1 HTTP/1.1" 200 981 "-" "Mozilla/5.0 AppleWebKit/537.36 (KHTML, like Gecko; compatible; ClaudeBot/1.0; +claudebot@anthropic.com)"
3.145.165.235 - - [15/Apr/2025:11:54:58 -0400] "GET /ad917/?path=%2Fhome%2F.%2F..%2Flib64%2Fapr-util-1%2F..%2Fpkgconfig%2F..%2Flibncursesw.so.5 HTTP/1.1" 200 980 "-" "Mozilla/5.0 AppleWebKit/537.36 (KHTML, like Gecko; compatible; ClaudeBot/1.0; +claudebot@anthropic.com)"
3.145.165.235 - - [15/Apr/2025:11:55:01 -0400] "GET /ad917/?path=%2Fhome%2F.%2F..%2Flib64%2Fapr-util-1%2F..%2Fpkgconfig%2F..%2Flibteam.so.5.6.1 HTTP/1.1" 200 981 "-" "Mozilla/5.0 AppleWebKit/537.36 (KHTML, like Gecko; compatible; ClaudeBot/1.0; +claudebot@anthropic.com)"
3.145.165.235 - - [15/Apr/2025:11:55:04 -0400] "GET /ad917/?path=%2Fhome%2F.%2F..%2Flib64%2Fapr-util-1%2F..%2Fpkgconfig%2F..%2Flibisccfg.so.163 HTTP/1.1" 200 982 "-" "Mozilla/5.0 AppleWebKit/537.36 (KHTML, like Gecko; compatible; ClaudeBot/1.0; +claudebot@anthropic.com)"
3.145.165.235 - - [15/Apr/2025:11:55:07 -0400] "GET /ad917/?path=%2Fhome%2F.%2F..%2Flib64%2Fapr-util-1%2F..%2Fpkgconfig%2F..%2FlibXpm.so.4.11.0 HTTP/1.1" 200 983 "-" "Mozilla/5.0 AppleWebKit/537.36 (KHTML, like Gecko; compatible; ClaudeBot/1.0; +claudebot@anthropic.com)"
66.249.77.41 - - [15/Apr/2025:11:55:07 -0400] "GET /shopdetail/o/chamberlin/47577478.shtml HTTP/1.1" 200 28088 "-" "Mozilla/5.0 (Linux; Android 6.0.1; Nexus 5X Build/MMB29P) AppleWebKit/537.36 (KHTML, like Gecko) Chrome/135.0.7049.84 Mobile Safari/537.36 (compatible; GoogleOther)"
3.145.165.235 - - [15/Apr/2025:11:55:10 -0400] "GET /ad917/?path=%2Fhome%2F.%2F..%2Flib64%2Fapr-util-1%2F..%2Fpkgconfig%2F..%2Fc++-plesk-10.3.0 HTTP/1.1" 200 1248 "-" "Mozilla/5.0 AppleWebKit/537.36 (KHTML, like Gecko; compatible; ClaudeBot/1.0; +claudebot@anthropic.com)"
66.249.77.41 - - [15/Apr/2025:11:55:13 -0400] "GET /special/r/volitable90572980.shtml HTTP/1.1" 200 26236 "-" "Mozilla/5.0 (Linux; Android 6.0.1; Nexus 5X Build/MMB29P) AppleWebKit/537.36 (KHTML, like Gecko) Chrome/135.0.7049.84 Mobile Safari/537.36 (compatible; GoogleOther)"
3.145.165.235 - - [15/Apr/2025:11:55:13 -0400] "GET /ad917/?path=%2Fhome%2F.%2F..%2Flib64%2Fapr-util-1%2F..%2Fpkgconfig%2F..%2Flibmodulemd.so.2 HTTP/1.1" 200 981 "-" "Mozilla/5.0 AppleWebKit/537.36 (KHTML, like Gecko; compatible; ClaudeBot/1.0; +claudebot@anthropic.com)"
3.145.165.235 - - [15/Apr/2025:11:55:16 -0400] "GET /ad917/?path=%2Fhome%2F.%2F..%2Flib64%2Fapr-util-1%2F..%2Fpkgconfig%2F..%2Flibsrtp.so.1.0.0 HTTP/1.1" 200 980 "-" "Mozilla/5.0 AppleWebKit/537.36 (KHTML, like Gecko; compatible; ClaudeBot/1.0; +claudebot@anthropic.com)"
3.145.165.235 - - [15/Apr/2025:11:55:19 -0400] "GET /ad917/?path=%2Fhome%2F.%2F..%2Flib64%2Fapr-util-1%2F..%2Fpkgconfig%2F..%2FlibOpenIPMI.so.0 HTTP/1.1" 200 984 "-" "Mozilla/5.0 AppleWebKit/537.36 (KHTML, like Gecko; compatible; ClaudeBot/1.0; +claudebot@anthropic.com)"
3.145.165.235 - - [15/Apr/2025:11:55:22 -0400] "GET /ad917/?path=%2Fhome%2F.%2F..%2Flib64%2Fapr-util-1%2F..%2Fpkgconfig%2F..%2Flibssl.so.1.0.2o HTTP/1.1" 200 979 "-" "Mozilla/5.0 AppleWebKit/537.36 (KHTML, like Gecko; compatible; ClaudeBot/1.0; +claudebot@anthropic.com)"
3.145.165.235 - - [15/Apr/2025:11:55:25 -0400] "GET /ad917/?path=%2Fhome%2F.%2F..%2Flib64%2Fapr-util-1%2F..%2Fpkgconfig%2F..%2Flibxcb-util.so.1 HTTP/1.1" 200 980 "-" "Mozilla/5.0 AppleWebKit/537.36 (KHTML, like Gecko; compatible; ClaudeBot/1.0; +claudebot@anthropic.com)"
66.249.77.40 - - [15/Apr/2025:11:55:26 -0400] "GET /special/i/parchesi/26839070.shtml HTTP/1.1" 200 26665 "-" "Mozilla/5.0 (Linux; Android 6.0.1; Nexus 5X Build/MMB29P) AppleWebKit/537.36 (KHTML, like Gecko) Chrome/135.0.7049.84 Mobile Safari/537.36 (compatible; GoogleOther)"
3.145.165.235 - - [15/Apr/2025:11:55:28 -0400] "GET /ad917/?path=%2Fhome%2F.%2F..%2Flib64%2Fapr-util-1%2F..%2Fpkgconfig%2F..%2Flibidn2.so.0.3.6 HTTP/1.1" 200 981 "-" "Mozilla/5.0 AppleWebKit/537.36 (KHTML, like Gecko; compatible; ClaudeBot/1.0; +claudebot@anthropic.com)"
3.145.165.235 - - [15/Apr/2025:11:55:31 -0400] "GET /ad917/?path=%2Fhome%2F.%2F..%2Flib64%2Fapr-util-1%2F..%2Fpkgconfig%2F..%2Flibxcb-ewmh.so.2 HTTP/1.1" 200 982 "-" "Mozilla/5.0 AppleWebKit/537.36 (KHTML, like Gecko; compatible; ClaudeBot/1.0; +claudebot@anthropic.com)"
3.145.165.235 - - [15/Apr/2025:11:55:34 -0400] "GET /ad917/?path=%2Fhome%2F.%2F..%2Flib64%2Fapr-util-1%2F..%2Fpkgconfig%2F..%2FliboplodbcS.so.2 HTTP/1.1" 200 982 "-" "Mozilla/5.0 AppleWebKit/537.36 (KHTML, like Gecko; compatible; ClaudeBot/1.0; +claudebot@anthropic.com)"
3.145.165.235 - - [15/Apr/2025:11:55:37 -0400] "GET /ad917/?path=%2Fhome%2F.%2F..%2Flib64%2Fapr-util-1%2F..%2Fpkgconfig%2F..%2Flibxcb-xinput.so HTTP/1.1" 200 979 "-" "Mozilla/5.0 AppleWebKit/537.36 (KHTML, like Gecko; compatible; ClaudeBot/1.0; +claudebot@anthropic.com)"
66.249.77.40 - - [15/Apr/2025:11:55:37 -0400] "GET /products/tuk/bioplasm/38740192.shtml HTTP/1.1" 200 27407 "-" "Mozilla/5.0 (Linux; Android 6.0.1; Nexus 5X Build/MMB29P) AppleWebKit/537.36 (KHTML, like Gecko) Chrome/135.0.7049.84 Mobile Safari/537.36 (compatible; GoogleOther)"
3.145.165.235 - - [15/Apr/2025:11:55:40 -0400] "GET /ad917/?path=%2Fhome%2F.%2F..%2Flib64%2Fapr-util-1%2F..%2Fpkgconfig%2F..%2Flibpam.so.0.84.2 HTTP/1.1" 200 982 "-" "Mozilla/5.0 AppleWebKit/537.36 (KHTML, like Gecko; compatible; ClaudeBot/1.0; +claudebot@anthropic.com)"
66.249.77.40 - - [15/Apr/2025:11:55:42 -0400] "GET /items/93139468.shtml HTTP/1.1" 200 27603 "-" "Mozilla/5.0 (Linux; Android 6.0.1; Nexus 5X Build/MMB29P) AppleWebKit/537.36 (KHTML, like Gecko) Chrome/135.0.7049.84 Mobile Safari/537.36 (compatible; GoogleOther)"
3.145.165.235 - - [15/Apr/2025:11:55:43 -0400] "GET /ad917/?path=%2Fhome%2F.%2F..%2Flib64%2Fapr-util-1%2F..%2Fpkgconfig%2F..%2Flibfuse.so.2.9.7 HTTP/1.1" 200 982 "-" "Mozilla/5.0 AppleWebKit/537.36 (KHTML, like Gecko; compatible; ClaudeBot/1.0; +claudebot@anthropic.com)"
3.145.165.235 - - [15/Apr/2025:11:55:46 -0400] "GET /ad917/?path=%2Fhome%2F.%2F..%2Flib64%2Fapr-util-1%2F..%2Fpkgconfig%2F..%2Flibpanelw.so.6.1 HTTP/1.1" 200 981 "-" "Mozilla/5.0 AppleWebKit/537.36 (KHTML, like Gecko; compatible; ClaudeBot/1.0; +claudebot@anthropic.com)"
3.145.165.235 - - [15/Apr/2025:11:55:49 -0400] "GET /ad917/?path=%2Fhome%2F.%2F..%2Flib64%2Fapr-util-1%2F..%2Fpkgconfig%2F..%2Fp11-kit-trust.so HTTP/1.1" 200 984 "-" "Mozilla/5.0 AppleWebKit/537.36 (KHTML, like Gecko; compatible; ClaudeBot/1.0; +claudebot@anthropic.com)"
3.145.165.235 - - [15/Apr/2025:11:55:52 -0400] "GET /ad917/?path=%2Fhome%2F.%2F..%2Flib64%2Fapr-util-1%2F..%2Fpkgconfig%2F..%2Flibxcb-record.so HTTP/1.1" 200 981 "-" "Mozilla/5.0 AppleWebKit/537.36 (KHTML, like Gecko; compatible; ClaudeBot/1.0; +claudebot@anthropic.com)"
66.249.77.40 - - [15/Apr/2025:11:55:53 -0400] "GET /special/pqy/oldcastle/109338916.shtml HTTP/1.1" 200 27005 "-" "Mozilla/5.0 (Linux; Android 6.0.1; Nexus 5X Build/MMB29P) AppleWebKit/537.36 (KHTML, like Gecko) Chrome/135.0.7049.84 Mobile Safari/537.36 (compatible; GoogleOther)"
3.145.165.235 - - [15/Apr/2025:11:55:55 -0400] "GET /ad917/?path=%2Fhome%2F.%2F..%2Flib64%2Fapr-util-1%2F..%2Fpkgconfig%2F..%2Flibtomcrypt.so.1 HTTP/1.1" 200 981 "-" "Mozilla/5.0 AppleWebKit/537.36 (KHTML, like Gecko; compatible; ClaudeBot/1.0; +claudebot@anthropic.com)"
3.145.165.235 - - [15/Apr/2025:11:55:58 -0400] "GET /ad917/?path=%2Fhome%2F.%2F..%2Flib64%2Fapr-util-1%2F..%2Fpkgconfig%2F..%2Flibraw.so.19.0.2 HTTP/1.1" 200 980 "-" "Mozilla/5.0 AppleWebKit/537.36 (KHTML, like Gecko; compatible; ClaudeBot/1.0; +claudebot@anthropic.com)"
3.145.165.235 - - [15/Apr/2025:11:56:01 -0400] "GET /ad917/?path=%2Fhome%2F.%2F..%2Flib64%2Fapr-util-1%2F..%2Fpkgconfig%2F..%2FlibXmuu.so.1.0.0 HTTP/1.1" 200 983 "-" "Mozilla/5.0 AppleWebKit/537.36 (KHTML, like Gecko; compatible; ClaudeBot/1.0; +claudebot@anthropic.com)"
66.249.77.42 - - [15/Apr/2025:11:56:01 -0400] "GET /shopdetail/jargon/100646390.shtml HTTP/1.1" 200 28549 "-" "Mozilla/5.0 (Linux; Android 6.0.1; Nexus 5X Build/MMB29P) AppleWebKit/537.36 (KHTML, like Gecko) Chrome/135.0.7049.84 Mobile Safari/537.36 (compatible; GoogleOther)"
3.145.165.235 - - [15/Apr/2025:11:56:04 -0400] "GET /ad917/?path=%2Fhome%2F.%2F..%2Flib64%2Fapr-util-1%2F..%2Fpkgconfig%2F..%2Flibuser.so.1.5.2 HTTP/1.1" 200 981 "-" "Mozilla/5.0 AppleWebKit/537.36 (KHTML, like Gecko; compatible; ClaudeBot/1.0; +claudebot@anthropic.com)"
3.145.165.235 - - [15/Apr/2025:11:56:07 -0400] "GET /ad917/?path=%2Fhome%2F.%2F..%2Flib64%2Fapr-util-1%2F..%2Fpkgconfig%2F..%2Flibrpmbuild.so.8 HTTP/1.1" 200 981 "-" "Mozilla/5.0 AppleWebKit/537.36 (KHTML, like Gecko; compatible; ClaudeBot/1.0; +claudebot@anthropic.com)"
3.145.165.235 - - [15/Apr/2025:11:56:10 -0400] "GET /ad917/?path=%2Fhome%2F.%2F..%2Flib64%2Fapr-util-1%2F..%2Fpkgconfig%2F..%2Flibrabbitmq.so.4 HTTP/1.1" 200 979 "-" "Mozilla/5.0 AppleWebKit/537.36 (KHTML, like Gecko; compatible; ClaudeBot/1.0; +claudebot@anthropic.com)"
66.249.77.40 - - [15/Apr/2025:11:56:12 -0400] "GET /items/lc/enfect/87647276.shtml HTTP/1.1" 200 27878 "-" "Mozilla/5.0 (Linux; Android 6.0.1; Nexus 5X Build/MMB29P) AppleWebKit/537.36 (KHTML, like Gecko) Chrome/135.0.7049.84 Mobile Safari/537.36 (compatible; GoogleOther)"
198.54.116.86 - - [15/Apr/2025:11:56:19 -0400] "POST /wp-cron.php?doing_wp_cron=1744732579.6575739383697509765625 HTTP/1.1" 200 0 "-" "WordPress/6.7.2; https://servethepeopleinc.org"
111.172.249.49 - - [15/Apr/2025:11:56:19 -0400] "GET / HTTP/1.1" 200 32651 "http://servethepeopleinc.org" "Mozilla/5.0 (iPhone; CPU iPhone OS 13_2_3 like Mac OS X) AppleWebKit/605.1.15 (KHTML, like Gecko) Version/13.0.3 Mobile/15E148 Safari/604.1"
198.54.116.86 - - [15/Apr/2025:11:56:19 -0400] "POST /wp-admin/admin-ajax.php?action=async_litespeed&nonce=llyl40PHXAeThV4UFAnHxopZPIpyxbEd&litespeed_type=imgoptm HTTP/1.1" 200 21 "-" "WordPress/6.7.2; https://servethepeopleinc.org"
52.167.144.183 - - [15/Apr/2025:11:56:28 -0400] "GET /goods/betongue/122174368.shtml HTTP/1.1" 200 27577 "-" "Mozilla/5.0 AppleWebKit/537.36 (KHTML, like Gecko; compatible; bingbot/2.0; +http://www.bing.com/bingbot.htm) Chrome/116.0.1938.76 Safari/537.36"
3.144.224.216 - - [15/Apr/2025:11:56:37 -0400] "GET /ad917/?path=%2Fhome%2F.%2F..%2Flib64%2Fapr-util-1%2F..%2Fpkgconfig%2F..%2Flibtheoraenc.so.1 HTTP/1.1" 200 983 "-" "Mozilla/5.0 AppleWebKit/537.36 (KHTML, like Gecko; compatible; ClaudeBot/1.0; +claudebot@anthropic.com)"
3.144.224.216 - - [15/Apr/2025:11:56:40 -0400] "GET /ad917/?path=%2Fhome%2F.%2F..%2Flib64%2Fapr-util-1%2F..%2Fpkgconfig%2F..%2Flibatopology.so.2 HTTP/1.1" 200 983 "-" "Mozilla/5.0 AppleWebKit/537.36 (KHTML, like Gecko; compatible; ClaudeBot/1.0; +claudebot@anthropic.com)"
66.249.77.40 - - [15/Apr/2025:11:56:40 -0400] "GET /shopbrand/arbitrary/110289106.shtml HTTP/1.1" 200 26528 "-" "Mozilla/5.0 (Linux; Android 6.0.1; Nexus 5X Build/MMB29P) AppleWebKit/537.36 (KHTML, like Gecko) Chrome/135.0.7049.84 Mobile Safari/537.36 (compatible; GoogleOther)"
3.144.224.216 - - [15/Apr/2025:11:56:43 -0400] "GET /ad917/?path=%2Fhome%2F.%2F..%2Flib64%2Fapr-util-1%2F..%2Fpkgconfig%2F..%2Flibgdbm_compat.so HTTP/1.1" 200 983 "-" "Mozilla/5.0 AppleWebKit/537.36 (KHTML, like Gecko; compatible; ClaudeBot/1.0; +claudebot@anthropic.com)"
3.144.224.216 - - [15/Apr/2025:11:56:46 -0400] "GET /ad917/?path=%2Fhome%2F.%2F..%2Flib64%2Fapr-util-1%2F..%2Fpkgconfig%2F..%2Flibip4tc.so.2.0.0 HTTP/1.1" 200 983 "-" "Mozilla/5.0 AppleWebKit/537.36 (KHTML, like Gecko; compatible; ClaudeBot/1.0; +claudebot@anthropic.com)"
3.144.224.216 - - [15/Apr/2025:11:56:49 -0400] "GET /ad917/?path=%2Fhome%2F.%2F..%2Flib64%2Fapr-util-1%2F..%2Fpkgconfig%2F..%2Flibpciaccess.so.0 HTTP/1.1" 200 980 "-" "Mozilla/5.0 AppleWebKit/537.36 (KHTML, like Gecko; compatible; ClaudeBot/1.0; +claudebot@anthropic.com)"
66.249.77.40 - - [15/Apr/2025:11:56:48 -0400] "GET /goods/barrowist/1378734.shtml HTTP/1.1" 200 28328 "-" "Mozilla/5.0 (Linux; Android 6.0.1; Nexus 5X Build/MMB29P) AppleWebKit/537.36 (KHTML, like Gecko) Chrome/135.0.7049.84 Mobile Safari/537.36 (compatible; GoogleOther)"
3.144.224.216 - - [15/Apr/2025:11:56:52 -0400] "GET /ad917/?path=%2Fhome%2F.%2F..%2Flib64%2Fapr-util-1%2F..%2Fpkgconfig%2F..%2Flibglut.so.3.10.0 HTTP/1.1" 200 983 "-" "Mozilla/5.0 AppleWebKit/537.36 (KHTML, like Gecko; compatible; ClaudeBot/1.0; +claudebot@anthropic.com)"
198.54.116.86 - - [15/Apr/2025:11:56:53 -0400] "POST /wp-cron.php?doing_wp_cron=1744732613.6039218902587890625000 HTTP/1.1" 200 0 "-" "WordPress/6.7.2; https://servethepeopleinc.org"
51.210.4.238 - - [15/Apr/2025:11:56:53 -0400] "POST /xmlrpc.php HTTP/1.1" 200 210 "-" "Mozilla/5.0 (Windows NT 10.0; Win64; x64; rv:74.0) Gecko/20100101 Firefox/74.0"
198.54.116.86 - - [15/Apr/2025:11:56:53 -0400] "POST /wp-admin/admin-ajax.php?action=async_litespeed&nonce=Wn57TLV3SBU9sjQVMrBrXwhq7fJwQkcW&litespeed_type=imgoptm HTTP/1.1" 200 21 "-" "WordPress/6.7.2; https://servethepeopleinc.org"
3.144.224.216 - - [15/Apr/2025:11:56:55 -0400] "GET /ad917/?path=%2Fhome%2F.%2F..%2Flib64%2Fapr-util-1%2F..%2Fpkgconfig%2F..%2Flibevdev.so.2.3.0 HTTP/1.1" 200 982 "-" "Mozilla/5.0 AppleWebKit/537.36 (KHTML, like Gecko; compatible; ClaudeBot/1.0; +claudebot@anthropic.com)"
66.249.77.40 - - [15/Apr/2025:11:56:56 -0400] "GET /detail/district/55751720.shtml HTTP/1.1" 200 26516 "-" "Mozilla/5.0 (Linux; Android 6.0.1; Nexus 5X Build/MMB29P) AppleWebKit/537.36 (KHTML, like Gecko) Chrome/135.0.7049.84 Mobile Safari/537.36 (compatible; GoogleOther)"
3.144.224.216 - - [15/Apr/2025:11:56:58 -0400] "GET /ad917/?path=%2Fhome%2F.%2F..%2Flib64%2Fapr-util-1%2F..%2Fpkgconfig%2F..%2Flibdav1d.so.3.1.0 HTTP/1.1" 200 981 "-" "Mozilla/5.0 AppleWebKit/537.36 (KHTML, like Gecko; compatible; ClaudeBot/1.0; +claudebot@anthropic.com)"
