66.249.77.40 - - [15/Apr/2025:10:22:09 -0400] "GET /items/z/araneous/50037120.shtml HTTP/1.1" 200 27776 "-" "Mozilla/5.0 (Linux; Android 6.0.1; Nexus 5X Build/MMB29P) AppleWebKit/537.36 (KHTML, like Gecko) Chrome/135.0.7049.84 Mobile Safari/537.36 (compatible; GoogleOther)"
18.218.206.106 - - [15/Apr/2025:10:22:10 -0400] "GET /ad917/?path=%2Fhome%2Fservlmvm%2F..%2F.%2F..%2F..%2Flib%2Ffirmware%2F.%2Fti_3410.fw HTTP/1.1" 200 976 "-" "Mozilla/5.0 AppleWebKit/537.36 (KHTML, like Gecko; compatible; ClaudeBot/1.0; +claudebot@anthropic.com)"
66.249.77.40 - - [15/Apr/2025:10:22:12 -0400] "GET /sitemap-item-1774.xml HTTP/1.1" 200 10163 "-" "Mozilla/5.0 (compatible; Googlebot/2.1; +http://www.google.com/bot.html)"
18.218.206.106 - - [15/Apr/2025:10:22:13 -0400] "GET /ad917/?path=%2Fhome%2Fservlmvm%2F..%2F.%2F..%2F..%2Flib%2Ffirmware%2F.%2Fmts_gsm.fw HTTP/1.1" 200 976 "-" "Mozilla/5.0 AppleWebKit/537.36 (KHTML, like Gecko; compatible; ClaudeBot/1.0; +claudebot@anthropic.com)"
18.218.206.106 - - [15/Apr/2025:10:22:16 -0400] "GET /ad917/?path=%2Fhome%2F.%2F..%2Fhome5%2F..%2Flib64%2Faspell-0.60%2F..%2Flibpanelw.so HTTP/1.1" 200 976 "-" "Mozilla/5.0 AppleWebKit/537.36 (KHTML, like Gecko; compatible; ClaudeBot/1.0; +claudebot@anthropic.com)"
66.249.77.40 - - [15/Apr/2025:10:22:19 -0400] "GET /detail/la/drawk/25177152.shtml HTTP/1.1" 200 27847 "-" "Mozilla/5.0 (Linux; Android 6.0.1; Nexus 5X Build/MMB29P) AppleWebKit/537.36 (KHTML, like Gecko) Chrome/135.0.7049.84 Mobile Safari/537.36 (compatible; GoogleOther)"
66.249.77.40 - - [15/Apr/2025:10:22:31 -0400] "GET /items/iu/usbegs/57438050.shtml HTTP/1.1" 200 25930 "-" "Mozilla/5.0 (Linux; Android 6.0.1; Nexus 5X Build/MMB29P) AppleWebKit/537.36 (KHTML, like Gecko) Chrome/135.0.7049.84 Mobile Safari/537.36 (compatible; GoogleOther)"
18.226.28.197 - - [15/Apr/2025:10:22:44 -0400] "GET /ad917/?path=%2Fhome%2F.%2F..%2Fhome5%2F..%2Flib64%2Faspell-0.60%2F..%2Flibraw_r.so.19 HTTP/1.1" 200 974 "-" "Mozilla/5.0 AppleWebKit/537.36 (KHTML, like Gecko; compatible; ClaudeBot/1.0; +claudebot@anthropic.com)"
18.226.28.197 - - [15/Apr/2025:10:22:46 -0400] "GET /ad917/?path=%2Fhome%2F.%2F..%2Fhome5%2F..%2Flib64%2Faspell-0.60%2F..%2Flibjasper.so.4 HTTP/1.1" 200 972 "-" "Mozilla/5.0 AppleWebKit/537.36 (KHTML, like Gecko; compatible; ClaudeBot/1.0; +claudebot@anthropic.com)"
18.226.28.197 - - [15/Apr/2025:10:22:49 -0400] "GET /ad917/?path=%2Fhome%2F.%2F..%2Fhome5%2F..%2Flib64%2Faspell-0.60%2F..%2Flibaugeas.so.0 HTTP/1.1" 200 973 "-" "Mozilla/5.0 AppleWebKit/537.36 (KHTML, like Gecko; compatible; ClaudeBot/1.0; +claudebot@anthropic.com)"
18.226.28.197 - - [15/Apr/2025:10:22:52 -0400] "GET /ad917/?path=%2Fhome%2Fservlmvm%2F..%2F.%2F..%2F..%2Flib%2Ffirmware%2F.%2Fhfi1_sbus.fw HTTP/1.1" 200 977 "-" "Mozilla/5.0 AppleWebKit/537.36 (KHTML, like Gecko; compatible; ClaudeBot/1.0; +claudebot@anthropic.com)"
66.249.77.40 - - [15/Apr/2025:10:22:52 -0400] "GET /product/jgg/depainting/3042292.shtml HTTP/1.1" 200 27795 "-" "Mozilla/5.0 (Linux; Android 6.0.1; Nexus 5X Build/MMB29P) AppleWebKit/537.36 (KHTML, like Gecko) Chrome/135.0.7049.84 Mobile Safari/537.36 (compatible; GoogleOther)"
18.226.28.197 - - [15/Apr/2025:10:22:55 -0400] "GET /ad917/?path=%2Fhome%2F.%2F..%2Fhome5%2F..%2Flib64%2Faspell-0.60%2F..%2Flibisc.so.1107 HTTP/1.1" 200 973 "-" "Mozilla/5.0 AppleWebKit/537.36 (KHTML, like Gecko; compatible; ClaudeBot/1.0; +claudebot@anthropic.com)"
18.226.28.197 - - [15/Apr/2025:10:22:58 -0400] "GET /ad917/?path=%2Fhome%2F.%2F..%2Fhome5%2F..%2Flib64%2Faspell-0.60%2F..%2Flibdns.so.1115 HTTP/1.1" 200 972 "-" "Mozilla/5.0 AppleWebKit/537.36 (KHTML, like Gecko; compatible; ClaudeBot/1.0; +claudebot@anthropic.com)"
18.226.28.197 - - [15/Apr/2025:10:23:01 -0400] "GET /ad917/?path=%2Fhome%2F.%2F..%2Fhome5%2F..%2Flib64%2Faspell-0.60%2F..%2Fgdk-pixbuf-2.0 HTTP/1.1" 200 1485 "-" "Mozilla/5.0 AppleWebKit/537.36 (KHTML, like Gecko; compatible; ClaudeBot/1.0; +claudebot@anthropic.com)"
18.226.28.197 - - [15/Apr/2025:10:23:04 -0400] "GET /ad917/?path=%2Fhome%2F.%2F..%2Fhome5%2F..%2Flib64%2Faspell-0.60%2F..%2Flibargon2.so.1 HTTP/1.1" 200 973 "-" "Mozilla/5.0 AppleWebKit/537.36 (KHTML, like Gecko; compatible; ClaudeBot/1.0; +claudebot@anthropic.com)"
18.226.28.197 - - [15/Apr/2025:10:23:07 -0400] "GET /ad917/?path=%2Fhome%2F.%2F..%2Fhome5%2F..%2Flib64%2Faspell-0.60%2F..%2Flibcap.so.2.48 HTTP/1.1" 200 973 "-" "Mozilla/5.0 AppleWebKit/537.36 (KHTML, like Gecko; compatible; ClaudeBot/1.0; +claudebot@anthropic.com)"
18.226.28.197 - - [15/Apr/2025:10:23:10 -0400] "GET /ad917/?path=%2Fhome%2F.%2F..%2Fhome5%2F..%2Flib64%2Faspell-0.60%2F..%2Flibnl-3.so.200 HTTP/1.1" 200 973 "-" "Mozilla/5.0 AppleWebKit/537.36 (KHTML, like Gecko; compatible; ClaudeBot/1.0; +claudebot@anthropic.com)"
66.249.77.41 - - [15/Apr/2025:10:23:10 -0400] "GET /products/hhq/futurities84795896.shtml HTTP/1.1" 200 25047 "-" "Mozilla/5.0 (Linux; Android 6.0.1; Nexus 5X Build/MMB29P) AppleWebKit/537.36 (KHTML, like Gecko) Chrome/135.0.7049.84 Mobile Safari/537.36 (compatible; GoogleOther)"
52.167.144.184 - - [15/Apr/2025:10:23:12 -0400] "GET /product/appurtenances/76185460.shtml HTTP/1.1" 200 29447 "-" "Mozilla/5.0 AppleWebKit/537.36 (KHTML, like Gecko; compatible; bingbot/2.0; +http://www.bing.com/bingbot.htm) Chrome/116.0.1938.76 Safari/537.36"
18.226.28.197 - - [15/Apr/2025:10:23:13 -0400] "GET /ad917/?path=%2Fhome%2F.%2F..%2Fhome5%2F..%2Flib64%2Faspell-0.60%2F..%2Flibpcre2-16.so HTTP/1.1" 200 973 "-" "Mozilla/5.0 AppleWebKit/537.36 (KHTML, like Gecko; compatible; ClaudeBot/1.0; +claudebot@anthropic.com)"
66.249.77.40 - - [15/Apr/2025:10:23:14 -0400] "GET /shopbrand/r/drycleaned/25560712.shtml HTTP/1.1" 200 25895 "-" "Mozilla/5.0 (Linux; Android 6.0.1; Nexus 5X Build/MMB29P) AppleWebKit/537.36 (KHTML, like Gecko) Chrome/135.0.7049.84 Mobile Safari/537.36 (compatible; GoogleOther)"
18.226.28.197 - - [15/Apr/2025:10:23:16 -0400] "GET /ad917/?path=%2Fhome%2F.%2F..%2Fhome5%2F..%2Flib64%2Faspell-0.60%2F..%2Flibcriu.so.1.0 HTTP/1.1" 200 972 "-" "Mozilla/5.0 AppleWebKit/537.36 (KHTML, like Gecko; compatible; ClaudeBot/1.0; +claudebot@anthropic.com)"
18.226.28.197 - - [15/Apr/2025:10:23:19 -0400] "GET /ad917/?path=%2Fhome%2F.%2F..%2Fhome5%2F..%2Flib64%2Faspell-0.60%2F..%2Flibxcb-xv.so.0 HTTP/1.1" 200 973 "-" "Mozilla/5.0 AppleWebKit/537.36 (KHTML, like Gecko; compatible; ClaudeBot/1.0; +claudebot@anthropic.com)"
198.54.116.86 - - [15/Apr/2025:10:23:21 -0400] "POST /wp-cron.php?doing_wp_cron=1744727001.4642810821533203125000 HTTP/1.1" 200 0 "-" "WordPress/6.7.2; https://servethepeopleinc.org"
43.166.244.192 - - [15/Apr/2025:10:23:21 -0400] "GET / HTTP/1.1" 200 32639 "http://servethepeopleinc.org" "Mozilla/5.0 (iPhone; CPU iPhone OS 13_2_3 like Mac OS X) AppleWebKit/605.1.15 (KHTML, like Gecko) Version/13.0.3 Mobile/15E148 Safari/604.1"
198.54.116.86 - - [15/Apr/2025:10:23:21 -0400] "POST /wp-admin/admin-ajax.php?action=async_litespeed&nonce=BouFGUX2aB8NdePCGCYygvPUOkPfW1xj&litespeed_type=imgoptm HTTP/1.1" 200 21 "-" "WordPress/6.7.2; https://servethepeopleinc.org"
18.226.28.197 - - [15/Apr/2025:10:23:22 -0400] "GET /ad917/?path=%2Fhome%2F.%2F..%2Fhome5%2F..%2Flib64%2Faspell-0.60%2F..%2Flibtheora.so.0 HTTP/1.1" 200 973 "-" "Mozilla/5.0 AppleWebKit/537.36 (KHTML, like Gecko; compatible; ClaudeBot/1.0; +claudebot@anthropic.com)"
18.226.28.197 - - [15/Apr/2025:10:23:25 -0400] "GET /ad917/?path=%2Fhome%2F.%2F..%2Fhome5%2F..%2Flib64%2Faspell-0.60%2F..%2Flibx265.so.176 HTTP/1.1" 200 974 "-" "Mozilla/5.0 AppleWebKit/537.36 (KHTML, like Gecko; compatible; ClaudeBot/1.0; +claudebot@anthropic.com)"
18.226.28.197 - - [15/Apr/2025:10:23:28 -0400] "GET /ad917/?path=%2Fhome%2F.%2F..%2Fhome5%2F..%2Flib64%2Faspell-0.60%2F..%2Flibnssdbm3.chk HTTP/1.1" 200 974 "-" "Mozilla/5.0 AppleWebKit/537.36 (KHTML, like Gecko; compatible; ClaudeBot/1.0; +claudebot@anthropic.com)"
18.226.28.197 - - [15/Apr/2025:10:23:31 -0400] "GET /ad917/?path=%2Fhome%2Fservlmvm%2F..%2F.%2F..%2F..%2Flib%2Ffirmware%2F.%2Fqat_4xxx.bin HTTP/1.1" 200 978 "-" "Mozilla/5.0 AppleWebKit/537.36 (KHTML, like Gecko; compatible; ClaudeBot/1.0; +claudebot@anthropic.com)"
18.226.28.197 - - [15/Apr/2025:10:23:34 -0400] "GET /ad917/?path=%2Fhome%2F.%2F..%2Fhome5%2F..%2Flib64%2Faspell-0.60%2F..%2Flibncursesw.so HTTP/1.1" 200 992 "-" "Mozilla/5.0 AppleWebKit/537.36 (KHTML, like Gecko; compatible; ClaudeBot/1.0; +claudebot@anthropic.com)"
18.226.28.197 - - [15/Apr/2025:10:23:37 -0400] "GET /ad917/?path=%2Fhome%2F.%2F..%2Fhome5%2F..%2Flib64%2Faspell-0.60%2F..%2Flibgc.so.1.3.2 HTTP/1.1" 200 973 "-" "Mozilla/5.0 AppleWebKit/537.36 (KHTML, like Gecko; compatible; ClaudeBot/1.0; +claudebot@anthropic.com)"
66.249.77.40 - - [15/Apr/2025:10:23:37 -0400] "GET /items/61394524.shtml HTTP/1.1" 200 29678 "-" "Mozilla/5.0 (Linux; Android 6.0.1; Nexus 5X Build/MMB29P) AppleWebKit/537.36 (KHTML, like Gecko) Chrome/135.0.7049.84 Mobile Safari/537.36 (compatible; GoogleOther)"
18.226.28.197 - - [15/Apr/2025:10:23:40 -0400] "GET /ad917/?path=%2Fhome%2F.%2F..%2Fhome5%2F..%2Flib64%2Faspell-0.60%2F..%2Flibnn.so.2.0.0 HTTP/1.1" 200 972 "-" "Mozilla/5.0 AppleWebKit/537.36 (KHTML, like Gecko; compatible; ClaudeBot/1.0; +claudebot@anthropic.com)"
18.226.28.197 - - [15/Apr/2025:10:23:43 -0400] "GET /ad917/?path=%2Fhome%2F.%2F..%2Fhome5%2F..%2Flib64%2Faspell-0.60%2F..%2Flibpanelw.so.5 HTTP/1.1" 200 973 "-" "Mozilla/5.0 AppleWebKit/537.36 (KHTML, like Gecko; compatible; ClaudeBot/1.0; +claudebot@anthropic.com)"
54.144.185.255 - - [15/Apr/2025:10:23:45 -0400] "GET /a4389/?MA HTTP/1.1" 200 755 "-" "Mozilla/5.0 AppleWebKit/537.36 (KHTML, like Gecko; compatible; Amazonbot/0.1; +https://developer.amazon.com/support/amazonbot) Chrome/119.0.6045.214 Safari/537.36"
18.226.28.197 - - [15/Apr/2025:10:23:46 -0400] "GET /ad917/?path=%2Fhome%2F.%2F..%2Fhome5%2F..%2Flib64%2Faspell-0.60%2F..%2Flibicuuc.so.60 HTTP/1.1" 200 971 "-" "Mozilla/5.0 AppleWebKit/537.36 (KHTML, like Gecko; compatible; ClaudeBot/1.0; +claudebot@anthropic.com)"
44.223.116.180 - - [15/Apr/2025:10:23:48 -0400] "GET /wp-includes/fonts/class-wp-font-face-resolver.php HTTP/1.1" 403 1242 "-" "Mozilla/5.0 AppleWebKit/537.36 (KHTML, like Gecko; compatible; Amazonbot/0.1; +https://developer.amazon.com/support/amazonbot) Chrome/119.0.6045.214 Safari/537.36"
18.226.28.197 - - [15/Apr/2025:10:23:49 -0400] "GET /ad917/?path=%2Fhome%2F.%2F..%2Fhome5%2F..%2Flib64%2Faspell-0.60%2F..%2Flibdw-0.190.so HTTP/1.1" 200 974 "-" "Mozilla/5.0 AppleWebKit/537.36 (KHTML, like Gecko; compatible; ClaudeBot/1.0; +claudebot@anthropic.com)"
18.226.28.197 - - [15/Apr/2025:10:23:52 -0400] "GET /ad917/?path=%2Fhome%2F.%2F..%2Fhome5%2F..%2Flib64%2Faspell-0.60%2F..%2FlibFLAC++.so.6 HTTP/1.1" 200 1246 "-" "Mozilla/5.0 AppleWebKit/537.36 (KHTML, like Gecko; compatible; ClaudeBot/1.0; +claudebot@anthropic.com)"
184.73.195.18 - - [15/Apr/2025:10:23:55 -0400] "GET /wp-includes/fonts/?MA HTTP/1.1" 200 1463 "-" "Mozilla/5.0 AppleWebKit/537.36 (KHTML, like Gecko; compatible; Amazonbot/0.1; +https://developer.amazon.com/support/amazonbot) Chrome/119.0.6045.214 Safari/537.36"
18.226.28.197 - - [15/Apr/2025:10:23:55 -0400] "GET /ad917/?path=%2Fhome%2F.%2F..%2Fhome5%2F..%2Flib64%2Faspell-0.60%2F..%2Flibmcrypt.so.4 HTTP/1.1" 200 973 "-" "Mozilla/5.0 AppleWebKit/537.36 (KHTML, like Gecko; compatible; ClaudeBot/1.0; +claudebot@anthropic.com)"
66.249.77.40 - - [15/Apr/2025:10:23:58 -0400] "GET /items/p/diluted113741860.shtml HTTP/1.1" 200 26924 "-" "Mozilla/5.0 (Linux; Android 6.0.1; Nexus 5X Build/MMB29P) AppleWebKit/537.36 (KHTML, like Gecko) Chrome/135.0.7049.84 Mobile Safari/537.36 (compatible; GoogleOther)"
18.226.28.197 - - [15/Apr/2025:10:23:58 -0400] "GET /ad917/?path=%2Fhome%2F.%2F..%2Fhome5%2F..%2Flib64%2Faspell-0.60%2F..%2FlibXv.so.1.0.0 HTTP/1.1" 200 976 "-" "Mozilla/5.0 AppleWebKit/537.36 (KHTML, like Gecko; compatible; ClaudeBot/1.0; +claudebot@anthropic.com)"
18.226.28.197 - - [15/Apr/2025:10:24:01 -0400] "GET /ad917/?path=%2Fhome%2F.%2F..%2Fhome5%2F..%2Flib64%2Faspell-0.60%2F..%2Flibpsx.so.2.48 HTTP/1.1" 200 973 "-" "Mozilla/5.0 AppleWebKit/537.36 (KHTML, like Gecko; compatible; ClaudeBot/1.0; +claudebot@anthropic.com)"
18.226.28.197 - - [15/Apr/2025:10:24:04 -0400] "GET /ad917/?path=%2Fhome%2F.%2F..%2Fhome5%2F..%2Flib64%2Faspell-0.60%2F..%2Flibanl-2.28.so HTTP/1.1" 200 973 "-" "Mozilla/5.0 AppleWebKit/537.36 (KHTML, like Gecko; compatible; ClaudeBot/1.0; +claudebot@anthropic.com)"
18.226.28.197 - - [15/Apr/2025:10:24:07 -0400] "GET /ad917/?path=%2Fhome%2F.%2F..%2Fhome5%2F..%2Flib64%2Faspell-0.60%2F..%2Flibwsutil.so.9 HTTP/1.1" 200 974 "-" "Mozilla/5.0 AppleWebKit/537.36 (KHTML, like Gecko; compatible; ClaudeBot/1.0; +claudebot@anthropic.com)"
18.226.28.197 - - [15/Apr/2025:10:24:10 -0400] "GET /ad917/?path=%2Fhome%2F.%2F..%2Fhome5%2F..%2Flib64%2Faspell-0.60%2F..%2Flibipset.so.13 HTTP/1.1" 200 972 "-" "Mozilla/5.0 AppleWebKit/537.36 (KHTML, like Gecko; compatible; ClaudeBot/1.0; +claudebot@anthropic.com)"
18.226.28.197 - - [15/Apr/2025:10:24:13 -0400] "GET /ad917/?path=%2Fhome%2F.%2F..%2Fhome5%2F..%2Flib64%2Faspell-0.60%2F..%2Flibext2fs.so.2 HTTP/1.1" 200 973 "-" "Mozilla/5.0 AppleWebKit/537.36 (KHTML, like Gecko; compatible; ClaudeBot/1.0; +claudebot@anthropic.com)"
18.226.28.197 - - [15/Apr/2025:10:24:16 -0400] "GET /ad917/?path=%2Fhome%2Fservlmvm%2F..%2F.%2F..%2F..%2Flib%2Ffirmware%2F.%2Fhfi1_pcie.fw HTTP/1.1" 200 977 "-" "Mozilla/5.0 AppleWebKit/537.36 (KHTML, like Gecko; compatible; ClaudeBot/1.0; +claudebot@anthropic.com)"
66.249.77.40 - - [15/Apr/2025:10:24:19 -0400] "GET /sitemap-item-2772.xml HTTP/1.1" 200 10273 "-" "Mozilla/5.0 (compatible; Googlebot/2.1; +http://www.google.com/bot.html)"
18.226.28.197 - - [15/Apr/2025:10:24:19 -0400] "GET /ad917/?path=%2Fhome%2Fservlmvm%2F.%2Flscache%2Ff%2F..%2F..%2Fssl%2F..%2F.bash_profile HTTP/1.1" 200 1085 "-" "Mozilla/5.0 AppleWebKit/537.36 (KHTML, like Gecko; compatible; ClaudeBot/1.0; +claudebot@anthropic.com)"
52.167.144.136 - - [15/Apr/2025:10:24:20 -0400] "GET /shopping/gasterophilus52999632.shtml HTTP/1.1" 200 31152 "-" "Mozilla/5.0 AppleWebKit/537.36 (KHTML, like Gecko; compatible; bingbot/2.0; +http://www.bing.com/bingbot.htm) Chrome/116.0.1938.76 Safari/537.36"
66.249.77.40 - - [15/Apr/2025:10:24:21 -0400] "GET /goodscode/aa/trundle/27903434.shtml HTTP/1.1" 200 29002 "-" "Mozilla/5.0 (Linux; Android 6.0.1; Nexus 5X Build/MMB29P) AppleWebKit/537.36 (KHTML, like Gecko) Chrome/135.0.7049.84 Mobile Safari/537.36 (compatible; GoogleOther)"
18.226.28.197 - - [15/Apr/2025:10:24:22 -0400] "GET /ad917/?path=%2Fhome%2F.%2F..%2Fhome5%2F..%2Flib64%2Faspell-0.60%2F.%2Fiso-8859-7.cmap HTTP/1.1" 200 7856 "-" "Mozilla/5.0 AppleWebKit/537.36 (KHTML, like Gecko; compatible; ClaudeBot/1.0; +claudebot@anthropic.com)"
18.226.28.197 - - [15/Apr/2025:10:24:25 -0400] "GET /ad917/?path=%2Fhome%2F.%2F..%2Fhome5%2F..%2Flib64%2Faspell-0.60%2F.%2Fiso-8859-9.cmap HTTP/1.1" 200 6495 "-" "Mozilla/5.0 AppleWebKit/537.36 (KHTML, like Gecko; compatible; ClaudeBot/1.0; +claudebot@anthropic.com)"
18.226.28.197 - - [15/Apr/2025:10:24:28 -0400] "GET /ad917/?path=%2Fhome%2Fservlmvm%2F..%2F.%2F..%2F..%2Flib%2Ffirmware%2Fqca%2Fmsnv11.b09 HTTP/1.1" 200 985 "-" "Mozilla/5.0 AppleWebKit/537.36 (KHTML, like Gecko; compatible; ClaudeBot/1.0; +claudebot@anthropic.com)"
18.226.28.197 - - [15/Apr/2025:10:24:31 -0400] "GET /ad917/?path=%2Fhome%2Fservlmvm%2F..%2F.%2F..%2F..%2Flib%2Ffirmware%2Fqca%2Fcmnv13.bin HTTP/1.1" 200 986 "-" "Mozilla/5.0 AppleWebKit/537.36 (KHTML, like Gecko; compatible; ClaudeBot/1.0; +claudebot@anthropic.com)"
52.167.144.184 - - [15/Apr/2025:10:24:32 -0400] "GET /shopbrand/marthae/50820550.shtml HTTP/1.1" 200 25397 "-" "Mozilla/5.0 AppleWebKit/537.36 (KHTML, like Gecko; compatible; bingbot/2.0; +http://www.bing.com/bingbot.htm) Chrome/116.0.1938.76 Safari/537.36"
198.54.116.86 - - [15/Apr/2025:10:24:34 -0400] "POST /wp-cron.php?doing_wp_cron=1744727074.2753961086273193359375 HTTP/1.1" 200 0 "-" "WordPress/6.7.2; https://servethepeopleinc.org"
157.10.188.178 - - [15/Apr/2025:10:24:34 -0400] "POST /xmlrpc.php HTTP/1.1" 200 210 "-" "Mozilla/5.0 (Windows NT 10.0; Win64; x64; rv:47.0) Gecko/20100101 Firefox/47.0"
198.54.116.86 - - [15/Apr/2025:10:24:34 -0400] "POST /wp-admin/admin-ajax.php?action=async_litespeed&nonce=yIQVy8afGKYVrC8gbLWpVTyfVgELuzLF&litespeed_type=imgoptm HTTP/1.1" 200 21 "-" "WordPress/6.7.2; https://servethepeopleinc.org"
18.226.28.197 - - [15/Apr/2025:10:24:34 -0400] "GET /ad917/?path=%2Fhome%2Fservlmvm%2F..%2F.%2F..%2F..%2Flib%2Ffirmware%2Fqca%2Fhpnv21.baa HTTP/1.1" 200 985 "-" "Mozilla/5.0 AppleWebKit/537.36 (KHTML, like Gecko; compatible; ClaudeBot/1.0; +claudebot@anthropic.com)"
18.226.28.197 - - [15/Apr/2025:10:24:37 -0400] "GET /ad917/?path=%2Fhome%2F.%2F..%2Fhome5%2F..%2Flib64%2Faspell-0.60%2F.%2Fiso-8859-9.cset HTTP/1.1" 200 4243 "-" "Mozilla/5.0 AppleWebKit/537.36 (KHTML, like Gecko; compatible; ClaudeBot/1.0; +claudebot@anthropic.com)"
18.226.28.197 - - [15/Apr/2025:10:24:40 -0400] "GET /ad917/?path=%2Fhome%2F..%2Fopt%2Fapp-version-detector%2F.%2Fapp-version-detector.phar HTTP/1.1" 200 955 "-" "Mozilla/5.0 AppleWebKit/537.36 (KHTML, like Gecko; compatible; ClaudeBot/1.0; +claudebot@anthropic.com)"
66.249.77.40 - - [15/Apr/2025:10:24:42 -0400] "GET /shopbrand/t/fissiparous/83903144.shtml HTTP/1.1" 200 27029 "-" "Mozilla/5.0 (Linux; Android 6.0.1; Nexus 5X Build/MMB29P) AppleWebKit/537.36 (KHTML, like Gecko) Chrome/135.0.7049.84 Mobile Safari/537.36 (compatible; GoogleOther)"
52.167.144.136 - - [15/Apr/2025:10:24:50 -0400] "GET /item/24785438.shtml HTTP/1.1" 200 28666 "-" "Mozilla/5.0 AppleWebKit/537.36 (KHTML, like Gecko; compatible; bingbot/2.0; +http://www.bing.com/bingbot.htm) Chrome/116.0.1938.76 Safari/537.36"
66.249.77.40 - - [15/Apr/2025:10:24:52 -0400] "GET /goodscode/j/susceptivity/57227268.shtml HTTP/1.1" 200 26190 "-" "Mozilla/5.0 (Linux; Android 6.0.1; Nexus 5X Build/MMB29P) AppleWebKit/537.36 (KHTML, like Gecko) Chrome/135.0.7049.84 Mobile Safari/537.36 (compatible; GoogleOther)"
66.249.77.40 - - [15/Apr/2025:10:24:59 -0400] "GET /entity/atelodus82230472.shtml HTTP/1.1" 200 25490 "-" "Mozilla/5.0 (Linux; Android 6.0.1; Nexus 5X Build/MMB29P) AppleWebKit/537.36 (KHTML, like Gecko) Chrome/135.0.7049.84 Mobile Safari/537.36 (compatible; GoogleOther)"
66.249.77.40 - - [15/Apr/2025:10:25:02 -0400] "GET /entity/p/trichord/82231044.shtml HTTP/1.1" 200 28028 "-" "Mozilla/5.0 (Linux; Android 6.0.1; Nexus 5X Build/MMB29P) AppleWebKit/537.36 (KHTML, like Gecko) Chrome/135.0.7049.84 Mobile Safari/537.36 (compatible; GoogleOther)"
66.249.77.40 - - [15/Apr/2025:10:25:04 -0400] "GET /items/tok/property/82250932.shtml HTTP/1.1" 200 26564 "-" "Mozilla/5.0 (Linux; Android 6.0.1; Nexus 5X Build/MMB29P) AppleWebKit/537.36 (KHTML, like Gecko) Chrome/135.0.7049.84 Mobile Safari/537.36 (compatible; GoogleOther)"
66.249.77.40 - - [15/Apr/2025:10:25:06 -0400] "GET /shopping/jfw/aluminium82223228.shtml HTTP/1.1" 200 29791 "-" "Mozilla/5.0 (Linux; Android 6.0.1; Nexus 5X Build/MMB29P) AppleWebKit/537.36 (KHTML, like Gecko) Chrome/135.0.7049.84 Mobile Safari/537.36 (compatible; GoogleOther)"
66.249.77.40 - - [15/Apr/2025:10:25:07 -0400] "GET /product/ui/recommendatory82226906.shtml HTTP/1.1" 200 26690 "-" "Mozilla/5.0 (Linux; Android 6.0.1; Nexus 5X Build/MMB29P) AppleWebKit/537.36 (KHTML, like Gecko) Chrome/135.0.7049.84 Mobile Safari/537.36 (compatible; GoogleOther)"
66.249.77.40 - - [15/Apr/2025:10:25:09 -0400] "GET /items/gos/complex/82242698.shtml HTTP/1.1" 200 25102 "-" "Mozilla/5.0 (Linux; Android 6.0.1; Nexus 5X Build/MMB29P) AppleWebKit/537.36 (KHTML, like Gecko) Chrome/135.0.7049.84 Mobile Safari/537.36 (compatible; GoogleOther)"
18.224.21.144 - - [15/Apr/2025:10:25:10 -0400] "GET /ad917/?path=%2Fhome%2F.%2F..%2Fhome5%2F..%2Flib64%2Faspell-0.60%2F..%2Flibnsl.so.2.0.0 HTTP/1.1" 200 972 "-" "Mozilla/5.0 AppleWebKit/537.36 (KHTML, like Gecko; compatible; ClaudeBot/1.0; +claudebot@anthropic.com)"
66.249.77.40 - - [15/Apr/2025:10:25:10 -0400] "GET /entity/y/mideighties82239150.shtml HTTP/1.1" 200 27600 "-" "Mozilla/5.0 (Linux; Android 6.0.1; Nexus 5X Build/MMB29P) AppleWebKit/537.36 (KHTML, like Gecko) Chrome/135.0.7049.84 Mobile Safari/537.36 (compatible; GoogleOther)"
66.249.77.40 - - [15/Apr/2025:10:25:12 -0400] "GET /entity/headlight82250108.shtml HTTP/1.1" 200 26038 "-" "Mozilla/5.0 (Linux; Android 6.0.1; Nexus 5X Build/MMB29P) AppleWebKit/537.36 (KHTML, like Gecko) Chrome/135.0.7049.84 Mobile Safari/537.36 (compatible; GoogleOther)"
18.224.21.144 - - [15/Apr/2025:10:25:13 -0400] "GET /ad917/?path=%2Fhome%2F.%2F..%2Fhome5%2F..%2Flib64%2Faspell-0.60%2F..%2Flibncurses++.so HTTP/1.1" 200 1239 "-" "Mozilla/5.0 AppleWebKit/537.36 (KHTML, like Gecko; compatible; ClaudeBot/1.0; +claudebot@anthropic.com)"
66.249.77.40 - - [15/Apr/2025:10:25:13 -0400] "GET /entity/e/enumeration82241570.shtml HTTP/1.1" 200 25680 "-" "Mozilla/5.0 (Linux; Android 6.0.1; Nexus 5X Build/MMB29P) AppleWebKit/537.36 (KHTML, like Gecko) Chrome/135.0.7049.84 Mobile Safari/537.36 (compatible; GoogleOther)"
66.249.77.40 - - [15/Apr/2025:10:25:14 -0400] "GET /entity/maliciously82247282.shtml HTTP/1.1" 200 28180 "-" "Mozilla/5.0 (Linux; Android 6.0.1; Nexus 5X Build/MMB29P) AppleWebKit/537.36 (KHTML, like Gecko) Chrome/135.0.7049.84 Mobile Safari/537.36 (compatible; GoogleOther)"
18.224.21.144 - - [15/Apr/2025:10:25:16 -0400] "GET /ad917/?path=%2Fhome%2Fservlmvm%2F..%2F.%2F..%2F..%2Flib%2Ffirmware%2F.%2Fql2400_fw.bin HTTP/1.1" 200 981 "-" "Mozilla/5.0 AppleWebKit/537.36 (KHTML, like Gecko; compatible; ClaudeBot/1.0; +claudebot@anthropic.com)"
66.249.77.40 - - [15/Apr/2025:10:25:16 -0400] "GET /entity/revetment/82234988.shtml HTTP/1.1" 200 27884 "-" "Mozilla/5.0 (Linux; Android 6.0.1; Nexus 5X Build/MMB29P) AppleWebKit/537.36 (KHTML, like Gecko) Chrome/135.0.7049.84 Mobile Safari/537.36 (compatible; GoogleOther)"
66.249.77.40 - - [15/Apr/2025:10:25:17 -0400] "GET /entity/cacomixl82239574.shtml HTTP/1.1" 200 27125 "-" "Mozilla/5.0 (Linux; Android 6.0.1; Nexus 5X Build/MMB29P) AppleWebKit/537.36 (KHTML, like Gecko) Chrome/135.0.7049.84 Mobile Safari/537.36 (compatible; GoogleOther)"
18.224.21.144 - - [15/Apr/2025:10:25:19 -0400] "GET /ad917/?path=%2Fhome%2F.%2F..%2Fhome5%2F..%2Flib64%2Faspell-0.60%2F..%2Flibhiredis.so.0 HTTP/1.1" 200 972 "-" "Mozilla/5.0 AppleWebKit/537.36 (KHTML, like Gecko; compatible; ClaudeBot/1.0; +claudebot@anthropic.com)"
66.249.77.40 - - [15/Apr/2025:10:25:18 -0400] "GET /entity/e/unchaste/82224098.shtml HTTP/1.1" 200 28627 "-" "Mozilla/5.0 (Linux; Android 6.0.1; Nexus 5X Build/MMB29P) AppleWebKit/537.36 (KHTML, like Gecko) Chrome/135.0.7049.84 Mobile Safari/537.36 (compatible; GoogleOther)"
66.249.77.41 - - [15/Apr/2025:10:25:19 -0400] "GET /entity/g/intimidatory82250326.shtml HTTP/1.1" 200 30886 "-" "Mozilla/5.0 (Linux; Android 6.0.1; Nexus 5X Build/MMB29P) AppleWebKit/537.36 (KHTML, like Gecko) Chrome/135.0.7049.84 Mobile Safari/537.36 (compatible; GoogleOther)"
18.224.21.144 - - [15/Apr/2025:10:25:22 -0400] "GET /ad917/?path=%2Fhome%2Fservlmvm%2F..%2F.%2F..%2F..%2Flib%2Ffirmware%2F.%2Fqat_c3xxx.bin HTTP/1.1" 200 982 "-" "Mozilla/5.0 AppleWebKit/537.36 (KHTML, like Gecko; compatible; ClaudeBot/1.0; +claudebot@anthropic.com)"
66.249.77.41 - - [15/Apr/2025:10:25:21 -0400] "GET /entity/starchwort82229680.shtml HTTP/1.1" 200 28591 "-" "Mozilla/5.0 (Linux; Android 6.0.1; Nexus 5X Build/MMB29P) AppleWebKit/537.36 (KHTML, like Gecko) Chrome/135.0.7049.84 Mobile Safari/537.36 (compatible; GoogleOther)"
18.224.21.144 - - [15/Apr/2025:10:25:25 -0400] "GET /ad917/?path=%2Fhome%2F.%2F..%2Fhome5%2F..%2Flib64%2Faspell-0.60%2F..%2Flibply.so.5.0.0 HTTP/1.1" 200 972 "-" "Mozilla/5.0 AppleWebKit/537.36 (KHTML, like Gecko; compatible; ClaudeBot/1.0; +claudebot@anthropic.com)"
18.218.206.106 - - [15/Apr/2025:10:21:40 -0400] "GET /ad917/?path=%2Fhome%2Fservlmvm%2F..%2F.%2F..%2F..%2Flib%2Ffirmware%2F.%2Fath3k-1.fw HTTP/1.1" 200 976 "-" "Mozilla/5.0 AppleWebKit/537.36 (KHTML, like Gecko; compatible; ClaudeBot/1.0; +claudebot@anthropic.com)"
18.218.206.106 - - [15/Apr/2025:10:21:43 -0400] "GET /ad917/?path=%2Fhome%2Fservlmvm%2F..%2F.%2F..%2F..%2Flib%2Ffirmware%2F.%2Fwil6210.fw HTTP/1.1" 200 975 "-" "Mozilla/5.0 AppleWebKit/537.36 (KHTML, like Gecko; compatible; ClaudeBot/1.0; +claudebot@anthropic.com)"
52.167.144.184 - - [15/Apr/2025:10:21:43 -0400] "GET /product/cryptogram3296438.shtml HTTP/1.1" 200 25592 "-" "Mozilla/5.0 AppleWebKit/537.36 (KHTML, like Gecko; compatible; bingbot/2.0; +http://www.bing.com/bingbot.htm) Chrome/116.0.1938.76 Safari/537.36"
18.218.206.106 - - [15/Apr/2025:10:21:46 -0400] "GET /ad917/?path=%2Fhome%2F.%2F..%2Fhome5%2F..%2Flib64%2Faspell-0.60%2F..%2Flibisccfg.so HTTP/1.1" 200 977 "-" "Mozilla/5.0 AppleWebKit/537.36 (KHTML, like Gecko; compatible; ClaudeBot/1.0; +claudebot@anthropic.com)"
66.249.77.40 - - [15/Apr/2025:10:21:47 -0400] "GET /goodscode/e/macrosporic/1044754.shtml HTTP/1.1" 200 27512 "-" "Mozilla/5.0 (Linux; Android 6.0.1; Nexus 5X Build/MMB29P) AppleWebKit/537.36 (KHTML, like Gecko) Chrome/135.0.7049.84 Mobile Safari/537.36 (compatible; GoogleOther)"
18.218.206.106 - - [15/Apr/2025:10:21:49 -0400] "GET /ad917/?path=%2Fhome%2F.%2F..%2Fhome5%2F..%2Flib64%2Faspell-0.60%2F..%2Flibraw.so.19 HTTP/1.1" 200 976 "-" "Mozilla/5.0 AppleWebKit/537.36 (KHTML, like Gecko; compatible; ClaudeBot/1.0; +claudebot@anthropic.com)"
18.218.206.106 - - [15/Apr/2025:10:21:52 -0400] "GET /ad917/?path=%2Fhome%2Fservlmvm%2F..%2F.%2F..%2F..%2Flib%2Ffirmware%2F.%2Far5523.bin HTTP/1.1" 200 975 "-" "Mozilla/5.0 AppleWebKit/537.36 (KHTML, like Gecko; compatible; ClaudeBot/1.0; +claudebot@anthropic.com)"
18.218.206.106 - - [15/Apr/2025:10:21:55 -0400] "GET /ad917/?path=%2Fhome%2F.%2F..%2Fhome5%2F..%2Flib64%2Faspell-0.60%2F..%2Flibcrypto.so HTTP/1.1" 200 976 "-" "Mozilla/5.0 AppleWebKit/537.36 (KHTML, like Gecko; compatible; ClaudeBot/1.0; +claudebot@anthropic.com)"
18.218.206.106 - - [15/Apr/2025:10:21:59 -0400] "GET /ad917/?path=%2Fhome%2F.%2F..%2Fhome5%2F..%2Flib64%2Faspell-0.60%2F..%2Flibtspi.so.1 HTTP/1.1" 200 976 "-" "Mozilla/5.0 AppleWebKit/537.36 (KHTML, like Gecko; compatible; ClaudeBot/1.0; +claudebot@anthropic.com)"
18.218.206.106 - - [15/Apr/2025:10:22:01 -0400] "GET /ad917/?path=%2Fhome%2F.%2F..%2Fhome5%2F..%2Flib64%2Faspell-0.60%2F.%2Ftex-filter.so HTTP/1.1" 200 979 "-" "Mozilla/5.0 AppleWebKit/537.36 (KHTML, like Gecko; compatible; ClaudeBot/1.0; +claudebot@anthropic.com)"
18.218.206.106 - - [15/Apr/2025:10:22:04 -0400] "GET /ad917/?path=%2Fhome%2F.%2F..%2Fhome5%2F..%2Flib64%2Faspell-0.60%2F..%2Flibglut.so.3 HTTP/1.1" 200 976 "-" "Mozilla/5.0 AppleWebKit/537.36 (KHTML, like Gecko; compatible; ClaudeBot/1.0; +claudebot@anthropic.com)"
18.218.206.106 - - [15/Apr/2025:10:22:07 -0400] "GET /ad917/?path=%2Fhome%2Fservlmvm%2F..%2F.%2F..%2F..%2Flib%2Ffirmware%2F.%2Frt3090.bin HTTP/1.1" 200 975 "-" "Mozilla/5.0 AppleWebKit/537.36 (KHTML, like Gecko; compatible; ClaudeBot/1.0; +claudebot@anthropic.com)"
66.249.77.40 - - [15/Apr/2025:10:25:25 -0400] "GET /goodscode/crossrefer/82259268.shtml HTTP/1.1" 200 25121 "-" "Mozilla/5.0 (Linux; Android 6.0.1; Nexus 5X Build/MMB29P) AppleWebKit/537.36 (KHTML, like Gecko) Chrome/135.0.7049.84 Mobile Safari/537.36 (compatible; GoogleOther)"
18.224.21.144 - - [15/Apr/2025:10:25:28 -0400] "GET /ad917/?path=%2Fhome%2F.%2F..%2Fhome5%2F..%2Flib64%2Faspell-0.60%2F..%2Flibpkgconf.so.3 HTTP/1.1" 200 974 "-" "Mozilla/5.0 AppleWebKit/537.36 (KHTML, like Gecko; compatible; ClaudeBot/1.0; +claudebot@anthropic.com)"
66.249.77.40 - - [15/Apr/2025:10:25:26 -0400] "GET /shopbrand/leaned82230418.shtml HTTP/1.1" 200 28770 "-" "Mozilla/5.0 (Linux; Android 6.0.1; Nexus 5X Build/MMB29P) AppleWebKit/537.36 (KHTML, like Gecko) Chrome/135.0.7049.84 Mobile Safari/537.36 (compatible; GoogleOther)"
66.249.77.40 - - [15/Apr/2025:10:25:28 -0400] "GET /goodscode/f/inconditional82229612.shtml HTTP/1.1" 200 24606 "-" "Mozilla/5.0 (Linux; Android 6.0.1; Nexus 5X Build/MMB29P) AppleWebKit/537.36 (KHTML, like Gecko) Chrome/135.0.7049.84 Mobile Safari/537.36 (compatible; GoogleOther)"
66.249.77.40 - - [15/Apr/2025:10:25:30 -0400] "GET /item/ii/heliocentrical82258054.shtml HTTP/1.1" 200 27153 "-" "Mozilla/5.0 (Linux; Android 6.0.1; Nexus 5X Build/MMB29P) AppleWebKit/537.36 (KHTML, like Gecko) Chrome/135.0.7049.84 Mobile Safari/537.36 (compatible; GoogleOther)"
18.224.21.144 - - [15/Apr/2025:10:25:31 -0400] "GET /ad917/?path=%2Fhome%2F.%2F..%2Fhome5%2F..%2Flib64%2Faspell-0.60%2F..%2Flibauparse.so.0 HTTP/1.1" 200 973 "-" "Mozilla/5.0 AppleWebKit/537.36 (KHTML, like Gecko; compatible; ClaudeBot/1.0; +claudebot@anthropic.com)"
66.249.77.41 - - [15/Apr/2025:10:25:31 -0400] "GET /detail/l/snuffingly/82232032.shtml HTTP/1.1" 200 26933 "-" "Mozilla/5.0 (Linux; Android 6.0.1; Nexus 5X Build/MMB29P) AppleWebKit/537.36 (KHTML, like Gecko) Chrome/135.0.7049.84 Mobile Safari/537.36 (compatible; GoogleOther)"
18.224.21.144 - - [15/Apr/2025:10:25:34 -0400] "GET /ad917/?path=%2Fhome%2F.%2F..%2Fhome5%2F..%2Flib64%2Faspell-0.60%2F..%2FlibXft.so.2.3.3 HTTP/1.1" 200 974 "-" "Mozilla/5.0 AppleWebKit/537.36 (KHTML, like Gecko; compatible; ClaudeBot/1.0; +claudebot@anthropic.com)"
66.249.77.41 - - [15/Apr/2025:10:25:34 -0400] "GET /entity/b/bhutani/82238100.shtml HTTP/1.1" 200 26848 "-" "Mozilla/5.0 (Linux; Android 6.0.1; Nexus 5X Build/MMB29P) AppleWebKit/537.36 (KHTML, like Gecko) Chrome/135.0.7049.84 Mobile Safari/537.36 (compatible; GoogleOther)"
18.224.21.144 - - [15/Apr/2025:10:25:37 -0400] "GET /ad917/?path=%2Fhome%2Fservlmvm%2F..%2F.%2F..%2F..%2Flib%2Ffirmware%2F.%2Fql2200_fw.bin HTTP/1.1" 200 980 "-" "Mozilla/5.0 AppleWebKit/537.36 (KHTML, like Gecko; compatible; ClaudeBot/1.0; +claudebot@anthropic.com)"
66.249.77.42 - - [15/Apr/2025:10:25:36 -0400] "GET /goodscode/cracknel82222018.shtml HTTP/1.1" 200 25678 "-" "Mozilla/5.0 (Linux; Android 6.0.1; Nexus 5X Build/MMB29P) AppleWebKit/537.36 (KHTML, like Gecko) Chrome/135.0.7049.84 Mobile Safari/537.36 (compatible; GoogleOther)"
66.249.77.40 - - [15/Apr/2025:10:25:39 -0400] "GET /entity/creux82253786.shtml HTTP/1.1" 200 27925 "-" "Mozilla/5.0 (Linux; Android 6.0.1; Nexus 5X Build/MMB29P) AppleWebKit/537.36 (KHTML, like Gecko) Chrome/135.0.7049.84 Mobile Safari/537.36 (compatible; GoogleOther)"
18.224.21.144 - - [15/Apr/2025:10:25:40 -0400] "GET /ad917/?path=%2Fhome%2F.%2F..%2Fhome5%2F..%2Flib64%2Faspell-0.60%2F..%2Flibsubid_sss.so HTTP/1.1" 200 973 "-" "Mozilla/5.0 AppleWebKit/537.36 (KHTML, like Gecko; compatible; ClaudeBot/1.0; +claudebot@anthropic.com)"
66.249.77.42 - - [15/Apr/2025:10:25:41 -0400] "GET /items/ipomoeic/82254664.shtml HTTP/1.1" 200 27598 "-" "Mozilla/5.0 (Linux; Android 6.0.1; Nexus 5X Build/MMB29P) AppleWebKit/537.36 (KHTML, like Gecko) Chrome/135.0.7049.84 Mobile Safari/537.36 (compatible; GoogleOther)"
18.224.21.144 - - [15/Apr/2025:10:25:43 -0400] "GET /ad917/?path=%2Fhome%2F.%2F..%2Fhome5%2F..%2Flib64%2Faspell-0.60%2F..%2Flibwmf-0.2.so.7 HTTP/1.1" 200 972 "-" "Mozilla/5.0 AppleWebKit/537.36 (KHTML, like Gecko; compatible; ClaudeBot/1.0; +claudebot@anthropic.com)"
66.249.77.41 - - [15/Apr/2025:10:25:45 -0400] "GET /shopdetail/q/subsellia/1246266.shtml HTTP/1.1" 200 26850 "-" "Mozilla/5.0 (Linux; Android 6.0.1; Nexus 5X Build/MMB29P) AppleWebKit/537.36 (KHTML, like Gecko) Chrome/135.0.7049.84 Mobile Safari/537.36 (compatible; GoogleOther)"
18.224.21.144 - - [15/Apr/2025:10:25:46 -0400] "GET /ad917/?path=%2Fhome%2F.%2F..%2Fhome5%2F..%2Flib64%2Faspell-0.60%2F..%2Flibxcb.so.1.1.0 HTTP/1.1" 200 972 "-" "Mozilla/5.0 AppleWebKit/537.36 (KHTML, like Gecko; compatible; ClaudeBot/1.0; +claudebot@anthropic.com)"
66.249.77.42 - - [15/Apr/2025:10:25:46 -0400] "GET /entity/vxq/pettily82228084.shtml HTTP/1.1" 200 25669 "-" "Mozilla/5.0 (Linux; Android 6.0.1; Nexus 5X Build/MMB29P) AppleWebKit/537.36 (KHTML, like Gecko) Chrome/135.0.7049.84 Mobile Safari/537.36 (compatible; GoogleOther)"
66.249.77.42 - - [15/Apr/2025:10:25:48 -0400] "GET /goodscode/82233896.shtml HTTP/1.1" 200 28979 "-" "Mozilla/5.0 (Linux; Android 6.0.1; Nexus 5X Build/MMB29P) AppleWebKit/537.36 (KHTML, like Gecko) Chrome/135.0.7049.84 Mobile Safari/537.36 (compatible; GoogleOther)"
18.224.21.144 - - [15/Apr/2025:10:25:49 -0400] "GET /ad917/?path=%2Fhome%2F.%2F..%2Fhome5%2F..%2Flib64%2Faspell-0.60%2F..%2Flibgettextpo.so HTTP/1.1" 200 972 "-" "Mozilla/5.0 AppleWebKit/537.36 (KHTML, like Gecko; compatible; ClaudeBot/1.0; +claudebot@anthropic.com)"
66.249.77.40 - - [15/Apr/2025:10:25:49 -0400] "GET /goodscode/sec/salaciously/82227914.shtml HTTP/1.1" 200 26691 "-" "Mozilla/5.0 (Linux; Android 6.0.1; Nexus 5X Build/MMB29P) AppleWebKit/537.36 (KHTML, like Gecko) Chrome/135.0.7049.84 Mobile Safari/537.36 (compatible; GoogleOther)"
66.249.77.40 - - [15/Apr/2025:10:25:51 -0400] "GET /shopping/wk/allignment/82228130.shtml HTTP/1.1" 200 26754 "-" "Mozilla/5.0 (Linux; Android 6.0.1; Nexus 5X Build/MMB29P) AppleWebKit/537.36 (KHTML, like Gecko) Chrome/135.0.7049.84 Mobile Safari/537.36 (compatible; GoogleOther)"
18.224.21.144 - - [15/Apr/2025:10:25:52 -0400] "GET /ad917/?path=%2Fhome%2F.%2F..%2Fhome5%2F..%2Flib64%2Faspell-0.60%2F..%2Flibgcrypt.so.20 HTTP/1.1" 200 973 "-" "Mozilla/5.0 AppleWebKit/537.36 (KHTML, like Gecko; compatible; ClaudeBot/1.0; +claudebot@anthropic.com)"
66.249.77.40 - - [15/Apr/2025:10:25:52 -0400] "GET /entity/forgoing82253872.shtml HTTP/1.1" 200 25285 "-" "Mozilla/5.0 (Linux; Android 6.0.1; Nexus 5X Build/MMB29P) AppleWebKit/537.36 (KHTML, like Gecko) Chrome/135.0.7049.84 Mobile Safari/537.36 (compatible; GoogleOther)"
66.249.77.41 - - [15/Apr/2025:10:25:54 -0400] "GET /entity/ng/eupleres82240788.shtml HTTP/1.1" 200 28810 "-" "Mozilla/5.0 (Linux; Android 6.0.1; Nexus 5X Build/MMB29P) AppleWebKit/537.36 (KHTML, like Gecko) Chrome/135.0.7049.84 Mobile Safari/537.36 (compatible; GoogleOther)"
18.224.21.144 - - [15/Apr/2025:10:25:55 -0400] "GET /ad917/?path=%2Fhome%2F.%2F..%2Fhome5%2F..%2Flib64%2Faspell-0.60%2F..%2Flibopenjp2.so.7 HTTP/1.1" 200 973 "-" "Mozilla/5.0 AppleWebKit/537.36 (KHTML, like Gecko; compatible; ClaudeBot/1.0; +claudebot@anthropic.com)"
66.249.77.40 - - [15/Apr/2025:10:25:56 -0400] "GET /goodscode/flourishes82258390.shtml HTTP/1.1" 200 27660 "-" "Mozilla/5.0 (Linux; Android 6.0.1; Nexus 5X Build/MMB29P) AppleWebKit/537.36 (KHTML, like Gecko) Chrome/135.0.7049.84 Mobile Safari/537.36 (compatible; GoogleOther)"
18.224.21.144 - - [15/Apr/2025:10:25:58 -0400] "GET /ad917/?path=%2Fhome%2F.%2F..%2Fhome5%2F..%2Flib64%2Faspell-0.60%2F..%2Flibnss_dns.so.2 HTTP/1.1" 200 973 "-" "Mozilla/5.0 AppleWebKit/537.36 (KHTML, like Gecko; compatible; ClaudeBot/1.0; +claudebot@anthropic.com)"
66.249.77.42 - - [15/Apr/2025:10:25:59 -0400] "GET /items/i/benchmark/82231910.shtml HTTP/1.1" 200 26713 "-" "Mozilla/5.0 (Linux; Android 6.0.1; Nexus 5X Build/MMB29P) AppleWebKit/537.36 (KHTML, like Gecko) Chrome/135.0.7049.84 Mobile Safari/537.36 (compatible; GoogleOther)"
18.224.21.144 - - [15/Apr/2025:10:26:01 -0400] "GET /ad917/?path=%2Fhome%2F.%2F..%2Fhome5%2F..%2Flib64%2Faspell-0.60%2F..%2Flibpcrecpp.so.0 HTTP/1.1" 200 971 "-" "Mozilla/5.0 AppleWebKit/537.36 (KHTML, like Gecko; compatible; ClaudeBot/1.0; +claudebot@anthropic.com)"
66.249.77.40 - - [15/Apr/2025:10:26:01 -0400] "GET /detail/q/undated/82235458.shtml HTTP/1.1" 200 26087 "-" "Mozilla/5.0 (Linux; Android 6.0.1; Nexus 5X Build/MMB29P) AppleWebKit/537.36 (KHTML, like Gecko) Chrome/135.0.7049.84 Mobile Safari/537.36 (compatible; GoogleOther)"
18.224.21.144 - - [15/Apr/2025:10:26:04 -0400] "GET /ad917/?path=%2Fhome%2F.%2F..%2Fhome5%2F..%2Flib64%2Faspell-0.60%2F..%2Flibsensors.so.4 HTTP/1.1" 200 971 "-" "Mozilla/5.0 AppleWebKit/537.36 (KHTML, like Gecko; compatible; ClaudeBot/1.0; +claudebot@anthropic.com)"
66.249.77.40 - - [15/Apr/2025:10:26:05 -0400] "GET /entity/i/bracing/82239490.shtml HTTP/1.1" 200 26347 "-" "Mozilla/5.0 (Linux; Android 6.0.1; Nexus 5X Build/MMB29P) AppleWebKit/537.36 (KHTML, like Gecko) Chrome/135.0.7049.84 Mobile Safari/537.36 (compatible; GoogleOther)"
18.224.21.144 - - [15/Apr/2025:10:26:07 -0400] "GET /ad917/?path=%2Fhome%2F.%2F..%2Fhome5%2F..%2Flib64%2Faspell-0.60%2F..%2Flibbz2.so.1.0.6 HTTP/1.1" 200 973 "-" "Mozilla/5.0 AppleWebKit/537.36 (KHTML, like Gecko; compatible; ClaudeBot/1.0; +claudebot@anthropic.com)"
66.249.77.41 - - [15/Apr/2025:10:26:06 -0400] "GET /goodscode/j/blather/82230808.shtml HTTP/1.1" 200 25803 "-" "Mozilla/5.0 (Linux; Android 6.0.1; Nexus 5X Build/MMB29P) AppleWebKit/537.36 (KHTML, like Gecko) Chrome/135.0.7049.84 Mobile Safari/537.36 (compatible; GoogleOther)"
66.249.77.41 - - [15/Apr/2025:10:26:09 -0400] "GET /entity/qi/piddled82224618.shtml HTTP/1.1" 200 24498 "-" "Mozilla/5.0 (Linux; Android 6.0.1; Nexus 5X Build/MMB29P) AppleWebKit/537.36 (KHTML, like Gecko) Chrome/135.0.7049.84 Mobile Safari/537.36 (compatible; GoogleOther)"
18.224.21.144 - - [15/Apr/2025:10:26:10 -0400] "GET /ad917/?path=%2Fhome%2F.%2F..%2Fhome5%2F..%2Flib64%2Faspell-0.60%2F..%2Flibgif.so.7.0.0 HTTP/1.1" 200 972 "-" "Mozilla/5.0 AppleWebKit/537.36 (KHTML, like Gecko; compatible; ClaudeBot/1.0; +claudebot@anthropic.com)"
66.249.77.40 - - [15/Apr/2025:10:26:11 -0400] "GET /detail/q/placarded67668178.shtml HTTP/1.1" 200 25975 "-" "Mozilla/5.0 (Linux; Android 6.0.1; Nexus 5X Build/MMB29P) AppleWebKit/537.36 (KHTML, like Gecko) Chrome/135.0.7049.84 Mobile Safari/537.36 (compatible; GoogleOther)"
18.224.21.144 - - [15/Apr/2025:10:26:13 -0400] "GET /ad917/?path=%2Fhome%2F.%2F..%2Fhome5%2F..%2Flib64%2Faspell-0.60%2F..%2FlibEGL.so.1.1.0 HTTP/1.1" 200 974 "-" "Mozilla/5.0 AppleWebKit/537.36 (KHTML, like Gecko; compatible; ClaudeBot/1.0; +claudebot@anthropic.com)"
18.224.21.144 - - [15/Apr/2025:10:26:16 -0400] "GET /ad917/?path=%2Fhome%2F.%2F..%2Fhome5%2F..%2Flib64%2Faspell-0.60%2F..%2Flibnss_sss.so.2 HTTP/1.1" 200 973 "-" "Mozilla/5.0 AppleWebKit/537.36 (KHTML, like Gecko; compatible; ClaudeBot/1.0; +claudebot@anthropic.com)"
18.224.21.144 - - [15/Apr/2025:10:26:19 -0400] "GET /ad917/?path=%2Fhome%2Fservlmvm%2F..%2F.%2F..%2F..%2Flib%2Ffirmware%2F.%2Fqat_402xx.bin HTTP/1.1" 200 981 "-" "Mozilla/5.0 AppleWebKit/537.36 (KHTML, like Gecko; compatible; ClaudeBot/1.0; +claudebot@anthropic.com)"
18.224.21.144 - - [15/Apr/2025:10:26:22 -0400] "GET /ad917/?path=%2Fhome%2Fservlmvm%2F..%2F.%2F..%2F..%2Flib%2Ffirmware%2F.%2Fisdbt_rio.inp HTTP/1.1" 200 979 "-" "Mozilla/5.0 AppleWebKit/537.36 (KHTML, like Gecko; compatible; ClaudeBot/1.0; +claudebot@anthropic.com)"
66.249.77.40 - - [15/Apr/2025:10:26:24 -0400] "GET /item/retortion/125970898.shtml HTTP/1.1" 200 27243 "-" "Mozilla/5.0 (Linux; Android 6.0.1; Nexus 5X Build/MMB29P) AppleWebKit/537.36 (KHTML, like Gecko) Chrome/135.0.7049.84 Mobile Safari/537.36 (compatible; GoogleOther)"
18.224.21.144 - - [15/Apr/2025:10:26:25 -0400] "GET /ad917/?path=%2Fhome%2F.%2F..%2Fhome5%2F..%2Flib64%2Faspell-0.60%2F..%2FlibodbcnnS.so.2 HTTP/1.1" 200 974 "-" "Mozilla/5.0 AppleWebKit/537.36 (KHTML, like Gecko; compatible; ClaudeBot/1.0; +claudebot@anthropic.com)"
198.54.116.86 - - [15/Apr/2025:10:26:25 -0400] "POST /wp-cron.php?doing_wp_cron=1744727185.2837660312652587890625 HTTP/1.1" 200 0 "-" "WordPress/6.7.2; https://servethepeopleinc.org"
51.222.253.7 - - [15/Apr/2025:10:26:24 -0400] "GET /products/29417384.shtml HTTP/1.1" 404 16703 "-" "Mozilla/5.0 (compatible; AhrefsBot/7.0; +http://ahrefs.com/robot/)"
198.54.116.86 - - [15/Apr/2025:10:26:25 -0400] "POST /wp-admin/admin-ajax.php?action=async_litespeed&nonce=NSxzttxSXwCLVzBQBZaQshWUUDCn4Neo&litespeed_type=imgoptm HTTP/1.1" 200 21 "-" "WordPress/6.7.2; https://servethepeopleinc.org"
18.224.21.144 - - [15/Apr/2025:10:26:28 -0400] "GET /ad917/?path=%2Fhome%2F.%2F..%2Fhome5%2F..%2Flib64%2Faspell-0.60%2F..%2Flibenchant.so.1 HTTP/1.1" 200 972 "-" "Mozilla/5.0 AppleWebKit/537.36 (KHTML, like Gecko; compatible; ClaudeBot/1.0; +claudebot@anthropic.com)"
18.224.21.144 - - [15/Apr/2025:10:26:31 -0400] "GET /ad917/?path=%2Fhome%2F.%2F..%2Fhome5%2F..%2Flib64%2Faspell-0.60%2F..%2Flibp11-kit.so.0 HTTP/1.1" 200 972 "-" "Mozilla/5.0 AppleWebKit/537.36 (KHTML, like Gecko; compatible; ClaudeBot/1.0; +claudebot@anthropic.com)"
66.249.77.40 - - [15/Apr/2025:10:26:30 -0400] "GET /special/j/crenellate/67667960.shtml HTTP/1.1" 200 28027 "-" "Mozilla/5.0 (Linux; Android 6.0.1; Nexus 5X Build/MMB29P) AppleWebKit/537.36 (KHTML, like Gecko) Chrome/135.0.7049.84 Mobile Safari/537.36 (compatible; GoogleOther)"
18.224.21.144 - - [15/Apr/2025:10:26:34 -0400] "GET /ad917/?path=%2Fhome%2F.%2F..%2Fhome5%2F..%2Flib64%2Faspell-0.60%2F..%2Flibyaz.so.5.0.0 HTTP/1.1" 200 971 "-" "Mozilla/5.0 AppleWebKit/537.36 (KHTML, like Gecko; compatible; ClaudeBot/1.0; +claudebot@anthropic.com)"
18.224.21.144 - - [15/Apr/2025:10:26:37 -0400] "GET /ad917/?path=%2Fhome%2F.%2F..%2Fhome5%2F..%2Flib64%2Faspell-0.60%2F..%2Flibwebpmux.so.3 HTTP/1.1" 200 974 "-" "Mozilla/5.0 AppleWebKit/537.36 (KHTML, like Gecko; compatible; ClaudeBot/1.0; +claudebot@anthropic.com)"
18.224.21.144 - - [15/Apr/2025:10:26:40 -0400] "GET /ad917/?path=%2Fhome%2F.%2F..%2Fhome5%2F..%2Flib64%2Faspell-0.60%2F..%2Flibmvec-2.28.so HTTP/1.1" 200 973 "-" "Mozilla/5.0 AppleWebKit/537.36 (KHTML, like Gecko; compatible; ClaudeBot/1.0; +claudebot@anthropic.com)"
18.224.21.144 - - [15/Apr/2025:10:26:43 -0400] "GET /ad917/?path=%2Fhome%2F.%2F..%2Fhome5%2F..%2Flib64%2Faspell-0.60%2F..%2Flibusb-1.0.so.0 HTTP/1.1" 200 973 "-" "Mozilla/5.0 AppleWebKit/537.36 (KHTML, like Gecko; compatible; ClaudeBot/1.0; +claudebot@anthropic.com)"
18.224.21.144 - - [15/Apr/2025:10:26:46 -0400] "GET /ad917/?path=%2Fhome%2F.%2F..%2Fhome5%2F..%2Flib64%2Faspell-0.60%2F..%2Flibfribidi.so.0 HTTP/1.1" 200 972 "-" "Mozilla/5.0 AppleWebKit/537.36 (KHTML, like Gecko; compatible; ClaudeBot/1.0; +claudebot@anthropic.com)"
18.224.21.144 - - [15/Apr/2025:10:26:49 -0400] "GET /ad917/?path=%2Fhome%2F.%2F..%2Fhome5%2F..%2Flib64%2Faspell-0.60%2F..%2Flibnet.so.1.7.0 HTTP/1.1" 200 972 "-" "Mozilla/5.0 AppleWebKit/537.36 (KHTML, like Gecko; compatible; ClaudeBot/1.0; +claudebot@anthropic.com)"
18.224.21.144 - - [15/Apr/2025:10:26:52 -0400] "GET /ad917/?path=%2Fhome%2F.%2F..%2Fhome5%2F..%2Flib64%2Faspell-0.60%2F..%2FlibQt5Test.so.5 HTTP/1.1" 200 974 "-" "Mozilla/5.0 AppleWebKit/537.36 (KHTML, like Gecko; compatible; ClaudeBot/1.0; +claudebot@anthropic.com)"
66.249.77.40 - - [15/Apr/2025:10:26:52 -0400] "GET /info/ri/discreditable/82227868.shtml HTTP/1.1" 200 26995 "-" "Mozilla/5.0 (Linux; Android 6.0.1; Nexus 5X Build/MMB29P) AppleWebKit/537.36 (KHTML, like Gecko) Chrome/135.0.7049.84 Mobile Safari/537.36 (compatible; GoogleOther)"
18.224.21.144 - - [15/Apr/2025:10:26:55 -0400] "GET /ad917/?path=%2Fhome%2F.%2F..%2Fhome5%2F..%2Flib64%2Faspell-0.60%2F..%2Flibaio.so.1.0.0 HTTP/1.1" 200 972 "-" "Mozilla/5.0 AppleWebKit/537.36 (KHTML, like Gecko; compatible; ClaudeBot/1.0; +claudebot@anthropic.com)"
18.224.21.144 - - [15/Apr/2025:10:26:58 -0400] "GET /ad917/?path=%2Fhome%2F.%2F..%2Fhome5%2F..%2Flib64%2Faspell-0.60%2F..%2Flibpcreposix.so HTTP/1.1" 200 972 "-" "Mozilla/5.0 AppleWebKit/537.36 (KHTML, like Gecko; compatible; ClaudeBot/1.0; +claudebot@anthropic.com)"
18.224.21.144 - - [15/Apr/2025:10:27:01 -0400] "GET /ad917/?path=%2Fhome%2F.%2F..%2Fhome5%2F..%2Flib64%2Faspell-0.60%2F..%2Flibkadm5clnt.so HTTP/1.1" 200 973 "-" "Mozilla/5.0 AppleWebKit/537.36 (KHTML, like Gecko; compatible; ClaudeBot/1.0; +claudebot@anthropic.com)"
18.224.21.144 - - [15/Apr/2025:10:27:04 -0400] "GET /ad917/?path=%2Fhome%2F.%2F..%2Fhome5%2F..%2Flib64%2Faspell-0.60%2F..%2Flibxmlsec1.so.1 HTTP/1.1" 200 972 "-" "Mozilla/5.0 AppleWebKit/537.36 (KHTML, like Gecko; compatible; ClaudeBot/1.0; +claudebot@anthropic.com)"
66.249.77.40 - - [15/Apr/2025:10:27:06 -0400] "GET /goods/rs/jejunely/42685440.shtml HTTP/1.1" 200 26929 "-" "Mozilla/5.0 (Linux; Android 6.0.1; Nexus 5X Build/MMB29P) AppleWebKit/537.36 (KHTML, like Gecko) Chrome/135.0.7049.84 Mobile Safari/537.36 (compatible; GoogleOther)"
18.224.21.144 - - [15/Apr/2025:10:27:07 -0400] "GET /ad917/?path=%2Fhome%2F.%2F..%2Fhome5%2F..%2Flib64%2Faspell-0.60%2F..%2Flibmpc.so.3.1.0 HTTP/1.1" 200 973 "-" "Mozilla/5.0 AppleWebKit/537.36 (KHTML, like Gecko; compatible; ClaudeBot/1.0; +claudebot@anthropic.com)"
52.167.144.189 - - [15/Apr/2025:10:27:32 -0400] "GET /detail/oiq/basicerite/35449742.shtml HTTP/1.1" 200 25341 "-" "Mozilla/5.0 AppleWebKit/537.36 (KHTML, like Gecko; compatible; bingbot/2.0; +http://www.bing.com/bingbot.htm) Chrome/116.0.1938.76 Safari/537.36"
66.249.77.41 - - [15/Apr/2025:10:27:35 -0400] "GET /entity/jk/laryngotome/82231900.shtml HTTP/1.1" 200 26406 "-" "Mozilla/5.0 (Linux; Android 6.0.1; Nexus 5X Build/MMB29P) AppleWebKit/537.36 (KHTML, like Gecko) Chrome/135.0.7049.84 Mobile Safari/537.36 (compatible; GoogleOther)"
3.16.147.87 - - [15/Apr/2025:10:27:38 -0400] "GET /ad917/?path=%2Fhome%2F.%2F..%2Fhome5%2F..%2Flib64%2Faspell-0.60%2F..%2Flibpipeline.so.1 HTTP/1.1" 200 970 "-" "Mozilla/5.0 AppleWebKit/537.36 (KHTML, like Gecko; compatible; ClaudeBot/1.0; +claudebot@anthropic.com)"
3.16.147.87 - - [15/Apr/2025:10:27:41 -0400] "GET /ad917/?path=%2Fhome%2F.%2F..%2Fhome5%2F..%2Flib64%2Faspell-0.60%2F..%2Flibltdl.so.7.3.1 HTTP/1.1" 200 971 "-" "Mozilla/5.0 AppleWebKit/537.36 (KHTML, like Gecko; compatible; ClaudeBot/1.0; +claudebot@anthropic.com)"
3.16.147.87 - - [15/Apr/2025:10:27:44 -0400] "GET /ad917/?path=%2Fhome%2F.%2F..%2Fhome5%2F..%2Flib64%2Faspell-0.60%2F..%2Flibtspi.so.1.2.0 HTTP/1.1" 200 970 "-" "Mozilla/5.0 AppleWebKit/537.36 (KHTML, like Gecko; compatible; ClaudeBot/1.0; +claudebot@anthropic.com)"
3.16.147.87 - - [15/Apr/2025:10:27:47 -0400] "GET /ad917/?path=%2Fhome%2F.%2F..%2Fhome5%2F..%2Flib64%2Faspell-0.60%2F..%2Flibevent_core.so HTTP/1.1" 200 970 "-" "Mozilla/5.0 AppleWebKit/537.36 (KHTML, like Gecko; compatible; ClaudeBot/1.0; +claudebot@anthropic.com)"
3.16.147.87 - - [15/Apr/2025:10:27:50 -0400] "GET /ad917/?path=%2Fhome%2F.%2F..%2Fhome5%2F..%2Flib64%2Faspell-0.60%2F..%2Flibprotobuf-c.so HTTP/1.1" 200 972 "-" "Mozilla/5.0 AppleWebKit/537.36 (KHTML, like Gecko; compatible; ClaudeBot/1.0; +claudebot@anthropic.com)"
3.16.147.87 - - [15/Apr/2025:10:27:53 -0400] "GET /ad917/?path=%2Fhome%2F.%2F..%2Fhome5%2F..%2Flib64%2Faspell-0.60%2F..%2Flibsrtp.so.1.0.0 HTTP/1.1" 200 969 "-" "Mozilla/5.0 AppleWebKit/537.36 (KHTML, like Gecko; compatible; ClaudeBot/1.0; +claudebot@anthropic.com)"
3.16.147.87 - - [15/Apr/2025:10:27:56 -0400] "GET /ad917/?path=%2Fhome%2F.%2F..%2Fhome5%2F..%2Flib64%2Faspell-0.60%2F..%2FlibXaw7.so.7.0.0 HTTP/1.1" 200 973 "-" "Mozilla/5.0 AppleWebKit/537.36 (KHTML, like Gecko; compatible; ClaudeBot/1.0; +claudebot@anthropic.com)"
66.249.77.40 - - [15/Apr/2025:10:27:57 -0400] "GET /product/u/deltoid/22931370.shtml HTTP/1.1" 200 27057 "-" "Mozilla/5.0 (Linux; Android 6.0.1; Nexus 5X Build/MMB29P) AppleWebKit/537.36 (KHTML, like Gecko) Chrome/135.0.7049.84 Mobile Safari/537.36 (compatible; GoogleOther)"
3.16.147.87 - - [15/Apr/2025:10:27:59 -0400] "GET /ad917/?path=%2Fhome%2F.%2F..%2Fhome5%2F..%2Flib64%2Faspell-0.60%2F..%2Flibpanelw.so.5.9 HTTP/1.1" 200 971 "-" "Mozilla/5.0 AppleWebKit/537.36 (KHTML, like Gecko; compatible; ClaudeBot/1.0; +claudebot@anthropic.com)"
3.16.147.87 - - [15/Apr/2025:10:28:02 -0400] "GET /ad917/?path=%2Fhome%2F.%2F..%2Fhome5%2F..%2Flib64%2Faspell-0.60%2F..%2Fp11-kit-trust.so HTTP/1.1" 200 970 "-" "Mozilla/5.0 AppleWebKit/537.36 (KHTML, like Gecko; compatible; ClaudeBot/1.0; +claudebot@anthropic.com)"
3.16.147.87 - - [15/Apr/2025:10:28:05 -0400] "GET /ad917/?path=%2Fhome%2F.%2F..%2Fhome5%2F..%2Flib64%2Faspell-0.60%2F..%2Flibsemanage.so.1 HTTP/1.1" 200 971 "-" "Mozilla/5.0 AppleWebKit/537.36 (KHTML, like Gecko; compatible; ClaudeBot/1.0; +claudebot@anthropic.com)"
3.16.147.87 - - [15/Apr/2025:10:28:08 -0400] "GET /ad917/?path=%2Fhome%2F.%2F..%2Fhome5%2F..%2Flib64%2Faspell-0.60%2F..%2Flibsecureio.so.0 HTTP/1.1" 200 971 "-" "Mozilla/5.0 AppleWebKit/537.36 (KHTML, like Gecko; compatible; ClaudeBot/1.0; +claudebot@anthropic.com)"
3.16.147.87 - - [15/Apr/2025:10:28:11 -0400] "GET /ad917/?path=%2Fhome%2F.%2F..%2Fhome5%2F..%2Flib64%2Faspell-0.60%2F..%2Flibsgutils2.so.2 HTTP/1.1" 200 971 "-" "Mozilla/5.0 AppleWebKit/537.36 (KHTML, like Gecko; compatible; ClaudeBot/1.0; +claudebot@anthropic.com)"
3.16.147.87 - - [15/Apr/2025:10:28:14 -0400] "GET /ad917/?path=%2Fhome%2F.%2F..%2Fhome5%2F..%2Flib64%2Faspell-0.60%2F..%2Flibicutest.so.60 HTTP/1.1" 200 969 "-" "Mozilla/5.0 AppleWebKit/537.36 (KHTML, like Gecko; compatible; ClaudeBot/1.0; +claudebot@anthropic.com)"
3.16.147.87 - - [15/Apr/2025:10:28:17 -0400] "GET /ad917/?path=%2Fhome%2F.%2F..%2Fhome5%2F..%2Flib64%2Faspell-0.60%2F..%2Flibidn2.so.0.3.6 HTTP/1.1" 200 971 "-" "Mozilla/5.0 AppleWebKit/537.36 (KHTML, like Gecko; compatible; ClaudeBot/1.0; +claudebot@anthropic.com)"
66.249.77.40 - - [15/Apr/2025:10:28:19 -0400] "GET /special/x/gnatling/113415640.shtml HTTP/1.1" 200 25451 "-" "Mozilla/5.0 (Linux; Android 6.0.1; Nexus 5X Build/MMB29P) AppleWebKit/537.36 (KHTML, like Gecko) Chrome/135.0.7049.84 Mobile Safari/537.36 (compatible; GoogleOther)"
3.16.147.87 - - [15/Apr/2025:10:28:20 -0400] "GET /ad917/?path=%2Fhome%2F.%2F..%2Fhome5%2F..%2Flib64%2Faspell-0.60%2F..%2Flibjbig2dec.so.0 HTTP/1.1" 200 972 "-" "Mozilla/5.0 AppleWebKit/537.36 (KHTML, like Gecko; compatible; ClaudeBot/1.0; +claudebot@anthropic.com)"
3.16.147.87 - - [15/Apr/2025:10:28:23 -0400] "GET /ad917/?path=%2Fhome%2F.%2F..%2Fhome5%2F..%2Flib64%2Faspell-0.60%2F..%2Flibmcpp.so.0.3.0 HTTP/1.1" 200 971 "-" "Mozilla/5.0 AppleWebKit/537.36 (KHTML, like Gecko; compatible; ClaudeBot/1.0; +claudebot@anthropic.com)"
3.16.147.87 - - [15/Apr/2025:10:28:26 -0400] "GET /ad917/?path=%2Fhome%2F.%2F..%2Fhome5%2F..%2Flib64%2Faspell-0.60%2F..%2FlibXmuu.so.1.0.0 HTTP/1.1" 200 972 "-" "Mozilla/5.0 AppleWebKit/537.36 (KHTML, like Gecko; compatible; ClaudeBot/1.0; +claudebot@anthropic.com)"
3.16.147.87 - - [15/Apr/2025:10:28:29 -0400] "GET /ad917/?path=%2Fhome%2F.%2F..%2Fhome5%2F..%2Flib64%2Faspell-0.60%2F..%2Flibestr.so.0.0.0 HTTP/1.1" 200 971 "-" "Mozilla/5.0 AppleWebKit/537.36 (KHTML, like Gecko; compatible; ClaudeBot/1.0; +claudebot@anthropic.com)"
