3.149.236.71 - - [15/Apr/2025:08:36:17 -0400] "GET /ad917/?path=%2Fhome%2Fservlmvm%2Fpublic_html%2Fad917%2F..%2F..%2Fpublic_ftp%2F..%2Fspekkshealth.com%2Fwp-load.php HTTP/1.1" 200 2652 "-" "Mozilla/5.0 AppleWebKit/537.36 (KHTML, like Gecko; compatible; ClaudeBot/1.0; +claudebot@anthropic.com)"
3.149.236.71 - - [15/Apr/2025:08:36:20 -0400] "GET /ad917/?path=%2Fhome%2Fservlmvm%2Fpublic_html%2Fad917%2F..%2F.%2F.well-known%2F..%2Fwp-includes%2Fblock-editor.php HTTP/1.1" 200 7861 "-" "Mozilla/5.0 AppleWebKit/537.36 (KHTML, like Gecko; compatible; ClaudeBot/1.0; +claudebot@anthropic.com)"
13.71.40.65 - - [15/Apr/2025:08:36:20 -0400] "GET /wp-includes/sitemaps/ HTTP/1.1" 200 1346 "binance.com" "Mozilla/5.0 (Windows NT 10.0; Win64; x64) AppleWebKit/537.36 (KHTML, like Gecko) Chrome/90.0.4430.85 Safari/537.36"
66.249.77.40 - - [15/Apr/2025:08:36:20 -0400] "GET /item/sao/goulards/103903086.shtml HTTP/1.1" 200 28330 "-" "Mozilla/5.0 (Linux; Android 6.0.1; Nexus 5X Build/MMB29P) AppleWebKit/537.36 (KHTML, like Gecko) Chrome/135.0.7049.84 Mobile Safari/537.36 (compatible; GoogleOther)"
3.149.236.71 - - [15/Apr/2025:08:36:23 -0400] "GET /ad917/?path=%2Fhome%2Fservlmvm%2Fpublic_html%2Fad917%2F..%2F.%2Fwp-includes%2F..%2Fwp-admin%2Foptions-reading.php HTTP/1.1" 200 4240 "-" "Mozilla/5.0 AppleWebKit/537.36 (KHTML, like Gecko; compatible; ClaudeBot/1.0; +claudebot@anthropic.com)"
13.71.40.65 - - [15/Apr/2025:08:36:24 -0400] "GET /wp-includes/sitemaps/ HTTP/1.1" 200 1346 "binance.com" "Mozilla/5.0 (Windows NT 10.0; Win64; x64) AppleWebKit/537.36 (KHTML, like Gecko) Chrome/90.0.4430.85 Safari/537.36"
66.249.77.40 - - [15/Apr/2025:08:36:24 -0400] "GET /goodscode/65275392.shtml HTTP/1.1" 200 25799 "-" "Mozilla/5.0 (Linux; Android 6.0.1; Nexus 5X Build/MMB29P) AppleWebKit/537.36 (KHTML, like Gecko) Chrome/135.0.7049.84 Mobile Safari/537.36 (compatible; GoogleOther)"
3.149.236.71 - - [15/Apr/2025:08:36:26 -0400] "GET /ad917/?path=%2Fhome%2Fservlmvm%2Fpublic_html%2Fad917%2F..%2F.%2Fwp-includes%2F..%2Fwp-includes%2Fclass-phpass.php HTTP/1.1" 200 3503 "-" "Mozilla/5.0 AppleWebKit/537.36 (KHTML, like Gecko; compatible; ClaudeBot/1.0; +claudebot@anthropic.com)"
66.249.77.40 - - [15/Apr/2025:08:36:27 -0400] "GET /shopbrand1122638.shtml HTTP/1.1" 200 26540 "-" "Mozilla/5.0 (Linux; Android 6.0.1; Nexus 5X Build/MMB29P) AppleWebKit/537.36 (KHTML, like Gecko) Chrome/135.0.7049.84 Mobile Safari/537.36 (compatible; GoogleOther)"
13.71.40.65 - - [15/Apr/2025:08:36:28 -0400] "GET /wp-includes/sitemaps/providers/ HTTP/1.1" 200 888 "binance.com" "Mozilla/5.0 (Windows NT 10.0; Win64; x64) AppleWebKit/537.36 (KHTML, like Gecko) Chrome/90.0.4430.85 Safari/537.36"
3.149.236.71 - - [15/Apr/2025:08:36:29 -0400] "GET /ad917/?path=%2Fhome%2Fservlmvm%2Fpublic_html%2Fad917%2F..%2F.%2F.well-known%2F..%2Fwp-includes%2Fclass-phpass.php HTTP/1.1" 200 3512 "-" "Mozilla/5.0 AppleWebKit/537.36 (KHTML, like Gecko; compatible; ClaudeBot/1.0; +claudebot@anthropic.com)"
66.249.77.40 - - [15/Apr/2025:08:36:31 -0400] "GET /entity/3423252.shtml HTTP/1.1" 200 26925 "-" "Mozilla/5.0 (Linux; Android 6.0.1; Nexus 5X Build/MMB29P) AppleWebKit/537.36 (KHTML, like Gecko) Chrome/135.0.7049.84 Mobile Safari/537.36 (compatible; GoogleOther)"
3.149.236.71 - - [15/Apr/2025:08:36:32 -0400] "GET /ad917/?path=%2Fhome%2Fservlmvm%2Fpublic_html%2Fad917%2F..%2F.%2Fwp-includes%2F..%2Fwp-includes%2Fcache-compat.php HTTP/1.1" 200 2352 "-" "Mozilla/5.0 AppleWebKit/537.36 (KHTML, like Gecko; compatible; ClaudeBot/1.0; +claudebot@anthropic.com)"
13.71.40.65 - - [15/Apr/2025:08:36:32 -0400] "GET /wp-includes/sitemaps/providers/ HTTP/1.1" 200 888 "binance.com" "Mozilla/5.0 (Windows NT 10.0; Win64; x64) AppleWebKit/537.36 (KHTML, like Gecko) Chrome/90.0.4430.85 Safari/537.36"
66.249.77.40 - - [15/Apr/2025:08:36:34 -0400] "GET /entity/7253836.shtml HTTP/1.1" 200 27597 "-" "Mozilla/5.0 (Linux; Android 6.0.1; Nexus 5X Build/MMB29P) AppleWebKit/537.36 (KHTML, like Gecko) Chrome/135.0.7049.84 Mobile Safari/537.36 (compatible; GoogleOther)"
13.71.40.65 - - [15/Apr/2025:08:36:37 -0400] "GET /wp-includes/widgets/ HTTP/1.1" 200 1851 "binance.com" "Mozilla/5.0 (Windows NT 10.0; Win64; x64) AppleWebKit/537.36 (KHTML, like Gecko) Chrome/90.0.4430.85 Safari/537.36"
66.249.77.40 - - [15/Apr/2025:08:36:38 -0400] "GET /goodscode/125876142.shtml HTTP/1.1" 200 28865 "-" "Mozilla/5.0 (Linux; Android 6.0.1; Nexus 5X Build/MMB29P) AppleWebKit/537.36 (KHTML, like Gecko) Chrome/135.0.7049.84 Mobile Safari/537.36 (compatible; GoogleOther)"
13.71.40.65 - - [15/Apr/2025:08:36:42 -0400] "GET /wp-includes/widgets/ HTTP/1.1" 200 1851 "binance.com" "Mozilla/5.0 (Windows NT 10.0; Win64; x64) AppleWebKit/537.36 (KHTML, like Gecko) Chrome/90.0.4430.85 Safari/537.36"
66.249.77.41 - - [15/Apr/2025:08:36:42 -0400] "GET /goodscode/truss124995944.shtml HTTP/1.1" 200 26034 "-" "Mozilla/5.0 (Linux; Android 6.0.1; Nexus 5X Build/MMB29P) AppleWebKit/537.36 (KHTML, like Gecko) Chrome/135.0.7049.84 Mobile Safari/537.36 (compatible; GoogleOther)"
66.249.77.41 - - [15/Apr/2025:08:36:44 -0400] "GET /entity/puttock77112650.shtml HTTP/1.1" 200 25322 "-" "Mozilla/5.0 (Linux; Android 6.0.1; Nexus 5X Build/MMB29P) AppleWebKit/537.36 (KHTML, like Gecko) Chrome/135.0.7049.84 Mobile Safari/537.36 (compatible; GoogleOther)"
13.71.40.65 - - [15/Apr/2025:08:36:47 -0400] "GET /wp-includes/widgets/class-wp-widget-block.php HTTP/1.1" 403 1242 "binance.com" "Mozilla/5.0 (Windows NT 10.0; Win64; x64) AppleWebKit/537.36 (KHTML, like Gecko) Chrome/90.0.4430.85 Safari/537.36"
66.249.77.40 - - [15/Apr/2025:08:36:48 -0400] "GET /goodscode/sothiac77119204.shtml HTTP/1.1" 200 26300 "-" "Mozilla/5.0 (Linux; Android 6.0.1; Nexus 5X Build/MMB29P) AppleWebKit/537.36 (KHTML, like Gecko) Chrome/135.0.7049.84 Mobile Safari/537.36 (compatible; GoogleOther)"
13.71.40.65 - - [15/Apr/2025:08:36:52 -0400] "GET /wp-includes/css/ HTTP/1.1" 200 2351 "binance.com" "Mozilla/5.0 (Windows NT 10.0; Win64; x64) AppleWebKit/537.36 (KHTML, like Gecko) Chrome/90.0.4430.85 Safari/537.36"
66.249.77.41 - - [15/Apr/2025:08:36:52 -0400] "GET /entity/ichthyophthalmite61366562.shtml HTTP/1.1" 200 25023 "-" "Mozilla/5.0 (Linux; Android 6.0.1; Nexus 5X Build/MMB29P) AppleWebKit/537.36 (KHTML, like Gecko) Chrome/135.0.7049.84 Mobile Safari/537.36 (compatible; GoogleOther)"
66.249.77.41 - - [15/Apr/2025:08:36:53 -0400] "GET /products/modality/32105686.shtml HTTP/1.1" 200 25475 "-" "Mozilla/5.0 (Linux; Android 6.0.1; Nexus 5X Build/MMB29P) AppleWebKit/537.36 (KHTML, like Gecko) Chrome/135.0.7049.84 Mobile Safari/537.36 (compatible; GoogleOther)"
66.249.77.41 - - [15/Apr/2025:08:36:55 -0400] "GET /info/twa/chandoo/21131708.shtml HTTP/1.1" 200 27289 "-" "Mozilla/5.0 (Linux; Android 6.0.1; Nexus 5X Build/MMB29P) AppleWebKit/537.36 (KHTML, like Gecko) Chrome/135.0.7049.84 Mobile Safari/537.36 (compatible; GoogleOther)"
13.71.40.65 - - [15/Apr/2025:08:36:58 -0400] "GET /wp-includes/css/dist/ HTTP/1.1" 200 1355 "binance.com" "Mozilla/5.0 (Windows NT 10.0; Win64; x64) AppleWebKit/537.36 (KHTML, like Gecko) Chrome/90.0.4430.85 Safari/537.36"
66.249.77.42 - - [15/Apr/2025:08:36:59 -0400] "GET /shopping/7414726.shtml HTTP/1.1" 200 26064 "-" "Mozilla/5.0 (Linux; Android 6.0.1; Nexus 5X Build/MMB29P) AppleWebKit/537.36 (KHTML, like Gecko) Chrome/135.0.7049.84 Mobile Safari/537.36 (compatible; GoogleOther)"
13.71.40.65 - - [15/Apr/2025:08:37:02 -0400] "GET /wp-includes/fonts/ HTTP/1.1" 200 1460 "binance.com" "Mozilla/5.0 (Windows NT 10.0; Win64; x64) AppleWebKit/537.36 (KHTML, like Gecko) Chrome/90.0.4430.85 Safari/537.36"
66.249.77.41 - - [15/Apr/2025:08:37:02 -0400] "GET /goods/b/alpinist/35035388.shtml HTTP/1.1" 200 27923 "-" "Mozilla/5.0 (Linux; Android 6.0.1; Nexus 5X Build/MMB29P) AppleWebKit/537.36 (KHTML, like Gecko) Chrome/135.0.7049.84 Mobile Safari/537.36 (compatible; GoogleOther)"
13.71.40.65 - - [15/Apr/2025:08:37:06 -0400] "GET /wp-includes/fonts/ HTTP/1.1" 200 1460 "binance.com" "Mozilla/5.0 (Windows NT 10.0; Win64; x64) AppleWebKit/537.36 (KHTML, like Gecko) Chrome/90.0.4430.85 Safari/537.36"
66.249.77.41 - - [15/Apr/2025:08:37:06 -0400] "GET /item/gasket34979558.shtml HTTP/1.1" 200 26413 "-" "Mozilla/5.0 (Linux; Android 6.0.1; Nexus 5X Build/MMB29P) AppleWebKit/537.36 (KHTML, like Gecko) Chrome/135.0.7049.84 Mobile Safari/537.36 (compatible; GoogleOther)"
66.249.77.41 - - [15/Apr/2025:08:37:10 -0400] "GET /goodscode/124986100.shtml HTTP/1.1" 200 25785 "-" "Mozilla/5.0 (Linux; Android 6.0.1; Nexus 5X Build/MMB29P) AppleWebKit/537.36 (KHTML, like Gecko) Chrome/135.0.7049.84 Mobile Safari/537.36 (compatible; GoogleOther)"
3.143.211.215 - - [15/Apr/2025:08:37:10 -0400] "GET /ad917/?path=%2Fhome%2Fservlmvm%2Fpublic_html%2Fad917%2F..%2F.%2Fwp-includes%2Fjs%2F..%2Fclass-wp-theme-json-data.php HTTP/1.1" 200 1653 "-" "Mozilla/5.0 AppleWebKit/537.36 (KHTML, like Gecko; compatible; ClaudeBot/1.0; +claudebot@anthropic.com)"
13.71.40.65 - - [15/Apr/2025:08:37:11 -0400] "GET /wp-includes/fonts/class-wp-font-collection.php HTTP/1.1" 403 1242 "binance.com" "Mozilla/5.0 (Windows NT 10.0; Win64; x64) AppleWebKit/537.36 (KHTML, like Gecko) Chrome/90.0.4430.85 Safari/537.36"
3.143.211.215 - - [15/Apr/2025:08:37:13 -0400] "GET /ad917/?path=%2Fhome%2Fservlmvm%2Fpublic_html%2Fad917%2F..%2F.%2Fwp-includes%2Fphp-compat%2F..%2Fclass-wp-network.php HTTP/1.1" 200 4925 "-" "Mozilla/5.0 AppleWebKit/537.36 (KHTML, like Gecko; compatible; ClaudeBot/1.0; +claudebot@anthropic.com)"
66.249.77.40 - - [15/Apr/2025:08:37:13 -0400] "GET /entity/reservoir/68948540.shtml HTTP/1.1" 200 28562 "-" "Mozilla/5.0 (Linux; Android 6.0.1; Nexus 5X Build/MMB29P) AppleWebKit/537.36 (KHTML, like Gecko) Chrome/135.0.7049.84 Mobile Safari/537.36 (compatible; GoogleOther)"
13.71.40.65 - - [15/Apr/2025:08:37:15 -0400] "GET /wp-includes/fonts/class-wp-font-face-resolver.php HTTP/1.1" 403 1242 "binance.com" "Mozilla/5.0 (Windows NT 10.0; Win64; x64) AppleWebKit/537.36 (KHTML, like Gecko) Chrome/90.0.4430.85 Safari/537.36"
3.143.211.215 - - [15/Apr/2025:08:37:16 -0400] "GET /ad917/?path=%2Fhome%2Fservlmvm%2Fpublic_html%2Fwp-includes%2F.%2F..%2Fwp-includes%2Fclass-wp-fatal-error-handler.php HTTP/1.1" 200 3784 "-" "Mozilla/5.0 AppleWebKit/537.36 (KHTML, like Gecko; compatible; ClaudeBot/1.0; +claudebot@anthropic.com)"
66.249.77.40 - - [15/Apr/2025:08:37:17 -0400] "GET /goodscode/rectirostral/34985412.shtml HTTP/1.1" 200 27415 "-" "Mozilla/5.0 (Linux; Android 6.0.1; Nexus 5X Build/MMB29P) AppleWebKit/537.36 (KHTML, like Gecko) Chrome/135.0.7049.84 Mobile Safari/537.36 (compatible; GoogleOther)"
13.71.40.65 - - [15/Apr/2025:08:37:19 -0400] "GET /wp-includes/fonts/class-wp-font-face.php HTTP/1.1" 403 1242 "binance.com" "Mozilla/5.0 (Windows NT 10.0; Win64; x64) AppleWebKit/537.36 (KHTML, like Gecko) Chrome/90.0.4430.85 Safari/537.36"
3.143.211.215 - - [15/Apr/2025:08:37:19 -0400] "GET /ad917/?path=%2Fhome%2Fservlmvm%2Fspekkshealth.com%2Fwp-includes%2Fblock-bindings%2F..%2Fclass-wp-image-editor-gd.php HTTP/1.1" 200 6197 "-" "Mozilla/5.0 AppleWebKit/537.36 (KHTML, like Gecko; compatible; ClaudeBot/1.0; +claudebot@anthropic.com)"
66.249.77.40 - - [15/Apr/2025:08:37:20 -0400] "GET /entity/vg/comestible/79500284.shtml HTTP/1.1" 200 26748 "-" "Mozilla/5.0 (Linux; Android 6.0.1; Nexus 5X Build/MMB29P) AppleWebKit/537.36 (KHTML, like Gecko) Chrome/135.0.7049.84 Mobile Safari/537.36 (compatible; GoogleOther)"
3.143.211.215 - - [15/Apr/2025:08:37:22 -0400] "GET /ad917/?path=%2Fhome%2F.%2F..%2F..%2Fvar%2Ftmp%2F..%2Flib64%2Fpython3.6%2F..%2FlibQt5EglFSDeviceIntegration.so.5.15.3 HTTP/1.1" 200 1008 "-" "Mozilla/5.0 AppleWebKit/537.36 (KHTML, like Gecko; compatible; ClaudeBot/1.0; +claudebot@anthropic.com)"
13.71.40.65 - - [15/Apr/2025:08:37:22 -0400] "GET /wp-includes/fonts/class-wp-font-library.php HTTP/1.1" 403 1242 "binance.com" "Mozilla/5.0 (Windows NT 10.0; Win64; x64) AppleWebKit/537.36 (KHTML, like Gecko) Chrome/90.0.4430.85 Safari/537.36"
66.249.77.40 - - [15/Apr/2025:08:37:24 -0400] "GET /shopping/5097098.shtml HTTP/1.1" 200 27452 "-" "Mozilla/5.0 (Linux; Android 6.0.1; Nexus 5X Build/MMB29P) AppleWebKit/537.36 (KHTML, like Gecko) Chrome/135.0.7049.84 Mobile Safari/537.36 (compatible; GoogleOther)"
3.143.211.215 - - [15/Apr/2025:08:37:25 -0400] "GET /ad917/?path=%2Fhome%2Fservlmvm%2Fpublic_html%2Fad917%2F..%2F.%2F.well-known%2F..%2Fwp-includes%2Ftheme-templates.php HTTP/1.1" 200 3342 "-" "Mozilla/5.0 AppleWebKit/537.36 (KHTML, like Gecko; compatible; ClaudeBot/1.0; +claudebot@anthropic.com)"
13.71.40.65 - - [15/Apr/2025:08:37:28 -0400] "GET /wp-includes/fonts/class-wp-font-utils.php HTTP/1.1" 403 1242 "binance.com" "Mozilla/5.0 (Windows NT 10.0; Win64; x64) AppleWebKit/537.36 (KHTML, like Gecko) Chrome/90.0.4430.85 Safari/537.36"
66.249.77.40 - - [15/Apr/2025:08:37:27 -0400] "GET /goods95699398.shtml HTTP/1.1" 200 25499 "-" "Mozilla/5.0 (Linux; Android 6.0.1; Nexus 5X Build/MMB29P) AppleWebKit/537.36 (KHTML, like Gecko) Chrome/135.0.7049.84 Mobile Safari/537.36 (compatible; GoogleOther)"
3.143.211.215 - - [15/Apr/2025:08:37:28 -0400] "GET /ad917/?path=%2Fhome%2Fservlmvm%2Fpublic_html%2Fad917%2F..%2F.%2F.well-known%2F..%2Fwp-admin%2Fedit-form-advanced.php HTTP/1.1" 200 10439 "-" "Mozilla/5.0 AppleWebKit/537.36 (KHTML, like Gecko; compatible; ClaudeBot/1.0; +claudebot@anthropic.com)"
66.249.77.40 - - [15/Apr/2025:08:37:29 -0400] "GET /detail/a/archespore/25433378.shtml HTTP/1.1" 200 26519 "-" "Mozilla/5.0 (Linux; Android 6.0.1; Nexus 5X Build/MMB29P) AppleWebKit/537.36 (KHTML, like Gecko) Chrome/135.0.7049.84 Mobile Safari/537.36 (compatible; GoogleOther)"
3.143.211.215 - - [15/Apr/2025:08:37:31 -0400] "GET /ad917/?path=%2Fhome%2Fservlmvm%2Fpublic_html%2Fad917%2F..%2F.%2Fwp-includes%2F..%2Fwp-includes%2Fauthor-template.php HTTP/1.1" 200 6365 "-" "Mozilla/5.0 AppleWebKit/537.36 (KHTML, like Gecko; compatible; ClaudeBot/1.0; +claudebot@anthropic.com)"
66.249.77.40 - - [15/Apr/2025:08:37:31 -0400] "GET /goodscode/h/fringy63382788.shtml HTTP/1.1" 200 27653 "-" "Mozilla/5.0 (Linux; Android 6.0.1; Nexus 5X Build/MMB29P) AppleWebKit/537.36 (KHTML, like Gecko) Chrome/135.0.7049.84 Mobile Safari/537.36 (compatible; GoogleOther)"
13.71.40.65 - - [15/Apr/2025:08:37:32 -0400] "GET /wp-includes/images/ HTTP/1.1" 200 2191 "binance.com" "Mozilla/5.0 (Windows NT 10.0; Win64; x64) AppleWebKit/537.36 (KHTML, like Gecko) Chrome/90.0.4430.85 Safari/537.36"
66.249.77.41 - - [15/Apr/2025:08:37:32 -0400] "GET /goodscode/xk/thievishness/21166740.shtml HTTP/1.1" 200 28476 "-" "Mozilla/5.0 (Linux; Android 6.0.1; Nexus 5X Build/MMB29P) AppleWebKit/537.36 (KHTML, like Gecko) Chrome/135.0.7049.84 Mobile Safari/537.36 (compatible; GoogleOther)"
3.143.211.215 - - [15/Apr/2025:08:37:34 -0400] "GET /ad917/?path=%2Fhome%2Fservlmvm%2Fpublic_html%2Fad917%2F..%2F.%2F.well-known%2F..%2FVhUwsEAeICzRaJB%2FVhUwsEAeICzRaJB HTTP/1.1" 200 1663 "-" "Mozilla/5.0 AppleWebKit/537.36 (KHTML, like Gecko; compatible; ClaudeBot/1.0; +claudebot@anthropic.com)"
66.249.77.41 - - [15/Apr/2025:08:37:35 -0400] "GET /entity/8115892.shtml HTTP/1.1" 200 25742 "-" "Mozilla/5.0 (Linux; Android 6.0.1; Nexus 5X Build/MMB29P) AppleWebKit/537.36 (KHTML, like Gecko) Chrome/135.0.7049.84 Mobile Safari/537.36 (compatible; GoogleOther)"
13.71.40.65 - - [15/Apr/2025:08:37:36 -0400] "GET /wp-includes/images/crystal/ HTTP/1.1" 200 1407 "binance.com" "Mozilla/5.0 (Windows NT 10.0; Win64; x64) AppleWebKit/537.36 (KHTML, like Gecko) Chrome/90.0.4430.85 Safari/537.36"
3.143.211.215 - - [15/Apr/2025:08:37:37 -0400] "GET /ad917/?path=%2Fhome%2Fservlmvm%2Fpublic_html%2Fad917%2F..%2F.%2Fwp-includes%2F..%2Fwp-includes%2Fclass-simplepie.php HTTP/1.1" 200 1247 "-" "Mozilla/5.0 AppleWebKit/537.36 (KHTML, like Gecko; compatible; ClaudeBot/1.0; +claudebot@anthropic.com)"
66.249.77.41 - - [15/Apr/2025:08:37:38 -0400] "GET /entity/u/welshman/63385586.shtml HTTP/1.1" 200 26177 "-" "Mozilla/5.0 (Linux; Android 6.0.1; Nexus 5X Build/MMB29P) AppleWebKit/537.36 (KHTML, like Gecko) Chrome/135.0.7049.84 Mobile Safari/537.36 (compatible; GoogleOther)"
13.71.40.65 - - [15/Apr/2025:08:37:39 -0400] "GET /wp-includes/images/media/ HTTP/1.1" 200 1535 "binance.com" "Mozilla/5.0 (Windows NT 10.0; Win64; x64) AppleWebKit/537.36 (KHTML, like Gecko) Chrome/90.0.4430.85 Safari/537.36"
3.143.211.215 - - [15/Apr/2025:08:37:40 -0400] "GET /ad917/?path=%2Fhome%2Fservlmvm%2Fpublic_html%2Fad917%2F..%2F.%2F.well-known%2F..%2Fwp-includes%2Fauthor-template.php HTTP/1.1" 200 6375 "-" "Mozilla/5.0 AppleWebKit/537.36 (KHTML, like Gecko; compatible; ClaudeBot/1.0; +claudebot@anthropic.com)"
66.249.77.40 - - [15/Apr/2025:08:37:42 -0400] "GET /item/erasure/50047750.shtml HTTP/1.1" 200 27910 "-" "Mozilla/5.0 (Linux; Android 6.0.1; Nexus 5X Build/MMB29P) AppleWebKit/537.36 (KHTML, like Gecko) Chrome/135.0.7049.84 Mobile Safari/537.36 (compatible; GoogleOther)"
13.71.40.65 - - [15/Apr/2025:08:37:43 -0400] "GET /wp-includes/images/smilies/ HTTP/1.1" 200 1695 "binance.com" "Mozilla/5.0 (Windows NT 10.0; Win64; x64) AppleWebKit/537.36 (KHTML, like Gecko) Chrome/90.0.4430.85 Safari/537.36"
3.143.211.215 - - [15/Apr/2025:08:37:43 -0400] "GET /ad917/?path=%2Fhome%2Fservlmvm%2Fpublic_html%2Fad917%2F..%2F.%2Fwp-includes%2F..%2Fwp-includes%2Fclass-wp-locale.php HTTP/1.1" 200 4391 "-" "Mozilla/5.0 AppleWebKit/537.36 (KHTML, like Gecko; compatible; ClaudeBot/1.0; +claudebot@anthropic.com)"
66.249.77.40 - - [15/Apr/2025:08:37:45 -0400] "GET /entity/foreland50048140.shtml HTTP/1.1" 200 29926 "-" "Mozilla/5.0 (Linux; Android 6.0.1; Nexus 5X Build/MMB29P) AppleWebKit/537.36 (KHTML, like Gecko) Chrome/135.0.7049.84 Mobile Safari/537.36 (compatible; GoogleOther)"
3.143.211.215 - - [15/Apr/2025:08:37:46 -0400] "GET /ad917/?path=%2Fhome%2Fservlmvm%2Fpublic_html%2Fad917%2F..%2F.%2F.well-known%2F..%2Fwp-includes%2Fclass.wp-styles.php HTTP/1.1" 200 1186 "-" "Mozilla/5.0 AppleWebKit/537.36 (KHTML, like Gecko; compatible; ClaudeBot/1.0; +claudebot@anthropic.com)"
3.143.211.215 - - [15/Apr/2025:08:37:49 -0400] "GET /ad917/?path=%2Fhome%2Fservlmvm%2Fpublic_html%2Fad917%2F..%2F.%2Fwp-includes%2F..%2Fwp-includes%2Fclass.wp-styles.php HTTP/1.1" 200 1175 "-" "Mozilla/5.0 AppleWebKit/537.36 (KHTML, like Gecko; compatible; ClaudeBot/1.0; +claudebot@anthropic.com)"
66.249.77.41 - - [15/Apr/2025:08:37:49 -0400] "GET /entity/residuous/63393434.shtml HTTP/1.1" 200 27827 "-" "Mozilla/5.0 (Linux; Android 6.0.1; Nexus 5X Build/MMB29P) AppleWebKit/537.36 (KHTML, like Gecko) Chrome/135.0.7049.84 Mobile Safari/537.36 (compatible; GoogleOther)"
3.143.211.215 - - [15/Apr/2025:08:37:52 -0400] "GET /ad917/?path=%2Fhome%2Fservlmvm%2Fpublic_html%2Fad917%2F..%2F.%2Fwp-includes%2F..%2Fwp-includes%2Fclass-wp-oembed.php HTTP/1.1" 200 8807 "-" "Mozilla/5.0 AppleWebKit/537.36 (KHTML, like Gecko; compatible; ClaudeBot/1.0; +claudebot@anthropic.com)"
66.249.77.41 - - [15/Apr/2025:08:37:53 -0400] "GET /entity/lxa/credere1036308.shtml HTTP/1.1" 200 29938 "-" "Mozilla/5.0 (Linux; Android 6.0.1; Nexus 5X Build/MMB29P) AppleWebKit/537.36 (KHTML, like Gecko) Chrome/135.0.7049.84 Mobile Safari/537.36 (compatible; GoogleOther)"
3.143.211.215 - - [15/Apr/2025:08:37:55 -0400] "GET /ad917/?path=%2Fhome%2Fservlmvm%2Fpublic_html%2Fad917%2F..%2F.%2F.well-known%2F..%2Fwp-admin%2Fms-upgrade-network.php HTTP/1.1" 200 1146 "-" "Mozilla/5.0 AppleWebKit/537.36 (KHTML, like Gecko; compatible; ClaudeBot/1.0; +claudebot@anthropic.com)"
66.249.77.41 - - [15/Apr/2025:08:37:56 -0400] "GET /shopdetail2693590.shtml HTTP/1.1" 200 26441 "-" "Mozilla/5.0 (Linux; Android 6.0.1; Nexus 5X Build/MMB29P) AppleWebKit/537.36 (KHTML, like Gecko) Chrome/135.0.7049.84 Mobile Safari/537.36 (compatible; GoogleOther)"
198.54.116.86 - - [15/Apr/2025:08:37:58 -0400] "POST /wp-cron.php?doing_wp_cron=1744720678.6604130268096923828125 HTTP/1.1" 200 0 "-" "WordPress/6.7.2; https://servethepeopleinc.org"
3.143.211.215 - - [15/Apr/2025:08:37:58 -0400] "GET /ad917/?path=%2Fhome%2Fservlmvm%2Fpublic_html%2Fad917%2F..%2F.%2Fwp-includes%2F..%2Fwp-includes%2Fclass-wp-editor.php HTTP/1.1" 200 19376 "-" "Mozilla/5.0 AppleWebKit/537.36 (KHTML, like Gecko; compatible; ClaudeBot/1.0; +claudebot@anthropic.com)"
13.71.40.65 - - [15/Apr/2025:08:37:58 -0400] "GET /wp-includes/images/wlw/ HTTP/1.1" 404 19447 "binance.com" "Mozilla/5.0 (Windows NT 10.0; Win64; x64) AppleWebKit/537.36 (KHTML, like Gecko) Chrome/90.0.4430.85 Safari/537.36"
198.54.116.86 - - [15/Apr/2025:08:37:58 -0400] "POST /wp-admin/admin-ajax.php?action=async_litespeed&nonce=Cg1dgWQaKYlzGT4Y4Z0UGJ32YPR3SGJJ&litespeed_type=imgoptm HTTP/1.1" 200 21 "-" "WordPress/6.7.2; https://servethepeopleinc.org"
66.249.77.40 - - [15/Apr/2025:08:38:00 -0400] "GET /item/saturant/82602454.shtml HTTP/1.1" 200 25466 "-" "Mozilla/5.0 (Linux; Android 6.0.1; Nexus 5X Build/MMB29P) AppleWebKit/537.36 (KHTML, like Gecko) Chrome/135.0.7049.84 Mobile Safari/537.36 (compatible; GoogleOther)"
3.143.211.215 - - [15/Apr/2025:08:38:01 -0400] "GET /ad917/?path=%2Fhome%2Fservlmvm%2Fpublic_html%2Fad917%2F..%2F.%2Fwp-includes%2F..%2Fwp-includes%2Fdefault-filters.php HTTP/1.1" 200 9684 "-" "Mozilla/5.0 AppleWebKit/537.36 (KHTML, like Gecko; compatible; ClaudeBot/1.0; +claudebot@anthropic.com)"
198.54.116.86 - - [15/Apr/2025:08:38:03 -0400] "POST /wp-cron.php?doing_wp_cron=1744720683.3961338996887207031250 HTTP/1.1" 200 0 "-" "WordPress/6.7.2; https://servethepeopleinc.org"
13.71.40.65 - - [15/Apr/2025:08:38:02 -0400] "GET /wp-includes/js/%20 HTTP/1.1" 301 0 "binance.com" "Mozilla/5.0 (Windows NT 10.0; Win64; x64) AppleWebKit/537.36 (KHTML, like Gecko) Chrome/90.0.4430.85 Safari/537.36"
13.71.40.65 - - [15/Apr/2025:08:38:03 -0400] "GET /wp-includes/js/ HTTP/1.1" 200 4587 "binance.com" "Mozilla/5.0 (Windows NT 10.0; Win64; x64) AppleWebKit/537.36 (KHTML, like Gecko) Chrome/90.0.4430.85 Safari/537.36"
3.143.211.215 - - [15/Apr/2025:08:38:04 -0400] "GET /ad917/?path=%2Fhome%2Fservlmvm%2Fpublic_html%2Fad917%2F..%2F.%2Fwp-includes%2F..%2Fwp-includes%2Fclass-wp-walker.php HTTP/1.1" 200 4212 "-" "Mozilla/5.0 AppleWebKit/537.36 (KHTML, like Gecko; compatible; ClaudeBot/1.0; +claudebot@anthropic.com)"
66.249.77.40 - - [15/Apr/2025:08:38:04 -0400] "GET /goodscode/administered56251634.shtml HTTP/1.1" 200 26876 "-" "Mozilla/5.0 (Linux; Android 6.0.1; Nexus 5X Build/MMB29P) AppleWebKit/537.36 (KHTML, like Gecko) Chrome/135.0.7049.84 Mobile Safari/537.36 (compatible; GoogleOther)"
13.71.40.65 - - [15/Apr/2025:08:38:06 -0400] "GET /wp-includes/js/codemirror/ HTTP/1.1" 200 1345 "binance.com" "Mozilla/5.0 (Windows NT 10.0; Win64; x64) AppleWebKit/537.36 (KHTML, like Gecko) Chrome/90.0.4430.85 Safari/537.36"
3.143.211.215 - - [15/Apr/2025:08:38:07 -0400] "GET /ad917/?path=%2Fhome%2Fservlmvm%2Fpublic_html%2Fad917%2F..%2F.%2F.well-known%2F..%2Fwp-includes%2Ftemplate-loader.php HTTP/1.1" 200 2224 "-" "Mozilla/5.0 AppleWebKit/537.36 (KHTML, like Gecko; compatible; ClaudeBot/1.0; +claudebot@anthropic.com)"
66.249.77.41 - - [15/Apr/2025:08:38:07 -0400] "GET /special73001906.shtml HTTP/1.1" 200 27318 "-" "Mozilla/5.0 (Linux; Android 6.0.1; Nexus 5X Build/MMB29P) AppleWebKit/537.36 (KHTML, like Gecko) Chrome/135.0.7049.84 Mobile Safari/537.36 (compatible; GoogleOther)"
3.143.211.215 - - [15/Apr/2025:08:38:10 -0400] "GET /ad917/?path=%2Fhome%2Fservlmvm%2Fpublic_html%2Fad917%2F..%2F.%2F.well-known%2F..%2Fwp-includes%2Frobots-template.php HTTP/1.1" 200 2197 "-" "Mozilla/5.0 AppleWebKit/537.36 (KHTML, like Gecko; compatible; ClaudeBot/1.0; +claudebot@anthropic.com)"
13.71.40.65 - - [15/Apr/2025:08:38:11 -0400] "GET /wp-includes/js/plupload/ HTTP/1.1" 200 1376 "binance.com" "Mozilla/5.0 (Windows NT 10.0; Win64; x64) AppleWebKit/537.36 (KHTML, like Gecko) Chrome/90.0.4430.85 Safari/537.36"
66.249.77.40 - - [15/Apr/2025:08:38:12 -0400] "GET /special/witcracker/45097096.shtml HTTP/1.1" 200 27462 "-" "Mozilla/5.0 (Linux; Android 6.0.1; Nexus 5X Build/MMB29P) AppleWebKit/537.36 (KHTML, like Gecko) Chrome/135.0.7049.84 Mobile Safari/537.36 (compatible; GoogleOther)"
3.143.211.215 - - [15/Apr/2025:08:38:13 -0400] "GET /ad917/?path=%2Fhome%2Fservlmvm%2Fpublic_html%2Fad917%2F..%2F.%2F.well-known%2F..%2Fwp-includes%2Fdefault-widgets.php HTTP/1.1" 200 1403 "-" "Mozilla/5.0 AppleWebKit/537.36 (KHTML, like Gecko; compatible; ClaudeBot/1.0; +claudebot@anthropic.com)"
66.249.77.40 - - [15/Apr/2025:08:38:13 -0400] "GET /product/a/morinel/21150570.shtml HTTP/1.1" 200 27346 "-" "Mozilla/5.0 (Linux; Android 6.0.1; Nexus 5X Build/MMB29P) AppleWebKit/537.36 (KHTML, like Gecko) Chrome/135.0.7049.84 Mobile Safari/537.36 (compatible; GoogleOther)"
13.71.40.65 - - [15/Apr/2025:08:38:14 -0400] "GET /.well-known/ HTTP/1.1" 200 763 "binance.com" "Mozilla/5.0 (Windows NT 10.0; Win64; x64) AppleWebKit/537.36 (KHTML, like Gecko) Chrome/90.0.4430.85 Safari/537.36"
66.249.77.40 - - [15/Apr/2025:08:38:15 -0400] "GET /goodscode/microcosmicum/79508210.shtml HTTP/1.1" 200 26785 "-" "Mozilla/5.0 (Linux; Android 6.0.1; Nexus 5X Build/MMB29P) AppleWebKit/537.36 (KHTML, like Gecko) Chrome/135.0.7049.84 Mobile Safari/537.36 (compatible; GoogleOther)"
3.143.211.215 - - [15/Apr/2025:08:38:16 -0400] "GET /ad917/?path=%2Fhome%2Fservlmvm%2Fpublic_html%2Fad917%2F..%2F.%2Fwp-includes%2F..%2Fwp-includes%2Frobots-template.php HTTP/1.1" 200 2186 "-" "Mozilla/5.0 AppleWebKit/537.36 (KHTML, like Gecko; compatible; ClaudeBot/1.0; +claudebot@anthropic.com)"
3.143.211.215 - - [15/Apr/2025:08:38:19 -0400] "GET /ad917/?path=%2Fhome%2Fservlmvm%2Fpublic_html%2Fad917%2F..%2F.%2F.well-known%2F..%2Fwp-includes%2Fclass-wp-walker.php HTTP/1.1" 200 4195 "-" "Mozilla/5.0 AppleWebKit/537.36 (KHTML, like Gecko; compatible; ClaudeBot/1.0; +claudebot@anthropic.com)"
66.249.77.40 - - [15/Apr/2025:08:38:21 -0400] "GET /entity/baller60656584.shtml HTTP/1.1" 200 26789 "-" "Mozilla/5.0 (Linux; Android 6.0.1; Nexus 5X Build/MMB29P) AppleWebKit/537.36 (KHTML, like Gecko) Chrome/135.0.7049.84 Mobile Safari/537.36 (compatible; GoogleOther)"
3.143.211.215 - - [15/Apr/2025:08:38:22 -0400] "GET /ad917/?path=%2Fhome%2Fservlmvm%2Fpublic_html%2Fad917%2F..%2F.%2Fwp-includes%2F..%2Fwp-includes%2Ftemplate-canvas.php HTTP/1.1" 200 1290 "-" "Mozilla/5.0 AppleWebKit/537.36 (KHTML, like Gecko; compatible; ClaudeBot/1.0; +claudebot@anthropic.com)"
66.249.77.40 - - [15/Apr/2025:08:38:22 -0400] "GET /entity/sextodecimo/61368720.shtml HTTP/1.1" 200 28210 "-" "Mozilla/5.0 (Linux; Android 6.0.1; Nexus 5X Build/MMB29P) AppleWebKit/537.36 (KHTML, like Gecko) Chrome/135.0.7049.84 Mobile Safari/537.36 (compatible; GoogleOther)"
172.203.190.128 - - [15/Apr/2025:08:38:25 -0400] "GET /robots.txt HTTP/1.1" 304 0 "-" "Mozilla/5.0 (Macintosh; Intel Mac OS X 10_15_7) AppleWebKit/537.36 (KHTML, like Gecko) Chrome/131.0.0.0 Safari/537.36; compatible; OAI-SearchBot/1.0; +https://openai.com/searchbot"
3.143.211.215 - - [15/Apr/2025:08:38:25 -0400] "GET /ad917/?path=%2Fhome%2Fservlmvm%2Fpublic_html%2Fad917%2F..%2F.%2F.well-known%2F..%2Fwp-includes%2Fdefault-filters.php HTTP/1.1" 200 9667 "-" "Mozilla/5.0 AppleWebKit/537.36 (KHTML, like Gecko; compatible; ClaudeBot/1.0; +claudebot@anthropic.com)"
66.249.77.40 - - [15/Apr/2025:08:38:25 -0400] "GET /entity/o/zonal67865746.shtml HTTP/1.1" 200 25942 "-" "Mozilla/5.0 (Linux; Android 6.0.1; Nexus 5X Build/MMB29P) AppleWebKit/537.36 (KHTML, like Gecko) Chrome/135.0.7049.84 Mobile Safari/537.36 (compatible; GoogleOther)"
3.143.211.215 - - [15/Apr/2025:08:38:28 -0400] "GET /ad917/?path=%2Fhome%2Fservlmvm%2Fpublic_html%2Fad917%2F..%2F.%2F.well-known%2F..%2Fwp-includes%2Fclass-wp-editor.php HTTP/1.1" 200 19395 "-" "Mozilla/5.0 AppleWebKit/537.36 (KHTML, like Gecko; compatible; ClaudeBot/1.0; +claudebot@anthropic.com)"
66.249.77.40 - - [15/Apr/2025:08:38:29 -0400] "GET /entity/dappui/35060840.shtml HTTP/1.1" 200 25044 "-" "Mozilla/5.0 (Linux; Android 6.0.1; Nexus 5X Build/MMB29P) AppleWebKit/537.36 (KHTML, like Gecko) Chrome/135.0.7049.84 Mobile Safari/537.36 (compatible; GoogleOther)"
3.143.211.215 - - [15/Apr/2025:08:38:31 -0400] "GET /ad917/?path=%2Fhome%2Fservlmvm%2Fpublic_html%2Fad917%2F..%2F.%2Fwp-includes%2F..%2Fwp-includes%2Fhttps-migration.php HTTP/1.1" 200 2575 "-" "Mozilla/5.0 AppleWebKit/537.36 (KHTML, like Gecko; compatible; ClaudeBot/1.0; +claudebot@anthropic.com)"
66.249.77.41 - - [15/Apr/2025:08:38:32 -0400] "GET /goodscode/k/pennat/101715394.shtml HTTP/1.1" 200 27028 "-" "Mozilla/5.0 (Linux; Android 6.0.1; Nexus 5X Build/MMB29P) AppleWebKit/537.36 (KHTML, like Gecko) Chrome/135.0.7049.84 Mobile Safari/537.36 (compatible; GoogleOther)"
3.143.211.215 - - [15/Apr/2025:08:38:34 -0400] "GET /ad917/?path=%2Fhome%2Fservlmvm%2Fpublic_html%2Fad917%2F..%2F.%2F.well-known%2F..%2Fwp-includes%2Fclass-wp-locale.php HTTP/1.1" 200 4401 "-" "Mozilla/5.0 AppleWebKit/537.36 (KHTML, like Gecko; compatible; ClaudeBot/1.0; +claudebot@anthropic.com)"
66.249.77.40 - - [15/Apr/2025:08:38:36 -0400] "GET /info22942900.shtml HTTP/1.1" 200 25360 "-" "Mozilla/5.0 (Linux; Android 6.0.1; Nexus 5X Build/MMB29P) AppleWebKit/537.36 (KHTML, like Gecko) Chrome/135.0.7049.84 Mobile Safari/537.36 (compatible; GoogleOther)"
3.143.211.215 - - [15/Apr/2025:08:38:37 -0400] "GET /ad917/?path=%2Fhome%2Fservlmvm%2Fpublic_html%2Fad917%2F..%2F.%2F.well-known%2F..%2Fwp-includes%2Ftemplate-canvas.php HTTP/1.1" 200 1299 "-" "Mozilla/5.0 AppleWebKit/537.36 (KHTML, like Gecko; compatible; ClaudeBot/1.0; +claudebot@anthropic.com)"
3.143.211.215 - - [15/Apr/2025:08:38:40 -0400] "GET /ad917/?path=%2Fhome%2Fservlmvm%2Fpublic_html%2Fad917%2F..%2F.%2Fwp-includes%2F..%2Fwp-admin%2Foptions-discussion.php HTTP/1.1" 200 5619 "-" "Mozilla/5.0 AppleWebKit/537.36 (KHTML, like Gecko; compatible; ClaudeBot/1.0; +claudebot@anthropic.com)"
66.249.77.41 - - [15/Apr/2025:08:38:40 -0400] "GET /item/kae/demeanour/83896154.shtml HTTP/1.1" 200 26687 "-" "Mozilla/5.0 (Linux; Android 6.0.1; Nexus 5X Build/MMB29P) AppleWebKit/537.36 (KHTML, like Gecko) Chrome/135.0.7049.84 Mobile Safari/537.36 (compatible; GoogleOther)"
3.143.211.215 - - [15/Apr/2025:08:38:43 -0400] "GET /ad917/?path=%2Fhome%2Fservlmvm%2Fpublic_html%2Fad917%2F..%2F.%2Fwp-includes%2F..%2FVhUwsEAeICzRaJB%2FVhUwsEAeICzRaJB HTTP/1.1" 200 1661 "-" "Mozilla/5.0 AppleWebKit/537.36 (KHTML, like Gecko; compatible; ClaudeBot/1.0; +claudebot@anthropic.com)"
66.249.77.40 - - [15/Apr/2025:08:38:43 -0400] "GET /items/u/stablishment23314582.shtml HTTP/1.1" 200 25475 "-" "Mozilla/5.0 (Linux; Android 6.0.1; Nexus 5X Build/MMB29P) AppleWebKit/537.36 (KHTML, like Gecko) Chrome/135.0.7049.84 Mobile Safari/537.36 (compatible; GoogleOther)"
3.143.211.215 - - [15/Apr/2025:08:38:46 -0400] "GET /ad917/?path=%2Fhome%2Fservlmvm%2Fpublic_html%2Fad917%2F..%2F.%2F.well-known%2F..%2Fwp-includes%2Fclass-wp-widget.php HTTP/1.1" 200 5655 "-" "Mozilla/5.0 AppleWebKit/537.36 (KHTML, like Gecko; compatible; ClaudeBot/1.0; +claudebot@anthropic.com)"
66.249.77.41 - - [15/Apr/2025:08:38:48 -0400] "GET /goodscode/50038590.shtml HTTP/1.1" 200 25315 "-" "Mozilla/5.0 (Linux; Android 6.0.1; Nexus 5X Build/MMB29P) AppleWebKit/537.36 (KHTML, like Gecko) Chrome/135.0.7049.84 Mobile Safari/537.36 (compatible; GoogleOther)"
3.143.211.215 - - [15/Apr/2025:08:38:49 -0400] "GET /ad917/?path=%2Fhome%2Fservlmvm%2Fpublic_html%2Fad917%2F..%2F.%2F.well-known%2F..%2Fwp-includes%2Fclass-wp-styles.php HTTP/1.1" 200 4215 "-" "Mozilla/5.0 AppleWebKit/537.36 (KHTML, like Gecko; compatible; ClaudeBot/1.0; +claudebot@anthropic.com)"
66.249.77.40 - - [15/Apr/2025:08:38:50 -0400] "GET /goodscode/abnet35056892.shtml HTTP/1.1" 200 28779 "-" "Mozilla/5.0 (Linux; Android 6.0.1; Nexus 5X Build/MMB29P) AppleWebKit/537.36 (KHTML, like Gecko) Chrome/135.0.7049.84 Mobile Safari/537.36 (compatible; GoogleOther)"
3.143.211.215 - - [15/Apr/2025:08:38:52 -0400] "GET /ad917/?path=%2Fhome%2Fservlmvm%2Fpublic_html%2Fad917%2F..%2F.%2Fwp-includes%2F..%2Fwp-includes%2Ftheme-templates.php HTTP/1.1" 200 3334 "-" "Mozilla/5.0 AppleWebKit/537.36 (KHTML, like Gecko; compatible; ClaudeBot/1.0; +claudebot@anthropic.com)"
66.249.77.40 - - [15/Apr/2025:08:38:52 -0400] "GET /shopbrand/q/leafcup/30683310.shtml HTTP/1.1" 200 26929 "-" "Mozilla/5.0 (Linux; Android 6.0.1; Nexus 5X Build/MMB29P) AppleWebKit/537.36 (KHTML, like Gecko) Chrome/135.0.7049.84 Mobile Safari/537.36 (compatible; GoogleOther)"
66.249.77.41 - - [15/Apr/2025:08:38:52 -0400] "GET /info2979124.shtml HTTP/1.1" 200 26812 "-" "Mozilla/5.0 (Linux; Android 6.0.1; Nexus 5X Build/MMB29P) AppleWebKit/537.36 (KHTML, like Gecko) Chrome/135.0.7049.84 Mobile Safari/537.36 (compatible; Googlebot/2.1; +http://www.google.com/bot.html)"
66.249.77.40 - - [15/Apr/2025:08:38:54 -0400] "GET /item/vaulty93267884.shtml HTTP/1.1" 200 26811 "-" "Mozilla/5.0 (Linux; Android 6.0.1; Nexus 5X Build/MMB29P) AppleWebKit/537.36 (KHTML, like Gecko) Chrome/135.0.7049.84 Mobile Safari/537.36 (compatible; GoogleOther)"
3.143.211.215 - - [15/Apr/2025:08:38:55 -0400] "GET /ad917/?path=%2Fhome%2Fservlmvm%2Fpublic_html%2Fad917%2F..%2F.%2Fwp-includes%2F..%2Fwp-includes%2Fclass-avif-info.php HTTP/1.1" 200 7368 "-" "Mozilla/5.0 AppleWebKit/537.36 (KHTML, like Gecko; compatible; ClaudeBot/1.0; +claudebot@anthropic.com)"
3.143.211.215 - - [15/Apr/2025:08:38:58 -0400] "GET /ad917/?path=%2Fhome%2Fservlmvm%2Fpublic_html%2Fad917%2F..%2F.%2F.well-known%2F..%2Fwp-admin%2Foptions-discussion.php HTTP/1.1" 200 5591 "-" "Mozilla/5.0 AppleWebKit/537.36 (KHTML, like Gecko; compatible; ClaudeBot/1.0; +claudebot@anthropic.com)"
66.249.77.42 - - [15/Apr/2025:08:38:58 -0400] "GET /goodscode/10366486.shtml HTTP/1.1" 200 27358 "-" "Mozilla/5.0 (Linux; Android 6.0.1; Nexus 5X Build/MMB29P) AppleWebKit/537.36 (KHTML, like Gecko) Chrome/135.0.7049.84 Mobile Safari/537.36 (compatible; GoogleOther)"
3.143.211.215 - - [15/Apr/2025:08:39:01 -0400] "GET /ad917/?path=%2Fhome%2Fservlmvm%2Fpublic_html%2Fad917%2F..%2F.%2Fwp-includes%2F..%2Fwp-includes%2Ftemplate-loader.php HTTP/1.1" 200 2214 "-" "Mozilla/5.0 AppleWebKit/537.36 (KHTML, like Gecko; compatible; ClaudeBot/1.0; +claudebot@anthropic.com)"
66.249.77.42 - - [15/Apr/2025:08:39:01 -0400] "GET /goodscode/34975432.shtml HTTP/1.1" 200 27473 "-" "Mozilla/5.0 (Linux; Android 6.0.1; Nexus 5X Build/MMB29P) AppleWebKit/537.36 (KHTML, like Gecko) Chrome/135.0.7049.84 Mobile Safari/537.36 (compatible; GoogleOther)"
3.143.211.215 - - [15/Apr/2025:08:39:04 -0400] "GET /ad917/?path=%2Fhome%2Fservlmvm%2Fpublic_html%2Fad917%2F..%2F.%2Fwp-includes%2F..%2Fwp-includes%2Fclass-wp-styles.php HTTP/1.1" 200 4203 "-" "Mozilla/5.0 AppleWebKit/537.36 (KHTML, like Gecko; compatible; ClaudeBot/1.0; +claudebot@anthropic.com)"
66.249.77.41 - - [15/Apr/2025:08:39:05 -0400] "GET /entity61376108.shtml HTTP/1.1" 200 27589 "-" "Mozilla/5.0 (Linux; Android 6.0.1; Nexus 5X Build/MMB29P) AppleWebKit/537.36 (KHTML, like Gecko) Chrome/135.0.7049.84 Mobile Safari/537.36 (compatible; GoogleOther)"
3.143.211.215 - - [15/Apr/2025:08:39:07 -0400] "GET /ad917/?path=%2Fhome%2Fservlmvm%2Fpublic_html%2Fad917%2F..%2F.%2Fwp-includes%2F..%2Fwp-admin%2Fedit-form-advanced.php HTTP/1.1" 200 10431 "-" "Mozilla/5.0 AppleWebKit/537.36 (KHTML, like Gecko; compatible; ClaudeBot/1.0; +claudebot@anthropic.com)"
66.249.77.40 - - [15/Apr/2025:08:39:08 -0400] "GET /goodscode/67855730.shtml HTTP/1.1" 200 26520 "-" "Mozilla/5.0 (Linux; Android 6.0.1; Nexus 5X Build/MMB29P) AppleWebKit/537.36 (KHTML, like Gecko) Chrome/135.0.7049.84 Mobile Safari/537.36 (compatible; GoogleOther)"
66.249.77.40 - - [15/Apr/2025:08:39:12 -0400] "GET /special27541496.shtml HTTP/1.1" 200 25338 "-" "Mozilla/5.0 (Linux; Android 6.0.1; Nexus 5X Build/MMB29P) AppleWebKit/537.36 (KHTML, like Gecko) Chrome/135.0.7049.84 Mobile Safari/537.36 (compatible; GoogleOther)"
66.249.77.40 - - [15/Apr/2025:08:39:15 -0400] "GET /entity/ykg/subjectivity/11092074.shtml HTTP/1.1" 200 26451 "-" "Mozilla/5.0 (Linux; Android 6.0.1; Nexus 5X Build/MMB29P) AppleWebKit/537.36 (KHTML, like Gecko) Chrome/135.0.7049.84 Mobile Safari/537.36 (compatible; GoogleOther)"
66.249.77.40 - - [15/Apr/2025:08:39:19 -0400] "GET /entity/j/bedstraw1045024.shtml HTTP/1.1" 200 28407 "-" "Mozilla/5.0 (Linux; Android 6.0.1; Nexus 5X Build/MMB29P) AppleWebKit/537.36 (KHTML, like Gecko) Chrome/135.0.7049.84 Mobile Safari/537.36 (compatible; GoogleOther)"
66.249.77.40 - - [15/Apr/2025:08:39:23 -0400] "GET /item/cac/daintified/22946978.shtml HTTP/1.1" 200 26042 "-" "Mozilla/5.0 (Linux; Android 6.0.1; Nexus 5X Build/MMB29P) AppleWebKit/537.36 (KHTML, like Gecko) Chrome/135.0.7049.84 Mobile Safari/537.36 (compatible; GoogleOther)"
66.249.77.40 - - [15/Apr/2025:08:39:27 -0400] "GET /detail/93279580.shtml HTTP/1.1" 200 26723 "-" "Mozilla/5.0 (Linux; Android 6.0.1; Nexus 5X Build/MMB29P) AppleWebKit/537.36 (KHTML, like Gecko) Chrome/135.0.7049.84 Mobile Safari/537.36 (compatible; GoogleOther)"
66.249.77.40 - - [15/Apr/2025:08:39:30 -0400] "GET /info/frame/61392098.shtml HTTP/1.1" 200 25076 "-" "Mozilla/5.0 (Linux; Android 6.0.1; Nexus 5X Build/MMB29P) AppleWebKit/537.36 (KHTML, like Gecko) Chrome/135.0.7049.84 Mobile Safari/537.36 (compatible; GoogleOther)"
66.249.77.40 - - [15/Apr/2025:08:39:31 -0400] "GET /items/q/goethite/73418730.shtml HTTP/1.1" 200 26841 "-" "Mozilla/5.0 (Linux; Android 6.0.1; Nexus 5X Build/MMB29P) AppleWebKit/537.36 (KHTML, like Gecko) Chrome/135.0.7049.84 Mobile Safari/537.36 (compatible; GoogleOther)"
66.249.77.40 - - [15/Apr/2025:08:39:33 -0400] "GET /item/takein73396306.shtml HTTP/1.1" 200 27146 "-" "Mozilla/5.0 (Linux; Android 6.0.1; Nexus 5X Build/MMB29P) AppleWebKit/537.36 (KHTML, like Gecko) Chrome/135.0.7049.84 Mobile Safari/537.36 (compatible; GoogleOther)"
66.249.77.40 - - [15/Apr/2025:08:39:37 -0400] "GET /entity/phorus68926898.shtml HTTP/1.1" 200 25058 "-" "Mozilla/5.0 (Linux; Android 6.0.1; Nexus 5X Build/MMB29P) AppleWebKit/537.36 (KHTML, like Gecko) Chrome/135.0.7049.84 Mobile Safari/537.36 (compatible; GoogleOther)"
66.249.77.40 - - [15/Apr/2025:08:39:41 -0400] "GET /item/ascribing104319578.shtml HTTP/1.1" 200 27789 "-" "Mozilla/5.0 (Linux; Android 6.0.1; Nexus 5X Build/MMB29P) AppleWebKit/537.36 (KHTML, like Gecko) Chrome/135.0.7049.84 Mobile Safari/537.36 (compatible; GoogleOther)"
66.249.77.40 - - [15/Apr/2025:08:39:44 -0400] "GET /entity/testing34984804.shtml HTTP/1.1" 200 26278 "-" "Mozilla/5.0 (Linux; Android 6.0.1; Nexus 5X Build/MMB29P) AppleWebKit/537.36 (KHTML, like Gecko) Chrome/135.0.7049.84 Mobile Safari/537.36 (compatible; GoogleOther)"
66.249.77.41 - - [15/Apr/2025:08:40:09 -0400] "GET /goodscode/albacore56249088.shtml HTTP/1.1" 200 26700 "-" "Mozilla/5.0 (Linux; Android 6.0.1; Nexus 5X Build/MMB29P) AppleWebKit/537.36 (KHTML, like Gecko) Chrome/135.0.7049.84 Mobile Safari/537.36 (compatible; GoogleOther)"
3.131.83.10 - - [15/Apr/2025:08:40:10 -0400] "GET /ad917/?path=%2Fhome%2Fservlmvm%2Fspekkshealth.com%2F..%2Fmail%2F.sabina%40servethepeopleinc_org%2Fdovecot.list.index.log HTTP/1.1" 200 1007 "-" "Mozilla/5.0 AppleWebKit/537.36 (KHTML, like Gecko; compatible; ClaudeBot/1.0; +claudebot@anthropic.com)"
40.77.167.254 - - [15/Apr/2025:08:40:10 -0400] "GET /goodscode/52809918.shtml HTTP/1.1" 200 25775 "-" "Mozilla/5.0 AppleWebKit/537.36 (KHTML, like Gecko; compatible; bingbot/2.0; +http://www.bing.com/bingbot.htm) Chrome/116.0.1938.76 Safari/537.36"
66.249.77.40 - - [15/Apr/2025:08:40:10 -0400] "GET /entity/b/decision1851692.shtml HTTP/1.1" 200 25635 "-" "Mozilla/5.0 (Linux; Android 6.0.1; Nexus 5X Build/MMB29P) AppleWebKit/537.36 (KHTML, like Gecko) Chrome/135.0.7049.84 Mobile Safari/537.36 (compatible; GoogleOther)"
3.131.83.10 - - [15/Apr/2025:08:40:13 -0400] "GET /ad917/?path=%2Fhome%2Fservlmvm%2Fpublic_html%2Fad917%2F..%2F.%2Fwp-includes%2Fl10n%2F..%2Fclass-wp-oembed-controller.php HTTP/1.1" 200 3213 "-" "Mozilla/5.0 AppleWebKit/537.36 (KHTML, like Gecko; compatible; ClaudeBot/1.0; +claudebot@anthropic.com)"
66.249.77.41 - - [15/Apr/2025:08:40:12 -0400] "GET /sitemap-item-481.xml HTTP/1.1" 200 10130 "-" "Mozilla/5.0 (compatible; Googlebot/2.1; +http://www.google.com/bot.html)"
66.249.77.41 - - [15/Apr/2025:08:40:12 -0400] "GET /products/due/momier/21134312.shtml HTTP/1.1" 200 27461 "-" "Mozilla/5.0 (Linux; Android 6.0.1; Nexus 5X Build/MMB29P) AppleWebKit/537.36 (KHTML, like Gecko) Chrome/135.0.7049.84 Mobile Safari/537.36 (compatible; GoogleOther)"
66.249.77.40 - - [15/Apr/2025:08:40:14 -0400] "GET /detail/importance/85694532.shtml HTTP/1.1" 200 28176 "-" "Mozilla/5.0 (Linux; Android 6.0.1; Nexus 5X Build/MMB29P) AppleWebKit/537.36 (KHTML, like Gecko) Chrome/135.0.7049.84 Mobile Safari/537.36 (compatible; GoogleOther)"
3.131.83.10 - - [15/Apr/2025:08:40:16 -0400] "GET /ad917/?path=%2Fhome%2Fservlmvm%2Fpublic_html%2Fwp-includes%2F.%2Fcustomize%2F.%2Fclass-wp-customize-nav-menu-section.php HTTP/1.1" 200 1331 "-" "Mozilla/5.0 AppleWebKit/537.36 (KHTML, like Gecko; compatible; ClaudeBot/1.0; +claudebot@anthropic.com)"
66.249.77.40 - - [15/Apr/2025:08:40:17 -0400] "GET /entity/doors67866624.shtml HTTP/1.1" 200 27296 "-" "Mozilla/5.0 (Linux; Android 6.0.1; Nexus 5X Build/MMB29P) AppleWebKit/537.36 (KHTML, like Gecko) Chrome/135.0.7049.84 Mobile Safari/537.36 (compatible; GoogleOther)"
3.131.83.10 - - [15/Apr/2025:08:40:19 -0400] "GET /ad917/?path=%2Fhome%2Fservlmvm%2Fpublic_html%2Fwp-includes%2F.%2Fcustomize%2F..%2Fclass-wp-recovery-mode-key-service.php HTTP/1.1" 200 2388 "-" "Mozilla/5.0 AppleWebKit/537.36 (KHTML, like Gecko; compatible; ClaudeBot/1.0; +claudebot@anthropic.com)"
66.249.77.40 - - [15/Apr/2025:08:40:20 -0400] "GET /goodscode/avoid/74534544.shtml HTTP/1.1" 200 27901 "-" "Mozilla/5.0 (Linux; Android 6.0.1; Nexus 5X Build/MMB29P) AppleWebKit/537.36 (KHTML, like Gecko) Chrome/135.0.7049.84 Mobile Safari/537.36 (compatible; GoogleOther)"
3.131.83.10 - - [15/Apr/2025:08:40:22 -0400] "GET /ad917/?path=%2Fhome%2Fservlmvm%2Fpublic_html%2Fwp-includes%2FPHPMailer%2F.%2F..%2Fclass-wp-text-diff-renderer-inline.php HTTP/1.1" 200 1468 "-" "Mozilla/5.0 AppleWebKit/537.36 (KHTML, like Gecko; compatible; ClaudeBot/1.0; +claudebot@anthropic.com)"
66.249.77.40 - - [15/Apr/2025:08:40:24 -0400] "GET /special63379658.shtml HTTP/1.1" 200 29818 "-" "Mozilla/5.0 (Linux; Android 6.0.1; Nexus 5X Build/MMB29P) AppleWebKit/537.36 (KHTML, like Gecko) Chrome/135.0.7049.84 Mobile Safari/537.36 (compatible; GoogleOther)"
3.131.83.10 - - [15/Apr/2025:08:40:25 -0400] "GET /ad917/?path=%2Fhome%2Fservlmvm%2Fpublic_html%2Fwp-includes%2F.%2Fcustomize%2F..%2Fclass-wp-text-diff-renderer-inline.php HTTP/1.1" 200 1468 "-" "Mozilla/5.0 AppleWebKit/537.36 (KHTML, like Gecko; compatible; ClaudeBot/1.0; +claudebot@anthropic.com)"
3.131.83.10 - - [15/Apr/2025:08:40:28 -0400] "GET /ad917/?path=%2Fhome%2Fservlmvm%2Fpublic_html%2Fwp-includes%2Finteractivity-api%2F.%2F..%2Fclass-wp-customize-setting.php HTTP/1.1" 200 8041 "-" "Mozilla/5.0 AppleWebKit/537.36 (KHTML, like Gecko; compatible; ClaudeBot/1.0; +claudebot@anthropic.com)"
66.249.77.40 - - [15/Apr/2025:08:40:27 -0400] "GET /goodscode/mw/blowy7316526.shtml HTTP/1.1" 200 25407 "-" "Mozilla/5.0 (Linux; Android 6.0.1; Nexus 5X Build/MMB29P) AppleWebKit/537.36 (KHTML, like Gecko) Chrome/135.0.7049.84 Mobile Safari/537.36 (compatible; GoogleOther)"
3.131.83.10 - - [15/Apr/2025:08:40:31 -0400] "GET /ad917/?path=%2Fhome%2Fservlmvm%2Fpublic_html%2Fwp-includes%2FPHPMailer%2F.%2F..%2Fclass-wp-recovery-mode-key-service.php HTTP/1.1" 200 2385 "-" "Mozilla/5.0 AppleWebKit/537.36 (KHTML, like Gecko; compatible; ClaudeBot/1.0; +claudebot@anthropic.com)"
66.249.77.40 - - [15/Apr/2025:08:40:31 -0400] "GET /goodscode/hehuckleberry113434604.shtml HTTP/1.1" 200 27574 "-" "Mozilla/5.0 (Linux; Android 6.0.1; Nexus 5X Build/MMB29P) AppleWebKit/537.36 (KHTML, like Gecko) Chrome/135.0.7049.84 Mobile Safari/537.36 (compatible; GoogleOther)"
40.77.167.243 - - [15/Apr/2025:08:40:32 -0400] "GET /info/zwc/molluscoidal/99194656.shtml HTTP/1.1" 200 28567 "-" "Mozilla/5.0 AppleWebKit/537.36 (KHTML, like Gecko; compatible; bingbot/2.0; +http://www.bing.com/bingbot.htm) Chrome/116.0.1938.76 Safari/537.36"
3.131.83.10 - - [15/Apr/2025:08:40:34 -0400] "GET /ad917/?path=%2Fhome%2Fservlmvm%2Fpublic_html%2Fad917%2F..%2F.%2Fwp-includes%2Fl10n%2F..%2Fclass-wp-customize-control.php HTTP/1.1" 200 7085 "-" "Mozilla/5.0 AppleWebKit/537.36 (KHTML, like Gecko; compatible; ClaudeBot/1.0; +claudebot@anthropic.com)"
66.249.77.40 - - [15/Apr/2025:08:40:35 -0400] "GET /goodscode/lc/toquet/2563004.shtml HTTP/1.1" 200 25286 "-" "Mozilla/5.0 (Linux; Android 6.0.1; Nexus 5X Build/MMB29P) AppleWebKit/537.36 (KHTML, like Gecko) Chrome/135.0.7049.84 Mobile Safari/537.36 (compatible; GoogleOther)"
3.131.83.10 - - [15/Apr/2025:08:40:37 -0400] "GET /ad917/?path=%2Fhome%2Fservlmvm%2Fspekkshealth.com%2Fwp-includes%2Fsodium_compat%2F..%2Fclass-wp-image-editor-imagick.php HTTP/1.1" 200 10451 "-" "Mozilla/5.0 AppleWebKit/537.36 (KHTML, like Gecko; compatible; ClaudeBot/1.0; +claudebot@anthropic.com)"
3.131.83.10 - - [15/Apr/2025:08:40:40 -0400] "GET /ad917/?path=%2Fhome%2Fservlmvm%2Fpublic_html%2Fwp-includes%2F.%2Fphp-compat%2F..%2Fclass-wp-text-diff-renderer-table.php HTTP/1.1" 200 5936 "-" "Mozilla/5.0 AppleWebKit/537.36 (KHTML, like Gecko; compatible; ClaudeBot/1.0; +claudebot@anthropic.com)"
66.249.77.40 - - [15/Apr/2025:08:40:40 -0400] "GET /detail/converting/25537810.shtml HTTP/1.1" 200 25666 "-" "Mozilla/5.0 (Linux; Android 6.0.1; Nexus 5X Build/MMB29P) AppleWebKit/537.36 (KHTML, like Gecko) Chrome/135.0.7049.84 Mobile Safari/537.36 (compatible; GoogleOther)"
3.131.83.10 - - [15/Apr/2025:08:40:43 -0400] "GET /ad917/?path=%2Fhome%2Fservlmvm%2Fpublic_html%2Fwp-includes%2F.%2Fcustomize%2F.%2Fclass-wp-customize-new-menu-control.php HTTP/1.1" 200 1631 "-" "Mozilla/5.0 AppleWebKit/537.36 (KHTML, like Gecko; compatible; ClaudeBot/1.0; +claudebot@anthropic.com)"
66.249.77.41 - - [15/Apr/2025:08:40:45 -0400] "GET /entity/22957598.shtml HTTP/1.1" 200 28292 "-" "Mozilla/5.0 (Linux; Android 6.0.1; Nexus 5X Build/MMB29P) AppleWebKit/537.36 (KHTML, like Gecko) Chrome/135.0.7049.84 Mobile Safari/537.36 (compatible; GoogleOther)"
3.131.83.10 - - [15/Apr/2025:08:40:46 -0400] "GET /ad917/?path=%2Fhome%2Fservlmvm%2Fpublic_html%2Fad917%2F..%2F.%2Fwp-includes%2Fpomo%2F..%2Fclass-wp-customize-setting.php HTTP/1.1" 200 8048 "-" "Mozilla/5.0 AppleWebKit/537.36 (KHTML, like Gecko; compatible; ClaudeBot/1.0; +claudebot@anthropic.com)"
66.249.77.40 - - [15/Apr/2025:08:40:47 -0400] "GET /entity/zg/partake73395016.shtml HTTP/1.1" 200 26134 "-" "Mozilla/5.0 (Linux; Android 6.0.1; Nexus 5X Build/MMB29P) AppleWebKit/537.36 (KHTML, like Gecko) Chrome/135.0.7049.84 Mobile Safari/537.36 (compatible; GoogleOther)"
3.131.83.10 - - [15/Apr/2025:08:40:49 -0400] "GET /ad917/?path=%2Fhome%2Fservlmvm%2Fpublic_html%2Fad917%2F..%2F.%2Fwp-includes%2FText%2F..%2Fglobal-styles-and-settings.php HTTP/1.1" 200 6759 "-" "Mozilla/5.0 AppleWebKit/537.36 (KHTML, like Gecko; compatible; ClaudeBot/1.0; +claudebot@anthropic.com)"
66.249.77.41 - - [15/Apr/2025:08:40:50 -0400] "GET /detail/viridescent124982104.shtml HTTP/1.1" 200 28041 "-" "Mozilla/5.0 (Linux; Android 6.0.1; Nexus 5X Build/MMB29P) AppleWebKit/537.36 (KHTML, like Gecko) Chrome/135.0.7049.84 Mobile Safari/537.36 (compatible; GoogleOther)"
3.131.83.10 - - [15/Apr/2025:08:40:52 -0400] "GET /ad917/?path=%2Fhome%2Fservlmvm%2Fpublic_html%2Fwp-includes%2Fcustomize%2F.%2F.%2Fclass-wp-customize-nav-menu-control.php HTTP/1.1" 200 1913 "-" "Mozilla/5.0 AppleWebKit/537.36 (KHTML, like Gecko; compatible; ClaudeBot/1.0; +claudebot@anthropic.com)"
66.249.77.41 - - [15/Apr/2025:08:40:51 -0400] "GET /items/oa/serrator/21141250.shtml HTTP/1.1" 200 26265 "-" "Mozilla/5.0 (Linux; Android 6.0.1; Nexus 5X Build/MMB29P) AppleWebKit/537.36 (KHTML, like Gecko) Chrome/135.0.7049.84 Mobile Safari/537.36 (compatible; GoogleOther)"
3.131.83.10 - - [15/Apr/2025:08:40:55 -0400] "GET /ad917/?path=%2Fhome%2Fservlmvm%2Fpublic_html%2Fwp-includes%2F.%2Fphp-compat%2F..%2Fclass-wp-block-templates-registry.php HTTP/1.1" 200 2859 "-" "Mozilla/5.0 AppleWebKit/537.36 (KHTML, like Gecko; compatible; ClaudeBot/1.0; +claudebot@anthropic.com)"
66.249.77.40 - - [15/Apr/2025:08:40:55 -0400] "GET /info124972444.shtml HTTP/1.1" 200 26453 "-" "Mozilla/5.0 (Linux; Android 6.0.1; Nexus 5X Build/MMB29P) AppleWebKit/537.36 (KHTML, like Gecko) Chrome/135.0.7049.84 Mobile Safari/537.36 (compatible; GoogleOther)"
66.249.77.41 - - [15/Apr/2025:08:40:57 -0400] "GET /entity/79520054.shtml HTTP/1.1" 200 25065 "-" "Mozilla/5.0 (Linux; Android 6.0.1; Nexus 5X Build/MMB29P) AppleWebKit/537.36 (KHTML, like Gecko) Chrome/135.0.7049.84 Mobile Safari/537.36 (compatible; GoogleOther)"
3.131.83.10 - - [15/Apr/2025:08:40:58 -0400] "GET /ad917/?path=%2Fhome%2Fservlmvm%2Fpublic_html%2Fwp-includes%2FSimplePie%2F.%2F..%2Fclass-wp-text-diff-renderer-inline.php HTTP/1.1" 200 1467 "-" "Mozilla/5.0 AppleWebKit/537.36 (KHTML, like Gecko; compatible; ClaudeBot/1.0; +claudebot@anthropic.com)"
3.131.83.10 - - [15/Apr/2025:08:41:01 -0400] "GET /ad917/?path=%2Fhome%2Fservlmvm%2Fpublic_html%2Fwp-includes%2Fcustomize%2F.%2F.%2Fclass-wp-customize-nav-menu-section.php HTTP/1.1" 200 1334 "-" "Mozilla/5.0 AppleWebKit/537.36 (KHTML, like Gecko; compatible; ClaudeBot/1.0; +claudebot@anthropic.com)"
66.249.77.42 - - [15/Apr/2025:08:41:00 -0400] "GET /goodscode/73409930.shtml HTTP/1.1" 200 26194 "-" "Mozilla/5.0 (Linux; Android 6.0.1; Nexus 5X Build/MMB29P) AppleWebKit/537.36 (KHTML, like Gecko) Chrome/135.0.7049.84 Mobile Safari/537.36 (compatible; GoogleOther)"
3.131.83.10 - - [15/Apr/2025:08:41:04 -0400] "GET /ad917/?path=%2Fhome%2Fservlmvm%2Fpublic_html%2Fwp-includes%2Fcustomize%2F.%2F..%2Fclass-wp-recovery-mode-key-service.php HTTP/1.1" 200 2384 "-" "Mozilla/5.0 AppleWebKit/537.36 (KHTML, like Gecko; compatible; ClaudeBot/1.0; +claudebot@anthropic.com)"
66.249.77.42 - - [15/Apr/2025:08:41:03 -0400] "GET /shopbrand/78820958.shtml HTTP/1.1" 200 27042 "-" "Mozilla/5.0 (Linux; Android 6.0.1; Nexus 5X Build/MMB29P) AppleWebKit/537.36 (KHTML, like Gecko) Chrome/135.0.7049.84 Mobile Safari/537.36 (compatible; GoogleOther)"
