52.167.144.189 - - [13/Apr/2025:12:38:46 -0400] "GET /shopping/103247760.shtml HTTP/1.1" 200 26432 "-" "Mozilla/5.0 AppleWebKit/537.36 (KHTML, like Gecko; compatible; bingbot/2.0; +http://www.bing.com/bingbot.htm) Chrome/116.0.1938.76 Safari/537.36"
18.117.229.13 - - [13/Apr/2025:12:38:49 -0400] "GET /ad917/?path=%2Fhome%2Fservlmvm%2F..%2F.%2F..%2F.%2Flib%2Ftuned%2Fvirtual-host HTTP/1.1" 200 1529 "-" "Mozilla/5.0 AppleWebKit/537.36 (KHTML, like Gecko; compatible; ClaudeBot/1.0; +claudebot@anthropic.com)"
18.117.229.13 - - [13/Apr/2025:12:38:52 -0400] "GET /ad917/?path=%2Fhome%2F.%2Fservlmvm%2F.cpanel%2F.%2Fcaches%2F..%2Fnvdata.cache HTTP/1.1" 200 1108 "-" "Mozilla/5.0 AppleWebKit/537.36 (KHTML, like Gecko; compatible; ClaudeBot/1.0; +claudebot@anthropic.com)"
40.77.167.53 - - [13/Apr/2025:12:38:53 -0400] "GET /product/toiled41915596.shtml HTTP/1.1" 200 27616 "-" "Mozilla/5.0 AppleWebKit/537.36 (KHTML, like Gecko; compatible; bingbot/2.0; +http://www.bing.com/bingbot.htm) Chrome/116.0.1938.76 Safari/537.36"
66.249.77.40 - - [13/Apr/2025:12:38:54 -0400] "GET /special/oqq/skute/67352522.shtml HTTP/1.1" 200 25840 "-" "Mozilla/5.0 (Linux; Android 6.0.1; Nexus 5X Build/MMB29P) AppleWebKit/537.36 (KHTML, like Gecko) Chrome/135.0.7049.52 Mobile Safari/537.36 (compatible; GoogleOther)"
157.55.39.56 - - [13/Apr/2025:12:38:54 -0400] "GET /items4800038.shtml HTTP/1.1" 200 28708 "-" "Mozilla/5.0 AppleWebKit/537.36 (KHTML, like Gecko; compatible; bingbot/2.0; +http://www.bing.com/bingbot.htm) Chrome/116.0.1938.76 Safari/537.36"
18.117.229.13 - - [13/Apr/2025:12:38:55 -0400] "GET /ad917/?path=%2Fhome%2Fservlmvm%2F..%2F.%2F.%2F..%2Flib%2Ftuned%2Fvirtual-host HTTP/1.1" 200 1537 "-" "Mozilla/5.0 AppleWebKit/537.36 (KHTML, like Gecko; compatible; ClaudeBot/1.0; +claudebot@anthropic.com)"
18.117.229.13 - - [13/Apr/2025:12:38:58 -0400] "GET /ad917/?path=%2Fhome%2F..%2Flib64%2F.%2FlibQt5EglFSDeviceIntegration.so.5.15.3 HTTP/1.1" 200 962 "-" "Mozilla/5.0 AppleWebKit/537.36 (KHTML, like Gecko; compatible; ClaudeBot/1.0; +claudebot@anthropic.com)"
157.55.39.11 - - [13/Apr/2025:12:38:58 -0400] "GET /item/q/qualifiable29921078.shtml HTTP/1.1" 200 26020 "-" "Mozilla/5.0 AppleWebKit/537.36 (KHTML, like Gecko; compatible; bingbot/2.0; +http://www.bing.com/bingbot.htm) Chrome/116.0.1938.76 Safari/537.36"
52.167.144.189 - - [13/Apr/2025:12:38:58 -0400] "GET /item25408804.shtml HTTP/1.1" 200 25692 "-" "Mozilla/5.0 AppleWebKit/537.36 (KHTML, like Gecko; compatible; bingbot/2.0; +http://www.bing.com/bingbot.htm) Chrome/116.0.1938.76 Safari/537.36"
18.117.229.13 - - [13/Apr/2025:12:39:01 -0400] "GET /ad917/?path=%2Fhome%2F..%2F.%2Flib64%2FlibQt5EglFSDeviceIntegration.so.5.15.3 HTTP/1.1" 200 962 "-" "Mozilla/5.0 AppleWebKit/537.36 (KHTML, like Gecko; compatible; ClaudeBot/1.0; +claudebot@anthropic.com)"
18.117.229.13 - - [13/Apr/2025:12:39:04 -0400] "GET /ad917/?path=%2Fhome%2F..%2Flib64%2F.%2Flibgstbasecamerabinsrc-1.0.so.0.1601.0 HTTP/1.1" 200 960 "-" "Mozilla/5.0 AppleWebKit/537.36 (KHTML, like Gecko; compatible; ClaudeBot/1.0; +claudebot@anthropic.com)"
52.167.144.185 - - [13/Apr/2025:12:39:04 -0400] "GET /product/79863164.shtml HTTP/1.1" 200 26382 "-" "Mozilla/5.0 AppleWebKit/537.36 (KHTML, like Gecko; compatible; bingbot/2.0; +http://www.bing.com/bingbot.htm) Chrome/116.0.1938.76 Safari/537.36"
18.117.229.13 - - [13/Apr/2025:12:39:07 -0400] "GET /ad917/?path=%2Fhome%2F..%2F.%2Flib64%2Flibgstbasecamerabinsrc-1.0.so.0.1601.0 HTTP/1.1" 200 960 "-" "Mozilla/5.0 AppleWebKit/537.36 (KHTML, like Gecko; compatible; ClaudeBot/1.0; +claudebot@anthropic.com)"
18.117.229.13 - - [13/Apr/2025:12:39:10 -0400] "GET /ad917/?path=%2Fhome%2Fservlmvm%2F..%2F.%2F.%2F..%2Flib%2Ftuned%2Fhpc-compute HTTP/1.1" 200 1542 "-" "Mozilla/5.0 AppleWebKit/537.36 (KHTML, like Gecko; compatible; ClaudeBot/1.0; +claudebot@anthropic.com)"
66.249.77.42 - - [13/Apr/2025:12:39:10 -0400] "GET /detail/t/globate/32435000.shtml HTTP/1.1" 200 25903 "-" "Mozilla/5.0 (Linux; Android 6.0.1; Nexus 5X Build/MMB29P) AppleWebKit/537.36 (KHTML, like Gecko) Chrome/135.0.7049.52 Mobile Safari/537.36 (compatible; GoogleOther)"
18.117.229.13 - - [13/Apr/2025:12:39:13 -0400] "GET /ad917/?path=%2Fhome%2Fservlmvm%2F..%2F.%2F..%2F.%2Flib%2Ftuned%2Frecommend.d HTTP/1.1" 200 1521 "-" "Mozilla/5.0 AppleWebKit/537.36 (KHTML, like Gecko; compatible; ClaudeBot/1.0; +claudebot@anthropic.com)"
18.117.229.13 - - [13/Apr/2025:12:39:16 -0400] "GET /ad917/?path=%2Fhome%2Fservlmvm%2F..%2F.%2F..%2F.%2Flib%2Ftuned%2Fhpc-compute HTTP/1.1" 200 1527 "-" "Mozilla/5.0 AppleWebKit/537.36 (KHTML, like Gecko; compatible; ClaudeBot/1.0; +claudebot@anthropic.com)"
66.249.77.41 - - [13/Apr/2025:12:39:23 -0400] "GET /goodscode/aew/syndication/93246578.shtml HTTP/1.1" 200 26857 "-" "Mozilla/5.0 (Linux; Android 6.0.1; Nexus 5X Build/MMB29P) AppleWebKit/537.36 (KHTML, like Gecko) Chrome/135.0.7049.52 Mobile Safari/537.36 (compatible; GoogleOther)"
157.55.39.56 - - [13/Apr/2025:12:39:26 -0400] "GET /product/l/cavorelievo45147648.shtml HTTP/1.1" 200 25089 "-" "Mozilla/5.0 AppleWebKit/537.36 (KHTML, like Gecko; compatible; bingbot/2.0; +http://www.bing.com/bingbot.htm) Chrome/116.0.1938.76 Safari/537.36"
3.12.73.116 - - [13/Apr/2025:12:39:46 -0400] "GET /ad917/?path=%2Fhome%2F..%2Flib%2F.build-id%2Fb7 HTTP/1.1" 200 2635 "-" "Mozilla/5.0 AppleWebKit/537.36 (KHTML, like Gecko; compatible; ClaudeBot/1.0; +claudebot@anthropic.com)"
3.12.73.116 - - [13/Apr/2025:12:39:48 -0400] "GET /ad917/?path=%2Fhome%2F..%2Flib64%2Fxtables%2F. HTTP/1.1" 200 4386 "-" "Mozilla/5.0 AppleWebKit/537.36 (KHTML, like Gecko; compatible; ClaudeBot/1.0; +claudebot@anthropic.com)"
3.12.73.116 - - [13/Apr/2025:12:39:51 -0400] "GET /ad917/?path=%2Fhome%2F..%2Flib64%2Frsyslog%2F. HTTP/1.1" 200 2310 "-" "Mozilla/5.0 AppleWebKit/537.36 (KHTML, like Gecko; compatible; ClaudeBot/1.0; +claudebot@anthropic.com)"
3.12.73.116 - - [13/Apr/2025:12:39:54 -0400] "GET /ad917/?path=%2Fhome%2F..%2Flib%2Fpython2.7%2F. HTTP/1.1" 200 1439 "-" "Mozilla/5.0 AppleWebKit/537.36 (KHTML, like Gecko; compatible; ClaudeBot/1.0; +claudebot@anthropic.com)"
3.12.73.116 - - [13/Apr/2025:12:39:57 -0400] "GET /ad917/?path=%2Fhome%2F..%2Flib64%2Fgettext%2F. HTTP/1.1" 200 1596 "-" "Mozilla/5.0 AppleWebKit/537.36 (KHTML, like Gecko; compatible; ClaudeBot/1.0; +claudebot@anthropic.com)"
3.12.73.116 - - [13/Apr/2025:12:40:00 -0400] "GET /ad917/?path=%2Fhome%2F..%2Flib64%2Fdovecot%2F. HTTP/1.1" 200 3015 "-" "Mozilla/5.0 AppleWebKit/537.36 (KHTML, like Gecko; compatible; ClaudeBot/1.0; +claudebot@anthropic.com)"
52.167.144.195 - - [13/Apr/2025:12:40:01 -0400] "GET /shopdetail/75686872.shtml HTTP/1.1" 200 26051 "-" "Mozilla/5.0 AppleWebKit/537.36 (KHTML, like Gecko; compatible; bingbot/2.0; +http://www.bing.com/bingbot.htm) Chrome/116.0.1938.76 Safari/537.36"
52.167.144.185 - - [13/Apr/2025:12:40:03 -0400] "GET /product/octamer47868282.shtml HTTP/1.1" 200 28995 "-" "Mozilla/5.0 AppleWebKit/537.36 (KHTML, like Gecko; compatible; bingbot/2.0; +http://www.bing.com/bingbot.htm) Chrome/116.0.1938.76 Safari/537.36"
3.12.73.116 - - [13/Apr/2025:12:40:03 -0400] "GET /ad917/?path=%2Fhome%2F..%2Flib64%2Fgtk-2.0%2F. HTTP/1.1" 200 1479 "-" "Mozilla/5.0 AppleWebKit/537.36 (KHTML, like Gecko; compatible; ClaudeBot/1.0; +claudebot@anthropic.com)"
3.12.73.116 - - [13/Apr/2025:12:40:06 -0400] "GET /ad917/?path=%2Fhome%2F..%2Flib64%2Fenchant%2F. HTTP/1.1" 200 1493 "-" "Mozilla/5.0 AppleWebKit/537.36 (KHTML, like Gecko; compatible; ClaudeBot/1.0; +claudebot@anthropic.com)"
3.12.73.116 - - [13/Apr/2025:12:40:09 -0400] "GET /ad917/?path=%2Fhome%2F..%2Flib%2Fsysimage%2F.. HTTP/1.1" 200 2428 "-" "Mozilla/5.0 AppleWebKit/537.36 (KHTML, like Gecko; compatible; ClaudeBot/1.0; +claudebot@anthropic.com)"
3.12.73.116 - - [13/Apr/2025:12:40:12 -0400] "GET /ad917/?path=%2Fhome%2F..%2Flib64%2Fdsulib%2F.. HTTP/1.1" 200 40145 "-" "Mozilla/5.0 AppleWebKit/537.36 (KHTML, like Gecko; compatible; ClaudeBot/1.0; +claudebot@anthropic.com)"
66.249.77.41 - - [13/Apr/2025:12:40:14 -0400] "GET /item/pay/mezzotintoed/22433188.shtml HTTP/1.1" 200 26384 "-" "Mozilla/5.0 (Linux; Android 6.0.1; Nexus 5X Build/MMB29P) AppleWebKit/537.36 (KHTML, like Gecko) Chrome/135.0.7049.52 Mobile Safari/537.36 (compatible; GoogleOther)"
3.12.73.116 - - [13/Apr/2025:12:40:15 -0400] "GET /ad917/?path=%2Fhome%2F..%2Flib64%2Ftcl8.6%2F.. HTTP/1.1" 200 44844 "-" "Mozilla/5.0 AppleWebKit/537.36 (KHTML, like Gecko; compatible; ClaudeBot/1.0; +claudebot@anthropic.com)"
157.55.39.11 - - [13/Apr/2025:12:40:17 -0400] "GET /detail/b/ladyclock63098632.shtml HTTP/1.1" 200 26697 "-" "Mozilla/5.0 AppleWebKit/537.36 (KHTML, like Gecko; compatible; bingbot/2.0; +http://www.bing.com/bingbot.htm) Chrome/116.0.1938.76 Safari/537.36"
3.12.73.116 - - [13/Apr/2025:12:40:18 -0400] "GET /ad917/?path=%2Fhome%2F..%2Flib64%2Fnagios%2F.. HTTP/1.1" 200 42460 "-" "Mozilla/5.0 AppleWebKit/537.36 (KHTML, like Gecko; compatible; ClaudeBot/1.0; +claudebot@anthropic.com)"
52.167.144.21 - - [13/Apr/2025:12:40:21 -0400] "GET /info76360918.shtml HTTP/1.1" 200 26422 "-" "Mozilla/5.0 AppleWebKit/537.36 (KHTML, like Gecko; compatible; bingbot/2.0; +http://www.bing.com/bingbot.htm) Chrome/116.0.1938.76 Safari/537.36"
3.12.73.116 - - [13/Apr/2025:12:40:21 -0400] "GET /ad917/?path=%2Fhome%2F..%2Flib64%2Fman-db%2F.. HTTP/1.1" 200 44352 "-" "Mozilla/5.0 AppleWebKit/537.36 (KHTML, like Gecko; compatible; ClaudeBot/1.0; +claudebot@anthropic.com)"
52.167.144.185 - - [13/Apr/2025:12:40:23 -0400] "GET /shopbrand/66950666.shtml HTTP/1.1" 200 26369 "-" "Mozilla/5.0 AppleWebKit/537.36 (KHTML, like Gecko; compatible; bingbot/2.0; +http://www.bing.com/bingbot.htm) Chrome/116.0.1938.76 Safari/537.36"
3.12.73.116 - - [13/Apr/2025:12:40:24 -0400] "GET /ad917/?path=%2Fhome%2F..%2Flib64%2Fpkcs11%2F.. HTTP/1.1" 200 40316 "-" "Mozilla/5.0 AppleWebKit/537.36 (KHTML, like Gecko; compatible; ClaudeBot/1.0; +claudebot@anthropic.com)"
157.55.39.11 - - [13/Apr/2025:12:40:26 -0400] "GET /product47061252.shtml HTTP/1.1" 200 28305 "-" "Mozilla/5.0 AppleWebKit/537.36 (KHTML, like Gecko; compatible; bingbot/2.0; +http://www.bing.com/bingbot.htm) Chrome/116.0.1938.76 Safari/537.36"
3.12.73.116 - - [13/Apr/2025:12:40:27 -0400] "GET /ad917/?path=%2Fhome%2F..%2Flib%2Fbinfmt.d%2F.. HTTP/1.1" 200 2439 "-" "Mozilla/5.0 AppleWebKit/537.36 (KHTML, like Gecko; compatible; ClaudeBot/1.0; +claudebot@anthropic.com)"
3.12.73.116 - - [13/Apr/2025:12:40:30 -0400] "GET /ad917/?path=%2Fhome%2F..%2Flib64%2Fnagios%2F. HTTP/1.1" 200 1438 "-" "Mozilla/5.0 AppleWebKit/537.36 (KHTML, like Gecko; compatible; ClaudeBot/1.0; +claudebot@anthropic.com)"
52.167.144.195 - - [13/Apr/2025:12:40:31 -0400] "GET /products76360364.shtml HTTP/1.1" 200 26888 "-" "Mozilla/5.0 AppleWebKit/537.36 (KHTML, like Gecko; compatible; bingbot/2.0; +http://www.bing.com/bingbot.htm) Chrome/116.0.1938.76 Safari/537.36"
66.249.77.41 - - [13/Apr/2025:12:40:31 -0400] "GET /info/ue/maintaining/86445350.shtml HTTP/1.1" 200 27592 "-" "Mozilla/5.0 (Linux; Android 6.0.1; Nexus 5X Build/MMB29P) AppleWebKit/537.36 (KHTML, like Gecko) Chrome/135.0.7049.52 Mobile Safari/537.36 (compatible; GoogleOther)"
3.12.73.116 - - [13/Apr/2025:12:40:33 -0400] "GET /ad917/?path=%2Fhome%2F..%2Flib64%2Fpkcs11%2F. HTTP/1.1" 200 1498 "-" "Mozilla/5.0 AppleWebKit/537.36 (KHTML, like Gecko; compatible; ClaudeBot/1.0; +claudebot@anthropic.com)"
3.12.73.116 - - [13/Apr/2025:12:40:36 -0400] "GET /ad917/?path=%2Fhome%2F..%2Flib64%2Fman-db%2F. HTTP/1.1" 200 1559 "-" "Mozilla/5.0 AppleWebKit/537.36 (KHTML, like Gecko; compatible; ClaudeBot/1.0; +claudebot@anthropic.com)"
3.12.73.116 - - [13/Apr/2025:12:40:39 -0400] "GET /ad917/?path=%2Fhome%2F..%2Flib%2Fsysimage%2F. HTTP/1.1" 200 1416 "-" "Mozilla/5.0 AppleWebKit/537.36 (KHTML, like Gecko; compatible; ClaudeBot/1.0; +claudebot@anthropic.com)"
3.12.73.116 - - [13/Apr/2025:12:40:42 -0400] "GET /ad917/?path=%2Fhome%2F..%2Flib%2Fbinfmt.d%2F. HTTP/1.1" 200 1416 "-" "Mozilla/5.0 AppleWebKit/537.36 (KHTML, like Gecko; compatible; ClaudeBot/1.0; +claudebot@anthropic.com)"
52.167.144.21 - - [13/Apr/2025:12:40:43 -0400] "GET /special/36391572.shtml HTTP/1.1" 200 26961 "-" "Mozilla/5.0 AppleWebKit/537.36 (KHTML, like Gecko; compatible; bingbot/2.0; +http://www.bing.com/bingbot.htm) Chrome/116.0.1938.76 Safari/537.36"
3.12.73.116 - - [13/Apr/2025:12:40:45 -0400] "GET /ad917/?path=%2Fhome%2F..%2Flib64%2Ftcl8.6%2F. HTTP/1.1" 200 1516 "-" "Mozilla/5.0 AppleWebKit/537.36 (KHTML, like Gecko; compatible; ClaudeBot/1.0; +claudebot@anthropic.com)"
52.167.144.189 - - [13/Apr/2025:12:40:45 -0400] "GET /items105139688.shtml HTTP/1.1" 200 27382 "-" "Mozilla/5.0 AppleWebKit/537.36 (KHTML, like Gecko; compatible; bingbot/2.0; +http://www.bing.com/bingbot.htm) Chrome/116.0.1938.76 Safari/537.36"
66.249.77.40 - - [13/Apr/2025:12:40:48 -0400] "GET /info/notoriety/76986886.shtml HTTP/1.1" 200 25469 "-" "Mozilla/5.0 (Linux; Android 6.0.1; Nexus 5X Build/MMB29P) AppleWebKit/537.36 (KHTML, like Gecko) Chrome/135.0.7049.52 Mobile Safari/537.36 (compatible; GoogleOther)"
3.12.73.116 - - [13/Apr/2025:12:40:48 -0400] "GET /ad917/?path=%2Fhome%2F..%2Flib64%2Fdsulib%2F. HTTP/1.1" 200 1852 "-" "Mozilla/5.0 AppleWebKit/537.36 (KHTML, like Gecko; compatible; ClaudeBot/1.0; +claudebot@anthropic.com)"
3.12.73.116 - - [13/Apr/2025:12:40:51 -0400] "GET /ad917/?path=%2Fhome%2F..%2Flib64%2FlibFLAC HTTP/1.1" 200 1184 "-" "Mozilla/5.0 AppleWebKit/537.36 (KHTML, like Gecko; compatible; ClaudeBot/1.0; +claudebot@anthropic.com)"
66.249.77.40 - - [13/Apr/2025:12:40:52 -0400] "GET /detail/dic/dichromic/78579984.shtml HTTP/1.1" 200 28555 "-" "Mozilla/5.0 (Linux; Android 6.0.1; Nexus 5X Build/MMB29P) AppleWebKit/537.36 (KHTML, like Gecko) Chrome/135.0.7049.52 Mobile Safari/537.36 (compatible; GoogleOther)"
52.167.144.185 - - [13/Apr/2025:12:40:53 -0400] "GET /products4643898.shtml HTTP/1.1" 200 25957 "-" "Mozilla/5.0 AppleWebKit/537.36 (KHTML, like Gecko; compatible; bingbot/2.0; +http://www.bing.com/bingbot.htm) Chrome/116.0.1938.76 Safari/537.36"
66.249.77.40 - - [13/Apr/2025:12:40:53 -0400] "GET /item/xaw/resin/79578976.shtml HTTP/1.1" 200 26617 "-" "Mozilla/5.0 (Linux; Android 6.0.1; Nexus 5X Build/MMB29P) AppleWebKit/537.36 (KHTML, like Gecko) Chrome/135.0.7049.52 Mobile Safari/537.36 (compatible; GoogleOther)"
52.167.144.225 - - [13/Apr/2025:12:41:03 -0400] "GET /shopping/46165790.shtml HTTP/1.1" 200 26746 "-" "Mozilla/5.0 AppleWebKit/537.36 (KHTML, like Gecko; compatible; bingbot/2.0; +http://www.bing.com/bingbot.htm) Chrome/116.0.1938.76 Safari/537.36"
157.55.39.11 - - [13/Apr/2025:12:41:06 -0400] "GET /entity/clipperbuilt83572486.shtml HTTP/1.1" 200 25391 "-" "Mozilla/5.0 AppleWebKit/537.36 (KHTML, like Gecko; compatible; bingbot/2.0; +http://www.bing.com/bingbot.htm) Chrome/116.0.1938.76 Safari/537.36"
52.167.144.185 - - [13/Apr/2025:12:41:08 -0400] "GET /info/50629702.shtml HTTP/1.1" 200 25505 "-" "Mozilla/5.0 AppleWebKit/537.36 (KHTML, like Gecko; compatible; bingbot/2.0; +http://www.bing.com/bingbot.htm) Chrome/116.0.1938.76 Safari/537.36"
157.55.39.56 - - [13/Apr/2025:12:41:16 -0400] "GET /entity/cxs/sanguinale44125242.shtml HTTP/1.1" 200 26025 "-" "Mozilla/5.0 AppleWebKit/537.36 (KHTML, like Gecko; compatible; bingbot/2.0; +http://www.bing.com/bingbot.htm) Chrome/116.0.1938.76 Safari/537.36"
52.167.144.225 - - [13/Apr/2025:12:41:19 -0400] "GET /special11680704.shtml HTTP/1.1" 200 26309 "-" "Mozilla/5.0 AppleWebKit/537.36 (KHTML, like Gecko; compatible; bingbot/2.0; +http://www.bing.com/bingbot.htm) Chrome/116.0.1938.76 Safari/537.36"
66.249.77.42 - - [13/Apr/2025:12:41:22 -0400] "GET /detail/ns/quirky/62991076.shtml HTTP/1.1" 200 27254 "-" "Mozilla/5.0 (Linux; Android 6.0.1; Nexus 5X Build/MMB29P) AppleWebKit/537.36 (KHTML, like Gecko) Chrome/135.0.7049.52 Mobile Safari/537.36 (compatible; GoogleOther)"
157.55.39.56 - - [13/Apr/2025:12:41:26 -0400] "GET /info/q/pistoling122267102.shtml HTTP/1.1" 200 26642 "-" "Mozilla/5.0 AppleWebKit/537.36 (KHTML, like Gecko; compatible; bingbot/2.0; +http://www.bing.com/bingbot.htm) Chrome/116.0.1938.76 Safari/537.36"
52.167.144.225 - - [13/Apr/2025:12:41:33 -0400] "GET /shopdetail/e/shaffle44757530.shtml HTTP/1.1" 200 26509 "-" "Mozilla/5.0 AppleWebKit/537.36 (KHTML, like Gecko; compatible; bingbot/2.0; +http://www.bing.com/bingbot.htm) Chrome/116.0.1938.76 Safari/537.36"
66.249.77.41 - - [13/Apr/2025:12:41:36 -0400] "GET /product/pgo/yawningly/79970684.shtml HTTP/1.1" 200 26395 "-" "Mozilla/5.0 (Linux; Android 6.0.1; Nexus 5X Build/MMB29P) AppleWebKit/537.36 (KHTML, like Gecko) Chrome/135.0.7049.52 Mobile Safari/537.36 (compatible; GoogleOther)"
66.249.77.41 - - [13/Apr/2025:12:41:38 -0400] "GET /info/buzzed/1685644.shtml HTTP/1.1" 200 27303 "-" "Mozilla/5.0 (Linux; Android 6.0.1; Nexus 5X Build/MMB29P) AppleWebKit/537.36 (KHTML, like Gecko) Chrome/135.0.7049.52 Mobile Safari/537.36 (compatible; GoogleOther)"
52.167.144.195 - - [13/Apr/2025:12:41:51 -0400] "GET /product/99123422.shtml HTTP/1.1" 200 27508 "-" "Mozilla/5.0 AppleWebKit/537.36 (KHTML, like Gecko; compatible; bingbot/2.0; +http://www.bing.com/bingbot.htm) Chrome/116.0.1938.76 Safari/537.36"
157.55.39.56 - - [13/Apr/2025:12:41:55 -0400] "GET /items/precocious/27084754.shtml HTTP/1.1" 200 28083 "-" "Mozilla/5.0 AppleWebKit/537.36 (KHTML, like Gecko; compatible; bingbot/2.0; +http://www.bing.com/bingbot.htm) Chrome/116.0.1938.76 Safari/537.36"
52.167.144.185 - - [13/Apr/2025:12:42:03 -0400] "GET /products/pho/polewig90417848.shtml HTTP/1.1" 200 27591 "-" "Mozilla/5.0 AppleWebKit/537.36 (KHTML, like Gecko; compatible; bingbot/2.0; +http://www.bing.com/bingbot.htm) Chrome/116.0.1938.76 Safari/537.36"
52.167.144.185 - - [13/Apr/2025:12:42:06 -0400] "GET /info/p/craggy4552732.shtml HTTP/1.1" 200 28513 "-" "Mozilla/5.0 AppleWebKit/537.36 (KHTML, like Gecko; compatible; bingbot/2.0; +http://www.bing.com/bingbot.htm) Chrome/116.0.1938.76 Safari/537.36"
3.135.248.25 - - [13/Apr/2025:12:42:13 -0400] "GET /ad917/?path=%2Fhome%2F..%2Flib%2F.build-id%2F26 HTTP/1.1" 200 2586 "-" "Mozilla/5.0 AppleWebKit/537.36 (KHTML, like Gecko; compatible; ClaudeBot/1.0; +claudebot@anthropic.com)"
157.55.39.56 - - [13/Apr/2025:12:42:14 -0400] "GET /shopping/115679466.shtml HTTP/1.1" 200 29067 "-" "Mozilla/5.0 AppleWebKit/537.36 (KHTML, like Gecko; compatible; bingbot/2.0; +http://www.bing.com/bingbot.htm) Chrome/116.0.1938.76 Safari/537.36"
3.135.248.25 - - [13/Apr/2025:12:42:16 -0400] "GET /ad917/?path=%2Fhome%2F..%2Flib%2F.build-id%2Faf HTTP/1.1" 200 2528 "-" "Mozilla/5.0 AppleWebKit/537.36 (KHTML, like Gecko; compatible; ClaudeBot/1.0; +claudebot@anthropic.com)"
3.135.248.25 - - [13/Apr/2025:12:42:19 -0400] "GET /ad917/?path=%2Fhome%2F..%2Flib%2F.build-id%2F91 HTTP/1.1" 200 2526 "-" "Mozilla/5.0 AppleWebKit/537.36 (KHTML, like Gecko; compatible; ClaudeBot/1.0; +claudebot@anthropic.com)"
52.167.144.225 - - [13/Apr/2025:12:42:19 -0400] "GET /products/euphrasia87149728.shtml HTTP/1.1" 200 25374 "-" "Mozilla/5.0 AppleWebKit/537.36 (KHTML, like Gecko; compatible; bingbot/2.0; +http://www.bing.com/bingbot.htm) Chrome/116.0.1938.76 Safari/537.36"
52.167.144.21 - - [13/Apr/2025:12:42:21 -0400] "GET /info/hungerly122500960.shtml HTTP/1.1" 200 27598 "-" "Mozilla/5.0 AppleWebKit/537.36 (KHTML, like Gecko; compatible; bingbot/2.0; +http://www.bing.com/bingbot.htm) Chrome/116.0.1938.76 Safari/537.36"
3.135.248.25 - - [13/Apr/2025:12:42:22 -0400] "GET /ad917/?path=%2Fhome%2F..%2Flib%2F.build-id%2Fef HTTP/1.1" 200 2561 "-" "Mozilla/5.0 AppleWebKit/537.36 (KHTML, like Gecko; compatible; ClaudeBot/1.0; +claudebot@anthropic.com)"
3.135.248.25 - - [13/Apr/2025:12:42:25 -0400] "GET /ad917/?path=%2Fhome%2F..%2Flib%2F.build-id%2F10 HTTP/1.1" 200 2614 "-" "Mozilla/5.0 AppleWebKit/537.36 (KHTML, like Gecko; compatible; ClaudeBot/1.0; +claudebot@anthropic.com)"
3.135.248.25 - - [13/Apr/2025:12:42:28 -0400] "GET /ad917/?path=%2Fhome%2F..%2Flib%2F.build-id%2Fde HTTP/1.1" 200 2149 "-" "Mozilla/5.0 AppleWebKit/537.36 (KHTML, like Gecko; compatible; ClaudeBot/1.0; +claudebot@anthropic.com)"
3.135.248.25 - - [13/Apr/2025:12:42:31 -0400] "GET /ad917/?path=%2Fhome%2F..%2Flib%2F.build-id%2F19 HTTP/1.1" 200 2948 "-" "Mozilla/5.0 AppleWebKit/537.36 (KHTML, like Gecko; compatible; ClaudeBot/1.0; +claudebot@anthropic.com)"
3.135.248.25 - - [13/Apr/2025:12:42:34 -0400] "GET /ad917/?path=%2Fhome%2F..%2Flib%2F.build-id%2F34 HTTP/1.1" 200 2863 "-" "Mozilla/5.0 AppleWebKit/537.36 (KHTML, like Gecko; compatible; ClaudeBot/1.0; +claudebot@anthropic.com)"
3.135.248.25 - - [13/Apr/2025:12:42:37 -0400] "GET /ad917/?path=%2Fhome%2F..%2Flib%2F.build-id%2Fb0 HTTP/1.1" 200 2781 "-" "Mozilla/5.0 AppleWebKit/537.36 (KHTML, like Gecko; compatible; ClaudeBot/1.0; +claudebot@anthropic.com)"
3.135.248.25 - - [13/Apr/2025:12:42:40 -0400] "GET /ad917/?path=%2Fhome%2F..%2Flib%2F.build-id%2F04 HTTP/1.1" 200 2518 "-" "Mozilla/5.0 AppleWebKit/537.36 (KHTML, like Gecko; compatible; ClaudeBot/1.0; +claudebot@anthropic.com)"
3.135.248.25 - - [13/Apr/2025:12:42:43 -0400] "GET /ad917/?path=%2Fhome%2F..%2Flib%2F.build-id%2Fb3 HTTP/1.1" 200 2617 "-" "Mozilla/5.0 AppleWebKit/537.36 (KHTML, like Gecko; compatible; ClaudeBot/1.0; +claudebot@anthropic.com)"
3.135.248.25 - - [13/Apr/2025:12:42:46 -0400] "GET /ad917/?path=%2Fhome%2F..%2Flib%2F.build-id%2F7b HTTP/1.1" 200 2508 "-" "Mozilla/5.0 AppleWebKit/537.36 (KHTML, like Gecko; compatible; ClaudeBot/1.0; +claudebot@anthropic.com)"
157.55.39.11 - - [13/Apr/2025:12:42:45 -0400] "GET /entity/hyosternum/60772504.shtml HTTP/1.1" 200 25129 "-" "Mozilla/5.0 AppleWebKit/537.36 (KHTML, like Gecko; compatible; bingbot/2.0; +http://www.bing.com/bingbot.htm) Chrome/116.0.1938.76 Safari/537.36"
157.55.39.56 - - [13/Apr/2025:12:42:47 -0400] "GET /goods/37198744.shtml HTTP/1.1" 200 27290 "-" "Mozilla/5.0 AppleWebKit/537.36 (KHTML, like Gecko; compatible; bingbot/2.0; +http://www.bing.com/bingbot.htm) Chrome/116.0.1938.76 Safari/537.36"
3.135.248.25 - - [13/Apr/2025:12:42:49 -0400] "GET /ad917/?path=%2Fhome%2F..%2Flib%2F.build-id%2Fc6 HTTP/1.1" 200 2687 "-" "Mozilla/5.0 AppleWebKit/537.36 (KHTML, like Gecko; compatible; ClaudeBot/1.0; +claudebot@anthropic.com)"
3.135.248.25 - - [13/Apr/2025:12:42:52 -0400] "GET /ad917/?path=%2Fhome%2F..%2Flib%2F.build-id%2F06 HTTP/1.1" 200 2496 "-" "Mozilla/5.0 AppleWebKit/537.36 (KHTML, like Gecko; compatible; ClaudeBot/1.0; +claudebot@anthropic.com)"
66.249.77.41 - - [13/Apr/2025:12:42:52 -0400] "GET /info/eww/vainer/57707542.shtml HTTP/1.1" 200 25466 "-" "Mozilla/5.0 (Linux; Android 6.0.1; Nexus 5X Build/MMB29P) AppleWebKit/537.36 (KHTML, like Gecko) Chrome/135.0.7049.52 Mobile Safari/537.36 (compatible; GoogleOther)"
3.135.248.25 - - [13/Apr/2025:12:42:55 -0400] "GET /ad917/?path=%2Fhome%2F..%2Flib%2F.build-id%2F11 HTTP/1.1" 200 2616 "-" "Mozilla/5.0 AppleWebKit/537.36 (KHTML, like Gecko; compatible; ClaudeBot/1.0; +claudebot@anthropic.com)"
3.135.248.25 - - [13/Apr/2025:12:42:58 -0400] "GET /ad917/?path=%2Fhome%2F..%2Flib%2F.build-id%2F97 HTTP/1.1" 200 2704 "-" "Mozilla/5.0 AppleWebKit/537.36 (KHTML, like Gecko; compatible; ClaudeBot/1.0; +claudebot@anthropic.com)"
3.135.248.25 - - [13/Apr/2025:12:43:01 -0400] "GET /ad917/?path=%2Fhome%2F..%2Flib%2F.build-id%2Fa4 HTTP/1.1" 200 2369 "-" "Mozilla/5.0 AppleWebKit/537.36 (KHTML, like Gecko; compatible; ClaudeBot/1.0; +claudebot@anthropic.com)"
3.135.248.25 - - [13/Apr/2025:12:43:04 -0400] "GET /ad917/?path=%2Fhome%2F..%2Flib%2F.build-id%2F83 HTTP/1.1" 200 2457 "-" "Mozilla/5.0 AppleWebKit/537.36 (KHTML, like Gecko; compatible; ClaudeBot/1.0; +claudebot@anthropic.com)"
66.249.77.41 - - [13/Apr/2025:12:43:03 -0400] "GET /products/o/megalocyte/5092206.shtml HTTP/1.1" 200 27628 "-" "Mozilla/5.0 (Linux; Android 6.0.1; Nexus 5X Build/MMB29P) AppleWebKit/537.36 (KHTML, like Gecko) Chrome/135.0.7049.52 Mobile Safari/537.36 (compatible; GoogleOther)"
157.55.39.56 - - [13/Apr/2025:12:43:05 -0400] "GET /goods/37826522.shtml HTTP/1.1" 200 30551 "-" "Mozilla/5.0 AppleWebKit/537.36 (KHTML, like Gecko; compatible; bingbot/2.0; +http://www.bing.com/bingbot.htm) Chrome/116.0.1938.76 Safari/537.36"
3.135.248.25 - - [13/Apr/2025:12:43:07 -0400] "GET /ad917/?path=%2Fhome%2F..%2Flib%2F.build-id%2Ff6 HTTP/1.1" 200 2753 "-" "Mozilla/5.0 AppleWebKit/537.36 (KHTML, like Gecko; compatible; ClaudeBot/1.0; +claudebot@anthropic.com)"
3.135.248.25 - - [13/Apr/2025:12:43:10 -0400] "GET /ad917/?path=%2Fhome%2F..%2Flib64%2Fdovecot%2F.. HTTP/1.1" 200 42512 "-" "Mozilla/5.0 AppleWebKit/537.36 (KHTML, like Gecko; compatible; ClaudeBot/1.0; +claudebot@anthropic.com)"
66.249.77.41 - - [13/Apr/2025:12:43:11 -0400] "GET /item/xa/timekeeper63825736.shtml HTTP/1.1" 200 26468 "-" "Mozilla/5.0 (Linux; Android 6.0.1; Nexus 5X Build/MMB29P) AppleWebKit/537.36 (KHTML, like Gecko) Chrome/135.0.7049.52 Mobile Safari/537.36 (compatible; GoogleOther)"
3.135.248.25 - - [13/Apr/2025:12:43:13 -0400] "GET /ad917/?path=%2Fhome%2F..%2Flib%2F.build-id%2Fdc HTTP/1.1" 200 2365 "-" "Mozilla/5.0 AppleWebKit/537.36 (KHTML, like Gecko; compatible; ClaudeBot/1.0; +claudebot@anthropic.com)"
52.167.144.225 - - [13/Apr/2025:12:43:13 -0400] "GET /items/jesuitic67400524.shtml HTTP/1.1" 200 25154 "-" "Mozilla/5.0 AppleWebKit/537.36 (KHTML, like Gecko; compatible; bingbot/2.0; +http://www.bing.com/bingbot.htm) Chrome/116.0.1938.76 Safari/537.36"
3.135.248.25 - - [13/Apr/2025:12:43:16 -0400] "GET /ad917/?path=%2Fhome%2F..%2Flib%2F.build-id%2Ff8 HTTP/1.1" 200 2251 "-" "Mozilla/5.0 AppleWebKit/537.36 (KHTML, like Gecko; compatible; ClaudeBot/1.0; +claudebot@anthropic.com)"
52.167.144.225 - - [13/Apr/2025:12:43:16 -0400] "GET /product98332206.shtml HTTP/1.1" 200 25459 "-" "Mozilla/5.0 AppleWebKit/537.36 (KHTML, like Gecko; compatible; bingbot/2.0; +http://www.bing.com/bingbot.htm) Chrome/116.0.1938.76 Safari/537.36"
3.135.248.25 - - [13/Apr/2025:12:43:19 -0400] "GET /ad917/?path=%2Fhome%2F..%2Flib%2F.build-id%2F9d HTTP/1.1" 200 2515 "-" "Mozilla/5.0 AppleWebKit/537.36 (KHTML, like Gecko; compatible; ClaudeBot/1.0; +claudebot@anthropic.com)"
66.249.77.40 - - [13/Apr/2025:12:43:19 -0400] "GET /special/u/hygrine/122404926.shtml HTTP/1.1" 200 25550 "-" "Mozilla/5.0 (Linux; Android 6.0.1; Nexus 5X Build/MMB29P) AppleWebKit/537.36 (KHTML, like Gecko) Chrome/135.0.7049.84 Mobile Safari/537.36 (compatible; Googlebot/2.1; +http://www.google.com/bot.html)"
52.167.144.21 - - [13/Apr/2025:12:43:20 -0400] "GET /detail99097064.shtml HTTP/1.1" 200 27017 "-" "Mozilla/5.0 AppleWebKit/537.36 (KHTML, like Gecko; compatible; bingbot/2.0; +http://www.bing.com/bingbot.htm) Chrome/116.0.1938.76 Safari/537.36"
52.167.144.225 - - [13/Apr/2025:12:43:24 -0400] "GET /entity/t/decahedron39000104.shtml HTTP/1.1" 200 27809 "-" "Mozilla/5.0 AppleWebKit/537.36 (KHTML, like Gecko; compatible; bingbot/2.0; +http://www.bing.com/bingbot.htm) Chrome/116.0.1938.76 Safari/537.36"
66.249.77.40 - - [13/Apr/2025:12:43:27 -0400] "GET /detail/x/redounding/122406140.shtml HTTP/1.1" 200 28271 "-" "Mozilla/5.0 (Linux; Android 6.0.1; Nexus 5X Build/MMB29P) AppleWebKit/537.36 (KHTML, like Gecko) Chrome/135.0.7049.84 Mobile Safari/537.36 (compatible; Googlebot/2.1; +http://www.google.com/bot.html)"
52.167.144.185 - - [13/Apr/2025:12:43:33 -0400] "GET /items85669290.shtml HTTP/1.1" 200 27591 "-" "Mozilla/5.0 AppleWebKit/537.36 (KHTML, like Gecko; compatible; bingbot/2.0; +http://www.bing.com/bingbot.htm) Chrome/116.0.1938.76 Safari/537.36"
52.167.144.185 - - [13/Apr/2025:12:43:34 -0400] "GET /special19081288.shtml HTTP/1.1" 200 26082 "-" "Mozilla/5.0 AppleWebKit/537.36 (KHTML, like Gecko; compatible; bingbot/2.0; +http://www.bing.com/bingbot.htm) Chrome/116.0.1938.76 Safari/537.36"
52.167.144.185 - - [13/Apr/2025:12:43:38 -0400] "GET /shopping/undecency59164082.shtml HTTP/1.1" 200 27261 "-" "Mozilla/5.0 AppleWebKit/537.36 (KHTML, like Gecko; compatible; bingbot/2.0; +http://www.bing.com/bingbot.htm) Chrome/116.0.1938.76 Safari/537.36"
52.167.144.21 - - [13/Apr/2025:12:43:41 -0400] "GET /detail99195264.shtml HTTP/1.1" 200 25685 "-" "Mozilla/5.0 AppleWebKit/537.36 (KHTML, like Gecko; compatible; bingbot/2.0; +http://www.bing.com/bingbot.htm) Chrome/116.0.1938.76 Safari/537.36"
52.167.144.195 - - [13/Apr/2025:12:43:44 -0400] "GET /special/orchestric88469414.shtml HTTP/1.1" 200 28812 "-" "Mozilla/5.0 AppleWebKit/537.36 (KHTML, like Gecko; compatible; bingbot/2.0; +http://www.bing.com/bingbot.htm) Chrome/116.0.1938.76 Safari/537.36"
52.167.144.185 - - [13/Apr/2025:12:43:45 -0400] "GET /product/ns/tetrasyllable/93046192.shtml HTTP/1.1" 200 25484 "-" "Mozilla/5.0 AppleWebKit/537.36 (KHTML, like Gecko; compatible; bingbot/2.0; +http://www.bing.com/bingbot.htm) Chrome/116.0.1938.76 Safari/537.36"
52.167.144.225 - - [13/Apr/2025:12:43:48 -0400] "GET /products399298.shtml HTTP/1.1" 200 27542 "-" "Mozilla/5.0 AppleWebKit/537.36 (KHTML, like Gecko; compatible; bingbot/2.0; +http://www.bing.com/bingbot.htm) Chrome/116.0.1938.76 Safari/537.36"
52.167.144.185 - - [13/Apr/2025:12:43:54 -0400] "GET /items/fanon/ HTTP/1.1" 200 25677 "-" "Mozilla/5.0 AppleWebKit/537.36 (KHTML, like Gecko; compatible; bingbot/2.0; +http://www.bing.com/bingbot.htm) Chrome/116.0.1938.76 Safari/537.36"
52.167.144.185 - - [13/Apr/2025:12:44:04 -0400] "GET /shopbrand/b/sermonet16024760.shtml HTTP/1.1" 200 28705 "-" "Mozilla/5.0 AppleWebKit/537.36 (KHTML, like Gecko; compatible; bingbot/2.0; +http://www.bing.com/bingbot.htm) Chrome/116.0.1938.76 Safari/537.36"
52.167.144.225 - - [13/Apr/2025:12:44:06 -0400] "GET /shopping/osc/pucka/70616574.shtml HTTP/1.1" 200 26087 "-" "Mozilla/5.0 AppleWebKit/537.36 (KHTML, like Gecko; compatible; bingbot/2.0; +http://www.bing.com/bingbot.htm) Chrome/116.0.1938.76 Safari/537.36"
52.167.144.21 - - [13/Apr/2025:12:44:13 -0400] "GET /info/endosternite52254988.shtml HTTP/1.1" 200 24702 "-" "Mozilla/5.0 AppleWebKit/537.36 (KHTML, like Gecko; compatible; bingbot/2.0; +http://www.bing.com/bingbot.htm) Chrome/116.0.1938.76 Safari/537.36"
52.167.144.225 - - [13/Apr/2025:12:44:14 -0400] "GET /goodscode/2598902.shtml HTTP/1.1" 200 29304 "-" "Mozilla/5.0 AppleWebKit/537.36 (KHTML, like Gecko; compatible; bingbot/2.0; +http://www.bing.com/bingbot.htm) Chrome/116.0.1938.76 Safari/537.36"
207.46.13.52 - - [13/Apr/2025:12:44:19 -0400] "GET /products92688266.shtml HTTP/1.1" 200 28194 "-" "Mozilla/5.0 AppleWebKit/537.36 (KHTML, like Gecko; compatible; bingbot/2.0; +http://www.bing.com/bingbot.htm) Chrome/116.0.1938.76 Safari/537.36"
52.167.144.225 - - [13/Apr/2025:12:44:24 -0400] "GET /products/perspirable59769238.shtml HTTP/1.1" 200 25259 "-" "Mozilla/5.0 AppleWebKit/537.36 (KHTML, like Gecko; compatible; bingbot/2.0; +http://www.bing.com/bingbot.htm) Chrome/116.0.1938.76 Safari/537.36"
207.46.13.52 - - [13/Apr/2025:12:44:29 -0400] "GET /special/echidna99950806.shtml HTTP/1.1" 200 26969 "-" "Mozilla/5.0 AppleWebKit/537.36 (KHTML, like Gecko; compatible; bingbot/2.0; +http://www.bing.com/bingbot.htm) Chrome/116.0.1938.76 Safari/537.36"
207.46.13.18 - - [13/Apr/2025:12:44:33 -0400] "GET /shopdetail/pyc/eggglass/75780616.shtml HTTP/1.1" 200 26569 "-" "Mozilla/5.0 AppleWebKit/537.36 (KHTML, like Gecko; compatible; bingbot/2.0; +http://www.bing.com/bingbot.htm) Chrome/116.0.1938.76 Safari/537.36"
18.188.60.244 - - [13/Apr/2025:12:44:38 -0400] "GET /ad917/?path=%2Fhome%2F..%2Flib%2F.build-id%2F4d HTTP/1.1" 200 2477 "-" "Mozilla/5.0 AppleWebKit/537.36 (KHTML, like Gecko; compatible; ClaudeBot/1.0; +claudebot@anthropic.com)"
18.188.60.244 - - [13/Apr/2025:12:44:41 -0400] "GET /ad917/?path=%2Fhome%2F..%2Flib%2F.build-id%2Fda HTTP/1.1" 200 2565 "-" "Mozilla/5.0 AppleWebKit/537.36 (KHTML, like Gecko; compatible; ClaudeBot/1.0; +claudebot@anthropic.com)"
18.188.60.244 - - [13/Apr/2025:12:44:44 -0400] "GET /ad917/?path=%2Fhome%2F..%2Flib%2F.build-id%2Fc4 HTTP/1.1" 200 2760 "-" "Mozilla/5.0 AppleWebKit/537.36 (KHTML, like Gecko; compatible; ClaudeBot/1.0; +claudebot@anthropic.com)"
18.188.60.244 - - [13/Apr/2025:12:44:47 -0400] "GET /ad917/?path=%2Fhome%2F..%2Flib%2F.build-id%2F5c HTTP/1.1" 200 2310 "-" "Mozilla/5.0 AppleWebKit/537.36 (KHTML, like Gecko; compatible; ClaudeBot/1.0; +claudebot@anthropic.com)"
18.188.60.244 - - [13/Apr/2025:12:44:50 -0400] "GET /ad917/?path=%2Fhome%2F..%2Flib%2F.build-id%2F58 HTTP/1.1" 200 2480 "-" "Mozilla/5.0 AppleWebKit/537.36 (KHTML, like Gecko; compatible; ClaudeBot/1.0; +claudebot@anthropic.com)"
18.188.60.244 - - [13/Apr/2025:12:44:53 -0400] "GET /ad917/?path=%2Fhome%2F..%2Flib64%2Frsyslog%2F.. HTTP/1.1" 200 44514 "-" "Mozilla/5.0 AppleWebKit/537.36 (KHTML, like Gecko; compatible; ClaudeBot/1.0; +claudebot@anthropic.com)"
18.188.60.244 - - [13/Apr/2025:12:44:56 -0400] "GET /ad917/?path=%2Fhome%2F..%2Flib%2F.build-id%2F2c HTTP/1.1" 200 2780 "-" "Mozilla/5.0 AppleWebKit/537.36 (KHTML, like Gecko; compatible; ClaudeBot/1.0; +claudebot@anthropic.com)"
207.46.13.52 - - [13/Apr/2025:12:44:56 -0400] "GET /special/ew/maidenship/37597270.shtml HTTP/1.1" 200 27166 "-" "Mozilla/5.0 AppleWebKit/537.36 (KHTML, like Gecko; compatible; bingbot/2.0; +http://www.bing.com/bingbot.htm) Chrome/116.0.1938.76 Safari/537.36"
18.188.60.244 - - [13/Apr/2025:12:44:59 -0400] "GET /ad917/?path=%2Fhome%2F..%2Flib%2F.build-id%2Fd9 HTTP/1.1" 200 2482 "-" "Mozilla/5.0 AppleWebKit/537.36 (KHTML, like Gecko; compatible; ClaudeBot/1.0; +claudebot@anthropic.com)"
18.188.60.244 - - [13/Apr/2025:12:45:02 -0400] "GET /ad917/?path=%2Fhome%2F..%2Flib%2F.build-id%2F56 HTTP/1.1" 200 2578 "-" "Mozilla/5.0 AppleWebKit/537.36 (KHTML, like Gecko; compatible; ClaudeBot/1.0; +claudebot@anthropic.com)"
52.167.144.21 - - [13/Apr/2025:12:45:02 -0400] "GET /product/95282522.shtml HTTP/1.1" 200 29919 "-" "Mozilla/5.0 AppleWebKit/537.36 (KHTML, like Gecko; compatible; bingbot/2.0; +http://www.bing.com/bingbot.htm) Chrome/116.0.1938.76 Safari/537.36"
18.188.60.244 - - [13/Apr/2025:12:45:05 -0400] "GET /ad917/?path=%2Fhome%2F..%2Flib%2F.build-id%2Fa0 HTTP/1.1" 200 2064 "-" "Mozilla/5.0 AppleWebKit/537.36 (KHTML, like Gecko; compatible; ClaudeBot/1.0; +claudebot@anthropic.com)"
207.46.13.52 - - [13/Apr/2025:12:45:06 -0400] "GET /entity/mu/diligently61930642.shtml HTTP/1.1" 200 28391 "-" "Mozilla/5.0 AppleWebKit/537.36 (KHTML, like Gecko; compatible; bingbot/2.0; +http://www.bing.com/bingbot.htm) Chrome/116.0.1938.76 Safari/537.36"
18.188.60.244 - - [13/Apr/2025:12:45:08 -0400] "GET /ad917/?path=%2Fhome%2F..%2Flib%2F.build-id%2F42 HTTP/1.1" 200 3299 "-" "Mozilla/5.0 AppleWebKit/537.36 (KHTML, like Gecko; compatible; ClaudeBot/1.0; +claudebot@anthropic.com)"
18.188.60.244 - - [13/Apr/2025:12:45:11 -0400] "GET /ad917/?path=%2Fhome%2F..%2Flib%2F.build-id%2F1b HTTP/1.1" 200 2503 "-" "Mozilla/5.0 AppleWebKit/537.36 (KHTML, like Gecko; compatible; ClaudeBot/1.0; +claudebot@anthropic.com)"
52.167.144.185 - - [13/Apr/2025:12:45:12 -0400] "GET /items/boi/halite/101741284.shtml HTTP/1.1" 200 25270 "-" "Mozilla/5.0 AppleWebKit/537.36 (KHTML, like Gecko; compatible; bingbot/2.0; +http://www.bing.com/bingbot.htm) Chrome/116.0.1938.76 Safari/537.36"
18.188.60.244 - - [13/Apr/2025:12:45:14 -0400] "GET /ad917/?path=%2Fhome%2F..%2Flib%2F.build-id%2F6a HTTP/1.1" 200 2729 "-" "Mozilla/5.0 AppleWebKit/537.36 (KHTML, like Gecko; compatible; ClaudeBot/1.0; +claudebot@anthropic.com)"
66.249.77.41 - - [13/Apr/2025:12:45:16 -0400] "GET /products/cs/alternatively/122693550.shtml HTTP/1.1" 200 27597 "-" "Mozilla/5.0 (Linux; Android 6.0.1; Nexus 5X Build/MMB29P) AppleWebKit/537.36 (KHTML, like Gecko) Chrome/135.0.7049.52 Mobile Safari/537.36 (compatible; GoogleOther)"
18.188.60.244 - - [13/Apr/2025:12:45:17 -0400] "GET /ad917/?path=%2Fhome%2F..%2Flib%2F.build-id%2F2f HTTP/1.1" 200 2445 "-" "Mozilla/5.0 AppleWebKit/537.36 (KHTML, like Gecko; compatible; ClaudeBot/1.0; +claudebot@anthropic.com)"
18.188.60.244 - - [13/Apr/2025:12:45:20 -0400] "GET /ad917/?path=%2Fhome%2F..%2Flib%2F.build-id%2F2e HTTP/1.1" 200 2470 "-" "Mozilla/5.0 AppleWebKit/537.36 (KHTML, like Gecko; compatible; ClaudeBot/1.0; +claudebot@anthropic.com)"
52.167.144.21 - - [13/Apr/2025:12:45:20 -0400] "GET /products/supernaturalism/122497264.shtml HTTP/1.1" 200 25773 "-" "Mozilla/5.0 AppleWebKit/537.36 (KHTML, like Gecko; compatible; bingbot/2.0; +http://www.bing.com/bingbot.htm) Chrome/116.0.1938.76 Safari/537.36"
18.188.60.244 - - [13/Apr/2025:12:45:23 -0400] "GET /ad917/?path=%2Fhome%2F..%2Flib%2F.build-id%2Fc8 HTTP/1.1" 200 2905 "-" "Mozilla/5.0 AppleWebKit/537.36 (KHTML, like Gecko; compatible; ClaudeBot/1.0; +claudebot@anthropic.com)"
207.46.13.18 - - [13/Apr/2025:12:45:25 -0400] "GET /info/silicule51833170.shtml HTTP/1.1" 200 25260 "-" "Mozilla/5.0 AppleWebKit/537.36 (KHTML, like Gecko; compatible; bingbot/2.0; +http://www.bing.com/bingbot.htm) Chrome/116.0.1938.76 Safari/537.36"
66.249.77.41 - - [13/Apr/2025:12:45:25 -0400] "GET /shopdetail/j/primitiveness/14681856.shtml HTTP/1.1" 200 27841 "-" "Mozilla/5.0 (Linux; Android 6.0.1; Nexus 5X Build/MMB29P) AppleWebKit/537.36 (KHTML, like Gecko) Chrome/135.0.7049.52 Mobile Safari/537.36 (compatible; GoogleOther)"
18.188.60.244 - - [13/Apr/2025:12:45:26 -0400] "GET /ad917/?path=%2Fhome%2F..%2Flib%2F.build-id%2F03 HTTP/1.1" 200 2582 "-" "Mozilla/5.0 AppleWebKit/537.36 (KHTML, like Gecko; compatible; ClaudeBot/1.0; +claudebot@anthropic.com)"
52.167.144.195 - - [13/Apr/2025:12:45:25 -0400] "GET /item75774242.shtml HTTP/1.1" 200 27044 "-" "Mozilla/5.0 AppleWebKit/537.36 (KHTML, like Gecko; compatible; bingbot/2.0; +http://www.bing.com/bingbot.htm) Chrome/116.0.1938.76 Safari/537.36"
18.188.60.244 - - [13/Apr/2025:12:45:29 -0400] "GET /ad917/?path=%2Fhome%2F..%2Flib%2F.build-id%2Fdb HTTP/1.1" 200 2856 "-" "Mozilla/5.0 AppleWebKit/537.36 (KHTML, like Gecko; compatible; ClaudeBot/1.0; +claudebot@anthropic.com)"
18.188.60.244 - - [13/Apr/2025:12:45:32 -0400] "GET /ad917/?path=%2Fhome%2F..%2Flib%2F.build-id%2F96 HTTP/1.1" 200 2924 "-" "Mozilla/5.0 AppleWebKit/537.36 (KHTML, like Gecko; compatible; ClaudeBot/1.0; +claudebot@anthropic.com)"
52.167.144.195 - - [13/Apr/2025:12:45:31 -0400] "GET /special/m/countre/75678938.shtml HTTP/1.1" 200 27718 "-" "Mozilla/5.0 AppleWebKit/537.36 (KHTML, like Gecko; compatible; bingbot/2.0; +http://www.bing.com/bingbot.htm) Chrome/116.0.1938.76 Safari/537.36"
52.167.144.225 - - [13/Apr/2025:12:45:34 -0400] "GET /items59160406.shtml HTTP/1.1" 200 25843 "-" "Mozilla/5.0 AppleWebKit/537.36 (KHTML, like Gecko; compatible; bingbot/2.0; +http://www.bing.com/bingbot.htm) Chrome/116.0.1938.76 Safari/537.36"
18.188.60.244 - - [13/Apr/2025:12:45:35 -0400] "GET /ad917/?path=%2Fhome%2F..%2Flib%2F.build-id%2F16 HTTP/1.1" 200 2477 "-" "Mozilla/5.0 AppleWebKit/537.36 (KHTML, like Gecko; compatible; ClaudeBot/1.0; +claudebot@anthropic.com)"
52.167.144.21 - - [13/Apr/2025:12:45:36 -0400] "GET /info/iwu/gallicanism/121618166.shtml HTTP/1.1" 200 25682 "-" "Mozilla/5.0 AppleWebKit/537.36 (KHTML, like Gecko; compatible; bingbot/2.0; +http://www.bing.com/bingbot.htm) Chrome/116.0.1938.76 Safari/537.36"
52.167.144.225 - - [13/Apr/2025:12:45:36 -0400] "GET /special/55941796.shtml HTTP/1.1" 200 27030 "-" "Mozilla/5.0 AppleWebKit/537.36 (KHTML, like Gecko; compatible; bingbot/2.0; +http://www.bing.com/bingbot.htm) Chrome/116.0.1938.76 Safari/537.36"
18.188.60.244 - - [13/Apr/2025:12:45:38 -0400] "GET /ad917/?path=%2Fhome%2F..%2Flib%2F.build-id%2F41 HTTP/1.1" 200 2907 "-" "Mozilla/5.0 AppleWebKit/537.36 (KHTML, like Gecko; compatible; ClaudeBot/1.0; +claudebot@anthropic.com)"
18.188.60.244 - - [13/Apr/2025:12:45:41 -0400] "GET /ad917/?path=%2Fhome%2F..%2Flib%2F.build-id%2F14 HTTP/1.1" 200 2399 "-" "Mozilla/5.0 AppleWebKit/537.36 (KHTML, like Gecko; compatible; ClaudeBot/1.0; +claudebot@anthropic.com)"
207.46.13.18 - - [13/Apr/2025:12:45:43 -0400] "GET /info/52585948.shtml HTTP/1.1" 200 24571 "-" "Mozilla/5.0 AppleWebKit/537.36 (KHTML, like Gecko; compatible; bingbot/2.0; +http://www.bing.com/bingbot.htm) Chrome/116.0.1938.76 Safari/537.36"
18.188.60.244 - - [13/Apr/2025:12:45:44 -0400] "GET /ad917/?path=%2Fhome%2F..%2Flib%2F.build-id%2F65 HTTP/1.1" 200 2555 "-" "Mozilla/5.0 AppleWebKit/537.36 (KHTML, like Gecko; compatible; ClaudeBot/1.0; +claudebot@anthropic.com)"
207.46.13.18 - - [13/Apr/2025:12:45:48 -0400] "GET /item/28832916.shtml HTTP/1.1" 200 27669 "-" "Mozilla/5.0 AppleWebKit/537.36 (KHTML, like Gecko; compatible; bingbot/2.0; +http://www.bing.com/bingbot.htm) Chrome/116.0.1938.76 Safari/537.36"
52.167.144.185 - - [13/Apr/2025:12:45:56 -0400] "GET /item/36849434.shtml HTTP/1.1" 200 28116 "-" "Mozilla/5.0 AppleWebKit/537.36 (KHTML, like Gecko; compatible; bingbot/2.0; +http://www.bing.com/bingbot.htm) Chrome/116.0.1938.76 Safari/537.36"
52.167.144.195 - - [13/Apr/2025:12:45:56 -0400] "GET /info/2794218.shtml HTTP/1.1" 200 26559 "-" "Mozilla/5.0 AppleWebKit/537.36 (KHTML, like Gecko; compatible; bingbot/2.0; +http://www.bing.com/bingbot.htm) Chrome/116.0.1938.76 Safari/537.36"
66.249.77.40 - - [13/Apr/2025:12:45:57 -0400] "GET /detail/riu/richer/90722600.shtml HTTP/1.1" 200 26938 "-" "Mozilla/5.0 (Linux; Android 6.0.1; Nexus 5X Build/MMB29P) AppleWebKit/537.36 (KHTML, like Gecko) Chrome/135.0.7049.52 Mobile Safari/537.36 (compatible; GoogleOther)"
52.167.144.21 - - [13/Apr/2025:12:46:04 -0400] "GET /goodscode/problematic/84782822.shtml HTTP/1.1" 200 28643 "-" "Mozilla/5.0 AppleWebKit/537.36 (KHTML, like Gecko; compatible; bingbot/2.0; +http://www.bing.com/bingbot.htm) Chrome/116.0.1938.76 Safari/537.36"
52.167.144.185 - - [13/Apr/2025:12:46:05 -0400] "GET /special/pithful/8622138.shtml HTTP/1.1" 200 25048 "-" "Mozilla/5.0 AppleWebKit/537.36 (KHTML, like Gecko; compatible; bingbot/2.0; +http://www.bing.com/bingbot.htm) Chrome/116.0.1938.76 Safari/537.36"
66.249.77.42 - - [13/Apr/2025:12:46:10 -0400] "GET /products/d/photometry/35608756.shtml HTTP/1.1" 200 27850 "-" "Mozilla/5.0 (Linux; Android 6.0.1; Nexus 5X Build/MMB29P) AppleWebKit/537.36 (KHTML, like Gecko) Chrome/135.0.7049.52 Mobile Safari/537.36 (compatible; GoogleOther)"
52.167.144.185 - - [13/Apr/2025:12:46:15 -0400] "GET /special97316436.shtml HTTP/1.1" 200 26264 "-" "Mozilla/5.0 AppleWebKit/537.36 (KHTML, like Gecko; compatible; bingbot/2.0; +http://www.bing.com/bingbot.htm) Chrome/116.0.1938.76 Safari/537.36"
207.46.13.18 - - [13/Apr/2025:12:46:15 -0400] "GET /shopping/vfe/epistler52585680.shtml HTTP/1.1" 200 26645 "-" "Mozilla/5.0 AppleWebKit/537.36 (KHTML, like Gecko; compatible; bingbot/2.0; +http://www.bing.com/bingbot.htm) Chrome/116.0.1938.76 Safari/537.36"
207.46.13.52 - - [13/Apr/2025:12:46:18 -0400] "GET /special/fu/perseption64343728.shtml HTTP/1.1" 200 26959 "-" "Mozilla/5.0 AppleWebKit/537.36 (KHTML, like Gecko; compatible; bingbot/2.0; +http://www.bing.com/bingbot.htm) Chrome/116.0.1938.76 Safari/537.36"
207.46.13.18 - - [13/Apr/2025:12:46:18 -0400] "GET /products/99429250.shtml HTTP/1.1" 200 27581 "-" "Mozilla/5.0 AppleWebKit/537.36 (KHTML, like Gecko; compatible; bingbot/2.0; +http://www.bing.com/bingbot.htm) Chrome/116.0.1938.76 Safari/537.36"
66.249.77.41 - - [13/Apr/2025:12:46:23 -0400] "GET /detail/n/clashing/42635104.shtml HTTP/1.1" 200 25711 "-" "Mozilla/5.0 (Linux; Android 6.0.1; Nexus 5X Build/MMB29P) AppleWebKit/537.36 (KHTML, like Gecko) Chrome/135.0.7049.84 Mobile Safari/537.36 (compatible; Googlebot/2.1; +http://www.google.com/bot.html)"
52.167.144.225 - - [13/Apr/2025:12:46:25 -0400] "GET /detail/l/soured/70676440.shtml HTTP/1.1" 200 26552 "-" "Mozilla/5.0 AppleWebKit/537.36 (KHTML, like Gecko; compatible; bingbot/2.0; +http://www.bing.com/bingbot.htm) Chrome/116.0.1938.76 Safari/537.36"
52.167.144.225 - - [13/Apr/2025:12:46:28 -0400] "GET /info22215018.shtml HTTP/1.1" 200 25997 "-" "Mozilla/5.0 AppleWebKit/537.36 (KHTML, like Gecko; compatible; bingbot/2.0; +http://www.bing.com/bingbot.htm) Chrome/116.0.1938.76 Safari/537.36"
207.46.13.52 - - [13/Apr/2025:12:46:36 -0400] "GET /product/typhotoxin/39655454.shtml HTTP/1.1" 200 27460 "-" "Mozilla/5.0 AppleWebKit/537.36 (KHTML, like Gecko; compatible; bingbot/2.0; +http://www.bing.com/bingbot.htm) Chrome/116.0.1938.76 Safari/537.36"
52.167.144.185 - - [13/Apr/2025:12:46:42 -0400] "GET /detail/12210890.shtml HTTP/1.1" 200 28225 "-" "Mozilla/5.0 AppleWebKit/537.36 (KHTML, like Gecko; compatible; bingbot/2.0; +http://www.bing.com/bingbot.htm) Chrome/116.0.1938.76 Safari/537.36"
66.249.77.40 - - [13/Apr/2025:12:46:44 -0400] "GET /goodscode/lappaceous/101024090.shtml HTTP/1.1" 200 26336 "-" "Mozilla/5.0 (Linux; Android 6.0.1; Nexus 5X Build/MMB29P) AppleWebKit/537.36 (KHTML, like Gecko) Chrome/135.0.7049.52 Mobile Safari/537.36 (compatible; GoogleOther)"
207.46.13.52 - - [13/Apr/2025:12:46:46 -0400] "GET /info84634616.shtml HTTP/1.1" 200 27259 "-" "Mozilla/5.0 AppleWebKit/537.36 (KHTML, like Gecko; compatible; bingbot/2.0; +http://www.bing.com/bingbot.htm) Chrome/116.0.1938.76 Safari/537.36"
207.46.13.52 - - [13/Apr/2025:12:46:57 -0400] "GET /entity/denunciate11752456.shtml HTTP/1.1" 200 25165 "-" "Mozilla/5.0 AppleWebKit/537.36 (KHTML, like Gecko; compatible; bingbot/2.0; +http://www.bing.com/bingbot.htm) Chrome/116.0.1938.76 Safari/537.36"
18.191.189.30 - - [13/Apr/2025:12:47:02 -0400] "GET /ad917/?path=%2Fhome%2F..%2Flib%2F.build-id%2Feb HTTP/1.1" 200 2693 "-" "Mozilla/5.0 AppleWebKit/537.36 (KHTML, like Gecko; compatible; ClaudeBot/1.0; +claudebot@anthropic.com)"
52.167.144.185 - - [13/Apr/2025:12:47:03 -0400] "GET /product/8831802.shtml HTTP/1.1" 200 28144 "-" "Mozilla/5.0 AppleWebKit/537.36 (KHTML, like Gecko; compatible; bingbot/2.0; +http://www.bing.com/bingbot.htm) Chrome/116.0.1938.76 Safari/537.36"
18.191.189.30 - - [13/Apr/2025:12:47:05 -0400] "GET /ad917/?path=%2Fhome%2F..%2Flib%2F.build-id%2Fc7 HTTP/1.1" 200 2140 "-" "Mozilla/5.0 AppleWebKit/537.36 (KHTML, like Gecko; compatible; ClaudeBot/1.0; +claudebot@anthropic.com)"
52.167.144.225 - - [13/Apr/2025:12:47:07 -0400] "GET /goodscode/35751266.shtml HTTP/1.1" 200 27082 "-" "Mozilla/5.0 AppleWebKit/537.36 (KHTML, like Gecko; compatible; bingbot/2.0; +http://www.bing.com/bingbot.htm) Chrome/116.0.1938.76 Safari/537.36"
18.191.189.30 - - [13/Apr/2025:12:47:08 -0400] "GET /ad917/?path=%2Fhome%2F..%2Flib%2F.build-id%2F60 HTTP/1.1" 200 2527 "-" "Mozilla/5.0 AppleWebKit/537.36 (KHTML, like Gecko; compatible; ClaudeBot/1.0; +claudebot@anthropic.com)"
66.249.77.40 - - [13/Apr/2025:12:47:10 -0400] "GET /shopdetail/pseudobacteria/87548156.shtml HTTP/1.1" 200 28061 "-" "Mozilla/5.0 (Linux; Android 6.0.1; Nexus 5X Build/MMB29P) AppleWebKit/537.36 (KHTML, like Gecko) Chrome/135.0.7049.52 Mobile Safari/537.36 (compatible; GoogleOther)"
18.191.189.30 - - [13/Apr/2025:12:47:11 -0400] "GET /ad917/?path=%2Fhome%2F..%2Flib%2F.build-id%2Fbf HTTP/1.1" 200 2225 "-" "Mozilla/5.0 AppleWebKit/537.36 (KHTML, like Gecko; compatible; ClaudeBot/1.0; +claudebot@anthropic.com)"
18.191.189.30 - - [13/Apr/2025:12:47:14 -0400] "GET /ad917/?path=%2Fhome%2F..%2Flib%2F.build-id%2Ffe HTTP/1.1" 200 2916 "-" "Mozilla/5.0 AppleWebKit/537.36 (KHTML, like Gecko; compatible; ClaudeBot/1.0; +claudebot@anthropic.com)"
52.167.144.185 - - [13/Apr/2025:12:47:13 -0400] "GET /info/90269272.shtml HTTP/1.1" 200 28266 "-" "Mozilla/5.0 AppleWebKit/537.36 (KHTML, like Gecko; compatible; bingbot/2.0; +http://www.bing.com/bingbot.htm) Chrome/116.0.1938.76 Safari/537.36"
18.191.189.30 - - [13/Apr/2025:12:47:17 -0400] "GET /ad917/?path=%2Fhome%2F..%2Flib%2F.build-id%2F9f HTTP/1.1" 200 2376 "-" "Mozilla/5.0 AppleWebKit/537.36 (KHTML, like Gecko; compatible; ClaudeBot/1.0; +claudebot@anthropic.com)"
207.46.13.52 - - [13/Apr/2025:12:47:17 -0400] "GET /info/112883174.shtml HTTP/1.1" 200 28851 "-" "Mozilla/5.0 AppleWebKit/537.36 (KHTML, like Gecko; compatible; bingbot/2.0; +http://www.bing.com/bingbot.htm) Chrome/116.0.1938.76 Safari/537.36"
18.191.189.30 - - [13/Apr/2025:12:47:20 -0400] "GET /ad917/?path=%2Fhome%2F..%2Flib%2F.build-id%2F6b HTTP/1.1" 200 2485 "-" "Mozilla/5.0 AppleWebKit/537.36 (KHTML, like Gecko; compatible; ClaudeBot/1.0; +claudebot@anthropic.com)"
18.191.189.30 - - [13/Apr/2025:12:47:23 -0400] "GET /ad917/?path=%2Fhome%2F..%2Flib%2F.build-id%2F0d HTTP/1.1" 200 2319 "-" "Mozilla/5.0 AppleWebKit/537.36 (KHTML, like Gecko; compatible; ClaudeBot/1.0; +claudebot@anthropic.com)"
18.191.189.30 - - [13/Apr/2025:12:47:26 -0400] "GET /ad917/?path=%2Fhome%2F..%2Flib%2F.build-id%2F2d HTTP/1.1" 200 2564 "-" "Mozilla/5.0 AppleWebKit/537.36 (KHTML, like Gecko; compatible; ClaudeBot/1.0; +claudebot@anthropic.com)"
66.249.77.40 - - [13/Apr/2025:12:47:26 -0400] "GET /goodscode/n/pallissy100733872.shtml HTTP/1.1" 200 27710 "-" "Mozilla/5.0 (Linux; Android 6.0.1; Nexus 5X Build/MMB29P) AppleWebKit/537.36 (KHTML, like Gecko) Chrome/135.0.7049.52 Mobile Safari/537.36 (compatible; GoogleOther)"
18.191.189.30 - - [13/Apr/2025:12:47:29 -0400] "GET /ad917/?path=%2Fhome%2F..%2Flib%2F.build-id%2F69 HTTP/1.1" 200 2415 "-" "Mozilla/5.0 AppleWebKit/537.36 (KHTML, like Gecko; compatible; ClaudeBot/1.0; +claudebot@anthropic.com)"
52.167.144.21 - - [13/Apr/2025:12:47:31 -0400] "GET /shopbrand/gs/garvie121698842.shtml HTTP/1.1" 200 29608 "-" "Mozilla/5.0 AppleWebKit/537.36 (KHTML, like Gecko; compatible; bingbot/2.0; +http://www.bing.com/bingbot.htm) Chrome/116.0.1938.76 Safari/537.36"
18.191.189.30 - - [13/Apr/2025:12:47:32 -0400] "GET /ad917/?path=%2Fhome%2F..%2Flib%2F.build-id%2F7c HTTP/1.1" 200 2470 "-" "Mozilla/5.0 AppleWebKit/537.36 (KHTML, like Gecko; compatible; ClaudeBot/1.0; +claudebot@anthropic.com)"
18.191.189.30 - - [13/Apr/2025:12:47:35 -0400] "GET /ad917/?path=%2Fhome%2F..%2Flib%2F.build-id%2F15 HTTP/1.1" 200 2727 "-" "Mozilla/5.0 AppleWebKit/537.36 (KHTML, like Gecko; compatible; ClaudeBot/1.0; +claudebot@anthropic.com)"
52.167.144.225 - - [13/Apr/2025:12:47:34 -0400] "GET /products/pm/redraw44233812.shtml HTTP/1.1" 200 26307 "-" "Mozilla/5.0 AppleWebKit/537.36 (KHTML, like Gecko; compatible; bingbot/2.0; +http://www.bing.com/bingbot.htm) Chrome/116.0.1938.76 Safari/537.36"
