52.167.144.170 - - [13/Apr/2025:11:56:07 -0400] "GET /special/centre/ HTTP/1.1" 200 27211 "-" "Mozilla/5.0 AppleWebKit/537.36 (KHTML, like Gecko; compatible; bingbot/2.0; +http://www.bing.com/bingbot.htm) Chrome/116.0.1938.76 Safari/537.36"
207.46.13.17 - - [13/Apr/2025:11:56:06 -0400] "GET /product/aerodromic/76871890.shtml HTTP/1.1" 200 28046 "-" "Mozilla/5.0 AppleWebKit/537.36 (KHTML, like Gecko; compatible; bingbot/2.0; +http://www.bing.com/bingbot.htm) Chrome/116.0.1938.76 Safari/537.36"
3.128.203.114 - - [13/Apr/2025:11:56:09 -0400] "GET /ad917/?path=%2Fhome%2F..%2F.%2Flib64%2Flibpanelw.so HTTP/1.1" 200 940 "-" "Mozilla/5.0 AppleWebKit/537.36 (KHTML, like Gecko; compatible; ClaudeBot/1.0; +claudebot@anthropic.com)"
207.46.13.17 - - [13/Apr/2025:11:56:09 -0400] "GET /product82172980.shtml HTTP/1.1" 200 25919 "-" "Mozilla/5.0 AppleWebKit/537.36 (KHTML, like Gecko; compatible; bingbot/2.0; +http://www.bing.com/bingbot.htm) Chrome/116.0.1938.76 Safari/537.36"
3.128.203.114 - - [13/Apr/2025:11:56:12 -0400] "GET /ad917/?path=%2Fhome%2F..%2F.%2Flib64%2Flibjasper.so HTTP/1.1" 200 940 "-" "Mozilla/5.0 AppleWebKit/537.36 (KHTML, like Gecko; compatible; ClaudeBot/1.0; +claudebot@anthropic.com)"
207.46.13.168 - - [13/Apr/2025:11:56:11 -0400] "GET /detail53413626.shtml HTTP/1.1" 200 27504 "-" "Mozilla/5.0 AppleWebKit/537.36 (KHTML, like Gecko; compatible; bingbot/2.0; +http://www.bing.com/bingbot.htm) Chrome/116.0.1938.76 Safari/537.36"
52.167.144.137 - - [13/Apr/2025:11:56:13 -0400] "GET /info24429364.shtml HTTP/1.1" 200 25570 "-" "Mozilla/5.0 AppleWebKit/537.36 (KHTML, like Gecko; compatible; bingbot/2.0; +http://www.bing.com/bingbot.htm) Chrome/116.0.1938.76 Safari/537.36"
3.128.203.114 - - [13/Apr/2025:11:56:15 -0400] "GET /ad917/?path=%2Fhome%2F..%2F.%2Flib64%2Flibmvec.so.1 HTTP/1.1" 200 939 "-" "Mozilla/5.0 AppleWebKit/537.36 (KHTML, like Gecko; compatible; ClaudeBot/1.0; +claudebot@anthropic.com)"
52.167.144.137 - - [13/Apr/2025:11:56:16 -0400] "GET /detail107367640.shtml HTTP/1.1" 200 25447 "-" "Mozilla/5.0 AppleWebKit/537.36 (KHTML, like Gecko; compatible; bingbot/2.0; +http://www.bing.com/bingbot.htm) Chrome/116.0.1938.76 Safari/537.36"
3.128.203.114 - - [13/Apr/2025:11:56:18 -0400] "GET /ad917/?path=%2Fhome%2F..%2Flib64%2F.%2Flibc-2.28.so HTTP/1.1" 200 945 "-" "Mozilla/5.0 AppleWebKit/537.36 (KHTML, like Gecko; compatible; ClaudeBot/1.0; +claudebot@anthropic.com)"
52.167.144.137 - - [13/Apr/2025:11:56:19 -0400] "GET /entity100195666.shtml HTTP/1.1" 200 27472 "-" "Mozilla/5.0 AppleWebKit/537.36 (KHTML, like Gecko; compatible; bingbot/2.0; +http://www.bing.com/bingbot.htm) Chrome/116.0.1938.76 Safari/537.36"
3.128.203.114 - - [13/Apr/2025:11:56:21 -0400] "GET /ad917/?path=%2Fhome%2F..%2F.%2Flib64%2Flibcurses.so HTTP/1.1" 200 955 "-" "Mozilla/5.0 AppleWebKit/537.36 (KHTML, like Gecko; compatible; ClaudeBot/1.0; +claudebot@anthropic.com)"
52.167.144.137 - - [13/Apr/2025:11:56:21 -0400] "GET /products/celosia/9421046.shtml HTTP/1.1" 200 25465 "-" "Mozilla/5.0 AppleWebKit/537.36 (KHTML, like Gecko; compatible; bingbot/2.0; +http://www.bing.com/bingbot.htm) Chrome/116.0.1938.76 Safari/537.36"
3.128.203.114 - - [13/Apr/2025:11:56:24 -0400] "GET /ad917/?path=%2Fhome%2F..%2F.%2Flib64%2Flibnuma.so.1 HTTP/1.1" 200 940 "-" "Mozilla/5.0 AppleWebKit/537.36 (KHTML, like Gecko; compatible; ClaudeBot/1.0; +claudebot@anthropic.com)"
207.46.13.17 - - [13/Apr/2025:11:56:24 -0400] "GET /entity10385486.shtml HTTP/1.1" 200 25254 "-" "Mozilla/5.0 AppleWebKit/537.36 (KHTML, like Gecko; compatible; bingbot/2.0; +http://www.bing.com/bingbot.htm) Chrome/116.0.1938.76 Safari/537.36"
3.128.203.114 - - [13/Apr/2025:11:56:27 -0400] "GET /ad917/?path=%2Fhome%2F..%2F.%2Flib64%2Flibattr.so.1 HTTP/1.1" 200 940 "-" "Mozilla/5.0 AppleWebKit/537.36 (KHTML, like Gecko; compatible; ClaudeBot/1.0; +claudebot@anthropic.com)"
207.46.13.17 - - [13/Apr/2025:11:56:27 -0400] "GET /shopbrand/gueparde57126934.shtml HTTP/1.1" 200 29460 "-" "Mozilla/5.0 AppleWebKit/537.36 (KHTML, like Gecko; compatible; bingbot/2.0; +http://www.bing.com/bingbot.htm) Chrome/116.0.1938.76 Safari/537.36"
3.128.203.114 - - [13/Apr/2025:11:56:30 -0400] "GET /ad917/?path=%2Fhome%2F..%2F.%2Flib64%2Flibnpth.so.0 HTTP/1.1" 200 940 "-" "Mozilla/5.0 AppleWebKit/537.36 (KHTML, like Gecko; compatible; ClaudeBot/1.0; +claudebot@anthropic.com)"
207.46.13.17 - - [13/Apr/2025:11:56:30 -0400] "GET /special/singeing/120305200.shtml HTTP/1.1" 200 25662 "-" "Mozilla/5.0 AppleWebKit/537.36 (KHTML, like Gecko; compatible; bingbot/2.0; +http://www.bing.com/bingbot.htm) Chrome/116.0.1938.76 Safari/537.36"
3.128.203.114 - - [13/Apr/2025:11:56:33 -0400] "GET /ad917/?path=%2Fhome%2F..%2Flib64%2F.%2FlibXaw7.so.7 HTTP/1.1" 200 947 "-" "Mozilla/5.0 AppleWebKit/537.36 (KHTML, like Gecko; compatible; ClaudeBot/1.0; +claudebot@anthropic.com)"
207.46.13.17 - - [13/Apr/2025:11:56:33 -0400] "GET /info/32201232.shtml HTTP/1.1" 200 26422 "-" "Mozilla/5.0 AppleWebKit/537.36 (KHTML, like Gecko; compatible; bingbot/2.0; +http://www.bing.com/bingbot.htm) Chrome/116.0.1938.76 Safari/537.36"
3.128.203.114 - - [13/Apr/2025:11:56:36 -0400] "GET /ad917/?path=%2Fhome%2F..%2Flib64%2F.%2Flibidn2.so.0 HTTP/1.1" 200 944 "-" "Mozilla/5.0 AppleWebKit/537.36 (KHTML, like Gecko; compatible; ClaudeBot/1.0; +claudebot@anthropic.com)"
207.46.13.17 - - [13/Apr/2025:11:56:36 -0400] "GET /detail/preserve46087234.shtml HTTP/1.1" 200 26928 "-" "Mozilla/5.0 AppleWebKit/537.36 (KHTML, like Gecko; compatible; bingbot/2.0; +http://www.bing.com/bingbot.htm) Chrome/116.0.1938.76 Safari/537.36"
3.128.203.114 - - [13/Apr/2025:11:56:39 -0400] "GET /ad917/?path=%2Fhome%2F..%2Flib64%2F.%2Flibnpth.so.0 HTTP/1.1" 200 945 "-" "Mozilla/5.0 AppleWebKit/537.36 (KHTML, like Gecko; compatible; ClaudeBot/1.0; +claudebot@anthropic.com)"
207.46.13.17 - - [13/Apr/2025:11:56:39 -0400] "GET /special/cdq/deposer67322518.shtml HTTP/1.1" 200 28274 "-" "Mozilla/5.0 AppleWebKit/537.36 (KHTML, like Gecko; compatible; bingbot/2.0; +http://www.bing.com/bingbot.htm) Chrome/116.0.1938.76 Safari/537.36"
3.128.203.114 - - [13/Apr/2025:11:56:42 -0400] "GET /ad917/?path=%2Fhome%2F..%2Flib64%2F.%2Flibjasper.so HTTP/1.1" 200 945 "-" "Mozilla/5.0 AppleWebKit/537.36 (KHTML, like Gecko; compatible; ClaudeBot/1.0; +claudebot@anthropic.com)"
207.46.13.17 - - [13/Apr/2025:11:56:42 -0400] "GET /entity/peekaboo/10564932.shtml HTTP/1.1" 200 25184 "-" "Mozilla/5.0 AppleWebKit/537.36 (KHTML, like Gecko; compatible; bingbot/2.0; +http://www.bing.com/bingbot.htm) Chrome/116.0.1938.76 Safari/537.36"
3.128.203.114 - - [13/Apr/2025:11:56:45 -0400] "GET /ad917/?path=%2Fhome%2F..%2F.%2Flib64%2Fbind9-export HTTP/1.1" 200 1708 "-" "Mozilla/5.0 AppleWebKit/537.36 (KHTML, like Gecko; compatible; ClaudeBot/1.0; +claudebot@anthropic.com)"
207.46.13.17 - - [13/Apr/2025:11:56:45 -0400] "GET /items/arrogantness57762810.shtml HTTP/1.1" 200 25841 "-" "Mozilla/5.0 AppleWebKit/537.36 (KHTML, like Gecko; compatible; bingbot/2.0; +http://www.bing.com/bingbot.htm) Chrome/116.0.1938.76 Safari/537.36"
3.128.203.114 - - [13/Apr/2025:11:56:48 -0400] "GET /ad917/?path=%2Fhome%2F..%2F.%2Flib64%2Flibss.so.2.0 HTTP/1.1" 200 939 "-" "Mozilla/5.0 AppleWebKit/537.36 (KHTML, like Gecko; compatible; ClaudeBot/1.0; +claudebot@anthropic.com)"
66.249.77.42 - - [13/Apr/2025:11:56:48 -0400] "GET /entity/aw/coreus/68750834.shtml HTTP/1.1" 200 28964 "-" "Mozilla/5.0 (Linux; Android 6.0.1; Nexus 5X Build/MMB29P) AppleWebKit/537.36 (KHTML, like Gecko) Chrome/135.0.7049.52 Mobile Safari/537.36 (compatible; GoogleOther)"
207.46.13.17 - - [13/Apr/2025:11:56:49 -0400] "GET /info93305982.shtml HTTP/1.1" 200 28512 "-" "Mozilla/5.0 AppleWebKit/537.36 (KHTML, like Gecko; compatible; bingbot/2.0; +http://www.bing.com/bingbot.htm) Chrome/116.0.1938.76 Safari/537.36"
3.128.203.114 - - [13/Apr/2025:11:56:51 -0400] "GET /ad917/?path=%2Fhome%2F..%2F.%2Flib64%2Flibpmem.so.1 HTTP/1.1" 200 940 "-" "Mozilla/5.0 AppleWebKit/537.36 (KHTML, like Gecko; compatible; ClaudeBot/1.0; +claudebot@anthropic.com)"
207.46.13.17 - - [13/Apr/2025:11:56:51 -0400] "GET /entity/54131070.shtml HTTP/1.1" 200 27404 "-" "Mozilla/5.0 AppleWebKit/537.36 (KHTML, like Gecko; compatible; bingbot/2.0; +http://www.bing.com/bingbot.htm) Chrome/116.0.1938.76 Safari/537.36"
3.128.203.114 - - [13/Apr/2025:11:56:54 -0400] "GET /ad917/?path=%2Fhome%2F..%2F.%2Flib64%2FlibXext.so.6 HTTP/1.1" 200 942 "-" "Mozilla/5.0 AppleWebKit/537.36 (KHTML, like Gecko; compatible; ClaudeBot/1.0; +claudebot@anthropic.com)"
52.167.144.137 - - [13/Apr/2025:11:56:55 -0400] "GET /product9403968.shtml HTTP/1.1" 200 25689 "-" "Mozilla/5.0 AppleWebKit/537.36 (KHTML, like Gecko; compatible; bingbot/2.0; +http://www.bing.com/bingbot.htm) Chrome/116.0.1938.76 Safari/537.36"
3.128.203.114 - - [13/Apr/2025:11:56:57 -0400] "GET /ad917/?path=%2Fhome%2F..%2F.%2Flib64%2Flibcrypto.so HTTP/1.1" 200 940 "-" "Mozilla/5.0 AppleWebKit/537.36 (KHTML, like Gecko; compatible; ClaudeBot/1.0; +claudebot@anthropic.com)"
66.249.77.40 - - [13/Apr/2025:11:56:59 -0400] "GET /goodscode/t/diemyctylus/96550608.shtml HTTP/1.1" 200 26780 "-" "Mozilla/5.0 (Linux; Android 6.0.1; Nexus 5X Build/MMB29P) AppleWebKit/537.36 (KHTML, like Gecko) Chrome/135.0.7049.52 Mobile Safari/537.36 (compatible; GoogleOther)"
3.128.203.114 - - [13/Apr/2025:11:57:00 -0400] "GET /ad917/?path=%2Fhome%2F..%2Flib64%2F.%2Flibpcap.so.1 HTTP/1.1" 200 945 "-" "Mozilla/5.0 AppleWebKit/537.36 (KHTML, like Gecko; compatible; ClaudeBot/1.0; +claudebot@anthropic.com)"
52.167.144.186 - - [13/Apr/2025:11:57:00 -0400] "GET /product/subduer9407642.shtml HTTP/1.1" 200 26841 "-" "Mozilla/5.0 AppleWebKit/537.36 (KHTML, like Gecko; compatible; bingbot/2.0; +http://www.bing.com/bingbot.htm) Chrome/116.0.1938.76 Safari/537.36"
3.128.203.114 - - [13/Apr/2025:11:57:03 -0400] "GET /ad917/?path=%2Fhome%2F..%2F.%2Flib64%2Flibrepo.so.0 HTTP/1.1" 200 940 "-" "Mozilla/5.0 AppleWebKit/537.36 (KHTML, like Gecko; compatible; ClaudeBot/1.0; +claudebot@anthropic.com)"
66.249.77.40 - - [13/Apr/2025:11:57:03 -0400] "GET /shopping/821398.shtml HTTP/1.1" 200 24837 "-" "Mozilla/5.0 (Linux; Android 6.0.1; Nexus 5X Build/MMB29P) AppleWebKit/537.36 (KHTML, like Gecko) Chrome/135.0.7049.52 Mobile Safari/537.36 (compatible; Googlebot/2.1; +http://www.google.com/bot.html)"
207.46.13.17 - - [13/Apr/2025:11:57:05 -0400] "GET /shopping73021850.shtml HTTP/1.1" 200 26922 "-" "Mozilla/5.0 AppleWebKit/537.36 (KHTML, like Gecko; compatible; bingbot/2.0; +http://www.bing.com/bingbot.htm) Chrome/116.0.1938.76 Safari/537.36"
66.249.77.40 - - [13/Apr/2025:11:57:05 -0400] "GET /goods/18067052.shtml HTTP/1.1" 200 25659 "-" "Mozilla/5.0 (Linux; Android 6.0.1; Nexus 5X Build/MMB29P) AppleWebKit/537.36 (KHTML, like Gecko) Chrome/135.0.7049.52 Mobile Safari/537.36 (compatible; Googlebot/2.1; +http://www.google.com/bot.html)"
3.128.203.114 - - [13/Apr/2025:11:57:06 -0400] "GET /ad917/?path=%2Fhome%2F..%2Flib64%2F.%2Flibthai.so.0 HTTP/1.1" 200 945 "-" "Mozilla/5.0 AppleWebKit/537.36 (KHTML, like Gecko; compatible; ClaudeBot/1.0; +claudebot@anthropic.com)"
52.167.144.170 - - [13/Apr/2025:11:57:07 -0400] "GET /item/demeaning99676412.shtml HTTP/1.1" 200 28203 "-" "Mozilla/5.0 AppleWebKit/537.36 (KHTML, like Gecko; compatible; bingbot/2.0; +http://www.bing.com/bingbot.htm) Chrome/116.0.1938.76 Safari/537.36"
66.249.77.40 - - [13/Apr/2025:11:57:07 -0400] "GET /items/couture721118.shtml HTTP/1.1" 200 26400 "-" "Mozilla/5.0 (Linux; Android 6.0.1; Nexus 5X Build/MMB29P) AppleWebKit/537.36 (KHTML, like Gecko) Chrome/135.0.7049.52 Mobile Safari/537.36 (compatible; Googlebot/2.1; +http://www.google.com/bot.html)"
207.46.13.17 - - [13/Apr/2025:11:57:08 -0400] "GET /product/tk/pickling71347312.shtml HTTP/1.1" 200 28234 "-" "Mozilla/5.0 AppleWebKit/537.36 (KHTML, like Gecko; compatible; bingbot/2.0; +http://www.bing.com/bingbot.htm) Chrome/116.0.1938.76 Safari/537.36"
3.128.203.114 - - [13/Apr/2025:11:57:09 -0400] "GET /ad917/?path=%2Fhome%2F..%2F.%2Flib64%2Flibpcre.so.1 HTTP/1.1" 200 939 "-" "Mozilla/5.0 AppleWebKit/537.36 (KHTML, like Gecko; compatible; ClaudeBot/1.0; +claudebot@anthropic.com)"
66.249.77.40 - - [13/Apr/2025:11:57:10 -0400] "GET /info/jg/xanthogenic/96063220.shtml HTTP/1.1" 200 24746 "-" "Mozilla/5.0 (Linux; Android 6.0.1; Nexus 5X Build/MMB29P) AppleWebKit/537.36 (KHTML, like Gecko) Chrome/135.0.7049.52 Mobile Safari/537.36 (compatible; Googlebot/2.1; +http://www.google.com/bot.html)"
52.167.144.186 - - [13/Apr/2025:11:57:10 -0400] "GET /item/nw/aminomethane/399772.shtml HTTP/1.1" 200 26530 "-" "Mozilla/5.0 AppleWebKit/537.36 (KHTML, like Gecko; compatible; bingbot/2.0; +http://www.bing.com/bingbot.htm) Chrome/116.0.1938.76 Safari/537.36"
3.128.203.114 - - [13/Apr/2025:11:57:12 -0400] "GET /ad917/?path=%2Fhome%2F..%2F.%2Flib64%2Flibraw.so.19 HTTP/1.1" 200 940 "-" "Mozilla/5.0 AppleWebKit/537.36 (KHTML, like Gecko; compatible; ClaudeBot/1.0; +claudebot@anthropic.com)"
52.167.144.186 - - [13/Apr/2025:11:57:14 -0400] "GET /product53783498.shtml HTTP/1.1" 200 26609 "-" "Mozilla/5.0 AppleWebKit/537.36 (KHTML, like Gecko; compatible; bingbot/2.0; +http://www.bing.com/bingbot.htm) Chrome/116.0.1938.76 Safari/537.36"
66.249.77.40 - - [13/Apr/2025:11:57:15 -0400] "GET /goodscode/decked620404.shtml HTTP/1.1" 200 27310 "-" "Mozilla/5.0 (Linux; Android 6.0.1; Nexus 5X Build/MMB29P) AppleWebKit/537.36 (KHTML, like Gecko) Chrome/135.0.7049.52 Mobile Safari/537.36 (compatible; Googlebot/2.1; +http://www.google.com/bot.html)"
3.128.203.114 - - [13/Apr/2025:11:57:15 -0400] "GET /ad917/?path=%2Fhome%2F..%2F.%2Flib64%2Flibpcre32.so HTTP/1.1" 200 940 "-" "Mozilla/5.0 AppleWebKit/537.36 (KHTML, like Gecko; compatible; ClaudeBot/1.0; +claudebot@anthropic.com)"
66.249.77.40 - - [13/Apr/2025:11:57:15 -0400] "GET /shopping/pso/neoplastic/122108780.shtml HTTP/1.1" 200 25421 "-" "Mozilla/5.0 (Linux; Android 6.0.1; Nexus 5X Build/MMB29P) AppleWebKit/537.36 (KHTML, like Gecko) Chrome/135.0.7049.52 Mobile Safari/537.36 (compatible; GoogleOther)"
52.167.144.186 - - [13/Apr/2025:11:57:16 -0400] "GET /special/py/ HTTP/1.1" 200 26803 "-" "Mozilla/5.0 AppleWebKit/537.36 (KHTML, like Gecko; compatible; bingbot/2.0; +http://www.bing.com/bingbot.htm) Chrome/116.0.1938.76 Safari/537.36"
66.249.77.40 - - [13/Apr/2025:11:57:16 -0400] "GET /shopdetail/covenanter617164.shtml HTTP/1.1" 200 26062 "-" "Mozilla/5.0 (Linux; Android 6.0.1; Nexus 5X Build/MMB29P) AppleWebKit/537.36 (KHTML, like Gecko) Chrome/135.0.7049.52 Mobile Safari/537.36 (compatible; Googlebot/2.1; +http://www.google.com/bot.html)"
3.128.203.114 - - [13/Apr/2025:11:57:18 -0400] "GET /ad917/?path=%2Fhome%2F..%2F.%2Flib64%2Flibltdl.so.7 HTTP/1.1" 200 939 "-" "Mozilla/5.0 AppleWebKit/537.36 (KHTML, like Gecko; compatible; ClaudeBot/1.0; +claudebot@anthropic.com)"
66.249.77.40 - - [13/Apr/2025:11:57:18 -0400] "GET /product/lonestar620928.shtml HTTP/1.1" 200 25582 "-" "Mozilla/5.0 (Linux; Android 6.0.1; Nexus 5X Build/MMB29P) AppleWebKit/537.36 (KHTML, like Gecko) Chrome/135.0.7049.52 Mobile Safari/537.36 (compatible; Googlebot/2.1; +http://www.google.com/bot.html)"
3.128.203.114 - - [13/Apr/2025:11:57:21 -0400] "GET /ad917/?path=%2Fhome%2F..%2Flib64%2F.%2Flibudev.so.1 HTTP/1.1" 200 945 "-" "Mozilla/5.0 AppleWebKit/537.36 (KHTML, like Gecko; compatible; ClaudeBot/1.0; +claudebot@anthropic.com)"
207.46.13.17 - - [13/Apr/2025:11:57:21 -0400] "GET /product/jk/skyrocket97729564.shtml HTTP/1.1" 200 26353 "-" "Mozilla/5.0 AppleWebKit/537.36 (KHTML, like Gecko; compatible; bingbot/2.0; +http://www.bing.com/bingbot.htm) Chrome/116.0.1938.76 Safari/537.36"
66.249.77.40 - - [13/Apr/2025:11:57:21 -0400] "GET /special/17967458.shtml HTTP/1.1" 200 27728 "-" "Mozilla/5.0 (Linux; Android 6.0.1; Nexus 5X Build/MMB29P) AppleWebKit/537.36 (KHTML, like Gecko) Chrome/135.0.7049.52 Mobile Safari/537.36 (compatible; Googlebot/2.1; +http://www.google.com/bot.html)"
3.128.203.114 - - [13/Apr/2025:11:57:24 -0400] "GET /ad917/?path=%2Fhome%2F..%2F.%2Flib64%2Flibkmod.so.2 HTTP/1.1" 200 940 "-" "Mozilla/5.0 AppleWebKit/537.36 (KHTML, like Gecko; compatible; ClaudeBot/1.0; +claudebot@anthropic.com)"
52.167.144.186 - - [13/Apr/2025:11:57:25 -0400] "GET /product/81609066.shtml HTTP/1.1" 200 29037 "-" "Mozilla/5.0 AppleWebKit/537.36 (KHTML, like Gecko; compatible; bingbot/2.0; +http://www.bing.com/bingbot.htm) Chrome/116.0.1938.76 Safari/537.36"
52.167.144.186 - - [13/Apr/2025:11:57:28 -0400] "GET /shopdetail/tetrachords38905252.shtml HTTP/1.1" 200 26175 "-" "Mozilla/5.0 AppleWebKit/537.36 (KHTML, like Gecko; compatible; bingbot/2.0; +http://www.bing.com/bingbot.htm) Chrome/116.0.1938.76 Safari/537.36"
52.167.144.186 - - [13/Apr/2025:11:57:32 -0400] "GET /shopdetail33788428.shtml HTTP/1.1" 200 29058 "-" "Mozilla/5.0 AppleWebKit/537.36 (KHTML, like Gecko; compatible; bingbot/2.0; +http://www.bing.com/bingbot.htm) Chrome/116.0.1938.76 Safari/537.36"
52.167.144.137 - - [13/Apr/2025:11:57:35 -0400] "GET /goodscode/ruleless71480162.shtml HTTP/1.1" 200 27589 "-" "Mozilla/5.0 AppleWebKit/537.36 (KHTML, like Gecko; compatible; bingbot/2.0; +http://www.bing.com/bingbot.htm) Chrome/116.0.1938.76 Safari/537.36"
52.167.144.19 - - [13/Apr/2025:11:57:36 -0400] "GET /goodscode75670408.shtml HTTP/1.1" 200 27153 "-" "Mozilla/5.0 AppleWebKit/537.36 (KHTML, like Gecko; compatible; bingbot/2.0; +http://www.bing.com/bingbot.htm) Chrome/116.0.1938.76 Safari/537.36"
207.46.13.17 - - [13/Apr/2025:11:57:41 -0400] "GET /detail/62962834.shtml HTTP/1.1" 200 28127 "-" "Mozilla/5.0 AppleWebKit/537.36 (KHTML, like Gecko; compatible; bingbot/2.0; +http://www.bing.com/bingbot.htm) Chrome/116.0.1938.76 Safari/537.36"
52.167.144.19 - - [13/Apr/2025:11:57:49 -0400] "GET /items/ni/jeerer32359400.shtml HTTP/1.1" 200 29074 "-" "Mozilla/5.0 AppleWebKit/537.36 (KHTML, like Gecko; compatible; bingbot/2.0; +http://www.bing.com/bingbot.htm) Chrome/116.0.1938.76 Safari/537.36"
207.46.13.17 - - [13/Apr/2025:11:57:51 -0400] "GET /product5959174.shtml HTTP/1.1" 200 25986 "-" "Mozilla/5.0 AppleWebKit/537.36 (KHTML, like Gecko; compatible; bingbot/2.0; +http://www.bing.com/bingbot.htm) Chrome/116.0.1938.76 Safari/537.36"
207.46.13.17 - - [13/Apr/2025:11:57:53 -0400] "GET /items/e/folily20148282.shtml HTTP/1.1" 200 27269 "-" "Mozilla/5.0 AppleWebKit/537.36 (KHTML, like Gecko; compatible; bingbot/2.0; +http://www.bing.com/bingbot.htm) Chrome/116.0.1938.76 Safari/537.36"
207.46.13.17 - - [13/Apr/2025:11:57:56 -0400] "GET /info/gws/confessly/33919514.shtml HTTP/1.1" 200 28100 "-" "Mozilla/5.0 AppleWebKit/537.36 (KHTML, like Gecko; compatible; bingbot/2.0; +http://www.bing.com/bingbot.htm) Chrome/116.0.1938.76 Safari/537.36"
3.129.71.97 - - [13/Apr/2025:11:57:57 -0400] "GET /ad917/?path=%2Fhome%2F..%2F.%2Flib64%2FlibX11-xcb.so HTTP/1.1" 200 941 "-" "Mozilla/5.0 AppleWebKit/537.36 (KHTML, like Gecko; compatible; ClaudeBot/1.0; +claudebot@anthropic.com)"
207.46.13.17 - - [13/Apr/2025:11:57:59 -0400] "GET /goods/wpo/polarization111990542.shtml HTTP/1.1" 200 28554 "-" "Mozilla/5.0 AppleWebKit/537.36 (KHTML, like Gecko; compatible; bingbot/2.0; +http://www.bing.com/bingbot.htm) Chrome/116.0.1938.76 Safari/537.36"
3.129.71.97 - - [13/Apr/2025:11:58:00 -0400] "GET /ad917/?path=%2Fhome%2F..%2Flib64%2F.%2Flibjpeg.so.62 HTTP/1.1" 200 946 "-" "Mozilla/5.0 AppleWebKit/537.36 (KHTML, like Gecko; compatible; ClaudeBot/1.0; +claudebot@anthropic.com)"
52.167.144.19 - - [13/Apr/2025:11:58:00 -0400] "GET /products/vilipend2800408.shtml HTTP/1.1" 200 29427 "-" "Mozilla/5.0 AppleWebKit/537.36 (KHTML, like Gecko; compatible; bingbot/2.0; +http://www.bing.com/bingbot.htm) Chrome/116.0.1938.76 Safari/537.36"
207.46.13.17 - - [13/Apr/2025:11:58:02 -0400] "GET /products/8237774.shtml HTTP/1.1" 200 27074 "-" "Mozilla/5.0 AppleWebKit/537.36 (KHTML, like Gecko; compatible; bingbot/2.0; +http://www.bing.com/bingbot.htm) Chrome/116.0.1938.76 Safari/537.36"
3.129.71.97 - - [13/Apr/2025:11:58:03 -0400] "GET /ad917/?path=%2Fhome%2F..%2F.%2Flib64%2Flibirs.so.161 HTTP/1.1" 200 940 "-" "Mozilla/5.0 AppleWebKit/537.36 (KHTML, like Gecko; compatible; ClaudeBot/1.0; +claudebot@anthropic.com)"
207.46.13.168 - - [13/Apr/2025:11:58:03 -0400] "GET /goodscode8493686.shtml HTTP/1.1" 200 25441 "-" "Mozilla/5.0 AppleWebKit/537.36 (KHTML, like Gecko; compatible; bingbot/2.0; +http://www.bing.com/bingbot.htm) Chrome/116.0.1938.76 Safari/537.36"
207.46.13.17 - - [13/Apr/2025:11:58:05 -0400] "GET /items/ns/enigmatical41203492.shtml HTTP/1.1" 200 27785 "-" "Mozilla/5.0 AppleWebKit/537.36 (KHTML, like Gecko; compatible; bingbot/2.0; +http://www.bing.com/bingbot.htm) Chrome/116.0.1938.76 Safari/537.36"
66.249.77.40 - - [13/Apr/2025:11:58:05 -0400] "GET /products/workyday/1072154.shtml HTTP/1.1" 200 25409 "-" "Mozilla/5.0 (Linux; Android 6.0.1; Nexus 5X Build/MMB29P) AppleWebKit/537.36 (KHTML, like Gecko) Chrome/135.0.7049.52 Mobile Safari/537.36 (compatible; GoogleOther)"
3.129.71.97 - - [13/Apr/2025:11:58:06 -0400] "GET /ad917/?path=%2Fhome%2F..%2F.%2Flib64%2Flibtinfo.so.5 HTTP/1.1" 200 940 "-" "Mozilla/5.0 AppleWebKit/537.36 (KHTML, like Gecko; compatible; ClaudeBot/1.0; +claudebot@anthropic.com)"
207.46.13.17 - - [13/Apr/2025:11:58:08 -0400] "GET /shopping/33915500.shtml HTTP/1.1" 200 27964 "-" "Mozilla/5.0 AppleWebKit/537.36 (KHTML, like Gecko; compatible; bingbot/2.0; +http://www.bing.com/bingbot.htm) Chrome/116.0.1938.76 Safari/537.36"
3.129.71.97 - - [13/Apr/2025:11:58:09 -0400] "GET /ad917/?path=%2Fhome%2F..%2Flib64%2F.%2Flibpcre2-8.so HTTP/1.1" 200 946 "-" "Mozilla/5.0 AppleWebKit/537.36 (KHTML, like Gecko; compatible; ClaudeBot/1.0; +claudebot@anthropic.com)"
207.46.13.17 - - [13/Apr/2025:11:58:11 -0400] "GET /shopping107726152.shtml HTTP/1.1" 200 25590 "-" "Mozilla/5.0 AppleWebKit/537.36 (KHTML, like Gecko; compatible; bingbot/2.0; +http://www.bing.com/bingbot.htm) Chrome/116.0.1938.76 Safari/537.36"
3.129.71.97 - - [13/Apr/2025:11:58:12 -0400] "GET /ad917/?path=%2Fhome%2F..%2F.%2Flib64%2Flibkcapi.so.1 HTTP/1.1" 200 940 "-" "Mozilla/5.0 AppleWebKit/537.36 (KHTML, like Gecko; compatible; ClaudeBot/1.0; +claudebot@anthropic.com)"
207.46.13.17 - - [13/Apr/2025:11:58:14 -0400] "GET /info11418960.shtml HTTP/1.1" 200 26119 "-" "Mozilla/5.0 AppleWebKit/537.36 (KHTML, like Gecko; compatible; bingbot/2.0; +http://www.bing.com/bingbot.htm) Chrome/116.0.1938.76 Safari/537.36"
66.249.77.41 - - [13/Apr/2025:11:58:14 -0400] "GET /detail/mechani/60989234.shtml HTTP/1.1" 200 26755 "-" "Mozilla/5.0 (Linux; Android 6.0.1; Nexus 5X Build/MMB29P) AppleWebKit/537.36 (KHTML, like Gecko) Chrome/135.0.7049.52 Mobile Safari/537.36 (compatible; GoogleOther)"
3.129.71.97 - - [13/Apr/2025:11:58:15 -0400] "GET /ad917/?path=%2Fhome%2F..%2F.%2Flib64%2Flibapr-1.so.0 HTTP/1.1" 200 940 "-" "Mozilla/5.0 AppleWebKit/537.36 (KHTML, like Gecko; compatible; ClaudeBot/1.0; +claudebot@anthropic.com)"
207.46.13.17 - - [13/Apr/2025:11:58:17 -0400] "GET /goods/91011862.shtml HTTP/1.1" 200 25855 "-" "Mozilla/5.0 AppleWebKit/537.36 (KHTML, like Gecko; compatible; bingbot/2.0; +http://www.bing.com/bingbot.htm) Chrome/116.0.1938.76 Safari/537.36"
3.129.71.97 - - [13/Apr/2025:11:58:18 -0400] "GET /ad917/?path=%2Fhome%2F..%2F.%2Flib64%2Flibselinux.so HTTP/1.1" 200 938 "-" "Mozilla/5.0 AppleWebKit/537.36 (KHTML, like Gecko; compatible; ClaudeBot/1.0; +claudebot@anthropic.com)"
207.46.13.17 - - [13/Apr/2025:11:58:19 -0400] "GET /special66823894.shtml HTTP/1.1" 200 25964 "-" "Mozilla/5.0 AppleWebKit/537.36 (KHTML, like Gecko; compatible; bingbot/2.0; +http://www.bing.com/bingbot.htm) Chrome/116.0.1938.76 Safari/537.36"
3.129.71.97 - - [13/Apr/2025:11:58:21 -0400] "GET /ad917/?path=%2Fhome%2F..%2F.%2Flib64%2Flibaudit.so.1 HTTP/1.1" 200 940 "-" "Mozilla/5.0 AppleWebKit/537.36 (KHTML, like Gecko; compatible; ClaudeBot/1.0; +claudebot@anthropic.com)"
66.249.77.40 - - [13/Apr/2025:11:58:21 -0400] "GET /goodscode/unpoliteness/58797778.shtml HTTP/1.1" 200 26868 "-" "Mozilla/5.0 (Linux; Android 6.0.1; Nexus 5X Build/MMB29P) AppleWebKit/537.36 (KHTML, like Gecko) Chrome/135.0.7049.52 Mobile Safari/537.36 (compatible; GoogleOther)"
207.46.13.17 - - [13/Apr/2025:11:58:22 -0400] "GET /detail/unsheriff106282260.shtml HTTP/1.1" 200 27888 "-" "Mozilla/5.0 AppleWebKit/537.36 (KHTML, like Gecko; compatible; bingbot/2.0; +http://www.bing.com/bingbot.htm) Chrome/116.0.1938.76 Safari/537.36"
3.129.71.97 - - [13/Apr/2025:11:58:24 -0400] "GET /ad917/?path=%2Fhome%2F..%2Flib64%2F.%2Flibpcrecpp.so HTTP/1.1" 200 946 "-" "Mozilla/5.0 AppleWebKit/537.36 (KHTML, like Gecko; compatible; ClaudeBot/1.0; +claudebot@anthropic.com)"
207.46.13.17 - - [13/Apr/2025:11:58:25 -0400] "GET /product/49907756.shtml HTTP/1.1" 200 27758 "-" "Mozilla/5.0 AppleWebKit/537.36 (KHTML, like Gecko; compatible; bingbot/2.0; +http://www.bing.com/bingbot.htm) Chrome/116.0.1938.76 Safari/537.36"
3.129.71.97 - - [13/Apr/2025:11:58:27 -0400] "GET /ad917/?path=%2Fhome%2F..%2F.%2Flib64%2Flibip6tc.so.2 HTTP/1.1" 200 940 "-" "Mozilla/5.0 AppleWebKit/537.36 (KHTML, like Gecko; compatible; ClaudeBot/1.0; +claudebot@anthropic.com)"
52.167.144.170 - - [13/Apr/2025:11:58:27 -0400] "GET /products/monticle/52586818.shtml HTTP/1.1" 200 27537 "-" "Mozilla/5.0 AppleWebKit/537.36 (KHTML, like Gecko; compatible; bingbot/2.0; +http://www.bing.com/bingbot.htm) Chrome/116.0.1938.76 Safari/537.36"
207.46.13.17 - - [13/Apr/2025:11:58:28 -0400] "GET /info23804450.shtml HTTP/1.1" 200 28382 "-" "Mozilla/5.0 AppleWebKit/537.36 (KHTML, like Gecko; compatible; bingbot/2.0; +http://www.bing.com/bingbot.htm) Chrome/116.0.1938.76 Safari/537.36"
3.129.71.97 - - [13/Apr/2025:11:58:30 -0400] "GET /ad917/?path=%2Fhome%2F..%2F.%2Flib64%2Flibmariadbd.a HTTP/1.1" 200 940 "-" "Mozilla/5.0 AppleWebKit/537.36 (KHTML, like Gecko; compatible; ClaudeBot/1.0; +claudebot@anthropic.com)"
207.46.13.17 - - [13/Apr/2025:11:58:31 -0400] "GET /shopdetail/unframed11464198.shtml HTTP/1.1" 200 26750 "-" "Mozilla/5.0 AppleWebKit/537.36 (KHTML, like Gecko; compatible; bingbot/2.0; +http://www.bing.com/bingbot.htm) Chrome/116.0.1938.76 Safari/537.36"
3.129.71.97 - - [13/Apr/2025:11:58:33 -0400] "GET /ad917/?path=%2Fhome%2F..%2Flib64%2F.%2Flibexslt.so.0 HTTP/1.1" 200 946 "-" "Mozilla/5.0 AppleWebKit/537.36 (KHTML, like Gecko; compatible; ClaudeBot/1.0; +claudebot@anthropic.com)"
207.46.13.17 - - [13/Apr/2025:11:58:34 -0400] "GET /detail/sic/glycyrrhizimic/121928666.shtml HTTP/1.1" 200 28789 "-" "Mozilla/5.0 AppleWebKit/537.36 (KHTML, like Gecko; compatible; bingbot/2.0; +http://www.bing.com/bingbot.htm) Chrome/116.0.1938.76 Safari/537.36"
3.129.71.97 - - [13/Apr/2025:11:58:36 -0400] "GET /ad917/?path=%2Fhome%2F..%2F.%2Flib64%2Flibcursesw.so HTTP/1.1" 200 955 "-" "Mozilla/5.0 AppleWebKit/537.36 (KHTML, like Gecko; compatible; ClaudeBot/1.0; +claudebot@anthropic.com)"
207.46.13.17 - - [13/Apr/2025:11:58:37 -0400] "GET /info/68190906.shtml HTTP/1.1" 200 25440 "-" "Mozilla/5.0 AppleWebKit/537.36 (KHTML, like Gecko; compatible; bingbot/2.0; +http://www.bing.com/bingbot.htm) Chrome/116.0.1938.76 Safari/537.36"
66.249.77.40 - - [13/Apr/2025:11:58:37 -0400] "GET /goodscode/triole51762292.shtml HTTP/1.1" 200 26887 "-" "Mozilla/5.0 (Linux; Android 6.0.1; Nexus 5X Build/MMB29P) AppleWebKit/537.36 (KHTML, like Gecko) Chrome/135.0.7049.52 Mobile Safari/537.36 (compatible; GoogleOther)"
207.46.13.168 - - [13/Apr/2025:11:58:38 -0400] "GET /info/pm/branches76259988.shtml HTTP/1.1" 200 25381 "-" "Mozilla/5.0 AppleWebKit/537.36 (KHTML, like Gecko; compatible; bingbot/2.0; +http://www.bing.com/bingbot.htm) Chrome/116.0.1938.76 Safari/537.36"
3.129.71.97 - - [13/Apr/2025:11:58:39 -0400] "GET /ad917/?path=%2Fhome%2F..%2F.%2Flib64%2FlibGeoIP.so.1 HTTP/1.1" 200 941 "-" "Mozilla/5.0 AppleWebKit/537.36 (KHTML, like Gecko; compatible; ClaudeBot/1.0; +claudebot@anthropic.com)"
207.46.13.17 - - [13/Apr/2025:11:58:41 -0400] "GET /products/c/cerebrology/120304254.shtml HTTP/1.1" 200 26207 "-" "Mozilla/5.0 AppleWebKit/537.36 (KHTML, like Gecko; compatible; bingbot/2.0; +http://www.bing.com/bingbot.htm) Chrome/116.0.1938.76 Safari/537.36"
3.129.71.97 - - [13/Apr/2025:11:58:42 -0400] "GET /ad917/?path=%2Fhome%2F..%2Flib64%2F.%2Flibtirpc.so.3 HTTP/1.1" 200 946 "-" "Mozilla/5.0 AppleWebKit/537.36 (KHTML, like Gecko; compatible; ClaudeBot/1.0; +claudebot@anthropic.com)"
207.46.13.17 - - [13/Apr/2025:11:58:43 -0400] "GET /goods39906904.shtml HTTP/1.1" 200 27365 "-" "Mozilla/5.0 AppleWebKit/537.36 (KHTML, like Gecko; compatible; bingbot/2.0; +http://www.bing.com/bingbot.htm) Chrome/116.0.1938.76 Safari/537.36"
3.129.71.97 - - [13/Apr/2025:11:58:45 -0400] "GET /ad917/?path=%2Fhome%2F..%2Flib64%2F.%2Flibpaper.so.1 HTTP/1.1" 200 942 "-" "Mozilla/5.0 AppleWebKit/537.36 (KHTML, like Gecko; compatible; ClaudeBot/1.0; +claudebot@anthropic.com)"
52.167.144.137 - - [13/Apr/2025:11:58:47 -0400] "GET /special/dds/sextodecimos55563916.shtml HTTP/1.1" 200 28798 "-" "Mozilla/5.0 AppleWebKit/537.36 (KHTML, like Gecko; compatible; bingbot/2.0; +http://www.bing.com/bingbot.htm) Chrome/116.0.1938.76 Safari/537.36"
3.129.71.97 - - [13/Apr/2025:11:58:48 -0400] "GET /ad917/?path=%2Fhome%2F..%2Flib64%2F.%2Flibglapi.so.0 HTTP/1.1" 200 946 "-" "Mozilla/5.0 AppleWebKit/537.36 (KHTML, like Gecko; compatible; ClaudeBot/1.0; +claudebot@anthropic.com)"
3.129.71.97 - - [13/Apr/2025:11:58:51 -0400] "GET /ad917/?path=%2Fhome%2F..%2Flib64%2F.%2FlibGeoIP.so.1 HTTP/1.1" 200 948 "-" "Mozilla/5.0 AppleWebKit/537.36 (KHTML, like Gecko; compatible; ClaudeBot/1.0; +claudebot@anthropic.com)"
52.167.144.186 - - [13/Apr/2025:11:58:52 -0400] "GET /goodscode46941010.shtml HTTP/1.1" 200 25744 "-" "Mozilla/5.0 AppleWebKit/537.36 (KHTML, like Gecko; compatible; bingbot/2.0; +http://www.bing.com/bingbot.htm) Chrome/116.0.1938.76 Safari/537.36"
3.129.71.97 - - [13/Apr/2025:11:58:54 -0400] "GET /ad917/?path=%2Fhome%2F..%2Flib64%2F.%2Flibevdev.so.2 HTTP/1.1" 200 946 "-" "Mozilla/5.0 AppleWebKit/537.36 (KHTML, like Gecko; compatible; ClaudeBot/1.0; +claudebot@anthropic.com)"
66.249.77.40 - - [13/Apr/2025:11:58:54 -0400] "GET /products/concordat/79391508.shtml HTTP/1.1" 200 25636 "-" "Mozilla/5.0 (Linux; Android 6.0.1; Nexus 5X Build/MMB29P) AppleWebKit/537.36 (KHTML, like Gecko) Chrome/135.0.7049.52 Mobile Safari/537.36 (compatible; GoogleOther)"
52.167.144.186 - - [13/Apr/2025:11:58:54 -0400] "GET /product96738160.shtml HTTP/1.1" 200 25622 "-" "Mozilla/5.0 AppleWebKit/537.36 (KHTML, like Gecko; compatible; bingbot/2.0; +http://www.bing.com/bingbot.htm) Chrome/116.0.1938.76 Safari/537.36"
52.167.144.19 - - [13/Apr/2025:11:58:56 -0400] "GET /product13116746.shtml HTTP/1.1" 200 26048 "-" "Mozilla/5.0 AppleWebKit/537.36 (KHTML, like Gecko; compatible; bingbot/2.0; +http://www.bing.com/bingbot.htm) Chrome/116.0.1938.76 Safari/537.36"
3.129.71.97 - - [13/Apr/2025:11:58:57 -0400] "GET /ad917/?path=%2Fhome%2F..%2Flib64%2F.%2FlibodbcmyS.so HTTP/1.1" 200 950 "-" "Mozilla/5.0 AppleWebKit/537.36 (KHTML, like Gecko; compatible; ClaudeBot/1.0; +claudebot@anthropic.com)"
3.129.71.97 - - [13/Apr/2025:11:59:00 -0400] "GET /ad917/?path=%2Fhome%2F..%2F.%2Flib64%2Flibwebpmux.so HTTP/1.1" 200 941 "-" "Mozilla/5.0 AppleWebKit/537.36 (KHTML, like Gecko; compatible; ClaudeBot/1.0; +claudebot@anthropic.com)"
52.167.144.170 - - [13/Apr/2025:11:59:00 -0400] "GET /special3485978.shtml HTTP/1.1" 200 28459 "-" "Mozilla/5.0 AppleWebKit/537.36 (KHTML, like Gecko; compatible; bingbot/2.0; +http://www.bing.com/bingbot.htm) Chrome/116.0.1938.76 Safari/537.36"
207.46.13.17 - - [13/Apr/2025:11:59:02 -0400] "GET /goods7883900.shtml HTTP/1.1" 200 27128 "-" "Mozilla/5.0 AppleWebKit/537.36 (KHTML, like Gecko; compatible; bingbot/2.0; +http://www.bing.com/bingbot.htm) Chrome/116.0.1938.76 Safari/537.36"
3.129.71.97 - - [13/Apr/2025:11:59:03 -0400] "GET /ad917/?path=%2Fhome%2F..%2F.%2Flib64%2Flibfreebl3.so HTTP/1.1" 200 940 "-" "Mozilla/5.0 AppleWebKit/537.36 (KHTML, like Gecko; compatible; ClaudeBot/1.0; +claudebot@anthropic.com)"
3.129.71.97 - - [13/Apr/2025:11:59:06 -0400] "GET /ad917/?path=%2Fhome%2F..%2Flib64%2F.%2Flibcares.so.2 HTTP/1.1" 200 946 "-" "Mozilla/5.0 AppleWebKit/537.36 (KHTML, like Gecko; compatible; ClaudeBot/1.0; +claudebot@anthropic.com)"
3.129.71.97 - - [13/Apr/2025:11:59:09 -0400] "GET /ad917/?path=%2Fhome%2F..%2Flib64%2F.%2Flibpthread.so HTTP/1.1" 200 946 "-" "Mozilla/5.0 AppleWebKit/537.36 (KHTML, like Gecko; compatible; ClaudeBot/1.0; +claudebot@anthropic.com)"
66.249.77.42 - - [13/Apr/2025:11:59:10 -0400] "GET /shopdetail/121851156.shtml HTTP/1.1" 200 26817 "-" "Mozilla/5.0 (Linux; Android 6.0.1; Nexus 5X Build/MMB29P) AppleWebKit/537.36 (KHTML, like Gecko) Chrome/135.0.7049.84 Mobile Safari/537.36 (compatible; Googlebot/2.1; +http://www.google.com/bot.html)"
3.129.71.97 - - [13/Apr/2025:11:59:12 -0400] "GET /ad917/?path=%2Fhome%2F..%2F.%2Flib64%2Flibslang.so.2 HTTP/1.1" 200 938 "-" "Mozilla/5.0 AppleWebKit/537.36 (KHTML, like Gecko; compatible; ClaudeBot/1.0; +claudebot@anthropic.com)"
3.129.71.97 - - [13/Apr/2025:11:59:15 -0400] "GET /ad917/?path=%2Fhome%2F..%2F.%2Flib64%2Flibpcre2-8.so HTTP/1.1" 200 940 "-" "Mozilla/5.0 AppleWebKit/537.36 (KHTML, like Gecko; compatible; ClaudeBot/1.0; +claudebot@anthropic.com)"
3.129.71.97 - - [13/Apr/2025:11:59:18 -0400] "GET /ad917/?path=%2Fhome%2F..%2F.%2Flib64%2Flibmount.so.1 HTTP/1.1" 200 939 "-" "Mozilla/5.0 AppleWebKit/537.36 (KHTML, like Gecko; compatible; ClaudeBot/1.0; +claudebot@anthropic.com)"
52.167.144.186 - - [13/Apr/2025:11:59:20 -0400] "GET /info/herodii91009696.shtml HTTP/1.1" 200 25722 "-" "Mozilla/5.0 AppleWebKit/537.36 (KHTML, like Gecko; compatible; bingbot/2.0; +http://www.bing.com/bingbot.htm) Chrome/116.0.1938.76 Safari/537.36"
3.129.71.97 - - [13/Apr/2025:11:59:21 -0400] "GET /ad917/?path=%2Fhome%2F..%2F.%2Flib64%2Flibcom_err.so HTTP/1.1" 200 940 "-" "Mozilla/5.0 AppleWebKit/537.36 (KHTML, like Gecko; compatible; ClaudeBot/1.0; +claudebot@anthropic.com)"
3.129.71.97 - - [13/Apr/2025:11:59:24 -0400] "GET /ad917/?path=%2Fhome%2F..%2Flib64%2F.%2Flibpulse.so.0 HTTP/1.1" 200 946 "-" "Mozilla/5.0 AppleWebKit/537.36 (KHTML, like Gecko; compatible; ClaudeBot/1.0; +claudebot@anthropic.com)"
66.249.77.41 - - [13/Apr/2025:11:59:24 -0400] "GET /product/17864196.shtml HTTP/1.1" 200 27254 "-" "Mozilla/5.0 (Linux; Android 6.0.1; Nexus 5X Build/MMB29P) AppleWebKit/537.36 (KHTML, like Gecko) Chrome/135.0.7049.52 Mobile Safari/537.36 (compatible; Googlebot/2.1; +http://www.google.com/bot.html)"
3.129.71.97 - - [13/Apr/2025:11:59:27 -0400] "GET /ad917/?path=%2Fhome%2F..%2Flib64%2F.%2Flibcursesw.so HTTP/1.1" 200 958 "-" "Mozilla/5.0 AppleWebKit/537.36 (KHTML, like Gecko; compatible; ClaudeBot/1.0; +claudebot@anthropic.com)"
3.129.71.97 - - [13/Apr/2025:11:59:30 -0400] "GET /ad917/?path=%2Fhome%2F..%2F.%2Flib64%2Fgstreamer-1.0 HTTP/1.1" 200 4594 "-" "Mozilla/5.0 AppleWebKit/537.36 (KHTML, like Gecko; compatible; ClaudeBot/1.0; +claudebot@anthropic.com)"
207.46.13.126 - - [13/Apr/2025:11:59:30 -0400] "GET /shopping59675410.shtml HTTP/1.1" 200 26591 "-" "Mozilla/5.0 AppleWebKit/537.36 (KHTML, like Gecko; compatible; bingbot/2.0; +http://www.bing.com/bingbot.htm) Chrome/116.0.1938.76 Safari/537.36"
3.129.71.97 - - [13/Apr/2025:11:59:33 -0400] "GET /ad917/?path=%2Fhome%2F..%2Flib64%2F.%2Flibfstrm.so.0 HTTP/1.1" 200 946 "-" "Mozilla/5.0 AppleWebKit/537.36 (KHTML, like Gecko; compatible; ClaudeBot/1.0; +claudebot@anthropic.com)"
3.129.71.97 - - [13/Apr/2025:11:59:36 -0400] "GET /ad917/?path=%2Fhome%2F..%2Flib64%2F.%2Flibslang.so.2 HTTP/1.1" 200 946 "-" "Mozilla/5.0 AppleWebKit/537.36 (KHTML, like Gecko; compatible; ClaudeBot/1.0; +claudebot@anthropic.com)"
52.167.144.137 - - [13/Apr/2025:11:59:38 -0400] "GET /info/paratactic113018918.shtml HTTP/1.1" 200 26630 "-" "Mozilla/5.0 AppleWebKit/537.36 (KHTML, like Gecko; compatible; bingbot/2.0; +http://www.bing.com/bingbot.htm) Chrome/116.0.1938.76 Safari/537.36"
3.129.71.97 - - [13/Apr/2025:11:59:39 -0400] "GET /ad917/?path=%2Fhome%2F..%2Flib64%2F.%2Flibpython3.so HTTP/1.1" 200 947 "-" "Mozilla/5.0 AppleWebKit/537.36 (KHTML, like Gecko; compatible; ClaudeBot/1.0; +claudebot@anthropic.com)"
207.46.13.87 - - [13/Apr/2025:11:59:40 -0400] "GET /entity/dictature2763264.shtml HTTP/1.1" 200 28435 "-" "Mozilla/5.0 AppleWebKit/537.36 (KHTML, like Gecko; compatible; bingbot/2.0; +http://www.bing.com/bingbot.htm) Chrome/116.0.1938.76 Safari/537.36"
3.129.71.97 - - [13/Apr/2025:11:59:42 -0400] "GET /ad917/?path=%2Fhome%2F..%2Flib64%2F.%2Flibpq.so.5.13 HTTP/1.1" 200 946 "-" "Mozilla/5.0 AppleWebKit/537.36 (KHTML, like Gecko; compatible; ClaudeBot/1.0; +claudebot@anthropic.com)"
3.129.71.97 - - [13/Apr/2025:11:59:45 -0400] "GET /ad917/?path=%2Fhome%2F..%2Flib64%2F.%2Flibcrack.so.2 HTTP/1.1" 200 946 "-" "Mozilla/5.0 AppleWebKit/537.36 (KHTML, like Gecko; compatible; ClaudeBot/1.0; +claudebot@anthropic.com)"
3.129.71.97 - - [13/Apr/2025:11:59:48 -0400] "GET /ad917/?path=%2Fhome%2F..%2F.%2Flib64%2Flibtic.so.6.1 HTTP/1.1" 200 940 "-" "Mozilla/5.0 AppleWebKit/537.36 (KHTML, like Gecko; compatible; ClaudeBot/1.0; +claudebot@anthropic.com)"
3.129.71.97 - - [13/Apr/2025:11:59:51 -0400] "GET /ad917/?path=%2Fhome%2F..%2Flib64%2F.%2Flibmenuw.so.5 HTTP/1.1" 200 946 "-" "Mozilla/5.0 AppleWebKit/537.36 (KHTML, like Gecko; compatible; ClaudeBot/1.0; +claudebot@anthropic.com)"
3.129.71.97 - - [13/Apr/2025:11:59:55 -0400] "GET /ad917/?path=%2Fhome%2F..%2Flib64%2F.%2Flibdl-2.28.so HTTP/1.1" 200 946 "-" "Mozilla/5.0 AppleWebKit/537.36 (KHTML, like Gecko; compatible; ClaudeBot/1.0; +claudebot@anthropic.com)"
66.249.77.40 - - [13/Apr/2025:11:59:59 -0400] "GET /shopdetail/qyg/subway/47607046.shtml HTTP/1.1" 200 30057 "-" "Mozilla/5.0 (Linux; Android 6.0.1; Nexus 5X Build/MMB29P) AppleWebKit/537.36 (KHTML, like Gecko) Chrome/135.0.7049.52 Mobile Safari/537.36 (compatible; GoogleOther)"
207.46.13.126 - - [13/Apr/2025:12:00:01 -0400] "GET /product/osmometry9679756.shtml HTTP/1.1" 200 26079 "-" "Mozilla/5.0 AppleWebKit/537.36 (KHTML, like Gecko; compatible; bingbot/2.0; +http://www.bing.com/bingbot.htm) Chrome/116.0.1938.76 Safari/537.36"
66.249.77.40 - - [13/Apr/2025:12:00:04 -0400] "GET /shopdetail/touted/96555690.shtml HTTP/1.1" 200 27052 "-" "Mozilla/5.0 (Linux; Android 6.0.1; Nexus 5X Build/MMB29P) AppleWebKit/537.36 (KHTML, like Gecko) Chrome/135.0.7049.52 Mobile Safari/537.36 (compatible; GoogleOther)"
52.167.144.186 - - [13/Apr/2025:12:00:05 -0400] "GET /shopbrand/o/inutility114109762.shtml HTTP/1.1" 200 26874 "-" "Mozilla/5.0 AppleWebKit/537.36 (KHTML, like Gecko; compatible; bingbot/2.0; +http://www.bing.com/bingbot.htm) Chrome/116.0.1938.76 Safari/537.36"
52.167.144.137 - - [13/Apr/2025:12:00:11 -0400] "GET /product/pc/transmigrated7522972.shtml HTTP/1.1" 200 27663 "-" "Mozilla/5.0 AppleWebKit/537.36 (KHTML, like Gecko; compatible; bingbot/2.0; +http://www.bing.com/bingbot.htm) Chrome/116.0.1938.76 Safari/537.36"
66.249.77.40 - - [13/Apr/2025:12:00:12 -0400] "GET /shopdetail/g/hypothetic/101912958.shtml HTTP/1.1" 200 27366 "-" "Mozilla/5.0 (Linux; Android 6.0.1; Nexus 5X Build/MMB29P) AppleWebKit/537.36 (KHTML, like Gecko) Chrome/135.0.7049.52 Mobile Safari/537.36 (compatible; GoogleOther)"
66.249.77.40 - - [13/Apr/2025:12:00:16 -0400] "GET /shopdetail/chegre/79389992.shtml HTTP/1.1" 200 29055 "-" "Mozilla/5.0 (Linux; Android 6.0.1; Nexus 5X Build/MMB29P) AppleWebKit/537.36 (KHTML, like Gecko) Chrome/135.0.7049.52 Mobile Safari/537.36 (compatible; GoogleOther)"
52.167.144.19 - - [13/Apr/2025:12:00:22 -0400] "GET /info8481980.shtml HTTP/1.1" 200 25831 "-" "Mozilla/5.0 AppleWebKit/537.36 (KHTML, like Gecko; compatible; bingbot/2.0; +http://www.bing.com/bingbot.htm) Chrome/116.0.1938.76 Safari/537.36"
52.167.144.186 - - [13/Apr/2025:12:00:22 -0400] "GET /products/phc/ladderback93728728.shtml HTTP/1.1" 200 28122 "-" "Mozilla/5.0 AppleWebKit/537.36 (KHTML, like Gecko; compatible; bingbot/2.0; +http://www.bing.com/bingbot.htm) Chrome/116.0.1938.76 Safari/537.36"
3.145.26.35 - - [13/Apr/2025:12:00:22 -0400] "GET /ad917/?path=%2Fhome%2F..%2Fusr%2Finclude%2Fnl_types.h HTTP/1.1" 200 1814 "-" "Mozilla/5.0 AppleWebKit/537.36 (KHTML, like Gecko; compatible; ClaudeBot/1.0; +claudebot@anthropic.com)"
3.145.26.35 - - [13/Apr/2025:12:00:25 -0400] "GET /ad917/?path=%2Fhome%2F..%2Fusr%2Finclude%2Ffontconfig HTTP/1.1" 200 1558 "-" "Mozilla/5.0 AppleWebKit/537.36 (KHTML, like Gecko; compatible; ClaudeBot/1.0; +claudebot@anthropic.com)"
3.145.26.35 - - [13/Apr/2025:12:00:28 -0400] "GET /ad917/?path=%2Fhome%2F..%2Fusr%2Finclude%2Fbyteswap.h HTTP/1.1" 200 1556 "-" "Mozilla/5.0 AppleWebKit/537.36 (KHTML, like Gecko; compatible; ClaudeBot/1.0; +claudebot@anthropic.com)"
66.249.77.40 - - [13/Apr/2025:12:00:30 -0400] "GET /entity/acetophenetidin/1707494.shtml HTTP/1.1" 200 26134 "-" "Mozilla/5.0 (Linux; Android 6.0.1; Nexus 5X Build/MMB29P) AppleWebKit/537.36 (KHTML, like Gecko) Chrome/135.0.7049.52 Mobile Safari/537.36 (compatible; Googlebot/2.1; +http://www.google.com/bot.html)"
3.145.26.35 - - [13/Apr/2025:12:00:31 -0400] "GET /ad917/?path=%2Fhome%2F..%2Fusr%2Finclude%2Fpunycode.h HTTP/1.1" 200 4100 "-" "Mozilla/5.0 AppleWebKit/537.36 (KHTML, like Gecko; compatible; ClaudeBot/1.0; +claudebot@anthropic.com)"
66.249.77.40 - - [13/Apr/2025:12:00:32 -0400] "GET /shopdetail/dle/pentadecylacatechol5218412.shtml HTTP/1.1" 200 26255 "-" "Mozilla/5.0 (Linux; Android 6.0.1; Nexus 5X Build/MMB29P) AppleWebKit/537.36 (KHTML, like Gecko) Chrome/135.0.7049.52 Mobile Safari/537.36 (compatible; GoogleOther)"
66.249.77.40 - - [13/Apr/2025:12:00:33 -0400] "GET /shopdetail/strictest73695212.shtml HTTP/1.1" 200 26440 "-" "Mozilla/5.0 (Linux; Android 6.0.1; Nexus 5X Build/MMB29P) AppleWebKit/537.36 (KHTML, like Gecko) Chrome/135.0.7049.52 Mobile Safari/537.36 (compatible; GoogleOther)"
3.145.26.35 - - [13/Apr/2025:12:00:34 -0400] "GET /ad917/?path=%2Fhome%2F..%2Fusr%2Finclude%2Fgdfontmb.h HTTP/1.1" 200 1271 "-" "Mozilla/5.0 AppleWebKit/537.36 (KHTML, like Gecko; compatible; ClaudeBot/1.0; +claudebot@anthropic.com)"
3.145.26.35 - - [13/Apr/2025:12:00:37 -0400] "GET /ad917/?path=%2Fhome%2F..%2F.%2Flib64%2Flibverto.so.1 HTTP/1.1" 200 940 "-" "Mozilla/5.0 AppleWebKit/537.36 (KHTML, like Gecko; compatible; ClaudeBot/1.0; +claudebot@anthropic.com)"
66.249.77.40 - - [13/Apr/2025:12:00:40 -0400] "GET /shopdetail/vq/cactuses930868.shtml HTTP/1.1" 200 25692 "-" "Mozilla/5.0 (Linux; Android 6.0.1; Nexus 5X Build/MMB29P) AppleWebKit/537.36 (KHTML, like Gecko) Chrome/135.0.7049.52 Mobile Safari/537.36 (compatible; Googlebot/2.1; +http://www.google.com/bot.html)"
52.167.144.137 - - [13/Apr/2025:12:00:39 -0400] "GET /shopdetail/blether110752656.shtml HTTP/1.1" 200 28905 "-" "Mozilla/5.0 AppleWebKit/537.36 (KHTML, like Gecko; compatible; bingbot/2.0; +http://www.bing.com/bingbot.htm) Chrome/116.0.1938.76 Safari/537.36"
3.145.26.35 - - [13/Apr/2025:12:00:40 -0400] "GET /ad917/?path=%2Fhome%2F..%2Flib64%2F.%2Flibxcb-glx.so HTTP/1.1" 200 946 "-" "Mozilla/5.0 AppleWebKit/537.36 (KHTML, like Gecko; compatible; ClaudeBot/1.0; +claudebot@anthropic.com)"
207.46.13.87 - - [13/Apr/2025:12:00:41 -0400] "GET /detail85310042.shtml HTTP/1.1" 200 25546 "-" "Mozilla/5.0 AppleWebKit/537.36 (KHTML, like Gecko; compatible; bingbot/2.0; +http://www.bing.com/bingbot.htm) Chrome/116.0.1938.76 Safari/537.36"
3.145.26.35 - - [13/Apr/2025:12:00:43 -0400] "GET /ad917/?path=%2Fhome%2F..%2Flib64%2F.%2Flibapr-1.so.0 HTTP/1.1" 200 946 "-" "Mozilla/5.0 AppleWebKit/537.36 (KHTML, like Gecko; compatible; ClaudeBot/1.0; +claudebot@anthropic.com)"
52.167.144.186 - - [13/Apr/2025:12:00:43 -0400] "GET /special/fdi/ HTTP/1.1" 200 26061 "-" "Mozilla/5.0 AppleWebKit/537.36 (KHTML, like Gecko; compatible; bingbot/2.0; +http://www.bing.com/bingbot.htm) Chrome/116.0.1938.76 Safari/537.36"
66.249.77.40 - - [13/Apr/2025:12:00:45 -0400] "GET /info/disparage/4087754.shtml HTTP/1.1" 200 27364 "-" "Mozilla/5.0 (Linux; Android 6.0.1; Nexus 5X Build/MMB29P) AppleWebKit/537.36 (KHTML, like Gecko) Chrome/135.0.7049.52 Mobile Safari/537.36 (compatible; Googlebot/2.1; +http://www.google.com/bot.html)"
3.145.26.35 - - [13/Apr/2025:12:00:46 -0400] "GET /ad917/?path=%2Fhome%2F..%2Flib64%2F.%2Flibip6tc.so.2 HTTP/1.1" 200 946 "-" "Mozilla/5.0 AppleWebKit/537.36 (KHTML, like Gecko; compatible; ClaudeBot/1.0; +claudebot@anthropic.com)"
66.249.77.40 - - [13/Apr/2025:12:00:46 -0400] "GET /goods/17967684.shtml HTTP/1.1" 200 27237 "-" "Mozilla/5.0 (Linux; Android 6.0.1; Nexus 5X Build/MMB29P) AppleWebKit/537.36 (KHTML, like Gecko) Chrome/135.0.7049.52 Mobile Safari/537.36 (compatible; Googlebot/2.1; +http://www.google.com/bot.html)"
66.249.77.40 - - [13/Apr/2025:12:00:48 -0400] "GET /item/618974.shtml HTTP/1.1" 200 28176 "-" "Mozilla/5.0 (Linux; Android 6.0.1; Nexus 5X Build/MMB29P) AppleWebKit/537.36 (KHTML, like Gecko) Chrome/135.0.7049.52 Mobile Safari/537.36 (compatible; Googlebot/2.1; +http://www.google.com/bot.html)"
3.145.26.35 - - [13/Apr/2025:12:00:49 -0400] "GET /ad917/?path=%2Fhome%2F..%2Flib64%2F.%2Flibmpdec.so.3 HTTP/1.1" 200 945 "-" "Mozilla/5.0 AppleWebKit/537.36 (KHTML, like Gecko; compatible; ClaudeBot/1.0; +claudebot@anthropic.com)"
66.249.77.40 - - [13/Apr/2025:12:00:50 -0400] "GET /items/trise/10353652.shtml HTTP/1.1" 200 25536 "-" "Mozilla/5.0 (Linux; Android 6.0.1; Nexus 5X Build/MMB29P) AppleWebKit/537.36 (KHTML, like Gecko) Chrome/135.0.7049.52 Mobile Safari/537.36 (compatible; Googlebot/2.1; +http://www.google.com/bot.html)"
207.46.13.87 - - [13/Apr/2025:12:00:51 -0400] "GET /info/counteractive/83897516.shtml HTTP/1.1" 200 25121 "-" "Mozilla/5.0 AppleWebKit/537.36 (KHTML, like Gecko; compatible; bingbot/2.0; +http://www.bing.com/bingbot.htm) Chrome/116.0.1938.76 Safari/537.36"
52.167.144.137 - - [13/Apr/2025:12:00:52 -0400] "GET /detail/60009390.shtml HTTP/1.1" 200 29412 "-" "Mozilla/5.0 AppleWebKit/537.36 (KHTML, like Gecko; compatible; bingbot/2.0; +http://www.bing.com/bingbot.htm) Chrome/116.0.1938.76 Safari/537.36"
207.46.13.126 - - [13/Apr/2025:12:00:54 -0400] "GET /product/laciniae/18849260.shtml HTTP/1.1" 200 25967 "-" "Mozilla/5.0 AppleWebKit/537.36 (KHTML, like Gecko; compatible; bingbot/2.0; +http://www.bing.com/bingbot.htm) Chrome/116.0.1938.76 Safari/537.36"
66.249.77.40 - - [13/Apr/2025:12:00:54 -0400] "GET /items/2920760.shtml HTTP/1.1" 200 27320 "-" "Mozilla/5.0 (Linux; Android 6.0.1; Nexus 5X Build/MMB29P) AppleWebKit/537.36 (KHTML, like Gecko) Chrome/135.0.7049.52 Mobile Safari/537.36 (compatible; Googlebot/2.1; +http://www.google.com/bot.html)"
66.249.77.41 - - [13/Apr/2025:12:00:58 -0400] "GET /special/lisbon/121768142.shtml HTTP/1.1" 200 25170 "-" "Mozilla/5.0 (Linux; Android 6.0.1; Nexus 5X Build/MMB29P) AppleWebKit/537.36 (KHTML, like Gecko) Chrome/135.0.7049.52 Mobile Safari/537.36 (compatible; Googlebot/2.1; +http://www.google.com/bot.html)"
66.249.77.40 - - [13/Apr/2025:12:01:00 -0400] "GET /special/17962938.shtml HTTP/1.1" 200 25172 "-" "Mozilla/5.0 (Linux; Android 6.0.1; Nexus 5X Build/MMB29P) AppleWebKit/537.36 (KHTML, like Gecko) Chrome/135.0.7049.52 Mobile Safari/537.36 (compatible; Googlebot/2.1; +http://www.google.com/bot.html)"
52.167.144.137 - - [13/Apr/2025:12:01:00 -0400] "GET /product84148176.shtml HTTP/1.1" 200 27811 "-" "Mozilla/5.0 AppleWebKit/537.36 (KHTML, like Gecko; compatible; bingbot/2.0; +http://www.bing.com/bingbot.htm) Chrome/116.0.1938.76 Safari/537.36"
52.167.144.137 - - [13/Apr/2025:12:01:10 -0400] "GET /shopping50687746.shtml HTTP/1.1" 200 25904 "-" "Mozilla/5.0 AppleWebKit/537.36 (KHTML, like Gecko; compatible; bingbot/2.0; +http://www.bing.com/bingbot.htm) Chrome/116.0.1938.76 Safari/537.36"
198.54.116.86 - - [13/Apr/2025:12:01:15 -0400] "POST /wp-cron.php?doing_wp_cron=1744560075.2286190986633300781250 HTTP/1.1" 200 0 "-" "WordPress/6.7.2; https://servethepeopleinc.org"
120.71.59.24 - - [13/Apr/2025:12:01:14 -0400] "GET / HTTP/1.1" 200 32651 "http://servethepeopleinc.org" "Mozilla/5.0 (iPhone; CPU iPhone OS 13_2_3 like Mac OS X) AppleWebKit/605.1.15 (KHTML, like Gecko) Version/13.0.3 Mobile/15E148 Safari/604.1"
198.54.116.86 - - [13/Apr/2025:12:01:15 -0400] "POST /wp-admin/admin-ajax.php?action=async_litespeed&nonce=QZxgHNGJ6UB5PMkUmlDgphgBURPXfDpN&litespeed_type=imgoptm HTTP/1.1" 200 21 "-" "WordPress/6.7.2; https://servethepeopleinc.org"
18.223.203.125 - - [13/Apr/2025:12:01:18 -0400] "GET /robots.txt HTTP/1.1" 200 101 "-" "Mozilla/5.0 AppleWebKit/537.36 (KHTML, like Gecko; compatible; ClaudeBot/1.0; +claudebot@anthropic.com)"
18.223.203.125 - - [13/Apr/2025:12:01:19 -0400] "GET /ad917/?path=%2Fhome%2F..%2F.%2Flib64%2Flibgovernor.so HTTP/1.1" 200 944 "-" "Mozilla/5.0 AppleWebKit/537.36 (KHTML, like Gecko; compatible; ClaudeBot/1.0; +claudebot@anthropic.com)"
207.46.13.87 - - [13/Apr/2025:12:01:20 -0400] "GET /detail122387328.shtml HTTP/1.1" 200 24785 "-" "Mozilla/5.0 AppleWebKit/537.36 (KHTML, like Gecko; compatible; bingbot/2.0; +http://www.bing.com/bingbot.htm) Chrome/116.0.1938.76 Safari/537.36"
52.167.144.137 - - [13/Apr/2025:12:01:21 -0400] "GET /shopping/stamina106341648.shtml HTTP/1.1" 200 27053 "-" "Mozilla/5.0 AppleWebKit/537.36 (KHTML, like Gecko; compatible; bingbot/2.0; +http://www.bing.com/bingbot.htm) Chrome/116.0.1938.76 Safari/537.36"
18.223.203.125 - - [13/Apr/2025:12:01:22 -0400] "GET /ad917/?path=%2Fhome%2F..%2Flib64%2F.%2Flibcriu.so.1.0 HTTP/1.1" 200 941 "-" "Mozilla/5.0 AppleWebKit/537.36 (KHTML, like Gecko; compatible; ClaudeBot/1.0; +claudebot@anthropic.com)"
66.249.77.40 - - [13/Apr/2025:12:01:22 -0400] "GET /shopdetail/m/wiriness45705786.shtml HTTP/1.1" 200 27396 "-" "Mozilla/5.0 (Linux; Android 6.0.1; Nexus 5X Build/MMB29P) AppleWebKit/537.36 (KHTML, like Gecko) Chrome/135.0.7049.52 Mobile Safari/537.36 (compatible; GoogleOther)"
52.167.144.19 - - [13/Apr/2025:12:01:23 -0400] "GET /items/2417852.shtml HTTP/1.1" 200 26648 "-" "Mozilla/5.0 AppleWebKit/537.36 (KHTML, like Gecko; compatible; bingbot/2.0; +http://www.bing.com/bingbot.htm) Chrome/116.0.1938.76 Safari/537.36"
