13.58.180.140 - - [13/Apr/2025:09:53:51 -0400] "GET /ad917/?path=%2Fhome%2Fservlmvm%2F.%2Flscache%2Fa%2F..%2F8%2Fa%2F5 HTTP/1.1" 200 1536 "-" "Mozilla/5.0 AppleWebKit/537.36 (KHTML, like Gecko; compatible; ClaudeBot/1.0; +claudebot@anthropic.com)"
66.249.77.40 - - [13/Apr/2025:09:53:52 -0400] "GET /items/x/polyarchist48347712.shtml HTTP/1.1" 200 27988 "-" "Mozilla/5.0 (Linux; Android 6.0.1; Nexus 5X Build/MMB29P) AppleWebKit/537.36 (KHTML, like Gecko) Chrome/135.0.7049.52 Mobile Safari/537.36 (compatible; GoogleOther)"
13.58.180.140 - - [13/Apr/2025:09:53:54 -0400] "GET /ad917/?path=%2Fhome%2Fservlmvm%2F.%2Flscache%2Fe%2F..%2Ff%2Fe%2F. HTTP/1.1" 200 1484 "-" "Mozilla/5.0 AppleWebKit/537.36 (KHTML, like Gecko; compatible; ClaudeBot/1.0; +claudebot@anthropic.com)"
157.55.39.14 - - [13/Apr/2025:09:53:56 -0400] "GET /product/aa/defamatory5418062.shtml HTTP/1.1" 200 27241 "-" "Mozilla/5.0 AppleWebKit/537.36 (KHTML, like Gecko; compatible; bingbot/2.0; +http://www.bing.com/bingbot.htm) Chrome/116.0.1938.76 Safari/537.36"
13.58.180.140 - - [13/Apr/2025:09:53:57 -0400] "GET /ad917/?path=%2Fhome%2Fservlmvm%2F.%2Flscache%2F8%2F..%2F1%2F4%2Fc HTTP/1.1" 200 1569 "-" "Mozilla/5.0 AppleWebKit/537.36 (KHTML, like Gecko; compatible; ClaudeBot/1.0; +claudebot@anthropic.com)"
66.249.77.40 - - [13/Apr/2025:09:53:59 -0400] "GET /entity/cs/empeople24779370.shtml HTTP/1.1" 200 26670 "-" "Mozilla/5.0 (Linux; Android 6.0.1; Nexus 5X Build/MMB29P) AppleWebKit/537.36 (KHTML, like Gecko) Chrome/135.0.7049.52 Mobile Safari/537.36 (compatible; GoogleOther)"
13.58.180.140 - - [13/Apr/2025:09:54:00 -0400] "GET /ad917/?path=%2Fhome%2Fservlmvm%2F.%2Flscache%2Fc%2F5%2F..%2F4%2F9 HTTP/1.1" 200 1540 "-" "Mozilla/5.0 AppleWebKit/537.36 (KHTML, like Gecko; compatible; ClaudeBot/1.0; +claudebot@anthropic.com)"
40.77.167.154 - - [13/Apr/2025:09:54:00 -0400] "GET /shopbrand/121575158.shtml HTTP/1.1" 200 24882 "-" "Mozilla/5.0 AppleWebKit/537.36 (KHTML, like Gecko; compatible; bingbot/2.0; +http://www.bing.com/bingbot.htm) Chrome/116.0.1938.76 Safari/537.36"
13.58.180.140 - - [13/Apr/2025:09:54:03 -0400] "GET /ad917/?path=%2Fhome%2Fservlmvm%2F.%2Flscache%2F2%2F..%2F9%2Fa%2Fb HTTP/1.1" 200 1532 "-" "Mozilla/5.0 AppleWebKit/537.36 (KHTML, like Gecko; compatible; ClaudeBot/1.0; +claudebot@anthropic.com)"
66.249.77.42 - - [13/Apr/2025:09:54:08 -0400] "GET /goodscode/i/toadish/107485454.shtml HTTP/1.1" 200 27223 "-" "Mozilla/5.0 (Linux; Android 6.0.1; Nexus 5X Build/MMB29P) AppleWebKit/537.36 (KHTML, like Gecko) Chrome/135.0.7049.52 Mobile Safari/537.36 (compatible; GoogleOther)"
66.249.77.40 - - [13/Apr/2025:09:54:28 -0400] "GET /shopbrand/j/centime/54601072.shtml HTTP/1.1" 200 27112 "-" "Mozilla/5.0 (Linux; Android 6.0.1; Nexus 5X Build/MMB29P) AppleWebKit/537.36 (KHTML, like Gecko) Chrome/135.0.7049.52 Mobile Safari/537.36 (compatible; GoogleOther)"
66.249.77.40 - - [13/Apr/2025:09:54:29 -0400] "GET /shopping/ii/guggle/27465862.shtml HTTP/1.1" 200 25610 "-" "Mozilla/5.0 (Linux; Android 6.0.1; Nexus 5X Build/MMB29P) AppleWebKit/537.36 (KHTML, like Gecko) Chrome/135.0.7049.52 Mobile Safari/537.36 (compatible; GoogleOther)"
66.249.77.40 - - [13/Apr/2025:09:54:44 -0400] "GET /product/p/distract/18271592.shtml HTTP/1.1" 200 26194 "-" "Mozilla/5.0 (Linux; Android 6.0.1; Nexus 5X Build/MMB29P) AppleWebKit/537.36 (KHTML, like Gecko) Chrome/135.0.7049.52 Mobile Safari/537.36 (compatible; GoogleOther)"
52.167.144.186 - - [13/Apr/2025:09:54:45 -0400] "GET /entity2008334.shtml HTTP/1.1" 200 28237 "-" "Mozilla/5.0 AppleWebKit/537.36 (KHTML, like Gecko; compatible; bingbot/2.0; +http://www.bing.com/bingbot.htm) Chrome/116.0.1938.76 Safari/537.36"
52.167.144.186 - - [13/Apr/2025:09:54:50 -0400] "GET /product/102517968.shtml HTTP/1.1" 200 26153 "-" "Mozilla/5.0 AppleWebKit/537.36 (KHTML, like Gecko; compatible; bingbot/2.0; +http://www.bing.com/bingbot.htm) Chrome/116.0.1938.76 Safari/537.36"
66.249.77.40 - - [13/Apr/2025:09:55:01 -0400] "GET /special/b/intergraving/6305960.shtml HTTP/1.1" 200 27015 "-" "Mozilla/5.0 (Linux; Android 6.0.1; Nexus 5X Build/MMB29P) AppleWebKit/537.36 (KHTML, like Gecko) Chrome/135.0.7049.52 Mobile Safari/537.36 (compatible; GoogleOther)"
66.249.77.41 - - [13/Apr/2025:09:55:03 -0400] "GET /shopdetail/z/satureia/23662124.shtml HTTP/1.1" 200 26686 "-" "Mozilla/5.0 (Linux; Android 6.0.1; Nexus 5X Build/MMB29P) AppleWebKit/537.36 (KHTML, like Gecko) Chrome/135.0.7049.52 Mobile Safari/537.36 (compatible; GoogleOther)"
157.55.39.14 - - [13/Apr/2025:09:55:05 -0400] "GET /shopping11776342.shtml HTTP/1.1" 200 25310 "-" "Mozilla/5.0 AppleWebKit/537.36 (KHTML, like Gecko; compatible; bingbot/2.0; +http://www.bing.com/bingbot.htm) Chrome/116.0.1938.76 Safari/537.36"
40.77.167.154 - - [13/Apr/2025:09:55:10 -0400] "GET /special48780270.shtml HTTP/1.1" 200 27169 "-" "Mozilla/5.0 AppleWebKit/537.36 (KHTML, like Gecko; compatible; bingbot/2.0; +http://www.bing.com/bingbot.htm) Chrome/116.0.1938.76 Safari/537.36"
157.55.39.14 - - [13/Apr/2025:09:55:15 -0400] "GET /info93052660.shtml HTTP/1.1" 200 26431 "-" "Mozilla/5.0 AppleWebKit/537.36 (KHTML, like Gecko; compatible; bingbot/2.0; +http://www.bing.com/bingbot.htm) Chrome/116.0.1938.76 Safari/537.36"
66.249.77.40 - - [13/Apr/2025:09:55:18 -0400] "GET /goodscode/b/semiacidified/98180272.shtml HTTP/1.1" 200 28131 "-" "Mozilla/5.0 (Linux; Android 6.0.1; Nexus 5X Build/MMB29P) AppleWebKit/537.36 (KHTML, like Gecko) Chrome/135.0.7049.52 Mobile Safari/537.36 (compatible; GoogleOther)"
66.249.77.40 - - [13/Apr/2025:09:55:19 -0400] "GET /product28175344.shtml HTTP/1.1" 200 29161 "-" "Mozilla/5.0 (Linux; Android 6.0.1; Nexus 5X Build/MMB29P) AppleWebKit/537.36 (KHTML, like Gecko) Chrome/135.0.7049.52 Mobile Safari/537.36 (compatible; Googlebot/2.1; +http://www.google.com/bot.html)"
52.167.144.186 - - [13/Apr/2025:09:55:19 -0400] "GET /goods/540902.shtml HTTP/1.1" 200 25525 "-" "Mozilla/5.0 AppleWebKit/537.36 (KHTML, like Gecko; compatible; bingbot/2.0; +http://www.bing.com/bingbot.htm) Chrome/116.0.1938.76 Safari/537.36"
52.167.144.186 - - [13/Apr/2025:09:55:26 -0400] "GET /detail/olent/90293810.shtml HTTP/1.1" 200 28077 "-" "Mozilla/5.0 AppleWebKit/537.36 (KHTML, like Gecko; compatible; bingbot/2.0; +http://www.bing.com/bingbot.htm) Chrome/116.0.1938.76 Safari/537.36"
52.167.144.186 - - [13/Apr/2025:09:55:36 -0400] "GET /detail69869398.shtml HTTP/1.1" 200 28660 "-" "Mozilla/5.0 AppleWebKit/537.36 (KHTML, like Gecko; compatible; bingbot/2.0; +http://www.bing.com/bingbot.htm) Chrome/116.0.1938.76 Safari/537.36"
66.249.77.40 - - [13/Apr/2025:09:55:36 -0400] "GET /info/p/sacculoutricular/74451700.shtml HTTP/1.1" 200 28328 "-" "Mozilla/5.0 (Linux; Android 6.0.1; Nexus 5X Build/MMB29P) AppleWebKit/537.36 (KHTML, like Gecko) Chrome/135.0.7049.52 Mobile Safari/537.36 (compatible; GoogleOther)"
40.77.167.154 - - [13/Apr/2025:09:55:41 -0400] "GET /detail/scleriasis90613094.shtml HTTP/1.1" 200 27504 "-" "Mozilla/5.0 AppleWebKit/537.36 (KHTML, like Gecko; compatible; bingbot/2.0; +http://www.bing.com/bingbot.htm) Chrome/116.0.1938.76 Safari/537.36"
40.77.167.53 - - [13/Apr/2025:09:55:46 -0400] "GET /item/52905830.shtml HTTP/1.1" 200 27073 "-" "Mozilla/5.0 AppleWebKit/537.36 (KHTML, like Gecko; compatible; bingbot/2.0; +http://www.bing.com/bingbot.htm) Chrome/116.0.1938.76 Safari/537.36"
52.167.144.186 - - [13/Apr/2025:09:55:46 -0400] "GET /shopdetail/g/baring102352970.shtml HTTP/1.1" 200 28343 "-" "Mozilla/5.0 AppleWebKit/537.36 (KHTML, like Gecko; compatible; bingbot/2.0; +http://www.bing.com/bingbot.htm) Chrome/116.0.1938.76 Safari/537.36"
40.77.167.154 - - [13/Apr/2025:09:55:50 -0400] "GET /info8698494.shtml HTTP/1.1" 200 28117 "-" "Mozilla/5.0 AppleWebKit/537.36 (KHTML, like Gecko; compatible; bingbot/2.0; +http://www.bing.com/bingbot.htm) Chrome/116.0.1938.76 Safari/537.36"
66.249.77.40 - - [13/Apr/2025:09:55:54 -0400] "GET /info/laurentian/48353000.shtml HTTP/1.1" 200 25688 "-" "Mozilla/5.0 (Linux; Android 6.0.1; Nexus 5X Build/MMB29P) AppleWebKit/537.36 (KHTML, like Gecko) Chrome/135.0.7049.52 Mobile Safari/537.36 (compatible; GoogleOther)"
52.167.144.191 - - [13/Apr/2025:09:56:08 -0400] "GET /detail/82837436.shtml HTTP/1.1" 200 28689 "-" "Mozilla/5.0 AppleWebKit/537.36 (KHTML, like Gecko; compatible; bingbot/2.0; +http://www.bing.com/bingbot.htm) Chrome/116.0.1938.76 Safari/537.36"
52.167.144.191 - - [13/Apr/2025:09:56:13 -0400] "GET /product/astrognosy70081414.shtml HTTP/1.1" 200 26043 "-" "Mozilla/5.0 AppleWebKit/537.36 (KHTML, like Gecko; compatible; bingbot/2.0; +http://www.bing.com/bingbot.htm) Chrome/116.0.1938.76 Safari/537.36"
66.249.77.40 - - [13/Apr/2025:09:56:17 -0400] "GET /goodscode/hoodmanblind82442304.shtml HTTP/1.1" 200 25340 "-" "Mozilla/5.0 (Linux; Android 6.0.1; Nexus 5X Build/MMB29P) AppleWebKit/537.36 (KHTML, like Gecko) Chrome/135.0.7049.52 Mobile Safari/537.36 (compatible; GoogleOther)"
3.22.208.99 - - [13/Apr/2025:09:56:18 -0400] "GET /ad917/?path=%2Fhome%2Fservlmvm%2F.%2Flscache%2F9%2F..%2Fc%2F0%2F6 HTTP/1.1" 200 1569 "-" "Mozilla/5.0 AppleWebKit/537.36 (KHTML, like Gecko; compatible; ClaudeBot/1.0; +claudebot@anthropic.com)"
52.167.144.186 - - [13/Apr/2025:09:56:18 -0400] "GET /info32959526.shtml HTTP/1.1" 200 27472 "-" "Mozilla/5.0 AppleWebKit/537.36 (KHTML, like Gecko; compatible; bingbot/2.0; +http://www.bing.com/bingbot.htm) Chrome/116.0.1938.76 Safari/537.36"
66.249.77.40 - - [13/Apr/2025:09:56:19 -0400] "GET /entity/dks/fahrenheit/48352348.shtml HTTP/1.1" 200 25612 "-" "Mozilla/5.0 (Linux; Android 6.0.1; Nexus 5X Build/MMB29P) AppleWebKit/537.36 (KHTML, like Gecko) Chrome/135.0.7049.52 Mobile Safari/537.36 (compatible; GoogleOther)"
3.22.208.99 - - [13/Apr/2025:09:56:21 -0400] "GET /ad917/?path=%2Fhome%2Fservlmvm%2F.%2Flscache%2Fe%2F..%2Fe%2F0%2Fe HTTP/1.1" 200 1565 "-" "Mozilla/5.0 AppleWebKit/537.36 (KHTML, like Gecko; compatible; ClaudeBot/1.0; +claudebot@anthropic.com)"
52.167.144.191 - - [13/Apr/2025:09:56:23 -0400] "GET /products56647248.shtml HTTP/1.1" 200 24796 "-" "Mozilla/5.0 AppleWebKit/537.36 (KHTML, like Gecko; compatible; bingbot/2.0; +http://www.bing.com/bingbot.htm) Chrome/116.0.1938.76 Safari/537.36"
157.55.39.52 - - [13/Apr/2025:09:56:23 -0400] "GET /info51900760.shtml HTTP/1.1" 200 26133 "-" "Mozilla/5.0 AppleWebKit/537.36 (KHTML, like Gecko; compatible; bingbot/2.0; +http://www.bing.com/bingbot.htm) Chrome/116.0.1938.76 Safari/537.36"
3.22.208.99 - - [13/Apr/2025:09:56:24 -0400] "GET /ad917/?path=%2Fhome%2Fservlmvm%2F.%2Flscache%2Fe%2F..%2Fe%2F0%2Fc HTTP/1.1" 200 1531 "-" "Mozilla/5.0 AppleWebKit/537.36 (KHTML, like Gecko; compatible; ClaudeBot/1.0; +claudebot@anthropic.com)"
3.22.208.99 - - [13/Apr/2025:09:56:27 -0400] "GET /ad917/?path=%2Fhome%2Fservlmvm%2F.%2Flscache%2F8%2F..%2F2%2F1%2F. HTTP/1.1" 200 1536 "-" "Mozilla/5.0 AppleWebKit/537.36 (KHTML, like Gecko; compatible; ClaudeBot/1.0; +claudebot@anthropic.com)"
157.55.39.14 - - [13/Apr/2025:09:56:27 -0400] "GET /shopping/homomorphous57813382.shtml HTTP/1.1" 200 25091 "-" "Mozilla/5.0 AppleWebKit/537.36 (KHTML, like Gecko; compatible; bingbot/2.0; +http://www.bing.com/bingbot.htm) Chrome/116.0.1938.76 Safari/537.36"
52.167.144.142 - - [13/Apr/2025:09:56:28 -0400] "GET /special76148750.shtml HTTP/1.1" 200 28692 "-" "Mozilla/5.0 AppleWebKit/537.36 (KHTML, like Gecko; compatible; bingbot/2.0; +http://www.bing.com/bingbot.htm) Chrome/116.0.1938.76 Safari/537.36"
66.249.77.41 - - [13/Apr/2025:09:56:29 -0400] "GET /products/t/cisco105695096.shtml HTTP/1.1" 200 28694 "-" "Mozilla/5.0 (Linux; Android 6.0.1; Nexus 5X Build/MMB29P) AppleWebKit/537.36 (KHTML, like Gecko) Chrome/135.0.7049.52 Mobile Safari/537.36 (compatible; GoogleOther)"
3.22.208.99 - - [13/Apr/2025:09:56:30 -0400] "GET /ad917/?path=%2Fhome%2Fservlmvm%2F.%2Flscache%2Fa%2F..%2Fd%2F5%2F7 HTTP/1.1" 200 1532 "-" "Mozilla/5.0 AppleWebKit/537.36 (KHTML, like Gecko; compatible; ClaudeBot/1.0; +claudebot@anthropic.com)"
52.167.144.191 - - [13/Apr/2025:09:56:33 -0400] "GET /detail/federalism4162746.shtml HTTP/1.1" 200 26725 "-" "Mozilla/5.0 AppleWebKit/537.36 (KHTML, like Gecko; compatible; bingbot/2.0; +http://www.bing.com/bingbot.htm) Chrome/116.0.1938.76 Safari/537.36"
52.167.144.186 - - [13/Apr/2025:09:56:38 -0400] "GET /info/fiberscope/94267214.shtml HTTP/1.1" 200 27710 "-" "Mozilla/5.0 AppleWebKit/537.36 (KHTML, like Gecko; compatible; bingbot/2.0; +http://www.bing.com/bingbot.htm) Chrome/116.0.1938.76 Safari/537.36"
66.249.77.40 - - [13/Apr/2025:09:56:46 -0400] "GET /item/fak/manganite/48351404.shtml HTTP/1.1" 200 28278 "-" "Mozilla/5.0 (Linux; Android 6.0.1; Nexus 5X Build/MMB29P) AppleWebKit/537.36 (KHTML, like Gecko) Chrome/135.0.7049.52 Mobile Safari/537.36 (compatible; GoogleOther)"
52.167.144.191 - - [13/Apr/2025:09:56:47 -0400] "GET /info/37862160.shtml HTTP/1.1" 200 27397 "-" "Mozilla/5.0 AppleWebKit/537.36 (KHTML, like Gecko; compatible; bingbot/2.0; +http://www.bing.com/bingbot.htm) Chrome/116.0.1938.76 Safari/537.36"
52.167.144.142 - - [13/Apr/2025:09:56:54 -0400] "GET /info/76463226.shtml HTTP/1.1" 200 29307 "-" "Mozilla/5.0 AppleWebKit/537.36 (KHTML, like Gecko; compatible; bingbot/2.0; +http://www.bing.com/bingbot.htm) Chrome/116.0.1938.76 Safari/537.36"
66.249.77.40 - - [13/Apr/2025:09:57:04 -0400] "GET /entity/j/myliobatis/105695704.shtml HTTP/1.1" 200 27468 "-" "Mozilla/5.0 (Linux; Android 6.0.1; Nexus 5X Build/MMB29P) AppleWebKit/537.36 (KHTML, like Gecko) Chrome/135.0.7049.52 Mobile Safari/537.36 (compatible; GoogleOther)"
52.167.144.191 - - [13/Apr/2025:09:57:10 -0400] "GET /product/intumescing/17784144.shtml HTTP/1.1" 200 26350 "-" "Mozilla/5.0 AppleWebKit/537.36 (KHTML, like Gecko; compatible; bingbot/2.0; +http://www.bing.com/bingbot.htm) Chrome/116.0.1938.76 Safari/537.36"
52.167.144.142 - - [13/Apr/2025:09:57:14 -0400] "GET /info76370846.shtml HTTP/1.1" 200 26960 "-" "Mozilla/5.0 AppleWebKit/537.36 (KHTML, like Gecko; compatible; bingbot/2.0; +http://www.bing.com/bingbot.htm) Chrome/116.0.1938.76 Safari/537.36"
157.55.39.14 - - [13/Apr/2025:09:57:15 -0400] "GET /shopping/nymphalidi/93270218.shtml HTTP/1.1" 200 26398 "-" "Mozilla/5.0 AppleWebKit/537.36 (KHTML, like Gecko; compatible; bingbot/2.0; +http://www.bing.com/bingbot.htm) Chrome/116.0.1938.76 Safari/537.36"
52.167.144.142 - - [13/Apr/2025:09:57:19 -0400] "GET /product/32351420.shtml HTTP/1.1" 200 27345 "-" "Mozilla/5.0 AppleWebKit/537.36 (KHTML, like Gecko; compatible; bingbot/2.0; +http://www.bing.com/bingbot.htm) Chrome/116.0.1938.76 Safari/537.36"
66.249.77.40 - - [13/Apr/2025:09:57:21 -0400] "GET /info/x/ginkgoales/24497356.shtml HTTP/1.1" 200 29026 "-" "Mozilla/5.0 (Linux; Android 6.0.1; Nexus 5X Build/MMB29P) AppleWebKit/537.36 (KHTML, like Gecko) Chrome/135.0.7049.52 Mobile Safari/537.36 (compatible; GoogleOther)"
157.55.39.14 - - [13/Apr/2025:09:57:35 -0400] "GET /goods7982264.shtml HTTP/1.1" 200 27875 "-" "Mozilla/5.0 AppleWebKit/537.36 (KHTML, like Gecko; compatible; bingbot/2.0; +http://www.bing.com/bingbot.htm) Chrome/116.0.1938.76 Safari/537.36"
66.249.77.40 - - [13/Apr/2025:09:57:39 -0400] "GET /shopbrand/x/improver/60485372.shtml HTTP/1.1" 200 27753 "-" "Mozilla/5.0 (Linux; Android 6.0.1; Nexus 5X Build/MMB29P) AppleWebKit/537.36 (KHTML, like Gecko) Chrome/135.0.7049.52 Mobile Safari/537.36 (compatible; GoogleOther)"
52.167.144.186 - - [13/Apr/2025:09:57:39 -0400] "GET /products90628486.shtml HTTP/1.1" 200 25389 "-" "Mozilla/5.0 AppleWebKit/537.36 (KHTML, like Gecko; compatible; bingbot/2.0; +http://www.bing.com/bingbot.htm) Chrome/116.0.1938.76 Safari/537.36"
66.249.77.40 - - [13/Apr/2025:09:57:44 -0400] "GET /goods/d/disagreeance/2054888.shtml HTTP/1.1" 200 27010 "-" "Mozilla/5.0 (Linux; Android 6.0.1; Nexus 5X Build/MMB29P) AppleWebKit/537.36 (KHTML, like Gecko) Chrome/135.0.7049.52 Mobile Safari/537.36 (compatible; Googlebot/2.1; +http://www.google.com/bot.html)"
52.167.144.191 - - [13/Apr/2025:09:57:47 -0400] "GET /products93601394.shtml HTTP/1.1" 200 27506 "-" "Mozilla/5.0 AppleWebKit/537.36 (KHTML, like Gecko; compatible; bingbot/2.0; +http://www.bing.com/bingbot.htm) Chrome/116.0.1938.76 Safari/537.36"
52.167.144.186 - - [13/Apr/2025:09:57:56 -0400] "GET /goodscode/11237042.shtml HTTP/1.1" 200 25445 "-" "Mozilla/5.0 AppleWebKit/537.36 (KHTML, like Gecko; compatible; bingbot/2.0; +http://www.bing.com/bingbot.htm) Chrome/116.0.1938.76 Safari/537.36"
157.55.39.52 - - [13/Apr/2025:09:57:56 -0400] "GET /shopping/2547148.shtml HTTP/1.1" 200 28071 "-" "Mozilla/5.0 AppleWebKit/537.36 (KHTML, like Gecko; compatible; bingbot/2.0; +http://www.bing.com/bingbot.htm) Chrome/116.0.1938.76 Safari/537.36"
66.249.77.40 - - [13/Apr/2025:09:57:56 -0400] "GET /goodscode/eei/scaur/60996710.shtml HTTP/1.1" 200 28060 "-" "Mozilla/5.0 (Linux; Android 6.0.1; Nexus 5X Build/MMB29P) AppleWebKit/537.36 (KHTML, like Gecko) Chrome/135.0.7049.52 Mobile Safari/537.36 (compatible; GoogleOther)"
52.167.144.191 - - [13/Apr/2025:09:58:00 -0400] "GET /items22029840.shtml HTTP/1.1" 200 29016 "-" "Mozilla/5.0 AppleWebKit/537.36 (KHTML, like Gecko; compatible; bingbot/2.0; +http://www.bing.com/bingbot.htm) Chrome/116.0.1938.76 Safari/537.36"
52.167.144.142 - - [13/Apr/2025:09:58:05 -0400] "GET /special50445780.shtml HTTP/1.1" 200 26831 "-" "Mozilla/5.0 AppleWebKit/537.36 (KHTML, like Gecko; compatible; bingbot/2.0; +http://www.bing.com/bingbot.htm) Chrome/116.0.1938.76 Safari/537.36"
52.167.144.191 - - [13/Apr/2025:09:58:08 -0400] "GET /entity/ui/corpse37062878.shtml HTTP/1.1" 200 25395 "-" "Mozilla/5.0 AppleWebKit/537.36 (KHTML, like Gecko; compatible; bingbot/2.0; +http://www.bing.com/bingbot.htm) Chrome/116.0.1938.76 Safari/537.36"
66.249.77.42 - - [13/Apr/2025:09:58:15 -0400] "GET /shopbrand/e/disparting/42763522.shtml HTTP/1.1" 200 28072 "-" "Mozilla/5.0 (Linux; Android 6.0.1; Nexus 5X Build/MMB29P) AppleWebKit/537.36 (KHTML, like Gecko) Chrome/135.0.7049.52 Mobile Safari/537.36 (compatible; GoogleOther)"
52.167.144.142 - - [13/Apr/2025:09:58:26 -0400] "GET /info58132636.shtml HTTP/1.1" 200 25895 "-" "Mozilla/5.0 AppleWebKit/537.36 (KHTML, like Gecko; compatible; bingbot/2.0; +http://www.bing.com/bingbot.htm) Chrome/116.0.1938.76 Safari/537.36"
52.167.144.191 - - [13/Apr/2025:09:58:29 -0400] "GET /product63438392.shtml HTTP/1.1" 200 28507 "-" "Mozilla/5.0 AppleWebKit/537.36 (KHTML, like Gecko; compatible; bingbot/2.0; +http://www.bing.com/bingbot.htm) Chrome/116.0.1938.76 Safari/537.36"
66.249.77.40 - - [13/Apr/2025:09:58:31 -0400] "GET /shopbrand/p/wearier125448100.shtml HTTP/1.1" 200 26163 "-" "Mozilla/5.0 (Linux; Android 6.0.1; Nexus 5X Build/MMB29P) AppleWebKit/537.36 (KHTML, like Gecko) Chrome/135.0.7049.52 Mobile Safari/537.36 (compatible; GoogleOther)"
52.167.144.142 - - [13/Apr/2025:09:58:36 -0400] "GET /shopdetail/visit93854812.shtml HTTP/1.1" 200 27644 "-" "Mozilla/5.0 AppleWebKit/537.36 (KHTML, like Gecko; compatible; bingbot/2.0; +http://www.bing.com/bingbot.htm) Chrome/116.0.1938.76 Safari/537.36"
52.167.144.191 - - [13/Apr/2025:09:58:37 -0400] "GET /products77354440.shtml HTTP/1.1" 200 27273 "-" "Mozilla/5.0 AppleWebKit/537.36 (KHTML, like Gecko; compatible; bingbot/2.0; +http://www.bing.com/bingbot.htm) Chrome/116.0.1938.76 Safari/537.36"
198.54.116.86 - - [13/Apr/2025:09:58:40 -0400] "POST /wp-cron.php?doing_wp_cron=1744552720.8198099136352539062500 HTTP/1.1" 200 0 "-" "WordPress/6.7.2; https://servethepeopleinc.org"
49.51.73.183 - - [13/Apr/2025:09:58:40 -0400] "GET / HTTP/1.1" 200 32650 "http://servethepeopleinc.org" "Mozilla/5.0 (iPhone; CPU iPhone OS 13_2_3 like Mac OS X) AppleWebKit/605.1.15 (KHTML, like Gecko) Version/13.0.3 Mobile/15E148 Safari/604.1"
198.54.116.86 - - [13/Apr/2025:09:58:41 -0400] "POST /wp-admin/admin-ajax.php?action=async_litespeed&nonce=fYjYTpAYr17VMsLKkvL83pTudsQbmK2E&litespeed_type=imgoptm HTTP/1.1" 200 21 "-" "WordPress/6.7.2; https://servethepeopleinc.org"
40.77.167.53 - - [13/Apr/2025:09:58:45 -0400] "GET /shopping/115799418.shtml HTTP/1.1" 200 26543 "-" "Mozilla/5.0 AppleWebKit/537.36 (KHTML, like Gecko; compatible; bingbot/2.0; +http://www.bing.com/bingbot.htm) Chrome/116.0.1938.76 Safari/537.36"
52.167.144.186 - - [13/Apr/2025:09:58:46 -0400] "GET /shopping/yg/isolating21576366.shtml HTTP/1.1" 200 25982 "-" "Mozilla/5.0 AppleWebKit/537.36 (KHTML, like Gecko; compatible; bingbot/2.0; +http://www.bing.com/bingbot.htm) Chrome/116.0.1938.76 Safari/537.36"
3.145.149.120 - - [13/Apr/2025:09:58:46 -0400] "GET /robots.txt HTTP/1.1" 200 101 "-" "Mozilla/5.0 AppleWebKit/537.36 (KHTML, like Gecko; compatible; ClaudeBot/1.0; +claudebot@anthropic.com)"
3.145.149.120 - - [13/Apr/2025:09:58:47 -0400] "GET /ad917/?path=%2Fhome%2Fservlmvm%2F.%2Flscache%2F2%2F..%2F9%2Fa%2F8 HTTP/1.1" 200 1534 "-" "Mozilla/5.0 AppleWebKit/537.36 (KHTML, like Gecko; compatible; ClaudeBot/1.0; +claudebot@anthropic.com)"
3.145.149.120 - - [13/Apr/2025:09:58:50 -0400] "GET /ad917/?path=%2Fhome%2Fservlmvm%2F.%2Flscache%2Fc%2F5%2F..%2F4%2Fa HTTP/1.1" 200 1569 "-" "Mozilla/5.0 AppleWebKit/537.36 (KHTML, like Gecko; compatible; ClaudeBot/1.0; +claudebot@anthropic.com)"
66.249.77.40 - - [13/Apr/2025:09:58:50 -0400] "GET /goodscode/q/ichthvophthira75917226.shtml HTTP/1.1" 200 28451 "-" "Mozilla/5.0 (Linux; Android 6.0.1; Nexus 5X Build/MMB29P) AppleWebKit/537.36 (KHTML, like Gecko) Chrome/135.0.7049.52 Mobile Safari/537.36 (compatible; GoogleOther)"
3.145.149.120 - - [13/Apr/2025:09:58:53 -0400] "GET /ad917/?path=%2Fhome%2Fservlmvm%2F.%2Flscache%2F8%2F..%2F1%2F4%2F3 HTTP/1.1" 200 1534 "-" "Mozilla/5.0 AppleWebKit/537.36 (KHTML, like Gecko; compatible; ClaudeBot/1.0; +claudebot@anthropic.com)"
207.46.13.31 - - [13/Apr/2025:09:58:53 -0400] "GET /shopping/nfi/savoriness51911660.shtml HTTP/1.1" 200 27773 "-" "Mozilla/5.0 AppleWebKit/537.36 (KHTML, like Gecko; compatible; bingbot/2.0; +http://www.bing.com/bingbot.htm) Chrome/116.0.1938.76 Safari/537.36"
3.145.149.120 - - [13/Apr/2025:09:58:56 -0400] "GET /ad917/?path=%2Fhome%2Fservlmvm%2F.%2Flscache%2F1%2F4%2F..%2Fa%2F. HTTP/1.1" 200 1593 "-" "Mozilla/5.0 AppleWebKit/537.36 (KHTML, like Gecko; compatible; ClaudeBot/1.0; +claudebot@anthropic.com)"
207.46.13.126 - - [13/Apr/2025:09:58:55 -0400] "GET /goodscode/spike78589576.shtml HTTP/1.1" 200 26998 "-" "Mozilla/5.0 AppleWebKit/537.36 (KHTML, like Gecko; compatible; bingbot/2.0; +http://www.bing.com/bingbot.htm) Chrome/116.0.1938.76 Safari/537.36"
3.145.149.120 - - [13/Apr/2025:09:58:59 -0400] "GET /ad917/?path=%2Fhome%2Fservlmvm%2F.%2Flscache%2F1%2F4%2F..%2Fa%2F8 HTTP/1.1" 200 1538 "-" "Mozilla/5.0 AppleWebKit/537.36 (KHTML, like Gecko; compatible; ClaudeBot/1.0; +claudebot@anthropic.com)"
207.46.13.126 - - [13/Apr/2025:09:58:59 -0400] "GET /detail/hie/windfertilized/104492236.shtml HTTP/1.1" 200 26151 "-" "Mozilla/5.0 AppleWebKit/537.36 (KHTML, like Gecko; compatible; bingbot/2.0; +http://www.bing.com/bingbot.htm) Chrome/116.0.1938.76 Safari/537.36"
207.46.13.126 - - [13/Apr/2025:09:59:05 -0400] "GET /product108305110.shtml HTTP/1.1" 200 26685 "-" "Mozilla/5.0 AppleWebKit/537.36 (KHTML, like Gecko; compatible; bingbot/2.0; +http://www.bing.com/bingbot.htm) Chrome/116.0.1938.76 Safari/537.36"
207.46.13.126 - - [13/Apr/2025:09:59:09 -0400] "GET /detail/pacesetter/11749106.shtml HTTP/1.1" 200 26039 "-" "Mozilla/5.0 AppleWebKit/537.36 (KHTML, like Gecko; compatible; bingbot/2.0; +http://www.bing.com/bingbot.htm) Chrome/116.0.1938.76 Safari/537.36"
66.249.77.42 - - [13/Apr/2025:09:59:10 -0400] "GET /goodscode/glauca/47609248.shtml HTTP/1.1" 200 25164 "-" "Mozilla/5.0 (Linux; Android 6.0.1; Nexus 5X Build/MMB29P) AppleWebKit/537.36 (KHTML, like Gecko) Chrome/135.0.7049.52 Mobile Safari/537.36 (compatible; GoogleOther)"
66.249.77.42 - - [13/Apr/2025:09:59:11 -0400] "GET /goodscode/i/tumulose/88633166.shtml HTTP/1.1" 200 26526 "-" "Mozilla/5.0 (Linux; Android 6.0.1; Nexus 5X Build/MMB29P) AppleWebKit/537.36 (KHTML, like Gecko) Chrome/135.0.7049.52 Mobile Safari/537.36 (compatible; GoogleOther)"
207.46.13.126 - - [13/Apr/2025:09:59:16 -0400] "GET /shopping/mutessarif94278218.shtml HTTP/1.1" 200 27553 "-" "Mozilla/5.0 AppleWebKit/537.36 (KHTML, like Gecko; compatible; bingbot/2.0; +http://www.bing.com/bingbot.htm) Chrome/116.0.1938.76 Safari/537.36"
66.249.77.41 - - [13/Apr/2025:09:59:20 -0400] "GET /detail/ke/kesar/39950798.shtml HTTP/1.1" 200 30383 "-" "Mozilla/5.0 (Linux; Android 6.0.1; Nexus 5X Build/MMB29P) AppleWebKit/537.36 (KHTML, like Gecko) Chrome/135.0.7049.52 Mobile Safari/537.36 (compatible; Googlebot/2.1; +http://www.google.com/bot.html)"
66.249.77.41 - - [13/Apr/2025:09:59:23 -0400] "GET /goodscode/cs/courter40907118.shtml HTTP/1.1" 200 29576 "-" "Mozilla/5.0 (Linux; Android 6.0.1; Nexus 5X Build/MMB29P) AppleWebKit/537.36 (KHTML, like Gecko) Chrome/135.0.7049.52 Mobile Safari/537.36 (compatible; Googlebot/2.1; +http://www.google.com/bot.html)"
207.46.13.126 - - [13/Apr/2025:09:59:27 -0400] "GET /product34103858.shtml HTTP/1.1" 200 28172 "-" "Mozilla/5.0 AppleWebKit/537.36 (KHTML, like Gecko; compatible; bingbot/2.0; +http://www.bing.com/bingbot.htm) Chrome/116.0.1938.76 Safari/537.36"
66.249.77.40 - - [13/Apr/2025:09:59:27 -0400] "GET /shopdetail/byw/unperfectness/48376272.shtml HTTP/1.1" 200 27879 "-" "Mozilla/5.0 (Linux; Android 6.0.1; Nexus 5X Build/MMB29P) AppleWebKit/537.36 (KHTML, like Gecko) Chrome/135.0.7049.52 Mobile Safari/537.36 (compatible; Googlebot/2.1; +http://www.google.com/bot.html)"
66.249.77.40 - - [13/Apr/2025:09:59:28 -0400] "GET /shopbrand/q/apposable/54591542.shtml HTTP/1.1" 200 27749 "-" "Mozilla/5.0 (Linux; Android 6.0.1; Nexus 5X Build/MMB29P) AppleWebKit/537.36 (KHTML, like Gecko) Chrome/135.0.7049.52 Mobile Safari/537.36 (compatible; GoogleOther)"
66.249.77.40 - - [13/Apr/2025:09:59:29 -0400] "GET /detail/aa/fostering/97023758.shtml HTTP/1.1" 200 27394 "-" "Mozilla/5.0 (Linux; Android 6.0.1; Nexus 5X Build/MMB29P) AppleWebKit/537.36 (KHTML, like Gecko) Chrome/135.0.7049.52 Mobile Safari/537.36 (compatible; GoogleOther)"
66.249.77.40 - - [13/Apr/2025:09:59:33 -0400] "GET /entity94183866.shtml HTTP/1.1" 200 27060 "-" "Mozilla/5.0 (Linux; Android 6.0.1; Nexus 5X Build/MMB29P) AppleWebKit/537.36 (KHTML, like Gecko) Chrome/135.0.7049.52 Mobile Safari/537.36 (compatible; Googlebot/2.1; +http://www.google.com/bot.html)"
207.46.13.126 - - [13/Apr/2025:09:59:36 -0400] "GET /products101285184.shtml HTTP/1.1" 200 27565 "-" "Mozilla/5.0 AppleWebKit/537.36 (KHTML, like Gecko; compatible; bingbot/2.0; +http://www.bing.com/bingbot.htm) Chrome/116.0.1938.76 Safari/537.36"
66.249.77.40 - - [13/Apr/2025:09:59:37 -0400] "GET /goodscode/consonantly112988648.shtml HTTP/1.1" 200 26450 "-" "Mozilla/5.0 (Linux; Android 6.0.1; Nexus 5X Build/MMB29P) AppleWebKit/537.36 (KHTML, like Gecko) Chrome/135.0.7049.52 Mobile Safari/537.36 (compatible; Googlebot/2.1; +http://www.google.com/bot.html)"
52.167.144.191 - - [13/Apr/2025:09:59:39 -0400] "GET /items76467400.shtml HTTP/1.1" 200 28777 "-" "Mozilla/5.0 AppleWebKit/537.36 (KHTML, like Gecko; compatible; bingbot/2.0; +http://www.bing.com/bingbot.htm) Chrome/116.0.1938.76 Safari/537.36"
52.167.144.186 - - [13/Apr/2025:09:59:40 -0400] "GET /product/tk/ HTTP/1.1" 200 27413 "-" "Mozilla/5.0 AppleWebKit/537.36 (KHTML, like Gecko; compatible; bingbot/2.0; +http://www.bing.com/bingbot.htm) Chrome/116.0.1938.76 Safari/537.36"
66.249.77.41 - - [13/Apr/2025:09:59:42 -0400] "GET /entity/firefly109978780.shtml HTTP/1.1" 200 26636 "-" "Mozilla/5.0 (Linux; Android 6.0.1; Nexus 5X Build/MMB29P) AppleWebKit/537.36 (KHTML, like Gecko) Chrome/135.0.7049.52 Mobile Safari/537.36 (compatible; Googlebot/2.1; +http://www.google.com/bot.html)"
52.167.144.186 - - [13/Apr/2025:09:59:43 -0400] "GET /goods/buckling/122113636.shtml HTTP/1.1" 200 26333 "-" "Mozilla/5.0 AppleWebKit/537.36 (KHTML, like Gecko; compatible; bingbot/2.0; +http://www.bing.com/bingbot.htm) Chrome/116.0.1938.76 Safari/537.36"
66.249.77.40 - - [13/Apr/2025:09:59:47 -0400] "GET /info/nitrate94044698.shtml HTTP/1.1" 200 26547 "-" "Mozilla/5.0 (Linux; Android 6.0.1; Nexus 5X Build/MMB29P) AppleWebKit/537.36 (KHTML, like Gecko) Chrome/135.0.7049.52 Mobile Safari/537.36 (compatible; Googlebot/2.1; +http://www.google.com/bot.html)"
66.249.77.40 - - [13/Apr/2025:09:59:52 -0400] "GET /shopbrand/t/meninges/111189976.shtml HTTP/1.1" 200 28136 "-" "Mozilla/5.0 (Linux; Android 6.0.1; Nexus 5X Build/MMB29P) AppleWebKit/537.36 (KHTML, like Gecko) Chrome/135.0.7049.52 Mobile Safari/537.36 (compatible; GoogleOther)"
66.249.77.41 - - [13/Apr/2025:09:59:52 -0400] "GET /entity/superscribe/30590998.shtml HTTP/1.1" 200 26769 "-" "Mozilla/5.0 (Linux; Android 6.0.1; Nexus 5X Build/MMB29P) AppleWebKit/537.36 (KHTML, like Gecko) Chrome/135.0.7049.52 Mobile Safari/537.36 (compatible; Googlebot/2.1; +http://www.google.com/bot.html)"
207.46.13.126 - - [13/Apr/2025:09:59:56 -0400] "GET /info/netsuke/57115826.shtml HTTP/1.1" 200 26961 "-" "Mozilla/5.0 AppleWebKit/537.36 (KHTML, like Gecko; compatible; bingbot/2.0; +http://www.bing.com/bingbot.htm) Chrome/116.0.1938.76 Safari/537.36"
40.77.167.53 - - [13/Apr/2025:09:59:59 -0400] "GET /item/2858956.shtml HTTP/1.1" 200 27043 "-" "Mozilla/5.0 AppleWebKit/537.36 (KHTML, like Gecko; compatible; bingbot/2.0; +http://www.bing.com/bingbot.htm) Chrome/116.0.1938.76 Safari/537.36"
66.249.77.40 - - [13/Apr/2025:09:59:59 -0400] "GET /item/74986276.shtml HTTP/1.1" 200 27414 "-" "Mozilla/5.0 (Linux; Android 6.0.1; Nexus 5X Build/MMB29P) AppleWebKit/537.36 (KHTML, like Gecko) Chrome/135.0.7049.52 Mobile Safari/537.36 (compatible; Googlebot/2.1; +http://www.google.com/bot.html)"
66.249.77.40 - - [13/Apr/2025:10:00:01 -0400] "GET /detail/l/gashed/50505080.shtml HTTP/1.1" 200 28172 "-" "Mozilla/5.0 (Linux; Android 6.0.1; Nexus 5X Build/MMB29P) AppleWebKit/537.36 (KHTML, like Gecko) Chrome/135.0.7049.52 Mobile Safari/537.36 (compatible; GoogleOther)"
66.249.77.40 - - [13/Apr/2025:10:00:01 -0400] "GET /goodscode/suavely/83910082.shtml HTTP/1.1" 200 26848 "-" "Mozilla/5.0 (Linux; Android 6.0.1; Nexus 5X Build/MMB29P) AppleWebKit/537.36 (KHTML, like Gecko) Chrome/135.0.7049.52 Mobile Safari/537.36 (compatible; Googlebot/2.1; +http://www.google.com/bot.html)"
66.249.77.40 - - [13/Apr/2025:10:00:02 -0400] "GET /product/us/autunite/125438422.shtml HTTP/1.1" 200 27323 "-" "Mozilla/5.0 (Linux; Android 6.0.1; Nexus 5X Build/MMB29P) AppleWebKit/537.36 (KHTML, like Gecko) Chrome/135.0.7049.52 Mobile Safari/537.36 (compatible; GoogleOther)"
207.46.13.126 - - [13/Apr/2025:10:00:07 -0400] "GET /items/sagely20669644.shtml HTTP/1.1" 200 27270 "-" "Mozilla/5.0 AppleWebKit/537.36 (KHTML, like Gecko; compatible; bingbot/2.0; +http://www.bing.com/bingbot.htm) Chrome/116.0.1938.76 Safari/537.36"
52.167.144.191 - - [13/Apr/2025:10:00:11 -0400] "GET /special/19990652.shtml HTTP/1.1" 200 28329 "-" "Mozilla/5.0 AppleWebKit/537.36 (KHTML, like Gecko; compatible; bingbot/2.0; +http://www.bing.com/bingbot.htm) Chrome/116.0.1938.76 Safari/537.36"
52.167.144.191 - - [13/Apr/2025:10:00:15 -0400] "GET /product/f/laterality69372388.shtml HTTP/1.1" 200 29267 "-" "Mozilla/5.0 AppleWebKit/537.36 (KHTML, like Gecko; compatible; bingbot/2.0; +http://www.bing.com/bingbot.htm) Chrome/116.0.1938.76 Safari/537.36"
66.249.77.40 - - [13/Apr/2025:10:00:16 -0400] "GET /shopdetail/94088530.shtml HTTP/1.1" 200 27938 "-" "Mozilla/5.0 (Linux; Android 6.0.1; Nexus 5X Build/MMB29P) AppleWebKit/537.36 (KHTML, like Gecko) Chrome/135.0.7049.52 Mobile Safari/537.36 (compatible; Googlebot/2.1; +http://www.google.com/bot.html)"
52.167.144.186 - - [13/Apr/2025:10:00:17 -0400] "GET /shopbrand33917650.shtml HTTP/1.1" 200 25125 "-" "Mozilla/5.0 AppleWebKit/537.36 (KHTML, like Gecko; compatible; bingbot/2.0; +http://www.bing.com/bingbot.htm) Chrome/116.0.1938.76 Safari/537.36"
66.249.77.40 - - [13/Apr/2025:10:00:20 -0400] "GET /items/a/tipulary/60463662.shtml HTTP/1.1" 200 27340 "-" "Mozilla/5.0 (Linux; Android 6.0.1; Nexus 5X Build/MMB29P) AppleWebKit/537.36 (KHTML, like Gecko) Chrome/135.0.7049.52 Mobile Safari/537.36 (compatible; GoogleOther)"
66.249.77.40 - - [13/Apr/2025:10:00:21 -0400] "GET /special/m/proteinous/34591394.shtml HTTP/1.1" 200 24613 "-" "Mozilla/5.0 (Linux; Android 6.0.1; Nexus 5X Build/MMB29P) AppleWebKit/537.36 (KHTML, like Gecko) Chrome/135.0.7049.52 Mobile Safari/537.36 (compatible; GoogleOther)"
52.167.144.186 - - [13/Apr/2025:10:00:26 -0400] "GET /shopdetail68312560.shtml HTTP/1.1" 200 30167 "-" "Mozilla/5.0 AppleWebKit/537.36 (KHTML, like Gecko; compatible; bingbot/2.0; +http://www.bing.com/bingbot.htm) Chrome/116.0.1938.76 Safari/537.36"
207.46.13.126 - - [13/Apr/2025:10:00:31 -0400] "GET /detail/dc/sentineling8518356.shtml HTTP/1.1" 200 25991 "-" "Mozilla/5.0 AppleWebKit/537.36 (KHTML, like Gecko; compatible; bingbot/2.0; +http://www.bing.com/bingbot.htm) Chrome/116.0.1938.76 Safari/537.36"
66.249.77.40 - - [13/Apr/2025:10:00:34 -0400] "GET /goodscode/q/immomentous/50400398.shtml HTTP/1.1" 200 27028 "-" "Mozilla/5.0 (Linux; Android 6.0.1; Nexus 5X Build/MMB29P) AppleWebKit/537.36 (KHTML, like Gecko) Chrome/135.0.7049.52 Mobile Safari/537.36 (compatible; GoogleOther)"
52.167.144.142 - - [13/Apr/2025:10:00:34 -0400] "GET /products99514926.shtml HTTP/1.1" 200 26223 "-" "Mozilla/5.0 AppleWebKit/537.36 (KHTML, like Gecko; compatible; bingbot/2.0; +http://www.bing.com/bingbot.htm) Chrome/116.0.1938.76 Safari/537.36"
66.249.77.40 - - [13/Apr/2025:10:00:34 -0400] "GET /shopdetail/dyo/tarda/70250272.shtml HTTP/1.1" 200 26022 "-" "Mozilla/5.0 (Linux; Android 6.0.1; Nexus 5X Build/MMB29P) AppleWebKit/537.36 (KHTML, like Gecko) Chrome/135.0.7049.52 Mobile Safari/537.36 (compatible; Googlebot/2.1; +http://www.google.com/bot.html)"
207.46.13.126 - - [13/Apr/2025:10:00:36 -0400] "GET /items/broadhorned/37464084.shtml HTTP/1.1" 200 25901 "-" "Mozilla/5.0 AppleWebKit/537.36 (KHTML, like Gecko; compatible; bingbot/2.0; +http://www.bing.com/bingbot.htm) Chrome/116.0.1938.76 Safari/537.36"
207.46.13.31 - - [13/Apr/2025:10:00:39 -0400] "GET /items/q/ulotrichan/83880026.shtml HTTP/1.1" 200 26681 "-" "Mozilla/5.0 AppleWebKit/537.36 (KHTML, like Gecko; compatible; bingbot/2.0; +http://www.bing.com/bingbot.htm) Chrome/116.0.1938.76 Safari/537.36"
52.167.144.186 - - [13/Apr/2025:10:00:41 -0400] "GET /special/muslinet/13889274.shtml HTTP/1.1" 200 25067 "-" "Mozilla/5.0 AppleWebKit/537.36 (KHTML, like Gecko; compatible; bingbot/2.0; +http://www.bing.com/bingbot.htm) Chrome/116.0.1938.76 Safari/537.36"
66.249.77.40 - - [13/Apr/2025:10:00:44 -0400] "GET /goods72874582.shtml HTTP/1.1" 200 26524 "-" "Mozilla/5.0 (Linux; Android 6.0.1; Nexus 5X Build/MMB29P) AppleWebKit/537.36 (KHTML, like Gecko) Chrome/135.0.7049.52 Mobile Safari/537.36 (compatible; Googlebot/2.1; +http://www.google.com/bot.html)"
52.167.144.142 - - [13/Apr/2025:10:00:44 -0400] "GET /entity/zc/supraoesophagal/75664240.shtml HTTP/1.1" 200 26478 "-" "Mozilla/5.0 AppleWebKit/537.36 (KHTML, like Gecko; compatible; bingbot/2.0; +http://www.bing.com/bingbot.htm) Chrome/116.0.1938.76 Safari/537.36"
207.46.13.31 - - [13/Apr/2025:10:00:49 -0400] "GET /special/us/amaze/84762514.shtml HTTP/1.1" 200 25686 "-" "Mozilla/5.0 AppleWebKit/537.36 (KHTML, like Gecko; compatible; bingbot/2.0; +http://www.bing.com/bingbot.htm) Chrome/116.0.1938.76 Safari/537.36"
52.167.144.191 - - [13/Apr/2025:10:00:49 -0400] "GET /special/ichthyaetus17034192.shtml HTTP/1.1" 200 28614 "-" "Mozilla/5.0 AppleWebKit/537.36 (KHTML, like Gecko; compatible; bingbot/2.0; +http://www.bing.com/bingbot.htm) Chrome/116.0.1938.76 Safari/537.36"
207.46.13.31 - - [13/Apr/2025:10:00:57 -0400] "GET /special/vq/execute52380448.shtml HTTP/1.1" 200 28123 "-" "Mozilla/5.0 AppleWebKit/537.36 (KHTML, like Gecko; compatible; bingbot/2.0; +http://www.bing.com/bingbot.htm) Chrome/116.0.1938.76 Safari/537.36"
40.77.167.53 - - [13/Apr/2025:10:00:58 -0400] "GET /items/44248370.shtml HTTP/1.1" 200 25764 "-" "Mozilla/5.0 AppleWebKit/537.36 (KHTML, like Gecko; compatible; bingbot/2.0; +http://www.bing.com/bingbot.htm) Chrome/116.0.1938.76 Safari/537.36"
207.46.13.31 - - [13/Apr/2025:10:01:01 -0400] "GET /info/41995238.shtml HTTP/1.1" 200 25639 "-" "Mozilla/5.0 AppleWebKit/537.36 (KHTML, like Gecko; compatible; bingbot/2.0; +http://www.bing.com/bingbot.htm) Chrome/116.0.1938.76 Safari/537.36"
207.46.13.126 - - [13/Apr/2025:10:01:06 -0400] "GET /special/ri/sleepy65331352.shtml HTTP/1.1" 200 27210 "-" "Mozilla/5.0 AppleWebKit/537.36 (KHTML, like Gecko; compatible; bingbot/2.0; +http://www.bing.com/bingbot.htm) Chrome/116.0.1938.76 Safari/537.36"
66.249.77.42 - - [13/Apr/2025:10:01:09 -0400] "GET /items/q/filtrate78583810.shtml HTTP/1.1" 200 27359 "-" "Mozilla/5.0 (Linux; Android 6.0.1; Nexus 5X Build/MMB29P) AppleWebKit/537.36 (KHTML, like Gecko) Chrome/135.0.7049.52 Mobile Safari/537.36 (compatible; GoogleOther)"
3.144.249.75 - - [13/Apr/2025:10:01:14 -0400] "GET /ad917/?path=%2Fhome%2Fservlmvm%2F.%2Flscache%2F8%2F..%2F1%2F4%2Fb HTTP/1.1" 200 1579 "-" "Mozilla/5.0 AppleWebKit/537.36 (KHTML, like Gecko; compatible; ClaudeBot/1.0; +claudebot@anthropic.com)"
3.144.249.75 - - [13/Apr/2025:10:01:17 -0400] "GET /ad917/?path=%2Fhome%2Fservlmvm%2F.%2Flscache%2F1%2F4%2F..%2Fa%2F7 HTTP/1.1" 200 1534 "-" "Mozilla/5.0 AppleWebKit/537.36 (KHTML, like Gecko; compatible; ClaudeBot/1.0; +claudebot@anthropic.com)"
3.144.249.75 - - [13/Apr/2025:10:01:21 -0400] "GET /ad917/?path=%2Fhome%2Fservlmvm%2F.%2Flscache%2Fa%2F..%2F8%2Fa%2F8 HTTP/1.1" 200 1534 "-" "Mozilla/5.0 AppleWebKit/537.36 (KHTML, like Gecko; compatible; ClaudeBot/1.0; +claudebot@anthropic.com)"
3.144.249.75 - - [13/Apr/2025:10:01:23 -0400] "GET /ad917/?path=%2Fhome%2Fservlmvm%2F.%2Flscache%2Fa%2F..%2Fd%2F5%2F. HTTP/1.1" 200 1514 "-" "Mozilla/5.0 AppleWebKit/537.36 (KHTML, like Gecko; compatible; ClaudeBot/1.0; +claudebot@anthropic.com)"
3.144.249.75 - - [13/Apr/2025:10:01:26 -0400] "GET /ad917/?path=%2Fhome%2Fservlmvm%2F.%2Flscache%2F1%2F4%2F..%2Fa%2F2 HTTP/1.1" 200 1534 "-" "Mozilla/5.0 AppleWebKit/537.36 (KHTML, like Gecko; compatible; ClaudeBot/1.0; +claudebot@anthropic.com)"
66.249.77.40 - - [13/Apr/2025:10:01:27 -0400] "GET /shopbrand/t/wafered/7340840.shtml HTTP/1.1" 200 25988 "-" "Mozilla/5.0 (Linux; Android 6.0.1; Nexus 5X Build/MMB29P) AppleWebKit/537.36 (KHTML, like Gecko) Chrome/135.0.7049.52 Mobile Safari/537.36 (compatible; GoogleOther)"
52.167.144.186 - - [13/Apr/2025:10:01:34 -0400] "GET /sitemap-item-1584.xml HTTP/1.1" 200 9925 "-" "Mozilla/5.0 AppleWebKit/537.36 (KHTML, like Gecko; compatible; bingbot/2.0; +http://www.bing.com/bingbot.htm) Chrome/116.0.1938.76 Safari/537.36"
52.167.144.142 - - [13/Apr/2025:10:01:34 -0400] "GET /goods99483830.shtml HTTP/1.1" 200 26168 "-" "Mozilla/5.0 AppleWebKit/537.36 (KHTML, like Gecko; compatible; bingbot/2.0; +http://www.bing.com/bingbot.htm) Chrome/116.0.1938.76 Safari/537.36"
52.167.144.191 - - [13/Apr/2025:10:01:39 -0400] "GET /wp-sitemap-posts-page-1.xml HTTP/1.1" 200 9738 "-" "Mozilla/5.0 AppleWebKit/537.36 (KHTML, like Gecko; compatible; bingbot/2.0; +http://www.bing.com/bingbot.htm) Chrome/116.0.1938.76 Safari/537.36"
207.46.13.126 - - [13/Apr/2025:10:01:44 -0400] "GET /sitemap-item-1646.xml HTTP/1.1" 200 10215 "-" "Mozilla/5.0 AppleWebKit/537.36 (KHTML, like Gecko; compatible; bingbot/2.0; +http://www.bing.com/bingbot.htm) Chrome/116.0.1938.76 Safari/537.36"
40.77.167.53 - - [13/Apr/2025:10:01:46 -0400] "GET /sitemap.xml.gz HTTP/1.1" 200 10095 "-" "Mozilla/5.0 AppleWebKit/537.36 (KHTML, like Gecko; compatible; bingbot/2.0; +http://www.bing.com/bingbot.htm) Chrome/116.0.1938.76 Safari/537.36"
207.46.13.126 - - [13/Apr/2025:10:01:47 -0400] "GET /sitemap-item-1651.xml HTTP/1.1" 200 10213 "-" "Mozilla/5.0 AppleWebKit/537.36 (KHTML, like Gecko; compatible; bingbot/2.0; +http://www.bing.com/bingbot.htm) Chrome/116.0.1938.76 Safari/537.36"
52.167.144.186 - - [13/Apr/2025:10:01:50 -0400] "GET /sitemap-item-1293.xml HTTP/1.1" 200 10083 "-" "Mozilla/5.0 AppleWebKit/537.36 (KHTML, like Gecko; compatible; bingbot/2.0; +http://www.bing.com/bingbot.htm) Chrome/116.0.1938.76 Safari/537.36"
66.249.77.40 - - [13/Apr/2025:10:01:51 -0400] "GET /items/a/lapidification/67381482.shtml HTTP/1.1" 200 26913 "-" "Mozilla/5.0 (Linux; Android 6.0.1; Nexus 5X Build/MMB29P) AppleWebKit/537.36 (KHTML, like Gecko) Chrome/135.0.7049.52 Mobile Safari/537.36 (compatible; GoogleOther)"
52.167.144.186 - - [13/Apr/2025:10:01:53 -0400] "GET /sitemaps.xml HTTP/1.1" 200 10197 "-" "Mozilla/5.0 AppleWebKit/537.36 (KHTML, like Gecko; compatible; bingbot/2.0; +http://www.bing.com/bingbot.htm) Chrome/116.0.1938.76 Safari/537.36"
207.46.13.31 - - [13/Apr/2025:10:01:54 -0400] "GET /item/dc/uncle/3393600.shtml HTTP/1.1" 200 25431 "-" "Mozilla/5.0 AppleWebKit/537.36 (KHTML, like Gecko; compatible; bingbot/2.0; +http://www.bing.com/bingbot.htm) Chrome/116.0.1938.76 Safari/537.36"
52.167.144.186 - - [13/Apr/2025:10:01:56 -0400] "GET /wp-sitemap-posts-post-1.xml HTTP/1.1" 200 9738 "-" "Mozilla/5.0 AppleWebKit/537.36 (KHTML, like Gecko; compatible; bingbot/2.0; +http://www.bing.com/bingbot.htm) Chrome/116.0.1938.76 Safari/537.36"
52.167.144.142 - - [13/Apr/2025:10:01:58 -0400] "GET /shopping122381594.shtml HTTP/1.1" 200 25097 "-" "Mozilla/5.0 AppleWebKit/537.36 (KHTML, like Gecko; compatible; bingbot/2.0; +http://www.bing.com/bingbot.htm) Chrome/116.0.1938.76 Safari/537.36"
207.46.13.126 - - [13/Apr/2025:10:01:59 -0400] "GET /sitemap-item-2516.xml HTTP/1.1" 200 10159 "-" "Mozilla/5.0 AppleWebKit/537.36 (KHTML, like Gecko; compatible; bingbot/2.0; +http://www.bing.com/bingbot.htm) Chrome/116.0.1938.76 Safari/537.36"
207.46.13.126 - - [13/Apr/2025:10:02:02 -0400] "GET /sitemap-item-2231.xml HTTP/1.1" 200 10109 "-" "Mozilla/5.0 AppleWebKit/537.36 (KHTML, like Gecko; compatible; bingbot/2.0; +http://www.bing.com/bingbot.htm) Chrome/116.0.1938.76 Safari/537.36"
207.46.13.126 - - [13/Apr/2025:10:02:05 -0400] "GET /sitemap-item-638.xml HTTP/1.1" 200 10252 "-" "Mozilla/5.0 AppleWebKit/537.36 (KHTML, like Gecko; compatible; bingbot/2.0; +http://www.bing.com/bingbot.htm) Chrome/116.0.1938.76 Safari/537.36"
66.249.77.40 - - [13/Apr/2025:10:02:05 -0400] "GET /goodscode/pem/hurled/27949908.shtml HTTP/1.1" 200 27274 "-" "Mozilla/5.0 (Linux; Android 6.0.1; Nexus 5X Build/MMB29P) AppleWebKit/537.36 (KHTML, like Gecko) Chrome/135.0.7049.52 Mobile Safari/537.36 (compatible; Googlebot/2.1; +http://www.google.com/bot.html)"
207.46.13.126 - - [13/Apr/2025:10:02:08 -0400] "GET /sitemap-item-2241.xml HTTP/1.1" 200 10153 "-" "Mozilla/5.0 AppleWebKit/537.36 (KHTML, like Gecko; compatible; bingbot/2.0; +http://www.bing.com/bingbot.htm) Chrome/116.0.1938.76 Safari/537.36"
207.46.13.126 - - [13/Apr/2025:10:02:11 -0400] "GET /sitemap-item-1908.xml HTTP/1.1" 200 10125 "-" "Mozilla/5.0 AppleWebKit/537.36 (KHTML, like Gecko; compatible; bingbot/2.0; +http://www.bing.com/bingbot.htm) Chrome/116.0.1938.76 Safari/537.36"
66.249.77.40 - - [13/Apr/2025:10:02:13 -0400] "GET /info/pc/phytochimy89098648.shtml HTTP/1.1" 200 26756 "-" "Mozilla/5.0 (Linux; Android 6.0.1; Nexus 5X Build/MMB29P) AppleWebKit/537.36 (KHTML, like Gecko) Chrome/135.0.7049.52 Mobile Safari/537.36 (compatible; Googlebot/2.1; +http://www.google.com/bot.html)"
207.46.13.126 - - [13/Apr/2025:10:02:16 -0400] "GET /sitemap-item-2724.xml HTTP/1.1" 200 10210 "-" "Mozilla/5.0 AppleWebKit/537.36 (KHTML, like Gecko; compatible; bingbot/2.0; +http://www.bing.com/bingbot.htm) Chrome/116.0.1938.76 Safari/537.36"
66.249.77.40 - - [13/Apr/2025:10:02:20 -0400] "GET /shopbrand/c/intertwist/18270986.shtml HTTP/1.1" 200 27793 "-" "Mozilla/5.0 (Linux; Android 6.0.1; Nexus 5X Build/MMB29P) AppleWebKit/537.36 (KHTML, like Gecko) Chrome/135.0.7049.52 Mobile Safari/537.36 (compatible; GoogleOther)"
66.249.77.40 - - [13/Apr/2025:10:02:23 -0400] "GET /items/yg/divined52068282.shtml HTTP/1.1" 200 26792 "-" "Mozilla/5.0 (Linux; Android 6.0.1; Nexus 5X Build/MMB29P) AppleWebKit/537.36 (KHTML, like Gecko) Chrome/135.0.7049.52 Mobile Safari/537.36 (compatible; Googlebot/2.1; +http://www.google.com/bot.html)"
207.46.13.126 - - [13/Apr/2025:10:02:23 -0400] "GET /sitemap_index.xml HTTP/1.1" 200 533 "-" "Mozilla/5.0 AppleWebKit/537.36 (KHTML, like Gecko; compatible; bingbot/2.0; +http://www.bing.com/bingbot.htm) Chrome/116.0.1938.76 Safari/537.36"
207.46.13.126 - - [13/Apr/2025:10:02:26 -0400] "GET /sitemap-item-1442.xml HTTP/1.1" 200 10111 "-" "Mozilla/5.0 AppleWebKit/537.36 (KHTML, like Gecko; compatible; bingbot/2.0; +http://www.bing.com/bingbot.htm) Chrome/116.0.1938.76 Safari/537.36"
52.167.144.186 - - [13/Apr/2025:10:02:29 -0400] "GET /sitemap-item-2879.xml HTTP/1.1" 200 10173 "-" "Mozilla/5.0 AppleWebKit/537.36 (KHTML, like Gecko; compatible; bingbot/2.0; +http://www.bing.com/bingbot.htm) Chrome/116.0.1938.76 Safari/537.36"
52.167.144.186 - - [13/Apr/2025:10:02:31 -0400] "GET /sitemap-item-1245.xml HTTP/1.1" 200 10171 "-" "Mozilla/5.0 AppleWebKit/537.36 (KHTML, like Gecko; compatible; bingbot/2.0; +http://www.bing.com/bingbot.htm) Chrome/116.0.1938.76 Safari/537.36"
52.167.144.186 - - [13/Apr/2025:10:02:34 -0400] "GET /sitemap-item-503.xml HTTP/1.1" 200 10174 "-" "Mozilla/5.0 AppleWebKit/537.36 (KHTML, like Gecko; compatible; bingbot/2.0; +http://www.bing.com/bingbot.htm) Chrome/116.0.1938.76 Safari/537.36"
66.249.77.40 - - [13/Apr/2025:10:02:37 -0400] "GET /goodscode/f/overhale/70482904.shtml HTTP/1.1" 200 25636 "-" "Mozilla/5.0 (Linux; Android 6.0.1; Nexus 5X Build/MMB29P) AppleWebKit/537.36 (KHTML, like Gecko) Chrome/135.0.7049.52 Mobile Safari/537.36 (compatible; GoogleOther)"
52.167.144.186 - - [13/Apr/2025:10:02:37 -0400] "GET /sitemap-item-2330.xml HTTP/1.1" 200 10298 "-" "Mozilla/5.0 AppleWebKit/537.36 (KHTML, like Gecko; compatible; bingbot/2.0; +http://www.bing.com/bingbot.htm) Chrome/116.0.1938.76 Safari/537.36"
52.167.144.186 - - [13/Apr/2025:10:02:40 -0400] "GET /sitemap-item-2906.xml HTTP/1.1" 200 10285 "-" "Mozilla/5.0 AppleWebKit/537.36 (KHTML, like Gecko; compatible; bingbot/2.0; +http://www.bing.com/bingbot.htm) Chrome/116.0.1938.76 Safari/537.36"
52.167.144.186 - - [13/Apr/2025:10:02:44 -0400] "GET /sitemap-item-832.xml HTTP/1.1" 200 10220 "-" "Mozilla/5.0 AppleWebKit/537.36 (KHTML, like Gecko; compatible; bingbot/2.0; +http://www.bing.com/bingbot.htm) Chrome/116.0.1938.76 Safari/537.36"
52.167.144.186 - - [13/Apr/2025:10:02:47 -0400] "GET /sitemap-item-2129.xml HTTP/1.1" 200 10331 "-" "Mozilla/5.0 AppleWebKit/537.36 (KHTML, like Gecko; compatible; bingbot/2.0; +http://www.bing.com/bingbot.htm) Chrome/116.0.1938.76 Safari/537.36"
52.167.144.186 - - [13/Apr/2025:10:02:49 -0400] "GET /sitemap-item-663.xml HTTP/1.1" 200 10003 "-" "Mozilla/5.0 AppleWebKit/537.36 (KHTML, like Gecko; compatible; bingbot/2.0; +http://www.bing.com/bingbot.htm) Chrome/116.0.1938.76 Safari/537.36"
52.167.144.176 - - [13/Apr/2025:10:02:53 -0400] "GET /sitemap-item-882.xml HTTP/1.1" 200 10160 "-" "Mozilla/5.0 AppleWebKit/537.36 (KHTML, like Gecko; compatible; bingbot/2.0; +http://www.bing.com/bingbot.htm) Chrome/116.0.1938.76 Safari/537.36"
207.46.13.31 - - [13/Apr/2025:10:02:54 -0400] "GET /detail81609422.shtml HTTP/1.1" 200 26819 "-" "Mozilla/5.0 AppleWebKit/537.36 (KHTML, like Gecko; compatible; bingbot/2.0; +http://www.bing.com/bingbot.htm) Chrome/116.0.1938.76 Safari/537.36"
66.249.77.40 - - [13/Apr/2025:10:02:55 -0400] "GET /goodscode/ieu/cruorin/14526818.shtml HTTP/1.1" 200 26453 "-" "Mozilla/5.0 (Linux; Android 6.0.1; Nexus 5X Build/MMB29P) AppleWebKit/537.36 (KHTML, like Gecko) Chrome/135.0.7049.52 Mobile Safari/537.36 (compatible; GoogleOther)"
52.167.144.176 - - [13/Apr/2025:10:02:56 -0400] "GET /sitemap-item-699.xml HTTP/1.1" 200 10421 "-" "Mozilla/5.0 AppleWebKit/537.36 (KHTML, like Gecko; compatible; bingbot/2.0; +http://www.bing.com/bingbot.htm) Chrome/116.0.1938.76 Safari/537.36"
40.77.167.53 - - [13/Apr/2025:10:02:59 -0400] "GET /product99383508.shtml HTTP/1.1" 200 25360 "-" "Mozilla/5.0 AppleWebKit/537.36 (KHTML, like Gecko; compatible; bingbot/2.0; +http://www.bing.com/bingbot.htm) Chrome/116.0.1938.76 Safari/537.36"
207.46.13.126 - - [13/Apr/2025:10:02:59 -0400] "GET /sitemap-item-2423.xml HTTP/1.1" 200 10230 "-" "Mozilla/5.0 AppleWebKit/537.36 (KHTML, like Gecko; compatible; bingbot/2.0; +http://www.bing.com/bingbot.htm) Chrome/116.0.1938.76 Safari/537.36"
66.249.77.41 - - [13/Apr/2025:10:03:02 -0400] "GET /items/gs/zionist80028122.shtml HTTP/1.1" 200 26242 "-" "Mozilla/5.0 (Linux; Android 6.0.1; Nexus 5X Build/MMB29P) AppleWebKit/537.36 (KHTML, like Gecko) Chrome/135.0.7049.52 Mobile Safari/537.36 (compatible; Googlebot/2.1; +http://www.google.com/bot.html)"
207.46.13.126 - - [13/Apr/2025:10:03:02 -0400] "GET /sitemap-item-307.xml HTTP/1.1" 200 10198 "-" "Mozilla/5.0 AppleWebKit/537.36 (KHTML, like Gecko; compatible; bingbot/2.0; +http://www.bing.com/bingbot.htm) Chrome/116.0.1938.76 Safari/537.36"
52.167.144.142 - - [13/Apr/2025:10:03:05 -0400] "GET /items81640184.shtml HTTP/1.1" 200 26289 "-" "Mozilla/5.0 AppleWebKit/537.36 (KHTML, like Gecko; compatible; bingbot/2.0; +http://www.bing.com/bingbot.htm) Chrome/116.0.1938.76 Safari/537.36"
207.46.13.126 - - [13/Apr/2025:10:03:05 -0400] "GET /sitemap-item-2589.xml HTTP/1.1" 200 9940 "-" "Mozilla/5.0 AppleWebKit/537.36 (KHTML, like Gecko; compatible; bingbot/2.0; +http://www.bing.com/bingbot.htm) Chrome/116.0.1938.76 Safari/537.36"
66.249.77.41 - - [13/Apr/2025:10:03:08 -0400] "GET /goodscode/nei/inglesi/91974956.shtml HTTP/1.1" 200 28340 "-" "Mozilla/5.0 (Linux; Android 6.0.1; Nexus 5X Build/MMB29P) AppleWebKit/537.36 (KHTML, like Gecko) Chrome/135.0.7049.52 Mobile Safari/537.36 (compatible; Googlebot/2.1; +http://www.google.com/bot.html)"
207.46.13.126 - - [13/Apr/2025:10:03:08 -0400] "GET /sitemap-item-724.xml HTTP/1.1" 200 10030 "-" "Mozilla/5.0 AppleWebKit/537.36 (KHTML, like Gecko; compatible; bingbot/2.0; +http://www.bing.com/bingbot.htm) Chrome/116.0.1938.76 Safari/537.36"
40.77.167.53 - - [13/Apr/2025:10:03:10 -0400] "GET /items/bm/rackets81623320.shtml HTTP/1.1" 200 29278 "-" "Mozilla/5.0 AppleWebKit/537.36 (KHTML, like Gecko; compatible; bingbot/2.0; +http://www.bing.com/bingbot.htm) Chrome/116.0.1938.76 Safari/537.36"
