40.77.167.48 - - [13/Apr/2025:11:47:48 -0400] "GET /sitemap-item-1580.xml HTTP/1.1" 200 10152 "-" "Mozilla/5.0 AppleWebKit/537.36 (KHTML, like Gecko; compatible; bingbot/2.0; +http://www.bing.com/bingbot.htm) Chrome/116.0.1938.76 Safari/537.36"
66.249.77.40 - - [13/Apr/2025:11:47:50 -0400] "GET /products/2634976.shtml HTTP/1.1" 200 25900 "-" "Mozilla/5.0 (Linux; Android 6.0.1; Nexus 5X Build/MMB29P) AppleWebKit/537.36 (KHTML, like Gecko) Chrome/135.0.7049.52 Mobile Safari/537.36 (compatible; Googlebot/2.1; +http://www.google.com/bot.html)"
3.146.206.173 - - [13/Apr/2025:11:47:51 -0400] "GET /ad917/?path=%2Fhome%2F..%2Flib64%2F.%2Fhmaccalc HTTP/1.1" 200 1612 "-" "Mozilla/5.0 AppleWebKit/537.36 (KHTML, like Gecko; compatible; ClaudeBot/1.0; +claudebot@anthropic.com)"
40.77.167.48 - - [13/Apr/2025:11:47:51 -0400] "GET /sitemap-mobile-1466.xml HTTP/1.1" 200 9633 "-" "Mozilla/5.0 AppleWebKit/537.36 (KHTML, like Gecko; compatible; bingbot/2.0; +http://www.bing.com/bingbot.htm) Chrome/116.0.1938.76 Safari/537.36"
3.146.206.173 - - [13/Apr/2025:11:47:54 -0400] "GET /ad917/?path=%2Fhome%2F..%2Flib64%2F.%2Fplymouth HTTP/1.1" 200 1583 "-" "Mozilla/5.0 AppleWebKit/537.36 (KHTML, like Gecko; compatible; ClaudeBot/1.0; +claudebot@anthropic.com)"
40.77.167.48 - - [13/Apr/2025:11:47:54 -0400] "GET /sitemap-item-2441.xml HTTP/1.1" 200 10195 "-" "Mozilla/5.0 AppleWebKit/537.36 (KHTML, like Gecko; compatible; bingbot/2.0; +http://www.bing.com/bingbot.htm) Chrome/116.0.1938.76 Safari/537.36"
40.77.167.149 - - [13/Apr/2025:11:47:56 -0400] "GET /detail/anticlinoria/115031884.shtml HTTP/1.1" 200 25166 "-" "Mozilla/5.0 AppleWebKit/537.36 (KHTML, like Gecko; compatible; bingbot/2.0; +http://www.bing.com/bingbot.htm) Chrome/116.0.1938.76 Safari/537.36"
3.146.206.173 - - [13/Apr/2025:11:47:57 -0400] "GET /ad917/?path=%2Fhome%2F..%2F.%2Flib64%2Flibrt.so HTTP/1.1" 200 937 "-" "Mozilla/5.0 AppleWebKit/537.36 (KHTML, like Gecko; compatible; ClaudeBot/1.0; +claudebot@anthropic.com)"
40.77.167.48 - - [13/Apr/2025:11:47:57 -0400] "GET /sitemap-mobile-2080.xml HTTP/1.1" 200 9971 "-" "Mozilla/5.0 AppleWebKit/537.36 (KHTML, like Gecko; compatible; bingbot/2.0; +http://www.bing.com/bingbot.htm) Chrome/116.0.1938.76 Safari/537.36"
3.146.206.173 - - [13/Apr/2025:11:48:00 -0400] "GET /ad917/?path=%2Fhome%2F..%2F.%2Flib64%2Flibdb.so HTTP/1.1" 200 937 "-" "Mozilla/5.0 AppleWebKit/537.36 (KHTML, like Gecko; compatible; ClaudeBot/1.0; +claudebot@anthropic.com)"
40.77.167.48 - - [13/Apr/2025:11:48:00 -0400] "GET /sitemap-mobile-1492.xml HTTP/1.1" 200 9427 "-" "Mozilla/5.0 AppleWebKit/537.36 (KHTML, like Gecko; compatible; bingbot/2.0; +http://www.bing.com/bingbot.htm) Chrome/116.0.1938.76 Safari/537.36"
3.146.206.173 - - [13/Apr/2025:11:48:03 -0400] "GET /ad917/?path=%2Fhome%2F..%2F.%2Flib64%2Fplymouth HTTP/1.1" 200 1582 "-" "Mozilla/5.0 AppleWebKit/537.36 (KHTML, like Gecko; compatible; ClaudeBot/1.0; +claudebot@anthropic.com)"
207.46.13.153 - - [13/Apr/2025:11:48:03 -0400] "GET /sitemap-item-1319.xml HTTP/1.1" 200 10251 "-" "Mozilla/5.0 AppleWebKit/537.36 (KHTML, like Gecko; compatible; bingbot/2.0; +http://www.bing.com/bingbot.htm) Chrome/116.0.1938.76 Safari/537.36"
3.146.206.173 - - [13/Apr/2025:11:48:06 -0400] "GET /ad917/?path=%2Fhome%2F..%2Flib64%2F.%2Flibdl.so HTTP/1.1" 200 939 "-" "Mozilla/5.0 AppleWebKit/537.36 (KHTML, like Gecko; compatible; ClaudeBot/1.0; +claudebot@anthropic.com)"
207.46.13.153 - - [13/Apr/2025:11:48:06 -0400] "GET /sitemap-mobile-1550.xml HTTP/1.1" 200 9856 "-" "Mozilla/5.0 AppleWebKit/537.36 (KHTML, like Gecko; compatible; bingbot/2.0; +http://www.bing.com/bingbot.htm) Chrome/116.0.1938.76 Safari/537.36"
3.146.206.173 - - [13/Apr/2025:11:48:09 -0400] "GET /ad917/?path=%2Fhome%2F..%2F.%2Flib64%2Flibpq.so HTTP/1.1" 200 937 "-" "Mozilla/5.0 AppleWebKit/537.36 (KHTML, like Gecko; compatible; ClaudeBot/1.0; +claudebot@anthropic.com)"
207.46.13.153 - - [13/Apr/2025:11:48:09 -0400] "GET /sitemap-item-1059.xml HTTP/1.1" 200 10236 "-" "Mozilla/5.0 AppleWebKit/537.36 (KHTML, like Gecko; compatible; bingbot/2.0; +http://www.bing.com/bingbot.htm) Chrome/116.0.1938.76 Safari/537.36"
3.146.206.173 - - [13/Apr/2025:11:48:12 -0400] "GET /ad917/?path=%2Fhome%2F..%2F.%2Flib64%2Fpm-utils HTTP/1.1" 200 1490 "-" "Mozilla/5.0 AppleWebKit/537.36 (KHTML, like Gecko; compatible; ClaudeBot/1.0; +claudebot@anthropic.com)"
207.46.13.153 - - [13/Apr/2025:11:48:12 -0400] "GET /sitemap-item-1660.xml HTTP/1.1" 200 10314 "-" "Mozilla/5.0 AppleWebKit/537.36 (KHTML, like Gecko; compatible; bingbot/2.0; +http://www.bing.com/bingbot.htm) Chrome/116.0.1938.76 Safari/537.36"
3.146.206.173 - - [13/Apr/2025:11:48:15 -0400] "GET /ad917/?path=%2Fhome%2F..%2F.%2Flib64%2Fgssproxy HTTP/1.1" 200 1499 "-" "Mozilla/5.0 AppleWebKit/537.36 (KHTML, like Gecko; compatible; ClaudeBot/1.0; +claudebot@anthropic.com)"
207.46.13.153 - - [13/Apr/2025:11:48:15 -0400] "GET /sitemap-mobile-997.xml HTTP/1.1" 200 9784 "-" "Mozilla/5.0 AppleWebKit/537.36 (KHTML, like Gecko; compatible; bingbot/2.0; +http://www.bing.com/bingbot.htm) Chrome/116.0.1938.76 Safari/537.36"
3.146.206.173 - - [13/Apr/2025:11:48:18 -0400] "GET /ad917/?path=%2Fhome%2F..%2F.%2Flib64%2Fsecurity HTTP/1.1" 200 3002 "-" "Mozilla/5.0 AppleWebKit/537.36 (KHTML, like Gecko; compatible; ClaudeBot/1.0; +claudebot@anthropic.com)"
207.46.13.153 - - [13/Apr/2025:11:48:18 -0400] "GET /sitemap-item-2864.xml HTTP/1.1" 200 10134 "-" "Mozilla/5.0 AppleWebKit/537.36 (KHTML, like Gecko; compatible; bingbot/2.0; +http://www.bing.com/bingbot.htm) Chrome/116.0.1938.76 Safari/537.36"
3.146.206.173 - - [13/Apr/2025:11:48:21 -0400] "GET /ad917/?path=%2Fhome%2F..%2F.%2Flib64%2Fhmaccalc HTTP/1.1" 200 1618 "-" "Mozilla/5.0 AppleWebKit/537.36 (KHTML, like Gecko; compatible; ClaudeBot/1.0; +claudebot@anthropic.com)"
207.46.13.17 - - [13/Apr/2025:11:48:21 -0400] "GET /sitemap-item-2810.xml HTTP/1.1" 200 10152 "-" "Mozilla/5.0 AppleWebKit/537.36 (KHTML, like Gecko; compatible; bingbot/2.0; +http://www.bing.com/bingbot.htm) Chrome/116.0.1938.76 Safari/537.36"
207.46.13.17 - - [13/Apr/2025:11:48:24 -0400] "GET /sitemap-item-595.xml HTTP/1.1" 200 10181 "-" "Mozilla/5.0 AppleWebKit/537.36 (KHTML, like Gecko; compatible; bingbot/2.0; +http://www.bing.com/bingbot.htm) Chrome/116.0.1938.76 Safari/537.36"
207.46.13.17 - - [13/Apr/2025:11:48:27 -0400] "GET /sitemap-mobile-458.xml HTTP/1.1" 200 9803 "-" "Mozilla/5.0 AppleWebKit/537.36 (KHTML, like Gecko; compatible; bingbot/2.0; +http://www.bing.com/bingbot.htm) Chrome/116.0.1938.76 Safari/537.36"
66.249.77.40 - - [13/Apr/2025:11:48:29 -0400] "GET /shopbrand/creamy820324.shtml HTTP/1.1" 200 25643 "-" "Mozilla/5.0 (Linux; Android 6.0.1; Nexus 5X Build/MMB29P) AppleWebKit/537.36 (KHTML, like Gecko) Chrome/135.0.7049.52 Mobile Safari/537.36 (compatible; Googlebot/2.1; +http://www.google.com/bot.html)"
207.46.13.17 - - [13/Apr/2025:11:48:30 -0400] "GET /sitemap-mobile-554.xml HTTP/1.1" 200 9655 "-" "Mozilla/5.0 AppleWebKit/537.36 (KHTML, like Gecko; compatible; bingbot/2.0; +http://www.bing.com/bingbot.htm) Chrome/116.0.1938.76 Safari/537.36"
40.77.167.48 - - [13/Apr/2025:11:48:34 -0400] "GET /sitemap-item-1056.xml HTTP/1.1" 200 10093 "-" "Mozilla/5.0 AppleWebKit/537.36 (KHTML, like Gecko; compatible; bingbot/2.0; +http://www.bing.com/bingbot.htm) Chrome/116.0.1938.76 Safari/537.36"
40.77.167.149 - - [13/Apr/2025:11:48:36 -0400] "GET /product/felony/72793606.shtml HTTP/1.1" 200 26033 "-" "Mozilla/5.0 AppleWebKit/537.36 (KHTML, like Gecko; compatible; bingbot/2.0; +http://www.bing.com/bingbot.htm) Chrome/116.0.1938.76 Safari/537.36"
40.77.167.48 - - [13/Apr/2025:11:48:36 -0400] "GET /sitemap-mobile-1265.xml HTTP/1.1" 200 9904 "-" "Mozilla/5.0 AppleWebKit/537.36 (KHTML, like Gecko; compatible; bingbot/2.0; +http://www.bing.com/bingbot.htm) Chrome/116.0.1938.76 Safari/537.36"
40.77.167.48 - - [13/Apr/2025:11:48:40 -0400] "GET /sitemap-item-2587.xml HTTP/1.1" 200 10144 "-" "Mozilla/5.0 AppleWebKit/537.36 (KHTML, like Gecko; compatible; bingbot/2.0; +http://www.bing.com/bingbot.htm) Chrome/116.0.1938.76 Safari/537.36"
40.77.167.48 - - [13/Apr/2025:11:48:43 -0400] "GET /sitemap-item-970.xml HTTP/1.1" 200 10162 "-" "Mozilla/5.0 AppleWebKit/537.36 (KHTML, like Gecko; compatible; bingbot/2.0; +http://www.bing.com/bingbot.htm) Chrome/116.0.1938.76 Safari/537.36"
40.77.167.48 - - [13/Apr/2025:11:48:46 -0400] "GET /sitemap-item-3060.xml HTTP/1.1" 200 10098 "-" "Mozilla/5.0 AppleWebKit/537.36 (KHTML, like Gecko; compatible; bingbot/2.0; +http://www.bing.com/bingbot.htm) Chrome/116.0.1938.76 Safari/537.36"
66.249.77.40 - - [13/Apr/2025:11:48:49 -0400] "GET /special/jg/chaetodon94991968.shtml HTTP/1.1" 200 26198 "-" "Mozilla/5.0 (Linux; Android 6.0.1; Nexus 5X Build/MMB29P) AppleWebKit/537.36 (KHTML, like Gecko) Chrome/135.0.7049.52 Mobile Safari/537.36 (compatible; GoogleOther)"
40.77.167.48 - - [13/Apr/2025:11:48:49 -0400] "GET /sitemap-item-2424.xml HTTP/1.1" 200 10253 "-" "Mozilla/5.0 AppleWebKit/537.36 (KHTML, like Gecko; compatible; bingbot/2.0; +http://www.bing.com/bingbot.htm) Chrome/116.0.1938.76 Safari/537.36"
66.249.77.40 - - [13/Apr/2025:11:48:49 -0400] "GET /products/rue/grevyi/4557232.shtml HTTP/1.1" 200 27354 "-" "Mozilla/5.0 (Linux; Android 6.0.1; Nexus 5X Build/MMB29P) AppleWebKit/537.36 (KHTML, like Gecko) Chrome/135.0.7049.52 Mobile Safari/537.36 (compatible; Googlebot/2.1; +http://www.google.com/bot.html)"
66.249.77.40 - - [13/Apr/2025:11:48:50 -0400] "GET /shopbrand/rowelling3160966.shtml HTTP/1.1" 200 28882 "-" "Mozilla/5.0 (Linux; Android 6.0.1; Nexus 5X Build/MMB29P) AppleWebKit/537.36 (KHTML, like Gecko) Chrome/135.0.7049.52 Mobile Safari/537.36 (compatible; Googlebot/2.1; +http://www.google.com/bot.html)"
3.145.105.194 - - [13/Apr/2025:11:48:51 -0400] "GET /ad917/?path=%2Fhome%2F..%2F.%2Flib64%2Flibldap.so HTTP/1.1" 200 941 "-" "Mozilla/5.0 AppleWebKit/537.36 (KHTML, like Gecko; compatible; ClaudeBot/1.0; +claudebot@anthropic.com)"
40.77.167.48 - - [13/Apr/2025:11:48:52 -0400] "GET /sitemap-item-1304.xml HTTP/1.1" 200 10176 "-" "Mozilla/5.0 AppleWebKit/537.36 (KHTML, like Gecko; compatible; bingbot/2.0; +http://www.bing.com/bingbot.htm) Chrome/116.0.1938.76 Safari/537.36"
3.145.105.194 - - [13/Apr/2025:11:48:54 -0400] "GET /ad917/?path=%2Fhome%2F..%2Flib64%2F.%2FlibXv.so.1 HTTP/1.1" 200 941 "-" "Mozilla/5.0 AppleWebKit/537.36 (KHTML, like Gecko; compatible; ClaudeBot/1.0; +claudebot@anthropic.com)"
40.77.167.48 - - [13/Apr/2025:11:48:55 -0400] "GET /sitemap-mobile-2724.xml HTTP/1.1" 200 9645 "-" "Mozilla/5.0 AppleWebKit/537.36 (KHTML, like Gecko; compatible; bingbot/2.0; +http://www.bing.com/bingbot.htm) Chrome/116.0.1938.76 Safari/537.36"
66.249.77.40 - - [13/Apr/2025:11:48:56 -0400] "GET /shopbrand/17740060.shtml HTTP/1.1" 200 25536 "-" "Mozilla/5.0 (Linux; Android 6.0.1; Nexus 5X Build/MMB29P) AppleWebKit/537.36 (KHTML, like Gecko) Chrome/135.0.7049.52 Mobile Safari/537.36 (compatible; Googlebot/2.1; +http://www.google.com/bot.html)"
40.77.167.149 - - [13/Apr/2025:11:48:56 -0400] "GET /item3379084.shtml HTTP/1.1" 200 26962 "-" "Mozilla/5.0 AppleWebKit/537.36 (KHTML, like Gecko; compatible; bingbot/2.0; +http://www.bing.com/bingbot.htm) Chrome/116.0.1938.76 Safari/537.36"
3.145.105.194 - - [13/Apr/2025:11:48:57 -0400] "GET /ad917/?path=%2Fhome%2F..%2F.%2Flib64%2Flibmvec.so HTTP/1.1" 200 940 "-" "Mozilla/5.0 AppleWebKit/537.36 (KHTML, like Gecko; compatible; ClaudeBot/1.0; +claudebot@anthropic.com)"
40.77.167.48 - - [13/Apr/2025:11:48:58 -0400] "GET /sitemap-item-1490.xml HTTP/1.1" 200 10267 "-" "Mozilla/5.0 AppleWebKit/537.36 (KHTML, like Gecko; compatible; bingbot/2.0; +http://www.bing.com/bingbot.htm) Chrome/116.0.1938.76 Safari/537.36"
3.145.105.194 - - [13/Apr/2025:11:49:00 -0400] "GET /ad917/?path=%2Fhome%2F..%2F.%2Flib64%2Flibdb-5.so HTTP/1.1" 200 941 "-" "Mozilla/5.0 AppleWebKit/537.36 (KHTML, like Gecko; compatible; ClaudeBot/1.0; +claudebot@anthropic.com)"
66.249.77.40 - - [13/Apr/2025:11:49:01 -0400] "GET /products/integrator28262618.shtml HTTP/1.1" 200 26278 "-" "Mozilla/5.0 (Linux; Android 6.0.1; Nexus 5X Build/MMB29P) AppleWebKit/537.36 (KHTML, like Gecko) Chrome/135.0.7049.52 Mobile Safari/537.36 (compatible; Googlebot/2.1; +http://www.google.com/bot.html)"
40.77.167.48 - - [13/Apr/2025:11:49:01 -0400] "GET /sitemap-item-659.xml HTTP/1.1" 200 10244 "-" "Mozilla/5.0 AppleWebKit/537.36 (KHTML, like Gecko; compatible; bingbot/2.0; +http://www.bing.com/bingbot.htm) Chrome/116.0.1938.76 Safari/537.36"
3.145.105.194 - - [13/Apr/2025:11:49:03 -0400] "GET /ad917/?path=%2Fhome%2F..%2F.%2Flib64%2Flibdw.so.1 HTTP/1.1" 200 941 "-" "Mozilla/5.0 AppleWebKit/537.36 (KHTML, like Gecko; compatible; ClaudeBot/1.0; +claudebot@anthropic.com)"
66.249.77.41 - - [13/Apr/2025:11:49:03 -0400] "GET /detail/4162972.shtml HTTP/1.1" 200 26176 "-" "Mozilla/5.0 (Linux; Android 6.0.1; Nexus 5X Build/MMB29P) AppleWebKit/537.36 (KHTML, like Gecko) Chrome/135.0.7049.52 Mobile Safari/537.36 (compatible; Googlebot/2.1; +http://www.google.com/bot.html)"
40.77.167.48 - - [13/Apr/2025:11:49:04 -0400] "GET /sitemap-item-2683.xml HTTP/1.1" 200 10384 "-" "Mozilla/5.0 AppleWebKit/537.36 (KHTML, like Gecko; compatible; bingbot/2.0; +http://www.bing.com/bingbot.htm) Chrome/116.0.1938.76 Safari/537.36"
66.249.77.40 - - [13/Apr/2025:11:49:05 -0400] "GET /detail/captured105603116.shtml HTTP/1.1" 200 27171 "-" "Mozilla/5.0 (Linux; Android 6.0.1; Nexus 5X Build/MMB29P) AppleWebKit/537.36 (KHTML, like Gecko) Chrome/135.0.7049.52 Mobile Safari/537.36 (compatible; Googlebot/2.1; +http://www.google.com/bot.html)"
3.145.105.194 - - [13/Apr/2025:11:49:06 -0400] "GET /ad917/?path=%2Fhome%2F..%2Flib64%2F.%2Flibxml2.so HTTP/1.1" 200 940 "-" "Mozilla/5.0 AppleWebKit/537.36 (KHTML, like Gecko; compatible; ClaudeBot/1.0; +claudebot@anthropic.com)"
40.77.167.48 - - [13/Apr/2025:11:49:07 -0400] "GET /sitemap-mobile-2949.xml HTTP/1.1" 200 9927 "-" "Mozilla/5.0 AppleWebKit/537.36 (KHTML, like Gecko; compatible; bingbot/2.0; +http://www.bing.com/bingbot.htm) Chrome/116.0.1938.76 Safari/537.36"
3.145.105.194 - - [13/Apr/2025:11:49:09 -0400] "GET /ad917/?path=%2Fhome%2F..%2Flib64%2F.%2Flibcurl.so HTTP/1.1" 200 938 "-" "Mozilla/5.0 AppleWebKit/537.36 (KHTML, like Gecko; compatible; ClaudeBot/1.0; +claudebot@anthropic.com)"
40.77.167.48 - - [13/Apr/2025:11:49:10 -0400] "GET /sitemap-mobile-740.xml HTTP/1.1" 200 9676 "-" "Mozilla/5.0 AppleWebKit/537.36 (KHTML, like Gecko; compatible; bingbot/2.0; +http://www.bing.com/bingbot.htm) Chrome/116.0.1938.76 Safari/537.36"
40.77.167.48 - - [13/Apr/2025:11:49:13 -0400] "GET /sitemap-mobile-2719.xml HTTP/1.1" 200 9669 "-" "Mozilla/5.0 AppleWebKit/537.36 (KHTML, like Gecko; compatible; bingbot/2.0; +http://www.bing.com/bingbot.htm) Chrome/116.0.1938.76 Safari/537.36"
66.249.77.40 - - [13/Apr/2025:11:49:14 -0400] "GET /item/cognation117226746.shtml HTTP/1.1" 200 29585 "-" "Mozilla/5.0 (Linux; Android 6.0.1; Nexus 5X Build/MMB29P) AppleWebKit/537.36 (KHTML, like Gecko) Chrome/135.0.7049.52 Mobile Safari/537.36 (compatible; Googlebot/2.1; +http://www.google.com/bot.html)"
66.249.77.40 - - [13/Apr/2025:11:49:15 -0400] "GET /entity/philanthropy/115230658.shtml HTTP/1.1" 200 26578 "-" "Mozilla/5.0 (Linux; Android 6.0.1; Nexus 5X Build/MMB29P) AppleWebKit/537.36 (KHTML, like Gecko) Chrome/135.0.7049.52 Mobile Safari/537.36 (compatible; GoogleOther)"
40.77.167.48 - - [13/Apr/2025:11:49:16 -0400] "GET /sitemap-mobile-330.xml HTTP/1.1" 200 9681 "-" "Mozilla/5.0 AppleWebKit/537.36 (KHTML, like Gecko; compatible; bingbot/2.0; +http://www.bing.com/bingbot.htm) Chrome/116.0.1938.76 Safari/537.36"
40.77.167.48 - - [13/Apr/2025:11:49:18 -0400] "GET /sitemap-item-616.xml HTTP/1.1" 200 10149 "-" "Mozilla/5.0 AppleWebKit/537.36 (KHTML, like Gecko; compatible; bingbot/2.0; +http://www.bing.com/bingbot.htm) Chrome/116.0.1938.76 Safari/537.36"
40.77.167.48 - - [13/Apr/2025:11:49:21 -0400] "GET /sitemap-mobile-1854.xml HTTP/1.1" 200 9673 "-" "Mozilla/5.0 AppleWebKit/537.36 (KHTML, like Gecko; compatible; bingbot/2.0; +http://www.bing.com/bingbot.htm) Chrome/116.0.1938.76 Safari/537.36"
40.77.167.48 - - [13/Apr/2025:11:49:24 -0400] "GET /sitemap-item-2616.xml HTTP/1.1" 200 10272 "-" "Mozilla/5.0 AppleWebKit/537.36 (KHTML, like Gecko; compatible; bingbot/2.0; +http://www.bing.com/bingbot.htm) Chrome/116.0.1938.76 Safari/537.36"
40.77.167.149 - - [13/Apr/2025:11:49:27 -0400] "GET /goods/52277080.shtml HTTP/1.1" 200 26948 "-" "Mozilla/5.0 AppleWebKit/537.36 (KHTML, like Gecko; compatible; bingbot/2.0; +http://www.bing.com/bingbot.htm) Chrome/116.0.1938.76 Safari/537.36"
40.77.167.48 - - [13/Apr/2025:11:49:27 -0400] "GET /sitemap-mobile-2355.xml HTTP/1.1" 200 9842 "-" "Mozilla/5.0 AppleWebKit/537.36 (KHTML, like Gecko; compatible; bingbot/2.0; +http://www.bing.com/bingbot.htm) Chrome/116.0.1938.76 Safari/537.36"
198.54.116.86 - - [13/Apr/2025:11:49:28 -0400] "POST /wp-cron.php?doing_wp_cron=1744559368.1915171146392822265625 HTTP/1.1" 200 0 "-" "WordPress/6.7.2; https://servethepeopleinc.org"
198.98.61.49 - - [13/Apr/2025:11:49:26 -0400] "GET /wp-login.php HTTP/1.1" 200 6169 "-" "Mozilla/5.0 (Windows NT 6.1) AppleWebKit/537.36 (KHTML, like Gecko) Chrome/36.0.1985.125 Safari/537.36"
198.98.61.49 - - [13/Apr/2025:11:49:29 -0400] "POST /wp-login.php HTTP/1.1" 200 6652 "-" "Mozilla/5.0 (Windows NT 6.1) AppleWebKit/537.36 (KHTML, like Gecko) Chrome/36.0.1985.125 Safari/537.36"
198.54.116.86 - - [13/Apr/2025:11:49:29 -0400] "POST /wp-admin/admin-ajax.php?action=async_litespeed&nonce=o65kXofyrGTw1MuVfqWZiVWtvKvlT6kb&litespeed_type=imgoptm HTTP/1.1" 200 0 "-" "WordPress/6.7.2; https://servethepeopleinc.org"
40.77.167.48 - - [13/Apr/2025:11:49:30 -0400] "GET /sitemap-mobile-1045.xml HTTP/1.1" 200 9718 "-" "Mozilla/5.0 AppleWebKit/537.36 (KHTML, like Gecko; compatible; bingbot/2.0; +http://www.bing.com/bingbot.htm) Chrome/116.0.1938.76 Safari/537.36"
40.77.167.67 - - [13/Apr/2025:11:49:33 -0400] "GET /sitemap-item-2345.xml HTTP/1.1" 200 10325 "-" "Mozilla/5.0 AppleWebKit/537.36 (KHTML, like Gecko; compatible; bingbot/2.0; +http://www.bing.com/bingbot.htm) Chrome/116.0.1938.76 Safari/537.36"
18.117.82.179 - - [13/Apr/2025:11:49:36 -0400] "GET /ad917/?path=%2Fhome%2F..%2Flib64%2F.%2Flibogg.so.0 HTTP/1.1" 200 938 "-" "Mozilla/5.0 AppleWebKit/537.36 (KHTML, like Gecko; compatible; ClaudeBot/1.0; +claudebot@anthropic.com)"
40.77.167.67 - - [13/Apr/2025:11:49:38 -0400] "GET /sitemap-item-1989.xml HTTP/1.1" 200 10264 "-" "Mozilla/5.0 AppleWebKit/537.36 (KHTML, like Gecko; compatible; bingbot/2.0; +http://www.bing.com/bingbot.htm) Chrome/116.0.1938.76 Safari/537.36"
18.117.82.179 - - [13/Apr/2025:11:49:39 -0400] "GET /ad917/?path=%2Fhome%2F..%2Flib64%2Frpm-plugins%2F. HTTP/1.1" 200 1528 "-" "Mozilla/5.0 AppleWebKit/537.36 (KHTML, like Gecko; compatible; ClaudeBot/1.0; +claudebot@anthropic.com)"
40.77.167.67 - - [13/Apr/2025:11:49:41 -0400] "GET /sitemap-mobile-873.xml HTTP/1.1" 200 9854 "-" "Mozilla/5.0 AppleWebKit/537.36 (KHTML, like Gecko; compatible; bingbot/2.0; +http://www.bing.com/bingbot.htm) Chrome/116.0.1938.76 Safari/537.36"
18.117.82.179 - - [13/Apr/2025:11:49:42 -0400] "GET /ad917/?path=%2Fhome%2F..%2Fusr%2Finclude%2Ferror.h HTTP/1.1" 200 1929 "-" "Mozilla/5.0 AppleWebKit/537.36 (KHTML, like Gecko; compatible; ClaudeBot/1.0; +claudebot@anthropic.com)"
40.77.167.67 - - [13/Apr/2025:11:49:44 -0400] "GET /sitemap-mobile-1213.xml HTTP/1.1" 200 9821 "-" "Mozilla/5.0 AppleWebKit/537.36 (KHTML, like Gecko; compatible; bingbot/2.0; +http://www.bing.com/bingbot.htm) Chrome/116.0.1938.76 Safari/537.36"
18.117.82.179 - - [13/Apr/2025:11:49:45 -0400] "GET /ad917/?path=%2Fhome%2F..%2Fusr%2Finclude%2Fzconf.h HTTP/1.1" 200 5559 "-" "Mozilla/5.0 AppleWebKit/537.36 (KHTML, like Gecko; compatible; ClaudeBot/1.0; +claudebot@anthropic.com)"
66.249.77.40 - - [13/Apr/2025:11:49:45 -0400] "GET /goods/keelhauled17863970.shtml HTTP/1.1" 200 28860 "-" "Mozilla/5.0 (Linux; Android 6.0.1; Nexus 5X Build/MMB29P) AppleWebKit/537.36 (KHTML, like Gecko) Chrome/135.0.7049.52 Mobile Safari/537.36 (compatible; Googlebot/2.1; +http://www.google.com/bot.html)"
40.77.167.149 - - [13/Apr/2025:11:49:46 -0400] "GET /special76363790.shtml HTTP/1.1" 200 25914 "-" "Mozilla/5.0 AppleWebKit/537.36 (KHTML, like Gecko; compatible; bingbot/2.0; +http://www.bing.com/bingbot.htm) Chrome/116.0.1938.76 Safari/537.36"
66.249.77.40 - - [13/Apr/2025:11:49:46 -0400] "GET /special/requirer/118218152.shtml HTTP/1.1" 200 29745 "-" "Mozilla/5.0 (Linux; Android 6.0.1; Nexus 5X Build/MMB29P) AppleWebKit/537.36 (KHTML, like Gecko) Chrome/135.0.7049.52 Mobile Safari/537.36 (compatible; Googlebot/2.1; +http://www.google.com/bot.html)"
40.77.167.67 - - [13/Apr/2025:11:49:47 -0400] "GET /sitemap-item-618.xml HTTP/1.1" 200 10092 "-" "Mozilla/5.0 AppleWebKit/537.36 (KHTML, like Gecko; compatible; bingbot/2.0; +http://www.bing.com/bingbot.htm) Chrome/116.0.1938.76 Safari/537.36"
18.117.82.179 - - [13/Apr/2025:11:49:48 -0400] "GET /ad917/?path=%2Fhome%2F..%2Fusr%2Finclude%2Fopenssl HTTP/1.1" 200 3827 "-" "Mozilla/5.0 AppleWebKit/537.36 (KHTML, like Gecko; compatible; ClaudeBot/1.0; +claudebot@anthropic.com)"
66.249.77.40 - - [13/Apr/2025:11:49:48 -0400] "GET /product/37991982.shtml HTTP/1.1" 200 28788 "-" "Mozilla/5.0 (Linux; Android 6.0.1; Nexus 5X Build/MMB29P) AppleWebKit/537.36 (KHTML, like Gecko) Chrome/135.0.7049.52 Mobile Safari/537.36 (compatible; Googlebot/2.1; +http://www.google.com/bot.html)"
66.249.77.40 - - [13/Apr/2025:11:49:50 -0400] "GET /items2271402.shtml HTTP/1.1" 200 27637 "-" "Mozilla/5.0 (Linux; Android 6.0.1; Nexus 5X Build/MMB29P) AppleWebKit/537.36 (KHTML, like Gecko) Chrome/135.0.7049.52 Mobile Safari/537.36 (compatible; Googlebot/2.1; +http://www.google.com/bot.html)"
40.77.167.67 - - [13/Apr/2025:11:49:50 -0400] "GET /sitemap-mobile-1401.xml HTTP/1.1" 200 10002 "-" "Mozilla/5.0 AppleWebKit/537.36 (KHTML, like Gecko; compatible; bingbot/2.0; +http://www.bing.com/bingbot.htm) Chrome/116.0.1938.76 Safari/537.36"
18.117.82.179 - - [13/Apr/2025:11:49:51 -0400] "GET /ad917/?path=%2Fhome%2F..%2Fusr%2Flibexec%2Fgetconf HTTP/1.1" 200 1584 "-" "Mozilla/5.0 AppleWebKit/537.36 (KHTML, like Gecko; compatible; ClaudeBot/1.0; +claudebot@anthropic.com)"
40.77.167.67 - - [13/Apr/2025:11:49:53 -0400] "GET /sitemap-mobile-734.xml HTTP/1.1" 200 9714 "-" "Mozilla/5.0 AppleWebKit/537.36 (KHTML, like Gecko; compatible; bingbot/2.0; +http://www.bing.com/bingbot.htm) Chrome/116.0.1938.76 Safari/537.36"
18.117.82.179 - - [13/Apr/2025:11:49:54 -0400] "GET /ad917/?path=%2Fhome%2F..%2Fusr%2Finclude%2Fregex.h HTTP/1.1" 200 9107 "-" "Mozilla/5.0 AppleWebKit/537.36 (KHTML, like Gecko; compatible; ClaudeBot/1.0; +claudebot@anthropic.com)"
66.249.77.40 - - [13/Apr/2025:11:49:55 -0400] "GET /goodscode/veq/imbowment/629476.shtml HTTP/1.1" 200 27698 "-" "Mozilla/5.0 (Linux; Android 6.0.1; Nexus 5X Build/MMB29P) AppleWebKit/537.36 (KHTML, like Gecko) Chrome/135.0.7049.52 Mobile Safari/537.36 (compatible; Googlebot/2.1; +http://www.google.com/bot.html)"
40.77.167.67 - - [13/Apr/2025:11:49:56 -0400] "GET /sitemap-mobile-1392.xml HTTP/1.1" 200 9747 "-" "Mozilla/5.0 AppleWebKit/537.36 (KHTML, like Gecko; compatible; bingbot/2.0; +http://www.bing.com/bingbot.htm) Chrome/116.0.1938.76 Safari/537.36"
18.117.82.179 - - [13/Apr/2025:11:49:57 -0400] "GET /ad917/?path=%2Fhome%2F..%2Fusr%2Finclude%2Fpanel.h HTTP/1.1" 200 2399 "-" "Mozilla/5.0 AppleWebKit/537.36 (KHTML, like Gecko; compatible; ClaudeBot/1.0; +claudebot@anthropic.com)"
40.77.167.67 - - [13/Apr/2025:11:49:59 -0400] "GET /sitemap-item-2422.xml HTTP/1.1" 200 10231 "-" "Mozilla/5.0 AppleWebKit/537.36 (KHTML, like Gecko; compatible; bingbot/2.0; +http://www.bing.com/bingbot.htm) Chrome/116.0.1938.76 Safari/537.36"
18.117.82.179 - - [13/Apr/2025:11:50:00 -0400] "GET /ad917/?path=%2Fhome%2F..%2Fusr%2Finclude%2Fstdio.h HTTP/1.1" 200 7453 "-" "Mozilla/5.0 AppleWebKit/537.36 (KHTML, like Gecko; compatible; ClaudeBot/1.0; +claudebot@anthropic.com)"
40.77.167.67 - - [13/Apr/2025:11:50:02 -0400] "GET /sitemap-mobile-546.xml HTTP/1.1" 200 9847 "-" "Mozilla/5.0 AppleWebKit/537.36 (KHTML, like Gecko; compatible; bingbot/2.0; +http://www.bing.com/bingbot.htm) Chrome/116.0.1938.76 Safari/537.36"
18.117.82.179 - - [13/Apr/2025:11:50:03 -0400] "GET /ad917/?path=%2Fhome%2F..%2Fusr%2Finclude%2Fgconv.h HTTP/1.1" 200 2707 "-" "Mozilla/5.0 AppleWebKit/537.36 (KHTML, like Gecko; compatible; ClaudeBot/1.0; +claudebot@anthropic.com)"
40.77.167.67 - - [13/Apr/2025:11:50:05 -0400] "GET /sitemap-mobile-1979.xml HTTP/1.1" 200 9660 "-" "Mozilla/5.0 AppleWebKit/537.36 (KHTML, like Gecko; compatible; bingbot/2.0; +http://www.bing.com/bingbot.htm) Chrome/116.0.1938.76 Safari/537.36"
18.117.82.179 - - [13/Apr/2025:11:50:06 -0400] "GET /ad917/?path=%2Fhome%2F..%2Fusr%2Finclude%2Fevdns.h HTTP/1.1" 200 1996 "-" "Mozilla/5.0 AppleWebKit/537.36 (KHTML, like Gecko; compatible; ClaudeBot/1.0; +claudebot@anthropic.com)"
52.167.144.206 - - [13/Apr/2025:11:50:06 -0400] "GET /item115912540.shtml HTTP/1.1" 200 27173 "-" "Mozilla/5.0 AppleWebKit/537.36 (KHTML, like Gecko; compatible; bingbot/2.0; +http://www.bing.com/bingbot.htm) Chrome/116.0.1938.76 Safari/537.36"
40.77.167.67 - - [13/Apr/2025:11:50:08 -0400] "GET /sitemap-mobile-327.xml HTTP/1.1" 200 9789 "-" "Mozilla/5.0 AppleWebKit/537.36 (KHTML, like Gecko; compatible; bingbot/2.0; +http://www.bing.com/bingbot.htm) Chrome/116.0.1938.76 Safari/537.36"
18.117.82.179 - - [13/Apr/2025:11:50:09 -0400] "GET /ad917/?path=%2Fhome%2F..%2Fusr%2Finclude%2Fsgtty.h HTTP/1.1" 200 1599 "-" "Mozilla/5.0 AppleWebKit/537.36 (KHTML, like Gecko; compatible; ClaudeBot/1.0; +claudebot@anthropic.com)"
52.167.144.206 - - [13/Apr/2025:11:50:11 -0400] "GET /item/69547108.shtml HTTP/1.1" 200 27872 "-" "Mozilla/5.0 AppleWebKit/537.36 (KHTML, like Gecko; compatible; bingbot/2.0; +http://www.bing.com/bingbot.htm) Chrome/116.0.1938.76 Safari/537.36"
18.117.82.179 - - [13/Apr/2025:11:50:12 -0400] "GET /ad917/?path=%2Fhome%2F..%2Fusr%2Finclude%2Fwchar.h HTTP/1.1" 200 6995 "-" "Mozilla/5.0 AppleWebKit/537.36 (KHTML, like Gecko; compatible; ClaudeBot/1.0; +claudebot@anthropic.com)"
40.77.167.67 - - [13/Apr/2025:11:50:11 -0400] "GET /sitemap-item-1098.xml HTTP/1.1" 200 10171 "-" "Mozilla/5.0 AppleWebKit/537.36 (KHTML, like Gecko; compatible; bingbot/2.0; +http://www.bing.com/bingbot.htm) Chrome/116.0.1938.76 Safari/537.36"
40.77.167.67 - - [13/Apr/2025:11:50:14 -0400] "GET /sitemap-mobile-803.xml HTTP/1.1" 200 9943 "-" "Mozilla/5.0 AppleWebKit/537.36 (KHTML, like Gecko; compatible; bingbot/2.0; +http://www.bing.com/bingbot.htm) Chrome/116.0.1938.76 Safari/537.36"
18.117.82.179 - - [13/Apr/2025:11:50:15 -0400] "GET /ad917/?path=%2Fhome%2F..%2Fusr%2Finclude%2Fgpgrt.h HTTP/1.1" 200 17351 "-" "Mozilla/5.0 AppleWebKit/537.36 (KHTML, like Gecko; compatible; ClaudeBot/1.0; +claudebot@anthropic.com)"
66.249.77.42 - - [13/Apr/2025:11:50:16 -0400] "GET /detail/88996988.shtml HTTP/1.1" 200 25093 "-" "Mozilla/5.0 (Linux; Android 6.0.1; Nexus 5X Build/MMB29P) AppleWebKit/537.36 (KHTML, like Gecko) Chrome/135.0.7049.52 Mobile Safari/537.36 (compatible; Googlebot/2.1; +http://www.google.com/bot.html)"
40.77.167.67 - - [13/Apr/2025:11:50:17 -0400] "GET /sitemap-item-342.xml HTTP/1.1" 200 10147 "-" "Mozilla/5.0 AppleWebKit/537.36 (KHTML, like Gecko; compatible; bingbot/2.0; +http://www.bing.com/bingbot.htm) Chrome/116.0.1938.76 Safari/537.36"
18.117.82.179 - - [13/Apr/2025:11:50:18 -0400] "GET /ad917/?path=%2Fhome%2F..%2Fusr%2Finclude%2Fapache2 HTTP/1.1" 200 3139 "-" "Mozilla/5.0 AppleWebKit/537.36 (KHTML, like Gecko; compatible; ClaudeBot/1.0; +claudebot@anthropic.com)"
66.249.77.42 - - [13/Apr/2025:11:50:18 -0400] "GET /products/58034924.shtml HTTP/1.1" 200 27524 "-" "Mozilla/5.0 (Linux; Android 6.0.1; Nexus 5X Build/MMB29P) AppleWebKit/537.36 (KHTML, like Gecko) Chrome/135.0.7049.52 Mobile Safari/537.36 (compatible; Googlebot/2.1; +http://www.google.com/bot.html)"
18.117.82.179 - - [13/Apr/2025:11:50:21 -0400] "GET /ad917/?path=%2Fhome%2F..%2Fusr%2Finclude%2Futmpx.h HTTP/1.1" 200 2052 "-" "Mozilla/5.0 AppleWebKit/537.36 (KHTML, like Gecko; compatible; ClaudeBot/1.0; +claudebot@anthropic.com)"
40.77.167.67 - - [13/Apr/2025:11:50:20 -0400] "GET /sitemap-item-2738.xml HTTP/1.1" 200 10141 "-" "Mozilla/5.0 AppleWebKit/537.36 (KHTML, like Gecko; compatible; bingbot/2.0; +http://www.bing.com/bingbot.htm) Chrome/116.0.1938.76 Safari/537.36"
66.249.77.40 - - [13/Apr/2025:11:50:22 -0400] "GET /item/26281226.shtml HTTP/1.1" 200 27917 "-" "Mozilla/5.0 (Linux; Android 6.0.1; Nexus 5X Build/MMB29P) AppleWebKit/537.36 (KHTML, like Gecko) Chrome/135.0.7049.52 Mobile Safari/537.36 (compatible; Googlebot/2.1; +http://www.google.com/bot.html)"
66.249.77.40 - - [13/Apr/2025:11:50:23 -0400] "GET /items/4667188.shtml HTTP/1.1" 200 26976 "-" "Mozilla/5.0 (Linux; Android 6.0.1; Nexus 5X Build/MMB29P) AppleWebKit/537.36 (KHTML, like Gecko) Chrome/135.0.7049.52 Mobile Safari/537.36 (compatible; Googlebot/2.1; +http://www.google.com/bot.html)"
18.117.82.179 - - [13/Apr/2025:11:50:24 -0400] "GET /ad917/?path=%2Fhome%2F..%2Fusr%2Finclude%2Fpaths.h HTTP/1.1" 200 2347 "-" "Mozilla/5.0 AppleWebKit/537.36 (KHTML, like Gecko; compatible; ClaudeBot/1.0; +claudebot@anthropic.com)"
40.77.167.67 - - [13/Apr/2025:11:50:23 -0400] "GET /sitemap-item-715.xml HTTP/1.1" 200 10181 "-" "Mozilla/5.0 AppleWebKit/537.36 (KHTML, like Gecko; compatible; bingbot/2.0; +http://www.bing.com/bingbot.htm) Chrome/116.0.1938.76 Safari/537.36"
66.249.77.41 - - [13/Apr/2025:11:50:25 -0400] "GET /detail/continuable/80293984.shtml HTTP/1.1" 200 28091 "-" "Mozilla/5.0 (Linux; Android 6.0.1; Nexus 5X Build/MMB29P) AppleWebKit/537.36 (KHTML, like Gecko) Chrome/135.0.7049.52 Mobile Safari/537.36 (compatible; GoogleOther)"
40.77.167.67 - - [13/Apr/2025:11:50:26 -0400] "GET /sitemap-item-1037.xml HTTP/1.1" 200 10188 "-" "Mozilla/5.0 AppleWebKit/537.36 (KHTML, like Gecko; compatible; bingbot/2.0; +http://www.bing.com/bingbot.htm) Chrome/116.0.1938.76 Safari/537.36"
18.117.82.179 - - [13/Apr/2025:11:50:27 -0400] "GET /ad917/?path=%2Fhome%2F..%2Fusr%2Finclude%2Fevrpc.h HTTP/1.1" 200 1991 "-" "Mozilla/5.0 AppleWebKit/537.36 (KHTML, like Gecko; compatible; ClaudeBot/1.0; +claudebot@anthropic.com)"
40.77.167.67 - - [13/Apr/2025:11:50:29 -0400] "GET /sitemap-item-2867.xml HTTP/1.1" 200 10201 "-" "Mozilla/5.0 AppleWebKit/537.36 (KHTML, like Gecko; compatible; bingbot/2.0; +http://www.bing.com/bingbot.htm) Chrome/116.0.1938.76 Safari/537.36"
18.117.82.179 - - [13/Apr/2025:11:50:30 -0400] "GET /ad917/?path=%2Fhome%2F..%2Fusr%2Finclude%2Ffstab.h HTTP/1.1" 200 2478 "-" "Mozilla/5.0 AppleWebKit/537.36 (KHTML, like Gecko; compatible; ClaudeBot/1.0; +claudebot@anthropic.com)"
18.117.82.179 - - [13/Apr/2025:11:50:33 -0400] "GET /ad917/?path=%2Fhome%2F..%2Fusr%2Finclude%2Fevent.h HTTP/1.1" 200 2207 "-" "Mozilla/5.0 AppleWebKit/537.36 (KHTML, like Gecko; compatible; ClaudeBot/1.0; +claudebot@anthropic.com)"
40.77.167.67 - - [13/Apr/2025:11:50:32 -0400] "GET /sitemap-item-2406.xml HTTP/1.1" 200 10170 "-" "Mozilla/5.0 AppleWebKit/537.36 (KHTML, like Gecko; compatible; bingbot/2.0; +http://www.bing.com/bingbot.htm) Chrome/116.0.1938.76 Safari/537.36"
18.117.82.179 - - [13/Apr/2025:11:50:36 -0400] "GET /ad917/?path=%2Fhome%2F..%2Fusr%2Finclude%2Fselinux HTTP/1.1" 200 1740 "-" "Mozilla/5.0 AppleWebKit/537.36 (KHTML, like Gecko; compatible; ClaudeBot/1.0; +claudebot@anthropic.com)"
40.77.167.67 - - [13/Apr/2025:11:50:35 -0400] "GET /sitemap-mobile-959.xml HTTP/1.1" 200 9810 "-" "Mozilla/5.0 AppleWebKit/537.36 (KHTML, like Gecko; compatible; bingbot/2.0; +http://www.bing.com/bingbot.htm) Chrome/116.0.1938.76 Safari/537.36"
18.117.82.179 - - [13/Apr/2025:11:50:39 -0400] "GET /ad917/?path=%2Fhome%2F..%2Fusr%2Finclude%2Ffstrm.h HTTP/1.1" 200 5313 "-" "Mozilla/5.0 AppleWebKit/537.36 (KHTML, like Gecko; compatible; ClaudeBot/1.0; +claudebot@anthropic.com)"
40.77.167.67 - - [13/Apr/2025:11:50:38 -0400] "GET /sitemap-item-2237.xml HTTP/1.1" 200 10229 "-" "Mozilla/5.0 AppleWebKit/537.36 (KHTML, like Gecko; compatible; bingbot/2.0; +http://www.bing.com/bingbot.htm) Chrome/116.0.1938.76 Safari/537.36"
18.117.82.179 - - [13/Apr/2025:11:50:42 -0400] "GET /ad917/?path=%2Fhome%2F..%2Fusr%2Finclude%2Futime.h HTTP/1.1" 200 1699 "-" "Mozilla/5.0 AppleWebKit/537.36 (KHTML, like Gecko; compatible; ClaudeBot/1.0; +claudebot@anthropic.com)"
40.77.167.67 - - [13/Apr/2025:11:50:41 -0400] "GET /sitemap-mobile-1242.xml HTTP/1.1" 200 9767 "-" "Mozilla/5.0 AppleWebKit/537.36 (KHTML, like Gecko; compatible; bingbot/2.0; +http://www.bing.com/bingbot.htm) Chrome/116.0.1938.76 Safari/537.36"
18.117.82.179 - - [13/Apr/2025:11:50:45 -0400] "GET /ad917/?path=%2Fhome%2F..%2Fusr%2Finclude%2Ferrno.h HTTP/1.1" 200 1781 "-" "Mozilla/5.0 AppleWebKit/537.36 (KHTML, like Gecko; compatible; ClaudeBot/1.0; +claudebot@anthropic.com)"
40.77.167.67 - - [13/Apr/2025:11:50:44 -0400] "GET /sitemap-mobile-2990.xml HTTP/1.1" 200 9874 "-" "Mozilla/5.0 AppleWebKit/537.36 (KHTML, like Gecko; compatible; bingbot/2.0; +http://www.bing.com/bingbot.htm) Chrome/116.0.1938.76 Safari/537.36"
40.77.167.149 - - [13/Apr/2025:11:50:46 -0400] "GET /special76447670.shtml HTTP/1.1" 200 27329 "-" "Mozilla/5.0 AppleWebKit/537.36 (KHTML, like Gecko; compatible; bingbot/2.0; +http://www.bing.com/bingbot.htm) Chrome/116.0.1938.76 Safari/537.36"
18.117.82.179 - - [13/Apr/2025:11:50:48 -0400] "GET /ad917/?path=%2Fhome%2F..%2Fusr%2Finclude%2Fverto.h HTTP/1.1" 200 6266 "-" "Mozilla/5.0 AppleWebKit/537.36 (KHTML, like Gecko; compatible; ClaudeBot/1.0; +claudebot@anthropic.com)"
40.77.167.67 - - [13/Apr/2025:11:50:47 -0400] "GET /sitemap-mobile-1665.xml HTTP/1.1" 200 9747 "-" "Mozilla/5.0 AppleWebKit/537.36 (KHTML, like Gecko; compatible; bingbot/2.0; +http://www.bing.com/bingbot.htm) Chrome/116.0.1938.76 Safari/537.36"
18.117.82.179 - - [13/Apr/2025:11:50:51 -0400] "GET /ad917/?path=%2Fhome%2F..%2Fusr%2Flibexec%2Fopenssh HTTP/1.1" 200 1504 "-" "Mozilla/5.0 AppleWebKit/537.36 (KHTML, like Gecko; compatible; ClaudeBot/1.0; +claudebot@anthropic.com)"
40.77.167.67 - - [13/Apr/2025:11:50:50 -0400] "GET /sitemap-mobile-3041.xml HTTP/1.1" 200 9608 "-" "Mozilla/5.0 AppleWebKit/537.36 (KHTML, like Gecko; compatible; bingbot/2.0; +http://www.bing.com/bingbot.htm) Chrome/116.0.1938.76 Safari/537.36"
18.117.82.179 - - [13/Apr/2025:11:50:54 -0400] "GET /ad917/?path=%2Fhome%2F..%2Fusr%2Finclude%2Fnetinet HTTP/1.1" 200 1809 "-" "Mozilla/5.0 AppleWebKit/537.36 (KHTML, like Gecko; compatible; ClaudeBot/1.0; +claudebot@anthropic.com)"
40.77.167.67 - - [13/Apr/2025:11:50:53 -0400] "GET /sitemap-item-767.xml HTTP/1.1" 200 10000 "-" "Mozilla/5.0 AppleWebKit/537.36 (KHTML, like Gecko; compatible; bingbot/2.0; +http://www.bing.com/bingbot.htm) Chrome/116.0.1938.76 Safari/537.36"
66.249.77.40 - - [13/Apr/2025:11:50:54 -0400] "GET /entity/declaring118450274.shtml HTTP/1.1" 200 26180 "-" "Mozilla/5.0 (Linux; Android 6.0.1; Nexus 5X Build/MMB29P) AppleWebKit/537.36 (KHTML, like Gecko) Chrome/135.0.7049.52 Mobile Safari/537.36 (compatible; GoogleOther)"
18.117.82.179 - - [13/Apr/2025:11:50:57 -0400] "GET /ad917/?path=%2Fhome%2F..%2Fusr%2Finclude%2Fexpat.h HTTP/1.1" 200 12999 "-" "Mozilla/5.0 AppleWebKit/537.36 (KHTML, like Gecko; compatible; ClaudeBot/1.0; +claudebot@anthropic.com)"
40.77.167.67 - - [13/Apr/2025:11:50:56 -0400] "GET /sitemap-mobile-2361.xml HTTP/1.1" 200 9555 "-" "Mozilla/5.0 AppleWebKit/537.36 (KHTML, like Gecko; compatible; bingbot/2.0; +http://www.bing.com/bingbot.htm) Chrome/116.0.1938.76 Safari/537.36"
18.117.82.179 - - [13/Apr/2025:11:51:00 -0400] "GET /ad917/?path=%2Fhome%2F..%2Fusr%2Finclude%2Flua-5.1 HTTP/1.1" 200 1610 "-" "Mozilla/5.0 AppleWebKit/537.36 (KHTML, like Gecko; compatible; ClaudeBot/1.0; +claudebot@anthropic.com)"
40.77.167.67 - - [13/Apr/2025:11:50:59 -0400] "GET /sitemap-mobile-3094.xml HTTP/1.1" 200 9427 "-" "Mozilla/5.0 AppleWebKit/537.36 (KHTML, like Gecko; compatible; bingbot/2.0; +http://www.bing.com/bingbot.htm) Chrome/116.0.1938.76 Safari/537.36"
40.77.167.149 - - [13/Apr/2025:11:51:00 -0400] "GET /item/52905830.shtml HTTP/1.1" 200 27073 "-" "Mozilla/5.0 AppleWebKit/537.36 (KHTML, like Gecko; compatible; bingbot/2.0; +http://www.bing.com/bingbot.htm) Chrome/116.0.1938.76 Safari/537.36"
18.117.82.179 - - [13/Apr/2025:11:51:03 -0400] "GET /ad917/?path=%2Fhome%2F..%2Fusr%2Finclude%2Fnetrose HTTP/1.1" 200 1502 "-" "Mozilla/5.0 AppleWebKit/537.36 (KHTML, like Gecko; compatible; ClaudeBot/1.0; +claudebot@anthropic.com)"
40.77.167.67 - - [13/Apr/2025:11:51:02 -0400] "GET /sitemap-mobile-979.xml HTTP/1.1" 200 9688 "-" "Mozilla/5.0 AppleWebKit/537.36 (KHTML, like Gecko; compatible; bingbot/2.0; +http://www.bing.com/bingbot.htm) Chrome/116.0.1938.76 Safari/537.36"
18.117.82.179 - - [13/Apr/2025:11:51:06 -0400] "GET /ad917/?path=%2Fhome%2F..%2Fusr%2Finclude%2Flibltdl HTTP/1.1" 200 1560 "-" "Mozilla/5.0 AppleWebKit/537.36 (KHTML, like Gecko; compatible; ClaudeBot/1.0; +claudebot@anthropic.com)"
40.77.167.67 - - [13/Apr/2025:11:51:06 -0400] "GET /sitemap-item-1951.xml HTTP/1.1" 200 10135 "-" "Mozilla/5.0 AppleWebKit/537.36 (KHTML, like Gecko; compatible; bingbot/2.0; +http://www.bing.com/bingbot.htm) Chrome/116.0.1938.76 Safari/537.36"
40.77.167.149 - - [13/Apr/2025:11:51:06 -0400] "GET /entity/blackjack32350600.shtml HTTP/1.1" 200 28430 "-" "Mozilla/5.0 AppleWebKit/537.36 (KHTML, like Gecko; compatible; bingbot/2.0; +http://www.bing.com/bingbot.htm) Chrome/116.0.1938.76 Safari/537.36"
66.249.77.41 - - [13/Apr/2025:11:51:07 -0400] "GET /special/mu/triweekly/6736594.shtml HTTP/1.1" 200 27223 "-" "Mozilla/5.0 (Linux; Android 6.0.1; Nexus 5X Build/MMB29P) AppleWebKit/537.36 (KHTML, like Gecko) Chrome/135.0.7049.52 Mobile Safari/537.36 (compatible; Googlebot/2.1; +http://www.google.com/bot.html)"
18.117.82.179 - - [13/Apr/2025:11:51:09 -0400] "GET /ad917/?path=%2Fhome%2F..%2Fusr%2Finclude%2Fsched.h HTTP/1.1" 200 2322 "-" "Mozilla/5.0 AppleWebKit/537.36 (KHTML, like Gecko; compatible; ClaudeBot/1.0; +claudebot@anthropic.com)"
40.77.167.67 - - [13/Apr/2025:11:51:08 -0400] "GET /sitemap-item-979.xml HTTP/1.1" 200 10229 "-" "Mozilla/5.0 AppleWebKit/537.36 (KHTML, like Gecko; compatible; bingbot/2.0; +http://www.bing.com/bingbot.htm) Chrome/116.0.1938.76 Safari/537.36"
66.249.77.40 - - [13/Apr/2025:11:51:09 -0400] "GET /goods/ru/absorbition/6739064.shtml HTTP/1.1" 200 24695 "-" "Mozilla/5.0 (Linux; Android 6.0.1; Nexus 5X Build/MMB29P) AppleWebKit/537.36 (KHTML, like Gecko) Chrome/135.0.7049.52 Mobile Safari/537.36 (compatible; Googlebot/2.1; +http://www.google.com/bot.html)"
66.249.77.41 - - [13/Apr/2025:11:51:10 -0400] "GET /shopbrand18373552.shtml HTTP/1.1" 200 26224 "-" "Mozilla/5.0 (Linux; Android 6.0.1; Nexus 5X Build/MMB29P) AppleWebKit/537.36 (KHTML, like Gecko) Chrome/135.0.7049.52 Mobile Safari/537.36 (compatible; Googlebot/2.1; +http://www.google.com/bot.html)"
40.77.167.149 - - [13/Apr/2025:11:51:10 -0400] "GET /special/tartinis/32256248.shtml HTTP/1.1" 200 26494 "-" "Mozilla/5.0 AppleWebKit/537.36 (KHTML, like Gecko; compatible; bingbot/2.0; +http://www.bing.com/bingbot.htm) Chrome/116.0.1938.76 Safari/537.36"
18.117.82.179 - - [13/Apr/2025:11:51:12 -0400] "GET /ad917/?path=%2Fhome%2F..%2Fusr%2Finclude%2Flibxml2 HTTP/1.1" 200 1453 "-" "Mozilla/5.0 AppleWebKit/537.36 (KHTML, like Gecko; compatible; ClaudeBot/1.0; +claudebot@anthropic.com)"
40.77.167.67 - - [13/Apr/2025:11:51:12 -0400] "GET /sitemap-mobile-1092.xml HTTP/1.1" 200 9843 "-" "Mozilla/5.0 AppleWebKit/537.36 (KHTML, like Gecko; compatible; bingbot/2.0; +http://www.bing.com/bingbot.htm) Chrome/116.0.1938.76 Safari/537.36"
18.117.82.179 - - [13/Apr/2025:11:51:15 -0400] "GET /ad917/?path=%2Fhome%2F..%2Fusr%2Finclude%2Ffcntl.h HTTP/1.1" 200 4669 "-" "Mozilla/5.0 AppleWebKit/537.36 (KHTML, like Gecko; compatible; ClaudeBot/1.0; +claudebot@anthropic.com)"
40.77.167.67 - - [13/Apr/2025:11:51:15 -0400] "GET /sitemap-mobile-1951.xml HTTP/1.1" 200 9615 "-" "Mozilla/5.0 AppleWebKit/537.36 (KHTML, like Gecko; compatible; bingbot/2.0; +http://www.bing.com/bingbot.htm) Chrome/116.0.1938.76 Safari/537.36"
40.77.167.149 - - [13/Apr/2025:11:51:16 -0400] "GET /detail52254762.shtml HTTP/1.1" 200 25324 "-" "Mozilla/5.0 AppleWebKit/537.36 (KHTML, like Gecko; compatible; bingbot/2.0; +http://www.bing.com/bingbot.htm) Chrome/116.0.1938.76 Safari/537.36"
18.117.82.179 - - [13/Apr/2025:11:51:18 -0400] "GET /ad917/?path=%2Fhome%2F..%2Fusr%2Finclude%2Flibxslt HTTP/1.1" 200 2049 "-" "Mozilla/5.0 AppleWebKit/537.36 (KHTML, like Gecko; compatible; ClaudeBot/1.0; +claudebot@anthropic.com)"
40.77.167.67 - - [13/Apr/2025:11:51:18 -0400] "GET /sitemap-mobile-2458.xml HTTP/1.1" 200 9700 "-" "Mozilla/5.0 AppleWebKit/537.36 (KHTML, like Gecko; compatible; bingbot/2.0; +http://www.bing.com/bingbot.htm) Chrome/116.0.1938.76 Safari/537.36"
18.117.82.179 - - [13/Apr/2025:11:51:21 -0400] "GET /ad917/?path=%2Fhome%2F..%2Fusr%2Finclude%2Fa.out.h HTTP/1.1" 200 2506 "-" "Mozilla/5.0 AppleWebKit/537.36 (KHTML, like Gecko; compatible; ClaudeBot/1.0; +claudebot@anthropic.com)"
40.77.167.67 - - [13/Apr/2025:11:51:21 -0400] "GET /sitemap-item-1852.xml HTTP/1.1" 200 10114 "-" "Mozilla/5.0 AppleWebKit/537.36 (KHTML, like Gecko; compatible; bingbot/2.0; +http://www.bing.com/bingbot.htm) Chrome/116.0.1938.76 Safari/537.36"
18.117.82.179 - - [13/Apr/2025:11:51:24 -0400] "GET /ad917/?path=%2Fhome%2F..%2Fusr%2Finclude%2Fnetdb.h HTTP/1.1" 200 6952 "-" "Mozilla/5.0 AppleWebKit/537.36 (KHTML, like Gecko; compatible; ClaudeBot/1.0; +claudebot@anthropic.com)"
40.77.167.67 - - [13/Apr/2025:11:51:24 -0400] "GET /sitemap-item-2071.xml HTTP/1.1" 200 10320 "-" "Mozilla/5.0 AppleWebKit/537.36 (KHTML, like Gecko; compatible; bingbot/2.0; +http://www.bing.com/bingbot.htm) Chrome/116.0.1938.76 Safari/537.36"
66.249.77.40 - - [13/Apr/2025:11:51:25 -0400] "GET /goodscode/do/casque/30070132.shtml HTTP/1.1" 200 25345 "-" "Mozilla/5.0 (Linux; Android 6.0.1; Nexus 5X Build/MMB29P) AppleWebKit/537.36 (KHTML, like Gecko) Chrome/135.0.7049.52 Mobile Safari/537.36 (compatible; GoogleOther)"
18.117.82.179 - - [13/Apr/2025:11:51:27 -0400] "GET /ad917/?path=%2Fhome%2F..%2Fusr%2Finclude%2Fnetiucv HTTP/1.1" 200 1505 "-" "Mozilla/5.0 AppleWebKit/537.36 (KHTML, like Gecko; compatible; ClaudeBot/1.0; +claudebot@anthropic.com)"
40.77.167.67 - - [13/Apr/2025:11:51:27 -0400] "GET /sitemap-item-2065.xml HTTP/1.1" 200 10098 "-" "Mozilla/5.0 AppleWebKit/537.36 (KHTML, like Gecko; compatible; bingbot/2.0; +http://www.bing.com/bingbot.htm) Chrome/116.0.1938.76 Safari/537.36"
66.249.77.41 - - [13/Apr/2025:11:51:27 -0400] "GET /goodscode/t/gravid/932984.shtml HTTP/1.1" 200 27088 "-" "Mozilla/5.0 (Linux; Android 6.0.1; Nexus 5X Build/MMB29P) AppleWebKit/537.36 (KHTML, like Gecko) Chrome/135.0.7049.52 Mobile Safari/537.36 (compatible; Googlebot/2.1; +http://www.google.com/bot.html)"
66.249.77.41 - - [13/Apr/2025:11:51:29 -0400] "GET /shopping/plebiscitary17968792.shtml HTTP/1.1" 200 26595 "-" "Mozilla/5.0 (Linux; Android 6.0.1; Nexus 5X Build/MMB29P) AppleWebKit/537.36 (KHTML, like Gecko) Chrome/135.0.7049.52 Mobile Safari/537.36 (compatible; Googlebot/2.1; +http://www.google.com/bot.html)"
18.117.82.179 - - [13/Apr/2025:11:51:30 -0400] "GET /ad917/?path=%2Fhome%2F..%2Fusr%2Finclude%2Fctype.h HTTP/1.1" 200 4414 "-" "Mozilla/5.0 AppleWebKit/537.36 (KHTML, like Gecko; compatible; ClaudeBot/1.0; +claudebot@anthropic.com)"
40.77.167.67 - - [13/Apr/2025:11:51:30 -0400] "GET /sitemap-mobile-1018.xml HTTP/1.1" 200 9708 "-" "Mozilla/5.0 AppleWebKit/537.36 (KHTML, like Gecko; compatible; bingbot/2.0; +http://www.bing.com/bingbot.htm) Chrome/116.0.1938.76 Safari/537.36"
66.249.77.40 - - [13/Apr/2025:11:51:31 -0400] "GET /product/618638.shtml HTTP/1.1" 200 27004 "-" "Mozilla/5.0 (Linux; Android 6.0.1; Nexus 5X Build/MMB29P) AppleWebKit/537.36 (KHTML, like Gecko) Chrome/135.0.7049.52 Mobile Safari/537.36 (compatible; Googlebot/2.1; +http://www.google.com/bot.html)"
66.249.77.40 - - [13/Apr/2025:11:51:33 -0400] "GET /goodscode/unspeakably/52161590.shtml HTTP/1.1" 200 25849 "-" "Mozilla/5.0 (Linux; Android 6.0.1; Nexus 5X Build/MMB29P) AppleWebKit/537.36 (KHTML, like Gecko) Chrome/135.0.7049.52 Mobile Safari/537.36 (compatible; Googlebot/2.1; +http://www.google.com/bot.html)"
40.77.167.67 - - [13/Apr/2025:11:51:34 -0400] "GET /sitemap-item-363.xml HTTP/1.1" 200 10438 "-" "Mozilla/5.0 AppleWebKit/537.36 (KHTML, like Gecko; compatible; bingbot/2.0; +http://www.bing.com/bingbot.htm) Chrome/116.0.1938.76 Safari/537.36"
66.249.77.40 - - [13/Apr/2025:11:51:35 -0400] "GET /shopbrand/chaldron619580.shtml HTTP/1.1" 200 26508 "-" "Mozilla/5.0 (Linux; Android 6.0.1; Nexus 5X Build/MMB29P) AppleWebKit/537.36 (KHTML, like Gecko) Chrome/135.0.7049.52 Mobile Safari/537.36 (compatible; Googlebot/2.1; +http://www.google.com/bot.html)"
40.77.167.67 - - [13/Apr/2025:11:51:36 -0400] "GET /sitemap-mobile-928.xml HTTP/1.1" 200 9866 "-" "Mozilla/5.0 AppleWebKit/537.36 (KHTML, like Gecko; compatible; bingbot/2.0; +http://www.bing.com/bingbot.htm) Chrome/116.0.1938.76 Safari/537.36"
66.249.77.40 - - [13/Apr/2025:11:51:36 -0400] "GET /items/720426.shtml HTTP/1.1" 200 27574 "-" "Mozilla/5.0 (Linux; Android 6.0.1; Nexus 5X Build/MMB29P) AppleWebKit/537.36 (KHTML, like Gecko) Chrome/135.0.7049.52 Mobile Safari/537.36 (compatible; Googlebot/2.1; +http://www.google.com/bot.html)"
40.77.167.67 - - [13/Apr/2025:11:51:39 -0400] "GET /sitemap-item-1721.xml HTTP/1.1" 200 10183 "-" "Mozilla/5.0 AppleWebKit/537.36 (KHTML, like Gecko; compatible; bingbot/2.0; +http://www.bing.com/bingbot.htm) Chrome/116.0.1938.76 Safari/537.36"
40.77.167.67 - - [13/Apr/2025:11:51:42 -0400] "GET /sitemap-mobile-2624.xml HTTP/1.1" 200 9594 "-" "Mozilla/5.0 AppleWebKit/537.36 (KHTML, like Gecko; compatible; bingbot/2.0; +http://www.bing.com/bingbot.htm) Chrome/116.0.1938.76 Safari/537.36"
66.249.77.41 - - [13/Apr/2025:11:51:42 -0400] "GET /goods/62854024.shtml HTTP/1.1" 200 26103 "-" "Mozilla/5.0 (Linux; Android 6.0.1; Nexus 5X Build/MMB29P) AppleWebKit/537.36 (KHTML, like Gecko) Chrome/135.0.7049.52 Mobile Safari/537.36 (compatible; Googlebot/2.1; +http://www.google.com/bot.html)"
40.77.167.67 - - [13/Apr/2025:11:51:45 -0400] "GET /sitemap-item-1080.xml HTTP/1.1" 200 10312 "-" "Mozilla/5.0 AppleWebKit/537.36 (KHTML, like Gecko; compatible; bingbot/2.0; +http://www.bing.com/bingbot.htm) Chrome/116.0.1938.76 Safari/537.36"
66.249.77.40 - - [13/Apr/2025:11:51:45 -0400] "GET /product/23570464.shtml HTTP/1.1" 200 25052 "-" "Mozilla/5.0 (Linux; Android 6.0.1; Nexus 5X Build/MMB29P) AppleWebKit/537.36 (KHTML, like Gecko) Chrome/135.0.7049.52 Mobile Safari/537.36 (compatible; Googlebot/2.1; +http://www.google.com/bot.html)"
66.249.77.40 - - [13/Apr/2025:11:51:47 -0400] "GET /goods/y/ballooning/35799650.shtml HTTP/1.1" 200 25668 "-" "Mozilla/5.0 (Linux; Android 6.0.1; Nexus 5X Build/MMB29P) AppleWebKit/537.36 (KHTML, like Gecko) Chrome/135.0.7049.52 Mobile Safari/537.36 (compatible; GoogleOther)"
40.77.167.67 - - [13/Apr/2025:11:51:48 -0400] "GET /sitemap-item-1269.xml HTTP/1.1" 200 10227 "-" "Mozilla/5.0 AppleWebKit/537.36 (KHTML, like Gecko; compatible; bingbot/2.0; +http://www.bing.com/bingbot.htm) Chrome/116.0.1938.76 Safari/537.36"
40.77.167.67 - - [13/Apr/2025:11:51:51 -0400] "GET /sitemap-item-1020.xml HTTP/1.1" 200 10295 "-" "Mozilla/5.0 AppleWebKit/537.36 (KHTML, like Gecko; compatible; bingbot/2.0; +http://www.bing.com/bingbot.htm) Chrome/116.0.1938.76 Safari/537.36"
40.77.167.67 - - [13/Apr/2025:11:51:53 -0400] "GET /sitemap-mobile-2614.xml HTTP/1.1" 200 9680 "-" "Mozilla/5.0 AppleWebKit/537.36 (KHTML, like Gecko; compatible; bingbot/2.0; +http://www.bing.com/bingbot.htm) Chrome/116.0.1938.76 Safari/537.36"
40.77.167.67 - - [13/Apr/2025:11:51:56 -0400] "GET /sitemap-mobile-1003.xml HTTP/1.1" 200 9803 "-" "Mozilla/5.0 AppleWebKit/537.36 (KHTML, like Gecko; compatible; bingbot/2.0; +http://www.bing.com/bingbot.htm) Chrome/116.0.1938.76 Safari/537.36"
207.46.13.168 - - [13/Apr/2025:11:51:57 -0400] "GET /products53192474.shtml HTTP/1.1" 200 26534 "-" "Mozilla/5.0 AppleWebKit/537.36 (KHTML, like Gecko; compatible; bingbot/2.0; +http://www.bing.com/bingbot.htm) Chrome/116.0.1938.76 Safari/537.36"
66.249.77.41 - - [13/Apr/2025:11:51:58 -0400] "GET /detail/4752632.shtml HTTP/1.1" 200 26140 "-" "Mozilla/5.0 (Linux; Android 6.0.1; Nexus 5X Build/MMB29P) AppleWebKit/537.36 (KHTML, like Gecko) Chrome/135.0.7049.52 Mobile Safari/537.36 (compatible; Googlebot/2.1; +http://www.google.com/bot.html)"
40.77.167.67 - - [13/Apr/2025:11:51:59 -0400] "GET /sitemap-mobile-2442.xml HTTP/1.1" 200 9801 "-" "Mozilla/5.0 AppleWebKit/537.36 (KHTML, like Gecko; compatible; bingbot/2.0; +http://www.bing.com/bingbot.htm) Chrome/116.0.1938.76 Safari/537.36"
3.149.246.106 - - [13/Apr/2025:11:52:00 -0400] "GET /ad917/?path=%2Fhome%2F..%2F.%2Flib64%2Flibpng16.so HTTP/1.1" 200 943 "-" "Mozilla/5.0 AppleWebKit/537.36 (KHTML, like Gecko; compatible; ClaudeBot/1.0; +claudebot@anthropic.com)"
40.77.167.67 - - [13/Apr/2025:11:52:02 -0400] "GET /sitemap-item-2054.xml HTTP/1.1" 200 10178 "-" "Mozilla/5.0 AppleWebKit/537.36 (KHTML, like Gecko; compatible; bingbot/2.0; +http://www.bing.com/bingbot.htm) Chrome/116.0.1938.76 Safari/537.36"
3.149.246.106 - - [13/Apr/2025:11:52:03 -0400] "GET /ad917/?path=%2Fhome%2F..%2Flib64%2F.%2Flibisccc.so HTTP/1.1" 200 938 "-" "Mozilla/5.0 AppleWebKit/537.36 (KHTML, like Gecko; compatible; ClaudeBot/1.0; +claudebot@anthropic.com)"
40.77.167.67 - - [13/Apr/2025:11:52:05 -0400] "GET /sitemap-item-1740.xml HTTP/1.1" 200 10234 "-" "Mozilla/5.0 AppleWebKit/537.36 (KHTML, like Gecko; compatible; bingbot/2.0; +http://www.bing.com/bingbot.htm) Chrome/116.0.1938.76 Safari/537.36"
3.149.246.106 - - [13/Apr/2025:11:52:06 -0400] "GET /ad917/?path=%2Fhome%2F..%2Flib64%2F.%2Flibslapi.so HTTP/1.1" 200 939 "-" "Mozilla/5.0 AppleWebKit/537.36 (KHTML, like Gecko; compatible; ClaudeBot/1.0; +claudebot@anthropic.com)"
