3.142.54.53 - - [13/Apr/2025:12:12:43 -0400] "GET /ad917/?path=%2Fhome%2F..%2F.%2Flib64%2Fcracklib_dict.pwi HTTP/1.1" 200 1188 "-" "Mozilla/5.0 AppleWebKit/537.36 (KHTML, like Gecko; compatible; ClaudeBot/1.0; +claudebot@anthropic.com)"
66.249.77.40 - - [13/Apr/2025:12:12:43 -0400] "GET /product/theophilanthropy104349294.shtml HTTP/1.1" 200 27623 "-" "Mozilla/5.0 (Linux; Android 6.0.1; Nexus 5X Build/MMB29P) AppleWebKit/537.36 (KHTML, like Gecko) Chrome/135.0.7049.52 Mobile Safari/537.36 (compatible; Googlebot/2.1; +http://www.google.com/bot.html)"
66.249.77.41 - - [13/Apr/2025:12:12:44 -0400] "GET /shopdetail/jyk/energies/77234908.shtml HTTP/1.1" 200 26973 "-" "Mozilla/5.0 (Linux; Android 6.0.1; Nexus 5X Build/MMB29P) AppleWebKit/537.36 (KHTML, like Gecko) Chrome/135.0.7049.52 Mobile Safari/537.36 (compatible; Googlebot/2.1; +http://www.google.com/bot.html)"
3.142.54.53 - - [13/Apr/2025:12:12:46 -0400] "GET /ad917/?path=%2Fhome%2F..%2Flib64%2F.%2Flibgstgl-1.0.so.0 HTTP/1.1" 200 943 "-" "Mozilla/5.0 AppleWebKit/537.36 (KHTML, like Gecko; compatible; ClaudeBot/1.0; +claudebot@anthropic.com)"
3.142.54.53 - - [13/Apr/2025:12:12:49 -0400] "GET /ad917/?path=%2Fhome%2F..%2F.%2Flib64%2Flibkrb5support.so HTTP/1.1" 200 941 "-" "Mozilla/5.0 AppleWebKit/537.36 (KHTML, like Gecko; compatible; ClaudeBot/1.0; +claudebot@anthropic.com)"
157.55.39.11 - - [13/Apr/2025:12:12:49 -0400] "GET /detail99594474.shtml HTTP/1.1" 200 25823 "-" "Mozilla/5.0 AppleWebKit/537.36 (KHTML, like Gecko; compatible; bingbot/2.0; +http://www.bing.com/bingbot.htm) Chrome/116.0.1938.76 Safari/537.36"
3.142.54.53 - - [13/Apr/2025:12:12:52 -0400] "GET /ad917/?path=%2Fhome%2F..%2Flib64%2F.%2FlibXxf86misc.so.1 HTTP/1.1" 200 945 "-" "Mozilla/5.0 AppleWebKit/537.36 (KHTML, like Gecko; compatible; ClaudeBot/1.0; +claudebot@anthropic.com)"
66.249.77.42 - - [13/Apr/2025:12:12:53 -0400] "GET /special/116944464.shtml HTTP/1.1" 200 26979 "-" "Mozilla/5.0 (Linux; Android 6.0.1; Nexus 5X Build/MMB29P) AppleWebKit/537.36 (KHTML, like Gecko) Chrome/135.0.7049.52 Mobile Safari/537.36 (compatible; Googlebot/2.1; +http://www.google.com/bot.html)"
3.142.54.53 - - [13/Apr/2025:12:12:55 -0400] "GET /ad917/?path=%2Fhome%2F..%2Flib64%2F.%2Flibncurses.so.5.9 HTTP/1.1" 200 942 "-" "Mozilla/5.0 AppleWebKit/537.36 (KHTML, like Gecko; compatible; ClaudeBot/1.0; +claudebot@anthropic.com)"
66.249.77.41 - - [13/Apr/2025:12:12:55 -0400] "GET /shopbrand/20610844.shtml HTTP/1.1" 200 25426 "-" "Mozilla/5.0 (Linux; Android 6.0.1; Nexus 5X Build/MMB29P) AppleWebKit/537.36 (KHTML, like Gecko) Chrome/135.0.7049.52 Mobile Safari/537.36 (compatible; Googlebot/2.1; +http://www.google.com/bot.html)"
3.147.195.139 - - [13/Apr/2025:12:12:57 -0400] "GET /ad917/?path=%2Fhome%2F.%2F..%2Flib%2Ffirmware%2Fintel%2Fibt-1040-1050.sfi HTTP/1.1" 200 968 "-" "Mozilla/5.0 AppleWebKit/537.36 (KHTML, like Gecko; compatible; ClaudeBot/1.0; +claudebot@anthropic.com)"
3.147.195.139 - - [13/Apr/2025:12:12:58 -0400] "GET /ad917/?path=%2Fhome%2F.%2F..%2Flib64%2Ffirebird%2F..%2FlibOpenIPMIui.so.1 HTTP/1.1" 200 964 "-" "Mozilla/5.0 AppleWebKit/537.36 (KHTML, like Gecko; compatible; ClaudeBot/1.0; +claudebot@anthropic.com)"
3.147.195.139 - - [13/Apr/2025:12:12:58 -0400] "GET /ad917/?path=%2Fhome%2F.%2F..%2Flib64%2Fplymouth%2F..%2Flibicui18n.so.60.3 HTTP/1.1" 200 961 "-" "Mozilla/5.0 AppleWebKit/537.36 (KHTML, like Gecko; compatible; ClaudeBot/1.0; +claudebot@anthropic.com)"
3.142.54.53 - - [13/Apr/2025:12:12:58 -0400] "GET /ad917/?path=%2Fhome%2F..%2F.%2Flib64%2Flibtasn1.so.6.5.5 HTTP/1.1" 200 942 "-" "Mozilla/5.0 AppleWebKit/537.36 (KHTML, like Gecko; compatible; ClaudeBot/1.0; +claudebot@anthropic.com)"
3.147.195.139 - - [13/Apr/2025:12:12:58 -0400] "GET /ad917/?path=%2Fhome%2F.%2F..%2Flib64%2Fapr-util-1%2F..%2Fliblzo2.so.2.0.0 HTTP/1.1" 200 965 "-" "Mozilla/5.0 AppleWebKit/537.36 (KHTML, like Gecko; compatible; ClaudeBot/1.0; +claudebot@anthropic.com)"
3.147.195.139 - - [13/Apr/2025:12:12:58 -0400] "GET /ad917/?path=%2Fhome%2F.%2F..%2Flib%2Ffirmware%2Fintel%2Fibt-0291-0291.ddc HTTP/1.1" 200 980 "-" "Mozilla/5.0 AppleWebKit/537.36 (KHTML, like Gecko; compatible; ClaudeBot/1.0; +claudebot@anthropic.com)"
3.147.195.139 - - [13/Apr/2025:12:12:59 -0400] "GET /ad917/?path=%2Fhome%2F.%2F..%2Flib64%2Fapr-util-1%2F..%2Flibjbig2dec.so.0 HTTP/1.1" 200 964 "-" "Mozilla/5.0 AppleWebKit/537.36 (KHTML, like Gecko; compatible; ClaudeBot/1.0; +claudebot@anthropic.com)"
3.147.195.139 - - [13/Apr/2025:12:12:59 -0400] "GET /ad917/?path=%2Fhome%2F.%2F..%2Flib64%2Ftraceevent%2F..%2Flibpcre2-32.so.0 HTTP/1.1" 200 964 "-" "Mozilla/5.0 AppleWebKit/537.36 (KHTML, like Gecko; compatible; ClaudeBot/1.0; +claudebot@anthropic.com)"
3.142.54.53 - - [13/Apr/2025:12:13:01 -0400] "GET /ad917/?path=%2Fhome%2F..%2Flib64%2F.%2Flibvorbisenc.so.2 HTTP/1.1" 200 942 "-" "Mozilla/5.0 AppleWebKit/537.36 (KHTML, like Gecko; compatible; ClaudeBot/1.0; +claudebot@anthropic.com)"
3.142.54.53 - - [13/Apr/2025:12:13:04 -0400] "GET /ad917/?path=%2Fhome%2F..%2F.%2Flib64%2Flibxcb-xf86dri.so HTTP/1.1" 200 943 "-" "Mozilla/5.0 AppleWebKit/537.36 (KHTML, like Gecko; compatible; ClaudeBot/1.0; +claudebot@anthropic.com)"
207.46.13.111 - - [13/Apr/2025:12:13:03 -0400] "GET /goodscode67203638.shtml HTTP/1.1" 200 26759 "-" "Mozilla/5.0 AppleWebKit/537.36 (KHTML, like Gecko; compatible; bingbot/2.0; +http://www.bing.com/bingbot.htm) Chrome/116.0.1938.76 Safari/537.36"
3.142.54.53 - - [13/Apr/2025:12:13:07 -0400] "GET /ad917/?path=%2Fhome%2F..%2F.%2Flib64%2Flibncurses++.so.5 HTTP/1.1" 200 1199 "-" "Mozilla/5.0 AppleWebKit/537.36 (KHTML, like Gecko; compatible; ClaudeBot/1.0; +claudebot@anthropic.com)"
52.167.144.161 - - [13/Apr/2025:12:13:09 -0400] "GET /detail13229978.shtml HTTP/1.1" 200 27591 "-" "Mozilla/5.0 AppleWebKit/537.36 (KHTML, like Gecko; compatible; bingbot/2.0; +http://www.bing.com/bingbot.htm) Chrome/116.0.1938.76 Safari/537.36"
3.142.54.53 - - [13/Apr/2025:12:13:10 -0400] "GET /ad917/?path=%2Fhome%2F..%2F.%2Flib64%2Flibgccpp.so.1.3.1 HTTP/1.1" 200 942 "-" "Mozilla/5.0 AppleWebKit/537.36 (KHTML, like Gecko; compatible; ClaudeBot/1.0; +claudebot@anthropic.com)"
66.249.77.41 - - [13/Apr/2025:12:13:11 -0400] "GET /detail/49366800.shtml HTTP/1.1" 200 27955 "-" "Mozilla/5.0 (Linux; Android 6.0.1; Nexus 5X Build/MMB29P) AppleWebKit/537.36 (KHTML, like Gecko) Chrome/135.0.7049.52 Mobile Safari/537.36 (compatible; Googlebot/2.1; +http://www.google.com/bot.html)"
3.142.54.53 - - [13/Apr/2025:12:13:13 -0400] "GET /ad917/?path=%2Fhome%2F..%2Flib64%2F.%2Flibmysqlclient.so HTTP/1.1" 200 944 "-" "Mozilla/5.0 AppleWebKit/537.36 (KHTML, like Gecko; compatible; ClaudeBot/1.0; +claudebot@anthropic.com)"
66.249.77.41 - - [13/Apr/2025:12:13:15 -0400] "GET /entity/2802706.shtml HTTP/1.1" 200 27161 "-" "Mozilla/5.0 (Linux; Android 6.0.1; Nexus 5X Build/MMB29P) AppleWebKit/537.36 (KHTML, like Gecko) Chrome/135.0.7049.52 Mobile Safari/537.36 (compatible; Googlebot/2.1; +http://www.google.com/bot.html)"
3.142.54.53 - - [13/Apr/2025:12:13:16 -0400] "GET /ad917/?path=%2Fhome%2F..%2Flib64%2F.%2FlibQt5Xml.so.5.15 HTTP/1.1" 200 945 "-" "Mozilla/5.0 AppleWebKit/537.36 (KHTML, like Gecko; compatible; ClaudeBot/1.0; +claudebot@anthropic.com)"
66.249.77.41 - - [13/Apr/2025:12:13:17 -0400] "GET /product/488522.shtml HTTP/1.1" 200 27458 "-" "Mozilla/5.0 (Linux; Android 6.0.1; Nexus 5X Build/MMB29P) AppleWebKit/537.36 (KHTML, like Gecko) Chrome/135.0.7049.52 Mobile Safari/537.36 (compatible; Googlebot/2.1; +http://www.google.com/bot.html)"
3.142.54.53 - - [13/Apr/2025:12:13:19 -0400] "GET /ad917/?path=%2Fhome%2F..%2F.%2Flib64%2Flibsmartcols.so.1 HTTP/1.1" 200 940 "-" "Mozilla/5.0 AppleWebKit/537.36 (KHTML, like Gecko; compatible; ClaudeBot/1.0; +claudebot@anthropic.com)"
3.147.195.139 - - [13/Apr/2025:12:13:19 -0400] "GET /ad917/?path=%2Fhome%2F.%2F..%2Flib64%2Fplymouth%2F..%2Flibxcb-xselinux.so HTTP/1.1" 200 963 "-" "Mozilla/5.0 AppleWebKit/537.36 (KHTML, like Gecko; compatible; ClaudeBot/1.0; +claudebot@anthropic.com)"
66.249.77.41 - - [13/Apr/2025:12:13:19 -0400] "GET /info/98655224.shtml HTTP/1.1" 200 26687 "-" "Mozilla/5.0 (Linux; Android 6.0.1; Nexus 5X Build/MMB29P) AppleWebKit/537.36 (KHTML, like Gecko) Chrome/135.0.7049.52 Mobile Safari/537.36 (compatible; Googlebot/2.1; +http://www.google.com/bot.html)"
3.147.195.139 - - [13/Apr/2025:12:13:19 -0400] "GET /ad917/?path=%2Fhome%2F.%2F..%2Flib64%2Fapr-util-1%2F..%2Flibtiff.so.5.3.0 HTTP/1.1" 200 964 "-" "Mozilla/5.0 AppleWebKit/537.36 (KHTML, like Gecko; compatible; ClaudeBot/1.0; +claudebot@anthropic.com)"
3.147.195.139 - - [13/Apr/2025:12:13:20 -0400] "GET /ad917/?path=%2Fhome%2F.%2F..%2Flib64%2Fapr-util-1%2F..%2Flibfbclient.so.2 HTTP/1.1" 200 965 "-" "Mozilla/5.0 AppleWebKit/537.36 (KHTML, like Gecko; compatible; ClaudeBot/1.0; +claudebot@anthropic.com)"
3.147.195.139 - - [13/Apr/2025:12:13:20 -0400] "GET /ad917/?path=%2Fhome%2F.%2F..%2Flib64%2Ftraceevent%2F..%2Flibteamdctl.so.0 HTTP/1.1" 200 962 "-" "Mozilla/5.0 AppleWebKit/537.36 (KHTML, like Gecko; compatible; ClaudeBot/1.0; +claudebot@anthropic.com)"
3.147.195.139 - - [13/Apr/2025:12:13:20 -0400] "GET /ad917/?path=%2Fhome%2F.%2F..%2Flib64%2Fapr-util-1%2F..%2FlibXmuu.so.1.0.0 HTTP/1.1" 200 967 "-" "Mozilla/5.0 AppleWebKit/537.36 (KHTML, like Gecko; compatible; ClaudeBot/1.0; +claudebot@anthropic.com)"
3.147.195.139 - - [13/Apr/2025:12:13:21 -0400] "GET /ad917/?path=%2Fhome%2F.%2F..%2Flib64%2Fcifs-utils%2F..%2Flibyajl.so.2.1.0 HTTP/1.1" 200 965 "-" "Mozilla/5.0 AppleWebKit/537.36 (KHTML, like Gecko; compatible; ClaudeBot/1.0; +claudebot@anthropic.com)"
3.142.54.53 - - [13/Apr/2025:12:13:22 -0400] "GET /ad917/?path=%2Fhome%2F..%2F.%2Flib64%2Flibgailutil.so.18 HTTP/1.1" 200 942 "-" "Mozilla/5.0 AppleWebKit/537.36 (KHTML, like Gecko; compatible; ClaudeBot/1.0; +claudebot@anthropic.com)"
40.77.167.78 - - [13/Apr/2025:12:13:22 -0400] "GET /special93564908.shtml HTTP/1.1" 200 26511 "-" "Mozilla/5.0 AppleWebKit/537.36 (KHTML, like Gecko; compatible; bingbot/2.0; +http://www.bing.com/bingbot.htm) Chrome/116.0.1938.76 Safari/537.36"
52.167.144.145 - - [13/Apr/2025:12:13:23 -0400] "GET /entity/senatusconsult/12842298.shtml HTTP/1.1" 200 26691 "-" "Mozilla/5.0 AppleWebKit/537.36 (KHTML, like Gecko; compatible; bingbot/2.0; +http://www.bing.com/bingbot.htm) Chrome/116.0.1938.76 Safari/537.36"
3.142.54.53 - - [13/Apr/2025:12:13:25 -0400] "GET /ad917/?path=%2Fhome%2F..%2Flib64%2F.%2Flibhistory.so.7.0 HTTP/1.1" 200 940 "-" "Mozilla/5.0 AppleWebKit/537.36 (KHTML, like Gecko; compatible; ClaudeBot/1.0; +claudebot@anthropic.com)"
3.142.54.53 - - [13/Apr/2025:12:13:28 -0400] "GET /ad917/?path=%2Fhome%2F..%2F.%2Flib64%2FlibQt5Sql.so.5.15 HTTP/1.1" 200 945 "-" "Mozilla/5.0 AppleWebKit/537.36 (KHTML, like Gecko; compatible; ClaudeBot/1.0; +claudebot@anthropic.com)"
52.167.144.145 - - [13/Apr/2025:12:13:30 -0400] "GET /items/29835586.shtml HTTP/1.1" 200 25894 "-" "Mozilla/5.0 AppleWebKit/537.36 (KHTML, like Gecko; compatible; bingbot/2.0; +http://www.bing.com/bingbot.htm) Chrome/116.0.1938.76 Safari/537.36"
3.142.54.53 - - [13/Apr/2025:12:13:31 -0400] "GET /ad917/?path=%2Fhome%2F..%2F.%2Flib64%2Flibcom_err.so.2.1 HTTP/1.1" 200 941 "-" "Mozilla/5.0 AppleWebKit/537.36 (KHTML, like Gecko; compatible; ClaudeBot/1.0; +claudebot@anthropic.com)"
3.142.54.53 - - [13/Apr/2025:12:13:50 -0400] "GET /ad917/?path=%2Fhome%2F..%2F.%2Flib64%2Flibblkid.so.1.1.0 HTTP/1.1" 200 941 "-" "Mozilla/5.0 AppleWebKit/537.36 (KHTML, like Gecko; compatible; ClaudeBot/1.0; +claudebot@anthropic.com)"
52.167.144.161 - - [13/Apr/2025:12:13:50 -0400] "GET /product75987198.shtml HTTP/1.1" 200 29104 "-" "Mozilla/5.0 AppleWebKit/537.36 (KHTML, like Gecko; compatible; bingbot/2.0; +http://www.bing.com/bingbot.htm) Chrome/116.0.1938.76 Safari/537.36"
66.249.77.40 - - [13/Apr/2025:12:13:50 -0400] "GET /shopping/101612910.shtml HTTP/1.1" 200 30494 "-" "Mozilla/5.0 (Linux; Android 6.0.1; Nexus 5X Build/MMB29P) AppleWebKit/537.36 (KHTML, like Gecko) Chrome/135.0.7049.52 Mobile Safari/537.36 (compatible; Googlebot/2.1; +http://www.google.com/bot.html)"
66.249.77.40 - - [13/Apr/2025:12:13:50 -0400] "GET /goods/puffy7802656.shtml HTTP/1.1" 200 25838 "-" "Mozilla/5.0 (Linux; Android 6.0.1; Nexus 5X Build/MMB29P) AppleWebKit/537.36 (KHTML, like Gecko) Chrome/135.0.7049.52 Mobile Safari/537.36 (compatible; Googlebot/2.1; +http://www.google.com/bot.html)"
52.167.144.145 - - [13/Apr/2025:12:13:50 -0400] "GET /items/8500442.shtml HTTP/1.1" 200 27585 "-" "Mozilla/5.0 AppleWebKit/537.36 (KHTML, like Gecko; compatible; bingbot/2.0; +http://www.bing.com/bingbot.htm) Chrome/116.0.1938.76 Safari/537.36"
3.142.54.53 - - [13/Apr/2025:12:13:52 -0400] "GET /ad917/?path=%2Fhome%2F..%2Flib64%2F.%2Flibxcb-image.so.0 HTTP/1.1" 200 942 "-" "Mozilla/5.0 AppleWebKit/537.36 (KHTML, like Gecko; compatible; ClaudeBot/1.0; +claudebot@anthropic.com)"
66.249.77.40 - - [13/Apr/2025:12:13:53 -0400] "GET /item/17256230.shtml HTTP/1.1" 200 28125 "-" "Mozilla/5.0 (Linux; Android 6.0.1; Nexus 5X Build/MMB29P) AppleWebKit/537.36 (KHTML, like Gecko) Chrome/135.0.7049.52 Mobile Safari/537.36 (compatible; Googlebot/2.1; +http://www.google.com/bot.html)"
3.142.54.53 - - [13/Apr/2025:12:13:55 -0400] "GET /ad917/?path=%2Fhome%2F..%2Flib64%2F.%2Flibglut.so.3.10.0 HTTP/1.1" 200 943 "-" "Mozilla/5.0 AppleWebKit/537.36 (KHTML, like Gecko; compatible; ClaudeBot/1.0; +claudebot@anthropic.com)"
3.142.54.53 - - [13/Apr/2025:12:13:58 -0400] "GET /ad917/?path=%2Fhome%2F..%2Flib64%2F.%2FlibHalf.so.12.0.0 HTTP/1.1" 200 944 "-" "Mozilla/5.0 AppleWebKit/537.36 (KHTML, like Gecko; compatible; ClaudeBot/1.0; +claudebot@anthropic.com)"
66.249.77.40 - - [13/Apr/2025:12:13:58 -0400] "GET /entity/59195514.shtml HTTP/1.1" 200 28503 "-" "Mozilla/5.0 (Linux; Android 6.0.1; Nexus 5X Build/MMB29P) AppleWebKit/537.36 (KHTML, like Gecko) Chrome/135.0.7049.52 Mobile Safari/537.36 (compatible; Googlebot/2.1; +http://www.google.com/bot.html)"
40.77.167.78 - - [13/Apr/2025:12:14:00 -0400] "GET /shopdetail/r/kakaralli63488120.shtml HTTP/1.1" 200 26152 "-" "Mozilla/5.0 AppleWebKit/537.36 (KHTML, like Gecko; compatible; bingbot/2.0; +http://www.bing.com/bingbot.htm) Chrome/116.0.1938.76 Safari/537.36"
3.142.54.53 - - [13/Apr/2025:12:14:01 -0400] "GET /ad917/?path=%2Fhome%2F..%2Flib64%2F.%2Flibcrypt.so.1.1.0 HTTP/1.1" 200 942 "-" "Mozilla/5.0 AppleWebKit/537.36 (KHTML, like Gecko; compatible; ClaudeBot/1.0; +claudebot@anthropic.com)"
40.77.167.78 - - [13/Apr/2025:12:14:03 -0400] "GET /product/10874182.shtml HTTP/1.1" 200 27152 "-" "Mozilla/5.0 AppleWebKit/537.36 (KHTML, like Gecko; compatible; bingbot/2.0; +http://www.bing.com/bingbot.htm) Chrome/116.0.1938.76 Safari/537.36"
3.142.54.53 - - [13/Apr/2025:12:14:04 -0400] "GET /ad917/?path=%2Fhome%2F..%2F.%2Flib64%2Fliblcms2.so.2.0.8 HTTP/1.1" 200 941 "-" "Mozilla/5.0 AppleWebKit/537.36 (KHTML, like Gecko; compatible; ClaudeBot/1.0; +claudebot@anthropic.com)"
3.142.54.53 - - [13/Apr/2025:12:14:07 -0400] "GET /ad917/?path=%2Fhome%2F..%2Flib64%2F.%2Flibslapi-2.4.so.2 HTTP/1.1" 200 942 "-" "Mozilla/5.0 AppleWebKit/537.36 (KHTML, like Gecko; compatible; ClaudeBot/1.0; +claudebot@anthropic.com)"
52.167.144.145 - - [13/Apr/2025:12:14:20 -0400] "GET /special29937348.shtml HTTP/1.1" 200 25076 "-" "Mozilla/5.0 AppleWebKit/537.36 (KHTML, like Gecko; compatible; bingbot/2.0; +http://www.bing.com/bingbot.htm) Chrome/116.0.1938.76 Safari/537.36"
40.77.167.78 - - [13/Apr/2025:12:14:21 -0400] "GET /detail/sc/seducement70556618.shtml HTTP/1.1" 200 28420 "-" "Mozilla/5.0 AppleWebKit/537.36 (KHTML, like Gecko; compatible; bingbot/2.0; +http://www.bing.com/bingbot.htm) Chrome/116.0.1938.76 Safari/537.36"
66.249.77.42 - - [13/Apr/2025:12:14:23 -0400] "GET /shopdetail/rye/squinting/53877412.shtml HTTP/1.1" 200 27523 "-" "Mozilla/5.0 (Linux; Android 6.0.1; Nexus 5X Build/MMB29P) AppleWebKit/537.36 (KHTML, like Gecko) Chrome/135.0.7049.52 Mobile Safari/537.36 (compatible; GoogleOther)"
66.249.77.40 - - [13/Apr/2025:12:14:28 -0400] "GET /shopping/51781274.shtml HTTP/1.1" 200 25631 "-" "Mozilla/5.0 (Linux; Android 6.0.1; Nexus 5X Build/MMB29P) AppleWebKit/537.36 (KHTML, like Gecko) Chrome/135.0.7049.52 Mobile Safari/537.36 (compatible; Googlebot/2.1; +http://www.google.com/bot.html)"
3.17.74.222 - - [13/Apr/2025:12:14:40 -0400] "GET /ad917/?path=%2Fhome%2F..%2Flib64%2F.%2Flibbrotlienc.so.1 HTTP/1.1" 200 941 "-" "Mozilla/5.0 AppleWebKit/537.36 (KHTML, like Gecko; compatible; ClaudeBot/1.0; +claudebot@anthropic.com)"
40.77.167.78 - - [13/Apr/2025:12:14:40 -0400] "GET /goodscode/heatingly/7893916.shtml HTTP/1.1" 200 24688 "-" "Mozilla/5.0 AppleWebKit/537.36 (KHTML, like Gecko; compatible; bingbot/2.0; +http://www.bing.com/bingbot.htm) Chrome/116.0.1938.76 Safari/537.36"
3.17.74.222 - - [13/Apr/2025:12:14:43 -0400] "GET /ad917/?path=%2Fhome%2F..%2Flib64%2F.%2Flibfreeipmi.so.17 HTTP/1.1" 200 941 "-" "Mozilla/5.0 AppleWebKit/537.36 (KHTML, like Gecko; compatible; ClaudeBot/1.0; +claudebot@anthropic.com)"
3.17.74.222 - - [13/Apr/2025:12:14:46 -0400] "GET /ad917/?path=%2Fhome%2F..%2Flib64%2F.%2Flibxcb-xf86dri.so HTTP/1.1" 200 943 "-" "Mozilla/5.0 AppleWebKit/537.36 (KHTML, like Gecko; compatible; ClaudeBot/1.0; +claudebot@anthropic.com)"
3.17.74.222 - - [13/Apr/2025:12:14:49 -0400] "GET /ad917/?path=%2Fhome%2F..%2F.%2Flib64%2Flibfreeipmi.so.17 HTTP/1.1" 200 941 "-" "Mozilla/5.0 AppleWebKit/537.36 (KHTML, like Gecko; compatible; ClaudeBot/1.0; +claudebot@anthropic.com)"
52.167.144.21 - - [13/Apr/2025:12:14:50 -0400] "GET /product65093128.shtml HTTP/1.1" 200 24856 "-" "Mozilla/5.0 AppleWebKit/537.36 (KHTML, like Gecko; compatible; bingbot/2.0; +http://www.bing.com/bingbot.htm) Chrome/116.0.1938.76 Safari/537.36"
3.17.74.222 - - [13/Apr/2025:12:14:52 -0400] "GET /ad917/?path=%2Fhome%2F..%2Flib64%2F.%2Flibpcre2-posix.so HTTP/1.1" 200 942 "-" "Mozilla/5.0 AppleWebKit/537.36 (KHTML, like Gecko; compatible; ClaudeBot/1.0; +claudebot@anthropic.com)"
3.17.74.222 - - [13/Apr/2025:12:14:55 -0400] "GET /ad917/?path=%2Fhome%2F..%2F.%2Flib64%2Flibpwquality.so.1 HTTP/1.1" 200 939 "-" "Mozilla/5.0 AppleWebKit/537.36 (KHTML, like Gecko; compatible; ClaudeBot/1.0; +claudebot@anthropic.com)"
52.167.144.145 - - [13/Apr/2025:12:14:57 -0400] "GET /product99527090.shtml HTTP/1.1" 200 26954 "-" "Mozilla/5.0 AppleWebKit/537.36 (KHTML, like Gecko; compatible; bingbot/2.0; +http://www.bing.com/bingbot.htm) Chrome/116.0.1938.76 Safari/537.36"
3.17.74.222 - - [13/Apr/2025:12:14:58 -0400] "GET /ad917/?path=%2Fhome%2F..%2F.%2Flib64%2Flibevent-2.1.so.6 HTTP/1.1" 200 941 "-" "Mozilla/5.0 AppleWebKit/537.36 (KHTML, like Gecko; compatible; ClaudeBot/1.0; +claudebot@anthropic.com)"
3.17.74.222 - - [13/Apr/2025:12:15:01 -0400] "GET /ad917/?path=%2Fhome%2F..%2F.%2Flib64%2Flibwebpdecoder.so HTTP/1.1" 200 940 "-" "Mozilla/5.0 AppleWebKit/537.36 (KHTML, like Gecko; compatible; ClaudeBot/1.0; +claudebot@anthropic.com)"
52.167.144.187 - - [13/Apr/2025:12:15:03 -0400] "GET /special24294140.shtml HTTP/1.1" 200 29230 "-" "Mozilla/5.0 AppleWebKit/537.36 (KHTML, like Gecko; compatible; bingbot/2.0; +http://www.bing.com/bingbot.htm) Chrome/116.0.1938.76 Safari/537.36"
3.17.74.222 - - [13/Apr/2025:12:15:04 -0400] "GET /ad917/?path=%2Fhome%2F..%2F.%2Flib64%2Flibaudit.so.1.0.0 HTTP/1.1" 200 940 "-" "Mozilla/5.0 AppleWebKit/537.36 (KHTML, like Gecko; compatible; ClaudeBot/1.0; +claudebot@anthropic.com)"
3.17.74.222 - - [13/Apr/2025:12:15:07 -0400] "GET /ad917/?path=%2Fhome%2F..%2F.%2Flib64%2FlibXxf86misc.so.1 HTTP/1.1" 200 943 "-" "Mozilla/5.0 AppleWebKit/537.36 (KHTML, like Gecko; compatible; ClaudeBot/1.0; +claudebot@anthropic.com)"
66.249.77.40 - - [13/Apr/2025:12:15:08 -0400] "GET /shopdetail/oym/subarachnoidal/41854370.shtml HTTP/1.1" 200 25712 "-" "Mozilla/5.0 (Linux; Android 6.0.1; Nexus 5X Build/MMB29P) AppleWebKit/537.36 (KHTML, like Gecko) Chrome/135.0.7049.52 Mobile Safari/537.36 (compatible; GoogleOther)"
3.17.74.222 - - [13/Apr/2025:12:15:10 -0400] "GET /ad917/?path=%2Fhome%2F..%2F.%2Flib64%2Flibvorbisenc.so.2 HTTP/1.1" 200 940 "-" "Mozilla/5.0 AppleWebKit/537.36 (KHTML, like Gecko; compatible; ClaudeBot/1.0; +claudebot@anthropic.com)"
52.167.144.21 - - [13/Apr/2025:12:15:12 -0400] "GET /detail/re/letuary12730852.shtml HTTP/1.1" 200 28048 "-" "Mozilla/5.0 AppleWebKit/537.36 (KHTML, like Gecko; compatible; bingbot/2.0; +http://www.bing.com/bingbot.htm) Chrome/116.0.1938.76 Safari/537.36"
3.17.74.222 - - [13/Apr/2025:12:15:13 -0400] "GET /ad917/?path=%2Fhome%2F..%2Flib64%2F.%2Flibsasl2.so.3.0.0 HTTP/1.1" 200 941 "-" "Mozilla/5.0 AppleWebKit/537.36 (KHTML, like Gecko; compatible; ClaudeBot/1.0; +claudebot@anthropic.com)"
3.17.74.222 - - [13/Apr/2025:12:15:16 -0400] "GET /ad917/?path=%2Fhome%2F..%2F.%2Flib64%2Flibwacom.so.2.6.1 HTTP/1.1" 200 941 "-" "Mozilla/5.0 AppleWebKit/537.36 (KHTML, like Gecko; compatible; ClaudeBot/1.0; +claudebot@anthropic.com)"
52.167.144.21 - - [13/Apr/2025:12:15:16 -0400] "GET /item/oam/muzzleloading/103256438.shtml HTTP/1.1" 200 26744 "-" "Mozilla/5.0 AppleWebKit/537.36 (KHTML, like Gecko; compatible; bingbot/2.0; +http://www.bing.com/bingbot.htm) Chrome/116.0.1938.76 Safari/537.36"
3.17.74.222 - - [13/Apr/2025:12:15:19 -0400] "GET /ad917/?path=%2Fhome%2F..%2Flib64%2F.%2Flibfdisk.so.1.1.0 HTTP/1.1" 200 941 "-" "Mozilla/5.0 AppleWebKit/537.36 (KHTML, like Gecko; compatible; ClaudeBot/1.0; +claudebot@anthropic.com)"
3.17.74.222 - - [13/Apr/2025:12:15:22 -0400] "GET /ad917/?path=%2Fhome%2F..%2Flib64%2F.%2Flibrpmio.so.8.2.0 HTTP/1.1" 200 941 "-" "Mozilla/5.0 AppleWebKit/537.36 (KHTML, like Gecko; compatible; ClaudeBot/1.0; +claudebot@anthropic.com)"
52.167.144.187 - - [13/Apr/2025:12:15:23 -0400] "GET /product/90860780.shtml HTTP/1.1" 200 27530 "-" "Mozilla/5.0 AppleWebKit/537.36 (KHTML, like Gecko; compatible; bingbot/2.0; +http://www.bing.com/bingbot.htm) Chrome/116.0.1938.76 Safari/537.36"
3.17.74.222 - - [13/Apr/2025:12:15:25 -0400] "GET /ad917/?path=%2Fhome%2F..%2F.%2Flib64%2FlibodbcminiS.so.2 HTTP/1.1" 200 942 "-" "Mozilla/5.0 AppleWebKit/537.36 (KHTML, like Gecko; compatible; ClaudeBot/1.0; +claudebot@anthropic.com)"
66.249.77.40 - - [13/Apr/2025:12:15:27 -0400] "GET /info/brica/88311594.shtml HTTP/1.1" 200 26222 "-" "Mozilla/5.0 (Linux; Android 6.0.1; Nexus 5X Build/MMB29P) AppleWebKit/537.36 (KHTML, like Gecko) Chrome/135.0.7049.52 Mobile Safari/537.36 (compatible; GoogleOther)"
3.17.74.222 - - [13/Apr/2025:12:15:28 -0400] "GET /ad917/?path=%2Fhome%2F..%2F.%2Flib64%2Flibxcb-shape.so.0 HTTP/1.1" 200 941 "-" "Mozilla/5.0 AppleWebKit/537.36 (KHTML, like Gecko; compatible; ClaudeBot/1.0; +claudebot@anthropic.com)"
66.249.77.40 - - [13/Apr/2025:12:15:29 -0400] "GET /products/h/mainframe/78762516.shtml HTTP/1.1" 200 26967 "-" "Mozilla/5.0 (Linux; Android 6.0.1; Nexus 5X Build/MMB29P) AppleWebKit/537.36 (KHTML, like Gecko) Chrome/135.0.7049.52 Mobile Safari/537.36 (compatible; GoogleOther)"
3.17.74.222 - - [13/Apr/2025:12:15:31 -0400] "GET /ad917/?path=%2Fhome%2F..%2F.%2Flib64%2Flibdrm_intel.so.1 HTTP/1.1" 200 941 "-" "Mozilla/5.0 AppleWebKit/537.36 (KHTML, like Gecko; compatible; ClaudeBot/1.0; +claudebot@anthropic.com)"
66.249.77.40 - - [13/Apr/2025:12:15:31 -0400] "GET /info/48694376.shtml HTTP/1.1" 200 27576 "-" "Mozilla/5.0 (Linux; Android 6.0.1; Nexus 5X Build/MMB29P) AppleWebKit/537.36 (KHTML, like Gecko) Chrome/135.0.7049.52 Mobile Safari/537.36 (compatible; Googlebot/2.1; +http://www.google.com/bot.html)"
52.167.144.21 - - [13/Apr/2025:12:15:32 -0400] "GET /products74785142.shtml HTTP/1.1" 200 26490 "-" "Mozilla/5.0 AppleWebKit/537.36 (KHTML, like Gecko; compatible; bingbot/2.0; +http://www.bing.com/bingbot.htm) Chrome/116.0.1938.76 Safari/537.36"
3.17.74.222 - - [13/Apr/2025:12:15:35 -0400] "GET /ad917/?path=%2Fhome%2F..%2F.%2Flib64%2Flibmhash.so.2.0.1 HTTP/1.1" 200 941 "-" "Mozilla/5.0 AppleWebKit/537.36 (KHTML, like Gecko; compatible; ClaudeBot/1.0; +claudebot@anthropic.com)"
66.249.77.40 - - [13/Apr/2025:12:15:36 -0400] "GET /goodscode/98747590.shtml HTTP/1.1" 200 27473 "-" "Mozilla/5.0 (Linux; Android 6.0.1; Nexus 5X Build/MMB29P) AppleWebKit/537.36 (KHTML, like Gecko) Chrome/135.0.7049.52 Mobile Safari/537.36 (compatible; Googlebot/2.1; +http://www.google.com/bot.html)"
3.17.74.222 - - [13/Apr/2025:12:15:37 -0400] "GET /ad917/?path=%2Fhome%2F..%2F.%2Flib64%2FlibDeployPkg.so.0 HTTP/1.1" 200 943 "-" "Mozilla/5.0 AppleWebKit/537.36 (KHTML, like Gecko; compatible; ClaudeBot/1.0; +claudebot@anthropic.com)"
66.249.77.40 - - [13/Apr/2025:12:15:37 -0400] "GET /entity/88580264.shtml HTTP/1.1" 200 27757 "-" "Mozilla/5.0 (Linux; Android 6.0.1; Nexus 5X Build/MMB29P) AppleWebKit/537.36 (KHTML, like Gecko) Chrome/135.0.7049.52 Mobile Safari/537.36 (compatible; Googlebot/2.1; +http://www.google.com/bot.html)"
3.17.74.222 - - [13/Apr/2025:12:15:40 -0400] "GET /ad917/?path=%2Fhome%2F..%2F.%2Flib64%2Flibcupsimage.so.2 HTTP/1.1" 200 941 "-" "Mozilla/5.0 AppleWebKit/537.36 (KHTML, like Gecko; compatible; ClaudeBot/1.0; +claudebot@anthropic.com)"
52.167.144.21 - - [13/Apr/2025:12:15:41 -0400] "GET /detail/tio/euplexoptera/56853148.shtml HTTP/1.1" 200 26015 "-" "Mozilla/5.0 AppleWebKit/537.36 (KHTML, like Gecko; compatible; bingbot/2.0; +http://www.bing.com/bingbot.htm) Chrome/116.0.1938.76 Safari/537.36"
66.249.77.40 - - [13/Apr/2025:12:15:40 -0400] "GET /detail/e/fashionmongering35217818.shtml HTTP/1.1" 200 26972 "-" "Mozilla/5.0 (Linux; Android 6.0.1; Nexus 5X Build/MMB29P) AppleWebKit/537.36 (KHTML, like Gecko) Chrome/135.0.7049.52 Mobile Safari/537.36 (compatible; Googlebot/2.1; +http://www.google.com/bot.html)"
3.17.74.222 - - [13/Apr/2025:12:15:43 -0400] "GET /ad917/?path=%2Fhome%2F..%2Flib64%2F.%2Flibprotobuf.so.15 HTTP/1.1" 200 941 "-" "Mozilla/5.0 AppleWebKit/537.36 (KHTML, like Gecko; compatible; ClaudeBot/1.0; +claudebot@anthropic.com)"
66.249.77.40 - - [13/Apr/2025:12:15:43 -0400] "GET /shopdetail/vu/ammunition47232712.shtml HTTP/1.1" 200 24844 "-" "Mozilla/5.0 (Linux; Android 6.0.1; Nexus 5X Build/MMB29P) AppleWebKit/537.36 (KHTML, like Gecko) Chrome/135.0.7049.52 Mobile Safari/537.36 (compatible; GoogleOther)"
66.249.77.40 - - [13/Apr/2025:12:15:44 -0400] "GET /products/96201210.shtml HTTP/1.1" 200 27518 "-" "Mozilla/5.0 (Linux; Android 6.0.1; Nexus 5X Build/MMB29P) AppleWebKit/537.36 (KHTML, like Gecko) Chrome/135.0.7049.52 Mobile Safari/537.36 (compatible; Googlebot/2.1; +http://www.google.com/bot.html)"
66.249.77.40 - - [13/Apr/2025:12:15:45 -0400] "GET /info/96935858.shtml HTTP/1.1" 200 29109 "-" "Mozilla/5.0 (Linux; Android 6.0.1; Nexus 5X Build/MMB29P) AppleWebKit/537.36 (KHTML, like Gecko) Chrome/135.0.7049.52 Mobile Safari/537.36 (compatible; Googlebot/2.1; +http://www.google.com/bot.html)"
3.17.74.222 - - [13/Apr/2025:12:15:46 -0400] "GET /ad917/?path=%2Fhome%2F..%2F.%2Flib64%2Flibpango-1.0.so.0 HTTP/1.1" 200 942 "-" "Mozilla/5.0 AppleWebKit/537.36 (KHTML, like Gecko; compatible; ClaudeBot/1.0; +claudebot@anthropic.com)"
66.249.77.40 - - [13/Apr/2025:12:15:46 -0400] "GET /goods/57544746.shtml HTTP/1.1" 200 27974 "-" "Mozilla/5.0 (Linux; Android 6.0.1; Nexus 5X Build/MMB29P) AppleWebKit/537.36 (KHTML, like Gecko) Chrome/135.0.7049.52 Mobile Safari/537.36 (compatible; Googlebot/2.1; +http://www.google.com/bot.html)"
3.17.74.222 - - [13/Apr/2025:12:15:49 -0400] "GET /ad917/?path=%2Fhome%2F..%2Flib64%2F.%2Flibthread_db.so.1 HTTP/1.1" 200 942 "-" "Mozilla/5.0 AppleWebKit/537.36 (KHTML, like Gecko; compatible; ClaudeBot/1.0; +claudebot@anthropic.com)"
66.249.77.40 - - [13/Apr/2025:12:15:49 -0400] "GET /product/94077442.shtml HTTP/1.1" 200 26460 "-" "Mozilla/5.0 (Linux; Android 6.0.1; Nexus 5X Build/MMB29P) AppleWebKit/537.36 (KHTML, like Gecko) Chrome/135.0.7049.52 Mobile Safari/537.36 (compatible; Googlebot/2.1; +http://www.google.com/bot.html)"
157.55.39.11 - - [13/Apr/2025:12:15:50 -0400] "GET /shopping76000848.shtml HTTP/1.1" 200 26294 "-" "Mozilla/5.0 AppleWebKit/537.36 (KHTML, like Gecko; compatible; bingbot/2.0; +http://www.bing.com/bingbot.htm) Chrome/116.0.1938.76 Safari/537.36"
66.249.77.40 - - [13/Apr/2025:12:15:50 -0400] "GET /detail/122587462.shtml HTTP/1.1" 200 26525 "-" "Mozilla/5.0 (Linux; Android 6.0.1; Nexus 5X Build/MMB29P) AppleWebKit/537.36 (KHTML, like Gecko) Chrome/135.0.7049.52 Mobile Safari/537.36 (compatible; Googlebot/2.1; +http://www.google.com/bot.html)"
3.17.74.222 - - [13/Apr/2025:12:15:52 -0400] "GET /ad917/?path=%2Fhome%2F..%2Flib64%2F.%2Flibgdbm_compat.so HTTP/1.1" 200 942 "-" "Mozilla/5.0 AppleWebKit/537.36 (KHTML, like Gecko; compatible; ClaudeBot/1.0; +claudebot@anthropic.com)"
207.46.13.111 - - [13/Apr/2025:12:15:52 -0400] "GET /items/menses52568392.shtml HTTP/1.1" 200 26759 "-" "Mozilla/5.0 AppleWebKit/537.36 (KHTML, like Gecko; compatible; bingbot/2.0; +http://www.bing.com/bingbot.htm) Chrome/116.0.1938.76 Safari/537.36"
3.17.74.222 - - [13/Apr/2025:12:15:55 -0400] "GET /ad917/?path=%2Fhome%2F..%2F.%2Flib64%2FlibGLESv1_CM.so.1 HTTP/1.1" 200 944 "-" "Mozilla/5.0 AppleWebKit/537.36 (KHTML, like Gecko; compatible; ClaudeBot/1.0; +claudebot@anthropic.com)"
207.46.13.111 - - [13/Apr/2025:12:15:56 -0400] "GET /product/d/chagreen60411368.shtml HTTP/1.1" 200 25901 "-" "Mozilla/5.0 AppleWebKit/537.36 (KHTML, like Gecko; compatible; bingbot/2.0; +http://www.bing.com/bingbot.htm) Chrome/116.0.1938.76 Safari/537.36"
66.249.77.40 - - [13/Apr/2025:12:15:57 -0400] "GET /detail/38216246.shtml HTTP/1.1" 200 27658 "-" "Mozilla/5.0 (Linux; Android 6.0.1; Nexus 5X Build/MMB29P) AppleWebKit/537.36 (KHTML, like Gecko) Chrome/135.0.7049.52 Mobile Safari/537.36 (compatible; Googlebot/2.1; +http://www.google.com/bot.html)"
3.17.74.222 - - [13/Apr/2025:12:15:58 -0400] "GET /ad917/?path=%2Fhome%2F..%2F.%2Flib64%2Flibaprutil-1.so.0 HTTP/1.1" 200 941 "-" "Mozilla/5.0 AppleWebKit/537.36 (KHTML, like Gecko; compatible; ClaudeBot/1.0; +claudebot@anthropic.com)"
66.249.77.41 - - [13/Apr/2025:12:15:59 -0400] "GET /special/97129284.shtml HTTP/1.1" 200 25226 "-" "Mozilla/5.0 (Linux; Android 6.0.1; Nexus 5X Build/MMB29P) AppleWebKit/537.36 (KHTML, like Gecko) Chrome/135.0.7049.52 Mobile Safari/537.36 (compatible; Googlebot/2.1; +http://www.google.com/bot.html)"
3.17.74.222 - - [13/Apr/2025:12:16:01 -0400] "GET /ad917/?path=%2Fhome%2F..%2Flib64%2F.%2Flibksba.so.8.11.6 HTTP/1.1" 200 941 "-" "Mozilla/5.0 AppleWebKit/537.36 (KHTML, like Gecko; compatible; ClaudeBot/1.0; +claudebot@anthropic.com)"
157.55.39.11 - - [13/Apr/2025:12:16:02 -0400] "GET /products/phm/miswear83703060.shtml HTTP/1.1" 200 27023 "-" "Mozilla/5.0 AppleWebKit/537.36 (KHTML, like Gecko; compatible; bingbot/2.0; +http://www.bing.com/bingbot.htm) Chrome/116.0.1938.76 Safari/537.36"
3.17.74.222 - - [13/Apr/2025:12:16:04 -0400] "GET /ad917/?path=%2Fhome%2F..%2F.%2Flib64%2Flibxslt.so.1.1.32 HTTP/1.1" 200 941 "-" "Mozilla/5.0 AppleWebKit/537.36 (KHTML, like Gecko; compatible; ClaudeBot/1.0; +claudebot@anthropic.com)"
66.249.77.40 - - [13/Apr/2025:12:16:05 -0400] "GET /shopbrand/27633774.shtml HTTP/1.1" 200 27842 "-" "Mozilla/5.0 (Linux; Android 6.0.1; Nexus 5X Build/MMB29P) AppleWebKit/537.36 (KHTML, like Gecko) Chrome/135.0.7049.52 Mobile Safari/537.36 (compatible; Googlebot/2.1; +http://www.google.com/bot.html)"
3.17.74.222 - - [13/Apr/2025:12:16:07 -0400] "GET /ad917/?path=%2Fhome%2F..%2Flib64%2F.%2Flibverto.so.1.0.0 HTTP/1.1" 200 940 "-" "Mozilla/5.0 AppleWebKit/537.36 (KHTML, like Gecko; compatible; ClaudeBot/1.0; +claudebot@anthropic.com)"
3.17.74.222 - - [13/Apr/2025:12:16:10 -0400] "GET /ad917/?path=%2Fhome%2F..%2Flib64%2F.%2Flibncurses++.so.5 HTTP/1.1" 200 1199 "-" "Mozilla/5.0 AppleWebKit/537.36 (KHTML, like Gecko; compatible; ClaudeBot/1.0; +claudebot@anthropic.com)"
3.17.74.222 - - [13/Apr/2025:12:16:13 -0400] "GET /ad917/?path=%2Fhome%2F..%2F.%2Flib64%2FlibQt5Xml.so.5.15 HTTP/1.1" 200 943 "-" "Mozilla/5.0 AppleWebKit/537.36 (KHTML, like Gecko; compatible; ClaudeBot/1.0; +claudebot@anthropic.com)"
66.249.77.41 - - [13/Apr/2025:12:16:13 -0400] "GET /shopbrand/101829362.shtml HTTP/1.1" 200 26612 "-" "Mozilla/5.0 (Linux; Android 6.0.1; Nexus 5X Build/MMB29P) AppleWebKit/537.36 (KHTML, like Gecko) Chrome/135.0.7049.52 Mobile Safari/537.36 (compatible; Googlebot/2.1; +http://www.google.com/bot.html)"
52.167.144.187 - - [13/Apr/2025:12:16:14 -0400] "GET /shopping71156862.shtml HTTP/1.1" 200 27021 "-" "Mozilla/5.0 AppleWebKit/537.36 (KHTML, like Gecko; compatible; bingbot/2.0; +http://www.bing.com/bingbot.htm) Chrome/116.0.1938.76 Safari/537.36"
52.167.144.21 - - [13/Apr/2025:12:16:14 -0400] "GET /product/slurred4452400.shtml HTTP/1.1" 200 27512 "-" "Mozilla/5.0 AppleWebKit/537.36 (KHTML, like Gecko; compatible; bingbot/2.0; +http://www.bing.com/bingbot.htm) Chrome/116.0.1938.76 Safari/537.36"
3.17.74.222 - - [13/Apr/2025:12:16:16 -0400] "GET /ad917/?path=%2Fhome%2F..%2F.%2Flib64%2Flibsss_idmap.so.0 HTTP/1.1" 200 940 "-" "Mozilla/5.0 AppleWebKit/537.36 (KHTML, like Gecko; compatible; ClaudeBot/1.0; +claudebot@anthropic.com)"
3.17.74.222 - - [13/Apr/2025:12:16:19 -0400] "GET /ad917/?path=%2Fhome%2F..%2Flib64%2F.%2Flibxcb-icccm.so.4 HTTP/1.1" 200 941 "-" "Mozilla/5.0 AppleWebKit/537.36 (KHTML, like Gecko; compatible; ClaudeBot/1.0; +claudebot@anthropic.com)"
66.249.77.40 - - [13/Apr/2025:12:16:21 -0400] "GET /goodscode/31004006.shtml HTTP/1.1" 200 25172 "-" "Mozilla/5.0 (Linux; Android 6.0.1; Nexus 5X Build/MMB29P) AppleWebKit/537.36 (KHTML, like Gecko) Chrome/135.0.7049.52 Mobile Safari/537.36 (compatible; Googlebot/2.1; +http://www.google.com/bot.html)"
207.46.13.111 - - [13/Apr/2025:12:16:21 -0400] "GET /items/ds/putteron28766236.shtml HTTP/1.1" 200 26572 "-" "Mozilla/5.0 AppleWebKit/537.36 (KHTML, like Gecko; compatible; bingbot/2.0; +http://www.bing.com/bingbot.htm) Chrome/116.0.1938.76 Safari/537.36"
3.17.74.222 - - [13/Apr/2025:12:16:22 -0400] "GET /ad917/?path=%2Fhome%2F..%2F.%2Flib64%2Flibpamc.so.0.82.1 HTTP/1.1" 200 941 "-" "Mozilla/5.0 AppleWebKit/537.36 (KHTML, like Gecko; compatible; ClaudeBot/1.0; +claudebot@anthropic.com)"
3.17.74.222 - - [13/Apr/2025:12:16:25 -0400] "GET /ad917/?path=%2Fhome%2F..%2F.%2Flib64%2Flibnfnetlink.so.0 HTTP/1.1" 200 940 "-" "Mozilla/5.0 AppleWebKit/537.36 (KHTML, like Gecko; compatible; ClaudeBot/1.0; +claudebot@anthropic.com)"
3.17.74.222 - - [13/Apr/2025:12:16:28 -0400] "GET /ad917/?path=%2Fhome%2F..%2F.%2Flib64%2Flibip6tc.so.2.0.0 HTTP/1.1" 200 941 "-" "Mozilla/5.0 AppleWebKit/537.36 (KHTML, like Gecko; compatible; ClaudeBot/1.0; +claudebot@anthropic.com)"
52.167.144.161 - - [13/Apr/2025:12:16:29 -0400] "GET /products53304026.shtml HTTP/1.1" 200 26114 "-" "Mozilla/5.0 AppleWebKit/537.36 (KHTML, like Gecko; compatible; bingbot/2.0; +http://www.bing.com/bingbot.htm) Chrome/116.0.1938.76 Safari/537.36"
3.17.74.222 - - [13/Apr/2025:12:16:31 -0400] "GET /ad917/?path=%2Fhome%2F..%2Flib64%2F.%2Flibip4tc.so.2.0.0 HTTP/1.1" 200 941 "-" "Mozilla/5.0 AppleWebKit/537.36 (KHTML, like Gecko; compatible; ClaudeBot/1.0; +claudebot@anthropic.com)"
52.167.144.187 - - [13/Apr/2025:12:16:32 -0400] "GET /products41975666.shtml HTTP/1.1" 200 26054 "-" "Mozilla/5.0 AppleWebKit/537.36 (KHTML, like Gecko; compatible; bingbot/2.0; +http://www.bing.com/bingbot.htm) Chrome/116.0.1938.76 Safari/537.36"
66.249.77.40 - - [13/Apr/2025:12:16:49 -0400] "GET /shopbrand/interradial116407478.shtml HTTP/1.1" 200 26175 "-" "Mozilla/5.0 (Linux; Android 6.0.1; Nexus 5X Build/MMB29P) AppleWebKit/537.36 (KHTML, like Gecko) Chrome/135.0.7049.52 Mobile Safari/537.36 (compatible; Googlebot/2.1; +http://www.google.com/bot.html)"
66.249.77.40 - - [13/Apr/2025:12:16:52 -0400] "GET /detail/w/extemporized/26159406.shtml HTTP/1.1" 200 26349 "-" "Mozilla/5.0 (Linux; Android 6.0.1; Nexus 5X Build/MMB29P) AppleWebKit/537.36 (KHTML, like Gecko) Chrome/135.0.7049.52 Mobile Safari/537.36 (compatible; Googlebot/2.1; +http://www.google.com/bot.html)"
157.55.39.11 - - [13/Apr/2025:12:17:01 -0400] "GET /entity115903620.shtml HTTP/1.1" 200 27174 "-" "Mozilla/5.0 AppleWebKit/537.36 (KHTML, like Gecko; compatible; bingbot/2.0; +http://www.bing.com/bingbot.htm) Chrome/116.0.1938.76 Safari/537.36"
207.46.13.111 - - [13/Apr/2025:12:17:04 -0400] "GET /product/115277694.shtml HTTP/1.1" 200 27037 "-" "Mozilla/5.0 AppleWebKit/537.36 (KHTML, like Gecko; compatible; bingbot/2.0; +http://www.bing.com/bingbot.htm) Chrome/116.0.1938.76 Safari/537.36"
3.141.196.215 - - [13/Apr/2025:12:17:05 -0400] "GET /ad917/?path=%2Fhome%2F..%2Flib64%2F.%2FlibGLdispatch.so.0 HTTP/1.1" 200 946 "-" "Mozilla/5.0 AppleWebKit/537.36 (KHTML, like Gecko; compatible; ClaudeBot/1.0; +claudebot@anthropic.com)"
66.249.77.40 - - [13/Apr/2025:12:17:06 -0400] "GET /special/lqm/middlings/71823088.shtml HTTP/1.1" 200 26060 "-" "Mozilla/5.0 (Linux; Android 6.0.1; Nexus 5X Build/MMB29P) AppleWebKit/537.36 (KHTML, like Gecko) Chrome/135.0.7049.52 Mobile Safari/537.36 (compatible; GoogleOther)"
3.141.196.215 - - [13/Apr/2025:12:17:08 -0400] "GET /ad917/?path=%2Fhome%2F..%2F.%2Flib64%2Flibncursesw.so.6.1 HTTP/1.1" 200 943 "-" "Mozilla/5.0 AppleWebKit/537.36 (KHTML, like Gecko; compatible; ClaudeBot/1.0; +claudebot@anthropic.com)"
3.141.196.215 - - [13/Apr/2025:12:17:11 -0400] "GET /ad917/?path=%2Fhome%2F..%2F.%2Flib64%2Flibatomic_ops.so.1 HTTP/1.1" 200 942 "-" "Mozilla/5.0 AppleWebKit/537.36 (KHTML, like Gecko; compatible; ClaudeBot/1.0; +claudebot@anthropic.com)"
66.249.77.41 - - [13/Apr/2025:12:17:12 -0400] "GET /goodscode/108394066.shtml HTTP/1.1" 200 26966 "-" "Mozilla/5.0 (Linux; Android 6.0.1; Nexus 5X Build/MMB29P) AppleWebKit/537.36 (KHTML, like Gecko) Chrome/135.0.7049.52 Mobile Safari/537.36 (compatible; Googlebot/2.1; +http://www.google.com/bot.html)"
3.141.196.215 - - [13/Apr/2025:12:17:14 -0400] "GET /ad917/?path=%2Fhome%2F..%2F.%2Flib64%2FlibImath-2_2.so.12 HTTP/1.1" 200 946 "-" "Mozilla/5.0 AppleWebKit/537.36 (KHTML, like Gecko; compatible; ClaudeBot/1.0; +claudebot@anthropic.com)"
52.167.144.187 - - [13/Apr/2025:12:17:14 -0400] "GET /detail63420756.shtml HTTP/1.1" 200 25673 "-" "Mozilla/5.0 AppleWebKit/537.36 (KHTML, like Gecko; compatible; bingbot/2.0; +http://www.bing.com/bingbot.htm) Chrome/116.0.1938.76 Safari/537.36"
3.141.196.215 - - [13/Apr/2025:12:17:17 -0400] "GET /ad917/?path=%2Fhome%2F..%2Flib64%2F.%2Flibvorbisfile.so.3 HTTP/1.1" 200 944 "-" "Mozilla/5.0 AppleWebKit/537.36 (KHTML, like Gecko; compatible; ClaudeBot/1.0; +claudebot@anthropic.com)"
3.141.196.215 - - [13/Apr/2025:12:17:20 -0400] "GET /ad917/?path=%2Fhome%2F..%2F.%2Flib64%2Flibdaemon.so.0.5.0 HTTP/1.1" 200 942 "-" "Mozilla/5.0 AppleWebKit/537.36 (KHTML, like Gecko; compatible; ClaudeBot/1.0; +claudebot@anthropic.com)"
52.167.144.187 - - [13/Apr/2025:12:17:22 -0400] "GET /special42553034.shtml HTTP/1.1" 200 26191 "-" "Mozilla/5.0 AppleWebKit/537.36 (KHTML, like Gecko; compatible; bingbot/2.0; +http://www.bing.com/bingbot.htm) Chrome/116.0.1938.76 Safari/537.36"
3.141.196.215 - - [13/Apr/2025:12:17:23 -0400] "GET /ad917/?path=%2Fhome%2F..%2F.%2Flib64%2Flibvorbis.so.0.4.8 HTTP/1.1" 200 943 "-" "Mozilla/5.0 AppleWebKit/537.36 (KHTML, like Gecko; compatible; ClaudeBot/1.0; +claudebot@anthropic.com)"
207.46.13.111 - - [13/Apr/2025:12:17:24 -0400] "GET /shopbrand/guttapercha/104917874.shtml HTTP/1.1" 200 28012 "-" "Mozilla/5.0 AppleWebKit/537.36 (KHTML, like Gecko; compatible; bingbot/2.0; +http://www.bing.com/bingbot.htm) Chrome/116.0.1938.76 Safari/537.36"
3.141.196.215 - - [13/Apr/2025:12:17:26 -0400] "GET /ad917/?path=%2Fhome%2F..%2F.%2Flib64%2Flibipmidetect.so.0 HTTP/1.1" 200 941 "-" "Mozilla/5.0 AppleWebKit/537.36 (KHTML, like Gecko; compatible; ClaudeBot/1.0; +claudebot@anthropic.com)"
3.141.196.215 - - [13/Apr/2025:12:17:29 -0400] "GET /ad917/?path=%2Fhome%2F..%2F.%2Flib64%2Flibcap-ng.so.0.0.0 HTTP/1.1" 200 942 "-" "Mozilla/5.0 AppleWebKit/537.36 (KHTML, like Gecko; compatible; ClaudeBot/1.0; +claudebot@anthropic.com)"
52.167.144.21 - - [13/Apr/2025:12:17:31 -0400] "GET /items/tk/inharmoniously/37365364.shtml HTTP/1.1" 200 24523 "-" "Mozilla/5.0 AppleWebKit/537.36 (KHTML, like Gecko; compatible; bingbot/2.0; +http://www.bing.com/bingbot.htm) Chrome/116.0.1938.76 Safari/537.36"
3.141.196.215 - - [13/Apr/2025:12:17:32 -0400] "GET /ad917/?path=%2Fhome%2F..%2F.%2Flib64%2FImageMagick-6.9.13 HTTP/1.1" 200 1483 "-" "Mozilla/5.0 AppleWebKit/537.36 (KHTML, like Gecko; compatible; ClaudeBot/1.0; +claudebot@anthropic.com)"
3.141.196.215 - - [13/Apr/2025:12:17:35 -0400] "GET /ad917/?path=%2Fhome%2F..%2Flib64%2F.%2Flibncurses++w.so.5 HTTP/1.1" 200 1203 "-" "Mozilla/5.0 AppleWebKit/537.36 (KHTML, like Gecko; compatible; ClaudeBot/1.0; +claudebot@anthropic.com)"
52.167.144.21 - - [13/Apr/2025:12:17:35 -0400] "GET /info85418570.shtml HTTP/1.1" 200 25963 "-" "Mozilla/5.0 AppleWebKit/537.36 (KHTML, like Gecko; compatible; bingbot/2.0; +http://www.bing.com/bingbot.htm) Chrome/116.0.1938.76 Safari/537.36"
3.141.196.215 - - [13/Apr/2025:12:17:38 -0400] "GET /ad917/?path=%2Fhome%2F..%2Flib64%2F.%2Flibxcb-xfixes.so.0 HTTP/1.1" 200 946 "-" "Mozilla/5.0 AppleWebKit/537.36 (KHTML, like Gecko; compatible; ClaudeBot/1.0; +claudebot@anthropic.com)"
3.141.196.215 - - [13/Apr/2025:12:17:41 -0400] "GET /ad917/?path=%2Fhome%2F..%2Flib64%2F.%2Flibicudata.so.60.3 HTTP/1.1" 200 944 "-" "Mozilla/5.0 AppleWebKit/537.36 (KHTML, like Gecko; compatible; ClaudeBot/1.0; +claudebot@anthropic.com)"
3.141.196.215 - - [13/Apr/2025:12:17:44 -0400] "GET /ad917/?path=%2Fhome%2F..%2F.%2Flib64%2FlibGeoIP.so.1.6.12 HTTP/1.1" 200 945 "-" "Mozilla/5.0 AppleWebKit/537.36 (KHTML, like Gecko; compatible; ClaudeBot/1.0; +claudebot@anthropic.com)"
207.46.13.111 - - [13/Apr/2025:12:17:44 -0400] "GET /info11052448.shtml HTTP/1.1" 200 26344 "-" "Mozilla/5.0 AppleWebKit/537.36 (KHTML, like Gecko; compatible; bingbot/2.0; +http://www.bing.com/bingbot.htm) Chrome/116.0.1938.76 Safari/537.36"
3.141.196.215 - - [13/Apr/2025:12:17:47 -0400] "GET /ad917/?path=%2Fhome%2F..%2F.%2Flib64%2Flibdvdnav.so.4.2.0 HTTP/1.1" 200 943 "-" "Mozilla/5.0 AppleWebKit/537.36 (KHTML, like Gecko; compatible; ClaudeBot/1.0; +claudebot@anthropic.com)"
52.167.144.145 - - [13/Apr/2025:12:17:48 -0400] "GET /items/ho/veratrate3487680.shtml HTTP/1.1" 200 27328 "-" "Mozilla/5.0 AppleWebKit/537.36 (KHTML, like Gecko; compatible; bingbot/2.0; +http://www.bing.com/bingbot.htm) Chrome/116.0.1938.76 Safari/537.36"
66.249.77.40 - - [13/Apr/2025:12:17:48 -0400] "GET /info/51797020.shtml HTTP/1.1" 200 25964 "-" "Mozilla/5.0 (Linux; Android 6.0.1; Nexus 5X Build/MMB29P) AppleWebKit/537.36 (KHTML, like Gecko) Chrome/135.0.7049.52 Mobile Safari/537.36 (compatible; Googlebot/2.1; +http://www.google.com/bot.html)"
3.141.196.215 - - [13/Apr/2025:12:17:52 -0400] "GET /ad917/?path=%2Fhome%2F..%2Flib64%2F.%2Flibncursesw.so.6.1 HTTP/1.1" 200 945 "-" "Mozilla/5.0 AppleWebKit/537.36 (KHTML, like Gecko; compatible; ClaudeBot/1.0; +claudebot@anthropic.com)"
3.141.196.215 - - [13/Apr/2025:12:17:53 -0400] "GET /ad917/?path=%2Fhome%2F..%2F.%2Flib64%2Flibgstfft-1.0.so.0 HTTP/1.1" 200 942 "-" "Mozilla/5.0 AppleWebKit/537.36 (KHTML, like Gecko; compatible; ClaudeBot/1.0; +claudebot@anthropic.com)"
3.141.196.215 - - [13/Apr/2025:12:17:56 -0400] "GET /ad917/?path=%2Fhome%2F..%2Flib64%2F.%2Flibvgauth.so.0.0.0 HTTP/1.1" 200 945 "-" "Mozilla/5.0 AppleWebKit/537.36 (KHTML, like Gecko; compatible; ClaudeBot/1.0; +claudebot@anthropic.com)"
3.141.196.215 - - [13/Apr/2025:12:17:59 -0400] "GET /ad917/?path=%2Fhome%2F..%2Flib64%2F.%2Flibmariadbclient.a HTTP/1.1" 200 952 "-" "Mozilla/5.0 AppleWebKit/537.36 (KHTML, like Gecko; compatible; ClaudeBot/1.0; +claudebot@anthropic.com)"
3.141.196.215 - - [13/Apr/2025:12:18:02 -0400] "GET /ad917/?path=%2Fhome%2F..%2Flib64%2F.%2Flibdebuginfod.so.1 HTTP/1.1" 200 944 "-" "Mozilla/5.0 AppleWebKit/537.36 (KHTML, like Gecko; compatible; ClaudeBot/1.0; +claudebot@anthropic.com)"
52.167.144.187 - - [13/Apr/2025:12:18:01 -0400] "GET /goodscode/qg/veterinarian24110482.shtml HTTP/1.1" 200 26679 "-" "Mozilla/5.0 AppleWebKit/537.36 (KHTML, like Gecko; compatible; bingbot/2.0; +http://www.bing.com/bingbot.htm) Chrome/116.0.1938.76 Safari/537.36"
52.167.144.187 - - [13/Apr/2025:12:18:04 -0400] "GET /items94408586.shtml HTTP/1.1" 200 28913 "-" "Mozilla/5.0 AppleWebKit/537.36 (KHTML, like Gecko; compatible; bingbot/2.0; +http://www.bing.com/bingbot.htm) Chrome/116.0.1938.76 Safari/537.36"
3.141.196.215 - - [13/Apr/2025:12:18:05 -0400] "GET /ad917/?path=%2Fhome%2F..%2F.%2Flib64%2Flibasound.so.2.0.0 HTTP/1.1" 200 945 "-" "Mozilla/5.0 AppleWebKit/537.36 (KHTML, like Gecko; compatible; ClaudeBot/1.0; +claudebot@anthropic.com)"
52.167.144.21 - - [13/Apr/2025:12:18:06 -0400] "GET /shopping/turns77295268.shtml HTTP/1.1" 200 28019 "-" "Mozilla/5.0 AppleWebKit/537.36 (KHTML, like Gecko; compatible; bingbot/2.0; +http://www.bing.com/bingbot.htm) Chrome/116.0.1938.76 Safari/537.36"
3.141.196.215 - - [13/Apr/2025:12:18:08 -0400] "GET /ad917/?path=%2Fhome%2F..%2F.%2Flib64%2Flibdns.so.1115.0.3 HTTP/1.1" 200 942 "-" "Mozilla/5.0 AppleWebKit/537.36 (KHTML, like Gecko; compatible; ClaudeBot/1.0; +claudebot@anthropic.com)"
3.141.196.215 - - [13/Apr/2025:12:18:13 -0400] "GET /ad917/?path=%2Fhome%2F..%2Flib64%2F.%2Flibyaml-0.so.2.0.5 HTTP/1.1" 200 945 "-" "Mozilla/5.0 AppleWebKit/537.36 (KHTML, like Gecko; compatible; ClaudeBot/1.0; +claudebot@anthropic.com)"
207.46.13.111 - - [13/Apr/2025:12:18:13 -0400] "GET /info/geraniaceous/115576586.shtml HTTP/1.1" 200 29104 "-" "Mozilla/5.0 AppleWebKit/537.36 (KHTML, like Gecko; compatible; bingbot/2.0; +http://www.bing.com/bingbot.htm) Chrome/116.0.1938.76 Safari/537.36"
3.141.196.215 - - [13/Apr/2025:12:18:14 -0400] "GET /ad917/?path=%2Fhome%2F..%2F.%2Flib64%2Flibacl.so.1.1.2253 HTTP/1.1" 200 943 "-" "Mozilla/5.0 AppleWebKit/537.36 (KHTML, like Gecko; compatible; ClaudeBot/1.0; +claudebot@anthropic.com)"
66.249.77.42 - - [13/Apr/2025:12:18:15 -0400] "GET /shopping/habilimented121850126.shtml HTTP/1.1" 200 27178 "-" "Mozilla/5.0 (Linux; Android 6.0.1; Nexus 5X Build/MMB29P) AppleWebKit/537.36 (KHTML, like Gecko) Chrome/135.0.7049.84 Mobile Safari/537.36 (compatible; Googlebot/2.1; +http://www.google.com/bot.html)"
3.141.196.215 - - [13/Apr/2025:12:18:17 -0400] "GET /ad917/?path=%2Fhome%2F..%2F.%2Flib64%2Flibhiredis.so.0.13 HTTP/1.1" 200 942 "-" "Mozilla/5.0 AppleWebKit/537.36 (KHTML, like Gecko; compatible; ClaudeBot/1.0; +claudebot@anthropic.com)"
66.249.77.41 - - [13/Apr/2025:12:18:19 -0400] "GET /products/c/crustalogist/47605430.shtml HTTP/1.1" 200 27762 "-" "Mozilla/5.0 (Linux; Android 6.0.1; Nexus 5X Build/MMB29P) AppleWebKit/537.36 (KHTML, like Gecko) Chrome/135.0.7049.52 Mobile Safari/537.36 (compatible; GoogleOther)"
3.141.196.215 - - [13/Apr/2025:12:18:20 -0400] "GET /ad917/?path=%2Fhome%2F..%2F.%2Flib64%2Flibnftnl.so.11.6.0 HTTP/1.1" 200 943 "-" "Mozilla/5.0 AppleWebKit/537.36 (KHTML, like Gecko; compatible; ClaudeBot/1.0; +claudebot@anthropic.com)"
3.141.196.215 - - [13/Apr/2025:12:18:23 -0400] "GET /ad917/?path=%2Fhome%2F..%2Flib64%2F.%2Flibxcb-xinput.so.0 HTTP/1.1" 200 943 "-" "Mozilla/5.0 AppleWebKit/537.36 (KHTML, like Gecko; compatible; ClaudeBot/1.0; +claudebot@anthropic.com)"
3.141.196.215 - - [13/Apr/2025:12:18:26 -0400] "GET /ad917/?path=%2Fhome%2F..%2Flib64%2F.%2Flibicui18n.so.60.3 HTTP/1.1" 200 944 "-" "Mozilla/5.0 AppleWebKit/537.36 (KHTML, like Gecko; compatible; ClaudeBot/1.0; +claudebot@anthropic.com)"
3.141.196.215 - - [13/Apr/2025:12:18:29 -0400] "GET /ad917/?path=%2Fhome%2F..%2Flib64%2F.%2Flibprocps.so.7.1.0 HTTP/1.1" 200 945 "-" "Mozilla/5.0 AppleWebKit/537.36 (KHTML, like Gecko; compatible; ClaudeBot/1.0; +claudebot@anthropic.com)"
66.249.77.40 - - [13/Apr/2025:12:18:29 -0400] "GET /products/auk/bennettii/12145858.shtml HTTP/1.1" 200 27886 "-" "Mozilla/5.0 (Linux; Android 6.0.1; Nexus 5X Build/MMB29P) AppleWebKit/537.36 (KHTML, like Gecko) Chrome/135.0.7049.52 Mobile Safari/537.36 (compatible; GoogleOther)"
3.141.196.215 - - [13/Apr/2025:12:18:32 -0400] "GET /ad917/?path=%2Fhome%2F..%2Flib64%2F.%2Flibgstnet-1.0.so.0 HTTP/1.1" 200 944 "-" "Mozilla/5.0 AppleWebKit/537.36 (KHTML, like Gecko; compatible; ClaudeBot/1.0; +claudebot@anthropic.com)"
3.141.196.215 - - [13/Apr/2025:12:18:35 -0400] "GET /ad917/?path=%2Fhome%2F..%2Flib64%2F.%2Flibatomic_ops.so.1 HTTP/1.1" 200 944 "-" "Mozilla/5.0 AppleWebKit/537.36 (KHTML, like Gecko; compatible; ClaudeBot/1.0; +claudebot@anthropic.com)"
3.141.196.215 - - [13/Apr/2025:12:18:38 -0400] "GET /ad917/?path=%2Fhome%2F..%2F.%2Flib64%2Flibxcb-xv.so.0.0.0 HTTP/1.1" 200 942 "-" "Mozilla/5.0 AppleWebKit/537.36 (KHTML, like Gecko; compatible; ClaudeBot/1.0; +claudebot@anthropic.com)"
3.141.196.215 - - [13/Apr/2025:12:18:41 -0400] "GET /ad917/?path=%2Fhome%2F..%2F.%2Flib64%2FlibmimerS.so.2.0.0 HTTP/1.1" 200 943 "-" "Mozilla/5.0 AppleWebKit/537.36 (KHTML, like Gecko; compatible; ClaudeBot/1.0; +claudebot@anthropic.com)"
52.167.144.187 - - [13/Apr/2025:12:18:43 -0400] "GET /info/31931130.shtml HTTP/1.1" 200 32949 "-" "Mozilla/5.0 AppleWebKit/537.36 (KHTML, like Gecko; compatible; bingbot/2.0; +http://www.bing.com/bingbot.htm) Chrome/116.0.1938.76 Safari/537.36"
3.141.196.215 - - [13/Apr/2025:12:18:44 -0400] "GET /ad917/?path=%2Fhome%2F..%2F.%2Flib64%2Flibtiffxx.so.5.3.0 HTTP/1.1" 200 942 "-" "Mozilla/5.0 AppleWebKit/537.36 (KHTML, like Gecko; compatible; ClaudeBot/1.0; +claudebot@anthropic.com)"
3.141.196.215 - - [13/Apr/2025:12:18:47 -0400] "GET /ad917/?path=%2Fhome%2F..%2Flib64%2F.%2FlibGLX_system.so.0 HTTP/1.1" 200 946 "-" "Mozilla/5.0 AppleWebKit/537.36 (KHTML, like Gecko; compatible; ClaudeBot/1.0; +claudebot@anthropic.com)"
3.141.196.215 - - [13/Apr/2025:12:18:50 -0400] "GET /ad917/?path=%2Fhome%2F..%2Flib64%2F.%2FlibFLAC++.so.6.3.0 HTTP/1.1" 200 1210 "-" "Mozilla/5.0 AppleWebKit/537.36 (KHTML, like Gecko; compatible; ClaudeBot/1.0; +claudebot@anthropic.com)"
3.141.196.215 - - [13/Apr/2025:12:18:53 -0400] "GET /ad917/?path=%2Fhome%2F..%2F.%2Flib64%2FlibBrokenLocale.so HTTP/1.1" 200 944 "-" "Mozilla/5.0 AppleWebKit/537.36 (KHTML, like Gecko; compatible; ClaudeBot/1.0; +claudebot@anthropic.com)"
