3.19.70.25 - - [13/Apr/2025:08:43:31 -0400] "GET /ad917/?path=%2Fhome%2Fservlmvm%2F.%2Flscache%2F3%2F.%2F2%2F6%2F3268a1f73bff88c7 HTTP/1.1" 200 973 "-" "Mozilla/5.0 AppleWebKit/537.36 (KHTML, like Gecko; compatible; ClaudeBot/1.0; +claudebot@anthropic.com)"
66.249.77.40 - - [13/Apr/2025:08:43:31 -0400] "GET /shopbrand/eustachian35618600.shtml HTTP/1.1" 200 25387 "-" "Mozilla/5.0 (Linux; Android 6.0.1; Nexus 5X Build/MMB29P) AppleWebKit/537.36 (KHTML, like Gecko) Chrome/135.0.7049.52 Mobile Safari/537.36 (compatible; Googlebot/2.1; +http://www.google.com/bot.html)"
66.249.77.40 - - [13/Apr/2025:08:43:34 -0400] "GET /shopbrand/rmi/elegantly/37062748.shtml HTTP/1.1" 200 27256 "-" "Mozilla/5.0 (Linux; Android 6.0.1; Nexus 5X Build/MMB29P) AppleWebKit/537.36 (KHTML, like Gecko) Chrome/135.0.7049.52 Mobile Safari/537.36 (compatible; GoogleOther)"
66.249.77.40 - - [13/Apr/2025:08:43:39 -0400] "GET /special/oqm/spiciest/13764854.shtml HTTP/1.1" 200 25419 "-" "Mozilla/5.0 (Linux; Android 6.0.1; Nexus 5X Build/MMB29P) AppleWebKit/537.36 (KHTML, like Gecko) Chrome/135.0.7049.52 Mobile Safari/537.36 (compatible; Googlebot/2.1; +http://www.google.com/bot.html)"
66.249.77.41 - - [13/Apr/2025:08:43:40 -0400] "GET /shopbrand/blamelessly84920032.shtml HTTP/1.1" 200 26764 "-" "Mozilla/5.0 (Linux; Android 6.0.1; Nexus 5X Build/MMB29P) AppleWebKit/537.36 (KHTML, like Gecko) Chrome/135.0.7049.52 Mobile Safari/537.36 (compatible; Googlebot/2.1; +http://www.google.com/bot.html)"
66.249.77.41 - - [13/Apr/2025:08:43:47 -0400] "GET /shopping112440904.shtml HTTP/1.1" 200 27171 "-" "Mozilla/5.0 (Linux; Android 6.0.1; Nexus 5X Build/MMB29P) AppleWebKit/537.36 (KHTML, like Gecko) Chrome/135.0.7049.52 Mobile Safari/537.36 (compatible; Googlebot/2.1; +http://www.google.com/bot.html)"
66.249.77.40 - - [13/Apr/2025:08:43:51 -0400] "GET /products/busheled100868056.shtml HTTP/1.1" 200 25854 "-" "Mozilla/5.0 (Linux; Android 6.0.1; Nexus 5X Build/MMB29P) AppleWebKit/537.36 (KHTML, like Gecko) Chrome/135.0.7049.52 Mobile Safari/537.36 (compatible; Googlebot/2.1; +http://www.google.com/bot.html)"
40.77.167.56 - - [13/Apr/2025:08:43:52 -0400] "GET /info19937546.shtml HTTP/1.1" 200 25337 "-" "Mozilla/5.0 AppleWebKit/537.36 (KHTML, like Gecko; compatible; bingbot/2.0; +http://www.bing.com/bingbot.htm) Chrome/116.0.1938.76 Safari/537.36"
40.77.167.56 - - [13/Apr/2025:08:43:53 -0400] "GET /goodscode/e/letts108771662.shtml HTTP/1.1" 200 30082 "-" "Mozilla/5.0 AppleWebKit/537.36 (KHTML, like Gecko; compatible; bingbot/2.0; +http://www.bing.com/bingbot.htm) Chrome/116.0.1938.76 Safari/537.36"
66.249.77.41 - - [13/Apr/2025:08:43:54 -0400] "GET /entity/okq/transmogrify/42753038.shtml HTTP/1.1" 200 27368 "-" "Mozilla/5.0 (Linux; Android 6.0.1; Nexus 5X Build/MMB29P) AppleWebKit/537.36 (KHTML, like Gecko) Chrome/135.0.7049.52 Mobile Safari/537.36 (compatible; GoogleOther)"
66.249.77.41 - - [13/Apr/2025:08:43:58 -0400] "GET /shopdetail/31445946.shtml HTTP/1.1" 200 28282 "-" "Mozilla/5.0 (Linux; Android 6.0.1; Nexus 5X Build/MMB29P) AppleWebKit/537.36 (KHTML, like Gecko) Chrome/135.0.7049.52 Mobile Safari/537.36 (compatible; Googlebot/2.1; +http://www.google.com/bot.html)"
66.249.77.41 - - [13/Apr/2025:08:44:00 -0400] "GET /special/69867752.shtml HTTP/1.1" 200 28108 "-" "Mozilla/5.0 (Linux; Android 6.0.1; Nexus 5X Build/MMB29P) AppleWebKit/537.36 (KHTML, like Gecko) Chrome/135.0.7049.52 Mobile Safari/537.36 (compatible; Googlebot/2.1; +http://www.google.com/bot.html)"
40.77.167.56 - - [13/Apr/2025:08:44:01 -0400] "GET /item/heterostyled58808714.shtml HTTP/1.1" 200 26420 "-" "Mozilla/5.0 AppleWebKit/537.36 (KHTML, like Gecko; compatible; bingbot/2.0; +http://www.bing.com/bingbot.htm) Chrome/116.0.1938.76 Safari/537.36"
66.249.77.40 - - [13/Apr/2025:08:44:04 -0400] "GET /items/45608770.shtml HTTP/1.1" 200 27094 "-" "Mozilla/5.0 (Linux; Android 6.0.1; Nexus 5X Build/MMB29P) AppleWebKit/537.36 (KHTML, like Gecko) Chrome/135.0.7049.52 Mobile Safari/537.36 (compatible; Googlebot/2.1; +http://www.google.com/bot.html)"
66.249.77.40 - - [13/Apr/2025:08:44:06 -0400] "GET /detail/uu/unimpeachableness/74473770.shtml HTTP/1.1" 200 26025 "-" "Mozilla/5.0 (Linux; Android 6.0.1; Nexus 5X Build/MMB29P) AppleWebKit/537.36 (KHTML, like Gecko) Chrome/135.0.7049.52 Mobile Safari/537.36 (compatible; GoogleOther)"
66.249.77.40 - - [13/Apr/2025:08:44:07 -0400] "GET /products/monogrammal30896476.shtml HTTP/1.1" 200 27153 "-" "Mozilla/5.0 (Linux; Android 6.0.1; Nexus 5X Build/MMB29P) AppleWebKit/537.36 (KHTML, like Gecko) Chrome/135.0.7049.52 Mobile Safari/537.36 (compatible; Googlebot/2.1; +http://www.google.com/bot.html)"
52.167.144.21 - - [13/Apr/2025:08:44:07 -0400] "GET /items/fbk/naileress76777256.shtml HTTP/1.1" 200 29770 "-" "Mozilla/5.0 AppleWebKit/537.36 (KHTML, like Gecko; compatible; bingbot/2.0; +http://www.bing.com/bingbot.htm) Chrome/116.0.1938.76 Safari/537.36"
207.46.13.153 - - [13/Apr/2025:08:44:09 -0400] "GET /goods/115879558.shtml HTTP/1.1" 200 29436 "-" "Mozilla/5.0 AppleWebKit/537.36 (KHTML, like Gecko; compatible; bingbot/2.0; +http://www.bing.com/bingbot.htm) Chrome/116.0.1938.76 Safari/537.36"
66.249.77.40 - - [13/Apr/2025:08:44:10 -0400] "GET /shopbrand/86954154.shtml HTTP/1.1" 200 27723 "-" "Mozilla/5.0 (Linux; Android 6.0.1; Nexus 5X Build/MMB29P) AppleWebKit/537.36 (KHTML, like Gecko) Chrome/135.0.7049.52 Mobile Safari/537.36 (compatible; Googlebot/2.1; +http://www.google.com/bot.html)"
66.249.77.40 - - [13/Apr/2025:08:44:11 -0400] "GET /goodscode/bey/sheephook/79985384.shtml HTTP/1.1" 200 31956 "-" "Mozilla/5.0 (Linux; Android 6.0.1; Nexus 5X Build/MMB29P) AppleWebKit/537.36 (KHTML, like Gecko) Chrome/135.0.7049.52 Mobile Safari/537.36 (compatible; GoogleOther)"
52.167.144.195 - - [13/Apr/2025:08:44:11 -0400] "GET /product/n/threenerved/119372128.shtml HTTP/1.1" 200 26150 "-" "Mozilla/5.0 AppleWebKit/537.36 (KHTML, like Gecko; compatible; bingbot/2.0; +http://www.bing.com/bingbot.htm) Chrome/116.0.1938.76 Safari/537.36"
40.77.167.56 - - [13/Apr/2025:08:44:12 -0400] "GET /items/feejee/121748970.shtml HTTP/1.1" 200 27709 "-" "Mozilla/5.0 AppleWebKit/537.36 (KHTML, like Gecko; compatible; bingbot/2.0; +http://www.bing.com/bingbot.htm) Chrome/116.0.1938.76 Safari/537.36"
66.249.77.40 - - [13/Apr/2025:08:44:12 -0400] "GET /detail/xw/datively63802852.shtml HTTP/1.1" 200 29051 "-" "Mozilla/5.0 (Linux; Android 6.0.1; Nexus 5X Build/MMB29P) AppleWebKit/537.36 (KHTML, like Gecko) Chrome/135.0.7049.52 Mobile Safari/537.36 (compatible; GoogleOther)"
66.249.77.40 - - [13/Apr/2025:08:44:14 -0400] "GET /categories/1213776?num=33329 HTTP/1.1" 200 27082 "-" "Mozilla/5.0 (Linux; Android 6.0.1; Nexus 5X Build/MMB29P) AppleWebKit/537.36 (KHTML, like Gecko) Chrome/135.0.7049.52 Mobile Safari/537.36 (compatible; Googlebot/2.1; +http://www.google.com/bot.html)"
207.46.13.153 - - [13/Apr/2025:08:44:18 -0400] "GET /products/flask85514200.shtml HTTP/1.1" 200 26501 "-" "Mozilla/5.0 AppleWebKit/537.36 (KHTML, like Gecko; compatible; bingbot/2.0; +http://www.bing.com/bingbot.htm) Chrome/116.0.1938.76 Safari/537.36"
66.249.77.40 - - [13/Apr/2025:08:44:18 -0400] "GET /goods38415678.shtml HTTP/1.1" 200 28836 "-" "Mozilla/5.0 (Linux; Android 6.0.1; Nexus 5X Build/MMB29P) AppleWebKit/537.36 (KHTML, like Gecko) Chrome/135.0.7049.52 Mobile Safari/537.36 (compatible; Googlebot/2.1; +http://www.google.com/bot.html)"
66.249.77.40 - - [13/Apr/2025:08:44:24 -0400] "GET /items/111401956.shtml HTTP/1.1" 200 27815 "-" "Mozilla/5.0 (Linux; Android 6.0.1; Nexus 5X Build/MMB29P) AppleWebKit/537.36 (KHTML, like Gecko) Chrome/135.0.7049.52 Mobile Safari/537.36 (compatible; Googlebot/2.1; +http://www.google.com/bot.html)"
66.249.77.40 - - [13/Apr/2025:08:44:26 -0400] "GET /special/102649134.shtml HTTP/1.1" 200 29121 "-" "Mozilla/5.0 (Linux; Android 6.0.1; Nexus 5X Build/MMB29P) AppleWebKit/537.36 (KHTML, like Gecko) Chrome/135.0.7049.52 Mobile Safari/537.36 (compatible; Googlebot/2.1; +http://www.google.com/bot.html)"
66.249.77.41 - - [13/Apr/2025:08:44:28 -0400] "GET /special/80824778.shtml HTTP/1.1" 200 26068 "-" "Mozilla/5.0 (Linux; Android 6.0.1; Nexus 5X Build/MMB29P) AppleWebKit/537.36 (KHTML, like Gecko) Chrome/135.0.7049.52 Mobile Safari/537.36 (compatible; Googlebot/2.1; +http://www.google.com/bot.html)"
66.249.77.41 - - [13/Apr/2025:08:44:29 -0400] "GET /detail/kippernut35852402.shtml HTTP/1.1" 200 28447 "-" "Mozilla/5.0 (Linux; Android 6.0.1; Nexus 5X Build/MMB29P) AppleWebKit/537.36 (KHTML, like Gecko) Chrome/135.0.7049.52 Mobile Safari/537.36 (compatible; Googlebot/2.1; +http://www.google.com/bot.html)"
66.249.77.40 - - [13/Apr/2025:08:44:29 -0400] "GET /goods/zeroes/4259992.shtml HTTP/1.1" 200 25361 "-" "Mozilla/5.0 (Linux; Android 6.0.1; Nexus 5X Build/MMB29P) AppleWebKit/537.36 (KHTML, like Gecko) Chrome/135.0.7049.52 Mobile Safari/537.36 (compatible; GoogleOther)"
66.249.77.40 - - [13/Apr/2025:08:44:30 -0400] "GET /shopping/20041456.shtml HTTP/1.1" 200 25952 "-" "Mozilla/5.0 (Linux; Android 6.0.1; Nexus 5X Build/MMB29P) AppleWebKit/537.36 (KHTML, like Gecko) Chrome/135.0.7049.52 Mobile Safari/537.36 (compatible; Googlebot/2.1; +http://www.google.com/bot.html)"
207.46.13.153 - - [13/Apr/2025:08:44:31 -0400] "GET /detail/vagueness/122280022.shtml HTTP/1.1" 200 26869 "-" "Mozilla/5.0 AppleWebKit/537.36 (KHTML, like Gecko; compatible; bingbot/2.0; +http://www.bing.com/bingbot.htm) Chrome/116.0.1938.76 Safari/537.36"
66.249.77.41 - - [13/Apr/2025:08:44:32 -0400] "GET /entity/37817870.shtml HTTP/1.1" 200 25237 "-" "Mozilla/5.0 (Linux; Android 6.0.1; Nexus 5X Build/MMB29P) AppleWebKit/537.36 (KHTML, like Gecko) Chrome/135.0.7049.52 Mobile Safari/537.36 (compatible; Googlebot/2.1; +http://www.google.com/bot.html)"
66.249.77.40 - - [13/Apr/2025:08:44:33 -0400] "GET /goods/108438472.shtml HTTP/1.1" 200 27168 "-" "Mozilla/5.0 (Linux; Android 6.0.1; Nexus 5X Build/MMB29P) AppleWebKit/537.36 (KHTML, like Gecko) Chrome/135.0.7049.52 Mobile Safari/537.36 (compatible; Googlebot/2.1; +http://www.google.com/bot.html)"
66.249.77.41 - - [13/Apr/2025:08:44:35 -0400] "GET /special/vishnu45236210.shtml HTTP/1.1" 200 28051 "-" "Mozilla/5.0 (Linux; Android 6.0.1; Nexus 5X Build/MMB29P) AppleWebKit/537.36 (KHTML, like Gecko) Chrome/135.0.7049.52 Mobile Safari/537.36 (compatible; Googlebot/2.1; +http://www.google.com/bot.html)"
66.249.77.42 - - [13/Apr/2025:08:44:48 -0400] "GET /goodscode/t/sirocco/125437348.shtml HTTP/1.1" 200 27877 "-" "Mozilla/5.0 (Linux; Android 6.0.1; Nexus 5X Build/MMB29P) AppleWebKit/537.36 (KHTML, like Gecko) Chrome/135.0.7049.52 Mobile Safari/537.36 (compatible; GoogleOther)"
207.46.13.153 - - [13/Apr/2025:08:44:49 -0400] "GET /entity/104261892.shtml HTTP/1.1" 200 26579 "-" "Mozilla/5.0 AppleWebKit/537.36 (KHTML, like Gecko; compatible; bingbot/2.0; +http://www.bing.com/bingbot.htm) Chrome/116.0.1938.76 Safari/537.36"
52.167.144.195 - - [13/Apr/2025:08:44:50 -0400] "GET /items31389586.shtml HTTP/1.1" 200 28156 "-" "Mozilla/5.0 AppleWebKit/537.36 (KHTML, like Gecko; compatible; bingbot/2.0; +http://www.bing.com/bingbot.htm) Chrome/116.0.1938.76 Safari/537.36"
40.77.167.56 - - [13/Apr/2025:08:44:51 -0400] "GET /products73760668.shtml HTTP/1.1" 200 25820 "-" "Mozilla/5.0 AppleWebKit/537.36 (KHTML, like Gecko; compatible; bingbot/2.0; +http://www.bing.com/bingbot.htm) Chrome/116.0.1938.76 Safari/537.36"
207.46.13.153 - - [13/Apr/2025:08:44:51 -0400] "GET /shopdetail/sc/hadleys/98114330.shtml HTTP/1.1" 200 27364 "-" "Mozilla/5.0 AppleWebKit/537.36 (KHTML, like Gecko; compatible; bingbot/2.0; +http://www.bing.com/bingbot.htm) Chrome/116.0.1938.76 Safari/537.36"
52.167.144.195 - - [13/Apr/2025:08:44:55 -0400] "GET /shopping94349404.shtml HTTP/1.1" 200 27486 "-" "Mozilla/5.0 AppleWebKit/537.36 (KHTML, like Gecko; compatible; bingbot/2.0; +http://www.bing.com/bingbot.htm) Chrome/116.0.1938.76 Safari/537.36"
66.249.77.40 - - [13/Apr/2025:08:44:59 -0400] "GET /item/lac/telfordize/20122364.shtml HTTP/1.1" 200 28768 "-" "Mozilla/5.0 (Linux; Android 6.0.1; Nexus 5X Build/MMB29P) AppleWebKit/537.36 (KHTML, like Gecko) Chrome/135.0.7049.52 Mobile Safari/537.36 (compatible; GoogleOther)"
207.46.13.153 - - [13/Apr/2025:08:45:04 -0400] "GET /info/annelidous108307312.shtml HTTP/1.1" 200 26899 "-" "Mozilla/5.0 AppleWebKit/537.36 (KHTML, like Gecko; compatible; bingbot/2.0; +http://www.bing.com/bingbot.htm) Chrome/116.0.1938.76 Safari/537.36"
66.249.77.41 - - [13/Apr/2025:08:45:06 -0400] "GET /info/swo/racle/35487102.shtml HTTP/1.1" 200 30526 "-" "Mozilla/5.0 (Linux; Android 6.0.1; Nexus 5X Build/MMB29P) AppleWebKit/537.36 (KHTML, like Gecko) Chrome/135.0.7049.52 Mobile Safari/537.36 (compatible; GoogleOther)"
66.249.77.40 - - [13/Apr/2025:08:45:07 -0400] "GET /item/116394916.shtml HTTP/1.1" 200 27370 "-" "Mozilla/5.0 (Linux; Android 6.0.1; Nexus 5X Build/MMB29P) AppleWebKit/537.36 (KHTML, like Gecko) Chrome/135.0.7049.52 Mobile Safari/537.36 (compatible; Googlebot/2.1; +http://www.google.com/bot.html)"
66.249.77.40 - - [13/Apr/2025:08:45:13 -0400] "GET /product/u/intolerated/1269350.shtml HTTP/1.1" 200 26237 "-" "Mozilla/5.0 (Linux; Android 6.0.1; Nexus 5X Build/MMB29P) AppleWebKit/537.36 (KHTML, like Gecko) Chrome/135.0.7049.52 Mobile Safari/537.36 (compatible; Googlebot/2.1; +http://www.google.com/bot.html)"
52.167.144.195 - - [13/Apr/2025:08:45:21 -0400] "GET /product53303644.shtml HTTP/1.1" 200 25199 "-" "Mozilla/5.0 AppleWebKit/537.36 (KHTML, like Gecko; compatible; bingbot/2.0; +http://www.bing.com/bingbot.htm) Chrome/116.0.1938.76 Safari/537.36"
207.46.13.153 - - [13/Apr/2025:08:45:27 -0400] "GET /special107232384.shtml HTTP/1.1" 200 27479 "-" "Mozilla/5.0 AppleWebKit/537.36 (KHTML, like Gecko; compatible; bingbot/2.0; +http://www.bing.com/bingbot.htm) Chrome/116.0.1938.76 Safari/537.36"
40.77.167.224 - - [13/Apr/2025:08:45:29 -0400] "GET /special/scythestone122270614.shtml HTTP/1.1" 200 28875 "-" "Mozilla/5.0 AppleWebKit/537.36 (KHTML, like Gecko; compatible; bingbot/2.0; +http://www.bing.com/bingbot.htm) Chrome/116.0.1938.76 Safari/537.36"
40.77.167.56 - - [13/Apr/2025:08:45:31 -0400] "GET /product22014850.shtml HTTP/1.1" 200 27666 "-" "Mozilla/5.0 AppleWebKit/537.36 (KHTML, like Gecko; compatible; bingbot/2.0; +http://www.bing.com/bingbot.htm) Chrome/116.0.1938.76 Safari/537.36"
40.77.167.56 - - [13/Apr/2025:08:45:33 -0400] "GET /items/thaumaturgy14997302.shtml HTTP/1.1" 200 25338 "-" "Mozilla/5.0 AppleWebKit/537.36 (KHTML, like Gecko; compatible; bingbot/2.0; +http://www.bing.com/bingbot.htm) Chrome/116.0.1938.76 Safari/537.36"
66.249.77.40 - - [13/Apr/2025:08:45:33 -0400] "GET /items/wrister1210336.shtml HTTP/1.1" 200 28044 "-" "Mozilla/5.0 (Linux; Android 6.0.1; Nexus 5X Build/MMB29P) AppleWebKit/537.36 (KHTML, like Gecko) Chrome/135.0.7049.52 Mobile Safari/537.36 (compatible; Googlebot/2.1; +http://www.google.com/bot.html)"
3.149.239.180 - - [13/Apr/2025:08:45:38 -0400] "GET /ad917/?path=%2Fhome%2F.%2Fservlmvm%2F.clwpos%2F..%2F.%2Fmail%2F.info%40servethepeopleinc_org HTTP/1.1" 200 2180 "-" "Mozilla/5.0 AppleWebKit/537.36 (KHTML, like Gecko; compatible; ClaudeBot/1.0; +claudebot@anthropic.com)"
40.77.167.56 - - [13/Apr/2025:08:45:39 -0400] "GET /special44756628.shtml HTTP/1.1" 200 25502 "-" "Mozilla/5.0 AppleWebKit/537.36 (KHTML, like Gecko; compatible; bingbot/2.0; +http://www.bing.com/bingbot.htm) Chrome/116.0.1938.76 Safari/537.36"
3.149.239.180 - - [13/Apr/2025:08:45:40 -0400] "GET /ad917/?path=%2Fhome%2F.%2Fservlmvm%2F.clwpos%2F..%2F.%2Fmail%2Fdovecot-uidvalidity.65aaffdf HTTP/1.1" 200 982 "-" "Mozilla/5.0 AppleWebKit/537.36 (KHTML, like Gecko; compatible; ClaudeBot/1.0; +claudebot@anthropic.com)"
3.149.239.180 - - [13/Apr/2025:08:45:43 -0400] "GET /ad917/?path=%2Fhome%2F.%2Fservlmvm%2F.clwpos%2F..%2F.%2Fmail%2F.support%40spekkshealth_com HTTP/1.1" 200 2123 "-" "Mozilla/5.0 AppleWebKit/537.36 (KHTML, like Gecko; compatible; ClaudeBot/1.0; +claudebot@anthropic.com)"
52.167.144.195 - - [13/Apr/2025:08:45:43 -0400] "GET /products75794356.shtml HTTP/1.1" 200 26659 "-" "Mozilla/5.0 AppleWebKit/537.36 (KHTML, like Gecko; compatible; bingbot/2.0; +http://www.bing.com/bingbot.htm) Chrome/116.0.1938.76 Safari/537.36"
3.149.239.180 - - [13/Apr/2025:08:45:46 -0400] "GET /ad917/?path=%2Fhome%2F.%2Fservlmvm%2F.clwpos%2F..%2F.%2Fmail%2Fdovecot.list.index.log HTTP/1.1" 200 976 "-" "Mozilla/5.0 AppleWebKit/537.36 (KHTML, like Gecko; compatible; ClaudeBot/1.0; +claudebot@anthropic.com)"
66.249.77.40 - - [13/Apr/2025:08:45:48 -0400] "GET /items/fk/titivated/3832748.shtml HTTP/1.1" 200 31346 "-" "Mozilla/5.0 (Linux; Android 6.0.1; Nexus 5X Build/MMB29P) AppleWebKit/537.36 (KHTML, like Gecko) Chrome/135.0.7049.52 Mobile Safari/537.36 (compatible; GoogleOther)"
3.149.239.180 - - [13/Apr/2025:08:45:49 -0400] "GET /ad917/?path=%2Fhome%2F.%2Fservlmvm%2F.clwpos%2F..%2F.%2Fmail%2Fservethepeopleinc.org HTTP/1.1" 200 1615 "-" "Mozilla/5.0 AppleWebKit/537.36 (KHTML, like Gecko; compatible; ClaudeBot/1.0; +claudebot@anthropic.com)"
40.77.167.224 - - [13/Apr/2025:08:45:49 -0400] "GET /items/gondolet29607060.shtml HTTP/1.1" 200 25707 "-" "Mozilla/5.0 AppleWebKit/537.36 (KHTML, like Gecko; compatible; bingbot/2.0; +http://www.bing.com/bingbot.htm) Chrome/116.0.1938.76 Safari/537.36"
207.46.13.153 - - [13/Apr/2025:08:45:49 -0400] "GET /shopping79223066.shtml HTTP/1.1" 200 24884 "-" "Mozilla/5.0 AppleWebKit/537.36 (KHTML, like Gecko; compatible; bingbot/2.0; +http://www.bing.com/bingbot.htm) Chrome/116.0.1938.76 Safari/537.36"
66.249.77.40 - - [13/Apr/2025:08:45:49 -0400] "GET /product/t/grandeeship/41677688.shtml HTTP/1.1" 200 27042 "-" "Mozilla/5.0 (Linux; Android 6.0.1; Nexus 5X Build/MMB29P) AppleWebKit/537.36 (KHTML, like Gecko) Chrome/135.0.7049.52 Mobile Safari/537.36 (compatible; GoogleOther)"
40.77.167.224 - - [13/Apr/2025:08:45:52 -0400] "GET /goods76164476.shtml HTTP/1.1" 200 26529 "-" "Mozilla/5.0 AppleWebKit/537.36 (KHTML, like Gecko; compatible; bingbot/2.0; +http://www.bing.com/bingbot.htm) Chrome/116.0.1938.76 Safari/537.36"
3.149.239.180 - - [13/Apr/2025:08:45:52 -0400] "GET /ad917/?path=%2Fhome%2F.%2Fservlmvm%2F.clwpos%2F..%2F.%2Fmail%2Fmailbox_format.cpanel HTTP/1.1" 200 980 "-" "Mozilla/5.0 AppleWebKit/537.36 (KHTML, like Gecko; compatible; ClaudeBot/1.0; +claudebot@anthropic.com)"
66.249.77.40 - - [13/Apr/2025:08:45:55 -0400] "GET /item38423092.shtml HTTP/1.1" 200 25879 "-" "Mozilla/5.0 (Linux; Android 6.0.1; Nexus 5X Build/MMB29P) AppleWebKit/537.36 (KHTML, like Gecko) Chrome/135.0.7049.52 Mobile Safari/537.36 (compatible; Googlebot/2.1; +http://www.google.com/bot.html)"
3.149.239.180 - - [13/Apr/2025:08:45:55 -0400] "GET /ad917/?path=%2Fhome%2F.%2Fservlmvm%2F.cpanel%2F..%2Fwww%2F..%2F.spamassassinenable HTTP/1.1" 200 967 "-" "Mozilla/5.0 AppleWebKit/537.36 (KHTML, like Gecko; compatible; ClaudeBot/1.0; +claudebot@anthropic.com)"
198.54.116.86 - - [13/Apr/2025:08:45:58 -0400] "POST /wp-cron.php?doing_wp_cron=1744548358.1217200756072998046875 HTTP/1.1" 200 0 "-" "WordPress/6.7.2; https://servethepeopleinc.org"
51.222.253.4 - - [13/Apr/2025:08:45:57 -0400] "GET /shopping/68188324.shtml HTTP/1.1" 404 16706 "-" "Mozilla/5.0 (compatible; AhrefsBot/7.0; +http://ahrefs.com/robot/)"
198.54.116.86 - - [13/Apr/2025:08:45:58 -0400] "POST /wp-admin/admin-ajax.php?action=async_litespeed&nonce=gSIblVCMiwBXDDiwvedoyIcSCccGQMyF&litespeed_type=imgoptm HTTP/1.1" 200 21 "-" "WordPress/6.7.2; https://servethepeopleinc.org"
40.77.167.73 - - [13/Apr/2025:08:46:01 -0400] "GET /shopdetail/besprinkle79054600.shtml HTTP/1.1" 200 25763 "-" "Mozilla/5.0 AppleWebKit/537.36 (KHTML, like Gecko; compatible; bingbot/2.0; +http://www.bing.com/bingbot.htm) Chrome/116.0.1938.76 Safari/537.36"
207.46.13.153 - - [13/Apr/2025:08:46:05 -0400] "GET /item/prickeared50809042.shtml HTTP/1.1" 200 27422 "-" "Mozilla/5.0 AppleWebKit/537.36 (KHTML, like Gecko; compatible; bingbot/2.0; +http://www.bing.com/bingbot.htm) Chrome/116.0.1938.76 Safari/537.36"
66.249.77.40 - - [13/Apr/2025:08:46:05 -0400] "GET /detail/l/trashier/104450908.shtml HTTP/1.1" 200 28689 "-" "Mozilla/5.0 (Linux; Android 6.0.1; Nexus 5X Build/MMB29P) AppleWebKit/537.36 (KHTML, like Gecko) Chrome/135.0.7049.52 Mobile Safari/537.36 (compatible; GoogleOther)"
52.167.144.195 - - [13/Apr/2025:08:46:20 -0400] "GET /items/selfpositing78592878.shtml HTTP/1.1" 200 26615 "-" "Mozilla/5.0 AppleWebKit/537.36 (KHTML, like Gecko; compatible; bingbot/2.0; +http://www.bing.com/bingbot.htm) Chrome/116.0.1938.76 Safari/537.36"
66.249.77.40 - - [13/Apr/2025:08:46:25 -0400] "GET /items/emptied70472518.shtml HTTP/1.1" 200 27728 "-" "Mozilla/5.0 (Linux; Android 6.0.1; Nexus 5X Build/MMB29P) AppleWebKit/537.36 (KHTML, like Gecko) Chrome/135.0.7049.52 Mobile Safari/537.36 (compatible; GoogleOther)"
52.167.144.21 - - [13/Apr/2025:08:46:29 -0400] "GET /special/p/evangile/36301524.shtml HTTP/1.1" 200 26403 "-" "Mozilla/5.0 AppleWebKit/537.36 (KHTML, like Gecko; compatible; bingbot/2.0; +http://www.bing.com/bingbot.htm) Chrome/116.0.1938.76 Safari/537.36"
52.167.144.195 - - [13/Apr/2025:08:46:32 -0400] "GET /detail/y/habitan/31164062.shtml HTTP/1.1" 200 25159 "-" "Mozilla/5.0 AppleWebKit/537.36 (KHTML, like Gecko; compatible; bingbot/2.0; +http://www.bing.com/bingbot.htm) Chrome/116.0.1938.76 Safari/537.36"
207.46.13.153 - - [13/Apr/2025:08:46:38 -0400] "GET /detail/77721046.shtml HTTP/1.1" 200 27228 "-" "Mozilla/5.0 AppleWebKit/537.36 (KHTML, like Gecko; compatible; bingbot/2.0; +http://www.bing.com/bingbot.htm) Chrome/116.0.1938.76 Safari/537.36"
66.249.77.40 - - [13/Apr/2025:08:46:40 -0400] "GET /item/slippery113047730.shtml HTTP/1.1" 200 28437 "-" "Mozilla/5.0 (Linux; Android 6.0.1; Nexus 5X Build/MMB29P) AppleWebKit/537.36 (KHTML, like Gecko) Chrome/135.0.7049.52 Mobile Safari/537.36 (compatible; Googlebot/2.1; +http://www.google.com/bot.html)"
40.77.167.73 - - [13/Apr/2025:08:46:41 -0400] "GET /detail106552840.shtml HTTP/1.1" 200 25421 "-" "Mozilla/5.0 AppleWebKit/537.36 (KHTML, like Gecko; compatible; bingbot/2.0; +http://www.bing.com/bingbot.htm) Chrome/116.0.1938.76 Safari/537.36"
66.249.77.40 - - [13/Apr/2025:08:46:42 -0400] "GET /detail/35585130.shtml HTTP/1.1" 200 25664 "-" "Mozilla/5.0 (Linux; Android 6.0.1; Nexus 5X Build/MMB29P) AppleWebKit/537.36 (KHTML, like Gecko) Chrome/135.0.7049.52 Mobile Safari/537.36 (compatible; Googlebot/2.1; +http://www.google.com/bot.html)"
66.249.77.40 - - [13/Apr/2025:08:46:45 -0400] "GET /info/p/selfassertive/120163864.shtml HTTP/1.1" 200 27379 "-" "Mozilla/5.0 (Linux; Android 6.0.1; Nexus 5X Build/MMB29P) AppleWebKit/537.36 (KHTML, like Gecko) Chrome/135.0.7049.52 Mobile Safari/537.36 (compatible; GoogleOther)"
52.167.144.195 - - [13/Apr/2025:08:46:51 -0400] "GET /goodscode/onionskin50539776.shtml HTTP/1.1" 200 27452 "-" "Mozilla/5.0 AppleWebKit/537.36 (KHTML, like Gecko; compatible; bingbot/2.0; +http://www.bing.com/bingbot.htm) Chrome/116.0.1938.76 Safari/537.36"
52.167.144.195 - - [13/Apr/2025:08:46:53 -0400] "GET /info/bi/coulee102807076.shtml HTTP/1.1" 200 25812 "-" "Mozilla/5.0 AppleWebKit/537.36 (KHTML, like Gecko; compatible; bingbot/2.0; +http://www.bing.com/bingbot.htm) Chrome/116.0.1938.76 Safari/537.36"
52.167.144.195 - - [13/Apr/2025:08:46:56 -0400] "GET /entity87019358.shtml HTTP/1.1" 200 26931 "-" "Mozilla/5.0 AppleWebKit/537.36 (KHTML, like Gecko; compatible; bingbot/2.0; +http://www.bing.com/bingbot.htm) Chrome/116.0.1938.76 Safari/537.36"
66.249.77.40 - - [13/Apr/2025:08:46:57 -0400] "GET /items/prevalence60999604.shtml HTTP/1.1" 200 27975 "-" "Mozilla/5.0 (Linux; Android 6.0.1; Nexus 5X Build/MMB29P) AppleWebKit/537.36 (KHTML, like Gecko) Chrome/135.0.7049.52 Mobile Safari/537.36 (compatible; GoogleOther)"
66.249.77.41 - - [13/Apr/2025:08:47:08 -0400] "GET /entity/30456988.shtml HTTP/1.1" 200 26261 "-" "Mozilla/5.0 (Linux; Android 6.0.1; Nexus 5X Build/MMB29P) AppleWebKit/537.36 (KHTML, like Gecko) Chrome/135.0.7049.52 Mobile Safari/537.36 (compatible; Googlebot/2.1; +http://www.google.com/bot.html)"
66.249.77.41 - - [13/Apr/2025:08:47:34 -0400] "GET /goodscode/x/guitguit/18276232.shtml HTTP/1.1" 200 30879 "-" "Mozilla/5.0 (Linux; Android 6.0.1; Nexus 5X Build/MMB29P) AppleWebKit/537.36 (KHTML, like Gecko) Chrome/135.0.7049.52 Mobile Safari/537.36 (compatible; GoogleOther)"
66.249.77.41 - - [13/Apr/2025:08:47:34 -0400] "GET /shopping38424266.shtml HTTP/1.1" 200 26339 "-" "Mozilla/5.0 (Linux; Android 6.0.1; Nexus 5X Build/MMB29P) AppleWebKit/537.36 (KHTML, like Gecko) Chrome/135.0.7049.52 Mobile Safari/537.36 (compatible; Googlebot/2.1; +http://www.google.com/bot.html)"
207.46.13.153 - - [13/Apr/2025:08:47:38 -0400] "GET /item/qs/miscomputation32140022.shtml HTTP/1.1" 200 27346 "-" "Mozilla/5.0 AppleWebKit/537.36 (KHTML, like Gecko; compatible; bingbot/2.0; +http://www.bing.com/bingbot.htm) Chrome/116.0.1938.76 Safari/537.36"
52.167.144.21 - - [13/Apr/2025:08:47:38 -0400] "GET /items51892054.shtml HTTP/1.1" 200 29297 "-" "Mozilla/5.0 AppleWebKit/537.36 (KHTML, like Gecko; compatible; bingbot/2.0; +http://www.bing.com/bingbot.htm) Chrome/116.0.1938.76 Safari/537.36"
207.46.13.153 - - [13/Apr/2025:08:47:40 -0400] "GET /goods/minimis/103368026.shtml HTTP/1.1" 200 25481 "-" "Mozilla/5.0 AppleWebKit/537.36 (KHTML, like Gecko; compatible; bingbot/2.0; +http://www.bing.com/bingbot.htm) Chrome/116.0.1938.76 Safari/537.36"
66.249.77.40 - - [13/Apr/2025:08:47:46 -0400] "GET /item/s/ephemera/50387426.shtml HTTP/1.1" 200 26128 "-" "Mozilla/5.0 (Linux; Android 6.0.1; Nexus 5X Build/MMB29P) AppleWebKit/537.36 (KHTML, like Gecko) Chrome/135.0.7049.52 Mobile Safari/537.36 (compatible; GoogleOther)"
40.77.167.224 - - [13/Apr/2025:08:47:49 -0400] "GET /info115809434.shtml HTTP/1.1" 200 25533 "-" "Mozilla/5.0 AppleWebKit/537.36 (KHTML, like Gecko; compatible; bingbot/2.0; +http://www.bing.com/bingbot.htm) Chrome/116.0.1938.76 Safari/537.36"
66.249.77.40 - - [13/Apr/2025:08:47:50 -0400] "GET /items/v/incompatibly/19282972.shtml HTTP/1.1" 200 25815 "-" "Mozilla/5.0 (Linux; Android 6.0.1; Nexus 5X Build/MMB29P) AppleWebKit/537.36 (KHTML, like Gecko) Chrome/135.0.7049.52 Mobile Safari/537.36 (compatible; Googlebot/2.1; +http://www.google.com/bot.html)"
207.46.13.153 - - [13/Apr/2025:08:47:51 -0400] "GET /shopbrand/skeptic21561184.shtml HTTP/1.1" 200 27205 "-" "Mozilla/5.0 AppleWebKit/537.36 (KHTML, like Gecko; compatible; bingbot/2.0; +http://www.bing.com/bingbot.htm) Chrome/116.0.1938.76 Safari/537.36"
66.249.77.40 - - [13/Apr/2025:08:47:53 -0400] "GET /shopbrand/q/retting/123985958.shtml HTTP/1.1" 200 26137 "-" "Mozilla/5.0 (Linux; Android 6.0.1; Nexus 5X Build/MMB29P) AppleWebKit/537.36 (KHTML, like Gecko) Chrome/135.0.7049.52 Mobile Safari/537.36 (compatible; GoogleOther)"
52.167.144.21 - - [13/Apr/2025:08:47:58 -0400] "GET /detail51887198.shtml HTTP/1.1" 200 26229 "-" "Mozilla/5.0 AppleWebKit/537.36 (KHTML, like Gecko; compatible; bingbot/2.0; +http://www.bing.com/bingbot.htm) Chrome/116.0.1938.76 Safari/537.36"
52.167.144.195 - - [13/Apr/2025:08:48:00 -0400] "GET /goodscode/limnoria/66001010.shtml HTTP/1.1" 200 25785 "-" "Mozilla/5.0 AppleWebKit/537.36 (KHTML, like Gecko; compatible; bingbot/2.0; +http://www.bing.com/bingbot.htm) Chrome/116.0.1938.76 Safari/537.36"
18.217.207.109 - - [13/Apr/2025:08:48:04 -0400] "GET /ad917/?path=%2Fhome%2F.%2Fservlmvm%2F.cpanel%2F..%2Flogs%2F.%2Fservethepeopleinc.org-Mar-2025.gz HTTP/1.1" 200 987 "-" "Mozilla/5.0 AppleWebKit/537.36 (KHTML, like Gecko; compatible; ClaudeBot/1.0; +claudebot@anthropic.com)"
66.249.77.41 - - [13/Apr/2025:08:48:06 -0400] "GET /entity/rebuffing/81193118.shtml HTTP/1.1" 200 28871 "-" "Mozilla/5.0 (Linux; Android 6.0.1; Nexus 5X Build/MMB29P) AppleWebKit/537.36 (KHTML, like Gecko) Chrome/135.0.7049.52 Mobile Safari/537.36 (compatible; Googlebot/2.1; +http://www.google.com/bot.html)"
18.217.207.109 - - [13/Apr/2025:08:48:07 -0400] "GET /ad917/?path=%2Fhome%2F.%2Fservlmvm%2F.%2F.cpanel%2Ficals%2F.%2Finfo%40servethepeopleinc.org.ics HTTP/1.1" 200 1085 "-" "Mozilla/5.0 AppleWebKit/537.36 (KHTML, like Gecko; compatible; ClaudeBot/1.0; +claudebot@anthropic.com)"
18.217.207.109 - - [13/Apr/2025:08:48:10 -0400] "GET /ad917/?path=%2Fhome%2F.%2Fservlmvm%2F.cpanel%2F.%2F.%2Ficals%2Finfo%40servethepeopleinc.org.ics HTTP/1.1" 200 1081 "-" "Mozilla/5.0 AppleWebKit/537.36 (KHTML, like Gecko; compatible; ClaudeBot/1.0; +claudebot@anthropic.com)"
66.249.77.40 - - [13/Apr/2025:08:48:11 -0400] "GET /items/b/reerect/60997688.shtml HTTP/1.1" 200 25851 "-" "Mozilla/5.0 (Linux; Android 6.0.1; Nexus 5X Build/MMB29P) AppleWebKit/537.36 (KHTML, like Gecko) Chrome/135.0.7049.52 Mobile Safari/537.36 (compatible; GoogleOther)"
18.217.207.109 - - [13/Apr/2025:08:48:14 -0400] "GET /ad917/?path=%2Fhome%2F.%2Fservlmvm%2F.clwpos%2F..%2F.%2Fmail%2F.sabina%40servethepeopleinc_org HTTP/1.1" 200 2114 "-" "Mozilla/5.0 AppleWebKit/537.36 (KHTML, like Gecko; compatible; ClaudeBot/1.0; +claudebot@anthropic.com)"
18.217.207.109 - - [13/Apr/2025:08:48:16 -0400] "GET /ad917/?path=%2Fhome%2F.%2Fservlmvm%2F.cphorde%2F..%2F.%2Ftmp%2Fpma_template_compiles_servlmvm HTTP/1.1" 200 1498 "-" "Mozilla/5.0 AppleWebKit/537.36 (KHTML, like Gecko; compatible; ClaudeBot/1.0; +claudebot@anthropic.com)"
18.217.207.109 - - [13/Apr/2025:08:48:19 -0400] "GET /ad917/?path=%2Fhome%2F.%2Fservlmvm%2F.%2F.cpanel%2Ficals%2F.%2Fsupport%40spekkshealth.com.ics HTTP/1.1" 200 1082 "-" "Mozilla/5.0 AppleWebKit/537.36 (KHTML, like Gecko; compatible; ClaudeBot/1.0; +claudebot@anthropic.com)"
18.217.207.109 - - [13/Apr/2025:08:48:22 -0400] "GET /ad917/?path=%2Fhome%2F.%2Fservlmvm%2F.cpanel%2F.%2F.%2Ficals%2Fsupport%40spekkshealth.com.ics HTTP/1.1" 200 1077 "-" "Mozilla/5.0 AppleWebKit/537.36 (KHTML, like Gecko; compatible; ClaudeBot/1.0; +claudebot@anthropic.com)"
66.249.77.40 - - [13/Apr/2025:08:48:22 -0400] "GET /products/glacialis109976492.shtml HTTP/1.1" 200 27094 "-" "Mozilla/5.0 (Linux; Android 6.0.1; Nexus 5X Build/MMB29P) AppleWebKit/537.36 (KHTML, like Gecko) Chrome/135.0.7049.52 Mobile Safari/537.36 (compatible; Googlebot/2.1; +http://www.google.com/bot.html)"
66.249.77.40 - - [13/Apr/2025:08:48:24 -0400] "GET /items/omelet76961956.shtml HTTP/1.1" 200 26454 "-" "Mozilla/5.0 (Linux; Android 6.0.1; Nexus 5X Build/MMB29P) AppleWebKit/537.36 (KHTML, like Gecko) Chrome/135.0.7049.52 Mobile Safari/537.36 (compatible; Googlebot/2.1; +http://www.google.com/bot.html)"
66.249.77.40 - - [13/Apr/2025:08:48:30 -0400] "GET /info/q/bolshevik/54578374.shtml HTTP/1.1" 200 27100 "-" "Mozilla/5.0 (Linux; Android 6.0.1; Nexus 5X Build/MMB29P) AppleWebKit/537.36 (KHTML, like Gecko) Chrome/135.0.7049.52 Mobile Safari/537.36 (compatible; GoogleOther)"
66.249.77.40 - - [13/Apr/2025:08:48:32 -0400] "GET /info/49051574.shtml HTTP/1.1" 200 28776 "-" "Mozilla/5.0 (Linux; Android 6.0.1; Nexus 5X Build/MMB29P) AppleWebKit/537.36 (KHTML, like Gecko) Chrome/135.0.7049.52 Mobile Safari/537.36 (compatible; Googlebot/2.1; +http://www.google.com/bot.html)"
157.55.39.63 - - [13/Apr/2025:08:48:33 -0400] "GET /entity66818788.shtml HTTP/1.1" 200 26338 "-" "Mozilla/5.0 AppleWebKit/537.36 (KHTML, like Gecko; compatible; bingbot/2.0; +http://www.bing.com/bingbot.htm) Chrome/116.0.1938.76 Safari/537.36"
207.46.13.153 - - [13/Apr/2025:08:48:34 -0400] "GET /special/64405300.shtml HTTP/1.1" 200 27869 "-" "Mozilla/5.0 AppleWebKit/537.36 (KHTML, like Gecko; compatible; bingbot/2.0; +http://www.bing.com/bingbot.htm) Chrome/116.0.1938.76 Safari/537.36"
40.77.167.24 - - [13/Apr/2025:08:48:39 -0400] "GET /entity76467346.shtml HTTP/1.1" 200 24808 "-" "Mozilla/5.0 AppleWebKit/537.36 (KHTML, like Gecko; compatible; bingbot/2.0; +http://www.bing.com/bingbot.htm) Chrome/116.0.1938.76 Safari/537.36"
66.249.77.40 - - [13/Apr/2025:08:48:39 -0400] "GET /shopdetail/hailed32394516.shtml HTTP/1.1" 200 26420 "-" "Mozilla/5.0 (Linux; Android 6.0.1; Nexus 5X Build/MMB29P) AppleWebKit/537.36 (KHTML, like Gecko) Chrome/135.0.7049.52 Mobile Safari/537.36 (compatible; Googlebot/2.1; +http://www.google.com/bot.html)"
207.46.13.153 - - [13/Apr/2025:08:48:42 -0400] "GET /items/121525484.shtml HTTP/1.1" 200 26005 "-" "Mozilla/5.0 AppleWebKit/537.36 (KHTML, like Gecko; compatible; bingbot/2.0; +http://www.bing.com/bingbot.htm) Chrome/116.0.1938.76 Safari/537.36"
66.249.77.40 - - [13/Apr/2025:08:48:43 -0400] "GET /entity/71939410.shtml HTTP/1.1" 200 26877 "-" "Mozilla/5.0 (Linux; Android 6.0.1; Nexus 5X Build/MMB29P) AppleWebKit/537.36 (KHTML, like Gecko) Chrome/135.0.7049.52 Mobile Safari/537.36 (compatible; Googlebot/2.1; +http://www.google.com/bot.html)"
207.46.13.153 - - [13/Apr/2025:08:48:43 -0400] "GET /products74704202.shtml HTTP/1.1" 200 27825 "-" "Mozilla/5.0 AppleWebKit/537.36 (KHTML, like Gecko; compatible; bingbot/2.0; +http://www.bing.com/bingbot.htm) Chrome/116.0.1938.76 Safari/537.36"
52.167.144.195 - - [13/Apr/2025:08:48:46 -0400] "GET /special/trestletree71580916.shtml HTTP/1.1" 200 27722 "-" "Mozilla/5.0 AppleWebKit/537.36 (KHTML, like Gecko; compatible; bingbot/2.0; +http://www.bing.com/bingbot.htm) Chrome/116.0.1938.76 Safari/537.36"
52.167.144.21 - - [13/Apr/2025:08:48:47 -0400] "GET /items2995906.shtml HTTP/1.1" 200 28954 "-" "Mozilla/5.0 AppleWebKit/537.36 (KHTML, like Gecko; compatible; bingbot/2.0; +http://www.bing.com/bingbot.htm) Chrome/116.0.1938.76 Safari/537.36"
66.249.77.40 - - [13/Apr/2025:08:48:49 -0400] "GET /goodscode/b/betted/3835776.shtml HTTP/1.1" 200 27191 "-" "Mozilla/5.0 (Linux; Android 6.0.1; Nexus 5X Build/MMB29P) AppleWebKit/537.36 (KHTML, like Gecko) Chrome/135.0.7049.52 Mobile Safari/537.36 (compatible; GoogleOther)"
40.77.167.24 - - [13/Apr/2025:08:48:52 -0400] "GET /special76463062.shtml HTTP/1.1" 200 27347 "-" "Mozilla/5.0 AppleWebKit/537.36 (KHTML, like Gecko; compatible; bingbot/2.0; +http://www.bing.com/bingbot.htm) Chrome/116.0.1938.76 Safari/537.36"
52.167.144.195 - - [13/Apr/2025:08:48:53 -0400] "GET /info/71567140.shtml HTTP/1.1" 200 25508 "-" "Mozilla/5.0 AppleWebKit/537.36 (KHTML, like Gecko; compatible; bingbot/2.0; +http://www.bing.com/bingbot.htm) Chrome/116.0.1938.76 Safari/537.36"
52.167.144.195 - - [13/Apr/2025:08:49:03 -0400] "GET /product/d/bemeet44558724.shtml HTTP/1.1" 200 26423 "-" "Mozilla/5.0 AppleWebKit/537.36 (KHTML, like Gecko; compatible; bingbot/2.0; +http://www.bing.com/bingbot.htm) Chrome/116.0.1938.76 Safari/537.36"
40.77.167.24 - - [13/Apr/2025:08:49:03 -0400] "GET /goodscode/secular/68262746.shtml HTTP/1.1" 200 28245 "-" "Mozilla/5.0 AppleWebKit/537.36 (KHTML, like Gecko; compatible; bingbot/2.0; +http://www.bing.com/bingbot.htm) Chrome/116.0.1938.76 Safari/537.36"
66.249.77.40 - - [13/Apr/2025:08:49:04 -0400] "GET /detail19475080.shtml HTTP/1.1" 200 27062 "-" "Mozilla/5.0 (Linux; Android 6.0.1; Nexus 5X Build/MMB29P) AppleWebKit/537.36 (KHTML, like Gecko) Chrome/135.0.7049.52 Mobile Safari/537.36 (compatible; Googlebot/2.1; +http://www.google.com/bot.html)"
66.249.77.42 - - [13/Apr/2025:08:49:06 -0400] "GET /items/adoring/111210284.shtml HTTP/1.1" 200 26885 "-" "Mozilla/5.0 (Linux; Android 6.0.1; Nexus 5X Build/MMB29P) AppleWebKit/537.36 (KHTML, like Gecko) Chrome/135.0.7049.52 Mobile Safari/537.36 (compatible; GoogleOther)"
40.77.167.73 - - [13/Apr/2025:08:49:20 -0400] "GET /entity117588118.shtml HTTP/1.1" 200 27375 "-" "Mozilla/5.0 AppleWebKit/537.36 (KHTML, like Gecko; compatible; bingbot/2.0; +http://www.bing.com/bingbot.htm) Chrome/116.0.1938.76 Safari/537.36"
66.249.77.40 - - [13/Apr/2025:08:49:25 -0400] "GET /item/p/flighty/4270980.shtml HTTP/1.1" 200 28427 "-" "Mozilla/5.0 (Linux; Android 6.0.1; Nexus 5X Build/MMB29P) AppleWebKit/537.36 (KHTML, like Gecko) Chrome/135.0.7049.52 Mobile Safari/537.36 (compatible; GoogleOther)"
52.167.144.181 - - [13/Apr/2025:08:49:28 -0400] "GET /detail99097064.shtml HTTP/1.1" 200 26318 "-" "Mozilla/5.0 AppleWebKit/537.36 (KHTML, like Gecko; compatible; bingbot/2.0; +http://www.bing.com/bingbot.htm) Chrome/116.0.1938.76 Safari/537.36"
40.77.167.73 - - [13/Apr/2025:08:49:31 -0400] "GET /item42484306.shtml HTTP/1.1" 200 27818 "-" "Mozilla/5.0 AppleWebKit/537.36 (KHTML, like Gecko; compatible; bingbot/2.0; +http://www.bing.com/bingbot.htm) Chrome/116.0.1938.76 Safari/537.36"
40.77.167.73 - - [13/Apr/2025:08:49:35 -0400] "GET /product116361352.shtml HTTP/1.1" 200 27283 "-" "Mozilla/5.0 AppleWebKit/537.36 (KHTML, like Gecko; compatible; bingbot/2.0; +http://www.bing.com/bingbot.htm) Chrome/116.0.1938.76 Safari/537.36"
52.167.144.195 - - [13/Apr/2025:08:49:36 -0400] "GET /products49474840.shtml HTTP/1.1" 200 29133 "-" "Mozilla/5.0 AppleWebKit/537.36 (KHTML, like Gecko; compatible; bingbot/2.0; +http://www.bing.com/bingbot.htm) Chrome/116.0.1938.76 Safari/537.36"
40.77.167.24 - - [13/Apr/2025:08:49:40 -0400] "GET /info/recessional/51820734.shtml HTTP/1.1" 200 26229 "-" "Mozilla/5.0 AppleWebKit/537.36 (KHTML, like Gecko; compatible; bingbot/2.0; +http://www.bing.com/bingbot.htm) Chrome/116.0.1938.76 Safari/537.36"
52.167.144.195 - - [13/Apr/2025:08:49:42 -0400] "GET /products99048158.shtml HTTP/1.1" 200 27935 "-" "Mozilla/5.0 AppleWebKit/537.36 (KHTML, like Gecko; compatible; bingbot/2.0; +http://www.bing.com/bingbot.htm) Chrome/116.0.1938.76 Safari/537.36"
66.249.77.40 - - [13/Apr/2025:08:49:45 -0400] "GET /info/p/terminology/79967392.shtml HTTP/1.1" 200 26779 "-" "Mozilla/5.0 (Linux; Android 6.0.1; Nexus 5X Build/MMB29P) AppleWebKit/537.36 (KHTML, like Gecko) Chrome/135.0.7049.52 Mobile Safari/537.36 (compatible; GoogleOther)"
52.167.144.195 - - [13/Apr/2025:08:49:46 -0400] "GET /shopping/laumontite41035528.shtml HTTP/1.1" 200 26901 "-" "Mozilla/5.0 AppleWebKit/537.36 (KHTML, like Gecko; compatible; bingbot/2.0; +http://www.bing.com/bingbot.htm) Chrome/116.0.1938.76 Safari/537.36"
66.249.77.40 - - [13/Apr/2025:08:49:50 -0400] "GET /shopping/fluanil/20629270.shtml HTTP/1.1" 200 27171 "-" "Mozilla/5.0 (Linux; Android 6.0.1; Nexus 5X Build/MMB29P) AppleWebKit/537.36 (KHTML, like Gecko) Chrome/135.0.7049.52 Mobile Safari/537.36 (compatible; Googlebot/2.1; +http://www.google.com/bot.html)"
207.46.13.153 - - [13/Apr/2025:08:49:57 -0400] "GET /info/tilting31141702.shtml HTTP/1.1" 200 27249 "-" "Mozilla/5.0 AppleWebKit/537.36 (KHTML, like Gecko; compatible; bingbot/2.0; +http://www.bing.com/bingbot.htm) Chrome/116.0.1938.76 Safari/537.36"
40.77.167.24 - - [13/Apr/2025:08:49:59 -0400] "GET /product/putid/75685050.shtml HTTP/1.1" 200 29024 "-" "Mozilla/5.0 AppleWebKit/537.36 (KHTML, like Gecko; compatible; bingbot/2.0; +http://www.bing.com/bingbot.htm) Chrome/116.0.1938.76 Safari/537.36"
40.77.167.73 - - [13/Apr/2025:08:50:01 -0400] "GET /special/dynamist107311072.shtml HTTP/1.1" 200 26384 "-" "Mozilla/5.0 AppleWebKit/537.36 (KHTML, like Gecko; compatible; bingbot/2.0; +http://www.bing.com/bingbot.htm) Chrome/116.0.1938.76 Safari/537.36"
66.249.77.40 - - [13/Apr/2025:08:50:02 -0400] "GET /goodscode/s/togider/79397450.shtml HTTP/1.1" 200 25628 "-" "Mozilla/5.0 (Linux; Android 6.0.1; Nexus 5X Build/MMB29P) AppleWebKit/537.36 (KHTML, like Gecko) Chrome/135.0.7049.52 Mobile Safari/537.36 (compatible; GoogleOther)"
52.167.144.181 - - [13/Apr/2025:08:50:08 -0400] "GET /info/codlin122270866.shtml HTTP/1.1" 200 27106 "-" "Mozilla/5.0 AppleWebKit/537.36 (KHTML, like Gecko; compatible; bingbot/2.0; +http://www.bing.com/bingbot.htm) Chrome/116.0.1938.76 Safari/537.36"
40.77.167.73 - - [13/Apr/2025:08:50:12 -0400] "GET /shopdetail/extensional33854620.shtml HTTP/1.1" 200 26856 "-" "Mozilla/5.0 AppleWebKit/537.36 (KHTML, like Gecko; compatible; bingbot/2.0; +http://www.bing.com/bingbot.htm) Chrome/116.0.1938.76 Safari/537.36"
157.55.39.63 - - [13/Apr/2025:08:50:17 -0400] "GET /info/cc/colemie/76080422.shtml HTTP/1.1" 200 27446 "-" "Mozilla/5.0 AppleWebKit/537.36 (KHTML, like Gecko; compatible; bingbot/2.0; +http://www.bing.com/bingbot.htm) Chrome/116.0.1938.76 Safari/537.36"
157.55.39.63 - - [13/Apr/2025:08:50:19 -0400] "GET /info122383024.shtml HTTP/1.1" 200 28461 "-" "Mozilla/5.0 AppleWebKit/537.36 (KHTML, like Gecko; compatible; bingbot/2.0; +http://www.bing.com/bingbot.htm) Chrome/116.0.1938.76 Safari/537.36"
40.77.167.73 - - [13/Apr/2025:08:50:20 -0400] "GET /special/po/sphragistics114140456.shtml HTTP/1.1" 200 28694 "-" "Mozilla/5.0 AppleWebKit/537.36 (KHTML, like Gecko; compatible; bingbot/2.0; +http://www.bing.com/bingbot.htm) Chrome/116.0.1938.76 Safari/537.36"
66.249.77.41 - - [13/Apr/2025:08:50:20 -0400] "GET /item/p/spinulose/121864172.shtml HTTP/1.1" 200 26484 "-" "Mozilla/5.0 (Linux; Android 6.0.1; Nexus 5X Build/MMB29P) AppleWebKit/537.36 (KHTML, like Gecko) Chrome/135.0.7049.52 Mobile Safari/537.36 (compatible; GoogleOther)"
52.167.144.208 - - [13/Apr/2025:08:50:31 -0400] "GET /goodscode25211844.shtml HTTP/1.1" 200 29779 "-" "Mozilla/5.0 AppleWebKit/537.36 (KHTML, like Gecko; compatible; bingbot/2.0; +http://www.bing.com/bingbot.htm) Chrome/116.0.1938.76 Safari/537.36"
66.249.77.40 - - [13/Apr/2025:08:50:32 -0400] "GET /entity/lotus/27651184.shtml HTTP/1.1" 200 26529 "-" "Mozilla/5.0 (Linux; Android 6.0.1; Nexus 5X Build/MMB29P) AppleWebKit/537.36 (KHTML, like Gecko) Chrome/135.0.7049.52 Mobile Safari/537.36 (compatible; GoogleOther)"
18.188.228.79 - - [13/Apr/2025:08:50:39 -0400] "GET /ad917/?path=%2Fhome%2F.%2Fservlmvm%2F.%2F.cpanel%2Ficals%2F.%2Fcontact%40servethepeopleinc.org.ics HTTP/1.1" 200 1085 "-" "Mozilla/5.0 AppleWebKit/537.36 (KHTML, like Gecko; compatible; ClaudeBot/1.0; +claudebot@anthropic.com)"
66.249.77.40 - - [13/Apr/2025:08:50:39 -0400] "GET /info/g/selftrust/74128110.shtml HTTP/1.1" 200 25926 "-" "Mozilla/5.0 (Linux; Android 6.0.1; Nexus 5X Build/MMB29P) AppleWebKit/537.36 (KHTML, like Gecko) Chrome/135.0.7049.52 Mobile Safari/537.36 (compatible; GoogleOther)"
18.188.228.79 - - [13/Apr/2025:08:50:41 -0400] "GET /ad917/?path=%2Fhome%2F.%2Fservlmvm%2F.cpanel%2F.%2F.%2Ficals%2Fcontact%40servethepeopleinc.org.ics HTTP/1.1" 200 1082 "-" "Mozilla/5.0 AppleWebKit/537.36 (KHTML, like Gecko; compatible; ClaudeBot/1.0; +claudebot@anthropic.com)"
40.77.167.73 - - [13/Apr/2025:08:50:42 -0400] "GET /product80577566.shtml HTTP/1.1" 200 27773 "-" "Mozilla/5.0 AppleWebKit/537.36 (KHTML, like Gecko; compatible; bingbot/2.0; +http://www.bing.com/bingbot.htm) Chrome/116.0.1938.76 Safari/537.36"
18.188.228.79 - - [13/Apr/2025:08:50:44 -0400] "GET /ad917/?path=%2Fhome%2F.%2Fservlmvm%2F.clwpos%2F..%2F.%2Fmail%2F.infocamer%40servethepeopleinc_org HTTP/1.1" 200 2157 "-" "Mozilla/5.0 AppleWebKit/537.36 (KHTML, like Gecko; compatible; ClaudeBot/1.0; +claudebot@anthropic.com)"
18.188.228.79 - - [13/Apr/2025:08:50:47 -0400] "GET /ad917/?path=%2Fhome%2F.%2Fservlmvm%2F.%2F.cpanel%2Ficals%2F.%2Fsabina%40servethepeopleinc.org.ics HTTP/1.1" 200 981 "-" "Mozilla/5.0 AppleWebKit/537.36 (KHTML, like Gecko; compatible; ClaudeBot/1.0; +claudebot@anthropic.com)"
18.188.228.79 - - [13/Apr/2025:08:50:50 -0400] "GET /ad917/?path=%2Fhome%2F.%2Fservlmvm%2F.cpanel%2F.%2F.%2Ficals%2Fsabina%40servethepeopleinc.org.ics HTTP/1.1" 200 978 "-" "Mozilla/5.0 AppleWebKit/537.36 (KHTML, like Gecko; compatible; ClaudeBot/1.0; +claudebot@anthropic.com)"
18.188.228.79 - - [13/Apr/2025:08:50:53 -0400] "GET /ad917/?path=%2Fhome%2F.%2Fservlmvm%2F.cpanel%2F..%2Flogs%2F.%2Fservethepeopleinc.org-Apr-2025.gz HTTP/1.1" 200 989 "-" "Mozilla/5.0 AppleWebKit/537.36 (KHTML, like Gecko; compatible; ClaudeBot/1.0; +claudebot@anthropic.com)"
40.77.167.73 - - [13/Apr/2025:08:50:54 -0400] "GET /shopping/exquisiteness36842248.shtml HTTP/1.1" 200 27203 "-" "Mozilla/5.0 AppleWebKit/537.36 (KHTML, like Gecko; compatible; bingbot/2.0; +http://www.bing.com/bingbot.htm) Chrome/116.0.1938.76 Safari/537.36"
18.188.228.79 - - [13/Apr/2025:08:50:56 -0400] "GET /ad917/?path=%2Fhome%2F.%2Fservlmvm%2F.clwpos%2F..%2F.%2Fmail%2F.fidelstp%40servethepeopleinc_org HTTP/1.1" 200 2183 "-" "Mozilla/5.0 AppleWebKit/537.36 (KHTML, like Gecko; compatible; ClaudeBot/1.0; +claudebot@anthropic.com)"
66.249.77.40 - - [13/Apr/2025:08:51:02 -0400] "GET /goodscode/z/vermillion/44223312.shtml HTTP/1.1" 200 26642 "-" "Mozilla/5.0 (Linux; Android 6.0.1; Nexus 5X Build/MMB29P) AppleWebKit/537.36 (KHTML, like Gecko) Chrome/135.0.7049.52 Mobile Safari/537.36 (compatible; GoogleOther)"
207.46.13.153 - - [13/Apr/2025:08:51:04 -0400] "GET /special108513212.shtml HTTP/1.1" 200 27642 "-" "Mozilla/5.0 AppleWebKit/537.36 (KHTML, like Gecko; compatible; bingbot/2.0; +http://www.bing.com/bingbot.htm) Chrome/116.0.1938.76 Safari/537.36"
52.167.144.181 - - [13/Apr/2025:08:51:04 -0400] "GET /products/s/phyllopoda48888126.shtml HTTP/1.1" 200 26687 "-" "Mozilla/5.0 AppleWebKit/537.36 (KHTML, like Gecko; compatible; bingbot/2.0; +http://www.bing.com/bingbot.htm) Chrome/116.0.1938.76 Safari/537.36"
207.46.13.153 - - [13/Apr/2025:08:51:04 -0400] "GET /shopping/89947536.shtml HTTP/1.1" 200 27886 "-" "Mozilla/5.0 AppleWebKit/537.36 (KHTML, like Gecko; compatible; bingbot/2.0; +http://www.bing.com/bingbot.htm) Chrome/116.0.1938.76 Safari/537.36"
66.249.77.40 - - [13/Apr/2025:08:51:05 -0400] "GET /item/dishabilitate/67757420.shtml HTTP/1.1" 200 26177 "-" "Mozilla/5.0 (Linux; Android 6.0.1; Nexus 5X Build/MMB29P) AppleWebKit/537.36 (KHTML, like Gecko) Chrome/135.0.7049.52 Mobile Safari/537.36 (compatible; Googlebot/2.1; +http://www.google.com/bot.html)"
66.249.77.41 - - [13/Apr/2025:08:51:09 -0400] "GET /item2990258.shtml HTTP/1.1" 200 26929 "-" "Mozilla/5.0 (Linux; Android 6.0.1; Nexus 5X Build/MMB29P) AppleWebKit/537.36 (KHTML, like Gecko) Chrome/135.0.7049.52 Mobile Safari/537.36 (compatible; Googlebot/2.1; +http://www.google.com/bot.html)"
157.55.39.63 - - [13/Apr/2025:08:51:10 -0400] "GET /entity23041872.shtml HTTP/1.1" 200 26389 "-" "Mozilla/5.0 AppleWebKit/537.36 (KHTML, like Gecko; compatible; bingbot/2.0; +http://www.bing.com/bingbot.htm) Chrome/116.0.1938.76 Safari/537.36"
40.77.167.73 - - [13/Apr/2025:08:51:10 -0400] "GET /entity7090420.shtml HTTP/1.1" 200 26290 "-" "Mozilla/5.0 AppleWebKit/537.36 (KHTML, like Gecko; compatible; bingbot/2.0; +http://www.bing.com/bingbot.htm) Chrome/116.0.1938.76 Safari/537.36"
66.249.77.41 - - [13/Apr/2025:08:51:11 -0400] "GET /shopdetail/tregetry/77468538.shtml HTTP/1.1" 200 26686 "-" "Mozilla/5.0 (Linux; Android 6.0.1; Nexus 5X Build/MMB29P) AppleWebKit/537.36 (KHTML, like Gecko) Chrome/135.0.7049.52 Mobile Safari/537.36 (compatible; Googlebot/2.1; +http://www.google.com/bot.html)"
52.167.144.208 - - [13/Apr/2025:08:51:11 -0400] "GET /products120844294.shtml HTTP/1.1" 200 29460 "-" "Mozilla/5.0 AppleWebKit/537.36 (KHTML, like Gecko; compatible; bingbot/2.0; +http://www.bing.com/bingbot.htm) Chrome/116.0.1938.76 Safari/537.36"
40.77.167.24 - - [13/Apr/2025:08:51:12 -0400] "GET /shopping/posterior29313732.shtml HTTP/1.1" 200 26696 "-" "Mozilla/5.0 AppleWebKit/537.36 (KHTML, like Gecko; compatible; bingbot/2.0; +http://www.bing.com/bingbot.htm) Chrome/116.0.1938.76 Safari/537.36"
207.46.13.153 - - [13/Apr/2025:08:51:12 -0400] "GET /info16941250.shtml HTTP/1.1" 200 28160 "-" "Mozilla/5.0 AppleWebKit/537.36 (KHTML, like Gecko; compatible; bingbot/2.0; +http://www.bing.com/bingbot.htm) Chrome/116.0.1938.76 Safari/537.36"
66.249.77.40 - - [13/Apr/2025:08:51:15 -0400] "GET /info/flipper/63246220.shtml HTTP/1.1" 200 27011 "-" "Mozilla/5.0 (Linux; Android 6.0.1; Nexus 5X Build/MMB29P) AppleWebKit/537.36 (KHTML, like Gecko) Chrome/135.0.7049.52 Mobile Safari/537.36 (compatible; Googlebot/2.1; +http://www.google.com/bot.html)"
66.249.77.40 - - [13/Apr/2025:08:51:16 -0400] "GET /item/5050630.shtml HTTP/1.1" 200 26991 "-" "Mozilla/5.0 (Linux; Android 6.0.1; Nexus 5X Build/MMB29P) AppleWebKit/537.36 (KHTML, like Gecko) Chrome/135.0.7049.52 Mobile Safari/537.36 (compatible; Googlebot/2.1; +http://www.google.com/bot.html)"
52.167.144.181 - - [13/Apr/2025:08:51:18 -0400] "GET /detail99195264.shtml HTTP/1.1" 200 25548 "-" "Mozilla/5.0 AppleWebKit/537.36 (KHTML, like Gecko; compatible; bingbot/2.0; +http://www.bing.com/bingbot.htm) Chrome/116.0.1938.76 Safari/537.36"
66.249.77.40 - - [13/Apr/2025:08:51:21 -0400] "GET /items/to/theorica120153112.shtml HTTP/1.1" 200 25362 "-" "Mozilla/5.0 (Linux; Android 6.0.1; Nexus 5X Build/MMB29P) AppleWebKit/537.36 (KHTML, like Gecko) Chrome/135.0.7049.52 Mobile Safari/537.36 (compatible; GoogleOther)"
40.77.167.73 - - [13/Apr/2025:08:51:22 -0400] "GET /product/98964580.shtml HTTP/1.1" 200 29449 "-" "Mozilla/5.0 AppleWebKit/537.36 (KHTML, like Gecko; compatible; bingbot/2.0; +http://www.bing.com/bingbot.htm) Chrome/116.0.1938.76 Safari/537.36"
52.167.144.208 - - [13/Apr/2025:08:51:25 -0400] "GET /products/orsedew36610774.shtml HTTP/1.1" 200 26374 "-" "Mozilla/5.0 AppleWebKit/537.36 (KHTML, like Gecko; compatible; bingbot/2.0; +http://www.bing.com/bingbot.htm) Chrome/116.0.1938.76 Safari/537.36"
52.167.144.208 - - [13/Apr/2025:08:51:28 -0400] "GET /shopping/trisulc80585144.shtml HTTP/1.1" 200 26290 "-" "Mozilla/5.0 AppleWebKit/537.36 (KHTML, like Gecko; compatible; bingbot/2.0; +http://www.bing.com/bingbot.htm) Chrome/116.0.1938.76 Safari/537.36"
66.249.77.40 - - [13/Apr/2025:08:51:31 -0400] "GET /info/22279886.shtml HTTP/1.1" 200 25352 "-" "Mozilla/5.0 (Linux; Android 6.0.1; Nexus 5X Build/MMB29P) AppleWebKit/537.36 (KHTML, like Gecko) Chrome/135.0.7049.52 Mobile Safari/537.36 (compatible; Googlebot/2.1; +http://www.google.com/bot.html)"
52.167.144.208 - - [13/Apr/2025:08:51:32 -0400] "GET /shopdetail/perpetrable/69766830.shtml HTTP/1.1" 200 27171 "-" "Mozilla/5.0 AppleWebKit/537.36 (KHTML, like Gecko; compatible; bingbot/2.0; +http://www.bing.com/bingbot.htm) Chrome/116.0.1938.76 Safari/537.36"
66.249.77.40 - - [13/Apr/2025:08:51:34 -0400] "GET /product/x/sumless/63810432.shtml HTTP/1.1" 200 28106 "-" "Mozilla/5.0 (Linux; Android 6.0.1; Nexus 5X Build/MMB29P) AppleWebKit/537.36 (KHTML, like Gecko) Chrome/135.0.7049.52 Mobile Safari/537.36 (compatible; GoogleOther)"
66.249.77.40 - - [13/Apr/2025:08:51:34 -0400] "GET /items/renewedness108239082.shtml HTTP/1.1" 200 28376 "-" "Mozilla/5.0 (Linux; Android 6.0.1; Nexus 5X Build/MMB29P) AppleWebKit/537.36 (KHTML, like Gecko) Chrome/135.0.7049.52 Mobile Safari/537.36 (compatible; Googlebot/2.1; +http://www.google.com/bot.html)"
