40.77.167.159 - - [13/Apr/2025:09:41:56 -0400] "GET /special/inornatus72806344.shtml HTTP/1.1" 200 25353 "-" "Mozilla/5.0 AppleWebKit/537.36 (KHTML, like Gecko; compatible; bingbot/2.0; +http://www.bing.com/bingbot.htm) Chrome/116.0.1938.76 Safari/537.36"
18.222.133.224 - - [13/Apr/2025:09:41:59 -0400] "GET /ad917/?path=%2Fhome%2Fservlmvm%2F.%2Flscache%2F1%2F4%2F..%2Fa%2Fc HTTP/1.1" 200 1533 "-" "Mozilla/5.0 AppleWebKit/537.36 (KHTML, like Gecko; compatible; ClaudeBot/1.0; +claudebot@anthropic.com)"
18.222.133.224 - - [13/Apr/2025:09:42:02 -0400] "GET /ad917/?path=%2Fhome%2Fservlmvm%2F.%2F.%2F.%2F..%2F..%2Fbin%2Fipcs HTTP/1.1" 200 954 "-" "Mozilla/5.0 AppleWebKit/537.36 (KHTML, like Gecko; compatible; ClaudeBot/1.0; +claudebot@anthropic.com)"
157.55.39.15 - - [13/Apr/2025:09:42:04 -0400] "GET /entity/45309012.shtml HTTP/1.1" 200 26016 "-" "Mozilla/5.0 AppleWebKit/537.36 (KHTML, like Gecko; compatible; bingbot/2.0; +http://www.bing.com/bingbot.htm) Chrome/116.0.1938.76 Safari/537.36"
18.222.133.224 - - [13/Apr/2025:09:42:05 -0400] "GET /ad917/?path=%2Fhome%2F.%2F..%2Fusr%2Finclude%2Fnetash%2F..%2Fxcb HTTP/1.1" 200 2313 "-" "Mozilla/5.0 AppleWebKit/537.36 (KHTML, like Gecko; compatible; ClaudeBot/1.0; +claudebot@anthropic.com)"
18.222.133.224 - - [13/Apr/2025:09:42:08 -0400] "GET /wp-includes/js/jquery/ui/effect-highlight.min.js HTTP/1.1" 200 355 "-" "Mozilla/5.0 AppleWebKit/537.36 (KHTML, like Gecko; compatible; ClaudeBot/1.0; +claudebot@anthropic.com)"
66.249.77.42 - - [13/Apr/2025:09:42:09 -0400] "GET /goodscode/b/jubilant/36923440.shtml HTTP/1.1" 200 27218 "-" "Mozilla/5.0 (Linux; Android 6.0.1; Nexus 5X Build/MMB29P) AppleWebKit/537.36 (KHTML, like Gecko) Chrome/135.0.7049.52 Mobile Safari/537.36 (compatible; GoogleOther)"
18.222.133.224 - - [13/Apr/2025:09:42:11 -0400] "GET /wp-includes/js/jquery/ui/effect-transfer.min.js HTTP/1.1" 200 256 "-" "Mozilla/5.0 AppleWebKit/537.36 (KHTML, like Gecko; compatible; ClaudeBot/1.0; +claudebot@anthropic.com)"
157.55.39.15 - - [13/Apr/2025:09:42:14 -0400] "GET /product88044222.shtml HTTP/1.1" 200 25246 "-" "Mozilla/5.0 AppleWebKit/537.36 (KHTML, like Gecko; compatible; bingbot/2.0; +http://www.bing.com/bingbot.htm) Chrome/116.0.1938.76 Safari/537.36"
52.167.144.195 - - [13/Apr/2025:09:42:14 -0400] "GET /product/madreporic/7872022.shtml HTTP/1.1" 200 27412 "-" "Mozilla/5.0 AppleWebKit/537.36 (KHTML, like Gecko; compatible; bingbot/2.0; +http://www.bing.com/bingbot.htm) Chrome/116.0.1938.76 Safari/537.36"
52.167.144.195 - - [13/Apr/2025:09:42:25 -0400] "GET /item/xna/posies63965512.shtml HTTP/1.1" 200 28957 "-" "Mozilla/5.0 AppleWebKit/537.36 (KHTML, like Gecko; compatible; bingbot/2.0; +http://www.bing.com/bingbot.htm) Chrome/116.0.1938.76 Safari/537.36"
66.249.77.41 - - [13/Apr/2025:09:42:28 -0400] "GET /info/ei/rhonchal/79376162.shtml HTTP/1.1" 200 25795 "-" "Mozilla/5.0 (Linux; Android 6.0.1; Nexus 5X Build/MMB29P) AppleWebKit/537.36 (KHTML, like Gecko) Chrome/135.0.7049.52 Mobile Safari/537.36 (compatible; GoogleOther)"
52.167.144.184 - - [13/Apr/2025:09:42:29 -0400] "GET /shopbrand/c/fearnaught7120638.shtml HTTP/1.1" 200 27176 "-" "Mozilla/5.0 AppleWebKit/537.36 (KHTML, like Gecko; compatible; bingbot/2.0; +http://www.bing.com/bingbot.htm) Chrome/116.0.1938.76 Safari/537.36"
207.46.13.78 - - [13/Apr/2025:09:42:35 -0400] "GET /goods87568970.shtml HTTP/1.1" 200 27805 "-" "Mozilla/5.0 AppleWebKit/537.36 (KHTML, like Gecko; compatible; bingbot/2.0; +http://www.bing.com/bingbot.htm) Chrome/116.0.1938.76 Safari/537.36"
52.167.144.169 - - [13/Apr/2025:09:42:38 -0400] "GET /items/p/cassican47280572.shtml HTTP/1.1" 200 26455 "-" "Mozilla/5.0 AppleWebKit/537.36 (KHTML, like Gecko; compatible; bingbot/2.0; +http://www.bing.com/bingbot.htm) Chrome/116.0.1938.76 Safari/537.36"
52.167.144.184 - - [13/Apr/2025:09:42:39 -0400] "GET /product/21462940.shtml HTTP/1.1" 200 25847 "-" "Mozilla/5.0 AppleWebKit/537.36 (KHTML, like Gecko; compatible; bingbot/2.0; +http://www.bing.com/bingbot.htm) Chrome/116.0.1938.76 Safari/537.36"
52.167.144.195 - - [13/Apr/2025:09:42:45 -0400] "GET /products93625586.shtml HTTP/1.1" 200 25235 "-" "Mozilla/5.0 AppleWebKit/537.36 (KHTML, like Gecko; compatible; bingbot/2.0; +http://www.bing.com/bingbot.htm) Chrome/116.0.1938.76 Safari/537.36"
40.77.167.159 - - [13/Apr/2025:09:42:46 -0400] "GET /info/fu/neutralisation/85289380.shtml HTTP/1.1" 200 25832 "-" "Mozilla/5.0 AppleWebKit/537.36 (KHTML, like Gecko; compatible; bingbot/2.0; +http://www.bing.com/bingbot.htm) Chrome/116.0.1938.76 Safari/537.36"
66.249.77.40 - - [13/Apr/2025:09:42:46 -0400] "GET /products/rallus/22693776.shtml HTTP/1.1" 200 27595 "-" "Mozilla/5.0 (Linux; Android 6.0.1; Nexus 5X Build/MMB29P) AppleWebKit/537.36 (KHTML, like Gecko) Chrome/135.0.7049.52 Mobile Safari/537.36 (compatible; GoogleOther)"
66.249.77.40 - - [13/Apr/2025:09:42:47 -0400] "GET /info/xwa/ponderate/39836680.shtml HTTP/1.1" 200 27094 "-" "Mozilla/5.0 (Linux; Android 6.0.1; Nexus 5X Build/MMB29P) AppleWebKit/537.36 (KHTML, like Gecko) Chrome/135.0.7049.52 Mobile Safari/537.36 (compatible; GoogleOther)"
52.167.144.195 - - [13/Apr/2025:09:42:50 -0400] "GET /special/8592676.shtml HTTP/1.1" 200 26018 "-" "Mozilla/5.0 AppleWebKit/537.36 (KHTML, like Gecko; compatible; bingbot/2.0; +http://www.bing.com/bingbot.htm) Chrome/116.0.1938.76 Safari/537.36"
207.46.13.78 - - [13/Apr/2025:09:42:54 -0400] "GET /goods/88051030.shtml HTTP/1.1" 200 27985 "-" "Mozilla/5.0 AppleWebKit/537.36 (KHTML, like Gecko; compatible; bingbot/2.0; +http://www.bing.com/bingbot.htm) Chrome/116.0.1938.76 Safari/537.36"
52.167.144.195 - - [13/Apr/2025:09:42:59 -0400] "GET /items/us/throdden118915906.shtml HTTP/1.1" 200 25906 "-" "Mozilla/5.0 AppleWebKit/537.36 (KHTML, like Gecko; compatible; bingbot/2.0; +http://www.bing.com/bingbot.htm) Chrome/116.0.1938.76 Safari/537.36"
66.249.77.41 - - [13/Apr/2025:09:43:02 -0400] "GET /shopbrand/e/earcap/51416530.shtml HTTP/1.1" 200 26064 "-" "Mozilla/5.0 (Linux; Android 6.0.1; Nexus 5X Build/MMB29P) AppleWebKit/537.36 (KHTML, like Gecko) Chrome/135.0.7049.52 Mobile Safari/537.36 (compatible; GoogleOther)"
52.167.144.195 - - [13/Apr/2025:09:43:04 -0400] "GET /products/sokemanry/47685976.shtml HTTP/1.1" 200 27817 "-" "Mozilla/5.0 AppleWebKit/537.36 (KHTML, like Gecko; compatible; bingbot/2.0; +http://www.bing.com/bingbot.htm) Chrome/116.0.1938.76 Safari/537.36"
52.167.144.195 - - [13/Apr/2025:09:43:09 -0400] "GET /products/panegyric53938412.shtml HTTP/1.1" 200 26618 "-" "Mozilla/5.0 AppleWebKit/537.36 (KHTML, like Gecko; compatible; bingbot/2.0; +http://www.bing.com/bingbot.htm) Chrome/116.0.1938.76 Safari/537.36"
66.249.77.41 - - [13/Apr/2025:09:43:11 -0400] "GET /info/a/confront/7333478.shtml HTTP/1.1" 200 28302 "-" "Mozilla/5.0 (Linux; Android 6.0.1; Nexus 5X Build/MMB29P) AppleWebKit/537.36 (KHTML, like Gecko) Chrome/135.0.7049.52 Mobile Safari/537.36 (compatible; GoogleOther)"
66.249.77.40 - - [13/Apr/2025:09:43:14 -0400] "GET /entity40717572.shtml HTTP/1.1" 200 26054 "-" "Mozilla/5.0 (Linux; Android 6.0.1; Nexus 5X Build/MMB29P) AppleWebKit/537.36 (KHTML, like Gecko) Chrome/135.0.7049.52 Mobile Safari/537.36 (compatible; Googlebot/2.1; +http://www.google.com/bot.html)"
52.167.144.184 - - [13/Apr/2025:09:43:16 -0400] "GET /info78274938.shtml HTTP/1.1" 200 26996 "-" "Mozilla/5.0 AppleWebKit/537.36 (KHTML, like Gecko; compatible; bingbot/2.0; +http://www.bing.com/bingbot.htm) Chrome/116.0.1938.76 Safari/537.36"
52.167.144.184 - - [13/Apr/2025:09:43:18 -0400] "GET /shopbrand/ui/uitlander93671066.shtml HTTP/1.1" 200 28496 "-" "Mozilla/5.0 AppleWebKit/537.36 (KHTML, like Gecko; compatible; bingbot/2.0; +http://www.bing.com/bingbot.htm) Chrome/116.0.1938.76 Safari/537.36"
52.167.144.184 - - [13/Apr/2025:09:43:26 -0400] "GET /info112741924.shtml HTTP/1.1" 200 26793 "-" "Mozilla/5.0 AppleWebKit/537.36 (KHTML, like Gecko; compatible; bingbot/2.0; +http://www.bing.com/bingbot.htm) Chrome/116.0.1938.76 Safari/537.36"
52.167.144.184 - - [13/Apr/2025:09:43:30 -0400] "GET /detail/29756626.shtml HTTP/1.1" 200 25732 "-" "Mozilla/5.0 AppleWebKit/537.36 (KHTML, like Gecko; compatible; bingbot/2.0; +http://www.bing.com/bingbot.htm) Chrome/116.0.1938.76 Safari/537.36"
52.167.144.195 - - [13/Apr/2025:09:43:36 -0400] "GET /product/105916120.shtml HTTP/1.1" 200 25212 "-" "Mozilla/5.0 AppleWebKit/537.36 (KHTML, like Gecko; compatible; bingbot/2.0; +http://www.bing.com/bingbot.htm) Chrome/116.0.1938.76 Safari/537.36"
66.249.77.40 - - [13/Apr/2025:09:43:37 -0400] "GET /items/x/yeldhall7345296.shtml HTTP/1.1" 200 25871 "-" "Mozilla/5.0 (Linux; Android 6.0.1; Nexus 5X Build/MMB29P) AppleWebKit/537.36 (KHTML, like Gecko) Chrome/135.0.7049.52 Mobile Safari/537.36 (compatible; GoogleOther)"
66.249.77.40 - - [13/Apr/2025:09:43:51 -0400] "GET /info/e/scutibranchian42052630.shtml HTTP/1.1" 200 25387 "-" "Mozilla/5.0 (Linux; Android 6.0.1; Nexus 5X Build/MMB29P) AppleWebKit/537.36 (KHTML, like Gecko) Chrome/135.0.7049.52 Mobile Safari/537.36 (compatible; Googlebot/2.1; +http://www.google.com/bot.html)"
66.249.77.40 - - [13/Apr/2025:09:43:54 -0400] "GET /products/x/nonmembership/22668240.shtml HTTP/1.1" 200 26564 "-" "Mozilla/5.0 (Linux; Android 6.0.1; Nexus 5X Build/MMB29P) AppleWebKit/537.36 (KHTML, like Gecko) Chrome/135.0.7049.52 Mobile Safari/537.36 (compatible; GoogleOther)"
66.249.77.40 - - [13/Apr/2025:09:44:03 -0400] "GET /shopbrand/jzg/internet4474996.shtml HTTP/1.1" 200 29727 "-" "Mozilla/5.0 (Linux; Android 6.0.1; Nexus 5X Build/MMB29P) AppleWebKit/537.36 (KHTML, like Gecko) Chrome/135.0.7049.52 Mobile Safari/537.36 (compatible; Googlebot/2.1; +http://www.google.com/bot.html)"
207.46.13.78 - - [13/Apr/2025:09:44:05 -0400] "GET /product/ik/overgorge73480638.shtml HTTP/1.1" 200 26291 "-" "Mozilla/5.0 AppleWebKit/537.36 (KHTML, like Gecko; compatible; bingbot/2.0; +http://www.bing.com/bingbot.htm) Chrome/116.0.1938.76 Safari/537.36"
66.249.77.40 - - [13/Apr/2025:09:44:12 -0400] "GET /shopbrand/h/trinervate/44210608.shtml HTTP/1.1" 200 26820 "-" "Mozilla/5.0 (Linux; Android 6.0.1; Nexus 5X Build/MMB29P) AppleWebKit/537.36 (KHTML, like Gecko) Chrome/135.0.7049.52 Mobile Safari/537.36 (compatible; GoogleOther)"
52.167.144.195 - - [13/Apr/2025:09:44:24 -0400] "GET /detail/81030028.shtml HTTP/1.1" 200 26512 "-" "Mozilla/5.0 AppleWebKit/537.36 (KHTML, like Gecko; compatible; bingbot/2.0; +http://www.bing.com/bingbot.htm) Chrome/116.0.1938.76 Safari/537.36"
66.249.77.40 - - [13/Apr/2025:09:44:29 -0400] "GET /item/p/trundlehead/22322832.shtml HTTP/1.1" 200 26836 "-" "Mozilla/5.0 (Linux; Android 6.0.1; Nexus 5X Build/MMB29P) AppleWebKit/537.36 (KHTML, like Gecko) Chrome/135.0.7049.52 Mobile Safari/537.36 (compatible; GoogleOther)"
52.167.144.195 - - [13/Apr/2025:09:44:34 -0400] "GET /items/120960126.shtml HTTP/1.1" 200 27377 "-" "Mozilla/5.0 AppleWebKit/537.36 (KHTML, like Gecko; compatible; bingbot/2.0; +http://www.bing.com/bingbot.htm) Chrome/116.0.1938.76 Safari/537.36"
52.167.144.195 - - [13/Apr/2025:09:44:45 -0400] "GET /info/carpetless46731006.shtml HTTP/1.1" 200 26482 "-" "Mozilla/5.0 AppleWebKit/537.36 (KHTML, like Gecko; compatible; bingbot/2.0; +http://www.bing.com/bingbot.htm) Chrome/116.0.1938.76 Safari/537.36"
66.249.77.40 - - [13/Apr/2025:09:44:47 -0400] "GET /goodscode/srm/unglorious125420866.shtml HTTP/1.1" 200 26827 "-" "Mozilla/5.0 (Linux; Android 6.0.1; Nexus 5X Build/MMB29P) AppleWebKit/537.36 (KHTML, like Gecko) Chrome/135.0.7049.52 Mobile Safari/537.36 (compatible; GoogleOther)"
52.167.144.195 - - [13/Apr/2025:09:45:06 -0400] "GET /item/lm/ecstasies47445280.shtml HTTP/1.1" 200 29930 "-" "Mozilla/5.0 AppleWebKit/537.36 (KHTML, like Gecko; compatible; bingbot/2.0; +http://www.bing.com/bingbot.htm) Chrome/116.0.1938.76 Safari/537.36"
162.142.125.217 - - [13/Apr/2025:09:45:10 -0400] "GET /favicon.ico HTTP/1.1" 404 1251 "http://www.servethepeopleinc.org/favicon.ico" "Mozilla/5.0 (compatible; CensysInspect/1.1; +https://about.censys.io/)"
66.249.77.41 - - [13/Apr/2025:09:45:10 -0400] "GET /info/ii/doctorship/85297090.shtml HTTP/1.1" 200 26468 "-" "Mozilla/5.0 (Linux; Android 6.0.1; Nexus 5X Build/MMB29P) AppleWebKit/537.36 (KHTML, like Gecko) Chrome/135.0.7049.52 Mobile Safari/537.36 (compatible; GoogleOther)"
52.167.144.195 - - [13/Apr/2025:09:45:16 -0400] "GET /items44102966.shtml HTTP/1.1" 200 26887 "-" "Mozilla/5.0 AppleWebKit/537.36 (KHTML, like Gecko; compatible; bingbot/2.0; +http://www.bing.com/bingbot.htm) Chrome/116.0.1938.76 Safari/537.36"
40.77.167.154 - - [13/Apr/2025:09:45:20 -0400] "GET /detail/25344412.shtml HTTP/1.1" 200 27025 "-" "Mozilla/5.0 AppleWebKit/537.36 (KHTML, like Gecko; compatible; bingbot/2.0; +http://www.bing.com/bingbot.htm) Chrome/116.0.1938.76 Safari/537.36"
66.249.77.40 - - [13/Apr/2025:09:45:22 -0400] "GET /goodscode/x/prothyalosome/85290152.shtml HTTP/1.1" 200 29826 "-" "Mozilla/5.0 (Linux; Android 6.0.1; Nexus 5X Build/MMB29P) AppleWebKit/537.36 (KHTML, like Gecko) Chrome/135.0.7049.52 Mobile Safari/537.36 (compatible; GoogleOther)"
157.55.39.15 - - [13/Apr/2025:09:45:24 -0400] "GET /product24576514.shtml HTTP/1.1" 200 27812 "-" "Mozilla/5.0 AppleWebKit/537.36 (KHTML, like Gecko; compatible; bingbot/2.0; +http://www.bing.com/bingbot.htm) Chrome/116.0.1938.76 Safari/537.36"
52.167.144.160 - - [13/Apr/2025:09:45:28 -0400] "GET /goodscode/f/conformability/16766396.shtml HTTP/1.1" 200 26873 "-" "Mozilla/5.0 AppleWebKit/537.36 (KHTML, like Gecko; compatible; bingbot/2.0; +http://www.bing.com/bingbot.htm) Chrome/116.0.1938.76 Safari/537.36"
66.249.77.40 - - [13/Apr/2025:09:45:39 -0400] "GET /goodscode/x/trityl/120180564.shtml HTTP/1.1" 200 26615 "-" "Mozilla/5.0 (Linux; Android 6.0.1; Nexus 5X Build/MMB29P) AppleWebKit/537.36 (KHTML, like Gecko) Chrome/135.0.7049.52 Mobile Safari/537.36 (compatible; GoogleOther)"
157.55.39.15 - - [13/Apr/2025:09:45:51 -0400] "GET /entity/congenerousness/51731988.shtml HTTP/1.1" 200 25112 "-" "Mozilla/5.0 AppleWebKit/537.36 (KHTML, like Gecko; compatible; bingbot/2.0; +http://www.bing.com/bingbot.htm) Chrome/116.0.1938.76 Safari/537.36"
207.46.13.78 - - [13/Apr/2025:09:45:53 -0400] "GET /detail/109566088.shtml HTTP/1.1" 200 25488 "-" "Mozilla/5.0 AppleWebKit/537.36 (KHTML, like Gecko; compatible; bingbot/2.0; +http://www.bing.com/bingbot.htm) Chrome/116.0.1938.76 Safari/537.36"
52.167.144.195 - - [13/Apr/2025:09:45:56 -0400] "GET /product93033238.shtml HTTP/1.1" 200 27523 "-" "Mozilla/5.0 AppleWebKit/537.36 (KHTML, like Gecko; compatible; bingbot/2.0; +http://www.bing.com/bingbot.htm) Chrome/116.0.1938.76 Safari/537.36"
66.249.77.40 - - [13/Apr/2025:09:45:57 -0400] "GET /goodscode/j/porthook/87235492.shtml HTTP/1.1" 200 27136 "-" "Mozilla/5.0 (Linux; Android 6.0.1; Nexus 5X Build/MMB29P) AppleWebKit/537.36 (KHTML, like Gecko) Chrome/135.0.7049.52 Mobile Safari/537.36 (compatible; GoogleOther)"
207.46.13.78 - - [13/Apr/2025:09:45:57 -0400] "GET /products/k/segment/ HTTP/1.1" 200 26041 "-" "Mozilla/5.0 AppleWebKit/537.36 (KHTML, like Gecko; compatible; bingbot/2.0; +http://www.bing.com/bingbot.htm) Chrome/116.0.1938.76 Safari/537.36"
3.12.73.116 - - [13/Apr/2025:09:46:00 -0400] "GET /ad917/?path=%2Fhome%2Fservlmvm%2F.%2Flscache%2Fa%2F..%2F8%2Fa%2Fe HTTP/1.1" 200 1531 "-" "Mozilla/5.0 AppleWebKit/537.36 (KHTML, like Gecko; compatible; ClaudeBot/1.0; +claudebot@anthropic.com)"
3.12.73.116 - - [13/Apr/2025:09:46:03 -0400] "GET /ad917/?path=%2Fhome%2Fservlmvm%2F.%2Flscache%2F1%2F4%2F..%2Fa%2F5 HTTP/1.1" 200 1527 "-" "Mozilla/5.0 AppleWebKit/537.36 (KHTML, like Gecko; compatible; ClaudeBot/1.0; +claudebot@anthropic.com)"
207.46.13.78 - - [13/Apr/2025:09:46:03 -0400] "GET /info/gulches/119311126.shtml HTTP/1.1" 200 25294 "-" "Mozilla/5.0 AppleWebKit/537.36 (KHTML, like Gecko; compatible; bingbot/2.0; +http://www.bing.com/bingbot.htm) Chrome/116.0.1938.76 Safari/537.36"
3.12.73.116 - - [13/Apr/2025:09:46:06 -0400] "GET /ad917/?path=%2Fhome%2Fservlmvm%2F.%2Flscache%2F8%2F..%2F2%2F1%2Fe HTTP/1.1" 200 1531 "-" "Mozilla/5.0 AppleWebKit/537.36 (KHTML, like Gecko; compatible; ClaudeBot/1.0; +claudebot@anthropic.com)"
66.249.77.42 - - [13/Apr/2025:09:46:06 -0400] "GET /detail/sensually/96419900.shtml HTTP/1.1" 200 26324 "-" "Mozilla/5.0 (Linux; Android 6.0.1; Nexus 5X Build/MMB29P) AppleWebKit/537.36 (KHTML, like Gecko) Chrome/135.0.7049.52 Mobile Safari/537.36 (compatible; GoogleOther)"
66.249.77.41 - - [13/Apr/2025:09:46:08 -0400] "GET /item/w/amicably/94384210.shtml HTTP/1.1" 200 26960 "-" "Mozilla/5.0 (Linux; Android 6.0.1; Nexus 5X Build/MMB29P) AppleWebKit/537.36 (KHTML, like Gecko) Chrome/135.0.7049.52 Mobile Safari/537.36 (compatible; GoogleOther)"
3.12.73.116 - - [13/Apr/2025:09:46:09 -0400] "GET /ad917/?path=%2Fhome%2Fservlmvm%2F.%2Flscache%2Fe%2F..%2Ff%2Fe%2Ff HTTP/1.1" 200 1526 "-" "Mozilla/5.0 AppleWebKit/537.36 (KHTML, like Gecko; compatible; ClaudeBot/1.0; +claudebot@anthropic.com)"
3.12.73.116 - - [13/Apr/2025:09:46:12 -0400] "GET /ad917/?path=%2Fhome%2Fservlmvm%2F.%2Flscache%2F2%2F..%2F9%2Fa%2F5 HTTP/1.1" 200 1532 "-" "Mozilla/5.0 AppleWebKit/537.36 (KHTML, like Gecko; compatible; ClaudeBot/1.0; +claudebot@anthropic.com)"
66.249.77.40 - - [13/Apr/2025:09:46:15 -0400] "GET /items/x/cariamidae7339852.shtml HTTP/1.1" 200 26182 "-" "Mozilla/5.0 (Linux; Android 6.0.1; Nexus 5X Build/MMB29P) AppleWebKit/537.36 (KHTML, like Gecko) Chrome/135.0.7049.52 Mobile Safari/537.36 (compatible; GoogleOther)"
207.46.13.78 - - [13/Apr/2025:09:46:25 -0400] "GET /detail/2226314.shtml HTTP/1.1" 200 28747 "-" "Mozilla/5.0 AppleWebKit/537.36 (KHTML, like Gecko; compatible; bingbot/2.0; +http://www.bing.com/bingbot.htm) Chrome/116.0.1938.76 Safari/537.36"
207.46.13.78 - - [13/Apr/2025:09:46:38 -0400] "GET /items/amort/84909972.shtml HTTP/1.1" 200 25986 "-" "Mozilla/5.0 AppleWebKit/537.36 (KHTML, like Gecko; compatible; bingbot/2.0; +http://www.bing.com/bingbot.htm) Chrome/116.0.1938.76 Safari/537.36"
66.249.77.40 - - [13/Apr/2025:09:46:40 -0400] "GET /products/c/cyclophorus/47629406.shtml HTTP/1.1" 200 27336 "-" "Mozilla/5.0 (Linux; Android 6.0.1; Nexus 5X Build/MMB29P) AppleWebKit/537.36 (KHTML, like Gecko) Chrome/135.0.7049.52 Mobile Safari/537.36 (compatible; GoogleOther)"
157.55.39.15 - - [13/Apr/2025:09:46:42 -0400] "GET /info115810276.shtml HTTP/1.1" 200 27459 "-" "Mozilla/5.0 AppleWebKit/537.36 (KHTML, like Gecko; compatible; bingbot/2.0; +http://www.bing.com/bingbot.htm) Chrome/116.0.1938.76 Safari/537.36"
157.55.39.15 - - [13/Apr/2025:09:46:47 -0400] "GET /info68243342.shtml HTTP/1.1" 200 27594 "-" "Mozilla/5.0 AppleWebKit/537.36 (KHTML, like Gecko; compatible; bingbot/2.0; +http://www.bing.com/bingbot.htm) Chrome/116.0.1938.76 Safari/537.36"
66.249.77.40 - - [13/Apr/2025:09:46:49 -0400] "GET /products/z/myxoma/93437568.shtml HTTP/1.1" 200 27386 "-" "Mozilla/5.0 (Linux; Android 6.0.1; Nexus 5X Build/MMB29P) AppleWebKit/537.36 (KHTML, like Gecko) Chrome/135.0.7049.52 Mobile Safari/537.36 (compatible; GoogleOther)"
207.46.13.78 - - [13/Apr/2025:09:46:56 -0400] "GET /special/105511324.shtml HTTP/1.1" 200 29744 "-" "Mozilla/5.0 AppleWebKit/537.36 (KHTML, like Gecko; compatible; bingbot/2.0; +http://www.bing.com/bingbot.htm) Chrome/116.0.1938.76 Safari/537.36"
40.77.167.154 - - [13/Apr/2025:09:47:01 -0400] "GET /special/vdu/snuffy78735820.shtml HTTP/1.1" 200 27657 "-" "Mozilla/5.0 AppleWebKit/537.36 (KHTML, like Gecko; compatible; bingbot/2.0; +http://www.bing.com/bingbot.htm) Chrome/116.0.1938.76 Safari/537.36"
157.55.39.15 - - [13/Apr/2025:09:47:11 -0400] "GET /products99408688.shtml HTTP/1.1" 200 30164 "-" "Mozilla/5.0 AppleWebKit/537.36 (KHTML, like Gecko; compatible; bingbot/2.0; +http://www.bing.com/bingbot.htm) Chrome/116.0.1938.76 Safari/537.36"
157.55.39.15 - - [13/Apr/2025:09:47:14 -0400] "GET /info/122394662.shtml HTTP/1.1" 200 24981 "-" "Mozilla/5.0 AppleWebKit/537.36 (KHTML, like Gecko; compatible; bingbot/2.0; +http://www.bing.com/bingbot.htm) Chrome/116.0.1938.76 Safari/537.36"
52.167.144.195 - - [13/Apr/2025:09:47:15 -0400] "GET /product/toadstools75896500.shtml HTTP/1.1" 200 26718 "-" "Mozilla/5.0 AppleWebKit/537.36 (KHTML, like Gecko; compatible; bingbot/2.0; +http://www.bing.com/bingbot.htm) Chrome/116.0.1938.76 Safari/537.36"
52.167.144.195 - - [13/Apr/2025:09:47:15 -0400] "GET /product/117115766.shtml HTTP/1.1" 200 25719 "-" "Mozilla/5.0 AppleWebKit/537.36 (KHTML, like Gecko; compatible; bingbot/2.0; +http://www.bing.com/bingbot.htm) Chrome/116.0.1938.76 Safari/537.36"
66.249.77.41 - - [13/Apr/2025:09:47:15 -0400] "GET /product/pgc/badinage/18263884.shtml HTTP/1.1" 200 27086 "-" "Mozilla/5.0 (Linux; Android 6.0.1; Nexus 5X Build/MMB29P) AppleWebKit/537.36 (KHTML, like Gecko) Chrome/135.0.7049.52 Mobile Safari/537.36 (compatible; GoogleOther)"
52.167.144.160 - - [13/Apr/2025:09:47:17 -0400] "GET /detail99097064.shtml HTTP/1.1" 200 26318 "-" "Mozilla/5.0 AppleWebKit/537.36 (KHTML, like Gecko; compatible; bingbot/2.0; +http://www.bing.com/bingbot.htm) Chrome/116.0.1938.76 Safari/537.36"
66.249.77.41 - - [13/Apr/2025:09:47:17 -0400] "GET /items/em/omaha4462730.shtml HTTP/1.1" 200 25858 "-" "Mozilla/5.0 (Linux; Android 6.0.1; Nexus 5X Build/MMB29P) AppleWebKit/537.36 (KHTML, like Gecko) Chrome/135.0.7049.52 Mobile Safari/537.36 (compatible; GoogleOther)"
157.55.39.14 - - [13/Apr/2025:09:47:20 -0400] "GET /product/1220872.shtml HTTP/1.1" 200 27742 "-" "Mozilla/5.0 AppleWebKit/537.36 (KHTML, like Gecko; compatible; bingbot/2.0; +http://www.bing.com/bingbot.htm) Chrome/116.0.1938.76 Safari/537.36"
52.167.144.160 - - [13/Apr/2025:09:47:20 -0400] "GET /products/dipaschal76252108.shtml HTTP/1.1" 200 27790 "-" "Mozilla/5.0 AppleWebKit/537.36 (KHTML, like Gecko; compatible; bingbot/2.0; +http://www.bing.com/bingbot.htm) Chrome/116.0.1938.76 Safari/537.36"
52.167.144.160 - - [13/Apr/2025:09:47:23 -0400] "GET /items/cambrobriton13105092.shtml HTTP/1.1" 200 25934 "-" "Mozilla/5.0 AppleWebKit/537.36 (KHTML, like Gecko; compatible; bingbot/2.0; +http://www.bing.com/bingbot.htm) Chrome/116.0.1938.76 Safari/537.36"
66.249.77.41 - - [13/Apr/2025:09:47:25 -0400] "GET /goodscode/b/variolation/79588988.shtml HTTP/1.1" 200 26230 "-" "Mozilla/5.0 (Linux; Android 6.0.1; Nexus 5X Build/MMB29P) AppleWebKit/537.36 (KHTML, like Gecko) Chrome/135.0.7049.52 Mobile Safari/537.36 (compatible; GoogleOther)"
157.55.39.14 - - [13/Apr/2025:09:47:25 -0400] "GET /product13857106.shtml HTTP/1.1" 200 26035 "-" "Mozilla/5.0 AppleWebKit/537.36 (KHTML, like Gecko; compatible; bingbot/2.0; +http://www.bing.com/bingbot.htm) Chrome/116.0.1938.76 Safari/537.36"
52.167.144.195 - - [13/Apr/2025:09:47:27 -0400] "GET /shopping/yu/terminus/46555802.shtml HTTP/1.1" 200 26020 "-" "Mozilla/5.0 AppleWebKit/537.36 (KHTML, like Gecko; compatible; bingbot/2.0; +http://www.bing.com/bingbot.htm) Chrome/116.0.1938.76 Safari/537.36"
66.249.77.40 - - [13/Apr/2025:09:47:38 -0400] "GET /shopdetail/y/malty/40571706.shtml HTTP/1.1" 200 29618 "-" "Mozilla/5.0 (Linux; Android 6.0.1; Nexus 5X Build/MMB29P) AppleWebKit/537.36 (KHTML, like Gecko) Chrome/135.0.7049.52 Mobile Safari/537.36 (compatible; GoogleOther)"
66.249.77.40 - - [13/Apr/2025:09:47:42 -0400] "GET /items/ioi/atonalistic/123962626.shtml HTTP/1.1" 200 25565 "-" "Mozilla/5.0 (Linux; Android 6.0.1; Nexus 5X Build/MMB29P) AppleWebKit/537.36 (KHTML, like Gecko) Chrome/135.0.7049.52 Mobile Safari/537.36 (compatible; GoogleOther)"
66.249.77.40 - - [13/Apr/2025:09:47:42 -0400] "GET /item99480712.shtml HTTP/1.1" 200 26087 "-" "Mozilla/5.0 (Linux; Android 6.0.1; Nexus 5X Build/MMB29P) AppleWebKit/537.36 (KHTML, like Gecko) Chrome/135.0.7049.52 Mobile Safari/537.36 (compatible; Googlebot/2.1; +http://www.google.com/bot.html)"
157.55.39.14 - - [13/Apr/2025:09:47:54 -0400] "GET /entity/tetrodotoxin/114604828.shtml HTTP/1.1" 200 27166 "-" "Mozilla/5.0 AppleWebKit/537.36 (KHTML, like Gecko; compatible; bingbot/2.0; +http://www.bing.com/bingbot.htm) Chrome/116.0.1938.76 Safari/537.36"
52.167.144.160 - - [13/Apr/2025:09:47:55 -0400] "GET /goods/kce/laxative/46577054.shtml HTTP/1.1" 200 25986 "-" "Mozilla/5.0 AppleWebKit/537.36 (KHTML, like Gecko; compatible; bingbot/2.0; +http://www.bing.com/bingbot.htm) Chrome/116.0.1938.76 Safari/537.36"
66.249.77.40 - - [13/Apr/2025:09:48:00 -0400] "GET /items/eom/emburse/61006490.shtml HTTP/1.1" 200 26899 "-" "Mozilla/5.0 (Linux; Android 6.0.1; Nexus 5X Build/MMB29P) AppleWebKit/537.36 (KHTML, like Gecko) Chrome/135.0.7049.52 Mobile Safari/537.36 (compatible; GoogleOther)"
157.55.39.14 - - [13/Apr/2025:09:48:04 -0400] "GET /products/unnatural/5646542.shtml HTTP/1.1" 200 26846 "-" "Mozilla/5.0 AppleWebKit/537.36 (KHTML, like Gecko; compatible; bingbot/2.0; +http://www.bing.com/bingbot.htm) Chrome/116.0.1938.76 Safari/537.36"
52.167.144.160 - - [13/Apr/2025:09:48:06 -0400] "GET /detail/t/sanctimoniousness46783816.shtml HTTP/1.1" 200 25735 "-" "Mozilla/5.0 AppleWebKit/537.36 (KHTML, like Gecko; compatible; bingbot/2.0; +http://www.bing.com/bingbot.htm) Chrome/116.0.1938.76 Safari/537.36"
52.167.144.195 - - [13/Apr/2025:09:48:08 -0400] "GET /special/acadia/23807658.shtml HTTP/1.1" 200 28324 "-" "Mozilla/5.0 AppleWebKit/537.36 (KHTML, like Gecko; compatible; bingbot/2.0; +http://www.bing.com/bingbot.htm) Chrome/116.0.1938.76 Safari/537.36"
157.55.39.52 - - [13/Apr/2025:09:48:11 -0400] "GET /info/disrate51893704.shtml HTTP/1.1" 200 29238 "-" "Mozilla/5.0 AppleWebKit/537.36 (KHTML, like Gecko; compatible; bingbot/2.0; +http://www.bing.com/bingbot.htm) Chrome/116.0.1938.76 Safari/537.36"
66.249.77.41 - - [13/Apr/2025:09:48:12 -0400] "GET /items/jou/vanishment/115518228.shtml HTTP/1.1" 200 27358 "-" "Mozilla/5.0 (Linux; Android 6.0.1; Nexus 5X Build/MMB29P) AppleWebKit/537.36 (KHTML, like Gecko) Chrome/135.0.7049.52 Mobile Safari/537.36 (compatible; GoogleOther)"
66.249.77.40 - - [13/Apr/2025:09:48:17 -0400] "GET /entity/n/statelier/36897688.shtml HTTP/1.1" 200 26830 "-" "Mozilla/5.0 (Linux; Android 6.0.1; Nexus 5X Build/MMB29P) AppleWebKit/537.36 (KHTML, like Gecko) Chrome/135.0.7049.52 Mobile Safari/537.36 (compatible; GoogleOther)"
52.167.144.160 - - [13/Apr/2025:09:48:23 -0400] "GET /items3389904.shtml HTTP/1.1" 200 25413 "-" "Mozilla/5.0 AppleWebKit/537.36 (KHTML, like Gecko; compatible; bingbot/2.0; +http://www.bing.com/bingbot.htm) Chrome/116.0.1938.76 Safari/537.36"
157.55.39.14 - - [13/Apr/2025:09:48:23 -0400] "GET /product/pointel49709096.shtml HTTP/1.1" 200 27913 "-" "Mozilla/5.0 AppleWebKit/537.36 (KHTML, like Gecko; compatible; bingbot/2.0; +http://www.bing.com/bingbot.htm) Chrome/116.0.1938.76 Safari/537.36"
52.167.144.195 - - [13/Apr/2025:09:48:28 -0400] "GET /products/hyperaesthesia/115815298.shtml HTTP/1.1" 200 27637 "-" "Mozilla/5.0 AppleWebKit/537.36 (KHTML, like Gecko; compatible; bingbot/2.0; +http://www.bing.com/bingbot.htm) Chrome/116.0.1938.76 Safari/537.36"
52.167.144.195 - - [13/Apr/2025:09:48:30 -0400] "GET /info/pachalic115808532.shtml HTTP/1.1" 200 24467 "-" "Mozilla/5.0 AppleWebKit/537.36 (KHTML, like Gecko; compatible; bingbot/2.0; +http://www.bing.com/bingbot.htm) Chrome/116.0.1938.76 Safari/537.36"
52.167.144.195 - - [13/Apr/2025:09:48:33 -0400] "GET /items99513062.shtml HTTP/1.1" 200 27549 "-" "Mozilla/5.0 AppleWebKit/537.36 (KHTML, like Gecko; compatible; bingbot/2.0; +http://www.bing.com/bingbot.htm) Chrome/116.0.1938.76 Safari/537.36"
157.55.39.14 - - [13/Apr/2025:09:48:35 -0400] "GET /product/76667602.shtml HTTP/1.1" 200 25415 "-" "Mozilla/5.0 AppleWebKit/537.36 (KHTML, like Gecko; compatible; bingbot/2.0; +http://www.bing.com/bingbot.htm) Chrome/116.0.1938.76 Safari/537.36"
66.249.77.40 - - [13/Apr/2025:09:48:35 -0400] "GET /goodscode/d/scepsis/88628648.shtml HTTP/1.1" 200 27352 "-" "Mozilla/5.0 (Linux; Android 6.0.1; Nexus 5X Build/MMB29P) AppleWebKit/537.36 (KHTML, like Gecko) Chrome/135.0.7049.52 Mobile Safari/537.36 (compatible; GoogleOther)"
18.222.10.145 - - [13/Apr/2025:09:48:37 -0400] "GET /ad917/?path=%2Fhome%2Fservlmvm%2F.%2Flscache%2F1%2F4%2F..%2Fa%2Fa HTTP/1.1" 200 1214 "-" "Mozilla/5.0 AppleWebKit/537.36 (KHTML, like Gecko; compatible; ClaudeBot/1.0; +claudebot@anthropic.com)"
18.222.10.145 - - [13/Apr/2025:09:48:40 -0400] "GET /ad917/?path=%2Fhome%2Fservlmvm%2F.%2Flscache%2F8%2Fe%2F..%2Fe%2Fa HTTP/1.1" 200 1571 "-" "Mozilla/5.0 AppleWebKit/537.36 (KHTML, like Gecko; compatible; ClaudeBot/1.0; +claudebot@anthropic.com)"
18.222.10.145 - - [13/Apr/2025:09:48:43 -0400] "GET /ad917/?path=%2Fhome%2Fservlmvm%2F.%2Flscache%2F8%2Fe%2F..%2Fe%2F. HTTP/1.1" 200 1502 "-" "Mozilla/5.0 AppleWebKit/537.36 (KHTML, like Gecko; compatible; ClaudeBot/1.0; +claudebot@anthropic.com)"
18.222.10.145 - - [13/Apr/2025:09:48:46 -0400] "GET /ad917/?path=%2Fhome%2Fservlmvm%2F.%2Flscache%2Fa%2F..%2F8%2Fa%2Ff HTTP/1.1" 200 1532 "-" "Mozilla/5.0 AppleWebKit/537.36 (KHTML, like Gecko; compatible; ClaudeBot/1.0; +claudebot@anthropic.com)"
40.77.167.154 - - [13/Apr/2025:09:48:48 -0400] "GET /item/c/biguttatus90284066.shtml HTTP/1.1" 200 25928 "-" "Mozilla/5.0 AppleWebKit/537.36 (KHTML, like Gecko; compatible; bingbot/2.0; +http://www.bing.com/bingbot.htm) Chrome/116.0.1938.76 Safari/537.36"
18.222.10.145 - - [13/Apr/2025:09:48:49 -0400] "GET /ad917/?path=%2Fhome%2Fservlmvm%2F.%2Flscache%2F9%2F..%2Fc%2F0%2Fc HTTP/1.1" 200 1528 "-" "Mozilla/5.0 AppleWebKit/537.36 (KHTML, like Gecko; compatible; ClaudeBot/1.0; +claudebot@anthropic.com)"
66.249.77.40 - - [13/Apr/2025:09:48:54 -0400] "GET /goodscode/yu/indorser/111203294.shtml HTTP/1.1" 200 27325 "-" "Mozilla/5.0 (Linux; Android 6.0.1; Nexus 5X Build/MMB29P) AppleWebKit/537.36 (KHTML, like Gecko) Chrome/135.0.7049.52 Mobile Safari/537.36 (compatible; GoogleOther)"
66.249.77.41 - - [13/Apr/2025:09:49:10 -0400] "GET /products/q/floridum/123992462.shtml HTTP/1.1" 200 25492 "-" "Mozilla/5.0 (Linux; Android 6.0.1; Nexus 5X Build/MMB29P) AppleWebKit/537.36 (KHTML, like Gecko) Chrome/135.0.7049.52 Mobile Safari/537.36 (compatible; GoogleOther)"
157.55.39.14 - - [13/Apr/2025:09:49:14 -0400] "GET /detail/51493408.shtml HTTP/1.1" 200 28336 "-" "Mozilla/5.0 AppleWebKit/537.36 (KHTML, like Gecko; compatible; bingbot/2.0; +http://www.bing.com/bingbot.htm) Chrome/116.0.1938.76 Safari/537.36"
40.77.167.154 - - [13/Apr/2025:09:49:19 -0400] "GET /products/japery75219690.shtml HTTP/1.1" 200 27332 "-" "Mozilla/5.0 AppleWebKit/537.36 (KHTML, like Gecko; compatible; bingbot/2.0; +http://www.bing.com/bingbot.htm) Chrome/116.0.1938.76 Safari/537.36"
66.249.77.41 - - [13/Apr/2025:09:49:25 -0400] "GET /special/111648244.shtml HTTP/1.1" 200 26889 "-" "Mozilla/5.0 (Linux; Android 6.0.1; Nexus 5X Build/MMB29P) AppleWebKit/537.36 (KHTML, like Gecko) Chrome/135.0.7049.52 Mobile Safari/537.36 (compatible; Googlebot/2.1; +http://www.google.com/bot.html)"
52.167.144.195 - - [13/Apr/2025:09:49:25 -0400] "GET /goods94867096.shtml HTTP/1.1" 200 25456 "-" "Mozilla/5.0 AppleWebKit/537.36 (KHTML, like Gecko; compatible; bingbot/2.0; +http://www.bing.com/bingbot.htm) Chrome/116.0.1938.76 Safari/537.36"
66.249.77.40 - - [13/Apr/2025:09:49:28 -0400] "GET /goodscode/ik/quadruplicate/107480058.shtml HTTP/1.1" 200 25316 "-" "Mozilla/5.0 (Linux; Android 6.0.1; Nexus 5X Build/MMB29P) AppleWebKit/537.36 (KHTML, like Gecko) Chrome/135.0.7049.52 Mobile Safari/537.36 (compatible; GoogleOther)"
157.55.39.14 - - [13/Apr/2025:09:49:45 -0400] "GET /shopping108214932.shtml HTTP/1.1" 200 26561 "-" "Mozilla/5.0 AppleWebKit/537.36 (KHTML, like Gecko; compatible; bingbot/2.0; +http://www.bing.com/bingbot.htm) Chrome/116.0.1938.76 Safari/537.36"
52.167.144.195 - - [13/Apr/2025:09:49:45 -0400] "GET /product/99123422.shtml HTTP/1.1" 200 27526 "-" "Mozilla/5.0 AppleWebKit/537.36 (KHTML, like Gecko; compatible; bingbot/2.0; +http://www.bing.com/bingbot.htm) Chrome/116.0.1938.76 Safari/537.36"
40.77.167.154 - - [13/Apr/2025:09:49:49 -0400] "GET /special76734734.shtml HTTP/1.1" 200 27039 "-" "Mozilla/5.0 AppleWebKit/537.36 (KHTML, like Gecko; compatible; bingbot/2.0; +http://www.bing.com/bingbot.htm) Chrome/116.0.1938.76 Safari/537.36"
66.249.77.40 - - [13/Apr/2025:09:49:48 -0400] "GET /product/p/palsgrave/14945280.shtml HTTP/1.1" 200 25012 "-" "Mozilla/5.0 (Linux; Android 6.0.1; Nexus 5X Build/MMB29P) AppleWebKit/537.36 (KHTML, like Gecko) Chrome/135.0.7049.52 Mobile Safari/537.36 (compatible; GoogleOther)"
52.167.144.160 - - [13/Apr/2025:09:50:04 -0400] "GET /detail99195264.shtml HTTP/1.1" 200 25548 "-" "Mozilla/5.0 AppleWebKit/537.36 (KHTML, like Gecko; compatible; bingbot/2.0; +http://www.bing.com/bingbot.htm) Chrome/116.0.1938.76 Safari/537.36"
66.249.77.40 - - [13/Apr/2025:09:50:09 -0400] "GET /info/ewy/hardheartedness/87345594.shtml HTTP/1.1" 200 27384 "-" "Mozilla/5.0 (Linux; Android 6.0.1; Nexus 5X Build/MMB29P) AppleWebKit/537.36 (KHTML, like Gecko) Chrome/135.0.7049.52 Mobile Safari/537.36 (compatible; GoogleOther)"
52.167.144.160 - - [13/Apr/2025:09:50:13 -0400] "GET /shopping/pc/enlighten76776520.shtml HTTP/1.1" 200 27180 "-" "Mozilla/5.0 AppleWebKit/537.36 (KHTML, like Gecko; compatible; bingbot/2.0; +http://www.bing.com/bingbot.htm) Chrome/116.0.1938.76 Safari/537.36"
66.249.77.41 - - [13/Apr/2025:09:50:20 -0400] "GET /products/b/prelusory/70466404.shtml HTTP/1.1" 200 28346 "-" "Mozilla/5.0 (Linux; Android 6.0.1; Nexus 5X Build/MMB29P) AppleWebKit/537.36 (KHTML, like Gecko) Chrome/135.0.7049.52 Mobile Safari/537.36 (compatible; GoogleOther)"
66.249.77.41 - - [13/Apr/2025:09:50:23 -0400] "GET /entity/driftwood25243406.shtml HTTP/1.1" 200 28427 "-" "Mozilla/5.0 (Linux; Android 6.0.1; Nexus 5X Build/MMB29P) AppleWebKit/537.36 (KHTML, like Gecko) Chrome/135.0.7049.52 Mobile Safari/537.36 (compatible; Googlebot/2.1; +http://www.google.com/bot.html)"
157.55.39.14 - - [13/Apr/2025:09:50:24 -0400] "GET /special/8884324.shtml HTTP/1.1" 200 27973 "-" "Mozilla/5.0 AppleWebKit/537.36 (KHTML, like Gecko; compatible; bingbot/2.0; +http://www.bing.com/bingbot.htm) Chrome/116.0.1938.76 Safari/537.36"
52.167.144.195 - - [13/Apr/2025:09:50:29 -0400] "GET /shopbrand/grinningly14281474.shtml HTTP/1.1" 200 28824 "-" "Mozilla/5.0 AppleWebKit/537.36 (KHTML, like Gecko; compatible; bingbot/2.0; +http://www.bing.com/bingbot.htm) Chrome/116.0.1938.76 Safari/537.36"
157.55.39.14 - - [13/Apr/2025:09:50:35 -0400] "GET /shopping1196160.shtml HTTP/1.1" 200 24590 "-" "Mozilla/5.0 AppleWebKit/537.36 (KHTML, like Gecko; compatible; bingbot/2.0; +http://www.bing.com/bingbot.htm) Chrome/116.0.1938.76 Safari/537.36"
66.249.77.40 - - [13/Apr/2025:09:50:38 -0400] "GET /shopbrand/q/africanize/50386202.shtml HTTP/1.1" 200 27692 "-" "Mozilla/5.0 (Linux; Android 6.0.1; Nexus 5X Build/MMB29P) AppleWebKit/537.36 (KHTML, like Gecko) Chrome/135.0.7049.52 Mobile Safari/537.36 (compatible; GoogleOther)"
52.167.144.195 - - [13/Apr/2025:09:50:40 -0400] "GET /goods72671692.shtml HTTP/1.1" 200 26818 "-" "Mozilla/5.0 AppleWebKit/537.36 (KHTML, like Gecko; compatible; bingbot/2.0; +http://www.bing.com/bingbot.htm) Chrome/116.0.1938.76 Safari/537.36"
157.55.39.14 - - [13/Apr/2025:09:50:44 -0400] "GET /products/jhw/rosiny51123068.shtml HTTP/1.1" 200 25207 "-" "Mozilla/5.0 AppleWebKit/537.36 (KHTML, like Gecko; compatible; bingbot/2.0; +http://www.bing.com/bingbot.htm) Chrome/116.0.1938.76 Safari/537.36"
52.167.144.160 - - [13/Apr/2025:09:50:46 -0400] "GET /shopdetail/s/nodosa/44149922.shtml HTTP/1.1" 200 27263 "-" "Mozilla/5.0 AppleWebKit/537.36 (KHTML, like Gecko; compatible; bingbot/2.0; +http://www.bing.com/bingbot.htm) Chrome/116.0.1938.76 Safari/537.36"
40.77.167.154 - - [13/Apr/2025:09:50:50 -0400] "GET /entity/ka/calotropis43635254.shtml HTTP/1.1" 200 26242 "-" "Mozilla/5.0 AppleWebKit/537.36 (KHTML, like Gecko; compatible; bingbot/2.0; +http://www.bing.com/bingbot.htm) Chrome/116.0.1938.76 Safari/537.36"
157.55.39.52 - - [13/Apr/2025:09:50:52 -0400] "GET /shopdetail/pyc/eggglass/75780616.shtml HTTP/1.1" 200 26891 "-" "Mozilla/5.0 AppleWebKit/537.36 (KHTML, like Gecko; compatible; bingbot/2.0; +http://www.bing.com/bingbot.htm) Chrome/116.0.1938.76 Safari/537.36"
66.249.77.40 - - [13/Apr/2025:09:50:55 -0400] "GET /items/hazardousness37044314.shtml HTTP/1.1" 200 27742 "-" "Mozilla/5.0 (Linux; Android 6.0.1; Nexus 5X Build/MMB29P) AppleWebKit/537.36 (KHTML, like Gecko) Chrome/135.0.7049.52 Mobile Safari/537.36 (compatible; GoogleOther)"
157.55.39.52 - - [13/Apr/2025:09:50:56 -0400] "GET /item10226008.shtml HTTP/1.1" 200 27051 "-" "Mozilla/5.0 AppleWebKit/537.36 (KHTML, like Gecko; compatible; bingbot/2.0; +http://www.bing.com/bingbot.htm) Chrome/116.0.1938.76 Safari/537.36"
52.167.144.195 - - [13/Apr/2025:09:50:57 -0400] "GET /special/snaffle95447462.shtml HTTP/1.1" 200 28556 "-" "Mozilla/5.0 AppleWebKit/537.36 (KHTML, like Gecko; compatible; bingbot/2.0; +http://www.bing.com/bingbot.htm) Chrome/116.0.1938.76 Safari/537.36"
52.167.144.195 - - [13/Apr/2025:09:51:05 -0400] "GET /items/prosiphon/120963302.shtml HTTP/1.1" 200 27081 "-" "Mozilla/5.0 AppleWebKit/537.36 (KHTML, like Gecko; compatible; bingbot/2.0; +http://www.bing.com/bingbot.htm) Chrome/116.0.1938.76 Safari/537.36"
18.218.135.221 - - [13/Apr/2025:09:51:07 -0400] "GET /ad917/?path=%2Fhome%2Fservlmvm%2F.%2Flscache%2F1%2F4%2F..%2Fa%2F1 HTTP/1.1" 200 1529 "-" "Mozilla/5.0 AppleWebKit/537.36 (KHTML, like Gecko; compatible; ClaudeBot/1.0; +claudebot@anthropic.com)"
18.218.135.221 - - [13/Apr/2025:09:51:10 -0400] "GET /ad917/?path=%2Fhome%2Fservlmvm%2F.%2Flscache%2F8%2Fe%2F..%2Fe%2F5 HTTP/1.1" 200 1569 "-" "Mozilla/5.0 AppleWebKit/537.36 (KHTML, like Gecko; compatible; ClaudeBot/1.0; +claudebot@anthropic.com)"
18.218.135.221 - - [13/Apr/2025:09:51:13 -0400] "GET /ad917/?path=%2Fhome%2Fservlmvm%2F.%2Flscache%2Fa%2F..%2F8%2Fa%2Fc HTTP/1.1" 200 1571 "-" "Mozilla/5.0 AppleWebKit/537.36 (KHTML, like Gecko; compatible; ClaudeBot/1.0; +claudebot@anthropic.com)"
66.249.77.41 - - [13/Apr/2025:09:51:13 -0400] "GET /goodscode/q/importunateness/1313954.shtml HTTP/1.1" 200 27394 "-" "Mozilla/5.0 (Linux; Android 6.0.1; Nexus 5X Build/MMB29P) AppleWebKit/537.36 (KHTML, like Gecko) Chrome/135.0.7049.52 Mobile Safari/537.36 (compatible; GoogleOther)"
157.55.39.14 - - [13/Apr/2025:09:51:15 -0400] "GET /info/91474110.shtml HTTP/1.1" 200 25159 "-" "Mozilla/5.0 AppleWebKit/537.36 (KHTML, like Gecko; compatible; bingbot/2.0; +http://www.bing.com/bingbot.htm) Chrome/116.0.1938.76 Safari/537.36"
18.218.135.221 - - [13/Apr/2025:09:51:16 -0400] "GET /ad917/?path=%2Fhome%2Fservlmvm%2F.%2Flscache%2Fc%2F5%2F..%2F4%2Fc HTTP/1.1" 200 1529 "-" "Mozilla/5.0 AppleWebKit/537.36 (KHTML, like Gecko; compatible; ClaudeBot/1.0; +claudebot@anthropic.com)"
52.167.144.160 - - [13/Apr/2025:09:51:16 -0400] "GET /goods/540330.shtml HTTP/1.1" 200 25893 "-" "Mozilla/5.0 AppleWebKit/537.36 (KHTML, like Gecko; compatible; bingbot/2.0; +http://www.bing.com/bingbot.htm) Chrome/116.0.1938.76 Safari/537.36"
66.249.77.41 - - [13/Apr/2025:09:51:18 -0400] "GET /goods82616546.shtml HTTP/1.1" 200 29245 "-" "Mozilla/5.0 (Linux; Android 6.0.1; Nexus 5X Build/MMB29P) AppleWebKit/537.36 (KHTML, like Gecko) Chrome/135.0.7049.52 Mobile Safari/537.36 (compatible; Googlebot/2.1; +http://www.google.com/bot.html)"
18.218.135.221 - - [13/Apr/2025:09:51:19 -0400] "GET /ad917/?path=%2Fhome%2Fservlmvm%2F.%2Flscache%2Fe%2F..%2Fe%2F0%2F2 HTTP/1.1" 200 1535 "-" "Mozilla/5.0 AppleWebKit/537.36 (KHTML, like Gecko; compatible; ClaudeBot/1.0; +claudebot@anthropic.com)"
66.249.77.41 - - [13/Apr/2025:09:51:22 -0400] "GET /products/pm/redraw44233812.shtml HTTP/1.1" 200 27181 "-" "Mozilla/5.0 (Linux; Android 6.0.1; Nexus 5X Build/MMB29P) AppleWebKit/537.36 (KHTML, like Gecko) Chrome/135.0.7049.52 Mobile Safari/537.36 (compatible; Googlebot/2.1; +http://www.google.com/bot.html)"
52.167.144.195 - - [13/Apr/2025:09:51:26 -0400] "GET /product/hta/implemental3832816.shtml HTTP/1.1" 200 27640 "-" "Mozilla/5.0 AppleWebKit/537.36 (KHTML, like Gecko; compatible; bingbot/2.0; +http://www.bing.com/bingbot.htm) Chrome/116.0.1938.76 Safari/537.36"
66.249.77.40 - - [13/Apr/2025:09:51:30 -0400] "GET /special/y/entomolite/70449918.shtml HTTP/1.1" 200 29378 "-" "Mozilla/5.0 (Linux; Android 6.0.1; Nexus 5X Build/MMB29P) AppleWebKit/537.36 (KHTML, like Gecko) Chrome/135.0.7049.52 Mobile Safari/537.36 (compatible; GoogleOther)"
40.77.167.154 - - [13/Apr/2025:09:51:31 -0400] "GET /product/82466764.shtml HTTP/1.1" 200 26577 "-" "Mozilla/5.0 AppleWebKit/537.36 (KHTML, like Gecko; compatible; bingbot/2.0; +http://www.bing.com/bingbot.htm) Chrome/116.0.1938.76 Safari/537.36"
52.167.144.160 - - [13/Apr/2025:09:51:34 -0400] "GET /detail3068966.shtml HTTP/1.1" 200 25153 "-" "Mozilla/5.0 AppleWebKit/537.36 (KHTML, like Gecko; compatible; bingbot/2.0; +http://www.bing.com/bingbot.htm) Chrome/116.0.1938.76 Safari/537.36"
157.55.39.52 - - [13/Apr/2025:09:51:42 -0400] "GET /info/silicule51833170.shtml HTTP/1.1" 200 26271 "-" "Mozilla/5.0 AppleWebKit/537.36 (KHTML, like Gecko; compatible; bingbot/2.0; +http://www.bing.com/bingbot.htm) Chrome/116.0.1938.76 Safari/537.36"
52.167.144.195 - - [13/Apr/2025:09:51:47 -0400] "GET /item75774242.shtml HTTP/1.1" 200 25646 "-" "Mozilla/5.0 AppleWebKit/537.36 (KHTML, like Gecko; compatible; bingbot/2.0; +http://www.bing.com/bingbot.htm) Chrome/116.0.1938.76 Safari/537.36"
66.249.77.40 - - [13/Apr/2025:09:51:48 -0400] "GET /item/a/remittitur/14510038.shtml HTTP/1.1" 200 25736 "-" "Mozilla/5.0 (Linux; Android 6.0.1; Nexus 5X Build/MMB29P) AppleWebKit/537.36 (KHTML, like Gecko) Chrome/135.0.7049.52 Mobile Safari/537.36 (compatible; GoogleOther)"
66.249.77.40 - - [13/Apr/2025:09:51:50 -0400] "GET /products/zus/behave/88609916.shtml HTTP/1.1" 200 28105 "-" "Mozilla/5.0 (Linux; Android 6.0.1; Nexus 5X Build/MMB29P) AppleWebKit/537.36 (KHTML, like Gecko) Chrome/135.0.7049.52 Mobile Safari/537.36 (compatible; GoogleOther)"
52.167.144.186 - - [13/Apr/2025:09:51:55 -0400] "GET /special/g/venule55487654.shtml HTTP/1.1" 200 26538 "-" "Mozilla/5.0 AppleWebKit/537.36 (KHTML, like Gecko; compatible; bingbot/2.0; +http://www.bing.com/bingbot.htm) Chrome/116.0.1938.76 Safari/537.36"
40.77.167.154 - - [13/Apr/2025:09:52:00 -0400] "GET /entity63427182.shtml HTTP/1.1" 200 27064 "-" "Mozilla/5.0 AppleWebKit/537.36 (KHTML, like Gecko; compatible; bingbot/2.0; +http://www.bing.com/bingbot.htm) Chrome/116.0.1938.76 Safari/537.36"
66.249.77.42 - - [13/Apr/2025:09:52:05 -0400] "GET /info/cwc/tickseed/63813986.shtml HTTP/1.1" 200 26873 "-" "Mozilla/5.0 (Linux; Android 6.0.1; Nexus 5X Build/MMB29P) AppleWebKit/537.36 (KHTML, like Gecko) Chrome/135.0.7049.52 Mobile Safari/537.36 (compatible; GoogleOther)"
40.77.167.154 - - [13/Apr/2025:09:52:08 -0400] "GET /items60002792.shtml HTTP/1.1" 200 27108 "-" "Mozilla/5.0 AppleWebKit/537.36 (KHTML, like Gecko; compatible; bingbot/2.0; +http://www.bing.com/bingbot.htm) Chrome/116.0.1938.76 Safari/537.36"
40.77.167.154 - - [13/Apr/2025:09:52:11 -0400] "GET /detail/fullbosomed121665512.shtml HTTP/1.1" 200 25819 "-" "Mozilla/5.0 AppleWebKit/537.36 (KHTML, like Gecko; compatible; bingbot/2.0; +http://www.bing.com/bingbot.htm) Chrome/116.0.1938.76 Safari/537.36"
40.77.167.154 - - [13/Apr/2025:09:52:18 -0400] "GET /items/ju/vulcanizing91108752.shtml HTTP/1.1" 200 27940 "-" "Mozilla/5.0 AppleWebKit/537.36 (KHTML, like Gecko; compatible; bingbot/2.0; +http://www.bing.com/bingbot.htm) Chrome/116.0.1938.76 Safari/537.36"
66.249.77.41 - - [13/Apr/2025:09:52:22 -0400] "GET /items/2273838.shtml HTTP/1.1" 200 28705 "-" "Mozilla/5.0 (Linux; Android 6.0.1; Nexus 5X Build/MMB29P) AppleWebKit/537.36 (KHTML, like Gecko) Chrome/135.0.7049.52 Mobile Safari/537.36 (compatible; Googlebot/2.1; +http://www.google.com/bot.html)"
66.249.77.41 - - [13/Apr/2025:09:52:24 -0400] "GET /products/ns/preterhuman/42741028.shtml HTTP/1.1" 200 25553 "-" "Mozilla/5.0 (Linux; Android 6.0.1; Nexus 5X Build/MMB29P) AppleWebKit/537.36 (KHTML, like Gecko) Chrome/135.0.7049.52 Mobile Safari/537.36 (compatible; GoogleOther)"
52.167.144.186 - - [13/Apr/2025:09:52:26 -0400] "GET /items46101616.shtml HTTP/1.1" 200 26047 "-" "Mozilla/5.0 AppleWebKit/537.36 (KHTML, like Gecko; compatible; bingbot/2.0; +http://www.bing.com/bingbot.htm) Chrome/116.0.1938.76 Safari/537.36"
66.249.77.40 - - [13/Apr/2025:09:52:31 -0400] "GET /info/xk/attributing/41220228.shtml HTTP/1.1" 200 25347 "-" "Mozilla/5.0 (Linux; Android 6.0.1; Nexus 5X Build/MMB29P) AppleWebKit/537.36 (KHTML, like Gecko) Chrome/135.0.7049.52 Mobile Safari/537.36 (compatible; GoogleOther)"
157.55.39.14 - - [13/Apr/2025:09:52:35 -0400] "GET /entity/j/chiropractor/10282204.shtml HTTP/1.1" 200 27823 "-" "Mozilla/5.0 AppleWebKit/537.36 (KHTML, like Gecko; compatible; bingbot/2.0; +http://www.bing.com/bingbot.htm) Chrome/116.0.1938.76 Safari/537.36"
66.249.77.40 - - [13/Apr/2025:09:52:39 -0400] "GET /detail/z/industrially/60519244.shtml HTTP/1.1" 200 27015 "-" "Mozilla/5.0 (Linux; Android 6.0.1; Nexus 5X Build/MMB29P) AppleWebKit/537.36 (KHTML, like Gecko) Chrome/135.0.7049.52 Mobile Safari/537.36 (compatible; GoogleOther)"
66.249.77.40 - - [13/Apr/2025:09:52:40 -0400] "GET /special/t/puppied/88611784.shtml HTTP/1.1" 200 25334 "-" "Mozilla/5.0 (Linux; Android 6.0.1; Nexus 5X Build/MMB29P) AppleWebKit/537.36 (KHTML, like Gecko) Chrome/135.0.7049.52 Mobile Safari/537.36 (compatible; GoogleOther)"
52.167.144.186 - - [13/Apr/2025:09:52:45 -0400] "GET /product/rivaless/35372042.shtml HTTP/1.1" 200 26821 "-" "Mozilla/5.0 AppleWebKit/537.36 (KHTML, like Gecko; compatible; bingbot/2.0; +http://www.bing.com/bingbot.htm) Chrome/116.0.1938.76 Safari/537.36"
157.55.39.52 - - [13/Apr/2025:09:52:56 -0400] "GET /items/115796872.shtml HTTP/1.1" 200 25959 "-" "Mozilla/5.0 AppleWebKit/537.36 (KHTML, like Gecko; compatible; bingbot/2.0; +http://www.bing.com/bingbot.htm) Chrome/116.0.1938.76 Safari/537.36"
52.167.144.186 - - [13/Apr/2025:09:52:56 -0400] "GET /goodscode/nonepiscopal76737844.shtml HTTP/1.1" 200 27368 "-" "Mozilla/5.0 AppleWebKit/537.36 (KHTML, like Gecko; compatible; bingbot/2.0; +http://www.bing.com/bingbot.htm) Chrome/116.0.1938.76 Safari/537.36"
66.249.77.40 - - [13/Apr/2025:09:52:58 -0400] "GET /items/b/knockdown/37070812.shtml HTTP/1.1" 200 28986 "-" "Mozilla/5.0 (Linux; Android 6.0.1; Nexus 5X Build/MMB29P) AppleWebKit/537.36 (KHTML, like Gecko) Chrome/135.0.7049.52 Mobile Safari/537.36 (compatible; GoogleOther)"
66.249.77.40 - - [13/Apr/2025:09:53:00 -0400] "GET /goodscode/2269008.shtml HTTP/1.1" 200 25526 "-" "Mozilla/5.0 (Linux; Android 6.0.1; Nexus 5X Build/MMB29P) AppleWebKit/537.36 (KHTML, like Gecko) Chrome/135.0.7049.52 Mobile Safari/537.36 (compatible; Googlebot/2.1; +http://www.google.com/bot.html)"
40.77.167.154 - - [13/Apr/2025:09:53:00 -0400] "GET /products/edibleness/121330604.shtml HTTP/1.1" 200 25967 "-" "Mozilla/5.0 AppleWebKit/537.36 (KHTML, like Gecko; compatible; bingbot/2.0; +http://www.bing.com/bingbot.htm) Chrome/116.0.1938.76 Safari/537.36"
52.167.144.160 - - [13/Apr/2025:09:53:03 -0400] "GET /goodscode/hea/andrenidae/75591412.shtml HTTP/1.1" 200 26798 "-" "Mozilla/5.0 AppleWebKit/537.36 (KHTML, like Gecko; compatible; bingbot/2.0; +http://www.bing.com/bingbot.htm) Chrome/116.0.1938.76 Safari/537.36"
157.55.39.52 - - [13/Apr/2025:09:53:09 -0400] "GET /goodscode/alecost85259848.shtml HTTP/1.1" 200 26581 "-" "Mozilla/5.0 AppleWebKit/537.36 (KHTML, like Gecko; compatible; bingbot/2.0; +http://www.bing.com/bingbot.htm) Chrome/116.0.1938.76 Safari/537.36"
157.55.39.52 - - [13/Apr/2025:09:53:15 -0400] "GET /info/46554816.shtml HTTP/1.1" 200 27059 "-" "Mozilla/5.0 AppleWebKit/537.36 (KHTML, like Gecko; compatible; bingbot/2.0; +http://www.bing.com/bingbot.htm) Chrome/116.0.1938.76 Safari/537.36"
66.249.77.40 - - [13/Apr/2025:09:53:23 -0400] "GET /items/voq/totalize/14937952.shtml HTTP/1.1" 200 27171 "-" "Mozilla/5.0 (Linux; Android 6.0.1; Nexus 5X Build/MMB29P) AppleWebKit/537.36 (KHTML, like Gecko) Chrome/135.0.7049.52 Mobile Safari/537.36 (compatible; GoogleOther)"
66.249.77.40 - - [13/Apr/2025:09:53:24 -0400] "GET /detail/portending/34635830.shtml HTTP/1.1" 200 25948 "-" "Mozilla/5.0 (Linux; Android 6.0.1; Nexus 5X Build/MMB29P) AppleWebKit/537.36 (KHTML, like Gecko) Chrome/135.0.7049.52 Mobile Safari/537.36 (compatible; GoogleOther)"
52.167.144.186 - - [13/Apr/2025:09:53:25 -0400] "GET /item/generically114935582.shtml HTTP/1.1" 200 25006 "-" "Mozilla/5.0 AppleWebKit/537.36 (KHTML, like Gecko; compatible; bingbot/2.0; +http://www.bing.com/bingbot.htm) Chrome/116.0.1938.76 Safari/537.36"
52.167.144.160 - - [13/Apr/2025:09:53:26 -0400] "GET /shopdetail/yq/bitterness66817910.shtml HTTP/1.1" 200 31110 "-" "Mozilla/5.0 AppleWebKit/537.36 (KHTML, like Gecko; compatible; bingbot/2.0; +http://www.bing.com/bingbot.htm) Chrome/116.0.1938.76 Safari/537.36"
66.249.77.40 - - [13/Apr/2025:09:53:33 -0400] "GET /items/coc/fustiness/14944802.shtml HTTP/1.1" 200 26626 "-" "Mozilla/5.0 (Linux; Android 6.0.1; Nexus 5X Build/MMB29P) AppleWebKit/537.36 (KHTML, like Gecko) Chrome/135.0.7049.52 Mobile Safari/537.36 (compatible; GoogleOther)"
52.167.144.186 - - [13/Apr/2025:09:53:37 -0400] "GET /shopping/pumped/55098892.shtml HTTP/1.1" 200 27684 "-" "Mozilla/5.0 AppleWebKit/537.36 (KHTML, like Gecko; compatible; bingbot/2.0; +http://www.bing.com/bingbot.htm) Chrome/116.0.1938.76 Safari/537.36"
66.249.77.40 - - [13/Apr/2025:09:53:44 -0400] "GET /special/z/moped119421724.shtml HTTP/1.1" 200 25488 "-" "Mozilla/5.0 (Linux; Android 6.0.1; Nexus 5X Build/MMB29P) AppleWebKit/537.36 (KHTML, like Gecko) Chrome/135.0.7049.52 Mobile Safari/537.36 (compatible; Googlebot/2.1; +http://www.google.com/bot.html)"
66.249.77.40 - - [13/Apr/2025:09:53:46 -0400] "GET /products/a/forestall/47339926.shtml HTTP/1.1" 200 26039 "-" "Mozilla/5.0 (Linux; Android 6.0.1; Nexus 5X Build/MMB29P) AppleWebKit/537.36 (KHTML, like Gecko) Chrome/135.0.7049.52 Mobile Safari/537.36 (compatible; Googlebot/2.1; +http://www.google.com/bot.html)"
40.77.167.154 - - [13/Apr/2025:09:53:48 -0400] "GET /entity27861986.shtml HTTP/1.1" 200 29040 "-" "Mozilla/5.0 AppleWebKit/537.36 (KHTML, like Gecko; compatible; bingbot/2.0; +http://www.bing.com/bingbot.htm) Chrome/116.0.1938.76 Safari/537.36"
