3.15.158.138 - - [13/Apr/2025:13:04:11 -0400] "GET /ad917/?path=%2Fhome%2F..%2Flib%2F.build-id%2F0c HTTP/1.1" 200 2776 "-" "Mozilla/5.0 AppleWebKit/537.36 (KHTML, like Gecko; compatible; ClaudeBot/1.0; +claudebot@anthropic.com)"
3.15.158.138 - - [13/Apr/2025:13:04:14 -0400] "GET /ad917/?path=%2Fhome%2F..%2Flib%2F.build-id%2F49 HTTP/1.1" 200 2513 "-" "Mozilla/5.0 AppleWebKit/537.36 (KHTML, like Gecko; compatible; ClaudeBot/1.0; +claudebot@anthropic.com)"
40.77.167.7 - - [13/Apr/2025:13:04:14 -0400] "GET /product/bulau/2660426.shtml HTTP/1.1" 200 30672 "-" "Mozilla/5.0 AppleWebKit/537.36 (KHTML, like Gecko; compatible; bingbot/2.0; +http://www.bing.com/bingbot.htm) Chrome/116.0.1938.76 Safari/537.36"
3.15.158.138 - - [13/Apr/2025:13:04:17 -0400] "GET /ad917/?path=%2Fhome%2F..%2Flib%2F.build-id%2Fea HTTP/1.1" 200 2889 "-" "Mozilla/5.0 AppleWebKit/537.36 (KHTML, like Gecko; compatible; ClaudeBot/1.0; +claudebot@anthropic.com)"
3.15.158.138 - - [13/Apr/2025:13:04:20 -0400] "GET /ad917/?path=%2Fhome%2F..%2Flib%2F.build-id%2Fd2 HTTP/1.1" 200 2474 "-" "Mozilla/5.0 AppleWebKit/537.36 (KHTML, like Gecko; compatible; ClaudeBot/1.0; +claudebot@anthropic.com)"
66.249.77.42 - - [13/Apr/2025:13:04:20 -0400] "GET /detail/xim/raasch/92406716.shtml HTTP/1.1" 200 26653 "-" "Mozilla/5.0 (Linux; Android 6.0.1; Nexus 5X Build/MMB29P) AppleWebKit/537.36 (KHTML, like Gecko) Chrome/135.0.7049.52 Mobile Safari/537.36 (compatible; GoogleOther)"
3.15.158.138 - - [13/Apr/2025:13:04:23 -0400] "GET /ad917/?path=%2Fhome%2F..%2Flib%2F.build-id%2F5b HTTP/1.1" 200 2395 "-" "Mozilla/5.0 AppleWebKit/537.36 (KHTML, like Gecko; compatible; ClaudeBot/1.0; +claudebot@anthropic.com)"
40.77.167.156 - - [13/Apr/2025:13:04:24 -0400] "GET /product/65754928.shtml HTTP/1.1" 200 27231 "-" "Mozilla/5.0 AppleWebKit/537.36 (KHTML, like Gecko; compatible; bingbot/2.0; +http://www.bing.com/bingbot.htm) Chrome/116.0.1938.76 Safari/537.36"
3.15.158.138 - - [13/Apr/2025:13:04:26 -0400] "GET /ad917/?path=%2Fhome%2F..%2Flib%2F.build-id%2F32 HTTP/1.1" 200 2403 "-" "Mozilla/5.0 AppleWebKit/537.36 (KHTML, like Gecko; compatible; ClaudeBot/1.0; +claudebot@anthropic.com)"
40.77.167.55 - - [13/Apr/2025:13:04:28 -0400] "GET /special/vivax/97861928.shtml HTTP/1.1" 200 27484 "-" "Mozilla/5.0 AppleWebKit/537.36 (KHTML, like Gecko; compatible; bingbot/2.0; +http://www.bing.com/bingbot.htm) Chrome/116.0.1938.76 Safari/537.36"
3.15.158.138 - - [13/Apr/2025:13:04:29 -0400] "GET /ad917/?path=%2Fhome%2F..%2Flib%2F.build-id%2F1f HTTP/1.1" 200 2475 "-" "Mozilla/5.0 AppleWebKit/537.36 (KHTML, like Gecko; compatible; ClaudeBot/1.0; +claudebot@anthropic.com)"
157.55.39.16 - - [13/Apr/2025:13:04:29 -0400] "GET /special/imagined/96977140.shtml HTTP/1.1" 200 28322 "-" "Mozilla/5.0 AppleWebKit/537.36 (KHTML, like Gecko; compatible; bingbot/2.0; +http://www.bing.com/bingbot.htm) Chrome/116.0.1938.76 Safari/537.36"
3.15.158.138 - - [13/Apr/2025:13:04:32 -0400] "GET /ad917/?path=%2Fhome%2F..%2Flib%2F.build-id%2F52 HTTP/1.1" 200 2594 "-" "Mozilla/5.0 AppleWebKit/537.36 (KHTML, like Gecko; compatible; ClaudeBot/1.0; +claudebot@anthropic.com)"
66.249.77.41 - - [13/Apr/2025:13:04:31 -0400] "GET /shopdetail/xw/gynandromorph59247028.shtml HTTP/1.1" 200 28284 "-" "Mozilla/5.0 (Linux; Android 6.0.1; Nexus 5X Build/MMB29P) AppleWebKit/537.36 (KHTML, like Gecko) Chrome/135.0.7049.52 Mobile Safari/537.36 (compatible; GoogleOther)"
207.46.13.64 - - [13/Apr/2025:13:04:33 -0400] "GET /products36053534.shtml HTTP/1.1" 200 26025 "-" "Mozilla/5.0 AppleWebKit/537.36 (KHTML, like Gecko; compatible; bingbot/2.0; +http://www.bing.com/bingbot.htm) Chrome/116.0.1938.76 Safari/537.36"
3.15.158.138 - - [13/Apr/2025:13:04:35 -0400] "GET /ad917/?path=%2Fhome%2F..%2Flib%2F.build-id%2F0e HTTP/1.1" 200 2563 "-" "Mozilla/5.0 AppleWebKit/537.36 (KHTML, like Gecko; compatible; ClaudeBot/1.0; +claudebot@anthropic.com)"
40.77.167.7 - - [13/Apr/2025:13:04:34 -0400] "GET /shopping85282790.shtml HTTP/1.1" 200 26071 "-" "Mozilla/5.0 AppleWebKit/537.36 (KHTML, like Gecko; compatible; bingbot/2.0; +http://www.bing.com/bingbot.htm) Chrome/116.0.1938.76 Safari/537.36"
3.15.158.138 - - [13/Apr/2025:13:04:38 -0400] "GET /ad917/?path=%2Fhome%2F..%2Flib%2F.build-id%2F27 HTTP/1.1" 200 2608 "-" "Mozilla/5.0 AppleWebKit/537.36 (KHTML, like Gecko; compatible; ClaudeBot/1.0; +claudebot@anthropic.com)"
3.15.158.138 - - [13/Apr/2025:13:04:41 -0400] "GET /ad917/?path=%2Fhome%2F..%2Flib%2F.build-id%2F48 HTTP/1.1" 200 2463 "-" "Mozilla/5.0 AppleWebKit/537.36 (KHTML, like Gecko; compatible; ClaudeBot/1.0; +claudebot@anthropic.com)"
3.15.158.138 - - [13/Apr/2025:13:04:44 -0400] "GET /ad917/?path=%2Fhome%2F..%2Flib%2F.build-id%2Ffd HTTP/1.1" 200 2504 "-" "Mozilla/5.0 AppleWebKit/537.36 (KHTML, like Gecko; compatible; ClaudeBot/1.0; +claudebot@anthropic.com)"
3.15.158.138 - - [13/Apr/2025:13:04:47 -0400] "GET /ad917/?path=%2Fhome%2F..%2Flib%2F.build-id%2F35 HTTP/1.1" 200 2992 "-" "Mozilla/5.0 AppleWebKit/537.36 (KHTML, like Gecko; compatible; ClaudeBot/1.0; +claudebot@anthropic.com)"
66.249.77.40 - - [13/Apr/2025:13:04:48 -0400] "GET /goodscode/ei/blepharitic25144166.shtml HTTP/1.1" 200 29960 "-" "Mozilla/5.0 (Linux; Android 6.0.1; Nexus 5X Build/MMB29P) AppleWebKit/537.36 (KHTML, like Gecko) Chrome/135.0.7049.52 Mobile Safari/537.36 (compatible; GoogleOther)"
3.15.158.138 - - [13/Apr/2025:13:04:50 -0400] "GET /ad917/?path=%2Fhome%2F..%2Flib%2F.build-id%2F3d HTTP/1.1" 200 2836 "-" "Mozilla/5.0 AppleWebKit/537.36 (KHTML, like Gecko; compatible; ClaudeBot/1.0; +claudebot@anthropic.com)"
3.15.158.138 - - [13/Apr/2025:13:04:53 -0400] "GET /ad917/?path=%2Fhome%2F..%2Flib%2F.build-id%2Fed HTTP/1.1" 200 2169 "-" "Mozilla/5.0 AppleWebKit/537.36 (KHTML, like Gecko; compatible; ClaudeBot/1.0; +claudebot@anthropic.com)"
3.15.158.138 - - [13/Apr/2025:13:04:56 -0400] "GET /ad917/?path=%2Fhome%2F..%2Flib%2F.build-id%2Fbb HTTP/1.1" 200 2496 "-" "Mozilla/5.0 AppleWebKit/537.36 (KHTML, like Gecko; compatible; ClaudeBot/1.0; +claudebot@anthropic.com)"
40.77.167.55 - - [13/Apr/2025:13:04:56 -0400] "GET /items/cc/generable106324454.shtml HTTP/1.1" 200 27804 "-" "Mozilla/5.0 AppleWebKit/537.36 (KHTML, like Gecko; compatible; bingbot/2.0; +http://www.bing.com/bingbot.htm) Chrome/116.0.1938.76 Safari/537.36"
3.15.158.138 - - [13/Apr/2025:13:04:59 -0400] "GET /ad917/?path=%2Fhome%2F..%2Flib%2F.build-id%2F68 HTTP/1.1" 200 2914 "-" "Mozilla/5.0 AppleWebKit/537.36 (KHTML, like Gecko; compatible; ClaudeBot/1.0; +claudebot@anthropic.com)"
3.15.158.138 - - [13/Apr/2025:13:05:02 -0400] "GET /ad917/?path=%2Fhome%2F..%2Flib%2F.build-id%2Fe5 HTTP/1.1" 200 2464 "-" "Mozilla/5.0 AppleWebKit/537.36 (KHTML, like Gecko; compatible; ClaudeBot/1.0; +claudebot@anthropic.com)"
3.15.158.138 - - [13/Apr/2025:13:05:05 -0400] "GET /ad917/?path=%2Fhome%2F..%2Flib%2F.build-id%2Fac HTTP/1.1" 200 2658 "-" "Mozilla/5.0 AppleWebKit/537.36 (KHTML, like Gecko; compatible; ClaudeBot/1.0; +claudebot@anthropic.com)"
3.15.158.138 - - [13/Apr/2025:13:05:08 -0400] "GET /ad917/?path=%2Fhome%2F..%2Flib%2F.build-id%2F09 HTTP/1.1" 200 2460 "-" "Mozilla/5.0 AppleWebKit/537.36 (KHTML, like Gecko; compatible; ClaudeBot/1.0; +claudebot@anthropic.com)"
66.249.77.40 - - [13/Apr/2025:13:05:08 -0400] "GET /items/q/wellliking23920554.shtml HTTP/1.1" 200 26426 "-" "Mozilla/5.0 (Linux; Android 6.0.1; Nexus 5X Build/MMB29P) AppleWebKit/537.36 (KHTML, like Gecko) Chrome/135.0.7049.52 Mobile Safari/537.36 (compatible; GoogleOther)"
3.15.158.138 - - [13/Apr/2025:13:05:11 -0400] "GET /ad917/?path=%2Fhome%2F..%2Flib%2F.build-id%2Fc2 HTTP/1.1" 200 2701 "-" "Mozilla/5.0 AppleWebKit/537.36 (KHTML, like Gecko; compatible; ClaudeBot/1.0; +claudebot@anthropic.com)"
3.15.158.138 - - [13/Apr/2025:13:05:14 -0400] "GET /ad917/?path=%2Fhome%2F..%2Flib%2F.build-id%2F02 HTTP/1.1" 200 2468 "-" "Mozilla/5.0 AppleWebKit/537.36 (KHTML, like Gecko; compatible; ClaudeBot/1.0; +claudebot@anthropic.com)"
40.77.167.55 - - [13/Apr/2025:13:05:26 -0400] "GET /special/98620280.shtml HTTP/1.1" 200 27349 "-" "Mozilla/5.0 AppleWebKit/537.36 (KHTML, like Gecko; compatible; bingbot/2.0; +http://www.bing.com/bingbot.htm) Chrome/116.0.1938.76 Safari/537.36"
157.55.39.56 - - [13/Apr/2025:13:05:30 -0400] "GET /product/66862132.shtml HTTP/1.1" 200 26149 "-" "Mozilla/5.0 AppleWebKit/537.36 (KHTML, like Gecko; compatible; bingbot/2.0; +http://www.bing.com/bingbot.htm) Chrome/116.0.1938.76 Safari/537.36"
40.77.167.156 - - [13/Apr/2025:13:05:36 -0400] "GET /info/59755710.shtml HTTP/1.1" 200 28013 "-" "Mozilla/5.0 AppleWebKit/537.36 (KHTML, like Gecko; compatible; bingbot/2.0; +http://www.bing.com/bingbot.htm) Chrome/116.0.1938.76 Safari/537.36"
157.55.39.56 - - [13/Apr/2025:13:05:40 -0400] "GET /detail/guarea107724686.shtml HTTP/1.1" 200 25429 "-" "Mozilla/5.0 AppleWebKit/537.36 (KHTML, like Gecko; compatible; bingbot/2.0; +http://www.bing.com/bingbot.htm) Chrome/116.0.1938.76 Safari/537.36"
40.77.167.55 - - [13/Apr/2025:13:05:45 -0400] "GET /detail/agnation/21098596.shtml HTTP/1.1" 200 27115 "-" "Mozilla/5.0 AppleWebKit/537.36 (KHTML, like Gecko; compatible; bingbot/2.0; +http://www.bing.com/bingbot.htm) Chrome/116.0.1938.76 Safari/537.36"
40.77.167.156 - - [13/Apr/2025:13:05:55 -0400] "GET /info106709358.shtml HTTP/1.1" 200 28409 "-" "Mozilla/5.0 AppleWebKit/537.36 (KHTML, like Gecko; compatible; bingbot/2.0; +http://www.bing.com/bingbot.htm) Chrome/116.0.1938.76 Safari/537.36"
207.46.13.126 - - [13/Apr/2025:13:05:57 -0400] "GET /shopping45127572.shtml HTTP/1.1" 200 27025 "-" "Mozilla/5.0 AppleWebKit/537.36 (KHTML, like Gecko; compatible; bingbot/2.0; +http://www.bing.com/bingbot.htm) Chrome/116.0.1938.76 Safari/537.36"
40.77.167.55 - - [13/Apr/2025:13:06:00 -0400] "GET /info14732718.shtml HTTP/1.1" 200 27274 "-" "Mozilla/5.0 AppleWebKit/537.36 (KHTML, like Gecko; compatible; bingbot/2.0; +http://www.bing.com/bingbot.htm) Chrome/116.0.1938.76 Safari/537.36"
40.77.167.55 - - [13/Apr/2025:13:06:01 -0400] "GET /detail/graced/86212224.shtml HTTP/1.1" 200 25580 "-" "Mozilla/5.0 AppleWebKit/537.36 (KHTML, like Gecko; compatible; bingbot/2.0; +http://www.bing.com/bingbot.htm) Chrome/116.0.1938.76 Safari/537.36"
40.77.167.156 - - [13/Apr/2025:13:06:05 -0400] "GET /entity/xxm/artefactual31499324.shtml HTTP/1.1" 200 25807 "-" "Mozilla/5.0 AppleWebKit/537.36 (KHTML, like Gecko; compatible; bingbot/2.0; +http://www.bing.com/bingbot.htm) Chrome/116.0.1938.76 Safari/537.36"
157.55.39.56 - - [13/Apr/2025:13:06:10 -0400] "GET /product/c/godlikeness/9699862.shtml HTTP/1.1" 200 27721 "-" "Mozilla/5.0 AppleWebKit/537.36 (KHTML, like Gecko; compatible; bingbot/2.0; +http://www.bing.com/bingbot.htm) Chrome/116.0.1938.76 Safari/537.36"
40.77.167.55 - - [13/Apr/2025:13:06:17 -0400] "GET /detail18522484.shtml HTTP/1.1" 200 28068 "-" "Mozilla/5.0 AppleWebKit/537.36 (KHTML, like Gecko; compatible; bingbot/2.0; +http://www.bing.com/bingbot.htm) Chrome/116.0.1938.76 Safari/537.36"
40.77.167.55 - - [13/Apr/2025:13:06:21 -0400] "GET /product94411628.shtml HTTP/1.1" 200 28657 "-" "Mozilla/5.0 AppleWebKit/537.36 (KHTML, like Gecko; compatible; bingbot/2.0; +http://www.bing.com/bingbot.htm) Chrome/116.0.1938.76 Safari/537.36"
207.46.13.126 - - [13/Apr/2025:13:06:25 -0400] "GET /items52692864.shtml HTTP/1.1" 200 27153 "-" "Mozilla/5.0 AppleWebKit/537.36 (KHTML, like Gecko; compatible; bingbot/2.0; +http://www.bing.com/bingbot.htm) Chrome/116.0.1938.76 Safari/537.36"
40.77.167.55 - - [13/Apr/2025:13:06:27 -0400] "GET /item/lc/ulcerous64548200.shtml HTTP/1.1" 200 27976 "-" "Mozilla/5.0 AppleWebKit/537.36 (KHTML, like Gecko; compatible; bingbot/2.0; +http://www.bing.com/bingbot.htm) Chrome/116.0.1938.76 Safari/537.36"
40.77.167.55 - - [13/Apr/2025:13:06:29 -0400] "GET /products83301770.shtml HTTP/1.1" 200 26695 "-" "Mozilla/5.0 AppleWebKit/537.36 (KHTML, like Gecko; compatible; bingbot/2.0; +http://www.bing.com/bingbot.htm) Chrome/116.0.1938.76 Safari/537.36"
18.222.28.236 - - [13/Apr/2025:13:06:31 -0400] "GET /ad917/?path=%2Fhome%2F..%2Flib%2F.build-id%2Fe2 HTTP/1.1" 200 2524 "-" "Mozilla/5.0 AppleWebKit/537.36 (KHTML, like Gecko; compatible; ClaudeBot/1.0; +claudebot@anthropic.com)"
40.77.167.55 - - [13/Apr/2025:13:06:32 -0400] "GET /detail/woodsare117959982.shtml HTTP/1.1" 200 29112 "-" "Mozilla/5.0 AppleWebKit/537.36 (KHTML, like Gecko; compatible; bingbot/2.0; +http://www.bing.com/bingbot.htm) Chrome/116.0.1938.76 Safari/537.36"
18.222.28.236 - - [13/Apr/2025:13:06:34 -0400] "GET /ad917/?path=%2Fhome%2F..%2Flib%2F.build-id%2Fa5 HTTP/1.1" 200 2502 "-" "Mozilla/5.0 AppleWebKit/537.36 (KHTML, like Gecko; compatible; ClaudeBot/1.0; +claudebot@anthropic.com)"
18.222.28.236 - - [13/Apr/2025:13:06:37 -0400] "GET /ad917/?path=%2Fhome%2F..%2Flib%2F.build-id%2F8e HTTP/1.1" 200 2582 "-" "Mozilla/5.0 AppleWebKit/537.36 (KHTML, like Gecko; compatible; ClaudeBot/1.0; +claudebot@anthropic.com)"
18.222.28.236 - - [13/Apr/2025:13:06:40 -0400] "GET /ad917/?path=%2Fhome%2F..%2Flib%2F.build-id%2F3f HTTP/1.1" 200 2703 "-" "Mozilla/5.0 AppleWebKit/537.36 (KHTML, like Gecko; compatible; ClaudeBot/1.0; +claudebot@anthropic.com)"
18.222.28.236 - - [13/Apr/2025:13:06:43 -0400] "GET /ad917/?path=%2Fhome%2F..%2Flib%2F.build-id%2Fbc HTTP/1.1" 200 2609 "-" "Mozilla/5.0 AppleWebKit/537.36 (KHTML, like Gecko; compatible; ClaudeBot/1.0; +claudebot@anthropic.com)"
52.167.144.204 - - [13/Apr/2025:13:06:43 -0400] "GET /item25078300.shtml HTTP/1.1" 200 27303 "-" "Mozilla/5.0 AppleWebKit/537.36 (KHTML, like Gecko; compatible; bingbot/2.0; +http://www.bing.com/bingbot.htm) Chrome/116.0.1938.76 Safari/537.36"
18.222.28.236 - - [13/Apr/2025:13:06:46 -0400] "GET /ad917/?path=%2Fhome%2F..%2Flib%2F.build-id%2F66 HTTP/1.1" 200 3153 "-" "Mozilla/5.0 AppleWebKit/537.36 (KHTML, like Gecko; compatible; ClaudeBot/1.0; +claudebot@anthropic.com)"
18.222.28.236 - - [13/Apr/2025:13:06:49 -0400] "GET /ad917/?path=%2Fhome%2F..%2Flib%2F.build-id%2F50 HTTP/1.1" 200 2573 "-" "Mozilla/5.0 AppleWebKit/537.36 (KHTML, like Gecko; compatible; ClaudeBot/1.0; +claudebot@anthropic.com)"
18.222.28.236 - - [13/Apr/2025:13:06:52 -0400] "GET /ad917/?path=%2Fhome%2F..%2Flib%2F.build-id%2Fe1 HTTP/1.1" 200 2529 "-" "Mozilla/5.0 AppleWebKit/537.36 (KHTML, like Gecko; compatible; ClaudeBot/1.0; +claudebot@anthropic.com)"
52.167.144.204 - - [13/Apr/2025:13:06:53 -0400] "GET /info/zs/acoustically/51913256.shtml HTTP/1.1" 200 26859 "-" "Mozilla/5.0 AppleWebKit/537.36 (KHTML, like Gecko; compatible; bingbot/2.0; +http://www.bing.com/bingbot.htm) Chrome/116.0.1938.76 Safari/537.36"
40.77.167.156 - - [13/Apr/2025:13:06:54 -0400] "GET /product/metazoic36350290.shtml HTTP/1.1" 200 28610 "-" "Mozilla/5.0 AppleWebKit/537.36 (KHTML, like Gecko; compatible; bingbot/2.0; +http://www.bing.com/bingbot.htm) Chrome/116.0.1938.76 Safari/537.36"
18.222.28.236 - - [13/Apr/2025:13:06:55 -0400] "GET /ad917/?path=%2Fhome%2F..%2Flib%2F.build-id%2F3a HTTP/1.1" 200 2662 "-" "Mozilla/5.0 AppleWebKit/537.36 (KHTML, like Gecko; compatible; ClaudeBot/1.0; +claudebot@anthropic.com)"
18.222.28.236 - - [13/Apr/2025:13:06:58 -0400] "GET /ad917/?path=%2Fhome%2F..%2Flib%2F.build-id%2Fcf HTTP/1.1" 200 2644 "-" "Mozilla/5.0 AppleWebKit/537.36 (KHTML, like Gecko; compatible; ClaudeBot/1.0; +claudebot@anthropic.com)"
52.167.144.204 - - [13/Apr/2025:13:06:58 -0400] "GET /goods/39805862.shtml HTTP/1.1" 200 26436 "-" "Mozilla/5.0 AppleWebKit/537.36 (KHTML, like Gecko; compatible; bingbot/2.0; +http://www.bing.com/bingbot.htm) Chrome/116.0.1938.76 Safari/537.36"
18.222.28.236 - - [13/Apr/2025:13:07:01 -0400] "GET /ad917/?path=%2Fhome%2F..%2Flib64%2Fgtk-2.0%2F.. HTTP/1.1" 200 43263 "-" "Mozilla/5.0 AppleWebKit/537.36 (KHTML, like Gecko; compatible; ClaudeBot/1.0; +claudebot@anthropic.com)"
18.222.28.236 - - [13/Apr/2025:13:07:04 -0400] "GET /ad917/?path=%2Fhome%2F..%2Flib%2F.build-id%2Fcc HTTP/1.1" 200 2393 "-" "Mozilla/5.0 AppleWebKit/537.36 (KHTML, like Gecko; compatible; ClaudeBot/1.0; +claudebot@anthropic.com)"
18.222.28.236 - - [13/Apr/2025:13:07:07 -0400] "GET /ad917/?path=%2Fhome%2F..%2Flib%2F.build-id%2F2b HTTP/1.1" 200 2506 "-" "Mozilla/5.0 AppleWebKit/537.36 (KHTML, like Gecko; compatible; ClaudeBot/1.0; +claudebot@anthropic.com)"
18.222.28.236 - - [13/Apr/2025:13:07:10 -0400] "GET /ad917/?path=%2Fhome%2F..%2Flib%2F.build-id%2Fee HTTP/1.1" 200 2614 "-" "Mozilla/5.0 AppleWebKit/537.36 (KHTML, like Gecko; compatible; ClaudeBot/1.0; +claudebot@anthropic.com)"
18.222.28.236 - - [13/Apr/2025:13:07:13 -0400] "GET /ad917/?path=%2Fhome%2F..%2Flib%2F.build-id%2F22 HTTP/1.1" 200 2412 "-" "Mozilla/5.0 AppleWebKit/537.36 (KHTML, like Gecko; compatible; ClaudeBot/1.0; +claudebot@anthropic.com)"
52.167.144.204 - - [13/Apr/2025:13:07:13 -0400] "GET /special122376304.shtml HTTP/1.1" 200 29197 "-" "Mozilla/5.0 AppleWebKit/537.36 (KHTML, like Gecko; compatible; bingbot/2.0; +http://www.bing.com/bingbot.htm) Chrome/116.0.1938.76 Safari/537.36"
18.222.28.236 - - [13/Apr/2025:13:07:16 -0400] "GET /ad917/?path=%2Fhome%2F..%2Flib%2F.build-id%2Fb6 HTTP/1.1" 200 2696 "-" "Mozilla/5.0 AppleWebKit/537.36 (KHTML, like Gecko; compatible; ClaudeBot/1.0; +claudebot@anthropic.com)"
52.167.144.204 - - [13/Apr/2025:13:07:16 -0400] "GET /item/v/brazilwoodbrazil53185252.shtml HTTP/1.1" 200 26815 "-" "Mozilla/5.0 AppleWebKit/537.36 (KHTML, like Gecko; compatible; bingbot/2.0; +http://www.bing.com/bingbot.htm) Chrome/116.0.1938.76 Safari/537.36"
157.55.39.56 - - [13/Apr/2025:13:07:16 -0400] "GET /items19808522.shtml HTTP/1.1" 200 27136 "-" "Mozilla/5.0 AppleWebKit/537.36 (KHTML, like Gecko; compatible; bingbot/2.0; +http://www.bing.com/bingbot.htm) Chrome/116.0.1938.76 Safari/537.36"
18.222.28.236 - - [13/Apr/2025:13:07:19 -0400] "GET /ad917/?path=%2Fhome%2F..%2Flib%2F.build-id%2Fca HTTP/1.1" 200 2240 "-" "Mozilla/5.0 AppleWebKit/537.36 (KHTML, like Gecko; compatible; ClaudeBot/1.0; +claudebot@anthropic.com)"
18.222.28.236 - - [13/Apr/2025:13:07:22 -0400] "GET /ad917/?path=%2Fhome%2F..%2Flib%2F.build-id%2F7e HTTP/1.1" 200 2726 "-" "Mozilla/5.0 AppleWebKit/537.36 (KHTML, like Gecko; compatible; ClaudeBot/1.0; +claudebot@anthropic.com)"
18.222.28.236 - - [13/Apr/2025:13:07:25 -0400] "GET /ad917/?path=%2Fhome%2F..%2Flib%2F.build-id%2F72 HTTP/1.1" 200 2677 "-" "Mozilla/5.0 AppleWebKit/537.36 (KHTML, like Gecko; compatible; ClaudeBot/1.0; +claudebot@anthropic.com)"
157.55.39.56 - - [13/Apr/2025:13:07:27 -0400] "GET /entity/underheave115779736.shtml HTTP/1.1" 200 25848 "-" "Mozilla/5.0 AppleWebKit/537.36 (KHTML, like Gecko; compatible; bingbot/2.0; +http://www.bing.com/bingbot.htm) Chrome/116.0.1938.76 Safari/537.36"
18.222.28.236 - - [13/Apr/2025:13:07:28 -0400] "GET /ad917/?path=%2Fhome%2F..%2Flib%2F.build-id%2Fd3 HTTP/1.1" 200 2363 "-" "Mozilla/5.0 AppleWebKit/537.36 (KHTML, like Gecko; compatible; ClaudeBot/1.0; +claudebot@anthropic.com)"
18.222.28.236 - - [13/Apr/2025:13:07:31 -0400] "GET /ad917/?path=%2Fhome%2F..%2Flib%2F.build-id%2F6d HTTP/1.1" 200 2444 "-" "Mozilla/5.0 AppleWebKit/537.36 (KHTML, like Gecko; compatible; ClaudeBot/1.0; +claudebot@anthropic.com)"
40.77.167.55 - - [13/Apr/2025:13:07:31 -0400] "GET /detail95661800.shtml HTTP/1.1" 200 28906 "-" "Mozilla/5.0 AppleWebKit/537.36 (KHTML, like Gecko; compatible; bingbot/2.0; +http://www.bing.com/bingbot.htm) Chrome/116.0.1938.76 Safari/537.36"
40.77.167.7 - - [13/Apr/2025:13:07:33 -0400] "GET /goodscode/51907090.shtml HTTP/1.1" 200 28371 "-" "Mozilla/5.0 AppleWebKit/537.36 (KHTML, like Gecko; compatible; bingbot/2.0; +http://www.bing.com/bingbot.htm) Chrome/116.0.1938.76 Safari/537.36"
18.222.28.236 - - [13/Apr/2025:13:07:34 -0400] "GET /ad917/?path=%2Fhome%2F..%2Flib%2F.build-id%2Fbd HTTP/1.1" 200 2560 "-" "Mozilla/5.0 AppleWebKit/537.36 (KHTML, like Gecko; compatible; ClaudeBot/1.0; +claudebot@anthropic.com)"
40.77.167.156 - - [13/Apr/2025:13:07:36 -0400] "GET /goodscode/pleurostea90252146.shtml HTTP/1.1" 200 26948 "-" "Mozilla/5.0 AppleWebKit/537.36 (KHTML, like Gecko; compatible; bingbot/2.0; +http://www.bing.com/bingbot.htm) Chrome/116.0.1938.76 Safari/537.36"
40.77.167.7 - - [13/Apr/2025:13:07:37 -0400] "GET /products/47276628.shtml HTTP/1.1" 200 27000 "-" "Mozilla/5.0 AppleWebKit/537.36 (KHTML, like Gecko; compatible; bingbot/2.0; +http://www.bing.com/bingbot.htm) Chrome/116.0.1938.76 Safari/537.36"
18.222.28.236 - - [13/Apr/2025:13:07:37 -0400] "GET /ad917/?path=%2Fhome%2F..%2Flib%2F.build-id%2Fc3 HTTP/1.1" 200 2530 "-" "Mozilla/5.0 AppleWebKit/537.36 (KHTML, like Gecko; compatible; ClaudeBot/1.0; +claudebot@anthropic.com)"
66.249.77.41 - - [13/Apr/2025:13:07:44 -0400] "GET /detail/dic/shoved/70364868.shtml HTTP/1.1" 200 26230 "-" "Mozilla/5.0 (Linux; Android 6.0.1; Nexus 5X Build/MMB29P) AppleWebKit/537.36 (KHTML, like Gecko) Chrome/135.0.7049.52 Mobile Safari/537.36 (compatible; GoogleOther)"
207.46.13.126 - - [13/Apr/2025:13:07:48 -0400] "GET /product/rubific61725064.shtml HTTP/1.1" 200 25571 "-" "Mozilla/5.0 AppleWebKit/537.36 (KHTML, like Gecko; compatible; bingbot/2.0; +http://www.bing.com/bingbot.htm) Chrome/116.0.1938.76 Safari/537.36"
40.77.167.7 - - [13/Apr/2025:13:08:04 -0400] "GET /shopping/29915218.shtml HTTP/1.1" 200 27458 "-" "Mozilla/5.0 AppleWebKit/537.36 (KHTML, like Gecko; compatible; bingbot/2.0; +http://www.bing.com/bingbot.htm) Chrome/116.0.1938.76 Safari/537.36"
157.55.39.56 - - [13/Apr/2025:13:08:08 -0400] "GET /goodscode/10544414.shtml HTTP/1.1" 200 26920 "-" "Mozilla/5.0 AppleWebKit/537.36 (KHTML, like Gecko; compatible; bingbot/2.0; +http://www.bing.com/bingbot.htm) Chrome/116.0.1938.76 Safari/537.36"
66.249.77.41 - - [13/Apr/2025:13:08:09 -0400] "GET /shopdetail/u/selachii41073842.shtml HTTP/1.1" 200 26793 "-" "Mozilla/5.0 (Linux; Android 6.0.1; Nexus 5X Build/MMB29P) AppleWebKit/537.36 (KHTML, like Gecko) Chrome/135.0.7049.52 Mobile Safari/537.36 (compatible; GoogleOther)"
198.54.116.86 - - [13/Apr/2025:13:08:12 -0400] "POST /wp-cron.php?doing_wp_cron=1744564092.6799299716949462890625 HTTP/1.1" 200 0 "-" "WordPress/6.7.2; https://servethepeopleinc.org"
141.95.54.193 - - [13/Apr/2025:13:08:12 -0400] "POST /xmlrpc.php HTTP/1.1" 200 210 "-" "Mozilla/5.0 (Windows NT 10.0; Win64; x64; rv:99.0) Gecko/20100101 Firefox/99.0"
198.54.116.86 - - [13/Apr/2025:13:08:12 -0400] "POST /wp-admin/admin-ajax.php?action=async_litespeed&nonce=TMR3PdcI88qgYCR22RyMR2X2bvkFMzOa&litespeed_type=imgoptm HTTP/1.1" 200 21 "-" "WordPress/6.7.2; https://servethepeopleinc.org"
157.55.39.56 - - [13/Apr/2025:13:08:13 -0400] "GET /product/36421324.shtml HTTP/1.1" 200 26272 "-" "Mozilla/5.0 AppleWebKit/537.36 (KHTML, like Gecko; compatible; bingbot/2.0; +http://www.bing.com/bingbot.htm) Chrome/116.0.1938.76 Safari/537.36"
40.77.167.156 - - [13/Apr/2025:13:08:18 -0400] "GET /items/11447852.shtml HTTP/1.1" 200 24992 "-" "Mozilla/5.0 AppleWebKit/537.36 (KHTML, like Gecko; compatible; bingbot/2.0; +http://www.bing.com/bingbot.htm) Chrome/116.0.1938.76 Safari/537.36"
40.77.167.156 - - [13/Apr/2025:13:08:24 -0400] "GET /detail/rvu/chevvy114730220.shtml HTTP/1.1" 200 26129 "-" "Mozilla/5.0 AppleWebKit/537.36 (KHTML, like Gecko; compatible; bingbot/2.0; +http://www.bing.com/bingbot.htm) Chrome/116.0.1938.76 Safari/537.36"
40.77.167.7 - - [13/Apr/2025:13:08:24 -0400] "GET /special/am/brothersinlaw29192058.shtml HTTP/1.1" 200 26375 "-" "Mozilla/5.0 AppleWebKit/537.36 (KHTML, like Gecko; compatible; bingbot/2.0; +http://www.bing.com/bingbot.htm) Chrome/116.0.1938.76 Safari/537.36"
40.77.167.55 - - [13/Apr/2025:13:08:29 -0400] "GET /goodscode/py/dodecane88375792.shtml HTTP/1.1" 200 27249 "-" "Mozilla/5.0 AppleWebKit/537.36 (KHTML, like Gecko; compatible; bingbot/2.0; +http://www.bing.com/bingbot.htm) Chrome/116.0.1938.76 Safari/537.36"
40.77.167.156 - - [13/Apr/2025:13:08:36 -0400] "GET /info92929662.shtml HTTP/1.1" 200 27486 "-" "Mozilla/5.0 AppleWebKit/537.36 (KHTML, like Gecko; compatible; bingbot/2.0; +http://www.bing.com/bingbot.htm) Chrome/116.0.1938.76 Safari/537.36"
157.55.39.56 - - [13/Apr/2025:13:08:38 -0400] "GET /shopdetail/epithalamy/1446270.shtml HTTP/1.1" 200 26404 "-" "Mozilla/5.0 AppleWebKit/537.36 (KHTML, like Gecko; compatible; bingbot/2.0; +http://www.bing.com/bingbot.htm) Chrome/116.0.1938.76 Safari/537.36"
40.77.167.7 - - [13/Apr/2025:13:08:43 -0400] "GET /product/vedette/51909438.shtml HTTP/1.1" 200 27713 "-" "Mozilla/5.0 AppleWebKit/537.36 (KHTML, like Gecko; compatible; bingbot/2.0; +http://www.bing.com/bingbot.htm) Chrome/116.0.1938.76 Safari/537.36"
40.77.167.156 - - [13/Apr/2025:13:08:44 -0400] "GET /special/pc/tetrodotoxin65180572.shtml HTTP/1.1" 200 28303 "-" "Mozilla/5.0 AppleWebKit/537.36 (KHTML, like Gecko; compatible; bingbot/2.0; +http://www.bing.com/bingbot.htm) Chrome/116.0.1938.76 Safari/537.36"
157.55.39.56 - - [13/Apr/2025:13:08:49 -0400] "GET /special38147954.shtml HTTP/1.1" 200 28332 "-" "Mozilla/5.0 AppleWebKit/537.36 (KHTML, like Gecko; compatible; bingbot/2.0; +http://www.bing.com/bingbot.htm) Chrome/116.0.1938.76 Safari/537.36"
40.77.167.156 - - [13/Apr/2025:13:08:55 -0400] "GET /special8882626.shtml HTTP/1.1" 200 26624 "-" "Mozilla/5.0 AppleWebKit/537.36 (KHTML, like Gecko; compatible; bingbot/2.0; +http://www.bing.com/bingbot.htm) Chrome/116.0.1938.76 Safari/537.36"
18.117.189.90 - - [13/Apr/2025:13:08:58 -0400] "GET /ad917/?path=%2Fhome%2F..%2Flib64%2Fman-db%2Flibman.so HTTP/1.1" 200 945 "-" "Mozilla/5.0 AppleWebKit/537.36 (KHTML, like Gecko; compatible; ClaudeBot/1.0; +claudebot@anthropic.com)"
18.117.189.90 - - [13/Apr/2025:13:09:01 -0400] "GET /ad917/?path=%2Fhome%2F..%2Flib64%2Ftcl8.6%2FlibTix.so HTTP/1.1" 200 947 "-" "Mozilla/5.0 AppleWebKit/537.36 (KHTML, like Gecko; compatible; ClaudeBot/1.0; +claudebot@anthropic.com)"
18.117.189.90 - - [13/Apr/2025:13:09:04 -0400] "GET /ad917/?path=%2Fhome%2F..%2Flib64%2Fdovecot%2Fdoveadm HTTP/1.1" 200 1736 "-" "Mozilla/5.0 AppleWebKit/537.36 (KHTML, like Gecko; compatible; ClaudeBot/1.0; +claudebot@anthropic.com)"
40.77.167.156 - - [13/Apr/2025:13:09:05 -0400] "GET /items/decempedal/6666638.shtml HTTP/1.1" 200 27029 "-" "Mozilla/5.0 AppleWebKit/537.36 (KHTML, like Gecko; compatible; bingbot/2.0; +http://www.bing.com/bingbot.htm) Chrome/116.0.1938.76 Safari/537.36"
18.117.189.90 - - [13/Apr/2025:13:09:07 -0400] "GET /ad917/?path=%2Fhome%2F..%2Flib64%2Fgtk-2.0%2Fmodules HTTP/1.1" 200 1528 "-" "Mozilla/5.0 AppleWebKit/537.36 (KHTML, like Gecko; compatible; ClaudeBot/1.0; +claudebot@anthropic.com)"
40.77.167.55 - - [13/Apr/2025:13:09:09 -0400] "GET /products/lha/anthemis76480404.shtml HTTP/1.1" 200 27481 "-" "Mozilla/5.0 AppleWebKit/537.36 (KHTML, like Gecko; compatible; bingbot/2.0; +http://www.bing.com/bingbot.htm) Chrome/116.0.1938.76 Safari/537.36"
18.117.189.90 - - [13/Apr/2025:13:09:10 -0400] "GET /ad917/?path=%2Fhome%2F..%2Flib64%2Fbind9-export%2F.. HTTP/1.1" 200 45452 "-" "Mozilla/5.0 AppleWebKit/537.36 (KHTML, like Gecko; compatible; ClaudeBot/1.0; +claudebot@anthropic.com)"
18.117.189.90 - - [13/Apr/2025:13:09:13 -0400] "GET /ad917/?path=%2Fhome%2F..%2Flib64%2Ftcl8.6%2FTix8.4.3 HTTP/1.1" 200 3345 "-" "Mozilla/5.0 AppleWebKit/537.36 (KHTML, like Gecko; compatible; ClaudeBot/1.0; +claudebot@anthropic.com)"
18.117.189.90 - - [13/Apr/2025:13:09:16 -0400] "GET /ad917/?path=%2Fhome%2F..%2Flib64%2Fgtk-2.0%2F2.10.0 HTTP/1.1" 200 1537 "-" "Mozilla/5.0 AppleWebKit/537.36 (KHTML, like Gecko; compatible; ClaudeBot/1.0; +claudebot@anthropic.com)"
157.55.39.56 - - [13/Apr/2025:13:09:16 -0400] "GET /special/cumacea112260372.shtml HTTP/1.1" 200 26770 "-" "Mozilla/5.0 AppleWebKit/537.36 (KHTML, like Gecko; compatible; bingbot/2.0; +http://www.bing.com/bingbot.htm) Chrome/116.0.1938.76 Safari/537.36"
18.117.189.90 - - [13/Apr/2025:13:09:19 -0400] "GET /ad917/?path=%2Fhome%2F..%2Flib64%2Fgettext%2Furlget HTTP/1.1" 200 940 "-" "Mozilla/5.0 AppleWebKit/537.36 (KHTML, like Gecko; compatible; ClaudeBot/1.0; +claudebot@anthropic.com)"
18.117.189.90 - - [13/Apr/2025:13:09:22 -0400] "GET /ad917/?path=%2Fhome%2F..%2Flib%2Fenvironment.d%2F.. HTTP/1.1" 200 2428 "-" "Mozilla/5.0 AppleWebKit/537.36 (KHTML, like Gecko; compatible; ClaudeBot/1.0; +claudebot@anthropic.com)"
52.167.144.204 - - [13/Apr/2025:13:09:23 -0400] "GET /item/52905830.shtml HTTP/1.1" 200 28577 "-" "Mozilla/5.0 AppleWebKit/537.36 (KHTML, like Gecko; compatible; bingbot/2.0; +http://www.bing.com/bingbot.htm) Chrome/116.0.1938.76 Safari/537.36"
18.117.189.90 - - [13/Apr/2025:13:09:25 -0400] "GET /ad917/?path=%2Fhome%2F..%2Flib64%2Fbind9-export%2F. HTTP/1.1" 200 1706 "-" "Mozilla/5.0 AppleWebKit/537.36 (KHTML, like Gecko; compatible; ClaudeBot/1.0; +claudebot@anthropic.com)"
18.117.189.90 - - [13/Apr/2025:13:09:28 -0400] "GET /ad917/?path=%2Fhome%2F..%2Flib64%2Fnagios%2Fplugins HTTP/1.1" 200 1850 "-" "Mozilla/5.0 AppleWebKit/537.36 (KHTML, like Gecko; compatible; ClaudeBot/1.0; +claudebot@anthropic.com)"
157.55.39.56 - - [13/Apr/2025:13:09:28 -0400] "GET /products/mhw/weakish31973886.shtml HTTP/1.1" 200 28493 "-" "Mozilla/5.0 AppleWebKit/537.36 (KHTML, like Gecko; compatible; bingbot/2.0; +http://www.bing.com/bingbot.htm) Chrome/116.0.1938.76 Safari/537.36"
18.117.189.90 - - [13/Apr/2025:13:09:31 -0400] "GET /wp-includes/js/tinymce/plugins/fullscreen/plugin.js HTTP/1.1" 200 1318 "-" "Mozilla/5.0 AppleWebKit/537.36 (KHTML, like Gecko; compatible; ClaudeBot/1.0; +claudebot@anthropic.com)"
18.117.189.90 - - [13/Apr/2025:13:09:34 -0400] "GET /ad917/?path=%2Fhome%2F..%2Flib%2Fenvironment.d%2F. HTTP/1.1" 200 1503 "-" "Mozilla/5.0 AppleWebKit/537.36 (KHTML, like Gecko; compatible; ClaudeBot/1.0; +claudebot@anthropic.com)"
40.77.167.55 - - [13/Apr/2025:13:09:36 -0400] "GET /detail/34048286.shtml HTTP/1.1" 200 26027 "-" "Mozilla/5.0 AppleWebKit/537.36 (KHTML, like Gecko; compatible; bingbot/2.0; +http://www.bing.com/bingbot.htm) Chrome/116.0.1938.76 Safari/537.36"
18.117.189.90 - - [13/Apr/2025:13:09:37 -0400] "GET /ad917/?path=%2Fhome%2F..%2Flib64%2Fdovecot%2Fdict HTTP/1.1" 200 1502 "-" "Mozilla/5.0 AppleWebKit/537.36 (KHTML, like Gecko; compatible; ClaudeBot/1.0; +claudebot@anthropic.com)"
18.117.189.90 - - [13/Apr/2025:13:09:40 -0400] "GET /ad917/?path=%2Fhome%2F..%2Flib64%2Fdovecot%2Fauth HTTP/1.1" 200 1583 "-" "Mozilla/5.0 AppleWebKit/537.36 (KHTML, like Gecko; compatible; ClaudeBot/1.0; +claudebot@anthropic.com)"
157.55.39.56 - - [13/Apr/2025:13:09:41 -0400] "GET /product/94444102.shtml HTTP/1.1" 200 28676 "-" "Mozilla/5.0 AppleWebKit/537.36 (KHTML, like Gecko; compatible; bingbot/2.0; +http://www.bing.com/bingbot.htm) Chrome/116.0.1938.76 Safari/537.36"
40.77.167.7 - - [13/Apr/2025:13:09:42 -0400] "GET /product/ktq/vesica52416042.shtml HTTP/1.1" 200 26407 "-" "Mozilla/5.0 AppleWebKit/537.36 (KHTML, like Gecko; compatible; bingbot/2.0; +http://www.bing.com/bingbot.htm) Chrome/116.0.1938.76 Safari/537.36"
18.117.189.90 - - [13/Apr/2025:13:09:43 -0400] "GET /ad917/?path=%2Fhome%2F..%2Flib%2Fmodprobe.d%2F.. HTTP/1.1" 200 2421 "-" "Mozilla/5.0 AppleWebKit/537.36 (KHTML, like Gecko; compatible; ClaudeBot/1.0; +claudebot@anthropic.com)"
40.77.167.156 - - [13/Apr/2025:13:09:45 -0400] "GET /shopbrand/fungologist100790840.shtml HTTP/1.1" 200 27386 "-" "Mozilla/5.0 AppleWebKit/537.36 (KHTML, like Gecko; compatible; bingbot/2.0; +http://www.bing.com/bingbot.htm) Chrome/116.0.1938.76 Safari/537.36"
18.117.189.90 - - [13/Apr/2025:13:09:46 -0400] "GET /ad917/?path=%2Fhome%2F..%2Flib%2Ffontconfig%2F.. HTTP/1.1" 200 2431 "-" "Mozilla/5.0 AppleWebKit/537.36 (KHTML, like Gecko; compatible; ClaudeBot/1.0; +claudebot@anthropic.com)"
18.117.189.90 - - [13/Apr/2025:13:09:49 -0400] "GET /ad917/?path=%2Fhome%2F..%2Flib%2Ftmpfiles.d%2F.. HTTP/1.1" 200 2433 "-" "Mozilla/5.0 AppleWebKit/537.36 (KHTML, like Gecko; compatible; ClaudeBot/1.0; +claudebot@anthropic.com)"
18.117.189.90 - - [13/Apr/2025:13:09:52 -0400] "GET /ad917/?path=%2Fhome%2F..%2Flib%2Fmodprobe.d%2F. HTTP/1.1" 200 1559 "-" "Mozilla/5.0 AppleWebKit/537.36 (KHTML, like Gecko; compatible; ClaudeBot/1.0; +claudebot@anthropic.com)"
18.117.189.90 - - [13/Apr/2025:13:09:55 -0400] "GET /ad917/?path=%2Fhome%2F..%2Flib%2Ffontconfig%2F. HTTP/1.1" 200 1442 "-" "Mozilla/5.0 AppleWebKit/537.36 (KHTML, like Gecko; compatible; ClaudeBot/1.0; +claudebot@anthropic.com)"
40.77.167.73 - - [13/Apr/2025:13:09:54 -0400] "GET /items/57826822.shtml HTTP/1.1" 200 25332 "-" "Mozilla/5.0 AppleWebKit/537.36 (KHTML, like Gecko; compatible; bingbot/2.0; +http://www.bing.com/bingbot.htm) Chrome/116.0.1938.76 Safari/537.36"
18.117.189.90 - - [13/Apr/2025:13:09:58 -0400] "GET /ad917/?path=%2Fhome%2F..%2Flib%2Ftmpfiles.d%2F. HTTP/1.1" 200 2504 "-" "Mozilla/5.0 AppleWebKit/537.36 (KHTML, like Gecko; compatible; ClaudeBot/1.0; +claudebot@anthropic.com)"
40.77.167.55 - - [13/Apr/2025:13:09:57 -0400] "GET /detail/dvo/hemadromometry9903076.shtml HTTP/1.1" 200 27671 "-" "Mozilla/5.0 AppleWebKit/537.36 (KHTML, like Gecko; compatible; bingbot/2.0; +http://www.bing.com/bingbot.htm) Chrome/116.0.1938.76 Safari/537.36"
66.249.77.42 - - [13/Apr/2025:13:09:58 -0400] "GET /goods/m/uncoiled/123247614.shtml HTTP/1.1" 200 25808 "-" "Mozilla/5.0 (Linux; Android 6.0.1; Nexus 5X Build/MMB29P) AppleWebKit/537.36 (KHTML, like Gecko) Chrome/135.0.7049.52 Mobile Safari/537.36 (compatible; GoogleOther)"
18.117.189.90 - - [13/Apr/2025:13:10:01 -0400] "GET /ad917/?path=%2Fhome%2F..%2Flib%2F.build-id%2F77 HTTP/1.1" 200 2779 "-" "Mozilla/5.0 AppleWebKit/537.36 (KHTML, like Gecko; compatible; ClaudeBot/1.0; +claudebot@anthropic.com)"
18.117.189.90 - - [13/Apr/2025:13:10:04 -0400] "GET /ad917/?path=%2Fhome%2F..%2Flib%2F.build-id%2Ff0 HTTP/1.1" 200 2473 "-" "Mozilla/5.0 AppleWebKit/537.36 (KHTML, like Gecko; compatible; ClaudeBot/1.0; +claudebot@anthropic.com)"
40.77.167.73 - - [13/Apr/2025:13:10:04 -0400] "GET /info110640160.shtml HTTP/1.1" 200 25965 "-" "Mozilla/5.0 AppleWebKit/537.36 (KHTML, like Gecko; compatible; bingbot/2.0; +http://www.bing.com/bingbot.htm) Chrome/116.0.1938.76 Safari/537.36"
66.249.77.40 - - [13/Apr/2025:13:10:04 -0400] "GET /goodscode/x/parasphenoid/115851940.shtml HTTP/1.1" 200 25881 "-" "Mozilla/5.0 (Linux; Android 6.0.1; Nexus 5X Build/MMB29P) AppleWebKit/537.36 (KHTML, like Gecko) Chrome/135.0.7049.52 Mobile Safari/537.36 (compatible; GoogleOther)"
40.77.167.7 - - [13/Apr/2025:13:10:15 -0400] "GET /entity/50623570.shtml HTTP/1.1" 200 25549 "-" "Mozilla/5.0 AppleWebKit/537.36 (KHTML, like Gecko; compatible; bingbot/2.0; +http://www.bing.com/bingbot.htm) Chrome/116.0.1938.76 Safari/537.36"
40.77.167.73 - - [13/Apr/2025:13:10:24 -0400] "GET /entity/ei/enthrall97988210.shtml HTTP/1.1" 200 27349 "-" "Mozilla/5.0 AppleWebKit/537.36 (KHTML, like Gecko; compatible; bingbot/2.0; +http://www.bing.com/bingbot.htm) Chrome/116.0.1938.76 Safari/537.36"
40.77.167.73 - - [13/Apr/2025:13:10:27 -0400] "GET /special/triumph/88803976.shtml HTTP/1.1" 200 26787 "-" "Mozilla/5.0 AppleWebKit/537.36 (KHTML, like Gecko; compatible; bingbot/2.0; +http://www.bing.com/bingbot.htm) Chrome/116.0.1938.76 Safari/537.36"
157.55.39.56 - - [13/Apr/2025:13:10:32 -0400] "GET /shopping5039642.shtml HTTP/1.1" 200 27466 "-" "Mozilla/5.0 AppleWebKit/537.36 (KHTML, like Gecko; compatible; bingbot/2.0; +http://www.bing.com/bingbot.htm) Chrome/116.0.1938.76 Safari/537.36"
40.77.167.73 - - [13/Apr/2025:13:10:37 -0400] "GET /info/ri/insulate6883144.shtml HTTP/1.1" 200 26956 "-" "Mozilla/5.0 AppleWebKit/537.36 (KHTML, like Gecko; compatible; bingbot/2.0; +http://www.bing.com/bingbot.htm) Chrome/116.0.1938.76 Safari/537.36"
40.77.167.73 - - [13/Apr/2025:13:10:44 -0400] "GET /info76023574.shtml HTTP/1.1" 200 27094 "-" "Mozilla/5.0 AppleWebKit/537.36 (KHTML, like Gecko; compatible; bingbot/2.0; +http://www.bing.com/bingbot.htm) Chrome/116.0.1938.76 Safari/537.36"
52.167.144.204 - - [13/Apr/2025:13:10:46 -0400] "GET /info/48872392.shtml HTTP/1.1" 200 27355 "-" "Mozilla/5.0 AppleWebKit/537.36 (KHTML, like Gecko; compatible; bingbot/2.0; +http://www.bing.com/bingbot.htm) Chrome/116.0.1938.76 Safari/537.36"
40.77.167.73 - - [13/Apr/2025:13:10:48 -0400] "GET /goodscode/p/converting5964672.shtml HTTP/1.1" 200 28916 "-" "Mozilla/5.0 AppleWebKit/537.36 (KHTML, like Gecko; compatible; bingbot/2.0; +http://www.bing.com/bingbot.htm) Chrome/116.0.1938.76 Safari/537.36"
40.77.167.55 - - [13/Apr/2025:13:10:55 -0400] "GET /item/genitivally95793848.shtml HTTP/1.1" 200 26586 "-" "Mozilla/5.0 AppleWebKit/537.36 (KHTML, like Gecko; compatible; bingbot/2.0; +http://www.bing.com/bingbot.htm) Chrome/116.0.1938.76 Safari/537.36"
40.77.167.55 - - [13/Apr/2025:13:11:06 -0400] "GET /shopbrand11418708.shtml HTTP/1.1" 200 27224 "-" "Mozilla/5.0 AppleWebKit/537.36 (KHTML, like Gecko; compatible; bingbot/2.0; +http://www.bing.com/bingbot.htm) Chrome/116.0.1938.76 Safari/537.36"
66.249.77.40 - - [13/Apr/2025:13:11:07 -0400] "GET /entity/fisetic/120268454.shtml HTTP/1.1" 200 27742 "-" "Mozilla/5.0 (Linux; Android 6.0.1; Nexus 5X Build/MMB29P) AppleWebKit/537.36 (KHTML, like Gecko) Chrome/135.0.7049.52 Mobile Safari/537.36 (compatible; GoogleOther)"
3.149.241.32 - - [13/Apr/2025:13:11:22 -0400] "GET /ad917/?path=%2Fhome%2F..%2Flib%2Ftmpfiles.d%2Fx11.conf HTTP/1.1" 200 1248 "-" "Mozilla/5.0 AppleWebKit/537.36 (KHTML, like Gecko; compatible; ClaudeBot/1.0; +claudebot@anthropic.com)"
40.77.167.73 - - [13/Apr/2025:13:11:24 -0400] "GET /special63726580.shtml HTTP/1.1" 200 25786 "-" "Mozilla/5.0 AppleWebKit/537.36 (KHTML, like Gecko; compatible; bingbot/2.0; +http://www.bing.com/bingbot.htm) Chrome/116.0.1938.76 Safari/537.36"
3.149.241.32 - - [13/Apr/2025:13:11:25 -0400] "GET /ad917/?path=%2Fhome%2F..%2Flib%2Ftmpfiles.d%2Frpm.conf HTTP/1.1" 200 963 "-" "Mozilla/5.0 AppleWebKit/537.36 (KHTML, like Gecko; compatible; ClaudeBot/1.0; +claudebot@anthropic.com)"
3.149.241.32 - - [13/Apr/2025:13:11:28 -0400] "GET /ad917/?path=%2Fhome%2F..%2Flib%2Ftmpfiles.d%2Fvar.conf HTTP/1.1" 200 1201 "-" "Mozilla/5.0 AppleWebKit/537.36 (KHTML, like Gecko; compatible; ClaudeBot/1.0; +claudebot@anthropic.com)"
157.55.39.56 - - [13/Apr/2025:13:11:29 -0400] "GET /item/potstone/80443082.shtml HTTP/1.1" 200 27451 "-" "Mozilla/5.0 AppleWebKit/537.36 (KHTML, like Gecko; compatible; bingbot/2.0; +http://www.bing.com/bingbot.htm) Chrome/116.0.1938.76 Safari/537.36"
3.149.241.32 - - [13/Apr/2025:13:11:31 -0400] "GET /ad917/?path=%2Fhome%2F..%2Flib%2Ftmpfiles.d%2Ftmp.conf HTTP/1.1" 200 1301 "-" "Mozilla/5.0 AppleWebKit/537.36 (KHTML, like Gecko; compatible; ClaudeBot/1.0; +claudebot@anthropic.com)"
3.149.241.32 - - [13/Apr/2025:13:11:34 -0400] "GET /ad917/?path=%2Fhome%2F..%2Flib%2Ftmpfiles.d%2Fetc.conf HTTP/1.1" 200 1203 "-" "Mozilla/5.0 AppleWebKit/537.36 (KHTML, like Gecko; compatible; ClaudeBot/1.0; +claudebot@anthropic.com)"
3.149.241.32 - - [13/Apr/2025:13:11:37 -0400] "GET /ad917/?path=%2Fhome%2F..%2Flib64%2Frsyslog%2Fimptcp.so HTTP/1.1" 200 948 "-" "Mozilla/5.0 AppleWebKit/537.36 (KHTML, like Gecko; compatible; ClaudeBot/1.0; +claudebot@anthropic.com)"
3.149.241.32 - - [13/Apr/2025:13:11:40 -0400] "GET /ad917/?path=%2Fhome%2F..%2Flib64%2Frsyslog%2Ffmhash.so HTTP/1.1" 200 948 "-" "Mozilla/5.0 AppleWebKit/537.36 (KHTML, like Gecko; compatible; ClaudeBot/1.0; +claudebot@anthropic.com)"
3.149.241.32 - - [13/Apr/2025:13:11:43 -0400] "GET /ad917/?path=%2Fhome%2F..%2Flib64%2Fgtk-2.0%2Fimmodules HTTP/1.1" 200 1424 "-" "Mozilla/5.0 AppleWebKit/537.36 (KHTML, like Gecko; compatible; ClaudeBot/1.0; +claudebot@anthropic.com)"
3.149.241.32 - - [13/Apr/2025:13:11:46 -0400] "GET /ad917/?path=%2Fhome%2F..%2Flib64%2Frsyslog%2Fomprog.so HTTP/1.1" 200 947 "-" "Mozilla/5.0 AppleWebKit/537.36 (KHTML, like Gecko; compatible; ClaudeBot/1.0; +claudebot@anthropic.com)"
207.46.13.126 - - [13/Apr/2025:13:11:46 -0400] "GET /info2609960.shtml HTTP/1.1" 200 27692 "-" "Mozilla/5.0 AppleWebKit/537.36 (KHTML, like Gecko; compatible; bingbot/2.0; +http://www.bing.com/bingbot.htm) Chrome/116.0.1938.76 Safari/537.36"
40.77.167.55 - - [13/Apr/2025:13:11:48 -0400] "GET /detail/61781076.shtml HTTP/1.1" 200 29716 "-" "Mozilla/5.0 AppleWebKit/537.36 (KHTML, like Gecko; compatible; bingbot/2.0; +http://www.bing.com/bingbot.htm) Chrome/116.0.1938.76 Safari/537.36"
3.149.241.32 - - [13/Apr/2025:13:11:49 -0400] "GET /ad917/?path=%2Fhome%2F..%2Flib64%2Frsyslog%2Fimfile.so HTTP/1.1" 200 947 "-" "Mozilla/5.0 AppleWebKit/537.36 (KHTML, like Gecko; compatible; ClaudeBot/1.0; +claudebot@anthropic.com)"
3.149.241.32 - - [13/Apr/2025:13:11:52 -0400] "GET /ad917/?path=%2Fhome%2F..%2Flib64%2Frsyslog%2Fimdiag.so HTTP/1.1" 200 947 "-" "Mozilla/5.0 AppleWebKit/537.36 (KHTML, like Gecko; compatible; ClaudeBot/1.0; +claudebot@anthropic.com)"
66.249.77.40 - - [13/Apr/2025:13:11:52 -0400] "GET /goodscode/transversed/118948982.shtml HTTP/1.1" 200 27240 "-" "Mozilla/5.0 (Linux; Android 6.0.1; Nexus 5X Build/MMB29P) AppleWebKit/537.36 (KHTML, like Gecko) Chrome/135.0.7049.52 Mobile Safari/537.36 (compatible; GoogleOther)"
3.149.241.32 - - [13/Apr/2025:13:11:55 -0400] "GET /ad917/?path=%2Fhome%2F..%2Flib64%2Frsyslog%2Fomhttp.so HTTP/1.1" 200 947 "-" "Mozilla/5.0 AppleWebKit/537.36 (KHTML, like Gecko; compatible; ClaudeBot/1.0; +claudebot@anthropic.com)"
3.149.241.32 - - [13/Apr/2025:13:11:58 -0400] "GET /ad917/?path=%2Fhome%2F..%2Flib64%2Frsyslog%2Fimklog.so HTTP/1.1" 200 948 "-" "Mozilla/5.0 AppleWebKit/537.36 (KHTML, like Gecko; compatible; ClaudeBot/1.0; +claudebot@anthropic.com)"
3.149.241.32 - - [13/Apr/2025:13:12:01 -0400] "GET /ad917/?path=%2Fhome%2F..%2Flib64%2Frsyslog%2Fommail.so HTTP/1.1" 200 947 "-" "Mozilla/5.0 AppleWebKit/537.36 (KHTML, like Gecko; compatible; ClaudeBot/1.0; +claudebot@anthropic.com)"
40.77.167.7 - - [13/Apr/2025:13:12:02 -0400] "GET /special76281050.shtml HTTP/1.1" 200 27021 "-" "Mozilla/5.0 AppleWebKit/537.36 (KHTML, like Gecko; compatible; bingbot/2.0; +http://www.bing.com/bingbot.htm) Chrome/116.0.1938.76 Safari/537.36"
3.149.241.32 - - [13/Apr/2025:13:12:04 -0400] "GET /ad917/?path=%2Fhome%2F..%2Flib64%2Fdovecot%2Fold-stats HTTP/1.1" 200 1533 "-" "Mozilla/5.0 AppleWebKit/537.36 (KHTML, like Gecko; compatible; ClaudeBot/1.0; +claudebot@anthropic.com)"
3.149.241.32 - - [13/Apr/2025:13:12:07 -0400] "GET /ad917/?path=%2Fhome%2F..%2Flib64%2Frsyslog%2Fmmanon.so HTTP/1.1" 200 947 "-" "Mozilla/5.0 AppleWebKit/537.36 (KHTML, like Gecko; compatible; ClaudeBot/1.0; +claudebot@anthropic.com)"
157.55.39.56 - - [13/Apr/2025:13:12:07 -0400] "GET /product38876272.shtml HTTP/1.1" 200 28154 "-" "Mozilla/5.0 AppleWebKit/537.36 (KHTML, like Gecko; compatible; bingbot/2.0; +http://www.bing.com/bingbot.htm) Chrome/116.0.1938.76 Safari/537.36"
66.249.77.42 - - [13/Apr/2025:13:12:07 -0400] "GET /shopdetail/w/hogger114545822.shtml HTTP/1.1" 200 26597 "-" "Mozilla/5.0 (Linux; Android 6.0.1; Nexus 5X Build/MMB29P) AppleWebKit/537.36 (KHTML, like Gecko) Chrome/135.0.7049.52 Mobile Safari/537.36 (compatible; GoogleOther)"
66.249.77.40 - - [13/Apr/2025:13:12:09 -0400] "GET /products/quilting/37054936.shtml HTTP/1.1" 200 27269 "-" "Mozilla/5.0 (Linux; Android 6.0.1; Nexus 5X Build/MMB29P) AppleWebKit/537.36 (KHTML, like Gecko) Chrome/135.0.7049.52 Mobile Safari/537.36 (compatible; GoogleOther)"
3.149.241.32 - - [13/Apr/2025:13:12:10 -0400] "GET /ad917/?path=%2Fhome%2F..%2Flib64%2Frsyslog%2Ffmhttp.so HTTP/1.1" 200 948 "-" "Mozilla/5.0 AppleWebKit/537.36 (KHTML, like Gecko; compatible; ClaudeBot/1.0; +claudebot@anthropic.com)"
40.77.167.55 - - [13/Apr/2025:13:12:11 -0400] "GET /goods/pc/pretendant65703640.shtml HTTP/1.1" 200 27382 "-" "Mozilla/5.0 AppleWebKit/537.36 (KHTML, like Gecko; compatible; bingbot/2.0; +http://www.bing.com/bingbot.htm) Chrome/116.0.1938.76 Safari/537.36"
3.149.241.32 - - [13/Apr/2025:13:12:13 -0400] "GET /wp-includes/sodium_compat/src/Core/Base64/Original.php HTTP/1.1" 403 1242 "-" "Mozilla/5.0 AppleWebKit/537.36 (KHTML, like Gecko; compatible; ClaudeBot/1.0; +claudebot@anthropic.com)"
3.149.241.32 - - [13/Apr/2025:13:12:16 -0400] "GET /ad917/?path=%2Fhome%2F..%2Flib64%2Frsyslog%2Flmnet.so HTTP/1.1" 200 944 "-" "Mozilla/5.0 AppleWebKit/537.36 (KHTML, like Gecko; compatible; ClaudeBot/1.0; +claudebot@anthropic.com)"
40.77.167.73 - - [13/Apr/2025:13:12:16 -0400] "GET /shopdetail/ui/lenocinant335642.shtml HTTP/1.1" 200 26604 "-" "Mozilla/5.0 AppleWebKit/537.36 (KHTML, like Gecko; compatible; bingbot/2.0; +http://www.bing.com/bingbot.htm) Chrome/116.0.1938.76 Safari/537.36"
40.77.167.55 - - [13/Apr/2025:13:12:16 -0400] "GET /products/alignment57572786.shtml HTTP/1.1" 200 28299 "-" "Mozilla/5.0 AppleWebKit/537.36 (KHTML, like Gecko; compatible; bingbot/2.0; +http://www.bing.com/bingbot.htm) Chrome/116.0.1938.76 Safari/537.36"
40.77.167.53 - - [13/Apr/2025:13:12:16 -0400] "GET /info/ew/palpus46259014.shtml HTTP/1.1" 200 29886 "-" "Mozilla/5.0 AppleWebKit/537.36 (KHTML, like Gecko; compatible; bingbot/2.0; +http://www.bing.com/bingbot.htm) Chrome/116.0.1938.76 Safari/537.36"
3.149.241.32 - - [13/Apr/2025:13:12:19 -0400] "GET /ad917/?path=%2Fhome%2F..%2Flib64%2Frsyslog%2Fimtcp.so HTTP/1.1" 200 945 "-" "Mozilla/5.0 AppleWebKit/537.36 (KHTML, like Gecko; compatible; ClaudeBot/1.0; +claudebot@anthropic.com)"
3.149.241.32 - - [13/Apr/2025:13:12:22 -0400] "GET /ad917/?path=%2Fhome%2F..%2Flib64%2Frsyslog%2Fimudp.so HTTP/1.1" 200 946 "-" "Mozilla/5.0 AppleWebKit/537.36 (KHTML, like Gecko; compatible; ClaudeBot/1.0; +claudebot@anthropic.com)"
157.55.39.56 - - [13/Apr/2025:13:12:22 -0400] "GET /special47852512.shtml HTTP/1.1" 200 27814 "-" "Mozilla/5.0 AppleWebKit/537.36 (KHTML, like Gecko; compatible; bingbot/2.0; +http://www.bing.com/bingbot.htm) Chrome/116.0.1938.76 Safari/537.36"
3.149.241.32 - - [13/Apr/2025:13:12:25 -0400] "GET /ad917/?path=%2Fhome%2F..%2Flib64%2Fgettext%2Fhostname HTTP/1.1" 200 942 "-" "Mozilla/5.0 AppleWebKit/537.36 (KHTML, like Gecko; compatible; ClaudeBot/1.0; +claudebot@anthropic.com)"
3.149.241.32 - - [13/Apr/2025:13:12:28 -0400] "GET /wp-includes/sodium_compat/src/Core/Base64/UrlSafe.php HTTP/1.1" 403 1242 "-" "Mozilla/5.0 AppleWebKit/537.36 (KHTML, like Gecko; compatible; ClaudeBot/1.0; +claudebot@anthropic.com)"
207.46.13.126 - - [13/Apr/2025:13:12:28 -0400] "GET /items/ty/ HTTP/1.1" 200 26128 "-" "Mozilla/5.0 AppleWebKit/537.36 (KHTML, like Gecko; compatible; bingbot/2.0; +http://www.bing.com/bingbot.htm) Chrome/116.0.1938.76 Safari/537.36"
40.77.167.73 - - [13/Apr/2025:13:12:35 -0400] "GET /shopbrand90293344.shtml HTTP/1.1" 200 25341 "-" "Mozilla/5.0 AppleWebKit/537.36 (KHTML, like Gecko; compatible; bingbot/2.0; +http://www.bing.com/bingbot.htm) Chrome/116.0.1938.76 Safari/537.36"
66.249.77.41 - - [13/Apr/2025:13:12:39 -0400] "GET /items/p/rapiered22879768.shtml HTTP/1.1" 200 27498 "-" "Mozilla/5.0 (Linux; Android 6.0.1; Nexus 5X Build/MMB29P) AppleWebKit/537.36 (KHTML, like Gecko) Chrome/135.0.7049.52 Mobile Safari/537.36 (compatible; GoogleOther)"
66.249.77.40 - - [13/Apr/2025:13:12:43 -0400] "GET /shopdetail73237374.shtml HTTP/1.1" 200 25971 "-" "Mozilla/5.0 (Linux; Android 6.0.1; Nexus 5X Build/MMB29P) AppleWebKit/537.36 (KHTML, like Gecko) Chrome/135.0.7049.52 Mobile Safari/537.36 (compatible; Googlebot/2.1; +http://www.google.com/bot.html)"
40.77.167.7 - - [13/Apr/2025:13:12:44 -0400] "GET /shopping/50445424.shtml HTTP/1.1" 200 26808 "-" "Mozilla/5.0 AppleWebKit/537.36 (KHTML, like Gecko; compatible; bingbot/2.0; +http://www.bing.com/bingbot.htm) Chrome/116.0.1938.76 Safari/537.36"
40.77.167.55 - - [13/Apr/2025:13:12:46 -0400] "GET /product/peirastic10933046.shtml HTTP/1.1" 200 27571 "-" "Mozilla/5.0 AppleWebKit/537.36 (KHTML, like Gecko; compatible; bingbot/2.0; +http://www.bing.com/bingbot.htm) Chrome/116.0.1938.76 Safari/537.36"
40.77.167.55 - - [13/Apr/2025:13:12:48 -0400] "GET /products50371436.shtml HTTP/1.1" 200 25375 "-" "Mozilla/5.0 AppleWebKit/537.36 (KHTML, like Gecko; compatible; bingbot/2.0; +http://www.bing.com/bingbot.htm) Chrome/116.0.1938.76 Safari/537.36"
157.55.39.56 - - [13/Apr/2025:13:12:51 -0400] "GET /products98662830.shtml HTTP/1.1" 200 26510 "-" "Mozilla/5.0 AppleWebKit/537.36 (KHTML, like Gecko; compatible; bingbot/2.0; +http://www.bing.com/bingbot.htm) Chrome/116.0.1938.76 Safari/537.36"
66.249.77.40 - - [13/Apr/2025:13:12:51 -0400] "GET /item/fay/unnethe/73065484.shtml HTTP/1.1" 200 26554 "-" "Mozilla/5.0 (Linux; Android 6.0.1; Nexus 5X Build/MMB29P) AppleWebKit/537.36 (KHTML, like Gecko) Chrome/135.0.7049.52 Mobile Safari/537.36 (compatible; GoogleOther)"
40.77.167.73 - - [13/Apr/2025:13:12:56 -0400] "GET /item/truebred11666168.shtml HTTP/1.1" 200 25384 "-" "Mozilla/5.0 AppleWebKit/537.36 (KHTML, like Gecko; compatible; bingbot/2.0; +http://www.bing.com/bingbot.htm) Chrome/116.0.1938.76 Safari/537.36"
207.46.13.126 - - [13/Apr/2025:13:13:00 -0400] "GET /item/uas/former/99351634.shtml HTTP/1.1" 200 30528 "-" "Mozilla/5.0 AppleWebKit/537.36 (KHTML, like Gecko; compatible; bingbot/2.0; +http://www.bing.com/bingbot.htm) Chrome/116.0.1938.76 Safari/537.36"
52.167.144.205 - - [13/Apr/2025:13:13:06 -0400] "GET /detail/anteposition114899762.shtml HTTP/1.1" 200 27845 "-" "Mozilla/5.0 AppleWebKit/537.36 (KHTML, like Gecko; compatible; bingbot/2.0; +http://www.bing.com/bingbot.htm) Chrome/116.0.1938.76 Safari/537.36"
40.77.167.55 - - [13/Apr/2025:13:13:08 -0400] "GET /product/t/petrifactive/19911880.shtml HTTP/1.1" 200 28220 "-" "Mozilla/5.0 AppleWebKit/537.36 (KHTML, like Gecko; compatible; bingbot/2.0; +http://www.bing.com/bingbot.htm) Chrome/116.0.1938.76 Safari/537.36"
52.167.144.205 - - [13/Apr/2025:13:13:16 -0400] "GET /shopbrand/e/punchin46865138.shtml HTTP/1.1" 200 26635 "-" "Mozilla/5.0 AppleWebKit/537.36 (KHTML, like Gecko; compatible; bingbot/2.0; +http://www.bing.com/bingbot.htm) Chrome/116.0.1938.76 Safari/537.36"
40.77.167.73 - - [13/Apr/2025:13:13:25 -0400] "GET /detail/94253288.shtml HTTP/1.1" 200 26474 "-" "Mozilla/5.0 AppleWebKit/537.36 (KHTML, like Gecko; compatible; bingbot/2.0; +http://www.bing.com/bingbot.htm) Chrome/116.0.1938.76 Safari/537.36"
40.77.167.73 - - [13/Apr/2025:13:13:27 -0400] "GET /shopbrand/98591536.shtml HTTP/1.1" 200 27959 "-" "Mozilla/5.0 AppleWebKit/537.36 (KHTML, like Gecko; compatible; bingbot/2.0; +http://www.bing.com/bingbot.htm) Chrome/116.0.1938.76 Safari/537.36"
