52.167.144.208 - - [13/Apr/2025:08:51:35 -0400] "GET /product/bojanus73354660.shtml HTTP/1.1" 200 25126 "-" "Mozilla/5.0 AppleWebKit/537.36 (KHTML, like Gecko; compatible; bingbot/2.0; +http://www.bing.com/bingbot.htm) Chrome/116.0.1938.76 Safari/537.36"
157.55.39.63 - - [13/Apr/2025:08:51:36 -0400] "GET /shopdetail/pyc/eggglass/75780616.shtml HTTP/1.1" 200 26891 "-" "Mozilla/5.0 AppleWebKit/537.36 (KHTML, like Gecko; compatible; bingbot/2.0; +http://www.bing.com/bingbot.htm) Chrome/116.0.1938.76 Safari/537.36"
66.249.77.41 - - [13/Apr/2025:08:51:36 -0400] "GET /shopdetail/vye/repaint/117559680.shtml HTTP/1.1" 200 27035 "-" "Mozilla/5.0 (Linux; Android 6.0.1; Nexus 5X Build/MMB29P) AppleWebKit/537.36 (KHTML, like Gecko) Chrome/135.0.7049.52 Mobile Safari/537.36 (compatible; GoogleOther)"
66.249.77.40 - - [13/Apr/2025:08:51:38 -0400] "GET /entity81794538.shtml HTTP/1.1" 200 25951 "-" "Mozilla/5.0 (Linux; Android 6.0.1; Nexus 5X Build/MMB29P) AppleWebKit/537.36 (KHTML, like Gecko) Chrome/135.0.7049.52 Mobile Safari/537.36 (compatible; Googlebot/2.1; +http://www.google.com/bot.html)"
66.249.77.40 - - [13/Apr/2025:08:51:38 -0400] "GET /item/108245420.shtml HTTP/1.1" 200 27091 "-" "Mozilla/5.0 (Linux; Android 6.0.1; Nexus 5X Build/MMB29P) AppleWebKit/537.36 (KHTML, like Gecko) Chrome/135.0.7049.52 Mobile Safari/537.36 (compatible; Googlebot/2.1; +http://www.google.com/bot.html)"
207.46.13.153 - - [13/Apr/2025:08:51:39 -0400] "GET /goodscode/desulphuration/59782732.shtml HTTP/1.1" 200 25642 "-" "Mozilla/5.0 AppleWebKit/537.36 (KHTML, like Gecko; compatible; bingbot/2.0; +http://www.bing.com/bingbot.htm) Chrome/116.0.1938.76 Safari/537.36"
66.249.77.41 - - [13/Apr/2025:08:51:44 -0400] "GET /entity/e/bubbler52191930.shtml HTTP/1.1" 200 27592 "-" "Mozilla/5.0 (Linux; Android 6.0.1; Nexus 5X Build/MMB29P) AppleWebKit/537.36 (KHTML, like Gecko) Chrome/135.0.7049.52 Mobile Safari/537.36 (compatible; Googlebot/2.1; +http://www.google.com/bot.html)"
40.77.167.73 - - [13/Apr/2025:08:51:45 -0400] "GET /shopping/bourne107673614.shtml HTTP/1.1" 200 27263 "-" "Mozilla/5.0 AppleWebKit/537.36 (KHTML, like Gecko; compatible; bingbot/2.0; +http://www.bing.com/bingbot.htm) Chrome/116.0.1938.76 Safari/537.36"
52.167.144.181 - - [13/Apr/2025:08:51:51 -0400] "GET /shopdetail72910870.shtml HTTP/1.1" 200 28816 "-" "Mozilla/5.0 AppleWebKit/537.36 (KHTML, like Gecko; compatible; bingbot/2.0; +http://www.bing.com/bingbot.htm) Chrome/116.0.1938.76 Safari/537.36"
207.46.13.153 - - [13/Apr/2025:08:51:52 -0400] "GET /shopping120123554.shtml HTTP/1.1" 200 53175 "-" "Mozilla/5.0 AppleWebKit/537.36 (KHTML, like Gecko; compatible; bingbot/2.0; +http://www.bing.com/bingbot.htm) Chrome/116.0.1938.76 Safari/537.36"
66.249.77.41 - - [13/Apr/2025:08:51:53 -0400] "GET /info/a/confront/7333478.shtml HTTP/1.1" 200 28302 "-" "Mozilla/5.0 (Linux; Android 6.0.1; Nexus 5X Build/MMB29P) AppleWebKit/537.36 (KHTML, like Gecko) Chrome/135.0.7049.52 Mobile Safari/537.36 (compatible; GoogleOther)"
66.249.77.40 - - [13/Apr/2025:08:51:53 -0400] "GET /product/48251800.shtml HTTP/1.1" 200 26479 "-" "Mozilla/5.0 (Linux; Android 6.0.1; Nexus 5X Build/MMB29P) AppleWebKit/537.36 (KHTML, like Gecko) Chrome/135.0.7049.52 Mobile Safari/537.36 (compatible; Googlebot/2.1; +http://www.google.com/bot.html)"
66.249.77.42 - - [13/Apr/2025:08:52:05 -0400] "GET /product/52329038.shtml HTTP/1.1" 200 25834 "-" "Mozilla/5.0 (Linux; Android 6.0.1; Nexus 5X Build/MMB29P) AppleWebKit/537.36 (KHTML, like Gecko) Chrome/135.0.7049.52 Mobile Safari/537.36 (compatible; Googlebot/2.1; +http://www.google.com/bot.html)"
66.249.77.42 - - [13/Apr/2025:08:52:07 -0400] "GET /shopdetail/concludent99115238.shtml HTTP/1.1" 200 28551 "-" "Mozilla/5.0 (Linux; Android 6.0.1; Nexus 5X Build/MMB29P) AppleWebKit/537.36 (KHTML, like Gecko) Chrome/135.0.7049.52 Mobile Safari/537.36 (compatible; Googlebot/2.1; +http://www.google.com/bot.html)"
207.46.13.153 - - [13/Apr/2025:08:52:08 -0400] "GET /product26310144.shtml HTTP/1.1" 200 27398 "-" "Mozilla/5.0 AppleWebKit/537.36 (KHTML, like Gecko; compatible; bingbot/2.0; +http://www.bing.com/bingbot.htm) Chrome/116.0.1938.76 Safari/537.36"
66.249.77.41 - - [13/Apr/2025:08:52:08 -0400] "GET /special/yu/androgynous/1425626.shtml HTTP/1.1" 200 27049 "-" "Mozilla/5.0 (Linux; Android 6.0.1; Nexus 5X Build/MMB29P) AppleWebKit/537.36 (KHTML, like Gecko) Chrome/135.0.7049.52 Mobile Safari/537.36 (compatible; GoogleOther)"
40.77.167.24 - - [13/Apr/2025:08:52:10 -0400] "GET /item/leucoscope13006874.shtml HTTP/1.1" 200 27492 "-" "Mozilla/5.0 AppleWebKit/537.36 (KHTML, like Gecko; compatible; bingbot/2.0; +http://www.bing.com/bingbot.htm) Chrome/116.0.1938.76 Safari/537.36"
66.249.77.40 - - [13/Apr/2025:08:52:11 -0400] "GET /entity/n/jargonic/14937552.shtml HTTP/1.1" 200 26458 "-" "Mozilla/5.0 (Linux; Android 6.0.1; Nexus 5X Build/MMB29P) AppleWebKit/537.36 (KHTML, like Gecko) Chrome/135.0.7049.52 Mobile Safari/537.36 (compatible; GoogleOther)"
207.46.13.153 - - [13/Apr/2025:08:52:12 -0400] "GET /special31382128.shtml HTTP/1.1" 200 26133 "-" "Mozilla/5.0 AppleWebKit/537.36 (KHTML, like Gecko; compatible; bingbot/2.0; +http://www.bing.com/bingbot.htm) Chrome/116.0.1938.76 Safari/537.36"
66.249.77.41 - - [13/Apr/2025:08:52:13 -0400] "GET /goodscode/100085390.shtml HTTP/1.1" 200 27892 "-" "Mozilla/5.0 (Linux; Android 6.0.1; Nexus 5X Build/MMB29P) AppleWebKit/537.36 (KHTML, like Gecko) Chrome/135.0.7049.52 Mobile Safari/537.36 (compatible; Googlebot/2.1; +http://www.google.com/bot.html)"
52.167.144.181 - - [13/Apr/2025:08:52:20 -0400] "GET /info/87945254.shtml HTTP/1.1" 200 25423 "-" "Mozilla/5.0 AppleWebKit/537.36 (KHTML, like Gecko; compatible; bingbot/2.0; +http://www.bing.com/bingbot.htm) Chrome/116.0.1938.76 Safari/537.36"
40.77.167.73 - - [13/Apr/2025:08:52:21 -0400] "GET /shopping89954870.shtml HTTP/1.1" 200 28059 "-" "Mozilla/5.0 AppleWebKit/537.36 (KHTML, like Gecko; compatible; bingbot/2.0; +http://www.bing.com/bingbot.htm) Chrome/116.0.1938.76 Safari/537.36"
66.249.77.40 - - [13/Apr/2025:08:52:21 -0400] "GET /entity/97713168.shtml HTTP/1.1" 200 26377 "-" "Mozilla/5.0 (Linux; Android 6.0.1; Nexus 5X Build/MMB29P) AppleWebKit/537.36 (KHTML, like Gecko) Chrome/135.0.7049.52 Mobile Safari/537.36 (compatible; Googlebot/2.1; +http://www.google.com/bot.html)"
52.167.144.208 - - [13/Apr/2025:08:52:24 -0400] "GET /items/anthracnose/53038062.shtml HTTP/1.1" 200 27265 "-" "Mozilla/5.0 AppleWebKit/537.36 (KHTML, like Gecko; compatible; bingbot/2.0; +http://www.bing.com/bingbot.htm) Chrome/116.0.1938.76 Safari/537.36"
66.249.77.40 - - [13/Apr/2025:08:52:27 -0400] "GET /goods119048438.shtml HTTP/1.1" 200 26249 "-" "Mozilla/5.0 (Linux; Android 6.0.1; Nexus 5X Build/MMB29P) AppleWebKit/537.36 (KHTML, like Gecko) Chrome/135.0.7049.52 Mobile Safari/537.36 (compatible; Googlebot/2.1; +http://www.google.com/bot.html)"
66.249.77.40 - - [13/Apr/2025:08:52:28 -0400] "GET /products/nui/bruteprenominal/35683448.shtml HTTP/1.1" 200 28678 "-" "Mozilla/5.0 (Linux; Android 6.0.1; Nexus 5X Build/MMB29P) AppleWebKit/537.36 (KHTML, like Gecko) Chrome/135.0.7049.52 Mobile Safari/537.36 (compatible; Googlebot/2.1; +http://www.google.com/bot.html)"
66.249.77.40 - - [13/Apr/2025:08:52:30 -0400] "GET /entity/84918200.shtml HTTP/1.1" 200 26274 "-" "Mozilla/5.0 (Linux; Android 6.0.1; Nexus 5X Build/MMB29P) AppleWebKit/537.36 (KHTML, like Gecko) Chrome/135.0.7049.52 Mobile Safari/537.36 (compatible; Googlebot/2.1; +http://www.google.com/bot.html)"
66.249.77.40 - - [13/Apr/2025:08:52:30 -0400] "GET /shopbrand/hmo/congressive/111186180.shtml HTTP/1.1" 200 29081 "-" "Mozilla/5.0 (Linux; Android 6.0.1; Nexus 5X Build/MMB29P) AppleWebKit/537.36 (KHTML, like Gecko) Chrome/135.0.7049.52 Mobile Safari/537.36 (compatible; GoogleOther)"
157.55.39.63 - - [13/Apr/2025:08:52:32 -0400] "GET /products/lm/pensioner82774756.shtml HTTP/1.1" 200 25512 "-" "Mozilla/5.0 AppleWebKit/537.36 (KHTML, like Gecko; compatible; bingbot/2.0; +http://www.bing.com/bingbot.htm) Chrome/116.0.1938.76 Safari/537.36"
40.77.167.73 - - [13/Apr/2025:08:52:34 -0400] "GET /info/pjm/oversetting50576148.shtml HTTP/1.1" 200 26871 "-" "Mozilla/5.0 AppleWebKit/537.36 (KHTML, like Gecko; compatible; bingbot/2.0; +http://www.bing.com/bingbot.htm) Chrome/116.0.1938.76 Safari/537.36"
66.249.77.41 - - [13/Apr/2025:08:52:36 -0400] "GET /shopbrand/35391300.shtml HTTP/1.1" 200 27082 "-" "Mozilla/5.0 (Linux; Android 6.0.1; Nexus 5X Build/MMB29P) AppleWebKit/537.36 (KHTML, like Gecko) Chrome/135.0.7049.52 Mobile Safari/537.36 (compatible; Googlebot/2.1; +http://www.google.com/bot.html)"
66.249.77.41 - - [13/Apr/2025:08:52:38 -0400] "GET /products/47584446.shtml HTTP/1.1" 200 26862 "-" "Mozilla/5.0 (Linux; Android 6.0.1; Nexus 5X Build/MMB29P) AppleWebKit/537.36 (KHTML, like Gecko) Chrome/135.0.7049.52 Mobile Safari/537.36 (compatible; Googlebot/2.1; +http://www.google.com/bot.html)"
40.77.167.24 - - [13/Apr/2025:08:52:40 -0400] "GET /shopping/neuropteral52398440.shtml HTTP/1.1" 200 26016 "-" "Mozilla/5.0 AppleWebKit/537.36 (KHTML, like Gecko; compatible; bingbot/2.0; +http://www.bing.com/bingbot.htm) Chrome/116.0.1938.76 Safari/537.36"
157.55.39.63 - - [13/Apr/2025:08:52:42 -0400] "GET /shopbrand44550912.shtml HTTP/1.1" 200 25909 "-" "Mozilla/5.0 AppleWebKit/537.36 (KHTML, like Gecko; compatible; bingbot/2.0; +http://www.bing.com/bingbot.htm) Chrome/116.0.1938.76 Safari/537.36"
66.249.77.40 - - [13/Apr/2025:08:52:43 -0400] "GET /goods/76575828.shtml HTTP/1.1" 200 26238 "-" "Mozilla/5.0 (Linux; Android 6.0.1; Nexus 5X Build/MMB29P) AppleWebKit/537.36 (KHTML, like Gecko) Chrome/135.0.7049.52 Mobile Safari/537.36 (compatible; Googlebot/2.1; +http://www.google.com/bot.html)"
40.77.167.24 - - [13/Apr/2025:08:52:50 -0400] "GET /product/99123422.shtml HTTP/1.1" 200 27526 "-" "Mozilla/5.0 AppleWebKit/537.36 (KHTML, like Gecko; compatible; bingbot/2.0; +http://www.bing.com/bingbot.htm) Chrome/116.0.1938.76 Safari/537.36"
66.249.77.40 - - [13/Apr/2025:08:52:50 -0400] "GET /products/j/lurking/101356144.shtml HTTP/1.1" 200 26853 "-" "Mozilla/5.0 (Linux; Android 6.0.1; Nexus 5X Build/MMB29P) AppleWebKit/537.36 (KHTML, like Gecko) Chrome/135.0.7049.52 Mobile Safari/537.36 (compatible; GoogleOther)"
157.55.39.63 - - [13/Apr/2025:08:52:51 -0400] "GET /products94796348.shtml HTTP/1.1" 200 27088 "-" "Mozilla/5.0 AppleWebKit/537.36 (KHTML, like Gecko; compatible; bingbot/2.0; +http://www.bing.com/bingbot.htm) Chrome/116.0.1938.76 Safari/537.36"
66.249.77.40 - - [13/Apr/2025:08:52:52 -0400] "GET /goodscode/jk/excursively/79378504.shtml HTTP/1.1" 200 26501 "-" "Mozilla/5.0 (Linux; Android 6.0.1; Nexus 5X Build/MMB29P) AppleWebKit/537.36 (KHTML, like Gecko) Chrome/135.0.7049.52 Mobile Safari/537.36 (compatible; Googlebot/2.1; +http://www.google.com/bot.html)"
66.249.77.41 - - [13/Apr/2025:08:52:56 -0400] "GET /items/112114994.shtml HTTP/1.1" 200 25786 "-" "Mozilla/5.0 (Linux; Android 6.0.1; Nexus 5X Build/MMB29P) AppleWebKit/537.36 (KHTML, like Gecko) Chrome/135.0.7049.52 Mobile Safari/537.36 (compatible; Googlebot/2.1; +http://www.google.com/bot.html)"
207.46.13.124 - - [13/Apr/2025:08:52:58 -0400] "GET /info/silicule51833170.shtml HTTP/1.1" 200 26271 "-" "Mozilla/5.0 AppleWebKit/537.36 (KHTML, like Gecko; compatible; bingbot/2.0; +http://www.bing.com/bingbot.htm) Chrome/116.0.1938.76 Safari/537.36"
40.77.167.24 - - [13/Apr/2025:08:53:00 -0400] "GET /item75774242.shtml HTTP/1.1" 200 25646 "-" "Mozilla/5.0 AppleWebKit/537.36 (KHTML, like Gecko; compatible; bingbot/2.0; +http://www.bing.com/bingbot.htm) Chrome/116.0.1938.76 Safari/537.36"
3.148.254.41 - - [13/Apr/2025:08:53:03 -0400] "GET /ad917/?path=%2Fhome%2F.%2Fservlmvm%2F.%2F.cpanel%2Ficals%2F.%2Finfocamer%40servethepeopleinc.org.ics HTTP/1.1" 200 981 "-" "Mozilla/5.0 AppleWebKit/537.36 (KHTML, like Gecko; compatible; ClaudeBot/1.0; +claudebot@anthropic.com)"
40.77.167.24 - - [13/Apr/2025:08:53:03 -0400] "GET /entity3298172.shtml HTTP/1.1" 200 26427 "-" "Mozilla/5.0 AppleWebKit/537.36 (KHTML, like Gecko; compatible; bingbot/2.0; +http://www.bing.com/bingbot.htm) Chrome/116.0.1938.76 Safari/537.36"
66.249.77.40 - - [13/Apr/2025:08:53:03 -0400] "GET /shopdetail/contango111375196.shtml HTTP/1.1" 200 26959 "-" "Mozilla/5.0 (Linux; Android 6.0.1; Nexus 5X Build/MMB29P) AppleWebKit/537.36 (KHTML, like Gecko) Chrome/135.0.7049.52 Mobile Safari/537.36 (compatible; Googlebot/2.1; +http://www.google.com/bot.html)"
3.148.254.41 - - [13/Apr/2025:08:53:05 -0400] "GET /ad917/?path=%2Fhome%2F.%2Fservlmvm%2F.cphorde%2F..%2F.%2Ftmp%2Fsess_6730e73a818125058a421cc40a17cac6 HTTP/1.1" 200 989 "-" "Mozilla/5.0 AppleWebKit/537.36 (KHTML, like Gecko; compatible; ClaudeBot/1.0; +claudebot@anthropic.com)"
3.148.254.41 - - [13/Apr/2025:08:53:08 -0400] "GET /ad917/?path=%2Fhome%2F.%2Fservlmvm%2F.cphorde%2F..%2F.%2Ftmp%2Fsess_93d3a2cfa95f1256597fb4ad633ba827 HTTP/1.1" 200 1089 "-" "Mozilla/5.0 AppleWebKit/537.36 (KHTML, like Gecko; compatible; ClaudeBot/1.0; +claudebot@anthropic.com)"
66.249.77.40 - - [13/Apr/2025:08:53:10 -0400] "GET /shopping19535990.shtml HTTP/1.1" 200 27707 "-" "Mozilla/5.0 (Linux; Android 6.0.1; Nexus 5X Build/MMB29P) AppleWebKit/537.36 (KHTML, like Gecko) Chrome/135.0.7049.52 Mobile Safari/537.36 (compatible; Googlebot/2.1; +http://www.google.com/bot.html)"
3.148.254.41 - - [13/Apr/2025:08:53:11 -0400] "GET /ad917/?path=%2Fhome%2F.%2Fservlmvm%2F.cphorde%2F..%2F.%2Ftmp%2Fsess_7fee51a1fe1d7a7ee0d89fe4a2a8f74f HTTP/1.1" 200 990 "-" "Mozilla/5.0 AppleWebKit/537.36 (KHTML, like Gecko; compatible; ClaudeBot/1.0; +claudebot@anthropic.com)"
66.249.77.41 - - [13/Apr/2025:08:53:11 -0400] "GET /items/112907272.shtml HTTP/1.1" 200 27062 "-" "Mozilla/5.0 (Linux; Android 6.0.1; Nexus 5X Build/MMB29P) AppleWebKit/537.36 (KHTML, like Gecko) Chrome/135.0.7049.52 Mobile Safari/537.36 (compatible; Googlebot/2.1; +http://www.google.com/bot.html)"
66.249.77.40 - - [13/Apr/2025:08:53:11 -0400] "GET /goodscode/z/venefice/331480.shtml HTTP/1.1" 200 27004 "-" "Mozilla/5.0 (Linux; Android 6.0.1; Nexus 5X Build/MMB29P) AppleWebKit/537.36 (KHTML, like Gecko) Chrome/135.0.7049.52 Mobile Safari/537.36 (compatible; GoogleOther)"
52.167.144.208 - - [13/Apr/2025:08:53:12 -0400] "GET /product/115946402.shtml HTTP/1.1" 200 27709 "-" "Mozilla/5.0 AppleWebKit/537.36 (KHTML, like Gecko; compatible; bingbot/2.0; +http://www.bing.com/bingbot.htm) Chrome/116.0.1938.76 Safari/537.36"
3.148.254.41 - - [13/Apr/2025:08:53:14 -0400] "GET /ad917/?path=%2Fhome%2F.%2Fservlmvm%2F.cphorde%2F..%2F.%2Ftmp%2Fsess_99aadd1401bc7530a4ddb89bf1297b0c HTTP/1.1" 200 2810 "-" "Mozilla/5.0 AppleWebKit/537.36 (KHTML, like Gecko; compatible; ClaudeBot/1.0; +claudebot@anthropic.com)"
66.249.77.40 - - [13/Apr/2025:08:53:15 -0400] "GET /info/wwy/quadrel/104641366.shtml HTTP/1.1" 200 26954 "-" "Mozilla/5.0 (Linux; Android 6.0.1; Nexus 5X Build/MMB29P) AppleWebKit/537.36 (KHTML, like Gecko) Chrome/135.0.7049.52 Mobile Safari/537.36 (compatible; Googlebot/2.1; +http://www.google.com/bot.html)"
207.46.13.124 - - [13/Apr/2025:08:53:16 -0400] "GET /shopdetail52112114.shtml HTTP/1.1" 200 26673 "-" "Mozilla/5.0 AppleWebKit/537.36 (KHTML, like Gecko; compatible; bingbot/2.0; +http://www.bing.com/bingbot.htm) Chrome/116.0.1938.76 Safari/537.36"
66.249.77.40 - - [13/Apr/2025:08:53:17 -0400] "GET /special/fi/businesswoman/108399312.shtml HTTP/1.1" 200 27696 "-" "Mozilla/5.0 (Linux; Android 6.0.1; Nexus 5X Build/MMB29P) AppleWebKit/537.36 (KHTML, like Gecko) Chrome/135.0.7049.52 Mobile Safari/537.36 (compatible; Googlebot/2.1; +http://www.google.com/bot.html)"
3.148.254.41 - - [13/Apr/2025:08:53:17 -0400] "GET /ad917/?path=%2Fhome%2F.%2Fservlmvm%2F.%2F.cpanel%2Ficals%2F.%2Ffidelstp%40servethepeopleinc.org.ics HTTP/1.1" 200 978 "-" "Mozilla/5.0 AppleWebKit/537.36 (KHTML, like Gecko; compatible; ClaudeBot/1.0; +claudebot@anthropic.com)"
66.249.77.40 - - [13/Apr/2025:08:53:19 -0400] "GET /items/libertarian117771638.shtml HTTP/1.1" 200 26956 "-" "Mozilla/5.0 (Linux; Android 6.0.1; Nexus 5X Build/MMB29P) AppleWebKit/537.36 (KHTML, like Gecko) Chrome/135.0.7049.52 Mobile Safari/537.36 (compatible; Googlebot/2.1; +http://www.google.com/bot.html)"
3.148.254.41 - - [13/Apr/2025:08:53:20 -0400] "GET /ad917/?path=%2Fhome%2F.%2Fservlmvm%2F.cpanel%2F.%2F.%2Ficals%2Ffidelstp%40servethepeopleinc.org.ics HTTP/1.1" 200 976 "-" "Mozilla/5.0 AppleWebKit/537.36 (KHTML, like Gecko; compatible; ClaudeBot/1.0; +claudebot@anthropic.com)"
66.249.77.40 - - [13/Apr/2025:08:53:21 -0400] "GET /goods35011242.shtml HTTP/1.1" 200 28949 "-" "Mozilla/5.0 (Linux; Android 6.0.1; Nexus 5X Build/MMB29P) AppleWebKit/537.36 (KHTML, like Gecko) Chrome/135.0.7049.52 Mobile Safari/537.36 (compatible; Googlebot/2.1; +http://www.google.com/bot.html)"
157.55.39.63 - - [13/Apr/2025:08:53:22 -0400] "GET /entity44105170.shtml HTTP/1.1" 200 26802 "-" "Mozilla/5.0 AppleWebKit/537.36 (KHTML, like Gecko; compatible; bingbot/2.0; +http://www.bing.com/bingbot.htm) Chrome/116.0.1938.76 Safari/537.36"
66.249.77.40 - - [13/Apr/2025:08:53:25 -0400] "GET /shopdetail/jyg/asperated/79202740.shtml HTTP/1.1" 200 27533 "-" "Mozilla/5.0 (Linux; Android 6.0.1; Nexus 5X Build/MMB29P) AppleWebKit/537.36 (KHTML, like Gecko) Chrome/135.0.7049.52 Mobile Safari/537.36 (compatible; Googlebot/2.1; +http://www.google.com/bot.html)"
66.249.77.40 - - [13/Apr/2025:08:53:25 -0400] "GET /items/n/antiscriptural/74464656.shtml HTTP/1.1" 200 27259 "-" "Mozilla/5.0 (Linux; Android 6.0.1; Nexus 5X Build/MMB29P) AppleWebKit/537.36 (KHTML, like Gecko) Chrome/135.0.7049.52 Mobile Safari/537.36 (compatible; GoogleOther)"
66.249.77.40 - - [13/Apr/2025:08:53:28 -0400] "GET /shopdetail/changed/53723234.shtml HTTP/1.1" 200 26964 "-" "Mozilla/5.0 (Linux; Android 6.0.1; Nexus 5X Build/MMB29P) AppleWebKit/537.36 (KHTML, like Gecko) Chrome/135.0.7049.52 Mobile Safari/537.36 (compatible; GoogleOther)"
66.249.77.41 - - [13/Apr/2025:08:53:29 -0400] "GET /item/qg/knuckling/23395222.shtml HTTP/1.1" 200 31974 "-" "Mozilla/5.0 (Linux; Android 6.0.1; Nexus 5X Build/MMB29P) AppleWebKit/537.36 (KHTML, like Gecko) Chrome/135.0.7049.52 Mobile Safari/537.36 (compatible; GoogleOther)"
66.249.77.40 - - [13/Apr/2025:08:53:31 -0400] "GET /goodscode/beeches/112774310.shtml HTTP/1.1" 200 28164 "-" "Mozilla/5.0 (Linux; Android 6.0.1; Nexus 5X Build/MMB29P) AppleWebKit/537.36 (KHTML, like Gecko) Chrome/135.0.7049.52 Mobile Safari/537.36 (compatible; Googlebot/2.1; +http://www.google.com/bot.html)"
66.249.77.41 - - [13/Apr/2025:08:53:37 -0400] "GET /product/110408470.shtml HTTP/1.1" 200 27660 "-" "Mozilla/5.0 (Linux; Android 6.0.1; Nexus 5X Build/MMB29P) AppleWebKit/537.36 (KHTML, like Gecko) Chrome/135.0.7049.52 Mobile Safari/537.36 (compatible; Googlebot/2.1; +http://www.google.com/bot.html)"
66.249.77.40 - - [13/Apr/2025:08:53:39 -0400] "GET /goodscode/wincey/54927978.shtml HTTP/1.1" 200 25298 "-" "Mozilla/5.0 (Linux; Android 6.0.1; Nexus 5X Build/MMB29P) AppleWebKit/537.36 (KHTML, like Gecko) Chrome/135.0.7049.52 Mobile Safari/537.36 (compatible; Googlebot/2.1; +http://www.google.com/bot.html)"
198.54.116.86 - - [13/Apr/2025:08:53:42 -0400] "POST /wp-cron.php?doing_wp_cron=1744548822.6902530193328857421875 HTTP/1.1" 200 0 "-" "WordPress/6.7.2; https://servethepeopleinc.org"
198.54.120.17 - - [13/Apr/2025:08:53:42 -0400] "POST /wp-login.php HTTP/1.1" 200 1927 "https://servethepeopleinc.org" "Mozilla/5.0 (Macintosh; Intel Mac OS X 10_15_7; rv:129.0) Gecko/20100101 Firefox/129.0"
198.54.116.86 - - [13/Apr/2025:08:53:42 -0400] "POST /wp-admin/admin-ajax.php?action=async_litespeed&nonce=0txM6Ic0ncpO4TRKilJ61xCzzGvMLhDy&litespeed_type=imgoptm HTTP/1.1" 200 21 "-" "WordPress/6.7.2; https://servethepeopleinc.org"
66.249.77.41 - - [13/Apr/2025:08:53:42 -0400] "GET /info112246706.shtml HTTP/1.1" 200 26072 "-" "Mozilla/5.0 (Linux; Android 6.0.1; Nexus 5X Build/MMB29P) AppleWebKit/537.36 (KHTML, like Gecko) Chrome/135.0.7049.52 Mobile Safari/537.36 (compatible; Googlebot/2.1; +http://www.google.com/bot.html)"
66.249.77.41 - - [13/Apr/2025:08:53:44 -0400] "GET /goodscode/iei/cerused/11290066.shtml HTTP/1.1" 200 29793 "-" "Mozilla/5.0 (Linux; Android 6.0.1; Nexus 5X Build/MMB29P) AppleWebKit/537.36 (KHTML, like Gecko) Chrome/135.0.7049.52 Mobile Safari/537.36 (compatible; GoogleOther)"
157.55.39.63 - - [13/Apr/2025:08:53:48 -0400] "GET /shopping/23622522.shtml HTTP/1.1" 200 25161 "-" "Mozilla/5.0 AppleWebKit/537.36 (KHTML, like Gecko; compatible; bingbot/2.0; +http://www.bing.com/bingbot.htm) Chrome/116.0.1938.76 Safari/537.36"
207.46.13.124 - - [13/Apr/2025:08:53:49 -0400] "GET /special122286658.shtml HTTP/1.1" 200 26137 "-" "Mozilla/5.0 AppleWebKit/537.36 (KHTML, like Gecko; compatible; bingbot/2.0; +http://www.bing.com/bingbot.htm) Chrome/116.0.1938.76 Safari/537.36"
66.249.77.41 - - [13/Apr/2025:08:53:49 -0400] "GET /shopping/zq/relied19622736.shtml HTTP/1.1" 200 28171 "-" "Mozilla/5.0 (Linux; Android 6.0.1; Nexus 5X Build/MMB29P) AppleWebKit/537.36 (KHTML, like Gecko) Chrome/135.0.7049.52 Mobile Safari/537.36 (compatible; Googlebot/2.1; +http://www.google.com/bot.html)"
66.249.77.40 - - [13/Apr/2025:08:53:51 -0400] "GET /info/118013128.shtml HTTP/1.1" 200 24994 "-" "Mozilla/5.0 (Linux; Android 6.0.1; Nexus 5X Build/MMB29P) AppleWebKit/537.36 (KHTML, like Gecko) Chrome/135.0.7049.52 Mobile Safari/537.36 (compatible; Googlebot/2.1; +http://www.google.com/bot.html)"
52.167.144.181 - - [13/Apr/2025:08:53:52 -0400] "GET /goodscode29284900.shtml HTTP/1.1" 200 25385 "-" "Mozilla/5.0 AppleWebKit/537.36 (KHTML, like Gecko; compatible; bingbot/2.0; +http://www.bing.com/bingbot.htm) Chrome/116.0.1938.76 Safari/537.36"
66.249.77.40 - - [13/Apr/2025:08:53:53 -0400] "GET /special/gobius/2831720.shtml HTTP/1.1" 200 26756 "-" "Mozilla/5.0 (Linux; Android 6.0.1; Nexus 5X Build/MMB29P) AppleWebKit/537.36 (KHTML, like Gecko) Chrome/135.0.7049.52 Mobile Safari/537.36 (compatible; Googlebot/2.1; +http://www.google.com/bot.html)"
207.46.13.124 - - [13/Apr/2025:08:53:57 -0400] "GET /entity68449190.shtml HTTP/1.1" 200 26599 "-" "Mozilla/5.0 AppleWebKit/537.36 (KHTML, like Gecko; compatible; bingbot/2.0; +http://www.bing.com/bingbot.htm) Chrome/116.0.1938.76 Safari/537.36"
66.249.77.42 - - [13/Apr/2025:08:53:57 -0400] "GET /product119528636.shtml HTTP/1.1" 200 27658 "-" "Mozilla/5.0 (Linux; Android 6.0.1; Nexus 5X Build/MMB29P) AppleWebKit/537.36 (KHTML, like Gecko) Chrome/135.0.7049.52 Mobile Safari/537.36 (compatible; Googlebot/2.1; +http://www.google.com/bot.html)"
66.249.77.42 - - [13/Apr/2025:08:54:03 -0400] "GET /items/a/windless/42747054.shtml HTTP/1.1" 200 29698 "-" "Mozilla/5.0 (Linux; Android 6.0.1; Nexus 5X Build/MMB29P) AppleWebKit/537.36 (KHTML, like Gecko) Chrome/135.0.7049.52 Mobile Safari/537.36 (compatible; GoogleOther)"
66.249.77.41 - - [13/Apr/2025:08:54:06 -0400] "GET /goodscode/qeg/blastomycosis/62008342.shtml HTTP/1.1" 200 27479 "-" "Mozilla/5.0 (Linux; Android 6.0.1; Nexus 5X Build/MMB29P) AppleWebKit/537.36 (KHTML, like Gecko) Chrome/135.0.7049.52 Mobile Safari/537.36 (compatible; Googlebot/2.1; +http://www.google.com/bot.html)"
40.77.167.73 - - [13/Apr/2025:08:54:07 -0400] "GET /detail/to/chainlet35326552.shtml HTTP/1.1" 200 27060 "-" "Mozilla/5.0 AppleWebKit/537.36 (KHTML, like Gecko; compatible; bingbot/2.0; +http://www.bing.com/bingbot.htm) Chrome/116.0.1938.76 Safari/537.36"
66.249.77.40 - - [13/Apr/2025:08:54:12 -0400] "GET /shopbrand/106371364.shtml HTTP/1.1" 200 26994 "-" "Mozilla/5.0 (Linux; Android 6.0.1; Nexus 5X Build/MMB29P) AppleWebKit/537.36 (KHTML, like Gecko) Chrome/135.0.7049.52 Mobile Safari/537.36 (compatible; Googlebot/2.1; +http://www.google.com/bot.html)"
52.167.144.208 - - [13/Apr/2025:08:54:13 -0400] "GET /detail4828262.shtml HTTP/1.1" 200 26369 "-" "Mozilla/5.0 AppleWebKit/537.36 (KHTML, like Gecko; compatible; bingbot/2.0; +http://www.bing.com/bingbot.htm) Chrome/116.0.1938.76 Safari/537.36"
40.77.167.24 - - [13/Apr/2025:08:54:14 -0400] "GET /shopbrand/valuedpolicy/2552168.shtml HTTP/1.1" 200 26865 "-" "Mozilla/5.0 AppleWebKit/537.36 (KHTML, like Gecko; compatible; bingbot/2.0; +http://www.bing.com/bingbot.htm) Chrome/116.0.1938.76 Safari/537.36"
66.249.77.40 - - [13/Apr/2025:08:54:14 -0400] "GET /shopdetail/b/inapathy/120700604.shtml HTTP/1.1" 200 27799 "-" "Mozilla/5.0 (Linux; Android 6.0.1; Nexus 5X Build/MMB29P) AppleWebKit/537.36 (KHTML, like Gecko) Chrome/135.0.7049.52 Mobile Safari/537.36 (compatible; Googlebot/2.1; +http://www.google.com/bot.html)"
66.249.77.40 - - [13/Apr/2025:08:54:19 -0400] "GET /?categories/1323582?num=33562 HTTP/1.1" 200 27150 "-" "Mozilla/5.0 (Linux; Android 6.0.1; Nexus 5X Build/MMB29P) AppleWebKit/537.36 (KHTML, like Gecko) Chrome/135.0.7049.52 Mobile Safari/537.36 (compatible; Googlebot/2.1; +http://www.google.com/bot.html)"
66.249.77.40 - - [13/Apr/2025:08:54:22 -0400] "GET /entity/bayantler63983284.shtml HTTP/1.1" 200 26248 "-" "Mozilla/5.0 (Linux; Android 6.0.1; Nexus 5X Build/MMB29P) AppleWebKit/537.36 (KHTML, like Gecko) Chrome/135.0.7049.52 Mobile Safari/537.36 (compatible; GoogleOther)"
157.55.39.63 - - [13/Apr/2025:08:54:23 -0400] "GET /shopping/95371852.shtml HTTP/1.1" 200 24958 "-" "Mozilla/5.0 AppleWebKit/537.36 (KHTML, like Gecko; compatible; bingbot/2.0; +http://www.bing.com/bingbot.htm) Chrome/116.0.1938.76 Safari/537.36"
66.249.77.40 - - [13/Apr/2025:08:54:25 -0400] "GET /entity/hko/subjugation/51430848.shtml HTTP/1.1" 200 25669 "-" "Mozilla/5.0 (Linux; Android 6.0.1; Nexus 5X Build/MMB29P) AppleWebKit/537.36 (KHTML, like Gecko) Chrome/135.0.7049.52 Mobile Safari/537.36 (compatible; GoogleOther)"
207.46.13.124 - - [13/Apr/2025:08:54:25 -0400] "GET /info3391180.shtml HTTP/1.1" 200 26834 "-" "Mozilla/5.0 AppleWebKit/537.36 (KHTML, like Gecko; compatible; bingbot/2.0; +http://www.bing.com/bingbot.htm) Chrome/116.0.1938.76 Safari/537.36"
66.249.77.40 - - [13/Apr/2025:08:54:26 -0400] "GET /items/14612452.shtml HTTP/1.1" 200 25693 "-" "Mozilla/5.0 (Linux; Android 6.0.1; Nexus 5X Build/MMB29P) AppleWebKit/537.36 (KHTML, like Gecko) Chrome/135.0.7049.52 Mobile Safari/537.36 (compatible; GoogleOther)"
157.55.39.63 - - [13/Apr/2025:08:54:27 -0400] "GET /items/vbe/religieuse34398420.shtml HTTP/1.1" 200 26347 "-" "Mozilla/5.0 AppleWebKit/537.36 (KHTML, like Gecko; compatible; bingbot/2.0; +http://www.bing.com/bingbot.htm) Chrome/116.0.1938.76 Safari/537.36"
40.77.167.73 - - [13/Apr/2025:08:54:37 -0400] "GET /special/ocular15124852.shtml HTTP/1.1" 200 28242 "-" "Mozilla/5.0 AppleWebKit/537.36 (KHTML, like Gecko; compatible; bingbot/2.0; +http://www.bing.com/bingbot.htm) Chrome/116.0.1938.76 Safari/537.36"
66.249.77.40 - - [13/Apr/2025:08:54:39 -0400] "GET /items/i/persea/63813162.shtml HTTP/1.1" 200 25231 "-" "Mozilla/5.0 (Linux; Android 6.0.1; Nexus 5X Build/MMB29P) AppleWebKit/537.36 (KHTML, like Gecko) Chrome/135.0.7049.52 Mobile Safari/537.36 (compatible; GoogleOther)"
40.77.167.73 - - [13/Apr/2025:08:54:42 -0400] "GET /special/tollmen78276240.shtml HTTP/1.1" 200 27173 "-" "Mozilla/5.0 AppleWebKit/537.36 (KHTML, like Gecko; compatible; bingbot/2.0; +http://www.bing.com/bingbot.htm) Chrome/116.0.1938.76 Safari/537.36"
66.249.77.40 - - [13/Apr/2025:08:54:43 -0400] "GET /item/mediterraneous/102610096.shtml HTTP/1.1" 200 28040 "-" "Mozilla/5.0 (Linux; Android 6.0.1; Nexus 5X Build/MMB29P) AppleWebKit/537.36 (KHTML, like Gecko) Chrome/135.0.7049.52 Mobile Safari/537.36 (compatible; Googlebot/2.1; +http://www.google.com/bot.html)"
207.46.13.124 - - [13/Apr/2025:08:54:49 -0400] "GET /shopping/46390360.shtml HTTP/1.1" 200 26172 "-" "Mozilla/5.0 AppleWebKit/537.36 (KHTML, like Gecko; compatible; bingbot/2.0; +http://www.bing.com/bingbot.htm) Chrome/116.0.1938.76 Safari/537.36"
52.167.144.208 - - [13/Apr/2025:08:54:52 -0400] "GET /product/ii/deadened122080018.shtml HTTP/1.1" 200 27371 "-" "Mozilla/5.0 AppleWebKit/537.36 (KHTML, like Gecko; compatible; bingbot/2.0; +http://www.bing.com/bingbot.htm) Chrome/116.0.1938.76 Safari/537.36"
66.249.77.41 - - [13/Apr/2025:08:54:58 -0400] "GET /entity/a/masseter/2028494.shtml HTTP/1.1" 200 24609 "-" "Mozilla/5.0 (Linux; Android 6.0.1; Nexus 5X Build/MMB29P) AppleWebKit/537.36 (KHTML, like Gecko) Chrome/135.0.7049.52 Mobile Safari/537.36 (compatible; GoogleOther)"
66.249.77.41 - - [13/Apr/2025:08:55:10 -0400] "GET /item92220240.shtml HTTP/1.1" 200 27999 "-" "Mozilla/5.0 (Linux; Android 6.0.1; Nexus 5X Build/MMB29P) AppleWebKit/537.36 (KHTML, like Gecko) Chrome/135.0.7049.52 Mobile Safari/537.36 (compatible; Googlebot/2.1; +http://www.google.com/bot.html)"
52.167.144.181 - - [13/Apr/2025:08:55:12 -0400] "GET /items45305882.shtml HTTP/1.1" 200 26093 "-" "Mozilla/5.0 AppleWebKit/537.36 (KHTML, like Gecko; compatible; bingbot/2.0; +http://www.bing.com/bingbot.htm) Chrome/116.0.1938.76 Safari/537.36"
66.249.77.40 - - [13/Apr/2025:08:55:12 -0400] "GET /items/m/recelebrate/30431982.shtml HTTP/1.1" 200 26013 "-" "Mozilla/5.0 (Linux; Android 6.0.1; Nexus 5X Build/MMB29P) AppleWebKit/537.36 (KHTML, like Gecko) Chrome/135.0.7049.52 Mobile Safari/537.36 (compatible; Googlebot/2.1; +http://www.google.com/bot.html)"
66.249.77.41 - - [13/Apr/2025:08:55:15 -0400] "GET /goodscode/ju/syneresis108244416.shtml HTTP/1.1" 200 26161 "-" "Mozilla/5.0 (Linux; Android 6.0.1; Nexus 5X Build/MMB29P) AppleWebKit/537.36 (KHTML, like Gecko) Chrome/135.0.7049.52 Mobile Safari/537.36 (compatible; Googlebot/2.1; +http://www.google.com/bot.html)"
40.77.167.73 - - [13/Apr/2025:08:55:15 -0400] "GET /goods/malonic/50537554.shtml HTTP/1.1" 200 26163 "-" "Mozilla/5.0 AppleWebKit/537.36 (KHTML, like Gecko; compatible; bingbot/2.0; +http://www.bing.com/bingbot.htm) Chrome/116.0.1938.76 Safari/537.36"
66.249.77.40 - - [13/Apr/2025:08:55:16 -0400] "GET /shopping/wy/imrigh/84911110.shtml HTTP/1.1" 200 26840 "-" "Mozilla/5.0 (Linux; Android 6.0.1; Nexus 5X Build/MMB29P) AppleWebKit/537.36 (KHTML, like Gecko) Chrome/135.0.7049.52 Mobile Safari/537.36 (compatible; Googlebot/2.1; +http://www.google.com/bot.html)"
66.249.77.41 - - [13/Apr/2025:08:55:18 -0400] "GET /item/anm/reproductive58838766.shtml HTTP/1.1" 200 25390 "-" "Mozilla/5.0 (Linux; Android 6.0.1; Nexus 5X Build/MMB29P) AppleWebKit/537.36 (KHTML, like Gecko) Chrome/135.0.7049.52 Mobile Safari/537.36 (compatible; Googlebot/2.1; +http://www.google.com/bot.html)"
52.167.144.208 - - [13/Apr/2025:08:55:22 -0400] "GET /info/k/amolition29671866.shtml HTTP/1.1" 200 25376 "-" "Mozilla/5.0 AppleWebKit/537.36 (KHTML, like Gecko; compatible; bingbot/2.0; +http://www.bing.com/bingbot.htm) Chrome/116.0.1938.76 Safari/537.36"
66.249.77.40 - - [13/Apr/2025:08:55:23 -0400] "GET /item/coruscant/38111686.shtml HTTP/1.1" 200 25820 "-" "Mozilla/5.0 (Linux; Android 6.0.1; Nexus 5X Build/MMB29P) AppleWebKit/537.36 (KHTML, like Gecko) Chrome/135.0.7049.52 Mobile Safari/537.36 (compatible; Googlebot/2.1; +http://www.google.com/bot.html)"
52.167.144.181 - - [13/Apr/2025:08:55:24 -0400] "GET /shopping/bilobed/36491678.shtml HTTP/1.1" 200 28306 "-" "Mozilla/5.0 AppleWebKit/537.36 (KHTML, like Gecko; compatible; bingbot/2.0; +http://www.bing.com/bingbot.htm) Chrome/116.0.1938.76 Safari/537.36"
66.249.77.40 - - [13/Apr/2025:08:55:25 -0400] "GET /product/ngi/tritium/108018620.shtml HTTP/1.1" 200 27801 "-" "Mozilla/5.0 (Linux; Android 6.0.1; Nexus 5X Build/MMB29P) AppleWebKit/537.36 (KHTML, like Gecko) Chrome/135.0.7049.52 Mobile Safari/537.36 (compatible; Googlebot/2.1; +http://www.google.com/bot.html)"
18.222.116.218 - - [13/Apr/2025:08:55:28 -0400] "GET /ad917/?path=%2Fhome%2F.%2Fservlmvm%2F.cpanel%2F..%2Flogs%2F.%2Fspekkshealth.com.servethepeopleinc.org-Mar-2025.gz HTTP/1.1" 200 1000 "-" "Mozilla/5.0 AppleWebKit/537.36 (KHTML, like Gecko; compatible; ClaudeBot/1.0; +claudebot@anthropic.com)"
66.249.77.40 - - [13/Apr/2025:08:55:27 -0400] "GET /info/xwa/audiotape/112450312.shtml HTTP/1.1" 200 28941 "-" "Mozilla/5.0 (Linux; Android 6.0.1; Nexus 5X Build/MMB29P) AppleWebKit/537.36 (KHTML, like Gecko) Chrome/135.0.7049.52 Mobile Safari/537.36 (compatible; Googlebot/2.1; +http://www.google.com/bot.html)"
66.249.77.40 - - [13/Apr/2025:08:55:28 -0400] "GET /goodscode37250682.shtml HTTP/1.1" 200 25756 "-" "Mozilla/5.0 (Linux; Android 6.0.1; Nexus 5X Build/MMB29P) AppleWebKit/537.36 (KHTML, like Gecko) Chrome/135.0.7049.52 Mobile Safari/537.36 (compatible; Googlebot/2.1; +http://www.google.com/bot.html)"
18.222.116.218 - - [13/Apr/2025:08:55:31 -0400] "GET /ad917/?path=%2Fhome%2F.%2Fservlmvm%2F.cpanel%2F.%2F.%2Ficals%2F.cpanel_ics_import_info%40servethepeopleinc.org HTTP/1.1" 200 988 "-" "Mozilla/5.0 AppleWebKit/537.36 (KHTML, like Gecko; compatible; ClaudeBot/1.0; +claudebot@anthropic.com)"
66.249.77.40 - - [13/Apr/2025:08:55:30 -0400] "GET /goods/strigil82723200.shtml HTTP/1.1" 200 26889 "-" "Mozilla/5.0 (Linux; Android 6.0.1; Nexus 5X Build/MMB29P) AppleWebKit/537.36 (KHTML, like Gecko) Chrome/135.0.7049.52 Mobile Safari/537.36 (compatible; Googlebot/2.1; +http://www.google.com/bot.html)"
52.167.144.181 - - [13/Apr/2025:08:55:32 -0400] "GET /shopdetail84763858.shtml HTTP/1.1" 200 26470 "-" "Mozilla/5.0 AppleWebKit/537.36 (KHTML, like Gecko; compatible; bingbot/2.0; +http://www.bing.com/bingbot.htm) Chrome/116.0.1938.76 Safari/537.36"
66.249.77.40 - - [13/Apr/2025:08:55:32 -0400] "GET /items/mesobronchia/112216670.shtml HTTP/1.1" 200 26886 "-" "Mozilla/5.0 (Linux; Android 6.0.1; Nexus 5X Build/MMB29P) AppleWebKit/537.36 (KHTML, like Gecko) Chrome/135.0.7049.52 Mobile Safari/537.36 (compatible; Googlebot/2.1; +http://www.google.com/bot.html)"
157.55.39.63 - - [13/Apr/2025:08:55:32 -0400] "GET /detail/119895678.shtml HTTP/1.1" 200 26213 "-" "Mozilla/5.0 AppleWebKit/537.36 (KHTML, like Gecko; compatible; bingbot/2.0; +http://www.bing.com/bingbot.htm) Chrome/116.0.1938.76 Safari/537.36"
18.222.116.218 - - [13/Apr/2025:08:55:34 -0400] "GET /ad917/?path=%2Fhome%2F.%2Fservlmvm%2F.%2F.cpanel%2Ficals%2F.%2F.cpanel_ics_import_info%40servethepeopleinc.org HTTP/1.1" 200 991 "-" "Mozilla/5.0 AppleWebKit/537.36 (KHTML, like Gecko; compatible; ClaudeBot/1.0; +claudebot@anthropic.com)"
66.249.77.41 - - [13/Apr/2025:08:55:34 -0400] "GET /categories/1437422?num=33890 HTTP/1.1" 200 27383 "-" "Mozilla/5.0 (Linux; Android 6.0.1; Nexus 5X Build/MMB29P) AppleWebKit/537.36 (KHTML, like Gecko) Chrome/135.0.7049.52 Mobile Safari/537.36 (compatible; Googlebot/2.1; +http://www.google.com/bot.html)"
40.77.167.73 - - [13/Apr/2025:08:55:34 -0400] "GET /special/103476638.shtml HTTP/1.1" 200 27180 "-" "Mozilla/5.0 AppleWebKit/537.36 (KHTML, like Gecko; compatible; bingbot/2.0; +http://www.bing.com/bingbot.htm) Chrome/116.0.1938.76 Safari/537.36"
66.249.77.40 - - [13/Apr/2025:08:55:36 -0400] "GET /shopdetail112216940.shtml HTTP/1.1" 200 25787 "-" "Mozilla/5.0 (Linux; Android 6.0.1; Nexus 5X Build/MMB29P) AppleWebKit/537.36 (KHTML, like Gecko) Chrome/135.0.7049.52 Mobile Safari/537.36 (compatible; Googlebot/2.1; +http://www.google.com/bot.html)"
18.222.116.218 - - [13/Apr/2025:08:55:37 -0400] "GET /ad917/?path=%2Fhome%2F.%2Fservlmvm%2F.cpanel%2F..%2Flogs%2F.%2Fftp.servethepeopleinc.org-ftp_log-Jan-2024.gz HTTP/1.1" 200 997 "-" "Mozilla/5.0 AppleWebKit/537.36 (KHTML, like Gecko; compatible; ClaudeBot/1.0; +claudebot@anthropic.com)"
18.222.116.218 - - [13/Apr/2025:08:55:40 -0400] "GET /ad917/?path=%2Fhome%2F.%2Fservlmvm%2F.cpanel%2F..%2Flogs%2F.%2Fservethepeopleinc.org-ssl_log-Mar-2025.gz HTTP/1.1" 200 995 "-" "Mozilla/5.0 AppleWebKit/537.36 (KHTML, like Gecko; compatible; ClaudeBot/1.0; +claudebot@anthropic.com)"
40.77.167.24 - - [13/Apr/2025:08:55:40 -0400] "GET /goods/mcw/peregrina/52708782.shtml HTTP/1.1" 200 25768 "-" "Mozilla/5.0 AppleWebKit/537.36 (KHTML, like Gecko; compatible; bingbot/2.0; +http://www.bing.com/bingbot.htm) Chrome/116.0.1938.76 Safari/537.36"
40.77.167.73 - - [13/Apr/2025:08:55:42 -0400] "GET /info/60429412.shtml HTTP/1.1" 200 27012 "-" "Mozilla/5.0 AppleWebKit/537.36 (KHTML, like Gecko; compatible; bingbot/2.0; +http://www.bing.com/bingbot.htm) Chrome/116.0.1938.76 Safari/537.36"
18.222.116.218 - - [13/Apr/2025:08:55:43 -0400] "GET /ad917/?path=%2Fhome%2F.%2Fservlmvm%2F.cpanel%2F..%2Flogs%2F.%2Fservethepeopleinc.org-ssl_log-Apr-2025.gz HTTP/1.1" 200 995 "-" "Mozilla/5.0 AppleWebKit/537.36 (KHTML, like Gecko; compatible; ClaudeBot/1.0; +claudebot@anthropic.com)"
18.222.116.218 - - [13/Apr/2025:08:55:46 -0400] "GET /ad917/?path=%2Fhome%2F.%2Fservlmvm%2F.cpanel%2F.%2F.%2Ficals%2Finfocamer%40servethepeopleinc.org.ics HTTP/1.1" 200 987 "-" "Mozilla/5.0 AppleWebKit/537.36 (KHTML, like Gecko; compatible; ClaudeBot/1.0; +claudebot@anthropic.com)"
40.77.167.73 - - [13/Apr/2025:08:55:45 -0400] "GET /product/gge/configuring/ HTTP/1.1" 200 26909 "-" "Mozilla/5.0 AppleWebKit/537.36 (KHTML, like Gecko; compatible; bingbot/2.0; +http://www.bing.com/bingbot.htm) Chrome/116.0.1938.76 Safari/537.36"
66.249.77.40 - - [13/Apr/2025:08:55:49 -0400] "GET /goods/3311952.shtml HTTP/1.1" 200 26606 "-" "Mozilla/5.0 (Linux; Android 6.0.1; Nexus 5X Build/MMB29P) AppleWebKit/537.36 (KHTML, like Gecko) Chrome/135.0.7049.52 Mobile Safari/537.36 (compatible; Googlebot/2.1; +http://www.google.com/bot.html)"
52.167.144.208 - - [13/Apr/2025:08:55:52 -0400] "GET /shopdetail/objurgatory26752698.shtml HTTP/1.1" 200 26781 "-" "Mozilla/5.0 AppleWebKit/537.36 (KHTML, like Gecko; compatible; bingbot/2.0; +http://www.bing.com/bingbot.htm) Chrome/116.0.1938.76 Safari/537.36"
66.249.77.40 - - [13/Apr/2025:08:55:53 -0400] "GET /shopping/19283102.shtml HTTP/1.1" 200 26890 "-" "Mozilla/5.0 (Linux; Android 6.0.1; Nexus 5X Build/MMB29P) AppleWebKit/537.36 (KHTML, like Gecko) Chrome/135.0.7049.52 Mobile Safari/537.36 (compatible; Googlebot/2.1; +http://www.google.com/bot.html)"
66.249.77.41 - - [13/Apr/2025:08:55:53 -0400] "GET /goodscode/iey/plimsolls/58161998.shtml HTTP/1.1" 200 27362 "-" "Mozilla/5.0 (Linux; Android 6.0.1; Nexus 5X Build/MMB29P) AppleWebKit/537.36 (KHTML, like Gecko) Chrome/135.0.7049.52 Mobile Safari/537.36 (compatible; GoogleOther)"
52.167.144.208 - - [13/Apr/2025:08:55:54 -0400] "GET /goodscode/hre/hexahedral65738248.shtml HTTP/1.1" 200 27357 "-" "Mozilla/5.0 AppleWebKit/537.36 (KHTML, like Gecko; compatible; bingbot/2.0; +http://www.bing.com/bingbot.htm) Chrome/116.0.1938.76 Safari/537.36"
66.249.77.40 - - [13/Apr/2025:08:55:56 -0400] "GET /items/italicism19371592.shtml HTTP/1.1" 200 25477 "-" "Mozilla/5.0 (Linux; Android 6.0.1; Nexus 5X Build/MMB29P) AppleWebKit/537.36 (KHTML, like Gecko) Chrome/135.0.7049.52 Mobile Safari/537.36 (compatible; Googlebot/2.1; +http://www.google.com/bot.html)"
66.249.77.41 - - [13/Apr/2025:08:56:02 -0400] "GET /detail/106079228.shtml HTTP/1.1" 200 27036 "-" "Mozilla/5.0 (Linux; Android 6.0.1; Nexus 5X Build/MMB29P) AppleWebKit/537.36 (KHTML, like Gecko) Chrome/135.0.7049.52 Mobile Safari/537.36 (compatible; Googlebot/2.1; +http://www.google.com/bot.html)"
52.167.144.208 - - [13/Apr/2025:08:56:02 -0400] "GET /product/om/hoodoo100998182.shtml HTTP/1.1" 200 24432 "-" "Mozilla/5.0 AppleWebKit/537.36 (KHTML, like Gecko; compatible; bingbot/2.0; +http://www.bing.com/bingbot.htm) Chrome/116.0.1938.76 Safari/537.36"
52.167.144.181 - - [13/Apr/2025:08:56:04 -0400] "GET /detail63165308.shtml HTTP/1.1" 200 28469 "-" "Mozilla/5.0 AppleWebKit/537.36 (KHTML, like Gecko; compatible; bingbot/2.0; +http://www.bing.com/bingbot.htm) Chrome/116.0.1938.76 Safari/537.36"
66.249.77.42 - - [13/Apr/2025:08:56:05 -0400] "GET /goods/110619394.shtml HTTP/1.1" 200 26105 "-" "Mozilla/5.0 (Linux; Android 6.0.1; Nexus 5X Build/MMB29P) AppleWebKit/537.36 (KHTML, like Gecko) Chrome/135.0.7049.52 Mobile Safari/537.36 (compatible; Googlebot/2.1; +http://www.google.com/bot.html)"
66.249.77.40 - - [13/Apr/2025:08:56:07 -0400] "GET /goods/chelaship63248430.shtml HTTP/1.1" 200 26562 "-" "Mozilla/5.0 (Linux; Android 6.0.1; Nexus 5X Build/MMB29P) AppleWebKit/537.36 (KHTML, like Gecko) Chrome/135.0.7049.52 Mobile Safari/537.36 (compatible; Googlebot/2.1; +http://www.google.com/bot.html)"
40.77.167.73 - - [13/Apr/2025:08:56:11 -0400] "GET /entity/exm/fructiculose20449610.shtml HTTP/1.1" 200 27013 "-" "Mozilla/5.0 AppleWebKit/537.36 (KHTML, like Gecko; compatible; bingbot/2.0; +http://www.bing.com/bingbot.htm) Chrome/116.0.1938.76 Safari/537.36"
66.249.77.40 - - [13/Apr/2025:08:56:14 -0400] "GET /product/27978090.shtml HTTP/1.1" 200 25805 "-" "Mozilla/5.0 (Linux; Android 6.0.1; Nexus 5X Build/MMB29P) AppleWebKit/537.36 (KHTML, like Gecko) Chrome/135.0.7049.52 Mobile Safari/537.36 (compatible; Googlebot/2.1; +http://www.google.com/bot.html)"
66.249.77.40 - - [13/Apr/2025:08:56:15 -0400] "GET /products/p/eldership/6286892.shtml HTTP/1.1" 200 25120 "-" "Mozilla/5.0 (Linux; Android 6.0.1; Nexus 5X Build/MMB29P) AppleWebKit/537.36 (KHTML, like Gecko) Chrome/135.0.7049.52 Mobile Safari/537.36 (compatible; GoogleOther)"
52.167.144.208 - - [13/Apr/2025:08:56:16 -0400] "GET /goods39482294.shtml HTTP/1.1" 200 25268 "-" "Mozilla/5.0 AppleWebKit/537.36 (KHTML, like Gecko; compatible; bingbot/2.0; +http://www.bing.com/bingbot.htm) Chrome/116.0.1938.76 Safari/537.36"
40.77.167.73 - - [13/Apr/2025:08:56:20 -0400] "GET /shopping100455848.shtml HTTP/1.1" 200 28535 "-" "Mozilla/5.0 AppleWebKit/537.36 (KHTML, like Gecko; compatible; bingbot/2.0; +http://www.bing.com/bingbot.htm) Chrome/116.0.1938.76 Safari/537.36"
66.249.77.40 - - [13/Apr/2025:08:56:21 -0400] "GET /entity/38398684.shtml HTTP/1.1" 200 25390 "-" "Mozilla/5.0 (Linux; Android 6.0.1; Nexus 5X Build/MMB29P) AppleWebKit/537.36 (KHTML, like Gecko) Chrome/135.0.7049.52 Mobile Safari/537.36 (compatible; Googlebot/2.1; +http://www.google.com/bot.html)"
66.249.77.40 - - [13/Apr/2025:08:56:22 -0400] "GET /items/109207370.shtml HTTP/1.1" 200 27232 "-" "Mozilla/5.0 (Linux; Android 6.0.1; Nexus 5X Build/MMB29P) AppleWebKit/537.36 (KHTML, like Gecko) Chrome/135.0.7049.52 Mobile Safari/537.36 (compatible; Googlebot/2.1; +http://www.google.com/bot.html)"
66.249.77.40 - - [13/Apr/2025:08:56:24 -0400] "GET /products76780898.shtml HTTP/1.1" 200 26028 "-" "Mozilla/5.0 (Linux; Android 6.0.1; Nexus 5X Build/MMB29P) AppleWebKit/537.36 (KHTML, like Gecko) Chrome/135.0.7049.52 Mobile Safari/537.36 (compatible; Googlebot/2.1; +http://www.google.com/bot.html)"
3.142.239.146 - - [13/Apr/2025:08:56:25 -0400] "GET /robots.txt HTTP/1.1" 200 101 "-" "Mozilla/5.0 AppleWebKit/537.36 (KHTML, like Gecko; compatible; ClaudeBot/1.0; +claudebot@anthropic.com)"
3.142.239.146 - - [13/Apr/2025:08:56:26 -0400] "GET /ad917/?path=%2Fhome%2F.%2F..%2Flib64%2Fapr-util-1%2F..%2Flibhiredis.so.0 HTTP/1.1" 200 963 "-" "Mozilla/5.0 AppleWebKit/537.36 (KHTML, like Gecko; compatible; ClaudeBot/1.0; +claudebot@anthropic.com)"
3.142.239.146 - - [13/Apr/2025:08:56:26 -0400] "GET /ad917/?path=%2Fhome%2F.%2F..%2Flib64%2Fcifs-utils%2F..%2Flibtss2-rc.so.0 HTTP/1.1" 200 964 "-" "Mozilla/5.0 AppleWebKit/537.36 (KHTML, like Gecko; compatible; ClaudeBot/1.0; +claudebot@anthropic.com)"
3.142.239.146 - - [13/Apr/2025:08:56:26 -0400] "GET /ad917/?path=%2Fhome%2F.%2F..%2Flib64%2Frsyslog%2F..%2Flibdrm_radeon.so.1 HTTP/1.1" 200 962 "-" "Mozilla/5.0 AppleWebKit/537.36 (KHTML, like Gecko; compatible; ClaudeBot/1.0; +claudebot@anthropic.com)"
3.142.239.146 - - [13/Apr/2025:08:56:26 -0400] "GET /ad917/?path=%2Fhome%2F.%2F..%2Flib64%2Fapr-util-1%2F..%2Flibndp.so.0.1.1 HTTP/1.1" 200 964 "-" "Mozilla/5.0 AppleWebKit/537.36 (KHTML, like Gecko; compatible; ClaudeBot/1.0; +claudebot@anthropic.com)"
3.142.239.146 - - [13/Apr/2025:08:56:26 -0400] "GET /ad917/?path=%2Fhome%2F.%2F..%2Flib64%2Ffirebird%2F..%2FlibSvtAv1Enc.so.0 HTTP/1.1" 200 964 "-" "Mozilla/5.0 AppleWebKit/537.36 (KHTML, like Gecko; compatible; ClaudeBot/1.0; +claudebot@anthropic.com)"
40.77.167.73 - - [13/Apr/2025:08:56:25 -0400] "GET /special/friezing70127968.shtml HTTP/1.1" 200 25850 "-" "Mozilla/5.0 AppleWebKit/537.36 (KHTML, like Gecko; compatible; bingbot/2.0; +http://www.bing.com/bingbot.htm) Chrome/116.0.1938.76 Safari/537.36"
52.167.144.181 - - [13/Apr/2025:08:56:29 -0400] "GET /info76173972.shtml HTTP/1.1" 200 27158 "-" "Mozilla/5.0 AppleWebKit/537.36 (KHTML, like Gecko; compatible; bingbot/2.0; +http://www.bing.com/bingbot.htm) Chrome/116.0.1938.76 Safari/537.36"
3.142.239.146 - - [13/Apr/2025:08:56:30 -0400] "GET /ad917/?path=%2Fhome%2F.%2F..%2Flib64%2Frsyslog%2F..%2Flibgsttag-1.0.so.0 HTTP/1.1" 200 963 "-" "Mozilla/5.0 AppleWebKit/537.36 (KHTML, like Gecko; compatible; ClaudeBot/1.0; +claudebot@anthropic.com)"
3.142.239.146 - - [13/Apr/2025:08:56:30 -0400] "GET /ad917/?path=%2Fhome%2F.%2F..%2Flib64%2Flibuser%2F..%2Flibpulse.so.0.23.0 HTTP/1.1" 200 965 "-" "Mozilla/5.0 AppleWebKit/537.36 (KHTML, like Gecko; compatible; ClaudeBot/1.0; +claudebot@anthropic.com)"
3.142.239.146 - - [13/Apr/2025:08:56:30 -0400] "GET /ad917/?path=%2Fhome%2F.%2F..%2Flib64%2Flibuser%2F..%2FlibXrandr.so.2.2.0 HTTP/1.1" 200 965 "-" "Mozilla/5.0 AppleWebKit/537.36 (KHTML, like Gecko; compatible; ClaudeBot/1.0; +claudebot@anthropic.com)"
3.142.239.146 - - [13/Apr/2025:08:56:30 -0400] "GET /ad917/?path=%2Fhome%2F.%2F..%2F.%2Flib64%2Faspell-0.60%2Fiso-8859-2.cmap HTTP/1.1" 200 6876 "-" "Mozilla/5.0 AppleWebKit/537.36 (KHTML, like Gecko; compatible; ClaudeBot/1.0; +claudebot@anthropic.com)"
3.142.239.146 - - [13/Apr/2025:08:56:30 -0400] "GET /ad917/?path=%2Fhome%2F.%2F..%2F.%2Flib64%2Faspell-0.60%2Fiso-8859-5.cset HTTP/1.1" 200 4252 "-" "Mozilla/5.0 AppleWebKit/537.36 (KHTML, like Gecko; compatible; ClaudeBot/1.0; +claudebot@anthropic.com)"
52.167.144.181 - - [13/Apr/2025:08:56:31 -0400] "GET /products/76463498.shtml HTTP/1.1" 200 27736 "-" "Mozilla/5.0 AppleWebKit/537.36 (KHTML, like Gecko; compatible; bingbot/2.0; +http://www.bing.com/bingbot.htm) Chrome/116.0.1938.76 Safari/537.36"
66.249.77.40 - - [13/Apr/2025:08:56:31 -0400] "GET /special/l/unguis99016024.shtml HTTP/1.1" 200 27299 "-" "Mozilla/5.0 (Linux; Android 6.0.1; Nexus 5X Build/MMB29P) AppleWebKit/537.36 (KHTML, like Gecko) Chrome/135.0.7049.52 Mobile Safari/537.36 (compatible; Googlebot/2.1; +http://www.google.com/bot.html)"
3.142.239.146 - - [13/Apr/2025:08:56:32 -0400] "GET /ad917/?path=%2Fhome%2F.%2F..%2Flib64%2Flibuser%2F..%2Flibguile-2.0.so.22 HTTP/1.1" 200 964 "-" "Mozilla/5.0 AppleWebKit/537.36 (KHTML, like Gecko; compatible; ClaudeBot/1.0; +claudebot@anthropic.com)"
3.142.239.146 - - [13/Apr/2025:08:56:32 -0400] "GET /ad917/?path=%2Fhome%2F.%2F..%2F.%2Flib64%2Faspell-0.60%2Fiso-8859-6.cmap HTTP/1.1" 200 8133 "-" "Mozilla/5.0 AppleWebKit/537.36 (KHTML, like Gecko; compatible; ClaudeBot/1.0; +claudebot@anthropic.com)"
3.142.239.146 - - [13/Apr/2025:08:56:32 -0400] "GET /ad917/?path=%2Fhome%2F.%2F..%2Flib64%2Flibuser%2F..%2Flibcollection.so.4 HTTP/1.1" 200 962 "-" "Mozilla/5.0 AppleWebKit/537.36 (KHTML, like Gecko; compatible; ClaudeBot/1.0; +claudebot@anthropic.com)"
40.77.167.73 - - [13/Apr/2025:08:56:32 -0400] "GET /entity/33792926.shtml HTTP/1.1" 200 27361 "-" "Mozilla/5.0 AppleWebKit/537.36 (KHTML, like Gecko; compatible; bingbot/2.0; +http://www.bing.com/bingbot.htm) Chrome/116.0.1938.76 Safari/537.36"
3.142.239.146 - - [13/Apr/2025:08:56:33 -0400] "GET /ad917/?path=%2Fhome%2F.%2F..%2Flib64%2Flibuser%2F..%2Flibipmidetect.so.0 HTTP/1.1" 200 963 "-" "Mozilla/5.0 AppleWebKit/537.36 (KHTML, like Gecko; compatible; ClaudeBot/1.0; +claudebot@anthropic.com)"
3.142.239.146 - - [13/Apr/2025:08:56:33 -0400] "GET /ad917/?path=%2Fhome%2F.%2F..%2Flib64%2Frsyslog%2F..%2Flibmcrypt.so.4.4.8 HTTP/1.1" 200 964 "-" "Mozilla/5.0 AppleWebKit/537.36 (KHTML, like Gecko; compatible; ClaudeBot/1.0; +claudebot@anthropic.com)"
66.249.77.40 - - [13/Apr/2025:08:56:32 -0400] "GET /goodscode/ko/neglected/24476050.shtml HTTP/1.1" 200 26590 "-" "Mozilla/5.0 (Linux; Android 6.0.1; Nexus 5X Build/MMB29P) AppleWebKit/537.36 (KHTML, like Gecko) Chrome/135.0.7049.52 Mobile Safari/537.36 (compatible; GoogleOther)"
66.249.77.40 - - [13/Apr/2025:08:56:35 -0400] "GET /shopbrand/1312142.shtml HTTP/1.1" 200 29904 "-" "Mozilla/5.0 (Linux; Android 6.0.1; Nexus 5X Build/MMB29P) AppleWebKit/537.36 (KHTML, like Gecko) Chrome/135.0.7049.52 Mobile Safari/537.36 (compatible; GoogleOther)"
3.142.239.146 - - [13/Apr/2025:08:56:36 -0400] "GET /ad917/?path=%2Fhome%2F.%2F..%2F.%2Flib64%2Faspell-0.60%2Fiso-8859-4.cmap HTTP/1.1" 200 6841 "-" "Mozilla/5.0 AppleWebKit/537.36 (KHTML, like Gecko; compatible; ClaudeBot/1.0; +claudebot@anthropic.com)"
3.142.239.146 - - [13/Apr/2025:08:56:36 -0400] "GET /ad917/?path=%2Fhome%2F.%2F..%2Fvar%2Fsoftaculous%2Fgeeklog%2Fupgrade.xml HTTP/1.1" 200 1151 "-" "Mozilla/5.0 AppleWebKit/537.36 (KHTML, like Gecko; compatible; ClaudeBot/1.0; +claudebot@anthropic.com)"
3.142.239.146 - - [13/Apr/2025:08:56:36 -0400] "GET /ad917/?path=%2Fhome%2F.%2F..%2Flib64%2Ftd-agent-bit%2F..%2Flibmariadbd.a HTTP/1.1" 200 968 "-" "Mozilla/5.0 AppleWebKit/537.36 (KHTML, like Gecko; compatible; ClaudeBot/1.0; +claudebot@anthropic.com)"
3.142.239.146 - - [13/Apr/2025:08:56:36 -0400] "GET /ad917/?path=%2Fhome%2F.%2F..%2Flib64%2F.%2Fgstreamer-1.0%2Flibgstdtls.so HTTP/1.1" 200 962 "-" "Mozilla/5.0 AppleWebKit/537.36 (KHTML, like Gecko; compatible; ClaudeBot/1.0; +claudebot@anthropic.com)"
3.142.239.146 - - [13/Apr/2025:08:56:36 -0400] "GET /ad917/?path=%2Fhome%2F.%2F..%2Flib64%2Ftd-agent-bit%2F..%2Flibaudit.so.1 HTTP/1.1" 200 968 "-" "Mozilla/5.0 AppleWebKit/537.36 (KHTML, like Gecko; compatible; ClaudeBot/1.0; +claudebot@anthropic.com)"
52.167.144.208 - - [13/Apr/2025:08:56:36 -0400] "GET /goodscode/i/credere73097330.shtml HTTP/1.1" 200 26701 "-" "Mozilla/5.0 AppleWebKit/537.36 (KHTML, like Gecko; compatible; bingbot/2.0; +http://www.bing.com/bingbot.htm) Chrome/116.0.1938.76 Safari/537.36"
3.142.239.146 - - [13/Apr/2025:08:56:37 -0400] "GET /ad917/?path=%2Fhome%2F.%2F..%2Flib64%2Ftd-agent-bit%2F..%2Flibverto.so.1 HTTP/1.1" 200 968 "-" "Mozilla/5.0 AppleWebKit/537.36 (KHTML, like Gecko; compatible; ClaudeBot/1.0; +claudebot@anthropic.com)"
3.142.239.146 - - [13/Apr/2025:08:56:37 -0400] "GET /ad917/?path=%2Fhome%2F.%2F..%2Flib64%2Ftd-agent-bit%2F..%2Flibmenuw.so.6 HTTP/1.1" 200 968 "-" "Mozilla/5.0 AppleWebKit/537.36 (KHTML, like Gecko; compatible; ClaudeBot/1.0; +claudebot@anthropic.com)"
