uawdijnntqw1x1x1
IP : 3.142.151.216
Hostname : server86.web-hosting.com
Kernel : Linux server86.web-hosting.com 4.18.0-513.18.1.lve.el8.x86_64 #1 SMP Thu Feb 22 12:55:50 UTC 2024 x86_64
Disable Function : None :)
OS : Linux
PATH:
/
home
/
servlmvm
/
.
/
.cphorde
/
..
/
access-logs
/
spekkshealth.com.servethepeopleinc.org-ssl_log
/
/
198.98.48.90 - - [06/Apr/2025:08:46:40 -0400] "GET /wp-login.php HTTP/1.1" 200 9123 "-" "Mozilla/5.0 (Macintosh; Intel Mac OS X 10_9_2) AppleWebKit/537.36 (KHTML, like Gecko) Chrome/35.0.1916.153 Safari/537.36"
198.54.116.86 - - [06/Apr/2025:08:46:43 -0400] "POST /wp-cron.php?doing_wp_cron=1743943603.9656078815460205078125 HTTP/1.1" 200 0 "-" "WordPress/6.7.2; https://spekkshealth.com"
198.98.48.90 - - [06/Apr/2025:08:46:42 -0400] "POST /wp-login.php HTTP/1.1" 200 9601 "-" "Mozilla/5.0 (Macintosh; Intel Mac OS X 10_9_2) AppleWebKit/537.36 (KHTML, like Gecko) Chrome/35.0.1916.153 Safari/537.36"
198.54.116.86 - - [06/Apr/2025:08:46:44 -0400] "POST /wp-admin/admin-ajax.php?action=async_litespeed&nonce=RKg8vB7ibhM3dUJyojv6xWkzsqR4Gwlp&litespeed_type=imgoptm HTTP/1.1" 200 21 "-" "WordPress/6.7.2; https://spekkshealth.com"
198.54.116.86 - - [06/Apr/2025:08:52:51 -0400] "POST /wp-cron.php?doing_wp_cron=1743943971.8196671009063720703125 HTTP/1.1" 200 0 "-" "WordPress/6.7.2; https://spekkshealth.com"
162.213.255.38 - - [06/Apr/2025:08:52:49 -0400] "POST /wp-login.php HTTP/1.1" 200 2376 "https://spekkshealth.com" "Mozilla/5.0 (Windows NT 10.0; Win64; x64) AppleWebKit/537.36 (KHTML, like Gecko) Chrome/112.0.5615.138 Safari/537.36 Edg/112.0.1722.68"
198.54.116.86 - - [06/Apr/2025:08:52:51 -0400] "POST /wp-admin/admin-ajax.php?action=async_litespeed&nonce=9xQ21tNMhoFbZFW2jUsJpWKtB2FfUmr3&litespeed_type=imgoptm HTTP/1.1" 200 21 "-" "WordPress/6.7.2; https://spekkshealth.com"
198.54.116.86 - - [06/Apr/2025:09:43:24 -0400] "POST /wp-cron.php?doing_wp_cron=1743947003.9725990295410156250000 HTTP/1.1" 200 0 "-" "WordPress/6.7.2; https://spekkshealth.com"
162.0.232.248 - - [06/Apr/2025:09:43:22 -0400] "POST /wp-login.php HTTP/1.1" 200 2330 "https://spekkshealth.com" "Mozilla/5.0 (Windows NT 10.0; Win64; x64) AppleWebKit/537.36 (KHTML, like Gecko) Chrome/116.0.5845.96 Safari/537.36 Edg/116.0.1938.62"
198.54.116.86 - - [06/Apr/2025:09:43:24 -0400] "POST /wp-admin/admin-ajax.php?action=async_litespeed&nonce=okcA3wtyd0wRsqwJE8Ee06skR0CyHMjq&litespeed_type=imgoptm HTTP/1.1" 200 21 "-" "WordPress/6.7.2; https://spekkshealth.com"
45.61.187.186 - - [06/Apr/2025:09:45:54 -0400] "GET /wp-login.php HTTP/1.1" 200 9123 "-" "Mozilla/5.0 (Windows NT 6.1; WOW64; rv:31.0) Gecko/20100101 Firefox/31.0"
198.54.116.86 - - [06/Apr/2025:09:45:56 -0400] "POST /wp-cron.php?doing_wp_cron=1743947156.6345860958099365234375 HTTP/1.1" 200 0 "-" "WordPress/6.7.2; https://spekkshealth.com"
45.61.187.186 - - [06/Apr/2025:09:45:54 -0400] "POST /wp-login.php HTTP/1.1" 200 9627 "-" "Mozilla/5.0 (Windows NT 6.1; WOW64; rv:31.0) Gecko/20100101 Firefox/31.0"
198.54.116.86 - - [06/Apr/2025:09:45:56 -0400] "POST /wp-admin/admin-ajax.php?action=async_litespeed&nonce=Fo7jJ7LnrcEeS9riX3rWO4JoAT8UPdpP&litespeed_type=imgoptm HTTP/1.1" 200 21 "-" "WordPress/6.7.2; https://spekkshealth.com"
138.197.206.143 - - [06/Apr/2025:10:04:37 -0400] "GET /wp-admin/css/ HTTP/1.1" 200 3676 "binance.com" "Mozilla/5.0 (Windows NT 10.0; Win64; x64) AppleWebKit/537.36 (KHTML, like Gecko) Chrome/90.0.4430.85 Safari/537.36"
138.197.206.143 - - [06/Apr/2025:10:04:40 -0400] "GET /wp-content/uploads/2025/04/ HTTP/1.1" 200 689 "binance.com" "Mozilla/5.0 (Windows NT 10.0; Win64; x64) AppleWebKit/537.36 (KHTML, like Gecko) Chrome/90.0.4430.85 Safari/537.36"
138.197.206.143 - - [06/Apr/2025:10:04:45 -0400] "GET /wp-content/uploads/2025/03/ HTTP/1.1" 200 689 "binance.com" "Mozilla/5.0 (Windows NT 10.0; Win64; x64) AppleWebKit/537.36 (KHTML, like Gecko) Chrome/90.0.4430.85 Safari/537.36"
138.197.206.143 - - [06/Apr/2025:10:04:50 -0400] "GET /wp-content/uploads/ HTTP/1.1" 200 1280 "binance.com" "Mozilla/5.0 (Windows NT 10.0; Win64; x64) AppleWebKit/537.36 (KHTML, like Gecko) Chrome/90.0.4430.85 Safari/537.36"
138.197.206.143 - - [06/Apr/2025:10:04:55 -0400] "GET /wp-content/upgrade/ HTTP/1.1" 200 681 "binance.com" "Mozilla/5.0 (Windows NT 10.0; Win64; x64) AppleWebKit/537.36 (KHTML, like Gecko) Chrome/90.0.4430.85 Safari/537.36"
198.54.116.86 - - [06/Apr/2025:10:05:00 -0400] "POST /wp-cron.php?doing_wp_cron=1743948300.6531560420989990234375 HTTP/1.1" 200 0 "-" "WordPress/6.7.2; https://spekkshealth.com"
138.197.206.143 - - [06/Apr/2025:10:04:58 -0400] "GET /wp-content/languages/ HTTP/1.1" 404 19665 "binance.com" "Mozilla/5.0 (Windows NT 10.0; Win64; x64) AppleWebKit/537.36 (KHTML, like Gecko) Chrome/90.0.4430.85 Safari/537.36"
198.54.116.86 - - [06/Apr/2025:10:05:00 -0400] "POST /wp-admin/admin-ajax.php?action=async_litespeed&nonce=VQa8zIIeNyrg5nnFB7EjlbK9J3CkMalX&litespeed_type=imgoptm HTTP/1.1" 200 21 "-" "WordPress/6.7.2; https://spekkshealth.com"
138.197.206.143 - - [06/Apr/2025:10:05:04 -0400] "GET /wp-admin/includes/ HTTP/1.1" 200 4511 "binance.com" "Mozilla/5.0 (Windows NT 10.0; Win64; x64) AppleWebKit/537.36 (KHTML, like Gecko) Chrome/90.0.4430.85 Safari/537.36"
138.197.206.143 - - [06/Apr/2025:10:05:09 -0400] "GET /wp-admin/includes/ HTTP/1.1" 200 4511 "binance.com" "Mozilla/5.0 (Windows NT 10.0; Win64; x64) AppleWebKit/537.36 (KHTML, like Gecko) Chrome/90.0.4430.85 Safari/537.36"
138.197.206.143 - - [06/Apr/2025:10:05:13 -0400] "GET /wp-admin/maint/ HTTP/1.1" 200 771 "binance.com" "Mozilla/5.0 (Windows NT 10.0; Win64; x64) AppleWebKit/537.36 (KHTML, like Gecko) Chrome/90.0.4430.85 Safari/537.36"
138.197.206.143 - - [06/Apr/2025:10:05:18 -0400] "GET /wp-admin/maint/ HTTP/1.1" 200 771 "binance.com" "Mozilla/5.0 (Windows NT 10.0; Win64; x64) AppleWebKit/537.36 (KHTML, like Gecko) Chrome/90.0.4430.85 Safari/537.36"
138.197.206.143 - - [06/Apr/2025:10:05:21 -0400] "GET /wp-admin/network/ HTTP/1.1" 302 0 "binance.com" "Mozilla/5.0 (Windows NT 10.0; Win64; x64) AppleWebKit/537.36 (KHTML, like Gecko) Chrome/90.0.4430.85 Safari/537.36"
138.197.206.143 - - [06/Apr/2025:10:05:21 -0400] "GET /wp-login.php?redirect_to=https%3A%2F%2Fspekkshealth.com%2Fwp-admin%2Fnetwork%2F&reauth=1 HTTP/1.1" 200 2539 "binance.com" "Mozilla/5.0 (Windows NT 10.0; Win64; x64) AppleWebKit/537.36 (KHTML, like Gecko) Chrome/90.0.4430.85 Safari/537.36"
138.197.206.143 - - [06/Apr/2025:10:05:25 -0400] "GET /wp-admin/user/ HTTP/1.1" 302 0 "binance.com" "Mozilla/5.0 (Windows NT 10.0; Win64; x64) AppleWebKit/537.36 (KHTML, like Gecko) Chrome/90.0.4430.85 Safari/537.36"
138.197.206.143 - - [06/Apr/2025:10:05:25 -0400] "GET /wp-login.php?redirect_to=https%3A%2F%2Fspekkshealth.com%2Fwp-admin%2Fuser%2F&reauth=1 HTTP/1.1" 200 2537 "binance.com" "Mozilla/5.0 (Windows NT 10.0; Win64; x64) AppleWebKit/537.36 (KHTML, like Gecko) Chrome/90.0.4430.85 Safari/537.36"
138.197.206.143 - - [06/Apr/2025:10:05:29 -0400] "GET /wp-admin/css/ HTTP/1.1" 200 3721 "binance.com" "Mozilla/5.0 (Windows NT 10.0; Win64; x64) AppleWebKit/537.36 (KHTML, like Gecko) Chrome/90.0.4430.85 Safari/537.36"
138.197.206.143 - - [06/Apr/2025:10:05:34 -0400] "GET /wp-admin/css/colors/ HTTP/1.1" 200 1306 "binance.com" "Mozilla/5.0 (Windows NT 10.0; Win64; x64) AppleWebKit/537.36 (KHTML, like Gecko) Chrome/90.0.4430.85 Safari/537.36"
198.1.204.231 - - [06/Apr/2025:10:05:41 -0400] "GET /wp-includes/1AuSTyNFrOZ.php?watchx=true HTTP/1.1" 200 191 "http://spekkshealth.com/wp-includes/1AuSTyNFrOZ.php?watchx=true" "Mozilla/5.0 (Windows NT 10.0; Win64; x64) AppleWebKit/537.36 (KHTML, like Gecko) Chrome/119.0.0.0 Safari/537.36"
138.197.206.143 - - [06/Apr/2025:10:05:44 -0400] "GET /wp-admin/css/colors/blue/ HTTP/1.1" 200 880 "binance.com" "Mozilla/5.0 (Windows NT 10.0; Win64; x64) AppleWebKit/537.36 (KHTML, like Gecko) Chrome/90.0.4430.85 Safari/537.36"
138.197.206.143 - - [06/Apr/2025:10:05:48 -0400] "GET /wp-admin/css/colors/coffee/ HTTP/1.1" 200 880 "binance.com" "Mozilla/5.0 (Windows NT 10.0; Win64; x64) AppleWebKit/537.36 (KHTML, like Gecko) Chrome/90.0.4430.85 Safari/537.36"
138.197.206.143 - - [06/Apr/2025:10:05:52 -0400] "GET /wp-admin/css/colors/ectoplasm/ HTTP/1.1" 200 888 "binance.com" "Mozilla/5.0 (Windows NT 10.0; Win64; x64) AppleWebKit/537.36 (KHTML, like Gecko) Chrome/90.0.4430.85 Safari/537.36"
138.197.206.143 - - [06/Apr/2025:10:05:56 -0400] "GET /wp-admin/css/colors/light/ HTTP/1.1" 200 881 "binance.com" "Mozilla/5.0 (Windows NT 10.0; Win64; x64) AppleWebKit/537.36 (KHTML, like Gecko) Chrome/90.0.4430.85 Safari/537.36"
138.197.206.143 - - [06/Apr/2025:10:05:59 -0400] "GET /wp-admin/css/colors/midnight/ HTTP/1.1" 200 882 "binance.com" "Mozilla/5.0 (Windows NT 10.0; Win64; x64) AppleWebKit/537.36 (KHTML, like Gecko) Chrome/90.0.4430.85 Safari/537.36"
138.197.206.143 - - [06/Apr/2025:10:06:04 -0400] "GET /wp-admin/css/colors/modern/ HTTP/1.1" 200 885 "binance.com" "Mozilla/5.0 (Windows NT 10.0; Win64; x64) AppleWebKit/537.36 (KHTML, like Gecko) Chrome/90.0.4430.85 Safari/537.36"
138.197.206.143 - - [06/Apr/2025:10:06:08 -0400] "GET /wp-admin/css/colors/ocean/ HTTP/1.1" 200 882 "binance.com" "Mozilla/5.0 (Windows NT 10.0; Win64; x64) AppleWebKit/537.36 (KHTML, like Gecko) Chrome/90.0.4430.85 Safari/537.36"
198.54.116.86 - - [06/Apr/2025:10:06:14 -0400] "POST /wp-cron.php?doing_wp_cron=1743948374.2467989921569824218750 HTTP/1.1" 200 0 "-" "WordPress/6.7.2; https://spekkshealth.com"
138.197.206.143 - - [06/Apr/2025:10:06:14 -0400] "GET /wp-admin/css/colors/sunrise/%20 HTTP/1.1" 301 0 "binance.com" "Mozilla/5.0 (Windows NT 10.0; Win64; x64) AppleWebKit/537.36 (KHTML, like Gecko) Chrome/90.0.4430.85 Safari/537.36"
138.197.206.143 - - [06/Apr/2025:10:06:14 -0400] "GET /wp-admin/css/colors/sunrise/ HTTP/1.1" 200 882 "binance.com" "Mozilla/5.0 (Windows NT 10.0; Win64; x64) AppleWebKit/537.36 (KHTML, like Gecko) Chrome/90.0.4430.85 Safari/537.36"
198.54.116.86 - - [06/Apr/2025:10:06:14 -0400] "POST /wp-admin/admin-ajax.php?action=async_litespeed&nonce=OElYrUnSObP6EvclatzaKoDKfq0D0jkr&litespeed_type=imgoptm HTTP/1.1" 200 21 "-" "WordPress/6.7.2; https://spekkshealth.com"
138.197.206.143 - - [06/Apr/2025:10:06:18 -0400] "GET /wp-admin/images/ HTTP/1.1" 200 3327 "binance.com" "Mozilla/5.0 (Windows NT 10.0; Win64; x64) AppleWebKit/537.36 (KHTML, like Gecko) Chrome/90.0.4430.85 Safari/537.36"
138.197.206.143 - - [06/Apr/2025:10:06:22 -0400] "GET /wp-admin/js/ HTTP/1.1" 200 4048 "binance.com" "Mozilla/5.0 (Windows NT 10.0; Win64; x64) AppleWebKit/537.36 (KHTML, like Gecko) Chrome/90.0.4430.85 Safari/537.36"
138.197.206.143 - - [06/Apr/2025:10:06:26 -0400] "GET /wp-admin/js/widgets/ HTTP/1.1" 200 1548 "binance.com" "Mozilla/5.0 (Windows NT 10.0; Win64; x64) AppleWebKit/537.36 (KHTML, like Gecko) Chrome/90.0.4430.85 Safari/537.36"
138.197.206.143 - - [06/Apr/2025:10:06:31 -0400] "GET /wp-includes/ HTTP/1.1" 200 0 "binance.com" "Mozilla/5.0 (Windows NT 10.0; Win64; x64) AppleWebKit/537.36 (KHTML, like Gecko) Chrome/90.0.4430.85 Safari/537.36"
138.197.206.143 - - [06/Apr/2025:10:06:34 -0400] "GET /wp-includes/ID3/ HTTP/1.1" 200 1623 "binance.com" "Mozilla/5.0 (Windows NT 10.0; Win64; x64) AppleWebKit/537.36 (KHTML, like Gecko) Chrome/90.0.4430.85 Safari/537.36"
138.197.206.143 - - [06/Apr/2025:10:06:38 -0400] "GET /wp-includes/ID3/ HTTP/1.1" 200 1623 "binance.com" "Mozilla/5.0 (Windows NT 10.0; Win64; x64) AppleWebKit/537.36 (KHTML, like Gecko) Chrome/90.0.4430.85 Safari/537.36"
138.197.206.143 - - [06/Apr/2025:10:06:42 -0400] "GET /wp-includes/IXR/ HTTP/1.1" 200 1416 "binance.com" "Mozilla/5.0 (Windows NT 10.0; Win64; x64) AppleWebKit/537.36 (KHTML, like Gecko) Chrome/90.0.4430.85 Safari/537.36"
138.197.206.143 - - [06/Apr/2025:10:06:47 -0400] "GET /wp-includes/IXR/ HTTP/1.1" 200 1416 "binance.com" "Mozilla/5.0 (Windows NT 10.0; Win64; x64) AppleWebKit/537.36 (KHTML, like Gecko) Chrome/90.0.4430.85 Safari/537.36"
138.197.206.143 - - [06/Apr/2025:10:06:54 -0400] "GET /wp-includes/PHPMailer/ HTTP/1.1" 200 845 "binance.com" "Mozilla/5.0 (Windows NT 10.0; Win64; x64) AppleWebKit/537.36 (KHTML, like Gecko) Chrome/90.0.4430.85 Safari/537.36"
138.197.206.143 - - [06/Apr/2025:10:07:03 -0400] "GET /wp-includes/PHPMailer/ HTTP/1.1" 200 845 "binance.com" "Mozilla/5.0 (Windows NT 10.0; Win64; x64) AppleWebKit/537.36 (KHTML, like Gecko) Chrome/90.0.4430.85 Safari/537.36"
138.197.206.143 - - [06/Apr/2025:10:07:09 -0400] "GET /wp-includes/Text/ HTTP/1.1" 200 905 "binance.com" "Mozilla/5.0 (Windows NT 10.0; Win64; x64) AppleWebKit/537.36 (KHTML, like Gecko) Chrome/90.0.4430.85 Safari/537.36"
138.197.206.143 - - [06/Apr/2025:10:07:15 -0400] "GET /wp-includes/Text/ HTTP/1.1" 200 905 "binance.com" "Mozilla/5.0 (Windows NT 10.0; Win64; x64) AppleWebKit/537.36 (KHTML, like Gecko) Chrome/90.0.4430.85 Safari/537.36"
138.197.206.143 - - [06/Apr/2025:10:07:19 -0400] "GET /wp-includes/Text/Diff/ HTTP/1.1" 200 864 "binance.com" "Mozilla/5.0 (Windows NT 10.0; Win64; x64) AppleWebKit/537.36 (KHTML, like Gecko) Chrome/90.0.4430.85 Safari/537.36"
138.197.206.143 - - [06/Apr/2025:10:07:25 -0400] "GET /wp-includes/Text/Diff/ HTTP/1.1" 200 864 "binance.com" "Mozilla/5.0 (Windows NT 10.0; Win64; x64) AppleWebKit/537.36 (KHTML, like Gecko) Chrome/90.0.4430.85 Safari/537.36"
138.197.206.143 - - [06/Apr/2025:10:07:32 -0400] "GET /wp-includes/Text/Diff/Engine/ HTTP/1.1" 200 879 "binance.com" "Mozilla/5.0 (Windows NT 10.0; Win64; x64) AppleWebKit/537.36 (KHTML, like Gecko) Chrome/90.0.4430.85 Safari/537.36"
138.197.206.143 - - [06/Apr/2025:10:07:37 -0400] "GET /wp-includes/Text/Diff/Engine/ HTTP/1.1" 200 879 "binance.com" "Mozilla/5.0 (Windows NT 10.0; Win64; x64) AppleWebKit/537.36 (KHTML, like Gecko) Chrome/90.0.4430.85 Safari/537.36"
138.197.206.143 - - [06/Apr/2025:10:07:46 -0400] "GET /wp-includes/Text/Diff/Renderer/ HTTP/1.1" 200 784 "binance.com" "Mozilla/5.0 (Windows NT 10.0; Win64; x64) AppleWebKit/537.36 (KHTML, like Gecko) Chrome/90.0.4430.85 Safari/537.36"
138.197.206.143 - - [06/Apr/2025:10:07:52 -0400] "GET /wp-includes/Text/Diff/Renderer/ HTTP/1.1" 200 784 "binance.com" "Mozilla/5.0 (Windows NT 10.0; Win64; x64) AppleWebKit/537.36 (KHTML, like Gecko) Chrome/90.0.4430.85 Safari/537.36"
138.197.206.143 - - [06/Apr/2025:10:07:58 -0400] "GET /wp-includes/blocks/ HTTP/1.1" 200 22 "binance.com" "Mozilla/5.0 (Windows NT 10.0; Win64; x64) AppleWebKit/537.36 (KHTML, like Gecko) Chrome/90.0.4430.85 Safari/537.36"
138.197.206.143 - - [06/Apr/2025:10:08:03 -0400] "GET /wp-includes/pomo/ HTTP/1.1" 200 1281 "binance.com" "Mozilla/5.0 (Windows NT 10.0; Win64; x64) AppleWebKit/537.36 (KHTML, like Gecko) Chrome/90.0.4430.85 Safari/537.36"
138.197.206.143 - - [06/Apr/2025:10:08:08 -0400] "GET /wp-includes/pomo/ HTTP/1.1" 200 1281 "binance.com" "Mozilla/5.0 (Windows NT 10.0; Win64; x64) AppleWebKit/537.36 (KHTML, like Gecko) Chrome/90.0.4430.85 Safari/537.36"
138.197.206.143 - - [06/Apr/2025:10:08:13 -0400] "GET /wp-includes/sitemaps/ HTTP/1.1" 200 1417 "binance.com" "Mozilla/5.0 (Windows NT 10.0; Win64; x64) AppleWebKit/537.36 (KHTML, like Gecko) Chrome/90.0.4430.85 Safari/537.36"
138.197.206.143 - - [06/Apr/2025:10:08:17 -0400] "GET /wp-includes/sitemaps/ HTTP/1.1" 200 1417 "binance.com" "Mozilla/5.0 (Windows NT 10.0; Win64; x64) AppleWebKit/537.36 (KHTML, like Gecko) Chrome/90.0.4430.85 Safari/537.36"
138.197.206.143 - - [06/Apr/2025:10:08:21 -0400] "GET /wp-includes/sitemaps/providers/ HTTP/1.1" 200 886 "binance.com" "Mozilla/5.0 (Windows NT 10.0; Win64; x64) AppleWebKit/537.36 (KHTML, like Gecko) Chrome/90.0.4430.85 Safari/537.36"
138.197.206.143 - - [06/Apr/2025:10:08:27 -0400] "GET /wp-includes/sitemaps/providers/ HTTP/1.1" 200 886 "binance.com" "Mozilla/5.0 (Windows NT 10.0; Win64; x64) AppleWebKit/537.36 (KHTML, like Gecko) Chrome/90.0.4430.85 Safari/537.36"
138.197.206.143 - - [06/Apr/2025:10:08:32 -0400] "GET /wp-includes/widgets/ HTTP/1.1" 200 1851 "binance.com" "Mozilla/5.0 (Windows NT 10.0; Win64; x64) AppleWebKit/537.36 (KHTML, like Gecko) Chrome/90.0.4430.85 Safari/537.36"
138.197.206.143 - - [06/Apr/2025:10:08:36 -0400] "GET /wp-includes/widgets/ HTTP/1.1" 200 1851 "binance.com" "Mozilla/5.0 (Windows NT 10.0; Win64; x64) AppleWebKit/537.36 (KHTML, like Gecko) Chrome/90.0.4430.85 Safari/537.36"
138.197.206.143 - - [06/Apr/2025:10:08:41 -0400] "GET /wp-includes/widgets/class-wp-widget-block.php HTTP/1.1" 200 206 "binance.com" "Mozilla/5.0 (Windows NT 10.0; Win64; x64) AppleWebKit/537.36 (KHTML, like Gecko) Chrome/90.0.4430.85 Safari/537.36"
138.197.206.143 - - [06/Apr/2025:10:08:46 -0400] "GET /wp-includes/css/ HTTP/1.1" 200 2332 "binance.com" "Mozilla/5.0 (Windows NT 10.0; Win64; x64) AppleWebKit/537.36 (KHTML, like Gecko) Chrome/90.0.4430.85 Safari/537.36"
138.197.206.143 - - [06/Apr/2025:10:08:50 -0400] "GET /wp-includes/css/dist/ HTTP/1.1" 200 1410 "binance.com" "Mozilla/5.0 (Windows NT 10.0; Win64; x64) AppleWebKit/537.36 (KHTML, like Gecko) Chrome/90.0.4430.85 Safari/537.36"
138.197.206.143 - - [06/Apr/2025:10:08:55 -0400] "GET /wp-includes/fonts/ HTTP/1.1" 200 1456 "binance.com" "Mozilla/5.0 (Windows NT 10.0; Win64; x64) AppleWebKit/537.36 (KHTML, like Gecko) Chrome/90.0.4430.85 Safari/537.36"
138.197.206.143 - - [06/Apr/2025:10:08:58 -0400] "GET /wp-includes/fonts/ HTTP/1.1" 200 1456 "binance.com" "Mozilla/5.0 (Windows NT 10.0; Win64; x64) AppleWebKit/537.36 (KHTML, like Gecko) Chrome/90.0.4430.85 Safari/537.36"
138.197.206.143 - - [06/Apr/2025:10:09:03 -0400] "GET /wp-includes/fonts/class-wp-font-collection.php HTTP/1.1" 200 0 "binance.com" "Mozilla/5.0 (Windows NT 10.0; Win64; x64) AppleWebKit/537.36 (KHTML, like Gecko) Chrome/90.0.4430.85 Safari/537.36"
138.197.206.143 - - [06/Apr/2025:10:09:07 -0400] "GET /wp-includes/fonts/class-wp-font-face-resolver.php HTTP/1.1" 200 0 "binance.com" "Mozilla/5.0 (Windows NT 10.0; Win64; x64) AppleWebKit/537.36 (KHTML, like Gecko) Chrome/90.0.4430.85 Safari/537.36"
138.197.206.143 - - [06/Apr/2025:10:09:10 -0400] "GET /wp-includes/fonts/class-wp-font-face.php HTTP/1.1" 200 0 "binance.com" "Mozilla/5.0 (Windows NT 10.0; Win64; x64) AppleWebKit/537.36 (KHTML, like Gecko) Chrome/90.0.4430.85 Safari/537.36"
138.197.206.143 - - [06/Apr/2025:10:09:15 -0400] "GET /wp-includes/fonts/class-wp-font-library.php HTTP/1.1" 200 0 "binance.com" "Mozilla/5.0 (Windows NT 10.0; Win64; x64) AppleWebKit/537.36 (KHTML, like Gecko) Chrome/90.0.4430.85 Safari/537.36"
138.197.206.143 - - [06/Apr/2025:10:09:20 -0400] "GET /wp-includes/fonts/class-wp-font-utils.php HTTP/1.1" 200 0 "binance.com" "Mozilla/5.0 (Windows NT 10.0; Win64; x64) AppleWebKit/537.36 (KHTML, like Gecko) Chrome/90.0.4430.85 Safari/537.36"
138.197.206.143 - - [06/Apr/2025:10:09:27 -0400] "GET /wp-includes/images/ HTTP/1.1" 200 2006 "binance.com" "Mozilla/5.0 (Windows NT 10.0; Win64; x64) AppleWebKit/537.36 (KHTML, like Gecko) Chrome/90.0.4430.85 Safari/537.36"
138.197.206.143 - - [06/Apr/2025:10:09:31 -0400] "GET /wp-includes/images/crystal/ HTTP/1.1" 200 1406 "binance.com" "Mozilla/5.0 (Windows NT 10.0; Win64; x64) AppleWebKit/537.36 (KHTML, like Gecko) Chrome/90.0.4430.85 Safari/537.36"
138.197.206.143 - - [06/Apr/2025:10:09:33 -0400] "GET /wp-includes/images/media/ HTTP/1.1" 200 1474 "binance.com" "Mozilla/5.0 (Windows NT 10.0; Win64; x64) AppleWebKit/537.36 (KHTML, like Gecko) Chrome/90.0.4430.85 Safari/537.36"
138.197.206.143 - - [06/Apr/2025:10:09:39 -0400] "GET /wp-includes/images/smilies/ HTTP/1.1" 200 1693 "binance.com" "Mozilla/5.0 (Windows NT 10.0; Win64; x64) AppleWebKit/537.36 (KHTML, like Gecko) Chrome/90.0.4430.85 Safari/537.36"
198.54.116.86 - - [06/Apr/2025:10:09:46 -0400] "POST /wp-cron.php?doing_wp_cron=1743948586.8212909698486328125000 HTTP/1.1" 200 0 "-" "WordPress/6.7.2; https://spekkshealth.com"
138.197.206.143 - - [06/Apr/2025:10:09:45 -0400] "GET /wp-includes/images/wlw/ HTTP/1.1" 404 19634 "binance.com" "Mozilla/5.0 (Windows NT 10.0; Win64; x64) AppleWebKit/537.36 (KHTML, like Gecko) Chrome/90.0.4430.85 Safari/537.36"
198.54.116.86 - - [06/Apr/2025:10:09:46 -0400] "POST /wp-admin/admin-ajax.php?action=async_litespeed&nonce=J29HbsYyKHQ3iV3bOwhSvPeIVdL5NHpB&litespeed_type=imgoptm HTTP/1.1" 200 21 "-" "WordPress/6.7.2; https://spekkshealth.com"
138.197.206.143 - - [06/Apr/2025:10:09:52 -0400] "GET /wp-includes/js/%20 HTTP/1.1" 301 0 "binance.com" "Mozilla/5.0 (Windows NT 10.0; Win64; x64) AppleWebKit/537.36 (KHTML, like Gecko) Chrome/90.0.4430.85 Safari/537.36"
138.197.206.143 - - [06/Apr/2025:10:09:52 -0400] "GET /wp-includes/js/ HTTP/1.1" 200 4623 "binance.com" "Mozilla/5.0 (Windows NT 10.0; Win64; x64) AppleWebKit/537.36 (KHTML, like Gecko) Chrome/90.0.4430.85 Safari/537.36"
138.197.206.143 - - [06/Apr/2025:10:09:54 -0400] "GET /wp-includes/js/codemirror/ HTTP/1.1" 200 1343 "binance.com" "Mozilla/5.0 (Windows NT 10.0; Win64; x64) AppleWebKit/537.36 (KHTML, like Gecko) Chrome/90.0.4430.85 Safari/537.36"
138.197.206.143 - - [06/Apr/2025:10:09:57 -0400] "GET /wp-includes/js/plupload/ HTTP/1.1" 200 1374 "binance.com" "Mozilla/5.0 (Windows NT 10.0; Win64; x64) AppleWebKit/537.36 (KHTML, like Gecko) Chrome/90.0.4430.85 Safari/537.36"
138.197.206.143 - - [06/Apr/2025:10:10:01 -0400] "GET /.well-known/ HTTP/1.1" 200 761 "binance.com" "Mozilla/5.0 (Windows NT 10.0; Win64; x64) AppleWebKit/537.36 (KHTML, like Gecko) Chrome/90.0.4430.85 Safari/537.36"
217.113.194.152 - - [06/Apr/2025:10:12:47 -0400] "GET /robots.txt HTTP/1.1" 200 111 "-" "Mozilla/5.0 (compatible; Barkrowler/0.9; +https://babbar.tech/crawler)"
217.113.194.160 - - [06/Apr/2025:10:12:51 -0400] "GET /robots.txt HTTP/1.1" 200 111 "-" "Mozilla/5.0 (compatible; Barkrowler/0.9; +https://babbar.tech/crawler)"
217.113.194.155 - - [06/Apr/2025:10:13:02 -0400] "GET /feed/ HTTP/1.1" 200 863 "-" "Mozilla/5.0 (compatible; Barkrowler/0.9; +https://babbar.tech/crawler)"
217.113.194.152 - - [06/Apr/2025:10:13:18 -0400] "GET /contact-us/ HTTP/1.1" 200 25669 "-" "Mozilla/5.0 (compatible; Barkrowler/0.9; +https://babbar.tech/crawler)"
217.113.194.159 - - [06/Apr/2025:10:13:33 -0400] "GET /comments/feed/ HTTP/1.1" 200 768 "-" "Mozilla/5.0 (compatible; Barkrowler/0.9; +https://babbar.tech/crawler)"
217.113.194.153 - - [06/Apr/2025:10:13:49 -0400] "GET /book-appointment/ HTTP/1.1" 200 28152 "-" "Mozilla/5.0 (compatible; Barkrowler/0.9; +https://babbar.tech/crawler)"
47.128.99.84 - - [06/Apr/2025:11:08:21 -0400] "GET /robots.txt HTTP/1.1" 200 111 "-" "Mozilla/5.0 (Linux; Android 5.0) AppleWebKit/537.36 (KHTML, like Gecko) Mobile Safari/537.36 (compatible; Bytespider; spider-feedback@bytedance.com)"
47.128.41.113 - - [06/Apr/2025:11:12:20 -0400] "GET /contact-us/ HTTP/1.1" 200 22211 "-" "Mozilla/5.0 (Linux; Android 5.0) AppleWebKit/537.36 (KHTML, like Gecko) Mobile Safari/537.36 (compatible; Bytespider; spider-feedback@bytedance.com)"
47.128.41.113 - - [06/Apr/2025:11:12:21 -0400] "GET /wp-content/plugins/gAppointments/assets/schedule.css?ver=1.2.6 HTTP/1.1" 200 1187 "https://spekkshealth.com/contact-us/" "Mozilla/5.0 (Linux; Android 5.0) AppleWebKit/537.36 (KHTML, like Gecko) Mobile Safari/537.36 (compatible; Bytespider; spider-feedback@bytedance.com)"
47.128.41.113 - - [06/Apr/2025:11:12:21 -0400] "GET /wp-content/plugins/gAppointments/assets/grid.css?ver=1.2.6 HTTP/1.1" 200 674 "https://spekkshealth.com/contact-us/" "Mozilla/5.0 (Linux; Android 5.0) AppleWebKit/537.36 (KHTML, like Gecko) Mobile Safari/537.36 (compatible; Bytespider; spider-feedback@bytedance.com)"
47.128.41.113 - - [06/Apr/2025:11:12:21 -0400] "GET /wp-content/uploads/useanyfont/uaf.css?ver=1705308897 HTTP/1.1" 200 226 "https://spekkshealth.com/contact-us/" "Mozilla/5.0 (Linux; Android 5.0) AppleWebKit/537.36 (KHTML, like Gecko) Mobile Safari/537.36 (compatible; Bytespider; spider-feedback@bytedance.com)"
47.128.41.113 - - [06/Apr/2025:11:12:21 -0400] "GET /wp-content/plugins/gravityforms/assets/css/dist/theme-components.min.css?ver=2.8.18 HTTP/1.1" 200 0 "https://spekkshealth.com/contact-us/" "Mozilla/5.0 (Linux; Android 5.0) AppleWebKit/537.36 (KHTML, like Gecko) Mobile Safari/537.36 (compatible; Bytespider; spider-feedback@bytedance.com)"
47.128.41.113 - - [06/Apr/2025:11:12:21 -0400] "GET /wp-content/plugins/gravityforms/assets/css/dist/theme-ie11.min.css?ver=2.8.18 HTTP/1.1" 200 327 "https://spekkshealth.com/contact-us/" "Mozilla/5.0 (Linux; Android 5.0) AppleWebKit/537.36 (KHTML, like Gecko) Mobile Safari/537.36 (compatible; Bytespider; spider-feedback@bytedance.com)"
47.128.41.113 - - [06/Apr/2025:11:12:21 -0400] "GET /wp-includes/css/dashicons.min.css?ver=6.7.2 HTTP/1.1" 200 35110 "https://spekkshealth.com/contact-us/" "Mozilla/5.0 (Linux; Android 5.0) AppleWebKit/537.36 (KHTML, like Gecko) Mobile Safari/537.36 (compatible; Bytespider; spider-feedback@bytedance.com)"
47.128.41.113 - - [06/Apr/2025:11:12:21 -0400] "GET /wp-includes/css/dist/block-library/style.min.css?ver=6.7.2 HTTP/1.1" 200 14225 "https://spekkshealth.com/contact-us/" "Mozilla/5.0 (Linux; Android 5.0) AppleWebKit/537.36 (KHTML, like Gecko) Mobile Safari/537.36 (compatible; Bytespider; spider-feedback@bytedance.com)"
47.128.41.113 - - [06/Apr/2025:11:12:21 -0400] "GET /wp-content/plugins/gAppointments/assets/font-awesome.min.css?ver=1.2.6 HTTP/1.1" 200 6659 "https://spekkshealth.com/contact-us/" "Mozilla/5.0 (Linux; Android 5.0) AppleWebKit/537.36 (KHTML, like Gecko) Mobile Safari/537.36 (compatible; Bytespider; spider-feedback@bytedance.com)"
47.128.41.113 - - [06/Apr/2025:11:12:21 -0400] "GET /wp-content/plugins/gAppointments/assets/calendar.css?ver=1.2.6 HTTP/1.1" 200 6192 "https://spekkshealth.com/contact-us/" "Mozilla/5.0 (Linux; Android 5.0) AppleWebKit/537.36 (KHTML, like Gecko) Mobile Safari/537.36 (compatible; Bytespider; spider-feedback@bytedance.com)"
47.128.41.113 - - [06/Apr/2025:11:12:21 -0400] "GET /wp-content/plugins/js_composer/assets/css/js_composer.min.css?ver=7.3 HTTP/1.1" 200 40992 "https://spekkshealth.com/contact-us/" "Mozilla/5.0 (Linux; Android 5.0) AppleWebKit/537.36 (KHTML, like Gecko) Mobile Safari/537.36 (compatible; Bytespider; spider-feedback@bytedance.com)"
47.128.41.113 - - [06/Apr/2025:11:12:21 -0400] "GET /wp-content/plugins/gravityforms/assets/css/dist/basic.min.css?ver=2.8.18 HTTP/1.1" 200 6849 "https://spekkshealth.com/contact-us/" "Mozilla/5.0 (Linux; Android 5.0) AppleWebKit/537.36 (KHTML, like Gecko) Mobile Safari/537.36 (compatible; Bytespider; spider-feedback@bytedance.com)"
47.128.41.113 - - [06/Apr/2025:11:12:21 -0400] "GET /wp-content/plugins/gravityforms/assets/css/dist/theme.min.css?ver=2.8.18 HTTP/1.1" 200 5531 "https://spekkshealth.com/contact-us/" "Mozilla/5.0 (Linux; Android 5.0) AppleWebKit/537.36 (KHTML, like Gecko) Mobile Safari/537.36 (compatible; Bytespider; spider-feedback@bytedance.com)"
47.128.41.113 - - [06/Apr/2025:11:12:21 -0400] "GET /wp-content/themes/woodmart/css/bootstrap-light.min.css?ver=7.3.2 HTTP/1.1" 200 812 "https://spekkshealth.com/contact-us/" "Mozilla/5.0 (Linux; Android 5.0) AppleWebKit/537.36 (KHTML, like Gecko) Mobile Safari/537.36 (compatible; Bytespider; spider-feedback@bytedance.com)"
47.128.41.113 - - [06/Apr/2025:11:12:21 -0400] "GET /wp-content/themes/woodmart/css/parts/int-wpb-base.min.css?ver=7.3.2 HTTP/1.1" 200 2653 "https://spekkshealth.com/contact-us/" "Mozilla/5.0 (Linux; Android 5.0) AppleWebKit/537.36 (KHTML, like Gecko) Mobile Safari/537.36 (compatible; Bytespider; spider-feedback@bytedance.com)"
47.128.41.113 - - [06/Apr/2025:11:12:21 -0400] "GET /wp-content/themes/woodmart/css/parts/int-mc4wp.min.css?ver=7.3.2 HTTP/1.1" 200 352 "https://spekkshealth.com/contact-us/" "Mozilla/5.0 (Linux; Android 5.0) AppleWebKit/537.36 (KHTML, like Gecko) Mobile Safari/537.36 (compatible; Bytespider; spider-feedback@bytedance.com)"
47.128.41.113 - - [06/Apr/2025:11:12:21 -0400] "GET /wp-content/themes/woodmart/css/parts/int-wpb-base-deprecated.min.css?ver=7.3.2 HTTP/1.1" 200 301 "https://spekkshealth.com/contact-us/" "Mozilla/5.0 (Linux; Android 5.0) AppleWebKit/537.36 (KHTML, like Gecko) Mobile Safari/537.36 (compatible; Bytespider; spider-feedback@bytedance.com)"
47.128.41.113 - - [06/Apr/2025:11:12:21 -0400] "GET /wp-content/themes/woodmart/css/parts/page-title.min.css?ver=7.3.2 HTTP/1.1" 200 204 "https://spekkshealth.com/contact-us/" "Mozilla/5.0 (Linux; Android 5.0) AppleWebKit/537.36 (KHTML, like Gecko) Mobile Safari/537.36 (compatible; Bytespider; spider-feedback@bytedance.com)"
47.128.41.113 - - [06/Apr/2025:11:12:21 -0400] "GET /wp-content/themes/woodmart/css/parts/int-rev-slider.min.css?ver=7.3.2 HTTP/1.1" 200 256 "https://spekkshealth.com/contact-us/" "Mozilla/5.0 (Linux; Android 5.0) AppleWebKit/537.36 (KHTML, like Gecko) Mobile Safari/537.36 (compatible; Bytespider; spider-feedback@bytedance.com)"
47.128.41.113 - - [06/Apr/2025:11:12:21 -0400] "GET /wp-content/themes/woodmart/css/parts/el-social-icons.min.css?ver=7.3.2 HTTP/1.1" 200 1130 "https://spekkshealth.com/contact-us/" "Mozilla/5.0 (Linux; Android 5.0) AppleWebKit/537.36 (KHTML, like Gecko) Mobile Safari/537.36 (compatible; Bytespider; spider-feedback@bytedance.com)"
47.128.41.113 - - [06/Apr/2025:11:12:21 -0400] "GET /wp-content/themes/woodmart/css/parts/mod-tools.min.css?ver=7.3.2 HTTP/1.1" 200 863 "https://spekkshealth.com/contact-us/" "Mozilla/5.0 (Linux; Android 5.0) AppleWebKit/537.36 (KHTML, like Gecko) Mobile Safari/537.36 (compatible; Bytespider; spider-feedback@bytedance.com)"
47.128.41.113 - - [06/Apr/2025:11:12:21 -0400] "GET /wp-content/themes/woodmart/css/parts/header-el-base.min.css?ver=7.3.2 HTTP/1.1" 200 811 "https://spekkshealth.com/contact-us/" "Mozilla/5.0 (Linux; Android 5.0) AppleWebKit/537.36 (KHTML, like Gecko) Mobile Safari/537.36 (compatible; Bytespider; spider-feedback@bytedance.com)"
47.128.41.113 - - [06/Apr/2025:11:12:21 -0400] "GET /wp-content/themes/woodmart/css/parts/header-base.min.css?ver=7.3.2 HTTP/1.1" 200 2509 "https://spekkshealth.com/contact-us/" "Mozilla/5.0 (Linux; Android 5.0) AppleWebKit/537.36 (KHTML, like Gecko) Mobile Safari/537.36 (compatible; Bytespider; spider-feedback@bytedance.com)"
47.128.41.113 - - [06/Apr/2025:11:12:21 -0400] "GET /wp-content/themes/woodmart/css/parts/wp-gutenberg.min.css?ver=7.3.2 HTTP/1.1" 200 1904 "https://spekkshealth.com/contact-us/" "Mozilla/5.0 (Linux; Android 5.0) AppleWebKit/537.36 (KHTML, like Gecko) Mobile Safari/537.36 (compatible; Bytespider; spider-feedback@bytedance.com)"
47.128.41.113 - - [06/Apr/2025:11:12:21 -0400] "GET /wp-content/themes/woodmart/css/parts/base.min.css?ver=7.3.2 HTTP/1.1" 200 10433 "https://spekkshealth.com/contact-us/" "Mozilla/5.0 (Linux; Android 5.0) AppleWebKit/537.36 (KHTML, like Gecko) Mobile Safari/537.36 (compatible; Bytespider; spider-feedback@bytedance.com)"
47.128.41.113 - - [06/Apr/2025:11:12:21 -0400] "GET /wp-content/themes/woodmart/css/parts/el-text-block.min.css?ver=7.3.2 HTTP/1.1" 200 110 "https://spekkshealth.com/contact-us/" "Mozilla/5.0 (Linux; Android 5.0) AppleWebKit/537.36 (KHTML, like Gecko) Mobile Safari/537.36 (compatible; Bytespider; spider-feedback@bytedance.com)"
47.128.41.113 - - [06/Apr/2025:11:12:21 -0400] "GET /wp-content/themes/woodmart/css/parts/int-wbp-el-animations.min.css?ver=7.3.2 HTTP/1.1" 200 678 "https://spekkshealth.com/contact-us/" "Mozilla/5.0 (Linux; Android 5.0) AppleWebKit/537.36 (KHTML, like Gecko) Mobile Safari/537.36 (compatible; Bytespider; spider-feedback@bytedance.com)"
47.128.41.113 - - [06/Apr/2025:11:12:21 -0400] "GET /wp-content/themes/woodmart/css/parts/opt-widget-collapse.min.css?ver=7.3.2 HTTP/1.1" 200 349 "https://spekkshealth.com/contact-us/" "Mozilla/5.0 (Linux; Android 5.0) AppleWebKit/537.36 (KHTML, like Gecko) Mobile Safari/537.36 (compatible; Bytespider; spider-feedback@bytedance.com)"
47.128.41.113 - - [06/Apr/2025:11:12:21 -0400] "GET /wp-content/themes/woodmart/css/parts/el-info-box.min.css?ver=7.3.2 HTTP/1.1" 200 802 "https://spekkshealth.com/contact-us/" "Mozilla/5.0 (Linux; Android 5.0) AppleWebKit/537.36 (KHTML, like Gecko) Mobile Safari/537.36 (compatible; Bytespider; spider-feedback@bytedance.com)"
47.128.41.113 - - [06/Apr/2025:11:12:21 -0400] "GET /wp-content/themes/woodmart/css/parts/footer-base.min.css?ver=7.3.2 HTTP/1.1" 200 360 "https://spekkshealth.com/contact-us/" "Mozilla/5.0 (Linux; Android 5.0) AppleWebKit/537.36 (KHTML, like Gecko) Mobile Safari/537.36 (compatible; Bytespider; spider-feedback@bytedance.com)"
47.128.41.113 - - [06/Apr/2025:11:12:21 -0400] "GET /wp-content/themes/woodmart/css/parts/opt-scrolltotop.min.css?ver=7.3.2 HTTP/1.1" 200 345 "https://spekkshealth.com/contact-us/" "Mozilla/5.0 (Linux; Android 5.0) AppleWebKit/537.36 (KHTML, like Gecko) Mobile Safari/537.36 (compatible; Bytespider; spider-feedback@bytedance.com)"
47.128.41.113 - - [06/Apr/2025:11:12:22 -0400] "GET /wp-content/plugins/js_composer/assets/lib/bower/animate-css/animate.min.css?ver=7.3 HTTP/1.1" 200 2248 "https://spekkshealth.com/contact-us/" "Mozilla/5.0 (Linux; Android 5.0) AppleWebKit/537.36 (KHTML, like Gecko) Mobile Safari/537.36 (compatible; Bytespider; spider-feedback@bytedance.com)"
47.128.41.113 - - [06/Apr/2025:11:12:22 -0400] "GET /wp-content/uploads/2024/01/location-4-2.png HTTP/1.1" 206 500 "https://spekkshealth.com/contact-us/" "Mozilla/5.0 (Linux; Android 5.0) AppleWebKit/537.36 (KHTML, like Gecko) Mobile Safari/537.36 (compatible; Bytespider; spider-feedback@bytedance.com)"
47.128.41.113 - - [06/Apr/2025:11:12:22 -0400] "GET /wp-content/plugins/revslider/public/assets/css/rs6.css?ver=6.6.20 HTTP/1.1" 200 11961 "https://spekkshealth.com/contact-us/" "Mozilla/5.0 (Linux; Android 5.0) AppleWebKit/537.36 (KHTML, like Gecko) Mobile Safari/537.36 (compatible; Bytespider; spider-feedback@bytedance.com)"
47.128.41.113 - - [06/Apr/2025:11:12:22 -0400] "GET /wp-content/uploads/2024/01/WDD-US-11012024-54158190614-SPEKKS-scaled.jpg HTTP/1.1" 206 500 "https://spekkshealth.com/contact-us/" "Mozilla/5.0 (Linux; Android 5.0) AppleWebKit/537.36 (KHTML, like Gecko) Mobile Safari/537.36 (compatible; Bytespider; spider-feedback@bytedance.com)"
47.128.41.113 - - [06/Apr/2025:11:12:22 -0400] "GET /wp-content/uploads/2024/01/Layer-47.jpg HTTP/1.1" 206 500 "https://spekkshealth.com/contact-us/" "Mozilla/5.0 (Linux; Android 5.0) AppleWebKit/537.36 (KHTML, like Gecko) Mobile Safari/537.36 (compatible; Bytespider; spider-feedback@bytedance.com)"
47.128.41.113 - - [06/Apr/2025:11:12:22 -0400] "GET /wp-content/uploads/2024/01/phone-call-7-2.png HTTP/1.1" 206 500 "https://spekkshealth.com/contact-us/" "Mozilla/5.0 (Linux; Android 5.0) AppleWebKit/537.36 (KHTML, like Gecko) Mobile Safari/537.36 (compatible; Bytespider; spider-feedback@bytedance.com)"
47.128.41.113 - - [06/Apr/2025:11:12:22 -0400] "GET /wp-content/uploads/2024/01/Layer-26-copy.png HTTP/1.1" 206 500 "https://spekkshealth.com/contact-us/" "Mozilla/5.0 (Linux; Android 5.0) AppleWebKit/537.36 (KHTML, like Gecko) Mobile Safari/537.36 (compatible; Bytespider; spider-feedback@bytedance.com)"
45.61.187.186 - - [06/Apr/2025:11:16:38 -0400] "GET /wp-login.php HTTP/1.1" 200 9123 "-" "Mozilla/5.0 (Windows NT 6.1; WOW64) AppleWebKit/537.36 (KHTML, like Gecko) Chrome/36.0.1985.125 Safari/537.36"
198.54.116.86 - - [06/Apr/2025:11:16:43 -0400] "POST /wp-cron.php?doing_wp_cron=1743952603.6735150814056396484375 HTTP/1.1" 200 0 "-" "WordPress/6.7.2; https://spekkshealth.com"
45.61.187.186 - - [06/Apr/2025:11:16:41 -0400] "POST /wp-login.php HTTP/1.1" 200 9627 "-" "Mozilla/5.0 (Windows NT 6.1; WOW64) AppleWebKit/537.36 (KHTML, like Gecko) Chrome/36.0.1985.125 Safari/537.36"
198.54.116.86 - - [06/Apr/2025:11:16:43 -0400] "POST /wp-admin/admin-ajax.php?action=async_litespeed&nonce=QB4jN6QDfqxu8Lk3ne92pnrsyL3CSDwe&litespeed_type=imgoptm HTTP/1.1" 200 21 "-" "WordPress/6.7.2; https://spekkshealth.com"
198.54.116.86 - - [06/Apr/2025:11:24:56 -0400] "POST /wp-cron.php?doing_wp_cron=1743953096.6046400070190429687500 HTTP/1.1" 200 0 "-" "WordPress/6.7.2; https://spekkshealth.com"
198.54.114.56 - - [06/Apr/2025:11:24:54 -0400] "POST /wp-login.php HTTP/1.1" 200 2353 "https://spekkshealth.com" "Mozilla/5.0 (Windows NT 10.0; Win64; x64; rv:126.0) Gecko/20100101 Firefox/126.0"
198.54.116.86 - - [06/Apr/2025:11:24:56 -0400] "POST /wp-admin/admin-ajax.php?action=async_litespeed&nonce=Mkcmi146UQFYHcCD2Qovq0uGd8BG8QuH&litespeed_type=imgoptm HTTP/1.1" 200 21 "-" "WordPress/6.7.2; https://spekkshealth.com"
156.253.166.80 - - [06/Apr/2025:11:59:54 -0400] "GET /contact-us/ HTTP/1.1" 200 22211 "-" "Mozilla/5.0 (Macintosh; Intel Mac OS X 12_5) AppleWebKit/537.36 (KHTML, like Gecko) Chrome/114.0.0.0 YaBrowser/22.7.0 Yowser/2.5 Safari/537.36"
198.54.116.86 - - [06/Apr/2025:11:59:57 -0400] "POST /wp-cron.php?doing_wp_cron=1743955197.4647328853607177734375 HTTP/1.1" 200 0 "-" "WordPress/6.7.2; https://spekkshealth.com"
156.253.166.80 - - [06/Apr/2025:11:59:55 -0400] "POST /contact-us/ HTTP/1.1" 200 19832 "https://spekkshealth.com/contact-us/" "Mozilla/5.0 (Macintosh; Intel Mac OS X 12_5) AppleWebKit/537.36 (KHTML, like Gecko) Chrome/114.0.0.0 YaBrowser/22.7.0 Yowser/2.5 Safari/537.36"
198.54.116.86 - - [06/Apr/2025:11:59:57 -0400] "POST /wp-admin/admin-ajax.php?action=async_litespeed&nonce=qEVdmoZASIAPzf1ssKwIddVqHRmoN8hk&litespeed_type=imgoptm HTTP/1.1" 200 21 "-" "WordPress/6.7.2; https://spekkshealth.com"
209.141.43.239 - - [06/Apr/2025:12:03:27 -0400] "GET / HTTP/1.1" 200 29770 "https://www.google.com" "Mozilla/5.0 (Windows NT 6.1; WOW64; rv:54.0) Gecko/20100101 Firefox/54.0"
209.141.43.239 - - [06/Apr/2025:12:03:29 -0400] "GET /wp-login.php HTTP/1.1" 200 2229 "https://www.google.com" "Mozilla/5.0 (Windows NT 6.1; WOW64; rv:54.0) Gecko/20100101 Firefox/54.0"
198.54.116.86 - - [06/Apr/2025:12:33:48 -0400] "POST /wp-cron.php?doing_wp_cron=1743957228.2208249568939208984375 HTTP/1.1" 200 0 "-" "WordPress/6.7.2; https://spekkshealth.com"
198.54.114.80 - - [06/Apr/2025:12:33:46 -0400] "POST /wp-login.php HTTP/1.1" 200 2353 "https://spekkshealth.com" "Mozilla/5.0 (Macintosh; Intel Mac OS X 10_15_7) AppleWebKit/537.36 (KHTML, like Gecko) Chrome/115.0.5790.102 Safari/537.36"
198.54.116.86 - - [06/Apr/2025:12:33:48 -0400] "POST /wp-admin/admin-ajax.php?action=async_litespeed&nonce=e9gnOptHGxtRXl5IPjGI7BK5HmMKA2qX&litespeed_type=imgoptm HTTP/1.1" 200 21 "-" "WordPress/6.7.2; https://spekkshealth.com"
198.98.55.56 - - [06/Apr/2025:12:49:15 -0400] "GET /wp-login.php HTTP/1.1" 200 9123 "-" "Mozilla/5.0 (iPad; CPU OS 7_1_1 like Mac OS X) AppleWebKit/537.51.2 (KHTML, like Gecko) Version/7.0 Mobile/11D201 Safari/9537.53"
198.54.116.86 - - [06/Apr/2025:12:49:17 -0400] "POST /wp-cron.php?doing_wp_cron=1743958157.4250819683074951171875 HTTP/1.1" 200 0 "-" "WordPress/6.7.2; https://spekkshealth.com"
198.98.55.56 - - [06/Apr/2025:12:49:15 -0400] "POST /wp-login.php HTTP/1.1" 200 9627 "-" "Mozilla/5.0 (iPad; CPU OS 7_1_1 like Mac OS X) AppleWebKit/537.51.2 (KHTML, like Gecko) Version/7.0 Mobile/11D201 Safari/9537.53"
198.54.116.86 - - [06/Apr/2025:12:49:17 -0400] "POST /wp-admin/admin-ajax.php?action=async_litespeed&nonce=P2DctAxhh7nPQ4DaokUSaJeLPxdxKpDp&litespeed_type=imgoptm HTTP/1.1" 200 21 "-" "WordPress/6.7.2; https://spekkshealth.com"
198.54.116.86 - - [06/Apr/2025:14:13:00 -0400] "POST /wp-cron.php?doing_wp_cron=1743963180.5664470195770263671875 HTTP/1.1" 200 0 "-" "WordPress/6.7.2; https://spekkshealth.com"
162.213.255.14 - - [06/Apr/2025:14:12:58 -0400] "POST /wp-login.php HTTP/1.1" 200 2673 "https://spekkshealth.com" "Mozilla/5.0 (Windows NT 10.0; Win64; x64) AppleWebKit/537.36 (KHTML, like Gecko) Chrome/116.0.5845.96 Safari/537.36 Edg/116.0.1938.62"
198.54.116.86 - - [06/Apr/2025:14:13:00 -0400] "POST /wp-admin/admin-ajax.php?action=async_litespeed&nonce=VG9O69PGcmpInBgSvcL9HIXIUDSPesgx&litespeed_type=imgoptm HTTP/1.1" 200 21 "-" "WordPress/6.7.2; https://spekkshealth.com"
51.222.253.7 - - [06/Apr/2025:14:19:16 -0400] "GET /robots.txt HTTP/1.1" 200 97 "-" "Mozilla/5.0 (compatible; AhrefsBot/7.0; +http://ahrefs.com/robot/)"
198.54.116.86 - - [06/Apr/2025:14:19:20 -0400] "POST /wp-cron.php?doing_wp_cron=1743963560.7405140399932861328125 HTTP/1.1" 200 0 "-" "WordPress/6.7.2; https://spekkshealth.com"
54.36.148.63 - - [06/Apr/2025:14:19:19 -0400] "GET /2024/01/ HTTP/1.1" 200 17618 "-" "Mozilla/5.0 (compatible; AhrefsBot/7.0; +http://ahrefs.com/robot/)"
198.54.116.86 - - [06/Apr/2025:14:19:20 -0400] "POST /wp-admin/admin-ajax.php?action=async_litespeed&nonce=jRH0EmypScp2tnz7cCsdXDY39ZHMO2bK&litespeed_type=imgoptm HTTP/1.1" 200 21 "-" "WordPress/6.7.2; https://spekkshealth.com"
170.106.15.3 - - [06/Apr/2025:14:57:34 -0400] "GET / HTTP/1.1" 200 35475 "http://spekkshealth.com" "Mozilla/5.0 (iPhone; CPU iPhone OS 13_2_3 like Mac OS X) AppleWebKit/605.1.15 (KHTML, like Gecko) Version/13.0.3 Mobile/15E148 Safari/604.1"
43.163.206.70 - - [06/Apr/2025:15:14:13 -0400] "GET /contact-us/ HTTP/1.1" 200 25669 "-" "Mozilla/5.0 (iPhone; CPU iPhone OS 13_2_3 like Mac OS X) AppleWebKit/605.1.15 (KHTML, like Gecko) Version/13.0.3 Mobile/15E148 Safari/604.1"
198.54.116.86 - - [06/Apr/2025:15:15:46 -0400] "POST /wp-cron.php?doing_wp_cron=1743966946.2196049690246582031250 HTTP/1.1" 200 0 "-" "WordPress/6.7.2; https://spekkshealth.com"
162.0.235.223 - - [06/Apr/2025:15:15:44 -0400] "POST /wp-login.php HTTP/1.1" 200 2353 "https://spekkshealth.com" "Mozilla/5.0 (Macintosh; Intel Mac OS X 10_15_7) AppleWebKit/537.36 (KHTML, like Gecko) Chrome/126.0.0.0 Safari/537.36"
198.54.116.86 - - [06/Apr/2025:15:15:46 -0400] "POST /wp-admin/admin-ajax.php?action=async_litespeed&nonce=oWubleBl3MeQwZVFvVTgvhf7nMXdkhEo&litespeed_type=imgoptm HTTP/1.1" 200 21 "-" "WordPress/6.7.2; https://spekkshealth.com"
198.54.116.86 - - [06/Apr/2025:15:27:25 -0400] "POST /wp-cron.php?doing_wp_cron=1743967645.0611710548400878906250 HTTP/1.1" 200 0 "-" "WordPress/6.7.2; https://spekkshealth.com"
43.128.67.187 - - [06/Apr/2025:15:27:23 -0400] "GET /wp-json/wp/v2/pages/11 HTTP/1.1" 200 104447 "-" "Mozilla/5.0 (iPhone; CPU iPhone OS 13_2_3 like Mac OS X) AppleWebKit/605.1.15 (KHTML, like Gecko) Version/13.0.3 Mobile/15E148 Safari/604.1"
198.54.116.86 - - [06/Apr/2025:15:27:25 -0400] "POST /wp-admin/admin-ajax.php?action=async_litespeed&nonce=IKlLrkM7wjwQAagMFYXfMxRPsmiHTaJ3&litespeed_type=imgoptm HTTP/1.1" 200 21 "-" "WordPress/6.7.2; https://spekkshealth.com"
43.130.67.6 - - [06/Apr/2025:15:39:27 -0400] "GET /wp-json/oembed/1.0/embed?url=https%3A%2F%2Fspekkshealth.com%2F HTTP/1.1" 200 2125 "-" "Mozilla/5.0 (iPhone; CPU iPhone OS 13_2_3 like Mac OS X) AppleWebKit/605.1.15 (KHTML, like Gecko) Version/13.0.3 Mobile/15E148 Safari/604.1"
198.54.116.86 - - [06/Apr/2025:15:50:11 -0400] "POST /wp-cron.php?doing_wp_cron=1743969011.5988070964813232421875 HTTP/1.1" 200 0 "-" "WordPress/6.7.2; https://spekkshealth.com"
43.166.244.251 - - [06/Apr/2025:15:50:09 -0400] "GET /wp-json/oembed/1.0/embed?url=https%3A%2F%2Fspekkshealth.com%2F&format=xml HTTP/1.1" 200 1140 "-" "Mozilla/5.0 (iPhone; CPU iPhone OS 13_2_3 like Mac OS X) AppleWebKit/605.1.15 (KHTML, like Gecko) Version/13.0.3 Mobile/15E148 Safari/604.1"
198.54.116.86 - - [06/Apr/2025:15:50:11 -0400] "POST /wp-admin/admin-ajax.php?action=async_litespeed&nonce=0LyK05WnXfuTsdB8gR96KpiOEBWAlbCk&litespeed_type=imgoptm HTTP/1.1" 200 21 "-" "WordPress/6.7.2; https://spekkshealth.com"
198.54.116.86 - - [06/Apr/2025:15:58:40 -0400] "POST /wp-cron.php?doing_wp_cron=1743969520.9279348850250244140625 HTTP/1.1" 200 0 "-" "WordPress/6.7.2; https://spekkshealth.com"
49.51.195.195 - - [06/Apr/2025:15:58:39 -0400] "GET /wp-json/ HTTP/1.1" 200 240216 "-" "Mozilla/5.0 (iPhone; CPU iPhone OS 13_2_3 like Mac OS X) AppleWebKit/605.1.15 (KHTML, like Gecko) Version/13.0.3 Mobile/15E148 Safari/604.1"
198.54.116.86 - - [06/Apr/2025:15:58:41 -0400] "POST /wp-admin/admin-ajax.php?action=async_litespeed&nonce=3cIeD3BIvPUvpxxLnvUAiaETPBn5AqPn&litespeed_type=imgoptm HTTP/1.1" 200 21 "-" "WordPress/6.7.2; https://spekkshealth.com"
198.54.116.86 - - [06/Apr/2025:16:00:19 -0400] "POST /wp-cron.php?doing_wp_cron=1743969619.5648140907287597656250 HTTP/1.1" 200 0 "-" "WordPress/6.7.2; https://spekkshealth.com"
198.54.125.232 - - [06/Apr/2025:16:00:17 -0400] "POST /wp-login.php HTTP/1.1" 200 2353 "https://spekkshealth.com" "Mozilla/5.0 (Windows NT 10.0; Win64; x64) AppleWebKit/537.36 (KHTML, like Gecko) Chrome/126.0.0.0 Safari/537.36 Edg/126.0.0.0"
198.54.116.86 - - [06/Apr/2025:16:00:19 -0400] "POST /wp-admin/admin-ajax.php?action=async_litespeed&nonce=m3Do8jOexxKliSPNTBWLV1Br9PQSuS65&litespeed_type=imgoptm HTTP/1.1" 200 21 "-" "WordPress/6.7.2; https://spekkshealth.com"
43.130.100.35 - - [06/Apr/2025:16:10:43 -0400] "GET /book-appointment/ HTTP/1.1" 200 28152 "-" "Mozilla/5.0 (iPhone; CPU iPhone OS 13_2_3 like Mac OS X) AppleWebKit/605.1.15 (KHTML, like Gecko) Version/13.0.3 Mobile/15E148 Safari/604.1"
43.130.139.177 - - [06/Apr/2025:16:15:21 -0400] "GET /about-us/ HTTP/1.1" 200 20985 "-" "Mozilla/5.0 (iPhone; CPU iPhone OS 13_2_3 like Mac OS X) AppleWebKit/605.1.15 (KHTML, like Gecko) Version/13.0.3 Mobile/15E148 Safari/604.1"
43.153.12.58 - - [06/Apr/2025:16:24:52 -0400] "GET /services/ HTTP/1.1" 200 21847 "-" "Mozilla/5.0 (iPhone; CPU iPhone OS 13_2_3 like Mac OS X) AppleWebKit/605.1.15 (KHTML, like Gecko) Version/13.0.3 Mobile/15E148 Safari/604.1"
198.54.116.86 - - [06/Apr/2025:16:36:36 -0400] "POST /wp-cron.php?doing_wp_cron=1743971796.7263131141662597656250 HTTP/1.1" 200 0 "-" "WordPress/6.7.2; https://spekkshealth.com"
43.153.96.79 - - [06/Apr/2025:16:36:34 -0400] "GET /embed/ HTTP/1.1" 301 0 "-" "Mozilla/5.0 (iPhone; CPU iPhone OS 13_2_3 like Mac OS X) AppleWebKit/605.1.15 (KHTML, like Gecko) Version/13.0.3 Mobile/15E148 Safari/604.1"
198.54.116.86 - - [06/Apr/2025:16:36:36 -0400] "POST /wp-admin/admin-ajax.php?action=async_litespeed&nonce=t7ykL0CpyL3mbrYGGDPbAA9kd98RrbmJ&litespeed_type=imgoptm HTTP/1.1" 200 21 "-" "WordPress/6.7.2; https://spekkshealth.com"
43.153.96.79 - - [06/Apr/2025:16:36:40 -0400] "GET / HTTP/1.1" 200 35475 "https://spekkshealth.com/embed/" "Mozilla/5.0 (iPhone; CPU iPhone OS 13_2_3 like Mac OS X) AppleWebKit/605.1.15 (KHTML, like Gecko) Version/13.0.3 Mobile/15E148 Safari/604.1"
43.173.1.69 - - [06/Apr/2025:16:43:44 -0400] "GET / HTTP/1.1" 200 35475 "-" "Mozilla/5.0 (iPhone; CPU iPhone OS 13_2_3 like Mac OS X) AppleWebKit/605.1.15 (KHTML, like Gecko) Version/13.0.3 Mobile/15E148 Safari/604.1"
198.54.116.86 - - [06/Apr/2025:16:44:30 -0400] "POST /wp-cron.php?doing_wp_cron=1743972270.7699210643768310546875 HTTP/1.1" 200 0 "-" "WordPress/6.7.2; https://spekkshealth.com"
162.0.209.140 - - [06/Apr/2025:16:44:28 -0400] "POST /wp-login.php HTTP/1.1" 200 2353 "https://spekkshealth.com" "Mozilla/5.0 (Windows NT 10.0; Win64; x64) AppleWebKit/537.36 (KHTML, like Gecko) Chrome/115.0.5790.102 Safari/537.36"
198.54.116.86 - - [06/Apr/2025:16:44:30 -0400] "POST /wp-admin/admin-ajax.php?action=async_litespeed&nonce=cuIovTacbtaLFs4qIIupLcchE8yVGlvG&litespeed_type=imgoptm HTTP/1.1" 200 21 "-" "WordPress/6.7.2; https://spekkshealth.com"
198.54.116.86 - - [06/Apr/2025:16:53:29 -0400] "POST /wp-cron.php?doing_wp_cron=1743972809.0626571178436279296875 HTTP/1.1" 200 0 "-" "WordPress/6.7.2; https://spekkshealth.com"
43.157.209.67 - - [06/Apr/2025:16:53:27 -0400] "GET /feed/ HTTP/1.1" 200 863 "-" "Mozilla/5.0 (iPhone; CPU iPhone OS 13_2_3 like Mac OS X) AppleWebKit/605.1.15 (KHTML, like Gecko) Version/13.0.3 Mobile/15E148 Safari/604.1"
198.54.116.86 - - [06/Apr/2025:16:53:29 -0400] "POST /wp-admin/admin-ajax.php?action=async_litespeed&nonce=aUMZSeLcTuRCs8mm0D6yX2T0LwpzVI6x&litespeed_type=imgoptm HTTP/1.1" 200 21 "-" "WordPress/6.7.2; https://spekkshealth.com"
198.54.116.86 - - [06/Apr/2025:17:04:49 -0400] "POST /wp-cron.php?doing_wp_cron=1743973489.3562629222869873046875 HTTP/1.1" 200 0 "-" "WordPress/6.7.2; https://spekkshealth.com"
43.130.16.140 - - [06/Apr/2025:17:04:47 -0400] "GET /comments/feed/ HTTP/1.1" 200 768 "-" "Mozilla/5.0 (iPhone; CPU iPhone OS 13_2_3 like Mac OS X) AppleWebKit/605.1.15 (KHTML, like Gecko) Version/13.0.3 Mobile/15E148 Safari/604.1"
198.54.116.86 - - [06/Apr/2025:17:04:49 -0400] "POST /wp-admin/admin-ajax.php?action=async_litespeed&nonce=Wx9a1BW0ZpSNZdeBMz5MYuj3E8FS52b6&litespeed_type=imgoptm HTTP/1.1" 200 21 "-" "WordPress/6.7.2; https://spekkshealth.com"
198.54.116.86 - - [06/Apr/2025:17:13:07 -0400] "POST /wp-cron.php?doing_wp_cron=1743973987.7436280250549316406250 HTTP/1.1" 200 0 "-" "WordPress/6.7.2; https://spekkshealth.com"
43.157.170.13 - - [06/Apr/2025:17:13:05 -0400] "GET /xmlrpc.php?rsd HTTP/1.1" 200 312 "-" "Mozilla/5.0 (iPhone; CPU iPhone OS 13_2_3 like Mac OS X) AppleWebKit/605.1.15 (KHTML, like Gecko) Version/13.0.3 Mobile/15E148 Safari/604.1"
198.54.116.86 - - [06/Apr/2025:17:13:07 -0400] "POST /wp-admin/admin-ajax.php?action=async_litespeed&nonce=sJ5dKIV1h0QY6R5Rt8iH1VDMNCUwwtVz&litespeed_type=imgoptm HTTP/1.1" 200 21 "-" "WordPress/6.7.2; https://spekkshealth.com"
/home/servlmvm/./.cphorde/../access-logs/spekkshealth.com.servethepeopleinc.org-ssl_log