198.54.116.86 - - [29/Apr/2025:11:05:18 -0400] "POST /wp-cron.php?doing_wp_cron=1745939118.2826039791107177734375 HTTP/1.1" 200 0 "-" "WordPress/6.8; https://servethepeopleinc.org"
52.167.144.190 - - [29/Apr/2025:11:05:18 -0400] "GET /special55556068.shtml HTTP/1.1" 404 16942 "-" "Mozilla/5.0 AppleWebKit/537.36 (KHTML, like Gecko; compatible; bingbot/2.0; +http://www.bing.com/bingbot.htm) Chrome/116.0.1938.76 Safari/537.36"
18.218.96.239 - - [29/Apr/2025:11:05:19 -0400] "GET /ad917/?path=%2Fhome%2Fservlmvm%2F..%2F..%2Fusr%2Fshare%2Faclocal%2F..%2Flocale%2Fnon%2F.%2F..%2Fchg%2F..%2Fua%2F..%2Feo%2F..%2Fhi%2F..%2Fgor%2F..%2Ftog%2F..%2Fsw HTTP/1.1" 200 1612 "-" "Mozilla/5.0 AppleWebKit/537.36 (KHTML, like Gecko; compatible; ClaudeBot/1.0; +claudebot@anthropic.com)"
18.218.96.239 - - [29/Apr/2025:11:05:22 -0400] "GET /ad917/?path=%2Fhome%2Fservlmvm%2F..%2F..%2Fusr%2Fshare%2Faclocal%2F..%2Flocale%2Fhai%2F..%2Fbla%2F..%2Fpms%2F..%2Fgot%2F..%2Feka%2F..%2Fapa HTTP/1.1" 200 1569 "-" "Mozilla/5.0 AppleWebKit/537.36 (KHTML, like Gecko; compatible; ClaudeBot/1.0; +claudebot@anthropic.com)"
52.167.144.183 - - [29/Apr/2025:11:05:22 -0400] "GET /products/hagship/ HTTP/1.1" 404 16942 "-" "Mozilla/5.0 AppleWebKit/537.36 (KHTML, like Gecko; compatible; bingbot/2.0; +http://www.bing.com/bingbot.htm) Chrome/116.0.1938.76 Safari/537.36"
18.218.96.239 - - [29/Apr/2025:11:05:25 -0400] "GET /ad917/?path=%2Fhome%2Fservlmvm%2F..%2F..%2Fusr%2Fshare%2Faclocal%2F..%2Flocale%2Fhai%2F..%2Fcgg%2F..%2Fnso%2F..%2Fks%2F..%2Ftai%2F..%2Flg HTTP/1.1" 200 1646 "-" "Mozilla/5.0 AppleWebKit/537.36 (KHTML, like Gecko; compatible; ClaudeBot/1.0; +claudebot@anthropic.com)"
24.239.179.75 - - [29/Apr/2025:11:05:25 -0400] "GET / HTTP/1.1" 200 28635 "https://www.bing.com/" "Mozilla/5.0 (Windows NT 10.0; Win64; x64) AppleWebKit/537.36 (KHTML, like Gecko) Chrome/135.0.0.0 Safari/537.36 Edg/135.0.0.0"
18.218.96.239 - - [29/Apr/2025:11:05:28 -0400] "GET /ad917/?path=%2Fhome%2Fservlmvm%2F..%2F..%2Fusr%2Fshare%2Faclocal%2F..%2Flocale%2Fnon%2F.%2F..%2Fchg%2F..%2Fua%2F..%2Feo%2F..%2Fhi%2F..%2Fgor%2F..%2Ftog%2F..%2Fyi HTTP/1.1" 200 1613 "-" "Mozilla/5.0 AppleWebKit/537.36 (KHTML, like Gecko; compatible; ClaudeBot/1.0; +claudebot@anthropic.com)"
52.167.144.199 - - [29/Apr/2025:11:05:28 -0400] "GET /goodscode/des/assenting/75673096.shtml HTTP/1.1" 301 0 "-" "Mozilla/5.0 AppleWebKit/537.36 (KHTML, like Gecko; compatible; bingbot/2.0; +http://www.bing.com/bingbot.htm) Chrome/116.0.1938.76 Safari/537.36"
52.167.144.180 - - [29/Apr/2025:11:05:29 -0400] "GET /products/keelyvine/60373216.shtml HTTP/1.1" 404 16948 "-" "Mozilla/5.0 AppleWebKit/537.36 (KHTML, like Gecko; compatible; bingbot/2.0; +http://www.bing.com/bingbot.htm) Chrome/116.0.1938.76 Safari/537.36"
24.239.179.75 - - [29/Apr/2025:11:05:29 -0400] "GET / HTTP/1.1" 200 28625 "-" "Mozilla/5.0 (Windows NT 10.0; Win64; x64) AppleWebKit/537.36 (KHTML, like Gecko) Chrome/130.0.0.0 Safari/537.36"
24.239.179.75 - - [29/Apr/2025:11:05:30 -0400] "GET /wp-includes/css/dist/block-library/style.min.css?ver=6.8 HTTP/1.1" 200 14358 "https://servethepeopleinc.org/" "Mozilla/5.0 (Windows NT 10.0; Win64; x64) AppleWebKit/537.36 (KHTML, like Gecko) Chrome/130.0.0.0 Safari/537.36"
24.239.179.75 - - [29/Apr/2025:11:05:30 -0400] "GET /wp-content/uploads/useanyfont/uaf.css?ver=1704783504 HTTP/1.1" 200 236 "https://servethepeopleinc.org/" "Mozilla/5.0 (Windows NT 10.0; Win64; x64) AppleWebKit/537.36 (KHTML, like Gecko) Chrome/130.0.0.0 Safari/537.36"
24.239.179.75 - - [29/Apr/2025:11:05:30 -0400] "GET /wp-content/plugins/gravityforms/assets/css/dist/theme-components.min.css?ver=2.8.18 HTTP/1.1" 200 0 "https://servethepeopleinc.org/" "Mozilla/5.0 (Windows NT 10.0; Win64; x64) AppleWebKit/537.36 (KHTML, like Gecko) Chrome/130.0.0.0 Safari/537.36"
24.239.179.75 - - [29/Apr/2025:11:05:30 -0400] "GET /wp-content/plugins/give/assets/dist/css/give-donation-summary.css?ver=3.3.0 HTTP/1.1" 200 465 "https://servethepeopleinc.org/" "Mozilla/5.0 (Windows NT 10.0; Win64; x64) AppleWebKit/537.36 (KHTML, like Gecko) Chrome/130.0.0.0 Safari/537.36"
24.239.179.75 - - [29/Apr/2025:11:05:30 -0400] "GET /wp-content/plugins/js_composer/assets/css/js_composer.min.css?ver=7.3 HTTP/1.1" 200 40992 "https://servethepeopleinc.org/" "Mozilla/5.0 (Windows NT 10.0; Win64; x64) AppleWebKit/537.36 (KHTML, like Gecko) Chrome/130.0.0.0 Safari/537.36"
24.239.179.75 - - [29/Apr/2025:11:05:30 -0400] "GET /wp-content/plugins/gravityforms/assets/css/dist/basic.min.css?ver=2.8.18 HTTP/1.1" 200 6849 "https://servethepeopleinc.org/" "Mozilla/5.0 (Windows NT 10.0; Win64; x64) AppleWebKit/537.36 (KHTML, like Gecko) Chrome/130.0.0.0 Safari/537.36"
24.239.179.75 - - [29/Apr/2025:11:05:30 -0400] "GET /wp-content/plugins/gravityforms/assets/css/dist/theme.min.css?ver=2.8.18 HTTP/1.1" 200 5531 "https://servethepeopleinc.org/" "Mozilla/5.0 (Windows NT 10.0; Win64; x64) AppleWebKit/537.36 (KHTML, like Gecko) Chrome/130.0.0.0 Safari/537.36"
24.239.179.75 - - [29/Apr/2025:11:05:30 -0400] "GET /wp-content/plugins/gravityforms/assets/css/dist/theme-ie11.min.css?ver=2.8.18 HTTP/1.1" 200 327 "https://servethepeopleinc.org/" "Mozilla/5.0 (Windows NT 10.0; Win64; x64) AppleWebKit/537.36 (KHTML, like Gecko) Chrome/130.0.0.0 Safari/537.36"
24.239.179.75 - - [29/Apr/2025:11:05:30 -0400] "GET /wp-content/plugins/give/assets/dist/css/give.css?ver=3.3.0 HTTP/1.1" 200 13358 "https://servethepeopleinc.org/" "Mozilla/5.0 (Windows NT 10.0; Win64; x64) AppleWebKit/537.36 (KHTML, like Gecko) Chrome/130.0.0.0 Safari/537.36"
24.239.179.75 - - [29/Apr/2025:11:05:30 -0400] "GET /wp-content/themes/woodmart/css/parts/wp-gutenberg.min.css?ver=7.3.2 HTTP/1.1" 200 1904 "https://servethepeopleinc.org/" "Mozilla/5.0 (Windows NT 10.0; Win64; x64) AppleWebKit/537.36 (KHTML, like Gecko) Chrome/130.0.0.0 Safari/537.36"
24.239.179.75 - - [29/Apr/2025:11:05:30 -0400] "GET /wp-content/themes/woodmart/css/parts/int-mc4wp.min.css?ver=7.3.2 HTTP/1.1" 200 352 "https://servethepeopleinc.org/" "Mozilla/5.0 (Windows NT 10.0; Win64; x64) AppleWebKit/537.36 (KHTML, like Gecko) Chrome/130.0.0.0 Safari/537.36"
24.239.179.75 - - [29/Apr/2025:11:05:30 -0400] "GET /wp-content/themes/woodmart/css/bootstrap-light.min.css?ver=7.3.2 HTTP/1.1" 200 812 "https://servethepeopleinc.org/" "Mozilla/5.0 (Windows NT 10.0; Win64; x64) AppleWebKit/537.36 (KHTML, like Gecko) Chrome/130.0.0.0 Safari/537.36"
24.239.179.75 - - [29/Apr/2025:11:05:30 -0400] "GET /wp-content/themes/woodmart/css/parts/base.min.css?ver=7.3.2 HTTP/1.1" 200 10433 "https://servethepeopleinc.org/" "Mozilla/5.0 (Windows NT 10.0; Win64; x64) AppleWebKit/537.36 (KHTML, like Gecko) Chrome/130.0.0.0 Safari/537.36"
24.239.179.75 - - [29/Apr/2025:11:05:30 -0400] "GET /wp-content/themes/woodmart/css/parts/int-rev-slider.min.css?ver=7.3.2 HTTP/1.1" 200 256 "https://servethepeopleinc.org/" "Mozilla/5.0 (Windows NT 10.0; Win64; x64) AppleWebKit/537.36 (KHTML, like Gecko) Chrome/130.0.0.0 Safari/537.36"
24.239.179.75 - - [29/Apr/2025:11:05:30 -0400] "GET /wp-content/themes/woodmart/css/parts/int-wpb-base.min.css?ver=7.3.2 HTTP/1.1" 200 2653 "https://servethepeopleinc.org/" "Mozilla/5.0 (Windows NT 10.0; Win64; x64) AppleWebKit/537.36 (KHTML, like Gecko) Chrome/130.0.0.0 Safari/537.36"
24.239.179.75 - - [29/Apr/2025:11:05:30 -0400] "GET /wp-content/themes/woodmart/css/parts/int-wpb-base-deprecated.min.css?ver=7.3.2 HTTP/1.1" 200 301 "https://servethepeopleinc.org/" "Mozilla/5.0 (Windows NT 10.0; Win64; x64) AppleWebKit/537.36 (KHTML, like Gecko) Chrome/130.0.0.0 Safari/537.36"
24.239.179.75 - - [29/Apr/2025:11:05:30 -0400] "GET /wp-content/themes/woodmart/css/parts/header-base.min.css?ver=7.3.2 HTTP/1.1" 200 2509 "https://servethepeopleinc.org/" "Mozilla/5.0 (Windows NT 10.0; Win64; x64) AppleWebKit/537.36 (KHTML, like Gecko) Chrome/130.0.0.0 Safari/537.36"
24.239.179.75 - - [29/Apr/2025:11:05:30 -0400] "GET /wp-content/themes/woodmart/css/parts/header-el-base.min.css?ver=7.3.2 HTTP/1.1" 200 811 "https://servethepeopleinc.org/" "Mozilla/5.0 (Windows NT 10.0; Win64; x64) AppleWebKit/537.36 (KHTML, like Gecko) Chrome/130.0.0.0 Safari/537.36"
24.239.179.75 - - [29/Apr/2025:11:05:30 -0400] "GET /wp-content/themes/woodmart/css/parts/el-social-icons.min.css?ver=7.3.2 HTTP/1.1" 200 1130 "https://servethepeopleinc.org/" "Mozilla/5.0 (Windows NT 10.0; Win64; x64) AppleWebKit/537.36 (KHTML, like Gecko) Chrome/130.0.0.0 Safari/537.36"
24.239.179.75 - - [29/Apr/2025:11:05:30 -0400] "GET /wp-content/themes/woodmart/css/parts/mod-tools.min.css?ver=7.3.2 HTTP/1.1" 200 863 "https://servethepeopleinc.org/" "Mozilla/5.0 (Windows NT 10.0; Win64; x64) AppleWebKit/537.36 (KHTML, like Gecko) Chrome/130.0.0.0 Safari/537.36"
24.239.179.75 - - [29/Apr/2025:11:05:30 -0400] "GET /wp-content/themes/woodmart/css/parts/int-wbp-el-animations.min.css?ver=7.3.2 HTTP/1.1" 200 678 "https://servethepeopleinc.org/" "Mozilla/5.0 (Windows NT 10.0; Win64; x64) AppleWebKit/537.36 (KHTML, like Gecko) Chrome/130.0.0.0 Safari/537.36"
24.239.179.75 - - [29/Apr/2025:11:05:30 -0400] "GET /wp-content/themes/woodmart/css/parts/el-info-box.min.css?ver=7.3.2 HTTP/1.1" 200 802 "https://servethepeopleinc.org/" "Mozilla/5.0 (Windows NT 10.0; Win64; x64) AppleWebKit/537.36 (KHTML, like Gecko) Chrome/130.0.0.0 Safari/537.36"
24.239.179.75 - - [29/Apr/2025:11:05:30 -0400] "GET /wp-content/themes/woodmart/css/parts/el-text-block.min.css?ver=7.3.2 HTTP/1.1" 200 110 "https://servethepeopleinc.org/" "Mozilla/5.0 (Windows NT 10.0; Win64; x64) AppleWebKit/537.36 (KHTML, like Gecko) Chrome/130.0.0.0 Safari/537.36"
24.239.179.75 - - [29/Apr/2025:11:05:30 -0400] "GET /wp-content/themes/woodmart/css/parts/lib-owl-carousel.min.css?ver=7.3.2 HTTP/1.1" 200 1230 "https://servethepeopleinc.org/" "Mozilla/5.0 (Windows NT 10.0; Win64; x64) AppleWebKit/537.36 (KHTML, like Gecko) Chrome/130.0.0.0 Safari/537.36"
24.239.179.75 - - [29/Apr/2025:11:05:30 -0400] "GET /wp-content/themes/woodmart/css/parts/opt-widget-collapse.min.css?ver=7.3.2 HTTP/1.1" 200 349 "https://servethepeopleinc.org/" "Mozilla/5.0 (Windows NT 10.0; Win64; x64) AppleWebKit/537.36 (KHTML, like Gecko) Chrome/130.0.0.0 Safari/537.36"
24.239.179.75 - - [29/Apr/2025:11:05:30 -0400] "GET /wp-content/themes/woodmart/css/parts/footer-base.min.css?ver=7.3.2 HTTP/1.1" 200 360 "https://servethepeopleinc.org/" "Mozilla/5.0 (Windows NT 10.0; Win64; x64) AppleWebKit/537.36 (KHTML, like Gecko) Chrome/130.0.0.0 Safari/537.36"
24.239.179.75 - - [29/Apr/2025:11:05:30 -0400] "GET /wp-includes/js/jquery/jquery-migrate.min.js?ver=3.4.1 HTTP/1.1" 200 4678 "https://servethepeopleinc.org/" "Mozilla/5.0 (Windows NT 10.0; Win64; x64) AppleWebKit/537.36 (KHTML, like Gecko) Chrome/130.0.0.0 Safari/537.36"
24.239.179.75 - - [29/Apr/2025:11:05:30 -0400] "GET /wp-includes/js/jquery/jquery.min.js?ver=3.7.1 HTTP/1.1" 200 29744 "https://servethepeopleinc.org/" "Mozilla/5.0 (Windows NT 10.0; Win64; x64) AppleWebKit/537.36 (KHTML, like Gecko) Chrome/130.0.0.0 Safari/537.36"
24.239.179.75 - - [29/Apr/2025:11:05:30 -0400] "GET /wp-includes/js/dist/hooks.min.js?ver=4d63a3d491d11ffd8ac6 HTTP/1.1" 200 1571 "https://servethepeopleinc.org/" "Mozilla/5.0 (Windows NT 10.0; Win64; x64) AppleWebKit/537.36 (KHTML, like Gecko) Chrome/130.0.0.0 Safari/537.36"
24.239.179.75 - - [29/Apr/2025:11:05:30 -0400] "GET /wp-content/themes/woodmart/css/parts/opt-scrolltotop.min.css?ver=7.3.2 HTTP/1.1" 200 345 "https://servethepeopleinc.org/" "Mozilla/5.0 (Windows NT 10.0; Win64; x64) AppleWebKit/537.36 (KHTML, like Gecko) Chrome/130.0.0.0 Safari/537.36"
24.239.179.75 - - [29/Apr/2025:11:05:30 -0400] "GET /wp-includes/js/dist/i18n.min.js?ver=5e580eb46a90c2b997e6 HTTP/1.1" 200 3542 "https://servethepeopleinc.org/" "Mozilla/5.0 (Windows NT 10.0; Win64; x64) AppleWebKit/537.36 (KHTML, like Gecko) Chrome/130.0.0.0 Safari/537.36"
24.239.179.75 - - [29/Apr/2025:11:05:30 -0400] "GET /wp-content/plugins/give/assets/dist/js/give.js?ver=1f58f4922fc61e82 HTTP/1.1" 200 49585 "https://servethepeopleinc.org/" "Mozilla/5.0 (Windows NT 10.0; Win64; x64) AppleWebKit/537.36 (KHTML, like Gecko) Chrome/130.0.0.0 Safari/537.36"
24.239.179.75 - - [29/Apr/2025:11:05:30 -0400] "GET /wp-content/themes/woodmart/js/libs/device.min.js?ver=7.3.2 HTTP/1.1" 200 1151 "https://servethepeopleinc.org/" "Mozilla/5.0 (Windows NT 10.0; Win64; x64) AppleWebKit/537.36 (KHTML, like Gecko) Chrome/130.0.0.0 Safari/537.36"
24.239.179.75 - - [29/Apr/2025:11:05:30 -0400] "GET /wp-content/themes/woodmart/js/scripts/global/scrollBar.min.js?ver=7.3.2 HTTP/1.1" 200 152 "https://servethepeopleinc.org/" "Mozilla/5.0 (Windows NT 10.0; Win64; x64) AppleWebKit/537.36 (KHTML, like Gecko) Chrome/130.0.0.0 Safari/537.36"
24.239.179.75 - - [29/Apr/2025:11:05:30 -0400] "GET /wp-content/plugins/revslider/public/assets/assets/dummy.png HTTP/1.1" 200 68 "https://servethepeopleinc.org/" "Mozilla/5.0 (Windows NT 10.0; Win64; x64) AppleWebKit/537.36 (KHTML, like Gecko) Chrome/130.0.0.0 Safari/537.36"
24.239.179.75 - - [29/Apr/2025:11:05:30 -0400] "GET /wp-content/uploads/2024/01/1.png HTTP/1.1" 200 74033 "https://servethepeopleinc.org/" "Mozilla/5.0 (Windows NT 10.0; Win64; x64) AppleWebKit/537.36 (KHTML, like Gecko) Chrome/130.0.0.0 Safari/537.36"
24.239.179.75 - - [29/Apr/2025:11:05:30 -0400] "GET /wp-content/uploads/2024/01/logo-1.png HTTP/1.1" 200 88746 "https://servethepeopleinc.org/" "Mozilla/5.0 (Windows NT 10.0; Win64; x64) AppleWebKit/537.36 (KHTML, like Gecko) Chrome/130.0.0.0 Safari/537.36"
24.239.179.75 - - [29/Apr/2025:11:05:31 -0400] "GET /wp-content/plugins/js_composer/assets/lib/bower/animate-css/animate.min.css?ver=7.3 HTTP/1.1" 200 2248 "https://servethepeopleinc.org/" "Mozilla/5.0 (Windows NT 10.0; Win64; x64) AppleWebKit/537.36 (KHTML, like Gecko) Chrome/130.0.0.0 Safari/537.36"
24.239.179.75 - - [29/Apr/2025:11:05:31 -0400] "GET /wp-content/plugins/revslider/public/assets/css/rs6.css?ver=6.6.20 HTTP/1.1" 200 11961 "https://servethepeopleinc.org/" "Mozilla/5.0 (Windows NT 10.0; Win64; x64) AppleWebKit/537.36 (KHTML, like Gecko) Chrome/130.0.0.0 Safari/537.36"
24.239.179.75 - - [29/Apr/2025:11:05:31 -0400] "GET /wp-content/plugins/give/assets/dist/js/give-donation-summary.js?ver=3.3.0 HTTP/1.1" 200 1630 "https://servethepeopleinc.org/" "Mozilla/5.0 (Windows NT 10.0; Win64; x64) AppleWebKit/537.36 (KHTML, like Gecko) Chrome/130.0.0.0 Safari/537.36"
24.239.179.75 - - [29/Apr/2025:11:05:31 -0400] "GET /wp-includes/js/dist/dom-ready.min.js?ver=f77871ff7694fffea381 HTTP/1.1" 200 275 "https://servethepeopleinc.org/" "Mozilla/5.0 (Windows NT 10.0; Win64; x64) AppleWebKit/537.36 (KHTML, like Gecko) Chrome/130.0.0.0 Safari/537.36"
24.239.179.75 - - [29/Apr/2025:11:05:31 -0400] "GET /wp-includes/js/dist/a11y.min.js?ver=3156534cc54473497e14 HTTP/1.1" 200 827 "https://servethepeopleinc.org/" "Mozilla/5.0 (Windows NT 10.0; Win64; x64) AppleWebKit/537.36 (KHTML, like Gecko) Chrome/130.0.0.0 Safari/537.36"
24.239.179.75 - - [29/Apr/2025:11:05:31 -0400] "GET /wp-content/plugins/js_composer/assets/js/dist/js_composer_front.min.js?ver=7.3 HTTP/1.1" 200 5490 "https://servethepeopleinc.org/" "Mozilla/5.0 (Windows NT 10.0; Win64; x64) AppleWebKit/537.36 (KHTML, like Gecko) Chrome/130.0.0.0 Safari/537.36"
24.239.179.75 - - [29/Apr/2025:11:05:31 -0400] "GET /wp-content/uploads/2024/01/Roboto-Bold.ttf HTTP/1.1" 200 167336 "https://servethepeopleinc.org/" "Mozilla/5.0 (Windows NT 10.0; Win64; x64) AppleWebKit/537.36 (KHTML, like Gecko) Chrome/130.0.0.0 Safari/537.36"
24.239.179.75 - - [29/Apr/2025:11:05:31 -0400] "GET /wp-content/themes/woodmart/js/libs/cookie.min.js?ver=7.3.2 HTTP/1.1" 200 791 "https://servethepeopleinc.org/" "Mozilla/5.0 (Windows NT 10.0; Win64; x64) AppleWebKit/537.36 (KHTML, like Gecko) Chrome/130.0.0.0 Safari/537.36"
24.239.179.75 - - [29/Apr/2025:11:05:31 -0400] "GET /wp-content/themes/woodmart/js/scripts/global/helpers.min.js?ver=7.3.2 HTTP/1.1" 200 1667 "https://servethepeopleinc.org/" "Mozilla/5.0 (Windows NT 10.0; Win64; x64) AppleWebKit/537.36 (KHTML, like Gecko) Chrome/130.0.0.0 Safari/537.36"
24.239.179.75 - - [29/Apr/2025:11:05:31 -0400] "GET /wp-content/themes/woodmart/js/scripts/wc/woocommerceNotices.min.js?ver=7.3.2 HTTP/1.1" 200 232 "https://servethepeopleinc.org/" "Mozilla/5.0 (Windows NT 10.0; Win64; x64) AppleWebKit/537.36 (KHTML, like Gecko) Chrome/130.0.0.0 Safari/537.36"
24.239.179.75 - - [29/Apr/2025:11:05:31 -0400] "GET /wp-content/themes/woodmart/js/scripts/header/headerBuilder.min.js?ver=7.3.2 HTTP/1.1" 200 872 "https://servethepeopleinc.org/" "Mozilla/5.0 (Windows NT 10.0; Win64; x64) AppleWebKit/537.36 (KHTML, like Gecko) Chrome/130.0.0.0 Safari/537.36"
24.239.179.75 - - [29/Apr/2025:11:05:31 -0400] "GET /wp-content/themes/woodmart/js/scripts/menu/menuOffsets.min.js?ver=7.3.2 HTTP/1.1" 200 876 "https://servethepeopleinc.org/" "Mozilla/5.0 (Windows NT 10.0; Win64; x64) AppleWebKit/537.36 (KHTML, like Gecko) Chrome/130.0.0.0 Safari/537.36"
18.218.96.239 - - [29/Apr/2025:11:05:31 -0400] "GET /ad917/?path=%2Fhome%2Fservlmvm%2F..%2F..%2Fusr%2Fshare%2Faclocal%2F..%2Flocale%2Fnon%2F.%2F..%2Fchg%2F..%2Fua%2F..%2Feo%2F..%2Fhi%2F..%2Fgor%2F..%2Ftog%2F..%2Fve HTTP/1.1" 200 1613 "-" "Mozilla/5.0 AppleWebKit/537.36 (KHTML, like Gecko; compatible; ClaudeBot/1.0; +claudebot@anthropic.com)"
24.239.179.75 - - [29/Apr/2025:11:05:31 -0400] "GET /wp-content/themes/woodmart/fonts/woodmart-font-1-400.woff2?v=7.3.2 HTTP/1.1" 200 10816 "https://servethepeopleinc.org/" "Mozilla/5.0 (Windows NT 10.0; Win64; x64) AppleWebKit/537.36 (KHTML, like Gecko) Chrome/130.0.0.0 Safari/537.36"
24.239.179.75 - - [29/Apr/2025:11:05:31 -0400] "GET /wp-content/uploads/2024/01/Montserrat-Regular.ttf HTTP/1.1" 200 197976 "https://servethepeopleinc.org/" "Mozilla/5.0 (Windows NT 10.0; Win64; x64) AppleWebKit/537.36 (KHTML, like Gecko) Chrome/130.0.0.0 Safari/537.36"
24.239.179.75 - - [29/Apr/2025:11:05:31 -0400] "GET /wp-content/themes/woodmart/js/scripts/menu/menuSetUp.min.js?ver=7.3.2 HTTP/1.1" 200 495 "https://servethepeopleinc.org/" "Mozilla/5.0 (Windows NT 10.0; Win64; x64) AppleWebKit/537.36 (KHTML, like Gecko) Chrome/130.0.0.0 Safari/537.36"
24.239.179.75 - - [29/Apr/2025:11:05:31 -0400] "GET /wp-content/plugins/js_composer/assets/lib/vc_waypoints/vc-waypoints.min.js?ver=7.3 HTTP/1.1" 200 2675 "https://servethepeopleinc.org/" "Mozilla/5.0 (Windows NT 10.0; Win64; x64) AppleWebKit/537.36 (KHTML, like Gecko) Chrome/130.0.0.0 Safari/537.36"
24.239.179.75 - - [29/Apr/2025:11:05:31 -0400] "GET /wp-includes/js/imagesloaded.min.js?ver=5.0.0 HTTP/1.1" 200 1687 "https://servethepeopleinc.org/" "Mozilla/5.0 (Windows NT 10.0; Win64; x64) AppleWebKit/537.36 (KHTML, like Gecko) Chrome/130.0.0.0 Safari/537.36"
24.239.179.75 - - [29/Apr/2025:11:05:31 -0400] "GET /wp-content/themes/woodmart/js/libs/owl.carousel.min.js?ver=7.3.2 HTTP/1.1" 200 10583 "https://servethepeopleinc.org/" "Mozilla/5.0 (Windows NT 10.0; Win64; x64) AppleWebKit/537.36 (KHTML, like Gecko) Chrome/130.0.0.0 Safari/537.36"
24.239.179.75 - - [29/Apr/2025:11:05:31 -0400] "GET /wp-content/themes/woodmart/js/scripts/global/owlCarouselInit.min.js?ver=7.3.2 HTTP/1.1" 200 1000 "https://servethepeopleinc.org/" "Mozilla/5.0 (Windows NT 10.0; Win64; x64) AppleWebKit/537.36 (KHTML, like Gecko) Chrome/130.0.0.0 Safari/537.36"
24.239.179.75 - - [29/Apr/2025:11:05:31 -0400] "GET /wp-content/themes/woodmart/js/scripts/global/widgetCollapse.min.js?ver=7.3.2 HTTP/1.1" 200 365 "https://servethepeopleinc.org/" "Mozilla/5.0 (Windows NT 10.0; Win64; x64) AppleWebKit/537.36 (KHTML, like Gecko) Chrome/130.0.0.0 Safari/537.36"
24.239.179.75 - - [29/Apr/2025:11:05:31 -0400] "GET /wp-content/themes/woodmart/js/scripts/global/scrollTop.min.js?ver=7.3.2 HTTP/1.1" 200 171 "https://servethepeopleinc.org/" "Mozilla/5.0 (Windows NT 10.0; Win64; x64) AppleWebKit/537.36 (KHTML, like Gecko) Chrome/130.0.0.0 Safari/537.36"
24.239.179.75 - - [29/Apr/2025:11:05:31 -0400] "GET /wp-content/themes/woodmart/js/scripts/menu/mobileNavigation.min.js?ver=7.3.2 HTTP/1.1" 200 566 "https://servethepeopleinc.org/" "Mozilla/5.0 (Windows NT 10.0; Win64; x64) AppleWebKit/537.36 (KHTML, like Gecko) Chrome/130.0.0.0 Safari/537.36"
24.239.179.75 - - [29/Apr/2025:11:05:31 -0400] "GET /wp-content/plugins/gravityforms/js/jquery.json.min.js?ver=2.8.18 HTTP/1.1" 200 850 "https://servethepeopleinc.org/" "Mozilla/5.0 (Windows NT 10.0; Win64; x64) AppleWebKit/537.36 (KHTML, like Gecko) Chrome/130.0.0.0 Safari/537.36"
24.239.179.75 - - [29/Apr/2025:11:05:31 -0400] "GET /wp-content/plugins/gravityforms/assets/js/dist/utils.min.js?ver=50c7bea9c2320e16728e44ae9fde5f26 HTTP/1.1" 200 11283 "https://servethepeopleinc.org/" "Mozilla/5.0 (Windows NT 10.0; Win64; x64) AppleWebKit/537.36 (KHTML, like Gecko) Chrome/130.0.0.0 Safari/537.36"
24.239.179.75 - - [29/Apr/2025:11:05:31 -0400] "GET /wp-content/plugins/gravityforms/js/gravityforms.min.js?ver=2.8.18 HTTP/1.1" 200 13246 "https://servethepeopleinc.org/" "Mozilla/5.0 (Windows NT 10.0; Win64; x64) AppleWebKit/537.36 (KHTML, like Gecko) Chrome/130.0.0.0 Safari/537.36"
24.239.179.75 - - [29/Apr/2025:11:05:31 -0400] "GET /wp-content/uploads/2024/01/Layer-3.jpg HTTP/1.1" 200 186696 "https://servethepeopleinc.org/" "Mozilla/5.0 (Windows NT 10.0; Win64; x64) AppleWebKit/537.36 (KHTML, like Gecko) Chrome/130.0.0.0 Safari/537.36"
24.239.179.75 - - [29/Apr/2025:11:05:31 -0400] "GET /wp-content/uploads/2024/01/Layer-5.jpg HTTP/1.1" 200 187141 "https://servethepeopleinc.org/" "Mozilla/5.0 (Windows NT 10.0; Win64; x64) AppleWebKit/537.36 (KHTML, like Gecko) Chrome/130.0.0.0 Safari/537.36"
24.239.179.75 - - [29/Apr/2025:11:05:31 -0400] "GET /felix-mbong/wp-content/uploads/useanyfont/3565LibreBaskerville-Bol.woff2 HTTP/1.1" 404 16949 "https://servethepeopleinc.org/wp-content/uploads/useanyfont/uaf.css?ver=1704783504" "Mozilla/5.0 (Windows NT 10.0; Win64; x64) AppleWebKit/537.36 (KHTML, like Gecko) Chrome/130.0.0.0 Safari/537.36"
24.239.179.75 - - [29/Apr/2025:11:05:31 -0400] "GET /wp-content/plugins/revslider/public/assets/js/rbtools.min.js?ver=6.6.20 HTTP/1.1" 200 59937 "https://servethepeopleinc.org/" "Mozilla/5.0 (Windows NT 10.0; Win64; x64) AppleWebKit/537.36 (KHTML, like Gecko) Chrome/130.0.0.0 Safari/537.36"
24.239.179.75 - - [29/Apr/2025:11:05:31 -0400] "GET /wp-content/plugins/gravityforms/js/placeholders.jquery.min.js?ver=2.8.18 HTTP/1.1" 200 1604 "https://servethepeopleinc.org/" "Mozilla/5.0 (Windows NT 10.0; Win64; x64) AppleWebKit/537.36 (KHTML, like Gecko) Chrome/130.0.0.0 Safari/537.36"
24.239.179.75 - - [29/Apr/2025:11:05:31 -0400] "GET /wp-content/plugins/revslider/public/assets/js/rs6.min.js?ver=6.6.20 HTTP/1.1" 200 103665 "https://servethepeopleinc.org/" "Mozilla/5.0 (Windows NT 10.0; Win64; x64) AppleWebKit/537.36 (KHTML, like Gecko) Chrome/130.0.0.0 Safari/537.36"
24.239.179.75 - - [29/Apr/2025:11:05:31 -0400] "GET /wp-content/plugins/gravityforms/assets/js/dist/vendor-theme.min.js?ver=54e7080aa7a02c83aa61fae430b9d869 HTTP/1.1" 200 6145 "https://servethepeopleinc.org/" "Mozilla/5.0 (Windows NT 10.0; Win64; x64) AppleWebKit/537.36 (KHTML, like Gecko) Chrome/130.0.0.0 Safari/537.36"
24.239.179.75 - - [29/Apr/2025:11:05:31 -0400] "GET /wp-content/plugins/gravityforms/assets/js/dist/scripts-theme.min.js?ver=bab19fd84843dabc070e73326d787910 HTTP/1.1" 200 1644 "https://servethepeopleinc.org/" "Mozilla/5.0 (Windows NT 10.0; Win64; x64) AppleWebKit/537.36 (KHTML, like Gecko) Chrome/130.0.0.0 Safari/537.36"
24.239.179.75 - - [29/Apr/2025:11:05:32 -0400] "GET /wp-content/uploads/2024/01/bg_header.jpg HTTP/1.1" 200 640102 "https://servethepeopleinc.org/" "Mozilla/5.0 (Windows NT 10.0; Win64; x64) AppleWebKit/537.36 (KHTML, like Gecko) Chrome/130.0.0.0 Safari/537.36"
24.239.179.75 - - [29/Apr/2025:11:05:31 -0400] "GET /felix-mbong/wp-content/uploads/useanyfont/3565LibreBaskerville-Bol.woff HTTP/1.1" 404 16949 "https://servethepeopleinc.org/wp-content/uploads/useanyfont/uaf.css?ver=1704783504" "Mozilla/5.0 (Windows NT 10.0; Win64; x64) AppleWebKit/537.36 (KHTML, like Gecko) Chrome/130.0.0.0 Safari/537.36"
24.239.179.75 - - [29/Apr/2025:11:05:32 -0400] "GET /favicon.ico HTTP/1.1" 404 1251 "https://servethepeopleinc.org/" "Mozilla/5.0 (Windows NT 10.0; Win64; x64) AppleWebKit/537.36 (KHTML, like Gecko) Chrome/130.0.0.0 Safari/537.36"
24.239.179.75 - - [29/Apr/2025:11:05:32 -0400] "GET /favicon.ico HTTP/1.1" 404 1251 "https://servethepeopleinc.org/" "Mozilla/5.0 (Windows NT 10.0; Win64; x64) AppleWebKit/537.36 (KHTML, like Gecko) Chrome/130.0.0.0 Safari/537.36"
52.167.144.183 - - [29/Apr/2025:11:05:33 -0400] "GET /shopping/77047572.shtml HTTP/1.1" 404 16940 "-" "Mozilla/5.0 AppleWebKit/537.36 (KHTML, like Gecko; compatible; bingbot/2.0; +http://www.bing.com/bingbot.htm) Chrome/116.0.1938.76 Safari/537.36"
18.218.96.239 - - [29/Apr/2025:11:05:34 -0400] "GET /ad917/?path=%2Fhome%2Fservlmvm%2F..%2F..%2Fusr%2Fshare%2Faclocal%2F..%2Flocale%2F.%2Fmap%2F..%2Fgon%2F..%2Fes_EC%2F..%2Fbej%2F..%2Far_DZ%2F..%2Ftt%2F..%2Fund HTTP/1.1" 200 1606 "-" "Mozilla/5.0 AppleWebKit/537.36 (KHTML, like Gecko; compatible; ClaudeBot/1.0; +claudebot@anthropic.com)"
24.239.179.75 - - [29/Apr/2025:11:05:35 -0400] "GET /contact-us/ HTTP/1.1" 200 22665 "https://servethepeopleinc.org/" "Mozilla/5.0 (Windows NT 10.0; Win64; x64) AppleWebKit/537.36 (KHTML, like Gecko) Chrome/130.0.0.0 Safari/537.36"
24.239.179.75 - - [29/Apr/2025:11:05:36 -0400] "GET /favicon.ico HTTP/1.1" 404 1251 "https://servethepeopleinc.org/" "Mozilla/5.0 (Windows NT 10.0; Win64; x64) AppleWebKit/537.36 (KHTML, like Gecko) Chrome/130.0.0.0 Safari/537.36"
24.239.179.75 - - [29/Apr/2025:11:05:36 -0400] "GET /wp-content/uploads/2024/01/location-4-2.png HTTP/1.1" 200 1634 "https://servethepeopleinc.org/contact-us/" "Mozilla/5.0 (Windows NT 10.0; Win64; x64) AppleWebKit/537.36 (KHTML, like Gecko) Chrome/130.0.0.0 Safari/537.36"
24.239.179.75 - - [29/Apr/2025:11:05:36 -0400] "GET /wp-content/uploads/2024/01/phone-call-7-2.png HTTP/1.1" 200 1106 "https://servethepeopleinc.org/contact-us/" "Mozilla/5.0 (Windows NT 10.0; Win64; x64) AppleWebKit/537.36 (KHTML, like Gecko) Chrome/130.0.0.0 Safari/537.36"
24.239.179.75 - - [29/Apr/2025:11:05:36 -0400] "GET /wp-content/uploads/2024/01/email-1-2.png HTTP/1.1" 200 1172 "https://servethepeopleinc.org/contact-us/" "Mozilla/5.0 (Windows NT 10.0; Win64; x64) AppleWebKit/537.36 (KHTML, like Gecko) Chrome/130.0.0.0 Safari/537.36"
24.239.179.75 - - [29/Apr/2025:11:05:36 -0400] "GET /wp-content/uploads/2024/01/bg_header.jpg?id=29 HTTP/1.1" 200 640102 "https://servethepeopleinc.org/contact-us/" "Mozilla/5.0 (Windows NT 10.0; Win64; x64) AppleWebKit/537.36 (KHTML, like Gecko) Chrome/130.0.0.0 Safari/537.36"
24.239.179.75 - - [29/Apr/2025:11:05:36 -0400] "GET /wp-content/uploads/2024/01/123-03.jpg HTTP/1.1" 200 84679 "https://servethepeopleinc.org/contact-us/" "Mozilla/5.0 (Windows NT 10.0; Win64; x64) AppleWebKit/537.36 (KHTML, like Gecko) Chrome/130.0.0.0 Safari/537.36"
24.239.179.75 - - [29/Apr/2025:11:05:36 -0400] "GET /wp-content/uploads/2024/01/1234dsac-03.jpg HTTP/1.1" 200 82361 "https://servethepeopleinc.org/contact-us/" "Mozilla/5.0 (Windows NT 10.0; Win64; x64) AppleWebKit/537.36 (KHTML, like Gecko) Chrome/130.0.0.0 Safari/537.36"
24.239.179.75 - - [29/Apr/2025:11:05:36 -0400] "GET /felix-mbong/wp-content/uploads/useanyfont/3565LibreBaskerville-Bol.woff2 HTTP/1.1" 404 16950 "https://servethepeopleinc.org/wp-content/uploads/useanyfont/uaf.css?ver=1704783504" "Mozilla/5.0 (Windows NT 10.0; Win64; x64) AppleWebKit/537.36 (KHTML, like Gecko) Chrome/130.0.0.0 Safari/537.36"
18.218.96.239 - - [29/Apr/2025:11:05:37 -0400] "GET /ad917/?path=%2Fhome%2Fservlmvm%2F..%2F..%2Fusr%2Fshare%2Faclocal%2F..%2Flocale%2Fhai%2F..%2Fcgg%2F..%2Fnso%2F..%2Fmad%2F..%2Fgoh%2F..%2Fdin HTTP/1.1" 200 1572 "-" "Mozilla/5.0 AppleWebKit/537.36 (KHTML, like Gecko; compatible; ClaudeBot/1.0; +claudebot@anthropic.com)"
24.239.179.75 - - [29/Apr/2025:11:05:37 -0400] "GET /felix-mbong/wp-content/uploads/useanyfont/3565LibreBaskerville-Bol.woff HTTP/1.1" 404 16950 "https://servethepeopleinc.org/wp-content/uploads/useanyfont/uaf.css?ver=1704783504" "Mozilla/5.0 (Windows NT 10.0; Win64; x64) AppleWebKit/537.36 (KHTML, like Gecko) Chrome/130.0.0.0 Safari/537.36"
24.239.179.75 - - [29/Apr/2025:11:05:37 -0400] "GET /favicon.ico HTTP/1.1" 404 1251 "https://servethepeopleinc.org/contact-us/" "Mozilla/5.0 (Windows NT 10.0; Win64; x64) AppleWebKit/537.36 (KHTML, like Gecko) Chrome/130.0.0.0 Safari/537.36"
66.249.65.170 - - [29/Apr/2025:11:05:39 -0400] "GET /detail/o/brith77858654.shtml HTTP/1.1" 404 16949 "-" "Mozilla/5.0 (Linux; Android 6.0.1; Nexus 5X Build/MMB29P) AppleWebKit/537.36 (KHTML, like Gecko) Chrome/135.0.7049.95 Mobile Safari/537.36 (compatible; Googlebot/2.1; +http://www.google.com/bot.html)"
18.218.96.239 - - [29/Apr/2025:11:05:40 -0400] "GET /ad917/?path=%2Fhome%2Fservlmvm%2F..%2F..%2Fusr%2Fshare%2Faclocal%2F..%2Flocale%2Froa%2F..%2Fwo%2F.%2F..%2Fur_PK%2F..%2Fkab%2F..%2Fafh%2F..%2Ffat%2F.. HTTP/1.1" 200 13464 "-" "Mozilla/5.0 AppleWebKit/537.36 (KHTML, like Gecko; compatible; ClaudeBot/1.0; +claudebot@anthropic.com)"
18.218.96.239 - - [29/Apr/2025:11:05:43 -0400] "GET /ad917/?path=%2Fhome%2Fservlmvm%2F..%2F..%2Fusr%2Fshare%2Faclocal%2F..%2Flocale%2F.%2Fmap%2F..%2Fgon%2F..%2Fes_EC%2F..%2Fbej%2F..%2Fvi%2F..%2Fsk_SK%2F..%2Fce HTTP/1.1" 200 1603 "-" "Mozilla/5.0 AppleWebKit/537.36 (KHTML, like Gecko; compatible; ClaudeBot/1.0; +claudebot@anthropic.com)"
18.218.96.239 - - [29/Apr/2025:11:05:46 -0400] "GET /ad917/?path=%2Fhome%2Fservlmvm%2F..%2F..%2Fusr%2Fshare%2Faclocal%2F..%2Flocale%2Ffrr%2F..%2Fhne%2F..%2Fvot%2F..%2Fmdr%2F..%2Fdv%2F..%2Fos HTTP/1.1" 200 1572 "-" "Mozilla/5.0 AppleWebKit/537.36 (KHTML, like Gecko; compatible; ClaudeBot/1.0; +claudebot@anthropic.com)"
18.218.96.239 - - [29/Apr/2025:11:05:49 -0400] "GET /ad917/?path=%2Fhome%2Fservlmvm%2F..%2F..%2Fusr%2Fshare%2Faclocal%2F..%2Flocale%2Fhai%2F..%2Fcgg%2F..%2Fnso%2F..%2Fmad%2F..%2Fgoh%2F..%2Fhim HTTP/1.1" 200 1572 "-" "Mozilla/5.0 AppleWebKit/537.36 (KHTML, like Gecko; compatible; ClaudeBot/1.0; +claudebot@anthropic.com)"
18.218.96.239 - - [29/Apr/2025:11:05:52 -0400] "GET /ad917/?path=%2Fhome%2Fservlmvm%2F..%2F..%2Fusr%2Fshare%2Faclocal%2F..%2Flocale%2F.%2Fmap%2F..%2Fgon%2F..%2Fes_EC%2F..%2Fbej%2F..%2Far_DZ%2F..%2Ftt%2F..%2Fis HTTP/1.1" 200 1606 "-" "Mozilla/5.0 AppleWebKit/537.36 (KHTML, like Gecko; compatible; ClaudeBot/1.0; +claudebot@anthropic.com)"
18.218.96.239 - - [29/Apr/2025:11:05:55 -0400] "GET /ad917/?path=%2Fhome%2Fservlmvm%2F..%2F..%2Fusr%2Fshare%2Faclocal%2F..%2Flocale%2Fnon%2F.%2F..%2Fchg%2F..%2Fua%2F..%2Feo%2F..%2Fhi%2F..%2Fgor%2F..%2Ftog%2F..%2Fqu HTTP/1.1" 200 1613 "-" "Mozilla/5.0 AppleWebKit/537.36 (KHTML, like Gecko; compatible; ClaudeBot/1.0; +claudebot@anthropic.com)"
18.218.96.239 - - [29/Apr/2025:11:05:58 -0400] "GET /ad917/?path=%2Fhome%2Fservlmvm%2F..%2F..%2Fusr%2Fshare%2Faclocal%2F..%2Flocale%2Fraj%2F..%2Fmis%2F..%2Fur_PK%2F..%2Fgor%2F..%2Flui%2F..%2Fgmh%2F.. HTTP/1.1" 200 13659 "-" "Mozilla/5.0 AppleWebKit/537.36 (KHTML, like Gecko; compatible; ClaudeBot/1.0; +claudebot@anthropic.com)"
198.54.116.86 - - [29/Apr/2025:11:05:58 -0400] "POST /wp-cron.php?doing_wp_cron=1745939158.8232879638671875000000 HTTP/1.1" 200 0 "-" "WordPress/6.8; https://servethepeopleinc.org"
51.222.253.8 - - [29/Apr/2025:11:05:58 -0400] "GET /items/11545694.shtml HTTP/1.1" 404 16942 "-" "Mozilla/5.0 (compatible; AhrefsBot/7.0; +http://ahrefs.com/robot/)"
198.54.116.86 - - [29/Apr/2025:11:05:58 -0400] "POST /wp-admin/admin-ajax.php?action=async_litespeed&nonce=bTQCVGeOJx8kiPueq8hUlMNoPKhqqVIb&litespeed_type=imgoptm HTTP/1.1" 200 21 "-" "WordPress/6.8; https://servethepeopleinc.org"
52.167.144.190 - - [29/Apr/2025:11:05:59 -0400] "GET /product21617144.shtml HTTP/1.1" 404 16940 "-" "Mozilla/5.0 AppleWebKit/537.36 (KHTML, like Gecko; compatible; bingbot/2.0; +http://www.bing.com/bingbot.htm) Chrome/116.0.1938.76 Safari/537.36"
18.218.96.239 - - [29/Apr/2025:11:06:01 -0400] "GET /ad917/?path=%2Fhome%2Fservlmvm%2F..%2F..%2Fusr%2Fshare%2Faclocal%2F..%2Flocale%2Fwen%2F..%2Fmwr%2F..%2Fkar%2F..%2Fchg%2F..%2Fbar%2F..%2Fkar HTTP/1.1" 200 1566 "-" "Mozilla/5.0 AppleWebKit/537.36 (KHTML, like Gecko; compatible; ClaudeBot/1.0; +claudebot@anthropic.com)"
52.167.144.190 - - [29/Apr/2025:11:06:02 -0400] "GET /item/stearate9121606.shtml HTTP/1.1" 404 16940 "-" "Mozilla/5.0 AppleWebKit/537.36 (KHTML, like Gecko; compatible; bingbot/2.0; +http://www.bing.com/bingbot.htm) Chrome/116.0.1938.76 Safari/537.36"
18.218.96.239 - - [29/Apr/2025:11:06:04 -0400] "GET /ad917/?path=%2Fhome%2Fservlmvm%2F..%2F..%2Fusr%2Fshare%2Faclocal%2F..%2Flocale%2F.%2Fmap%2F..%2Fgon%2F..%2Fes_EC%2F..%2Fbej%2F..%2Far_DZ%2F..%2Ftt%2F..%2Fmul HTTP/1.1" 200 1607 "-" "Mozilla/5.0 AppleWebKit/537.36 (KHTML, like Gecko; compatible; ClaudeBot/1.0; +claudebot@anthropic.com)"
18.218.96.239 - - [29/Apr/2025:11:06:07 -0400] "GET /ad917/?path=%2Fhome%2Fservlmvm%2F..%2F..%2Fusr%2Fshare%2Faclocal%2F..%2Flocale%2Fwen%2F..%2Fmwr%2F..%2Fkar%2F..%2Fchg%2F..%2Fbar%2F..%2Fapa HTTP/1.1" 200 1570 "-" "Mozilla/5.0 AppleWebKit/537.36 (KHTML, like Gecko; compatible; ClaudeBot/1.0; +claudebot@anthropic.com)"
18.218.96.239 - - [29/Apr/2025:11:06:10 -0400] "GET /ad917/?path=%2Fhome%2Fservlmvm%2F..%2F..%2Fusr%2Fshare%2Faclocal%2F..%2Flocale%2Fnon%2F.%2F..%2Fchg%2F..%2Fua%2F..%2Feo%2F..%2Fhi%2F..%2Fgor%2F..%2Ftog%2F..%2Fkv HTTP/1.1" 200 1612 "-" "Mozilla/5.0 AppleWebKit/537.36 (KHTML, like Gecko; compatible; ClaudeBot/1.0; +claudebot@anthropic.com)"
18.218.96.239 - - [29/Apr/2025:11:06:13 -0400] "GET /ad917/?path=%2Fhome%2Fservlmvm%2F..%2F..%2Fusr%2Fshare%2Faclocal%2F..%2Flocale%2F.%2Fmap%2F..%2Fgon%2F..%2Fes_EC%2F..%2Fbej%2F..%2Far_DZ%2F..%2Ftt%2F..%2Fbyn HTTP/1.1" 200 1606 "-" "Mozilla/5.0 AppleWebKit/537.36 (KHTML, like Gecko; compatible; ClaudeBot/1.0; +claudebot@anthropic.com)"
18.218.96.239 - - [29/Apr/2025:11:06:16 -0400] "GET /ad917/?path=%2Fhome%2Fservlmvm%2F..%2F..%2Fusr%2Fshare%2Faclocal%2F..%2Flocale%2F.%2Fmap%2F..%2Fgon%2F..%2Fes_EC%2F..%2Fbej%2F..%2Fvi%2F..%2Fsk_SK%2F..%2Flad HTTP/1.1" 200 1607 "-" "Mozilla/5.0 AppleWebKit/537.36 (KHTML, like Gecko; compatible; ClaudeBot/1.0; +claudebot@anthropic.com)"
18.218.96.239 - - [29/Apr/2025:11:06:19 -0400] "GET /ad917/?path=%2Fhome%2Fservlmvm%2F..%2F..%2Fusr%2Fshare%2Faclocal%2F..%2Flocale%2F.%2Fmap%2F..%2Fgon%2F..%2Fes_EC%2F..%2Fbej%2F..%2Far_DZ%2F..%2Ftt%2F..%2Fkn HTTP/1.1" 200 1606 "-" "Mozilla/5.0 AppleWebKit/537.36 (KHTML, like Gecko; compatible; ClaudeBot/1.0; +claudebot@anthropic.com)"
198.54.116.86 - - [29/Apr/2025:11:06:21 -0400] "POST /wp-cron.php?doing_wp_cron=1745939181.2546899318695068359375 HTTP/1.1" 200 0 "-" "WordPress/6.8; https://servethepeopleinc.org"
52.167.144.199 - - [29/Apr/2025:11:06:21 -0400] "GET /entity/85316998.shtml HTTP/1.1" 301 0 "-" "Mozilla/5.0 AppleWebKit/537.36 (KHTML, like Gecko; compatible; bingbot/2.0; +http://www.bing.com/bingbot.htm) Chrome/116.0.1938.76 Safari/537.36"
18.218.96.239 - - [29/Apr/2025:11:06:22 -0400] "GET /ad917/?path=%2Fhome%2Fservlmvm%2F..%2F..%2Fusr%2Fshare%2Faclocal%2F..%2Flocale%2Fhai%2F..%2Fcgg%2F..%2Fnso%2F..%2Fks%2F..%2Fcv%2F..%2Fnub HTTP/1.1" 200 1575 "-" "Mozilla/5.0 AppleWebKit/537.36 (KHTML, like Gecko; compatible; ClaudeBot/1.0; +claudebot@anthropic.com)"
18.218.96.239 - - [29/Apr/2025:11:06:25 -0400] "GET /ad917/?path=%2Fhome%2Fservlmvm%2F..%2F..%2Fusr%2Fshare%2Faclocal%2F..%2Flocale%2Fhai%2F..%2Fcgg%2F..%2Fnso%2F..%2Fks%2F..%2Fcv%2F..%2Fmwr HTTP/1.1" 200 1576 "-" "Mozilla/5.0 AppleWebKit/537.36 (KHTML, like Gecko; compatible; ClaudeBot/1.0; +claudebot@anthropic.com)"
18.218.96.239 - - [29/Apr/2025:11:06:28 -0400] "GET /ad917/?path=%2Fhome%2Fservlmvm%2F..%2F..%2Fusr%2Fshare%2Faclocal%2F..%2Flocale%2Fhai%2F..%2Fcgg%2F..%2Fnso%2F..%2Fmad%2F..%2Fgoh%2F..%2Fbrx HTTP/1.1" 200 1573 "-" "Mozilla/5.0 AppleWebKit/537.36 (KHTML, like Gecko; compatible; ClaudeBot/1.0; +claudebot@anthropic.com)"
18.218.96.239 - - [29/Apr/2025:11:06:31 -0400] "GET /ad917/?path=%2Fhome%2Fservlmvm%2F..%2F..%2Fusr%2Fshare%2Faclocal%2F..%2Flocale%2Fhai%2F..%2Fcgg%2F..%2Fnso%2F..%2Fks%2F..%2Ftai%2F..%2Ftlh HTTP/1.1" 200 1573 "-" "Mozilla/5.0 AppleWebKit/537.36 (KHTML, like Gecko; compatible; ClaudeBot/1.0; +claudebot@anthropic.com)"
18.218.96.239 - - [29/Apr/2025:11:06:34 -0400] "GET /ad917/?path=%2Fhome%2Fservlmvm%2F..%2F..%2Fusr%2Fshare%2Faclocal%2F..%2Flocale%2F.%2Fmap%2F..%2Fgon%2F..%2Fes_EC%2F..%2Fbej%2F..%2Far_DZ%2F..%2Ftt%2F..%2Fsn HTTP/1.1" 200 1607 "-" "Mozilla/5.0 AppleWebKit/537.36 (KHTML, like Gecko; compatible; ClaudeBot/1.0; +claudebot@anthropic.com)"
18.218.96.239 - - [29/Apr/2025:11:06:37 -0400] "GET /ad917/?path=%2Fhome%2Fservlmvm%2F..%2F..%2Fusr%2Fshare%2Faclocal%2F..%2Flocale%2Fhai%2F..%2Fcgg%2F..%2Fnso%2F..%2Fmad%2F..%2Fgoh%2F..%2Fpaa HTTP/1.1" 200 1572 "-" "Mozilla/5.0 AppleWebKit/537.36 (KHTML, like Gecko; compatible; ClaudeBot/1.0; +claudebot@anthropic.com)"
18.218.96.239 - - [29/Apr/2025:11:06:40 -0400] "GET /ad917/?path=%2Fhome%2Fservlmvm%2F..%2F..%2Fusr%2Fshare%2Faclocal%2F..%2Flocale%2Fwen%2F..%2Fmwr%2F..%2Fkar%2F..%2Fchg%2F..%2Fmag%2F..%2Feka HTTP/1.1" 200 1571 "-" "Mozilla/5.0 AppleWebKit/537.36 (KHTML, like Gecko; compatible; ClaudeBot/1.0; +claudebot@anthropic.com)"
198.54.116.86 - - [29/Apr/2025:11:07:12 -0400] "POST /wp-cron.php?doing_wp_cron=1745939232.1224548816680908203125 HTTP/1.1" 200 0 "-" "WordPress/6.8; https://servethepeopleinc.org"
52.167.144.177 - - [29/Apr/2025:11:07:11 -0400] "GET /shopping/bedaze/51596428.shtml HTTP/1.1" 301 0 "-" "Mozilla/5.0 AppleWebKit/537.36 (KHTML, like Gecko; compatible; bingbot/2.0; +http://www.bing.com/bingbot.htm) Chrome/116.0.1938.76 Safari/537.36"
198.54.116.86 - - [29/Apr/2025:11:07:12 -0400] "POST /wp-admin/admin-ajax.php?action=async_litespeed&nonce=qixImwiKsQgBSTQZ3tNVgwJpJxG1eBj2&litespeed_type=imgoptm HTTP/1.1" 200 21 "-" "WordPress/6.8; https://servethepeopleinc.org"
66.249.65.170 - - [29/Apr/2025:11:07:14 -0400] "GET /product/lc/eurystomus106049660.shtml HTTP/1.1" 404 16949 "-" "Mozilla/5.0 (Linux; Android 6.0.1; Nexus 5X Build/MMB29P) AppleWebKit/537.36 (KHTML, like Gecko) Chrome/135.0.7049.95 Mobile Safari/537.36 (compatible; Googlebot/2.1; +http://www.google.com/bot.html)"
198.54.116.86 - - [29/Apr/2025:11:07:18 -0400] "POST /wp-cron.php?doing_wp_cron=1745939238.1676220893859863281250 HTTP/1.1" 200 0 "-" "WordPress/6.8; https://servethepeopleinc.org"
52.167.144.190 - - [29/Apr/2025:11:07:18 -0400] "GET /detail/zvq/matelasse71370432.shtml HTTP/1.1" 404 16949 "-" "Mozilla/5.0 AppleWebKit/537.36 (KHTML, like Gecko; compatible; bingbot/2.0; +http://www.bing.com/bingbot.htm) Chrome/116.0.1938.76 Safari/537.36"
18.216.137.32 - - [29/Apr/2025:11:07:18 -0400] "GET /ad917/?path=%2Fhome%2Fservlmvm%2F..%2F..%2Fusr%2Fshare%2Faclocal%2F..%2Flocale%2F.%2Fmap%2F..%2Fgon%2F..%2Fes_EC%2F..%2Fbej%2F..%2Far_DZ%2F..%2Ftt%2F..%2Fcar HTTP/1.1" 200 1606 "-" "Mozilla/5.0 AppleWebKit/537.36 (KHTML, like Gecko; compatible; ClaudeBot/1.0; +claudebot@anthropic.com)"
66.249.65.169 - - [29/Apr/2025:11:07:21 -0400] "GET /special/107500790.shtml HTTP/1.1" 404 16939 "-" "Mozilla/5.0 (compatible; Googlebot/2.1; +http://www.google.com/bot.html)"
18.216.137.32 - - [29/Apr/2025:11:07:21 -0400] "GET /ad917/?path=%2Fhome%2Fservlmvm%2F..%2F..%2Fusr%2Fshare%2Faclocal%2F..%2Flocale%2Fhai%2F..%2Fluo%2F..%2Fes_ES%2F..%2Ffr%2F..%2Fmo%2F..%2F.%2Fanp HTTP/1.1" 200 1572 "-" "Mozilla/5.0 AppleWebKit/537.36 (KHTML, like Gecko; compatible; ClaudeBot/1.0; +claudebot@anthropic.com)"
18.216.137.32 - - [29/Apr/2025:11:07:24 -0400] "GET /ad917/?path=%2Fhome%2Fservlmvm%2F..%2F..%2Fusr%2Fshare%2Faclocal%2F..%2Flocale%2Ffrr%2F..%2Fhne%2F..%2Fvot%2F..%2Fmdr%2F..%2Fdv%2F..%2Fmin HTTP/1.1" 200 1578 "-" "Mozilla/5.0 AppleWebKit/537.36 (KHTML, like Gecko; compatible; ClaudeBot/1.0; +claudebot@anthropic.com)"
18.216.137.32 - - [29/Apr/2025:11:07:27 -0400] "GET /ad917/?path=%2Fhome%2Fservlmvm%2F..%2F..%2Fusr%2Fshare%2Faclocal%2F..%2Flocale%2Fhai%2F..%2Fcgg%2F..%2Fnso%2F..%2Fks%2F..%2Ftai%2F..%2Fchk HTTP/1.1" 200 1574 "-" "Mozilla/5.0 AppleWebKit/537.36 (KHTML, like Gecko; compatible; ClaudeBot/1.0; +claudebot@anthropic.com)"
66.249.65.168 - - [29/Apr/2025:11:07:30 -0400] "GET /detail27544204.shtml HTTP/1.1" 404 16942 "-" "Mozilla/5.0 (compatible; Googlebot/2.1; +http://www.google.com/bot.html)"
18.216.137.32 - - [29/Apr/2025:11:07:30 -0400] "GET /ad917/?path=%2Fhome%2Fservlmvm%2F..%2F..%2Fusr%2Fshare%2Faclocal%2F..%2Flocale%2Fwen%2F..%2Fmwr%2F..%2Fkar%2F..%2Fchg%2F..%2Fmag%2F..%2Fltg HTTP/1.1" 200 1568 "-" "Mozilla/5.0 AppleWebKit/537.36 (KHTML, like Gecko; compatible; ClaudeBot/1.0; +claudebot@anthropic.com)"
66.249.65.168 - - [29/Apr/2025:11:07:31 -0400] "GET /entity/h/ransomless/64269556.shtml HTTP/1.1" 404 16951 "-" "Mozilla/5.0 (Linux; Android 6.0.1; Nexus 5X Build/MMB29P) AppleWebKit/537.36 (KHTML, like Gecko) Chrome/135.0.7049.95 Mobile Safari/537.36 (compatible; GoogleOther)"
18.216.137.32 - - [29/Apr/2025:11:07:33 -0400] "GET /ad917/?path=%2Fhome%2Fservlmvm%2F..%2F..%2Fusr%2Fshare%2Faclocal%2F..%2Flocale%2Ffrr%2F..%2Fhne%2F..%2Fvot%2F..%2Fmdr%2F..%2Fdv%2F..%2Fku HTTP/1.1" 200 1572 "-" "Mozilla/5.0 AppleWebKit/537.36 (KHTML, like Gecko; compatible; ClaudeBot/1.0; +claudebot@anthropic.com)"
18.216.137.32 - - [29/Apr/2025:11:07:36 -0400] "GET /ad917/?path=%2Fhome%2Fservlmvm%2F..%2F..%2Fusr%2Fshare%2Faclocal%2F..%2Flocale%2Fhai%2F..%2Fcgg%2F..%2Fnso%2F..%2Fmad%2F..%2Fgoh%2F..%2Fsal HTTP/1.1" 200 1569 "-" "Mozilla/5.0 AppleWebKit/537.36 (KHTML, like Gecko; compatible; ClaudeBot/1.0; +claudebot@anthropic.com)"
18.216.137.32 - - [29/Apr/2025:11:07:39 -0400] "GET /ad917/?path=%2Fhome%2Fservlmvm%2F..%2F..%2Fusr%2Fshare%2Faclocal%2F..%2Flocale%2Fhai%2F..%2Fain%2F..%2Fmic%2F..%2Fnyo%2F.%2F..%2Ftsi%2F..%2Fvai%2F.. HTTP/1.1" 200 13621 "-" "Mozilla/5.0 AppleWebKit/537.36 (KHTML, like Gecko; compatible; ClaudeBot/1.0; +claudebot@anthropic.com)"
18.216.137.32 - - [29/Apr/2025:11:07:42 -0400] "GET /ad917/?path=%2Fhome%2Fservlmvm%2F..%2F..%2Fusr%2Fshare%2Faclocal%2F..%2Flocale%2Fhai%2F..%2Fcgg%2F..%2Fnso%2F..%2Fmad%2F..%2Fgoh%2F..%2Fota HTTP/1.1" 200 1570 "-" "Mozilla/5.0 AppleWebKit/537.36 (KHTML, like Gecko; compatible; ClaudeBot/1.0; +claudebot@anthropic.com)"
18.216.137.32 - - [29/Apr/2025:11:07:45 -0400] "GET /ad917/?path=%2Fhome%2Fservlmvm%2F..%2F..%2Fusr%2Fshare%2Faclocal%2F..%2Flocale%2Fwen%2F..%2Fmwr%2F..%2Fkar%2F..%2Fchg%2F..%2Fmag%2F..%2Fcho HTTP/1.1" 200 1568 "-" "Mozilla/5.0 AppleWebKit/537.36 (KHTML, like Gecko; compatible; ClaudeBot/1.0; +claudebot@anthropic.com)"
52.167.144.216 - - [29/Apr/2025:11:07:48 -0400] "GET /goodscode52003912.shtml HTTP/1.1" 301 0 "-" "Mozilla/5.0 AppleWebKit/537.36 (KHTML, like Gecko; compatible; bingbot/2.0; +http://www.bing.com/bingbot.htm) Chrome/116.0.1938.76 Safari/537.36"
18.216.137.32 - - [29/Apr/2025:11:07:48 -0400] "GET /ad917/?path=%2Fhome%2Fservlmvm%2F..%2F..%2Fusr%2Fshare%2Faclocal%2F..%2Flocale%2Ffrr%2F..%2Fhne%2F..%2Fvot%2F..%2Fmdr%2F..%2Fdv%2F..%2Fckb HTTP/1.1" 200 1582 "-" "Mozilla/5.0 AppleWebKit/537.36 (KHTML, like Gecko; compatible; ClaudeBot/1.0; +claudebot@anthropic.com)"
18.216.137.32 - - [29/Apr/2025:11:07:51 -0400] "GET /ad917/?path=%2Fhome%2Fservlmvm%2F..%2F..%2Fvar%2Fsoftaculous%2Fosclassified%2F..%2Fplikli%2F..%2Fwintercms%2F..%2F.%2Flss%2Fupdate_pass.php HTTP/1.1" 200 3153 "-" "Mozilla/5.0 AppleWebKit/537.36 (KHTML, like Gecko; compatible; ClaudeBot/1.0; +claudebot@anthropic.com)"
18.216.137.32 - - [29/Apr/2025:11:07:54 -0400] "GET /ad917/?path=%2Fhome%2Fservlmvm%2F..%2F..%2Fusr%2Fshare%2Faclocal%2F..%2Flocale%2Fhai%2F..%2Fcgg%2F..%2Fnso%2F..%2Fks%2F..%2Ftai%2F..%2Fenm HTTP/1.1" 200 1574 "-" "Mozilla/5.0 AppleWebKit/537.36 (KHTML, like Gecko; compatible; ClaudeBot/1.0; +claudebot@anthropic.com)"
18.216.137.32 - - [29/Apr/2025:11:07:57 -0400] "GET /ad917/?path=%2Fhome%2Fservlmvm%2F..%2F..%2Fusr%2Fshare%2Faclocal%2F..%2Flocale%2Fwen%2F..%2Fmwr%2F..%2Fkar%2F..%2Fchg%2F..%2Fmag%2F..%2Ffat HTTP/1.1" 200 1570 "-" "Mozilla/5.0 AppleWebKit/537.36 (KHTML, like Gecko; compatible; ClaudeBot/1.0; +claudebot@anthropic.com)"
198.54.116.86 - - [29/Apr/2025:11:07:59 -0400] "POST /wp-cron.php?doing_wp_cron=1745939279.5690889358520507812500 HTTP/1.1" 200 0 "-" "WordPress/6.8; https://servethepeopleinc.org"
52.167.144.216 - - [29/Apr/2025:11:07:59 -0400] "GET /info/issuance52323748.shtml HTTP/1.1" 301 0 "-" "Mozilla/5.0 AppleWebKit/537.36 (KHTML, like Gecko; compatible; bingbot/2.0; +http://www.bing.com/bingbot.htm) Chrome/116.0.1938.76 Safari/537.36"
198.54.116.86 - - [29/Apr/2025:11:07:59 -0400] "POST /wp-admin/admin-ajax.php?action=async_litespeed&nonce=EXwQwppWccRhBOxAW9ep3yce4rE6AESs&litespeed_type=imgoptm HTTP/1.1" 200 21 "-" "WordPress/6.8; https://servethepeopleinc.org"
18.216.137.32 - - [29/Apr/2025:11:08:00 -0400] "GET /ad917/?path=%2Fhome%2Fservlmvm%2F..%2F..%2Fusr%2Fshare%2Faclocal%2F..%2Flocale%2Fhai%2F..%2Fcgg%2F..%2Fnso%2F..%2Fks%2F..%2Fcv%2F..%2Fkru HTTP/1.1" 200 1575 "-" "Mozilla/5.0 AppleWebKit/537.36 (KHTML, like Gecko; compatible; ClaudeBot/1.0; +claudebot@anthropic.com)"
18.216.137.32 - - [29/Apr/2025:11:08:03 -0400] "GET /ad917/?path=%2Fhome%2Fservlmvm%2F..%2F..%2Fusr%2Fshare%2Faclocal%2F..%2Flocale%2Fnon%2F.%2F..%2Fchg%2F..%2Fua%2F..%2Feo%2F..%2Fhi%2F..%2Fgor%2F..%2Ftog%2F..%2Fng HTTP/1.1" 200 1613 "-" "Mozilla/5.0 AppleWebKit/537.36 (KHTML, like Gecko; compatible; ClaudeBot/1.0; +claudebot@anthropic.com)"
18.216.137.32 - - [29/Apr/2025:11:08:06 -0400] "GET /ad917/?path=%2Fhome%2Fservlmvm%2F..%2F..%2Fusr%2Fshare%2Faclocal%2F..%2Flocale%2Fhai%2F..%2Fcgg%2F..%2Fnso%2F..%2Fmad%2F..%2Fgoh%2F..%2Fnb HTTP/1.1" 200 1634 "-" "Mozilla/5.0 AppleWebKit/537.36 (KHTML, like Gecko; compatible; ClaudeBot/1.0; +claudebot@anthropic.com)"
18.216.137.32 - - [29/Apr/2025:11:08:09 -0400] "GET /ad917/?path=%2Fhome%2Fservlmvm%2F..%2F..%2Fusr%2Fshare%2Faclocal%2F..%2Flocale%2Fhai%2F..%2Fluo%2F..%2Fes_ES%2F..%2Ffr%2F..%2Fmo%2F..%2F.%2Fijo HTTP/1.1" 200 1571 "-" "Mozilla/5.0 AppleWebKit/537.36 (KHTML, like Gecko; compatible; ClaudeBot/1.0; +claudebot@anthropic.com)"
18.216.137.32 - - [29/Apr/2025:11:08:12 -0400] "GET /ad917/?path=%2Fhome%2Fservlmvm%2F..%2F..%2Fusr%2Fshare%2Faclocal%2F..%2Flocale%2Fwen%2F..%2Fmwr%2F..%2Fkar%2F..%2Fchg%2F..%2Fmag%2F..%2Fka HTTP/1.1" 200 1569 "-" "Mozilla/5.0 AppleWebKit/537.36 (KHTML, like Gecko; compatible; ClaudeBot/1.0; +claudebot@anthropic.com)"
18.216.137.32 - - [29/Apr/2025:11:08:15 -0400] "GET /ad917/?path=%2Fhome%2Fservlmvm%2F..%2F..%2Fusr%2Fshare%2Faclocal%2F..%2Flocale%2Fhai%2F..%2Fain%2F..%2Fmic%2F..%2Fnyo%2F.%2F..%2Ftsi%2F..%2Fen%40boldquot%2F. HTTP/1.1" 200 1595 "-" "Mozilla/5.0 AppleWebKit/537.36 (KHTML, like Gecko; compatible; ClaudeBot/1.0; +claudebot@anthropic.com)"
18.216.137.32 - - [29/Apr/2025:11:08:18 -0400] "GET /ad917/?path=%2Fhome%2Fservlmvm%2F..%2F..%2Fusr%2Fshare%2Faclocal%2F..%2Flocale%2Fhai%2F..%2Fluo%2F..%2Fes_ES%2F..%2Ffr%2F..%2Fmo%2F..%2F.%2Fksw HTTP/1.1" 200 1571 "-" "Mozilla/5.0 AppleWebKit/537.36 (KHTML, like Gecko; compatible; ClaudeBot/1.0; +claudebot@anthropic.com)"
198.54.116.86 - - [29/Apr/2025:11:08:20 -0400] "POST /wp-cron.php?doing_wp_cron=1745939300.2509980201721191406250 HTTP/1.1" 200 0 "-" "WordPress/6.8; https://servethepeopleinc.org"
52.167.144.190 - - [29/Apr/2025:11:08:20 -0400] "GET /shopdetail/wa/orcein2343978.shtml HTTP/1.1" 404 16951 "-" "Mozilla/5.0 AppleWebKit/537.36 (KHTML, like Gecko; compatible; bingbot/2.0; +http://www.bing.com/bingbot.htm) Chrome/116.0.1938.76 Safari/537.36"
18.216.137.32 - - [29/Apr/2025:11:08:21 -0400] "GET /ad917/?path=%2Fhome%2Fservlmvm%2F..%2F..%2Fusr%2Fshare%2Faclocal%2F..%2Flocale%2F.%2Fmap%2F..%2Fgon%2F..%2Fes_EC%2F..%2Fbej%2F..%2Fvi%2F..%2Fsk_SK%2F..%2Fsyc HTTP/1.1" 200 1608 "-" "Mozilla/5.0 AppleWebKit/537.36 (KHTML, like Gecko; compatible; ClaudeBot/1.0; +claudebot@anthropic.com)"
18.216.137.32 - - [29/Apr/2025:11:08:24 -0400] "GET /ad917/?path=%2Fhome%2Fservlmvm%2F..%2F..%2Fusr%2Fshare%2Faclocal%2F..%2Flocale%2Ffrr%2F..%2Fhne%2F..%2Fvot%2F..%2Fmdr%2F..%2Fdv%2F..%2Fsrn HTTP/1.1" 200 1580 "-" "Mozilla/5.0 AppleWebKit/537.36 (KHTML, like Gecko; compatible; ClaudeBot/1.0; +claudebot@anthropic.com)"
52.167.144.190 - - [29/Apr/2025:11:08:24 -0400] "GET /products/petty522338.shtml HTTP/1.1" 404 16941 "-" "Mozilla/5.0 AppleWebKit/537.36 (KHTML, like Gecko; compatible; bingbot/2.0; +http://www.bing.com/bingbot.htm) Chrome/116.0.1938.76 Safari/537.36"
18.216.137.32 - - [29/Apr/2025:11:08:27 -0400] "GET /ad917/?path=%2Fhome%2Fservlmvm%2F..%2F..%2Fusr%2Fshare%2Faclocal%2F..%2Flocale%2Fhai%2F..%2Fcgg%2F..%2Fnso%2F..%2Fmad%2F..%2Fgoh%2F..%2Fbo HTTP/1.1" 200 1571 "-" "Mozilla/5.0 AppleWebKit/537.36 (KHTML, like Gecko; compatible; ClaudeBot/1.0; +claudebot@anthropic.com)"
18.216.137.32 - - [29/Apr/2025:11:08:30 -0400] "GET /ad917/?path=%2Fhome%2Fservlmvm%2F..%2F..%2Fusr%2Fshare%2Faclocal%2F..%2Flocale%2Fnon%2F.%2F..%2Fchg%2F..%2Fua%2F..%2Feo%2F..%2Fhi%2F..%2Fgor%2F..%2Ftog%2F..%2Fbh HTTP/1.1" 200 1613 "-" "Mozilla/5.0 AppleWebKit/537.36 (KHTML, like Gecko; compatible; ClaudeBot/1.0; +claudebot@anthropic.com)"
18.216.137.32 - - [29/Apr/2025:11:08:33 -0400] "GET /ad917/?path=%2Fhome%2Fservlmvm%2F..%2F..%2Fusr%2Fshare%2Faclocal%2F..%2Flocale%2Fraj%2F..%2Fcrp%2F..%2Fwen%2F..%2Fen_ZA%2F..%2Fth_TH%2F..%2Faz_AZ HTTP/1.1" 200 1595 "-" "Mozilla/5.0 AppleWebKit/537.36 (KHTML, like Gecko; compatible; ClaudeBot/1.0; +claudebot@anthropic.com)"
18.216.137.32 - - [29/Apr/2025:11:08:36 -0400] "GET /ad917/?path=%2Fhome%2Fservlmvm%2F..%2F..%2Fusr%2Fshare%2Faclocal%2F..%2Flocale%2Fhai%2F..%2Fluo%2F..%2Fes_ES%2F..%2Ffr%2F..%2Fmo%2F..%2F.%2Fgon HTTP/1.1" 200 1572 "-" "Mozilla/5.0 AppleWebKit/537.36 (KHTML, like Gecko; compatible; ClaudeBot/1.0; +claudebot@anthropic.com)"
18.216.137.32 - - [29/Apr/2025:11:08:39 -0400] "GET /ad917/?path=%2Fhome%2Fservlmvm%2F..%2F..%2Fusr%2Fshare%2Faclocal%2F..%2Flocale%2Fhai%2F..%2Fbla%2F..%2Fpms%2F..%2Fgot%2F..%2Feka%2F..%2Fbho HTTP/1.1" 200 1569 "-" "Mozilla/5.0 AppleWebKit/537.36 (KHTML, like Gecko; compatible; ClaudeBot/1.0; +claudebot@anthropic.com)"
