18.216.137.32 - - [29/Apr/2025:11:08:42 -0400] "GET /ad917/?path=%2Fhome%2Fservlmvm%2F..%2F..%2Fusr%2Fshare%2Faclocal%2F..%2Flocale%2Fhai%2F..%2Fluo%2F..%2Fes_ES%2F..%2Ffr%2F..%2Fmo%2F..%2F.%2Fdra HTTP/1.1" 200 1571 "-" "Mozilla/5.0 AppleWebKit/537.36 (KHTML, like Gecko; compatible; ClaudeBot/1.0; +claudebot@anthropic.com)"
18.117.101.118 - - [29/Apr/2025:11:08:45 -0400] "GET /ad917/?path=%2Fhome%2F.%2F..%2F..%2Fvar%2Flog%2F..%2Fsoftaculous%2Fqdpm%2F..%2Fwp57%2F..%2Fhumogen%2Fedit.php HTTP/1.1" 200 4722 "-" "Mozilla/5.0 AppleWebKit/537.36 (KHTML, like Gecko; compatible; ClaudeBot/1.0; +claudebot@anthropic.com)"
18.117.101.118 - - [29/Apr/2025:11:08:45 -0400] "GET /ad917/?path=%2Fhome%2F.%2F..%2F..%2Fvar%2Flog%2F..%2Fsoftaculous%2Fespo%2F..%2Fvxgb%2F..%2Fwp54%2Fsign_on.php HTTP/1.1" 200 2466 "-" "Mozilla/5.0 AppleWebKit/537.36 (KHTML, like Gecko; compatible; ClaudeBot/1.0; +claudebot@anthropic.com)"
18.117.101.118 - - [29/Apr/2025:11:08:45 -0400] "GET /ad917/?path=%2Fhome%2F.%2F..%2F..%2Fvar%2Flog%2F..%2Fsoftaculous%2Fqdpm%2F..%2Fwp57%2F..%2Fwp49%2Fupgrade.php HTTP/1.1" 200 10918 "-" "Mozilla/5.0 AppleWebKit/537.36 (KHTML, like Gecko; compatible; ClaudeBot/1.0; +claudebot@anthropic.com)"
18.117.101.118 - - [29/Apr/2025:11:08:45 -0400] "GET /ad917/?path=%2Fhome%2F.%2F..%2F..%2Fvar%2Flog%2F..%2Fsoftaculous%2Fespo%2F..%2Fvxgb%2F..%2Ffirefly%2Finfo.xml HTTP/1.1" 200 2729 "-" "Mozilla/5.0 AppleWebKit/537.36 (KHTML, like Gecko; compatible; ClaudeBot/1.0; +claudebot@anthropic.com)"
18.117.101.118 - - [29/Apr/2025:11:08:45 -0400] "GET /ad917/?path=%2Fhome%2F.%2F..%2F..%2Fvar%2Flog%2F..%2Fsoftaculous%2Fqdpm%2F..%2Fwp57%2F..%2Fopensis%2Fedit.php HTTP/1.1" 200 4151 "-" "Mozilla/5.0 AppleWebKit/537.36 (KHTML, like Gecko; compatible; ClaudeBot/1.0; +claudebot@anthropic.com)"
18.216.137.32 - - [29/Apr/2025:11:08:45 -0400] "GET /ad917/?path=%2Fhome%2Fservlmvm%2F..%2F..%2Fusr%2Fshare%2Faclocal%2F..%2Flocale%2Froa%2F..%2Fraj%2F..%2Fkhi%2F..%2Fgv%2F..%2Fmak%2F..%2F..%2Fmyspell HTTP/1.1" 200 2343 "-" "Mozilla/5.0 AppleWebKit/537.36 (KHTML, like Gecko; compatible; ClaudeBot/1.0; +claudebot@anthropic.com)"
18.117.101.118 - - [29/Apr/2025:11:08:46 -0400] "GET /ad917/?path=%2Fhome%2F.%2F..%2F..%2Fvar%2Flib%2F..%2Fsoftaculous%2Fgrav%2F..%2Ftine%2F..%2Favactis%2Fedit.php HTTP/1.1" 200 4288 "-" "Mozilla/5.0 AppleWebKit/537.36 (KHTML, like Gecko; compatible; ClaudeBot/1.0; +claudebot@anthropic.com)"
18.117.101.118 - - [29/Apr/2025:11:08:46 -0400] "GET /ad917/?path=%2Fhome%2F.%2F..%2F..%2Fvar%2Flib%2F..%2Fsoftaculous%2Fgrav%2F..%2Ftine%2F..%2Fostic14%2Flanguage HTTP/1.1" 200 1684 "-" "Mozilla/5.0 AppleWebKit/537.36 (KHTML, like Gecko; compatible; ClaudeBot/1.0; +claudebot@anthropic.com)"
18.117.101.118 - - [29/Apr/2025:11:08:46 -0400] "GET /ad917/?path=%2Fhome%2F.%2F..%2F..%2Fvar%2Flog%2F..%2Fsoftaculous%2Fespo%2F..%2Fvxgb%2F..%2Fredax%2Finstall.js HTTP/1.1" 200 1385 "-" "Mozilla/5.0 AppleWebKit/537.36 (KHTML, like Gecko; compatible; ClaudeBot/1.0; +claudebot@anthropic.com)"
18.117.101.118 - - [29/Apr/2025:11:08:46 -0400] "GET /ad917/?path=%2Fhome%2F.%2F..%2F..%2Fvar%2Flog%2F..%2Fsoftaculous%2Fespo%2F..%2Fvxgb%2F..%2Focart%2Fconfig.php HTTP/1.1" 200 1351 "-" "Mozilla/5.0 AppleWebKit/537.36 (KHTML, like Gecko; compatible; ClaudeBot/1.0; +claudebot@anthropic.com)"
18.117.101.118 - - [29/Apr/2025:11:08:46 -0400] "GET /ad917/?path=%2Fhome%2F.%2F..%2F..%2Fvar%2Flib%2F..%2Fsoftaculous%2Fgrav%2F..%2Ftine%2F..%2Fpaste%2Fextend.php HTTP/1.1" 200 7839 "-" "Mozilla/5.0 AppleWebKit/537.36 (KHTML, like Gecko; compatible; ClaudeBot/1.0; +claudebot@anthropic.com)"
18.117.101.118 - - [29/Apr/2025:11:08:47 -0400] "GET /ad917/?path=%2Fhome%2F.%2F..%2Flib64%2Fengines-1.1%2F.%2F..%2Fgstreamer-1.0%2F..%2Flibatomic_ops_gpl.so.1.1.2 HTTP/1.1" 200 997 "-" "Mozilla/5.0 AppleWebKit/537.36 (KHTML, like Gecko; compatible; ClaudeBot/1.0; +claudebot@anthropic.com)"
18.117.101.118 - - [29/Apr/2025:11:08:47 -0400] "GET /ad917/?path=%2Fhome%2F.%2F..%2Flib64%2Fengines-1.1%2F.%2F..%2Fgstreamer-1.0%2F..%2F.libgnutls.so.30.28.2.hmac HTTP/1.1" 200 1054 "-" "Mozilla/5.0 AppleWebKit/537.36 (KHTML, like Gecko; compatible; ClaudeBot/1.0; +claudebot@anthropic.com)"
18.117.101.118 - - [29/Apr/2025:11:08:47 -0400] "GET /ad917/?path=%2Fhome%2F.%2F..%2Fhome4%2F..%2Fopt%2Falt%2Flibssh2%2F..%2Flibwebp%2Flib64%2Flibsharpyuv.so.0.1.1 HTTP/1.1" 200 1010 "-" "Mozilla/5.0 AppleWebKit/537.36 (KHTML, like Gecko; compatible; ClaudeBot/1.0; +claudebot@anthropic.com)"
52.167.144.180 - - [29/Apr/2025:11:08:48 -0400] "GET /special72993590.shtml HTTP/1.1" 404 16941 "-" "Mozilla/5.0 AppleWebKit/537.36 (KHTML, like Gecko; compatible; bingbot/2.0; +http://www.bing.com/bingbot.htm) Chrome/116.0.1938.76 Safari/537.36"
18.216.137.32 - - [29/Apr/2025:11:08:48 -0400] "GET /ad917/?path=%2Fhome%2Fservlmvm%2F..%2F..%2Fusr%2Fshare%2Faclocal%2F..%2Flocale%2Fhai%2F..%2Fcgg%2F..%2Fnso%2F..%2Fmad%2F..%2Fgoh%2F..%2Fady HTTP/1.1" 200 1573 "-" "Mozilla/5.0 AppleWebKit/537.36 (KHTML, like Gecko; compatible; ClaudeBot/1.0; +claudebot@anthropic.com)"
18.216.137.32 - - [29/Apr/2025:11:08:51 -0400] "GET /ad917/?path=%2Fhome%2Fservlmvm%2F..%2F..%2Fusr%2Fshare%2Faclocal%2F..%2Flocale%2Fraj%2F..%2Fcrp%2F..%2Fwen%2F..%2Fen_ZA%2F..%2Fth_TH%2F..%2Fpt HTTP/1.1" 200 1643 "-" "Mozilla/5.0 AppleWebKit/537.36 (KHTML, like Gecko; compatible; ClaudeBot/1.0; +claudebot@anthropic.com)"
52.167.144.180 - - [29/Apr/2025:11:08:52 -0400] "GET /items5268964.shtml HTTP/1.1" 404 16940 "-" "Mozilla/5.0 AppleWebKit/537.36 (KHTML, like Gecko; compatible; bingbot/2.0; +http://www.bing.com/bingbot.htm) Chrome/116.0.1938.76 Safari/537.36"
18.216.137.32 - - [29/Apr/2025:11:08:54 -0400] "GET /ad917/?path=%2Fhome%2Fservlmvm%2F..%2F..%2Fusr%2Fshare%2Faclocal%2F..%2Flocale%2Froa%2F..%2Fraj%2F..%2Fkhi%2F..%2Fgv%2F..%2Fmak%2F..%2F..%2FGeoIP HTTP/1.1" 200 1760 "-" "Mozilla/5.0 AppleWebKit/537.36 (KHTML, like Gecko; compatible; ClaudeBot/1.0; +claudebot@anthropic.com)"
18.216.137.32 - - [29/Apr/2025:11:08:57 -0400] "GET /ad917/?path=%2Fhome%2F.%2F..%2F..%2Flib%2Frpm%2F..%2Fmodules%2F..%2F.build-id%2Fd4%2F..%2F9f%2F..%2F37%2F..%2Fbd%2F..%2F.%2F5d%2F..%2F45%2F..%2F27%2F.. HTTP/1.1" 200 3784 "-" "Mozilla/5.0 AppleWebKit/537.36 (KHTML, like Gecko; compatible; ClaudeBot/1.0; +claudebot@anthropic.com)"
18.216.137.32 - - [29/Apr/2025:11:09:00 -0400] "GET /ad917/?path=%2Fhome%2Fservlmvm%2F..%2F..%2Fusr%2Fshare%2Faclocal%2F..%2Flocale%2Fhai%2F..%2Fluo%2F..%2Fes_ES%2F..%2Ffr%2F..%2Fmo%2F..%2F.%2Fha HTTP/1.1" 200 1580 "-" "Mozilla/5.0 AppleWebKit/537.36 (KHTML, like Gecko; compatible; ClaudeBot/1.0; +claudebot@anthropic.com)"
198.54.116.86 - - [29/Apr/2025:11:09:01 -0400] "POST /wp-cron.php?doing_wp_cron=1745939341.5459589958190917968750 HTTP/1.1" 200 0 "-" "WordPress/6.8; https://servethepeopleinc.org"
52.167.144.199 - - [29/Apr/2025:11:09:01 -0400] "GET /goodscode75981692.shtml HTTP/1.1" 301 0 "-" "Mozilla/5.0 AppleWebKit/537.36 (KHTML, like Gecko; compatible; bingbot/2.0; +http://www.bing.com/bingbot.htm) Chrome/116.0.1938.76 Safari/537.36"
198.54.116.86 - - [29/Apr/2025:11:09:50 -0400] "POST /wp-cron.php?doing_wp_cron=1745939390.7676889896392822265625 HTTP/1.1" 200 0 "-" "WordPress/6.8; https://servethepeopleinc.org"
52.167.144.177 - - [29/Apr/2025:11:09:50 -0400] "GET /item/aigre/51806222.shtml HTTP/1.1" 301 0 "-" "Mozilla/5.0 AppleWebKit/537.36 (KHTML, like Gecko; compatible; bingbot/2.0; +http://www.bing.com/bingbot.htm) Chrome/116.0.1938.76 Safari/537.36"
18.220.22.253 - - [29/Apr/2025:11:09:51 -0400] "GET /ad917/?path=%2Fhome%2Fservlmvm%2F..%2F..%2Fusr%2Fshare%2Faclocal%2F..%2Flocale%2F.%2Fmap%2F..%2Fgon%2F..%2Fes_EC%2F..%2Fbej%2F..%2Far_DZ%2F..%2Ftt%2F..%2Fshs HTTP/1.1" 200 1607 "-" "Mozilla/5.0 AppleWebKit/537.36 (KHTML, like Gecko; compatible; ClaudeBot/1.0; +claudebot@anthropic.com)"
18.220.22.253 - - [29/Apr/2025:11:09:54 -0400] "GET /ad917/?path=%2Fhome%2Fservlmvm%2F..%2F..%2Fusr%2Fshare%2Faclocal%2F..%2Flocale%2Fwen%2F..%2Fmwr%2F..%2Fkar%2F..%2Fchg%2F..%2Fmag%2F..%2Fen_CA HTTP/1.1" 200 1567 "-" "Mozilla/5.0 AppleWebKit/537.36 (KHTML, like Gecko; compatible; ClaudeBot/1.0; +claudebot@anthropic.com)"
18.220.22.253 - - [29/Apr/2025:11:09:57 -0400] "GET /ad917/?path=%2Fhome%2Fservlmvm%2F..%2F..%2Fusr%2Fshare%2Faclocal%2F..%2Flocale%2Fhai%2F..%2Fcgg%2F..%2Fnso%2F..%2Fmad%2F..%2Fgoh%2F..%2Feu HTTP/1.1" 200 1635 "-" "Mozilla/5.0 AppleWebKit/537.36 (KHTML, like Gecko; compatible; ClaudeBot/1.0; +claudebot@anthropic.com)"
18.220.22.253 - - [29/Apr/2025:11:10:00 -0400] "GET /ad917/?path=%2Fhome%2Fservlmvm%2F..%2F..%2Fusr%2Fshare%2Faclocal%2F..%2Flocale%2Fhai%2F..%2Fluo%2F..%2Fes_ES%2F..%2Ffr%2F..%2Fmo%2F..%2F.%2Fpam HTTP/1.1" 200 1571 "-" "Mozilla/5.0 AppleWebKit/537.36 (KHTML, like Gecko; compatible; ClaudeBot/1.0; +claudebot@anthropic.com)"
198.54.116.86 - - [29/Apr/2025:11:10:01 -0400] "POST /wp-cron.php?doing_wp_cron=1745939401.1084940433502197265625 HTTP/1.1" 200 0 "-" "WordPress/6.8; https://servethepeopleinc.org"
52.167.144.199 - - [29/Apr/2025:11:10:00 -0400] "GET /detail/xva/halcyonian36395788.shtml HTTP/1.1" 301 0 "-" "Mozilla/5.0 AppleWebKit/537.36 (KHTML, like Gecko; compatible; bingbot/2.0; +http://www.bing.com/bingbot.htm) Chrome/116.0.1938.76 Safari/537.36"
198.54.116.86 - - [29/Apr/2025:11:10:01 -0400] "POST /wp-admin/admin-ajax.php?action=async_litespeed&nonce=6hn9TqRlVcOvMdu4wWx35fczbRt8lLSe&litespeed_type=imgoptm HTTP/1.1" 200 21 "-" "WordPress/6.8; https://servethepeopleinc.org"
18.220.22.253 - - [29/Apr/2025:11:10:03 -0400] "GET /ad917/?path=%2Fhome%2Fservlmvm%2F..%2F..%2Fusr%2Fshare%2Faclocal%2F..%2Flocale%2Fwen%2F..%2Fmwr%2F..%2Fkar%2F..%2Fchg%2F..%2Fbar%2F..%2Fman HTTP/1.1" 200 1567 "-" "Mozilla/5.0 AppleWebKit/537.36 (KHTML, like Gecko; compatible; ClaudeBot/1.0; +claudebot@anthropic.com)"
52.167.144.177 - - [29/Apr/2025:11:10:04 -0400] "GET /shopping/o/flacker115004126.shtml HTTP/1.1" 301 0 "-" "Mozilla/5.0 AppleWebKit/537.36 (KHTML, like Gecko; compatible; bingbot/2.0; +http://www.bing.com/bingbot.htm) Chrome/116.0.1938.76 Safari/537.36"
18.220.22.253 - - [29/Apr/2025:11:10:06 -0400] "GET /ad917/?path=%2Fhome%2Fservlmvm%2F..%2F..%2Fusr%2Fshare%2Faclocal%2F..%2Flocale%2F.%2Fmap%2F..%2Fgon%2F..%2Fes_EC%2F..%2Fbej%2F..%2Far_DZ%2F..%2Ftt%2F..%2Fsv HTTP/1.1" 200 1671 "-" "Mozilla/5.0 AppleWebKit/537.36 (KHTML, like Gecko; compatible; ClaudeBot/1.0; +claudebot@anthropic.com)"
18.220.22.253 - - [29/Apr/2025:11:10:09 -0400] "GET /ad917/?path=%2Fhome%2Fservlmvm%2F..%2F..%2Fusr%2Fshare%2Faclocal%2F..%2Flocale%2Fhai%2F..%2Fcgg%2F..%2Fnso%2F..%2Fks%2F..%2Ftai%2F..%2Flo HTTP/1.1" 200 1573 "-" "Mozilla/5.0 AppleWebKit/537.36 (KHTML, like Gecko; compatible; ClaudeBot/1.0; +claudebot@anthropic.com)"
52.167.144.180 - - [29/Apr/2025:11:10:09 -0400] "GET /items/pickaninny/ HTTP/1.1" 404 16940 "-" "Mozilla/5.0 AppleWebKit/537.36 (KHTML, like Gecko; compatible; bingbot/2.0; +http://www.bing.com/bingbot.htm) Chrome/116.0.1938.76 Safari/537.36"
18.220.22.253 - - [29/Apr/2025:11:10:24 -0400] "GET /ad917/?path=%2Fhome%2Fservlmvm%2F..%2F..%2Fusr%2Fshare%2Faclocal%2F..%2Flocale%2Fwen%2F..%2Fmwr%2F..%2Fkar%2F..%2Fchg%2F..%2Fmag%2F..%2Fte HTTP/1.1" 200 1568 "-" "Mozilla/5.0 AppleWebKit/537.36 (KHTML, like Gecko; compatible; ClaudeBot/1.0; +claudebot@anthropic.com)"
18.220.22.253 - - [29/Apr/2025:11:10:27 -0400] "GET /ad917/?path=%2Fhome%2Fservlmvm%2F..%2F..%2Fusr%2Fshare%2Faclocal%2F..%2Flocale%2Fhai%2F..%2Fluo%2F..%2Fes_ES%2F..%2Ffr%2F..%2Fjam%2F..%2Fid_ID%2F.. HTTP/1.1" 200 12238 "-" "Mozilla/5.0 AppleWebKit/537.36 (KHTML, like Gecko; compatible; ClaudeBot/1.0; +claudebot@anthropic.com)"
18.220.22.253 - - [29/Apr/2025:11:10:30 -0400] "GET /ad917/?path=%2Fhome%2Fservlmvm%2F..%2F..%2Fusr%2Fshare%2Faclocal%2F..%2Flocale%2Fraj%2F..%2Fcrp%2F..%2Fwen%2F..%2Fen_ZA%2F..%2Fzun%2FLC_MESSAGES%2F.. HTTP/1.1" 200 1582 "-" "Mozilla/5.0 AppleWebKit/537.36 (KHTML, like Gecko; compatible; ClaudeBot/1.0; +claudebot@anthropic.com)"
18.220.22.253 - - [29/Apr/2025:11:10:33 -0400] "GET /ad917/?path=%2Fhome%2Fservlmvm%2F..%2F..%2Fusr%2Fshare%2Faclocal%2F..%2Flocale%2Ffrr%2F..%2Fhne%2F..%2Fvot%2F..%2Fmdr%2F..%2Fdv%2F..%2Fumb HTTP/1.1" 200 1580 "-" "Mozilla/5.0 AppleWebKit/537.36 (KHTML, like Gecko; compatible; ClaudeBot/1.0; +claudebot@anthropic.com)"
18.220.22.253 - - [29/Apr/2025:11:10:36 -0400] "GET /ad917/?path=%2Fhome%2Fservlmvm%2F..%2F..%2Fusr%2Fshare%2Faclocal%2F..%2Flocale%2Fhai%2F..%2Fcgg%2F..%2Fnso%2F..%2Fmad%2F..%2Fgoh%2F..%2Ffur HTTP/1.1" 200 1571 "-" "Mozilla/5.0 AppleWebKit/537.36 (KHTML, like Gecko; compatible; ClaudeBot/1.0; +claudebot@anthropic.com)"
18.220.22.253 - - [29/Apr/2025:11:10:39 -0400] "GET /ad917/?path=%2Fhome%2F.%2F..%2F..%2Fvar%2Flog%2F..%2Fsoftaculous%2Fespo%2F..%2Fvxgb%2F..%2Fdrupal9%2F.%2F.%2F..%2Fdhtmlx%2Fmd5 HTTP/1.1" 200 2134 "-" "Mozilla/5.0 AppleWebKit/537.36 (KHTML, like Gecko; compatible; ClaudeBot/1.0; +claudebot@anthropic.com)"
52.167.144.180 - - [29/Apr/2025:11:10:41 -0400] "GET /info/insipid31557388.shtml HTTP/1.1" 404 16941 "-" "Mozilla/5.0 AppleWebKit/537.36 (KHTML, like Gecko; compatible; bingbot/2.0; +http://www.bing.com/bingbot.htm) Chrome/116.0.1938.76 Safari/537.36"
18.220.22.253 - - [29/Apr/2025:11:10:42 -0400] "GET /ad917/?path=%2Fhome%2Fservlmvm%2F..%2F..%2Fusr%2Fshare%2Faclocal%2F..%2Flocale%2Fhai%2F..%2Fcgg%2F..%2Fnso%2F..%2Fks%2F..%2Ftai%2F..%2Ftt HTTP/1.1" 200 1573 "-" "Mozilla/5.0 AppleWebKit/537.36 (KHTML, like Gecko; compatible; ClaudeBot/1.0; +claudebot@anthropic.com)"
18.220.22.253 - - [29/Apr/2025:11:10:45 -0400] "GET /ad917/?path=%2Fhome%2Fservlmvm%2F..%2F..%2Fusr%2Fshare%2Faclocal%2F..%2Flocale%2Fwen%2F..%2Fmwr%2F..%2Fkar%2F..%2Fchg%2F..%2Fmag%2F..%2Fsr_ME HTTP/1.1" 200 1567 "-" "Mozilla/5.0 AppleWebKit/537.36 (KHTML, like Gecko; compatible; ClaudeBot/1.0; +claudebot@anthropic.com)"
18.220.22.253 - - [29/Apr/2025:11:10:48 -0400] "GET /ad917/?path=%2Fhome%2Fservlmvm%2F..%2F..%2Fusr%2Fshare%2Faclocal%2F..%2Flocale%2Fraj%2F..%2Fcrp%2F..%2Fwen%2F..%2Fen_ZA%2F..%2Fth_TH%2F..%2Fka_GE HTTP/1.1" 200 1595 "-" "Mozilla/5.0 AppleWebKit/537.36 (KHTML, like Gecko; compatible; ClaudeBot/1.0; +claudebot@anthropic.com)"
18.220.22.253 - - [29/Apr/2025:11:10:51 -0400] "GET /ad917/?path=%2Fhome%2Fservlmvm%2F..%2F..%2Fusr%2Fshare%2Faclocal%2F..%2Flocale%2Ffrr%2F..%2Fhne%2F..%2Fvot%2F..%2Fmdr%2F..%2Fdv%2F..%2Far_SY HTTP/1.1" 200 1589 "-" "Mozilla/5.0 AppleWebKit/537.36 (KHTML, like Gecko; compatible; ClaudeBot/1.0; +claudebot@anthropic.com)"
18.220.22.253 - - [29/Apr/2025:11:10:54 -0400] "GET /ad917/?path=%2Fhome%2Fservlmvm%2F..%2F..%2Fusr%2Fshare%2Faclocal%2F..%2Flocale%2F.%2Fmap%2F..%2Fgon%2F..%2Fes_EC%2F..%2Fbej%2F..%2Far_DZ%2F..%2Ftt%2F..%2Fcy HTTP/1.1" 200 1608 "-" "Mozilla/5.0 AppleWebKit/537.36 (KHTML, like Gecko; compatible; ClaudeBot/1.0; +claudebot@anthropic.com)"
18.220.22.253 - - [29/Apr/2025:11:10:57 -0400] "GET /ad917/?path=%2Fhome%2Fservlmvm%2F..%2F..%2Fusr%2Fshare%2Faclocal%2F..%2Flocale%2Fhai%2F..%2Fluo%2F..%2Fes_ES%2F..%2Ffr%2F..%2Fmo%2F..%2F.%2Fmyv HTTP/1.1" 200 1572 "-" "Mozilla/5.0 AppleWebKit/537.36 (KHTML, like Gecko; compatible; ClaudeBot/1.0; +claudebot@anthropic.com)"
18.220.22.253 - - [29/Apr/2025:11:11:00 -0400] "GET /ad917/?path=%2Fhome%2Fservlmvm%2F..%2F..%2Fusr%2Fshare%2Faclocal%2F..%2Flocale%2Fhai%2F..%2Fcgg%2F..%2Fnso%2F..%2Fmad%2F..%2Fgoh%2F..%2Fco HTTP/1.1" 200 1571 "-" "Mozilla/5.0 AppleWebKit/537.36 (KHTML, like Gecko; compatible; ClaudeBot/1.0; +claudebot@anthropic.com)"
18.220.22.253 - - [29/Apr/2025:11:11:03 -0400] "GET /ad917/?path=%2Fhome%2Fservlmvm%2F..%2F..%2Fusr%2Fshare%2Faclocal%2F..%2Flocale%2Fnon%2F.%2F..%2Fchg%2F..%2Fua%2F..%2Feo%2F..%2Fhi%2F..%2Fgor%2F..%2Ftog%2F..%2Fsv HTTP/1.1" 200 1641 "-" "Mozilla/5.0 AppleWebKit/537.36 (KHTML, like Gecko; compatible; ClaudeBot/1.0; +claudebot@anthropic.com)"
18.220.22.253 - - [29/Apr/2025:11:11:06 -0400] "GET /ad917/?path=%2Fhome%2Fservlmvm%2F..%2F..%2Fusr%2Fshare%2Faclocal%2F..%2Flocale%2Ffrr%2F..%2Fhne%2F..%2Fvot%2F..%2Fmdr%2F..%2Fdv%2F..%2Fmt HTTP/1.1" 200 1571 "-" "Mozilla/5.0 AppleWebKit/537.36 (KHTML, like Gecko; compatible; ClaudeBot/1.0; +claudebot@anthropic.com)"
18.220.22.253 - - [29/Apr/2025:11:11:09 -0400] "GET /ad917/?path=%2Fhome%2Fservlmvm%2F..%2F..%2Fusr%2Fshare%2Faclocal%2F..%2Flocale%2Fhai%2F..%2Fcgg%2F..%2Fnso%2F..%2Fmad%2F..%2Fgoh%2F..%2Fta_LK HTTP/1.1" 200 1570 "-" "Mozilla/5.0 AppleWebKit/537.36 (KHTML, like Gecko; compatible; ClaudeBot/1.0; +claudebot@anthropic.com)"
198.54.116.86 - - [29/Apr/2025:11:11:09 -0400] "POST /wp-cron.php?doing_wp_cron=1745939469.8445870876312255859375 HTTP/1.1" 200 0 "-" "WordPress/6.8; https://servethepeopleinc.org"
52.167.144.199 - - [29/Apr/2025:11:11:09 -0400] "GET /shopdetail75673432.shtml HTTP/1.1" 301 0 "-" "Mozilla/5.0 AppleWebKit/537.36 (KHTML, like Gecko; compatible; bingbot/2.0; +http://www.bing.com/bingbot.htm) Chrome/116.0.1938.76 Safari/537.36"
198.54.116.86 - - [29/Apr/2025:11:11:09 -0400] "POST /wp-admin/admin-ajax.php?action=async_litespeed&nonce=1jXMRrz72ZoTDKQUy7vfy2OFc1EODFxs&litespeed_type=imgoptm HTTP/1.1" 200 21 "-" "WordPress/6.8; https://servethepeopleinc.org"
18.220.22.253 - - [29/Apr/2025:11:11:12 -0400] "GET /ad917/?path=%2Fhome%2Fservlmvm%2F..%2F..%2Fusr%2Fshare%2Faclocal%2F..%2Flocale%2Fwen%2F..%2Fmwr%2F..%2Fkar%2F..%2Fchg%2F..%2Fmag%2F..%2Fcn HTTP/1.1" 200 1568 "-" "Mozilla/5.0 AppleWebKit/537.36 (KHTML, like Gecko; compatible; ClaudeBot/1.0; +claudebot@anthropic.com)"
18.220.22.253 - - [29/Apr/2025:11:11:15 -0400] "GET /ad917/?path=%2Fhome%2Fservlmvm%2F..%2F..%2Fusr%2Fshare%2Faclocal%2F..%2Flocale%2Fwen%2F..%2Fmwr%2F..%2Fkar%2F..%2Fchg%2F..%2Fmag%2F..%2Fpa HTTP/1.1" 200 1570 "-" "Mozilla/5.0 AppleWebKit/537.36 (KHTML, like Gecko; compatible; ClaudeBot/1.0; +claudebot@anthropic.com)"
18.220.22.253 - - [29/Apr/2025:11:11:18 -0400] "GET /ad917/?path=%2Fhome%2Fservlmvm%2F..%2F..%2Fusr%2Fshare%2Faclocal%2F..%2Flocale%2F.%2Fmap%2F..%2Fgon%2F..%2Fes_EC%2F..%2Fbej%2F..%2Fvi%2F..%2Fsk_SK%2F..%2Ffrm HTTP/1.1" 200 1607 "-" "Mozilla/5.0 AppleWebKit/537.36 (KHTML, like Gecko; compatible; ClaudeBot/1.0; +claudebot@anthropic.com)"
18.220.22.253 - - [29/Apr/2025:11:11:21 -0400] "GET /ad917/?path=%2Fhome%2Fservlmvm%2F..%2F..%2Fusr%2Fshare%2Faclocal%2F..%2Flocale%2Fwen%2F..%2Fmwr%2F..%2Fkar%2F..%2Fchg%2F..%2Fmag%2F..%2Fbnt HTTP/1.1" 200 1570 "-" "Mozilla/5.0 AppleWebKit/537.36 (KHTML, like Gecko; compatible; ClaudeBot/1.0; +claudebot@anthropic.com)"
18.220.22.253 - - [29/Apr/2025:11:11:24 -0400] "GET /ad917/?path=%2Fhome%2Fservlmvm%2F..%2F..%2Fusr%2Fshare%2Faclocal%2F..%2Flocale%2Fwen%2F..%2Fmwr%2F..%2Fkar%2F..%2Fchg%2F..%2Fmag%2F..%2Fie HTTP/1.1" 200 1568 "-" "Mozilla/5.0 AppleWebKit/537.36 (KHTML, like Gecko; compatible; ClaudeBot/1.0; +claudebot@anthropic.com)"
18.220.22.253 - - [29/Apr/2025:11:11:27 -0400] "GET /ad917/?path=%2Fhome%2Fservlmvm%2F..%2F..%2Fusr%2Fshare%2Faclocal%2F..%2Flocale%2Ffrr%2F..%2Fhne%2F..%2Fvot%2F..%2Fmdr%2F..%2Fdv%2F..%2Fkab HTTP/1.1" 200 1582 "-" "Mozilla/5.0 AppleWebKit/537.36 (KHTML, like Gecko; compatible; ClaudeBot/1.0; +claudebot@anthropic.com)"
18.220.22.253 - - [29/Apr/2025:11:11:30 -0400] "GET /ad917/?path=%2Fhome%2Fservlmvm%2F..%2F..%2Fusr%2Fshare%2Faclocal%2F..%2Flocale%2Fhai%2F..%2Fluo%2F..%2Fes_ES%2F..%2Ffr%2F..%2Fmo%2F..%2F.%2Fom HTTP/1.1" 200 1580 "-" "Mozilla/5.0 AppleWebKit/537.36 (KHTML, like Gecko; compatible; ClaudeBot/1.0; +claudebot@anthropic.com)"
18.220.22.253 - - [29/Apr/2025:11:11:33 -0400] "GET /ad917/?path=%2Fhome%2Fservlmvm%2F..%2F..%2Fusr%2Fshare%2Faclocal%2F..%2Flocale%2Fhai%2F..%2Fcgg%2F..%2Fnso%2F..%2Fks%2F..%2Ftai%2F..%2Fos HTTP/1.1" 200 1574 "-" "Mozilla/5.0 AppleWebKit/537.36 (KHTML, like Gecko; compatible; ClaudeBot/1.0; +claudebot@anthropic.com)"
18.220.22.253 - - [29/Apr/2025:11:11:36 -0400] "GET /ad917/?path=%2Fhome%2Fservlmvm%2F..%2F..%2Fusr%2Fshare%2Faclocal%2F..%2Flocale%2Fhai%2F..%2Fcgg%2F..%2Fnso%2F..%2Fks%2F..%2Fcv%2F..%2Fkam HTTP/1.1" 200 1575 "-" "Mozilla/5.0 AppleWebKit/537.36 (KHTML, like Gecko; compatible; ClaudeBot/1.0; +claudebot@anthropic.com)"
18.220.22.253 - - [29/Apr/2025:11:11:39 -0400] "GET /ad917/?path=%2Fhome%2Fservlmvm%2F..%2F..%2Fusr%2Fshare%2Faclocal%2F..%2Flocale%2Fwen%2F..%2Fmwr%2F..%2Fkar%2F..%2Fchg%2F..%2Fmag%2F..%2Fmhr HTTP/1.1" 200 1568 "-" "Mozilla/5.0 AppleWebKit/537.36 (KHTML, like Gecko; compatible; ClaudeBot/1.0; +claudebot@anthropic.com)"
18.220.22.253 - - [29/Apr/2025:11:11:42 -0400] "GET /ad917/?path=%2Fhome%2Fservlmvm%2F..%2F..%2Fusr%2Fshare%2Faclocal%2F..%2Flocale%2Fhai%2F..%2Fluo%2F..%2Fes_ES%2F..%2Ffr%2F..%2Fmo%2F..%2F.%2Fet_EE HTTP/1.1" 200 1593 "-" "Mozilla/5.0 AppleWebKit/537.36 (KHTML, like Gecko; compatible; ClaudeBot/1.0; +claudebot@anthropic.com)"
198.54.116.86 - - [29/Apr/2025:11:11:49 -0400] "POST /wp-cron.php?doing_wp_cron=1745939509.2974450588226318359375 HTTP/1.1" 200 0 "-" "WordPress/6.8; https://servethepeopleinc.org"
40.77.167.254 - - [29/Apr/2025:11:11:49 -0400] "GET /entity/i/approvement109304710.shtml HTTP/1.1" 404 16948 "-" "Mozilla/5.0 AppleWebKit/537.36 (KHTML, like Gecko; compatible; bingbot/2.0; +http://www.bing.com/bingbot.htm) Chrome/116.0.1938.76 Safari/537.36"
198.54.116.86 - - [29/Apr/2025:11:12:02 -0400] "POST /wp-cron.php?doing_wp_cron=1745939522.3096480369567871093750 HTTP/1.1" 200 0 "-" "WordPress/6.8; https://servethepeopleinc.org"
66.249.65.170 - - [29/Apr/2025:11:12:02 -0400] "GET /shopdetail/gastropodous/17521724.shtml HTTP/1.1" 404 16951 "-" "Mozilla/5.0 (Linux; Android 6.0.1; Nexus 5X Build/MMB29P) AppleWebKit/537.36 (KHTML, like Gecko) Chrome/135.0.7049.95 Mobile Safari/537.36 (compatible; Googlebot/2.1; +http://www.google.com/bot.html)"
198.54.116.86 - - [29/Apr/2025:11:12:02 -0400] "POST /wp-admin/admin-ajax.php?action=async_litespeed&nonce=apblecCzz3ETfdkXurrDdDBREupNk7Lz&litespeed_type=imgoptm HTTP/1.1" 200 21 "-" "WordPress/6.8; https://servethepeopleinc.org"
13.58.172.13 - - [29/Apr/2025:11:12:19 -0400] "GET /ad917/?path=%2Fhome%2Fservlmvm%2F..%2F..%2Fusr%2Fshare%2Faclocal%2F..%2Flocale%2Fwen%2F..%2Fmwr%2F..%2Fkar%2F..%2Fchg%2F..%2Fmag%2F..%2Fja HTTP/1.1" 200 1642 "-" "Mozilla/5.0 AppleWebKit/537.36 (KHTML, like Gecko; compatible; ClaudeBot/1.0; +claudebot@anthropic.com)"
13.58.172.13 - - [29/Apr/2025:11:12:21 -0400] "GET /ad917/?path=%2Fhome%2Fservlmvm%2F..%2F..%2Fusr%2Fshare%2Faclocal%2F..%2Flocale%2Ffrr%2F..%2Fhne%2F..%2Fvot%2F..%2Fmdr%2F..%2Fdv%2F..%2Ftig HTTP/1.1" 200 1578 "-" "Mozilla/5.0 AppleWebKit/537.36 (KHTML, like Gecko; compatible; ClaudeBot/1.0; +claudebot@anthropic.com)"
198.54.116.86 - - [29/Apr/2025:11:12:22 -0400] "POST /wp-cron.php?doing_wp_cron=1745939542.8422379493713378906250 HTTP/1.1" 200 0 "-" "WordPress/6.8; https://servethepeopleinc.org"
52.167.144.180 - - [29/Apr/2025:11:12:22 -0400] "GET /product/85643502.shtml HTTP/1.1" 404 16941 "-" "Mozilla/5.0 AppleWebKit/537.36 (KHTML, like Gecko; compatible; bingbot/2.0; +http://www.bing.com/bingbot.htm) Chrome/116.0.1938.76 Safari/537.36"
13.58.172.13 - - [29/Apr/2025:11:12:24 -0400] "GET /ad917/?path=%2Fhome%2Fservlmvm%2F..%2F..%2Fusr%2Fshare%2Faclocal%2F..%2Flocale%2Fhai%2F..%2Fcgg%2F..%2Fnso%2F..%2Fks%2F..%2Ftai%2F..%2Fund HTTP/1.1" 200 1572 "-" "Mozilla/5.0 AppleWebKit/537.36 (KHTML, like Gecko; compatible; ClaudeBot/1.0; +claudebot@anthropic.com)"
13.58.172.13 - - [29/Apr/2025:11:12:27 -0400] "GET /ad917/?path=%2Fhome%2F.%2F..%2F..%2Fvar%2Flib%2F..%2Fsoftaculous%2Fmyadmin49%2F..%2Fmyt%2F..%2Fgedview%2F..%2Fhumogen%2F..%2Finvoice%2F.%2F..%2Fjoomla4 HTTP/1.1" 200 2418 "-" "Mozilla/5.0 AppleWebKit/537.36 (KHTML, like Gecko; compatible; ClaudeBot/1.0; +claudebot@anthropic.com)"
66.249.65.168 - - [29/Apr/2025:11:12:29 -0400] "GET /entity/camphol32709264.shtml HTTP/1.1" 404 16939 "-" "Mozilla/5.0 (Linux; Android 6.0.1; Nexus 5X Build/MMB29P) AppleWebKit/537.36 (KHTML, like Gecko) Chrome/135.0.7049.95 Mobile Safari/537.36 (compatible; GoogleOther)"
13.58.172.13 - - [29/Apr/2025:11:12:30 -0400] "GET /ad917/?path=%2Fhome%2Fservlmvm%2F..%2F..%2Fvar%2Fsoftaculous%2Fosclassified%2F..%2Focart4%2F.%2F.%2F.%2F..%2F.%2Fmorph%2F..%2Fsentrifugo%2F..%2Fphpjs HTTP/1.1" 200 1897 "-" "Mozilla/5.0 AppleWebKit/537.36 (KHTML, like Gecko; compatible; ClaudeBot/1.0; +claudebot@anthropic.com)"
40.77.167.254 - - [29/Apr/2025:11:12:30 -0400] "GET /detail106400826.shtml HTTP/1.1" 404 16940 "-" "Mozilla/5.0 AppleWebKit/537.36 (KHTML, like Gecko; compatible; bingbot/2.0; +http://www.bing.com/bingbot.htm) Chrome/116.0.1938.76 Safari/537.36"
13.58.172.13 - - [29/Apr/2025:11:12:33 -0400] "GET /ad917/?path=%2Fhome%2Fservlmvm%2F..%2F..%2Fusr%2Fshare%2Faclocal%2F..%2Flocale%2Fhai%2F..%2Fcgg%2F..%2Fnso%2F..%2Fmad%2F..%2Fgoh%2F..%2Fsmj HTTP/1.1" 200 1572 "-" "Mozilla/5.0 AppleWebKit/537.36 (KHTML, like Gecko; compatible; ClaudeBot/1.0; +claudebot@anthropic.com)"
13.58.172.13 - - [29/Apr/2025:11:12:36 -0400] "GET /ad917/?path=%2Fhome%2Fservlmvm%2F..%2F..%2Fusr%2Fshare%2Faclocal%2F..%2Flocale%2Ffrr%2F..%2Fhne%2F..%2Fvot%2F..%2Fmdr%2F..%2Fdv%2F..%2Fkw HTTP/1.1" 200 1569 "-" "Mozilla/5.0 AppleWebKit/537.36 (KHTML, like Gecko; compatible; ClaudeBot/1.0; +claudebot@anthropic.com)"
13.58.172.13 - - [29/Apr/2025:11:12:39 -0400] "GET /ad917/?path=%2Fhome%2Fservlmvm%2F..%2F..%2Fusr%2Fshare%2Faclocal%2F..%2Flocale%2Fhai%2F..%2Fcgg%2F..%2Fnso%2F..%2Fks%2F..%2Ftai%2F..%2Fmwl HTTP/1.1" 200 1570 "-" "Mozilla/5.0 AppleWebKit/537.36 (KHTML, like Gecko; compatible; ClaudeBot/1.0; +claudebot@anthropic.com)"
40.77.167.131 - - [29/Apr/2025:11:12:40 -0400] "GET /info60014972.shtml HTTP/1.1" 404 16940 "-" "Mozilla/5.0 AppleWebKit/537.36 (KHTML, like Gecko; compatible; bingbot/2.0; +http://www.bing.com/bingbot.htm) Chrome/116.0.1938.76 Safari/537.36"
13.58.172.13 - - [29/Apr/2025:11:12:42 -0400] "GET /ad917/?path=%2Fhome%2Fservlmvm%2F..%2F..%2Fusr%2Fshare%2Faclocal%2F..%2Flocale%2Fhai%2F..%2Fluo%2F..%2Fes_ES%2F..%2Ffr%2F..%2Fmo%2F..%2F.%2Fcs_CZ HTTP/1.1" 200 1583 "-" "Mozilla/5.0 AppleWebKit/537.36 (KHTML, like Gecko; compatible; ClaudeBot/1.0; +claudebot@anthropic.com)"
13.58.172.13 - - [29/Apr/2025:11:12:45 -0400] "GET /ad917/?path=%2Fhome%2Fservlmvm%2F..%2F..%2Fusr%2Fshare%2Faclocal%2F..%2Flocale%2Ffrr%2F..%2Fhne%2F..%2Fvot%2F..%2Fmdr%2F..%2Fdv%2F..%2Fwak HTTP/1.1" 200 1578 "-" "Mozilla/5.0 AppleWebKit/537.36 (KHTML, like Gecko; compatible; ClaudeBot/1.0; +claudebot@anthropic.com)"
13.58.172.13 - - [29/Apr/2025:11:12:48 -0400] "GET /ad917/?path=%2Fhome%2Fservlmvm%2F..%2F..%2Fusr%2Fshare%2Faclocal%2F..%2Flocale%2Ffrr%2F..%2Fhne%2F..%2Fvot%2F..%2Fmdr%2F..%2Fdv%2F..%2Fhe_IL HTTP/1.1" 200 1578 "-" "Mozilla/5.0 AppleWebKit/537.36 (KHTML, like Gecko; compatible; ClaudeBot/1.0; +claudebot@anthropic.com)"
198.54.116.86 - - [29/Apr/2025:11:09:01 -0400] "POST /wp-admin/admin-ajax.php?action=async_litespeed&nonce=IlGPn9OM6koGh8EUE6zIKgHbNWNRL9PX&litespeed_type=imgoptm HTTP/1.1" 200 21 "-" "WordPress/6.8; https://servethepeopleinc.org"
18.216.137.32 - - [29/Apr/2025:11:09:03 -0400] "GET /ad917/?path=%2Fhome%2Fservlmvm%2F..%2F..%2Fusr%2Fshare%2Faclocal%2F..%2Flocale%2Fhai%2F..%2Fluo%2F..%2Fes_ES%2F..%2Ffr%2F..%2Fchg%2F..%2Fkaa%2F.. HTTP/1.1" 200 14050 "-" "Mozilla/5.0 AppleWebKit/537.36 (KHTML, like Gecko; compatible; ClaudeBot/1.0; +claudebot@anthropic.com)"
18.216.137.32 - - [29/Apr/2025:11:09:06 -0400] "GET /ad917/?path=%2Fhome%2Fservlmvm%2F..%2F..%2Fusr%2Fshare%2Faclocal%2F..%2Flocale%2Fwen%2F..%2Fmwr%2F..%2Fkar%2F..%2Fchg%2F..%2Fmag%2F..%2Fmn HTTP/1.1" 200 1569 "-" "Mozilla/5.0 AppleWebKit/537.36 (KHTML, like Gecko; compatible; ClaudeBot/1.0; +claudebot@anthropic.com)"
18.216.137.32 - - [29/Apr/2025:11:09:09 -0400] "GET /ad917/?path=%2Fhome%2Fservlmvm%2F..%2F..%2Fusr%2Fshare%2Faclocal%2F..%2Flocale%2Fwen%2F..%2Fmwr%2F..%2Fkar%2F..%2Fchg%2F..%2Fmag%2F..%2Fen_ZA HTTP/1.1" 200 1570 "-" "Mozilla/5.0 AppleWebKit/537.36 (KHTML, like Gecko; compatible; ClaudeBot/1.0; +claudebot@anthropic.com)"
18.216.137.32 - - [29/Apr/2025:11:09:12 -0400] "GET /ad917/?path=%2Fhome%2Fservlmvm%2F..%2F..%2Fusr%2Fshare%2Faclocal%2F..%2Flocale%2Fwen%2F..%2Fmwr%2F..%2Fkar%2F..%2Fchg%2F..%2Fbar%2F..%2Fbho HTTP/1.1" 200 1568 "-" "Mozilla/5.0 AppleWebKit/537.36 (KHTML, like Gecko; compatible; ClaudeBot/1.0; +claudebot@anthropic.com)"
18.220.22.253 - - [29/Apr/2025:11:09:48 -0400] "GET /ad917/?path=%2Fhome%2Fservlmvm%2F..%2F..%2Fusr%2Fshare%2Faclocal%2F..%2Flocale%2Fhai%2F..%2Fcgg%2F..%2Fnso%2F..%2Fks%2F..%2Fcv%2F..%2Fqaa-qtz HTTP/1.1" 200 1580 "-" "Mozilla/5.0 AppleWebKit/537.36 (KHTML, like Gecko; compatible; ClaudeBot/1.0; +claudebot@anthropic.com)"
18.220.22.253 - - [29/Apr/2025:11:10:12 -0400] "GET /ad917/?path=%2Fhome%2Fservlmvm%2F..%2F..%2Fusr%2Fshare%2Faclocal%2F..%2Flocale%2F.%2Fmap%2F..%2Fgon%2F..%2Fes_EC%2F..%2Fbej%2F..%2Fvi%2F..%2Fsk_SK%2F..%2Fsem HTTP/1.1" 200 1606 "-" "Mozilla/5.0 AppleWebKit/537.36 (KHTML, like Gecko; compatible; ClaudeBot/1.0; +claudebot@anthropic.com)"
18.220.22.253 - - [29/Apr/2025:11:10:15 -0400] "GET /ad917/?path=%2Fhome%2Fservlmvm%2F..%2F..%2Fusr%2Fshare%2Faclocal%2F..%2Flocale%2Fwen%2F..%2Fmwr%2F..%2Fkar%2F..%2Fchg%2F..%2Fbar%2F..%2Fpeo HTTP/1.1" 200 1569 "-" "Mozilla/5.0 AppleWebKit/537.36 (KHTML, like Gecko; compatible; ClaudeBot/1.0; +claudebot@anthropic.com)"
18.220.22.253 - - [29/Apr/2025:11:10:18 -0400] "GET /ad917/?path=%2Fhome%2Fservlmvm%2F..%2F..%2Fusr%2Fshare%2Faclocal%2F..%2Flocale%2Fhai%2F..%2Fcgg%2F..%2Fnso%2F..%2Fmad%2F..%2Fgoh%2F..%2Fwba HTTP/1.1" 200 1571 "-" "Mozilla/5.0 AppleWebKit/537.36 (KHTML, like Gecko; compatible; ClaudeBot/1.0; +claudebot@anthropic.com)"
198.54.116.86 - - [29/Apr/2025:11:10:21 -0400] "POST /wp-cron.php?doing_wp_cron=1745939421.0826759338378906250000 HTTP/1.1" 200 0 "-" "WordPress/6.8; https://servethepeopleinc.org"
52.167.144.199 - - [29/Apr/2025:11:10:20 -0400] "GET /item/63167176.shtml HTTP/1.1" 301 0 "-" "Mozilla/5.0 AppleWebKit/537.36 (KHTML, like Gecko; compatible; bingbot/2.0; +http://www.bing.com/bingbot.htm) Chrome/116.0.1938.76 Safari/537.36"
18.220.22.253 - - [29/Apr/2025:11:10:21 -0400] "GET /ad917/?path=%2Fhome%2Fservlmvm%2F..%2F..%2Fusr%2Fshare%2Faclocal%2F..%2Flocale%2Fwen%2F..%2Fmwr%2F..%2Fkar%2F..%2Fchg%2F..%2Fbar%2F..%2Fhi HTTP/1.1" 200 1572 "-" "Mozilla/5.0 AppleWebKit/537.36 (KHTML, like Gecko; compatible; ClaudeBot/1.0; +claudebot@anthropic.com)"
52.167.144.180 - - [29/Apr/2025:11:10:21 -0400] "GET /items/capybara22962324.shtml HTTP/1.1" 404 16940 "-" "Mozilla/5.0 AppleWebKit/537.36 (KHTML, like Gecko; compatible; bingbot/2.0; +http://www.bing.com/bingbot.htm) Chrome/116.0.1938.76 Safari/537.36"
52.167.144.191 - - [29/Apr/2025:11:12:49 -0400] "GET /shopbrand16650900.shtml HTTP/1.1" 301 0 "-" "Mozilla/5.0 AppleWebKit/537.36 (KHTML, like Gecko; compatible; bingbot/2.0; +http://www.bing.com/bingbot.htm) Chrome/116.0.1938.76 Safari/537.36"
13.58.172.13 - - [29/Apr/2025:11:12:51 -0400] "GET /ad917/?path=%2Fhome%2Fservlmvm%2F..%2F..%2Fusr%2Fshare%2Faclocal%2F..%2Flocale%2Fhai%2F..%2Fcgg%2F..%2Fnso%2F..%2Fks%2F..%2Ftai%2F..%2Fbal HTTP/1.1" 200 1571 "-" "Mozilla/5.0 AppleWebKit/537.36 (KHTML, like Gecko; compatible; ClaudeBot/1.0; +claudebot@anthropic.com)"
198.54.116.86 - - [29/Apr/2025:11:12:54 -0400] "POST /wp-cron.php?doing_wp_cron=1745939574.8750770092010498046875 HTTP/1.1" 200 0 "-" "WordPress/6.8; https://servethepeopleinc.org"
52.167.144.216 - - [29/Apr/2025:11:12:54 -0400] "GET /info/28715510.shtml HTTP/1.1" 301 0 "-" "Mozilla/5.0 AppleWebKit/537.36 (KHTML, like Gecko; compatible; bingbot/2.0; +http://www.bing.com/bingbot.htm) Chrome/116.0.1938.76 Safari/537.36"
13.58.172.13 - - [29/Apr/2025:11:12:54 -0400] "GET /ad917/?path=%2Fhome%2Fservlmvm%2F..%2F..%2Fusr%2Fshare%2Faclocal%2F..%2Flocale%2Fhai%2F..%2Fluo%2F..%2Fes_ES%2F..%2Ffr%2F..%2Fmo%2F..%2F.%2Fira HTTP/1.1" 200 1573 "-" "Mozilla/5.0 AppleWebKit/537.36 (KHTML, like Gecko; compatible; ClaudeBot/1.0; +claudebot@anthropic.com)"
198.54.116.86 - - [29/Apr/2025:11:12:55 -0400] "POST /wp-admin/admin-ajax.php?action=async_litespeed&nonce=fS3jhcgEvUpe93yyn4y6EUGsvWdlnxjM&litespeed_type=imgoptm HTTP/1.1" 200 21 "-" "WordPress/6.8; https://servethepeopleinc.org"
13.58.172.13 - - [29/Apr/2025:11:12:57 -0400] "GET /ad917/?path=%2Fhome%2Fservlmvm%2F..%2F..%2Fusr%2Fshare%2Faclocal%2F..%2Flocale%2Fhai%2F..%2Fcgg%2F..%2Fnso%2F..%2Fks%2F..%2Ftai%2F..%2Fkum HTTP/1.1" 200 1570 "-" "Mozilla/5.0 AppleWebKit/537.36 (KHTML, like Gecko; compatible; ClaudeBot/1.0; +claudebot@anthropic.com)"
13.58.172.13 - - [29/Apr/2025:11:13:00 -0400] "GET /ad917/?path=%2Fhome%2Fservlmvm%2F..%2F..%2Fusr%2Fshare%2Faclocal%2F..%2Flocale%2Fhai%2F..%2Fcgg%2F..%2Fnso%2F..%2Fks%2F..%2Fcv%2F..%2Ffr_CH HTTP/1.1" 200 1578 "-" "Mozilla/5.0 AppleWebKit/537.36 (KHTML, like Gecko; compatible; ClaudeBot/1.0; +claudebot@anthropic.com)"
13.58.172.13 - - [29/Apr/2025:11:13:03 -0400] "GET /ad917/?path=%2Fhome%2F.%2F..%2F..%2Fvar%2Flog%2F..%2Fsoftaculous%2Fespo%2F..%2Fvxgb%2F..%2Fdrupal9%2F.%2F.%2F..%2Ftypo8%2Ffileadmin.htaccess HTTP/1.1" 403 1242 "-" "Mozilla/5.0 AppleWebKit/537.36 (KHTML, like Gecko; compatible; ClaudeBot/1.0; +claudebot@anthropic.com)"
13.58.172.13 - - [29/Apr/2025:11:13:06 -0400] "GET /ad917/?path=%2Fhome%2Fservlmvm%2F..%2F..%2Fusr%2Fshare%2Faclocal%2F..%2Flocale%2Fraj%2F..%2Fcrp%2F..%2Fwen%2F..%2Fen_ZA%2F..%2Fth_TH%2F..%2Fes_GT HTTP/1.1" 200 1600 "-" "Mozilla/5.0 AppleWebKit/537.36 (KHTML, like Gecko; compatible; ClaudeBot/1.0; +claudebot@anthropic.com)"
13.58.172.13 - - [29/Apr/2025:11:13:09 -0400] "GET /ad917/?path=%2Fhome%2Fservlmvm%2F..%2F..%2Fusr%2Fshare%2Faclocal%2F..%2Flocale%2Fhai%2F..%2Fcgg%2F..%2Fnso%2F..%2Fmad%2F..%2Fgoh%2F..%2Fudm HTTP/1.1" 200 1571 "-" "Mozilla/5.0 AppleWebKit/537.36 (KHTML, like Gecko; compatible; ClaudeBot/1.0; +claudebot@anthropic.com)"
13.58.172.13 - - [29/Apr/2025:11:13:12 -0400] "GET /ad917/?path=%2Fhome%2Fservlmvm%2F..%2F..%2Fusr%2Fshare%2Faclocal%2F..%2Flocale%2Ffrr%2F..%2Fhne%2F..%2Fvot%2F..%2Fmdr%2F..%2Fdv%2F..%2Fsv HTTP/1.1" 200 1604 "-" "Mozilla/5.0 AppleWebKit/537.36 (KHTML, like Gecko; compatible; ClaudeBot/1.0; +claudebot@anthropic.com)"
13.58.172.13 - - [29/Apr/2025:11:13:15 -0400] "GET /ad917/?path=%2Fhome%2Fservlmvm%2F..%2F..%2Fusr%2Fshare%2Faclocal%2F..%2Flocale%2Fhai%2F..%2Fcgg%2F..%2Fnso%2F..%2Fmad%2F..%2Fgoh%2F..%2Fbem HTTP/1.1" 200 1573 "-" "Mozilla/5.0 AppleWebKit/537.36 (KHTML, like Gecko; compatible; ClaudeBot/1.0; +claudebot@anthropic.com)"
198.54.116.86 - - [29/Apr/2025:11:13:16 -0400] "POST /wp-cron.php?doing_wp_cron=1745939596.6621990203857421875000 HTTP/1.1" 200 0 "-" "WordPress/6.8; https://servethepeopleinc.org"
66.249.65.169 - - [29/Apr/2025:11:13:16 -0400] "GET /items/a/fastgrowingprenominal/114100438.shtml HTTP/1.1" 404 16951 "-" "Mozilla/5.0 (Linux; Android 6.0.1; Nexus 5X Build/MMB29P) AppleWebKit/537.36 (KHTML, like Gecko) Chrome/135.0.7049.95 Mobile Safari/537.36 (compatible; Googlebot/2.1; +http://www.google.com/bot.html)"
13.58.172.13 - - [29/Apr/2025:11:13:18 -0400] "GET /ad917/?path=%2Fhome%2Fservlmvm%2F..%2F..%2Fusr%2Fshare%2Faclocal%2F..%2Flocale%2Ffrr%2F..%2Fhne%2F..%2Fvot%2F..%2Fmdr%2F..%2Fdv%2F..%2Fnub HTTP/1.1" 200 1578 "-" "Mozilla/5.0 AppleWebKit/537.36 (KHTML, like Gecko; compatible; ClaudeBot/1.0; +claudebot@anthropic.com)"
52.167.144.177 - - [29/Apr/2025:11:13:21 -0400] "GET /detail74543138.shtml HTTP/1.1" 301 0 "-" "Mozilla/5.0 AppleWebKit/537.36 (KHTML, like Gecko; compatible; bingbot/2.0; +http://www.bing.com/bingbot.htm) Chrome/116.0.1938.76 Safari/537.36"
13.58.172.13 - - [29/Apr/2025:11:13:21 -0400] "GET /ad917/?path=%2Fhome%2Fservlmvm%2F..%2F..%2Fusr%2Fshare%2Faclocal%2F..%2Flocale%2Fhai%2F..%2Fluo%2F..%2Fes_ES%2F..%2Ffr%2F..%2Fmo%2F..%2F.%2Fshs HTTP/1.1" 200 1573 "-" "Mozilla/5.0 AppleWebKit/537.36 (KHTML, like Gecko; compatible; ClaudeBot/1.0; +claudebot@anthropic.com)"
13.58.172.13 - - [29/Apr/2025:11:13:24 -0400] "GET /ad917/?path=%2Fhome%2Fservlmvm%2F..%2F..%2Fusr%2Fshare%2Faclocal%2F..%2Flocale%2Ffrr%2F..%2Fhne%2F..%2Fvot%2F..%2Fmdr%2F..%2Fdv%2F..%2Fzxx HTTP/1.1" 200 1580 "-" "Mozilla/5.0 AppleWebKit/537.36 (KHTML, like Gecko; compatible; ClaudeBot/1.0; +claudebot@anthropic.com)"
13.58.172.13 - - [29/Apr/2025:11:13:27 -0400] "GET /ad917/?path=%2Fhome%2Fservlmvm%2F..%2F..%2Fvar%2Fsoftaculous%2Fosclassified%2F..%2Fplikli%2F..%2Fwintercms%2F..%2F.%2Fatutor%2Fedit.php HTTP/1.1" 200 4260 "-" "Mozilla/5.0 AppleWebKit/537.36 (KHTML, like Gecko; compatible; ClaudeBot/1.0; +claudebot@anthropic.com)"
52.167.144.216 - - [29/Apr/2025:11:13:29 -0400] "GET /products/kioway2374024.shtml HTTP/1.1" 301 0 "-" "Mozilla/5.0 AppleWebKit/537.36 (KHTML, like Gecko; compatible; bingbot/2.0; +http://www.bing.com/bingbot.htm) Chrome/116.0.1938.76 Safari/537.36"
13.58.172.13 - - [29/Apr/2025:11:13:30 -0400] "GET /ad917/?path=%2Fhome%2Fservlmvm%2F..%2F..%2Fusr%2Fshare%2Faclocal%2F..%2Flocale%2F.%2Fmap%2F..%2Fgon%2F..%2Fes_EC%2F..%2Fbej%2F..%2Fvi%2F..%2Fsk_SK%2F..%2Fdua HTTP/1.1" 200 1610 "-" "Mozilla/5.0 AppleWebKit/537.36 (KHTML, like Gecko; compatible; ClaudeBot/1.0; +claudebot@anthropic.com)"
13.58.172.13 - - [29/Apr/2025:11:13:33 -0400] "GET /ad917/?path=%2Fhome%2F.%2F..%2F..%2Fvar%2Flog%2F..%2Fsoftaculous%2Fespo%2F..%2Fvxgb%2F..%2Feengine%2F.%2F..%2Flaravel HTTP/1.1" 200 2150 "-" "Mozilla/5.0 AppleWebKit/537.36 (KHTML, like Gecko; compatible; ClaudeBot/1.0; +claudebot@anthropic.com)"
13.58.172.13 - - [29/Apr/2025:11:13:36 -0400] "GET /ad917/?path=%2Fhome%2Fservlmvm%2F..%2F..%2Fusr%2Fshare%2Faclocal%2F..%2Flocale%2Ffrr%2F..%2Fhne%2F..%2Fvot%2F..%2Fmdr%2F..%2Fdv%2F..%2Fmvo HTTP/1.1" 200 1576 "-" "Mozilla/5.0 AppleWebKit/537.36 (KHTML, like Gecko; compatible; ClaudeBot/1.0; +claudebot@anthropic.com)"
13.58.172.13 - - [29/Apr/2025:11:13:39 -0400] "GET /ad917/?path=%2Fhome%2Fservlmvm%2F..%2F..%2Fusr%2Fshare%2Faclocal%2F..%2Flocale%2F.%2Fmap%2F..%2Fgon%2F..%2Fes_EC%2F..%2Fbej%2F..%2Fvi%2F..%2Fsk_SK%2F..%2Fvi HTTP/1.1" 200 1626 "-" "Mozilla/5.0 AppleWebKit/537.36 (KHTML, like Gecko; compatible; ClaudeBot/1.0; +claudebot@anthropic.com)"
13.58.172.13 - - [29/Apr/2025:11:13:42 -0400] "GET /ad917/?path=%2Fhome%2Fservlmvm%2F..%2F..%2Fusr%2Fshare%2Faclocal%2F..%2Flocale%2Fhai%2F..%2Fcgg%2F..%2Fnso%2F..%2Fks%2F..%2Ftai%2F..%2Fmnk HTTP/1.1" 200 1573 "-" "Mozilla/5.0 AppleWebKit/537.36 (KHTML, like Gecko; compatible; ClaudeBot/1.0; +claudebot@anthropic.com)"
13.58.172.13 - - [29/Apr/2025:11:13:45 -0400] "GET /ad917/?path=%2Fhome%2Fservlmvm%2F..%2F..%2Fusr%2Fshare%2Faclocal%2F..%2Flocale%2Ffrr%2F..%2Fhne%2F..%2Fvot%2F..%2Fmdr%2F..%2Fdv%2F..%2Ffon HTTP/1.1" 200 1578 "-" "Mozilla/5.0 AppleWebKit/537.36 (KHTML, like Gecko; compatible; ClaudeBot/1.0; +claudebot@anthropic.com)"
13.58.172.13 - - [29/Apr/2025:11:13:48 -0400] "GET /ad917/?path=%2Fhome%2Fservlmvm%2F..%2F..%2Fvar%2Fsoftaculous%2Fosclassified%2F..%2Fplikli%2F..%2F.%2Flitecart%2F.%2Fphp82%2Fimport.php HTTP/1.1" 200 3684 "-" "Mozilla/5.0 AppleWebKit/537.36 (KHTML, like Gecko; compatible; ClaudeBot/1.0; +claudebot@anthropic.com)"
40.77.167.254 - - [29/Apr/2025:11:13:50 -0400] "GET /products/caeciliae6265334.shtml HTTP/1.1" 404 16940 "-" "Mozilla/5.0 AppleWebKit/537.36 (KHTML, like Gecko; compatible; bingbot/2.0; +http://www.bing.com/bingbot.htm) Chrome/116.0.1938.76 Safari/537.36"
13.58.172.13 - - [29/Apr/2025:11:13:51 -0400] "GET /ad917/?path=%2Fhome%2Fservlmvm%2F..%2F..%2Fusr%2Fshare%2Faclocal%2F..%2Flocale%2Fhai%2F..%2Fcgg%2F..%2Fnso%2F..%2Fks%2F..%2Ftai%2F..%2Fshn HTTP/1.1" 200 1573 "-" "Mozilla/5.0 AppleWebKit/537.36 (KHTML, like Gecko; compatible; ClaudeBot/1.0; +claudebot@anthropic.com)"
52.167.144.191 - - [29/Apr/2025:11:13:52 -0400] "GET /detail/46561620.shtml HTTP/1.1" 301 0 "-" "Mozilla/5.0 AppleWebKit/537.36 (KHTML, like Gecko; compatible; bingbot/2.0; +http://www.bing.com/bingbot.htm) Chrome/116.0.1938.76 Safari/537.36"
13.58.172.13 - - [29/Apr/2025:11:13:54 -0400] "GET /ad917/?path=%2Fhome%2Fservlmvm%2F..%2F..%2Fusr%2Fshare%2Faclocal%2F..%2Flocale%2Fwen%2F..%2Fmwr%2F..%2Fkar%2F..%2Fchg%2F..%2Fbar%2F..%2Fgay HTTP/1.1" 200 1572 "-" "Mozilla/5.0 AppleWebKit/537.36 (KHTML, like Gecko; compatible; ClaudeBot/1.0; +claudebot@anthropic.com)"
198.54.116.86 - - [29/Apr/2025:11:13:55 -0400] "POST /wp-cron.php?doing_wp_cron=1745939635.2175838947296142578125 HTTP/1.1" 200 0 "-" "WordPress/6.8; https://servethepeopleinc.org"
40.77.167.254 - - [29/Apr/2025:11:13:55 -0400] "GET /info21387806.shtml HTTP/1.1" 404 16940 "-" "Mozilla/5.0 AppleWebKit/537.36 (KHTML, like Gecko; compatible; bingbot/2.0; +http://www.bing.com/bingbot.htm) Chrome/116.0.1938.76 Safari/537.36"
198.54.116.86 - - [29/Apr/2025:11:13:55 -0400] "POST /wp-admin/admin-ajax.php?action=async_litespeed&nonce=d2kUTHeDyLDKZdH7fNdNW0AKSjOrPORj&litespeed_type=imgoptm HTTP/1.1" 200 21 "-" "WordPress/6.8; https://servethepeopleinc.org"
13.58.172.13 - - [29/Apr/2025:11:13:57 -0400] "GET /ad917/?path=%2Fhome%2Fservlmvm%2F..%2F..%2Fusr%2Fshare%2Faclocal%2F..%2Flocale%2Fhai%2F..%2Fcgg%2F..%2Fnso%2F..%2Fks%2F..%2Ftai%2F..%2Falt HTTP/1.1" 200 1573 "-" "Mozilla/5.0 AppleWebKit/537.36 (KHTML, like Gecko; compatible; ClaudeBot/1.0; +claudebot@anthropic.com)"
13.58.172.13 - - [29/Apr/2025:11:14:00 -0400] "GET /ad917/?path=%2Fhome%2Fservlmvm%2F..%2F..%2Fusr%2Fshare%2Faclocal%2F..%2Flocale%2F.%2Fmap%2F..%2Fgon%2F..%2Fes_EC%2F..%2Fbej%2F..%2Fvi%2F..%2Fsk_SK%2F..%2Fzu HTTP/1.1" 200 1605 "-" "Mozilla/5.0 AppleWebKit/537.36 (KHTML, like Gecko; compatible; ClaudeBot/1.0; +claudebot@anthropic.com)"
13.58.172.13 - - [29/Apr/2025:11:14:03 -0400] "GET /ad917/?path=%2Fhome%2Fservlmvm%2F..%2F..%2Fusr%2Fshare%2Faclocal%2F..%2Flocale%2Ffrr%2F..%2Fhne%2F..%2Fvot%2F..%2Fmdr%2F..%2Fdv%2F..%2Ffil HTTP/1.1" 200 1578 "-" "Mozilla/5.0 AppleWebKit/537.36 (KHTML, like Gecko; compatible; ClaudeBot/1.0; +claudebot@anthropic.com)"
13.58.172.13 - - [29/Apr/2025:11:14:06 -0400] "GET /ad917/?path=%2Fhome%2Fservlmvm%2F..%2F..%2Fusr%2Fshare%2Faclocal%2F..%2Flocale%2Fhai%2F..%2Fcgg%2F..%2Fnso%2F..%2Fks%2F..%2Ftai%2F..%2Ftsi HTTP/1.1" 200 1571 "-" "Mozilla/5.0 AppleWebKit/537.36 (KHTML, like Gecko; compatible; ClaudeBot/1.0; +claudebot@anthropic.com)"
13.58.172.13 - - [29/Apr/2025:11:14:09 -0400] "GET /ad917/?path=%2Fhome%2Fservlmvm%2F..%2F..%2Fusr%2Fshare%2Faclocal%2F..%2Flocale%2Fhai%2F..%2Fcgg%2F..%2Fnso%2F..%2Fks%2F..%2Ftai%2F..%2Fanp HTTP/1.1" 200 1573 "-" "Mozilla/5.0 AppleWebKit/537.36 (KHTML, like Gecko; compatible; ClaudeBot/1.0; +claudebot@anthropic.com)"
52.167.144.216 - - [29/Apr/2025:11:14:11 -0400] "GET /info/h/phosgenite51702820.shtml HTTP/1.1" 301 0 "-" "Mozilla/5.0 AppleWebKit/537.36 (KHTML, like Gecko; compatible; bingbot/2.0; +http://www.bing.com/bingbot.htm) Chrome/116.0.1938.76 Safari/537.36"
13.58.172.13 - - [29/Apr/2025:11:14:12 -0400] "GET /ad917/?path=%2Fhome%2Fservlmvm%2F..%2F..%2Fusr%2Fshare%2Faclocal%2F..%2Flocale%2F.%2Fmap%2F..%2Fgon%2F..%2Fes_EC%2F..%2Fbej%2F..%2Fvi%2F..%2Fsk_SK%2F..%2Fmin HTTP/1.1" 200 1608 "-" "Mozilla/5.0 AppleWebKit/537.36 (KHTML, like Gecko; compatible; ClaudeBot/1.0; +claudebot@anthropic.com)"
13.58.172.13 - - [29/Apr/2025:11:14:15 -0400] "GET /ad917/?path=%2Fhome%2Fservlmvm%2F..%2F..%2Fusr%2Fshare%2Faclocal%2F..%2Flocale%2F.%2Fmap%2F..%2Fgon%2F..%2Fes_EC%2F..%2Fbej%2F..%2Fvi%2F..%2Fsk_SK%2F..%2Fht HTTP/1.1" 200 1605 "-" "Mozilla/5.0 AppleWebKit/537.36 (KHTML, like Gecko; compatible; ClaudeBot/1.0; +claudebot@anthropic.com)"
13.58.172.13 - - [29/Apr/2025:11:14:18 -0400] "GET /ad917/?path=%2Fhome%2F.%2F..%2F..%2Fvar%2Flib%2F..%2Fsoftaculous%2Fmyadmin49%2F..%2Fmyt%2F..%2Fgedview%2F..%2Fhumogen%2F..%2Finvoice%2F.%2F..%2Fninja4 HTTP/1.1" 200 2229 "-" "Mozilla/5.0 AppleWebKit/537.36 (KHTML, like Gecko; compatible; ClaudeBot/1.0; +claudebot@anthropic.com)"
198.54.116.86 - - [29/Apr/2025:11:14:39 -0400] "POST /wp-cron.php?doing_wp_cron=1745939679.9156289100646972656250 HTTP/1.1" 200 0 "-" "WordPress/6.8; https://servethepeopleinc.org"
52.167.144.216 - - [29/Apr/2025:11:14:39 -0400] "GET /goods/xpm/ HTTP/1.1" 301 0 "-" "Mozilla/5.0 AppleWebKit/537.36 (KHTML, like Gecko; compatible; bingbot/2.0; +http://www.bing.com/bingbot.htm) Chrome/116.0.1938.76 Safari/537.36"
66.249.65.168 - - [29/Apr/2025:11:14:50 -0400] "GET /goodscode/m/grunt70493014.shtml HTTP/1.1" 404 16950 "-" "Mozilla/5.0 (Linux; Android 6.0.1; Nexus 5X Build/MMB29P) AppleWebKit/537.36 (KHTML, like Gecko) Chrome/135.0.7049.95 Mobile Safari/537.36 (compatible; GoogleOther)"
18.191.91.228 - - [29/Apr/2025:11:14:58 -0400] "GET /ad917/?path=%2Fhome%2Fservlmvm%2F..%2F..%2Fusr%2Fshare%2Faclocal%2F..%2Flocale%2Fhai%2F..%2Fluo%2F..%2Fes_ES%2F..%2Ffr%2F..%2Fmo%2F..%2F.%2Fbik HTTP/1.1" 200 1571 "-" "Mozilla/5.0 AppleWebKit/537.36 (KHTML, like Gecko; compatible; ClaudeBot/1.0; +claudebot@anthropic.com)"
18.191.91.228 - - [29/Apr/2025:11:15:01 -0400] "GET /ad917/?path=%2Fhome%2Fservlmvm%2F..%2F..%2Fusr%2Fshare%2Faclocal%2F..%2Flocale%2Fhai%2F..%2Fcgg%2F..%2Fnso%2F..%2Fks%2F..%2Ftai%2F..%2Feu HTTP/1.1" 200 1646 "-" "Mozilla/5.0 AppleWebKit/537.36 (KHTML, like Gecko; compatible; ClaudeBot/1.0; +claudebot@anthropic.com)"
198.54.116.86 - - [29/Apr/2025:11:15:01 -0400] "POST /wp-cron.php?doing_wp_cron=1745939701.3504910469055175781250 HTTP/1.1" 200 0 "-" "WordPress/6.8; https://servethepeopleinc.org"
52.167.144.216 - - [29/Apr/2025:11:15:01 -0400] "GET /entity/ge/ HTTP/1.1" 301 0 "-" "Mozilla/5.0 AppleWebKit/537.36 (KHTML, like Gecko; compatible; bingbot/2.0; +http://www.bing.com/bingbot.htm) Chrome/116.0.1938.76 Safari/537.36"
198.54.116.86 - - [29/Apr/2025:11:15:01 -0400] "POST /wp-admin/admin-ajax.php?action=async_litespeed&nonce=tdGEsTUXBKrG0UI9fvq2Ca7Cl7AkKZsD&litespeed_type=imgoptm HTTP/1.1" 200 21 "-" "WordPress/6.8; https://servethepeopleinc.org"
18.191.91.228 - - [29/Apr/2025:11:15:04 -0400] "GET /ad917/?path=%2Fhome%2Fservlmvm%2F..%2F..%2Fusr%2Fshare%2Faclocal%2F..%2Flocale%2F.%2Fmap%2F..%2Fgon%2F..%2Fes_EC%2F..%2Fbej%2F..%2Fvi%2F..%2Fsk_SK%2F..%2Fmen HTTP/1.1" 200 1607 "-" "Mozilla/5.0 AppleWebKit/537.36 (KHTML, like Gecko; compatible; ClaudeBot/1.0; +claudebot@anthropic.com)"
18.191.91.228 - - [29/Apr/2025:11:15:07 -0400] "GET /ad917/?path=%2Fhome%2Fservlmvm%2F..%2F..%2Fusr%2Fshare%2Faclocal%2F..%2Flocale%2Fhai%2F..%2Fcgg%2F..%2Fnso%2F..%2Fks%2F..%2Fcv%2F..%2Fzh-Hans HTTP/1.1" 200 1580 "-" "Mozilla/5.0 AppleWebKit/537.36 (KHTML, like Gecko; compatible; ClaudeBot/1.0; +claudebot@anthropic.com)"
18.191.91.228 - - [29/Apr/2025:11:15:10 -0400] "GET /ad917/?path=%2Fhome%2F.%2F..%2F..%2Fvar%2Flib%2F..%2Fsoftaculous%2Fmyadmin49%2F..%2Fagora%2F..%2Fpagekit%2F..%2Ffiyo%2F..%2Fwp%2F_index.php HTTP/1.1" 200 1101 "-" "Mozilla/5.0 AppleWebKit/537.36 (KHTML, like Gecko; compatible; ClaudeBot/1.0; +claudebot@anthropic.com)"
18.191.91.228 - - [29/Apr/2025:11:15:13 -0400] "GET /ad917/?path=%2Fhome%2Fservlmvm%2F..%2F..%2Fusr%2Fshare%2Faclocal%2F..%2Flocale%2F.%2Fmap%2F..%2Fgon%2F..%2Fes_EC%2F..%2Fbej%2F..%2Fvi%2F..%2Fsk_SK%2F..%2Fale HTTP/1.1" 200 1603 "-" "Mozilla/5.0 AppleWebKit/537.36 (KHTML, like Gecko; compatible; ClaudeBot/1.0; +claudebot@anthropic.com)"
18.191.91.228 - - [29/Apr/2025:11:15:16 -0400] "GET /ad917/?path=%2Fhome%2F.%2F..%2F..%2Fvar%2Flib%2F..%2Fsoftaculous%2Fmyadmin49%2F..%2Fhelpdeskz%2F.%2F..%2Fslims%2F..%2F.%2Finstantcms%2Fphp81 HTTP/1.1" 200 1686 "-" "Mozilla/5.0 AppleWebKit/537.36 (KHTML, like Gecko; compatible; ClaudeBot/1.0; +claudebot@anthropic.com)"
18.191.91.228 - - [29/Apr/2025:11:15:19 -0400] "GET /ad917/?path=%2Fhome%2Fservlmvm%2F..%2F..%2Fvar%2Fsoftaculous%2Fosclassified%2F..%2Fplikli%2F..%2Fdomainmod%2F..%2Fpresta14%2F..%2Fdoku HTTP/1.1" 200 2230 "-" "Mozilla/5.0 AppleWebKit/537.36 (KHTML, like Gecko; compatible; ClaudeBot/1.0; +claudebot@anthropic.com)"
198.54.116.86 - - [29/Apr/2025:11:15:20 -0400] "POST /wp-cron.php?doing_wp_cron=1745939720.9630229473114013671875 HTTP/1.1" 200 0 "-" "WordPress/6.8; https://servethepeopleinc.org"
52.167.144.189 - - [29/Apr/2025:11:15:18 -0400] "GET /special/aukward/6888084.shtml HTTP/1.1" 301 0 "-" "Mozilla/5.0 AppleWebKit/537.36 (KHTML, like Gecko; compatible; bingbot/2.0; +http://www.bing.com/bingbot.htm) Chrome/116.0.1938.76 Safari/537.36"
52.167.144.166 - - [29/Apr/2025:11:15:21 -0400] "GET /detail40430066.shtml HTTP/1.1" 404 16941 "-" "Mozilla/5.0 AppleWebKit/537.36 (KHTML, like Gecko; compatible; bingbot/2.0; +http://www.bing.com/bingbot.htm) Chrome/116.0.1938.76 Safari/537.36"
18.191.91.228 - - [29/Apr/2025:11:15:22 -0400] "GET /ad917/?path=%2Fhome%2Fservlmvm%2F..%2F..%2Fusr%2Fshare%2Faclocal%2F..%2Flocale%2Froa%2F..%2Fraj%2F..%2Fkhi%2F..%2Fgv%2F..%2Fmak%2F..%2F..%2Faclocal HTTP/1.1" 200 3066 "-" "Mozilla/5.0 AppleWebKit/537.36 (KHTML, like Gecko; compatible; ClaudeBot/1.0; +claudebot@anthropic.com)"
52.167.144.189 - - [29/Apr/2025:11:15:22 -0400] "GET /goodscode/75676084.shtml HTTP/1.1" 301 0 "-" "Mozilla/5.0 AppleWebKit/537.36 (KHTML, like Gecko; compatible; bingbot/2.0; +http://www.bing.com/bingbot.htm) Chrome/116.0.1938.76 Safari/537.36"
18.191.91.228 - - [29/Apr/2025:11:15:25 -0400] "GET /ad917/?path=%2Fhome%2Fservlmvm%2F..%2F..%2Fusr%2Fshare%2Faclocal%2F..%2Flocale%2Fwen%2F..%2Fmwr%2F..%2Fkar%2F..%2Fchg%2F..%2Fbar%2F..%2Fsk.cp1250 HTTP/1.1" 200 1588 "-" "Mozilla/5.0 AppleWebKit/537.36 (KHTML, like Gecko; compatible; ClaudeBot/1.0; +claudebot@anthropic.com)"
20.212.251.69 - - [29/Apr/2025:11:15:25 -0400] "POST /xmlrpc.php HTTP/1.1" 200 210 "-" "Mozilla/5.0 (Windows NT 10.0; Win64; x64; rv:97.0) Gecko/20100101 Firefox/97.0"
18.191.91.228 - - [29/Apr/2025:11:15:28 -0400] "GET /ad917/?path=%2Fhome%2F.%2F..%2F..%2Fvar%2Flog%2F..%2Fsoftaculous%2Fespo%2F..%2Fvxgb%2F..%2Fdrupal9%2F.%2F.%2F..%2Fmoodle30%2Fedit.php HTTP/1.1" 200 4507 "-" "Mozilla/5.0 AppleWebKit/537.36 (KHTML, like Gecko; compatible; ClaudeBot/1.0; +claudebot@anthropic.com)"
18.191.91.228 - - [29/Apr/2025:11:15:31 -0400] "GET /ad917/?path=%2Fhome%2Fservlmvm%2F..%2F..%2Fusr%2Fshare%2Faclocal%2F..%2Flocale%2F.%2Fmap%2F..%2Fgon%2F..%2Fes_EC%2F..%2Fbej%2F..%2Fvi%2F..%2Fsk_SK%2F..%2Fkmb HTTP/1.1" 200 1611 "-" "Mozilla/5.0 AppleWebKit/537.36 (KHTML, like Gecko; compatible; ClaudeBot/1.0; +claudebot@anthropic.com)"
