3.147.61.19 - - [29/Apr/2025:12:16:10 -0400] "GET /ad917/?path=%2Fhome%2Fservlmvm%2F..%2F..%2Fusr%2Fshare%2Faclocal%2F..%2Fawk%2F..%2FGeoIP%2F..%2Flocale%2Fid%2F..%2Fcv%2F..%2Fegy%2F..%2Fmwr%2F..%2Flah HTTP/1.1" 200 1597 "-" "Mozilla/5.0 AppleWebKit/537.36 (KHTML, like Gecko; compatible; ClaudeBot/1.0; +claudebot@anthropic.com)"
3.147.61.19 - - [29/Apr/2025:12:16:13 -0400] "GET /ad917/?path=%2Fhome%2Fservlmvm%2F..%2F..%2Fusr%2Fshare%2Faclocal%2F..%2Flocale%2Fnon%2F.%2F..%2Fchg%2F..%2Fua%2F..%2Feo%2F..%2Fhi%2F..%2Fkg%2F..%2Fven%2F..%2Finc HTTP/1.1" 200 1604 "-" "Mozilla/5.0 AppleWebKit/537.36 (KHTML, like Gecko; compatible; ClaudeBot/1.0; +claudebot@anthropic.com)"
3.147.61.19 - - [29/Apr/2025:12:16:16 -0400] "GET /ad917/?path=%2Fhome%2Fservlmvm%2F..%2F..%2Fusr%2Fshare%2Faclocal%2F..%2Flocale%2Froa%2F..%2Fraj%2F..%2Fkhi%2F..%2Fgv%2F..%2F..%2Flocale%2F.%2Fwak HTTP/1.1" 200 1589 "-" "Mozilla/5.0 AppleWebKit/537.36 (KHTML, like Gecko; compatible; ClaudeBot/1.0; +claudebot@anthropic.com)"
3.147.61.19 - - [29/Apr/2025:12:16:19 -0400] "GET /ad917/?path=%2Fhome%2F.%2F..%2F..%2Fvar%2Flib%2F..%2Fsoftaculous%2Fmyadmin49%2F..%2Fagora%2F..%2Ftwg%2F..%2Fless%2F..%2F.%2Fapprain%2Ffileindex.php HTTP/1.1" 200 1109 "-" "Mozilla/5.0 AppleWebKit/537.36 (KHTML, like Gecko; compatible; ClaudeBot/1.0; +claudebot@anthropic.com)"
3.147.61.19 - - [29/Apr/2025:12:16:22 -0400] "GET /ad917/?path=%2Fhome%2Fservlmvm%2F..%2F..%2Fusr%2Fshare%2Faclocal%2F..%2Flocale%2Froa%2F..%2Fraj%2F..%2Fkhi%2F..%2Fgv%2F..%2F..%2Flocale%2F.%2Fmus HTTP/1.1" 200 1587 "-" "Mozilla/5.0 AppleWebKit/537.36 (KHTML, like Gecko; compatible; ClaudeBot/1.0; +claudebot@anthropic.com)"
3.147.61.19 - - [29/Apr/2025:12:16:25 -0400] "GET /ad917/?path=%2Fhome%2Fservlmvm%2F..%2F..%2Fusr%2Fshare%2Faclocal%2F..%2Flocale%2Froa%2F..%2Fraj%2F..%2Fkhi%2F..%2Fgv%2F..%2F..%2Flocale%2F.%2Ffon HTTP/1.1" 200 1587 "-" "Mozilla/5.0 AppleWebKit/537.36 (KHTML, like Gecko; compatible; ClaudeBot/1.0; +claudebot@anthropic.com)"
198.54.116.86 - - [29/Apr/2025:12:16:26 -0400] "POST /wp-cron.php?doing_wp_cron=1745943386.9704909324645996093750 HTTP/1.1" 200 0 "-" "WordPress/6.8; https://servethepeopleinc.org"
52.167.144.177 - - [29/Apr/2025:12:16:26 -0400] "GET /detail/somewhither/32237398.shtml HTTP/1.1" 404 16950 "-" "Mozilla/5.0 AppleWebKit/537.36 (KHTML, like Gecko; compatible; bingbot/2.0; +http://www.bing.com/bingbot.htm) Chrome/116.0.1938.76 Safari/537.36"
3.147.61.19 - - [29/Apr/2025:12:16:28 -0400] "GET /ad917/?path=%2Fhome%2Fservlmvm%2F..%2F..%2Fusr%2Fshare%2Faclocal%2F..%2Flocale%2Froa%2F..%2Fraj%2F..%2Fkhi%2F..%2Fgv%2F..%2F..%2Flocale%2Fhu_HU%2F.. HTTP/1.1" 200 13634 "-" "Mozilla/5.0 AppleWebKit/537.36 (KHTML, like Gecko; compatible; ClaudeBot/1.0; +claudebot@anthropic.com)"
52.167.144.177 - - [29/Apr/2025:12:16:29 -0400] "GET /info/preyer38248202.shtml HTTP/1.1" 404 16943 "-" "Mozilla/5.0 AppleWebKit/537.36 (KHTML, like Gecko; compatible; bingbot/2.0; +http://www.bing.com/bingbot.htm) Chrome/116.0.1938.76 Safari/537.36"
3.147.61.19 - - [29/Apr/2025:12:16:31 -0400] "GET /ad917/?path=%2Fhome%2Fservlmvm%2F..%2F..%2Fusr%2Fshare%2Faclocal%2F..%2Flocale%2Fnon%2F.%2F..%2Fsal%2F..%2Ffr%2F.%2F..%2Fes_SV%2F..%2Farc HTTP/1.1" 200 1574 "-" "Mozilla/5.0 AppleWebKit/537.36 (KHTML, like Gecko; compatible; ClaudeBot/1.0; +claudebot@anthropic.com)"
52.167.144.195 - - [29/Apr/2025:12:16:31 -0400] "GET /product102190682.shtml HTTP/1.1" 404 16941 "-" "Mozilla/5.0 AppleWebKit/537.36 (KHTML, like Gecko; compatible; bingbot/2.0; +http://www.bing.com/bingbot.htm) Chrome/116.0.1938.76 Safari/537.36"
3.147.61.19 - - [29/Apr/2025:12:16:34 -0400] "GET /ad917/?path=%2Fhome%2F.%2F..%2F..%2Fvar%2Flib%2F..%2Fsoftaculous%2Fmyadmin49%2F..%2Fmyt%2F..%2F.%2Focart23%2F..%2Fossn%2F..%2Ftwg%2F..%2Fmt%2Fhome.html HTTP/1.1" 200 3285 "-" "Mozilla/5.0 AppleWebKit/537.36 (KHTML, like Gecko; compatible; ClaudeBot/1.0; +claudebot@anthropic.com)"
52.167.144.195 - - [29/Apr/2025:12:16:36 -0400] "GET /items/d/congregationalist111871868.shtml HTTP/1.1" 404 16953 "-" "Mozilla/5.0 AppleWebKit/537.36 (KHTML, like Gecko; compatible; bingbot/2.0; +http://www.bing.com/bingbot.htm) Chrome/116.0.1938.76 Safari/537.36"
3.147.61.19 - - [29/Apr/2025:12:16:37 -0400] "GET /ad917/?path=%2Fhome%2Fservlmvm%2F..%2F..%2Fusr%2Fshare%2Faclocal%2F..%2Flocale%2Fnon%2F.%2F..%2Fchg%2F..%2Fua%2F..%2Feo%2F..%2Fhi%2F..%2Fkg%2F..%2Fven%2F..%2Fee HTTP/1.1" 200 1600 "-" "Mozilla/5.0 AppleWebKit/537.36 (KHTML, like Gecko; compatible; ClaudeBot/1.0; +claudebot@anthropic.com)"
3.147.61.19 - - [29/Apr/2025:12:16:40 -0400] "GET /ad917/?path=%2Fhome%2Fservlmvm%2F..%2F..%2Fusr%2Fshare%2Faclocal%2F..%2Flocale%2Froa%2F..%2Fraj%2F..%2Fkhi%2F..%2Fgv%2F..%2F..%2Flocale%2F.%2Fnub HTTP/1.1" 200 1588 "-" "Mozilla/5.0 AppleWebKit/537.36 (KHTML, like Gecko; compatible; ClaudeBot/1.0; +claudebot@anthropic.com)"
3.147.61.19 - - [29/Apr/2025:12:16:43 -0400] "GET /ad917/?path=%2Fhome%2Fservlmvm%2F..%2F..%2Fusr%2Fshare%2Faclocal%2F..%2Fawk%2F..%2FGeoIP%2F..%2Flocale%2Fid%2F..%2Fcv%2F..%2Fwba%2F..%2Fmwr%2F..%2Ftut HTTP/1.1" 200 1598 "-" "Mozilla/5.0 AppleWebKit/537.36 (KHTML, like Gecko; compatible; ClaudeBot/1.0; +claudebot@anthropic.com)"
52.167.144.204 - - [29/Apr/2025:12:16:46 -0400] "GET /special/vqe/hippotomy/52113936.shtml HTTP/1.1" 301 0 "-" "Mozilla/5.0 AppleWebKit/537.36 (KHTML, like Gecko; compatible; bingbot/2.0; +http://www.bing.com/bingbot.htm) Chrome/116.0.1938.76 Safari/537.36"
3.147.61.19 - - [29/Apr/2025:12:16:46 -0400] "GET /ad917/?path=%2Fhome%2Fservlmvm%2F..%2F..%2Fusr%2Fshare%2Faclocal%2F..%2Flocale%2Fnon%2F.%2F..%2Fchg%2F..%2Fsel%2F..%2Fur_PK%2F..%2Fang%2F. HTTP/1.1" 200 1574 "-" "Mozilla/5.0 AppleWebKit/537.36 (KHTML, like Gecko; compatible; ClaudeBot/1.0; +claudebot@anthropic.com)"
3.147.61.19 - - [29/Apr/2025:12:16:49 -0400] "GET /ad917/?path=%2Fhome%2F.%2F..%2F..%2Fvar%2Flib%2F..%2Fsoftaculous%2Fmyadmin49%2F..%2Fagora%2F..%2Ftwg%2F..%2Fless%2F..%2F.%2Fstripe%2Finstall.php HTTP/1.1" 200 8856 "-" "Mozilla/5.0 AppleWebKit/537.36 (KHTML, like Gecko; compatible; ClaudeBot/1.0; +claudebot@anthropic.com)"
3.147.61.19 - - [29/Apr/2025:12:16:52 -0400] "GET /ad917/?path=%2Fhome%2Fservlmvm%2F..%2F..%2Fusr%2Fshare%2Faclocal%2F..%2Flocale%2F.%2Fmap%2F..%2Fzxx%2F..%2Fkg%2F..%2Fsq%2F..%2Ftr%2F. HTTP/1.1" 200 1640 "-" "Mozilla/5.0 AppleWebKit/537.36 (KHTML, like Gecko; compatible; ClaudeBot/1.0; +claudebot@anthropic.com)"
3.147.61.19 - - [29/Apr/2025:12:16:55 -0400] "GET /ad917/?path=%2Fhome%2Fservlmvm%2F..%2F..%2Fusr%2Fshare%2Faclocal%2F..%2Flocale%2Fnon%2F.%2F..%2Fchg%2F..%2Fua%2F..%2Feo%2F..%2Fhi%2F..%2Fkg%2F..%2Fven%2F..%2Faym HTTP/1.1" 200 1605 "-" "Mozilla/5.0 AppleWebKit/537.36 (KHTML, like Gecko; compatible; ClaudeBot/1.0; +claudebot@anthropic.com)"
198.54.116.86 - - [29/Apr/2025:12:16:56 -0400] "POST /wp-cron.php?doing_wp_cron=1745943416.2612109184265136718750 HTTP/1.1" 200 0 "-" "WordPress/6.8; https://servethepeopleinc.org"
52.167.144.204 - - [29/Apr/2025:12:16:56 -0400] "GET /products52603766.shtml HTTP/1.1" 301 0 "-" "Mozilla/5.0 AppleWebKit/537.36 (KHTML, like Gecko; compatible; bingbot/2.0; +http://www.bing.com/bingbot.htm) Chrome/116.0.1938.76 Safari/537.36"
198.54.116.86 - - [29/Apr/2025:12:16:56 -0400] "POST /wp-admin/admin-ajax.php?action=async_litespeed&nonce=R50hEgEONXLkkxxtbOGVPXc9eXRh9vR5&litespeed_type=imgoptm HTTP/1.1" 200 21 "-" "WordPress/6.8; https://servethepeopleinc.org"
3.147.61.19 - - [29/Apr/2025:12:16:58 -0400] "GET /ad917/?path=%2Fhome%2Fservlmvm%2F..%2F..%2Fusr%2Fshare%2Faclocal%2F..%2Flocale%2Fnon%2F.%2F..%2Fit_IT%2F..%2Faz_IR%2F..%2Fng%2F..%2Fang%2F. HTTP/1.1" 200 1563 "-" "Mozilla/5.0 AppleWebKit/537.36 (KHTML, like Gecko; compatible; ClaudeBot/1.0; +claudebot@anthropic.com)"
3.147.61.19 - - [29/Apr/2025:12:17:01 -0400] "GET /ad917/?path=%2Fhome%2Fservlmvm%2F..%2F..%2Fusr%2Fshare%2Faclocal%2F..%2Flocale%2Fnon%2F.%2F..%2Fchg%2F..%2Fua%2F..%2Feo%2F..%2Fhi%2F..%2Fkg%2F..%2Fven%2F..%2Fsog HTTP/1.1" 200 1604 "-" "Mozilla/5.0 AppleWebKit/537.36 (KHTML, like Gecko; compatible; ClaudeBot/1.0; +claudebot@anthropic.com)"
52.167.144.204 - - [29/Apr/2025:12:17:04 -0400] "GET /items/ve/countervailing/10299072.shtml HTTP/1.1" 301 0 "-" "Mozilla/5.0 AppleWebKit/537.36 (KHTML, like Gecko; compatible; bingbot/2.0; +http://www.bing.com/bingbot.htm) Chrome/116.0.1938.76 Safari/537.36"
66.249.65.169 - - [29/Apr/2025:12:17:04 -0400] "GET /detail/a/electrodynamics/16369778.shtml HTTP/1.1" 404 16951 "-" "Mozilla/5.0 (Linux; Android 6.0.1; Nexus 5X Build/MMB29P) AppleWebKit/537.36 (KHTML, like Gecko) Chrome/135.0.7049.95 Mobile Safari/537.36 (compatible; GoogleOther)"
3.147.61.19 - - [29/Apr/2025:12:17:04 -0400] "GET /ad917/?path=%2Fhome%2F.%2F..%2F..%2Fvar%2Flib%2F..%2Fsoftaculous%2Fmyadmin49%2F..%2Fagora%2F..%2Ftwg%2F..%2Fless%2F..%2F.%2Fless%2Ffileindex.php HTTP/1.1" 200 1054 "-" "Mozilla/5.0 AppleWebKit/537.36 (KHTML, like Gecko; compatible; ClaudeBot/1.0; +claudebot@anthropic.com)"
66.249.65.168 - - [29/Apr/2025:12:17:06 -0400] "GET /detail/odinism/88237880.shtml HTTP/1.1" 404 16950 "-" "Mozilla/5.0 (compatible; Googlebot/2.1; +http://www.google.com/bot.html)"
3.147.61.19 - - [29/Apr/2025:12:17:07 -0400] "GET /ad917/?path=%2Fhome%2Fservlmvm%2F..%2F..%2Fusr%2Fshare%2Faclocal%2F..%2Flocale%2Fnon%2F.%2F..%2Fchg%2F..%2Fua%2F..%2Feo%2F..%2Fhi%2F..%2Fkg%2F..%2Fven%2F..%2Fgor HTTP/1.1" 200 1606 "-" "Mozilla/5.0 AppleWebKit/537.36 (KHTML, like Gecko; compatible; ClaudeBot/1.0; +claudebot@anthropic.com)"
3.147.61.19 - - [29/Apr/2025:12:17:10 -0400] "GET /ad917/?path=%2Fhome%2Fservlmvm%2F..%2F..%2Fusr%2Fshare%2Faclocal%2F..%2Fawk%2F..%2FGeoIP%2F..%2Flocale%2Fid%2F..%2Fcv%2F..%2Fwba%2F..%2Fmwr%2F..%2Flah HTTP/1.1" 200 1596 "-" "Mozilla/5.0 AppleWebKit/537.36 (KHTML, like Gecko; compatible; ClaudeBot/1.0; +claudebot@anthropic.com)"
3.147.61.19 - - [29/Apr/2025:12:17:13 -0400] "GET /ad917/?path=%2Fhome%2Fservlmvm%2F..%2F..%2Fusr%2Fshare%2Faclocal%2F..%2Fawk%2F..%2FGeoIP%2F..%2Flocale%2Fid%2F..%2Fcv%2F..%2Fwba%2F..%2Fmwr%2F..%2Fsog HTTP/1.1" 200 1598 "-" "Mozilla/5.0 AppleWebKit/537.36 (KHTML, like Gecko; compatible; ClaudeBot/1.0; +claudebot@anthropic.com)"
66.249.65.168 - - [29/Apr/2025:12:17:15 -0400] "GET /detail/odinism/88237880.shtml HTTP/1.1" 404 16950 "-" "Mozilla/5.0 (Linux; Android 6.0.1; Nexus 5X Build/MMB29P) AppleWebKit/537.36 (KHTML, like Gecko) Chrome/135.0.7049.95 Mobile Safari/537.36 (compatible; Googlebot/2.1; +http://www.google.com/bot.html)"
3.147.61.19 - - [29/Apr/2025:12:17:16 -0400] "GET /ad917/?path=%2Fhome%2Fservlmvm%2F..%2F..%2Fusr%2Fshare%2Faclocal%2F..%2Flocale%2Froa%2F..%2Fraj%2F..%2Fkhi%2F..%2Fgv%2F..%2F..%2Flocale%2F.%2Ffj HTTP/1.1" 200 1575 "-" "Mozilla/5.0 AppleWebKit/537.36 (KHTML, like Gecko; compatible; ClaudeBot/1.0; +claudebot@anthropic.com)"
198.54.116.86 - - [29/Apr/2025:12:17:18 -0400] "POST /wp-cron.php?doing_wp_cron=1745943438.9183800220489501953125 HTTP/1.1" 200 0 "-" "WordPress/6.8; https://servethepeopleinc.org"
52.167.144.195 - - [29/Apr/2025:12:17:18 -0400] "GET /item103263930.shtml HTTP/1.1" 404 16938 "-" "Mozilla/5.0 AppleWebKit/537.36 (KHTML, like Gecko; compatible; bingbot/2.0; +http://www.bing.com/bingbot.htm) Chrome/116.0.1938.76 Safari/537.36"
3.147.61.19 - - [29/Apr/2025:12:17:19 -0400] "GET /ad917/?path=%2Fhome%2F.%2F..%2F..%2Fvar%2Flib%2F..%2Fsoftaculous%2Fmyadmin49%2F..%2Fagora%2F..%2Ftwg%2F..%2Fless%2F..%2F.%2Fstripe%2Fclone.php HTTP/1.1" 200 8196 "-" "Mozilla/5.0 AppleWebKit/537.36 (KHTML, like Gecko; compatible; ClaudeBot/1.0; +claudebot@anthropic.com)"
3.147.61.19 - - [29/Apr/2025:12:17:22 -0400] "GET /ad917/?path=%2Fhome%2Fservlmvm%2F..%2F..%2Fusr%2Fshare%2Faclocal%2F..%2Flocale%2Fnon%2F.%2F..%2Fchg%2F..%2Fgv%2F..%2Fmyn%2F..%2For_IN%2F. HTTP/1.1" 200 1569 "-" "Mozilla/5.0 AppleWebKit/537.36 (KHTML, like Gecko; compatible; ClaudeBot/1.0; +claudebot@anthropic.com)"
3.147.61.19 - - [29/Apr/2025:12:17:25 -0400] "GET /ad917/?path=%2Fhome%2F.%2F..%2F..%2Fvar%2Flib%2F..%2Fsoftaculous%2Fmyadmin49%2F..%2Fagora%2F..%2Ftwg%2F..%2Fless%2F..%2F.%2Fiwp%2Fphp81 HTTP/1.1" 200 1728 "-" "Mozilla/5.0 AppleWebKit/537.36 (KHTML, like Gecko; compatible; ClaudeBot/1.0; +claudebot@anthropic.com)"
40.77.167.18 - - [29/Apr/2025:12:17:27 -0400] "GET /special/surance/2909236.shtml HTTP/1.1" 301 0 "-" "Mozilla/5.0 AppleWebKit/537.36 (KHTML, like Gecko; compatible; bingbot/2.0; +http://www.bing.com/bingbot.htm) Chrome/116.0.1938.76 Safari/537.36"
3.147.61.19 - - [29/Apr/2025:12:17:28 -0400] "GET /ad917/?path=%2Fhome%2Fservlmvm%2F..%2F..%2Fusr%2Fshare%2Faclocal%2F..%2Flocale%2Froa%2F..%2Fraj%2F..%2Fkhi%2F..%2Fgv%2F..%2F..%2Flocale%2F.%2Fkw HTTP/1.1" 200 1575 "-" "Mozilla/5.0 AppleWebKit/537.36 (KHTML, like Gecko; compatible; ClaudeBot/1.0; +claudebot@anthropic.com)"
3.147.61.19 - - [29/Apr/2025:12:17:31 -0400] "GET /ad917/?path=%2Fhome%2F.%2F..%2F..%2Fvar%2Flib%2F..%2Fsoftaculous%2Fmyadmin49%2F..%2Fagora%2F..%2Ftwg%2F..%2Fless%2F..%2F.%2Fstripe%2Fphp71 HTTP/1.1" 200 1731 "-" "Mozilla/5.0 AppleWebKit/537.36 (KHTML, like Gecko; compatible; ClaudeBot/1.0; +claudebot@anthropic.com)"
3.147.61.19 - - [29/Apr/2025:12:17:34 -0400] "GET /ad917/?path=%2Fhome%2Fservlmvm%2F..%2F..%2Fusr%2Fshare%2Faclocal%2F..%2Flocale%2Fnon%2F.%2F..%2Fchg%2F..%2Fua%2F..%2Feo%2F..%2Fhi%2F..%2Fkg%2F..%2Fven%2F..%2Fpi HTTP/1.1" 200 1601 "-" "Mozilla/5.0 AppleWebKit/537.36 (KHTML, like Gecko; compatible; ClaudeBot/1.0; +claudebot@anthropic.com)"
3.147.61.19 - - [29/Apr/2025:12:17:37 -0400] "GET /ad917/?path=%2Fhome%2F.%2F..%2F..%2Fvar%2Flib%2F..%2Fsoftaculous%2Fmyadmin49%2F..%2Fagora%2F..%2Fpagekit%2F..%2Ffiyo%2F..%2Fmicroweber%2Finstall.js HTTP/1.1" 200 1424 "-" "Mozilla/5.0 AppleWebKit/537.36 (KHTML, like Gecko; compatible; ClaudeBot/1.0; +claudebot@anthropic.com)"
3.147.61.19 - - [29/Apr/2025:12:17:40 -0400] "GET /ad917/?path=%2Fhome%2Fservlmvm%2F..%2F..%2Fusr%2Fshare%2Faclocal%2F..%2Flocale%2Fnon%2F.%2F..%2Fsal%2F..%2Ffr%2F.%2F..%2Fes_SV%2F..%2Fki HTTP/1.1" 200 1566 "-" "Mozilla/5.0 AppleWebKit/537.36 (KHTML, like Gecko; compatible; ClaudeBot/1.0; +claudebot@anthropic.com)"
3.147.61.19 - - [29/Apr/2025:12:17:43 -0400] "GET /ad917/?path=%2Fhome%2Fservlmvm%2F..%2F..%2Fusr%2Fshare%2Faclocal%2F..%2Flocale%2Froa%2F..%2Fraj%2F..%2Fkhi%2F..%2Fgv%2F..%2F..%2Flocale%2F.%2Fzxx HTTP/1.1" 200 1590 "-" "Mozilla/5.0 AppleWebKit/537.36 (KHTML, like Gecko; compatible; ClaudeBot/1.0; +claudebot@anthropic.com)"
52.167.144.195 - - [29/Apr/2025:12:17:46 -0400] "GET /info/wja/apostrophize2594046.shtml HTTP/1.1" 404 16950 "-" "Mozilla/5.0 AppleWebKit/537.36 (KHTML, like Gecko; compatible; bingbot/2.0; +http://www.bing.com/bingbot.htm) Chrome/116.0.1938.76 Safari/537.36"
198.54.116.86 - - [29/Apr/2025:12:17:55 -0400] "POST /wp-cron.php?doing_wp_cron=1745943475.3688249588012695312500 HTTP/1.1" 200 0 "-" "WordPress/6.8; https://servethepeopleinc.org"
40.77.167.25 - - [29/Apr/2025:12:17:55 -0400] "GET /shopbrand/75784648.shtml HTTP/1.1" 301 0 "-" "Mozilla/5.0 AppleWebKit/537.36 (KHTML, like Gecko; compatible; bingbot/2.0; +http://www.bing.com/bingbot.htm) Chrome/116.0.1938.76 Safari/537.36"
198.54.116.86 - - [29/Apr/2025:12:17:55 -0400] "POST /wp-admin/admin-ajax.php?action=async_litespeed&nonce=0p2rgxI1URxgdlg9WWI8016TIgxaSukb&litespeed_type=imgoptm HTTP/1.1" 200 21 "-" "WordPress/6.8; https://servethepeopleinc.org"
66.249.65.168 - - [29/Apr/2025:12:17:59 -0400] "GET /goods/gpe/argilliferous13569066.shtml HTTP/1.1" 404 16948 "-" "Mozilla/5.0 (compatible; Googlebot/2.1; +http://www.google.com/bot.html)"
66.249.65.170 - - [29/Apr/2025:12:18:11 -0400] "GET /goods/gpe/argilliferous13569066.shtml HTTP/1.1" 404 16950 "-" "Mozilla/5.0 (Linux; Android 6.0.1; Nexus 5X Build/MMB29P) AppleWebKit/537.36 (KHTML, like Gecko) Chrome/135.0.7049.95 Mobile Safari/537.36 (compatible; Googlebot/2.1; +http://www.google.com/bot.html)"
3.16.125.156 - - [29/Apr/2025:12:18:18 -0400] "GET /ad917/?path=%2Fhome%2Fservlmvm%2F..%2F..%2Fusr%2Fshare%2Faclocal%2F..%2Fawk%2F..%2FGeoIP%2F..%2Flocale%2Fid%2F..%2Fcv%2F..%2Fegy%2F..%2Fmwr%2F..%2Fmi HTTP/1.1" 200 1604 "-" "Mozilla/5.0 AppleWebKit/537.36 (KHTML, like Gecko; compatible; ClaudeBot/1.0; +claudebot@anthropic.com)"
3.16.125.156 - - [29/Apr/2025:12:18:21 -0400] "GET /ad917/?path=%2Fhome%2F.%2F..%2F..%2Fvar%2Flib%2F..%2Fsoftaculous%2Fmyadmin49%2F..%2Fmyt%2F..%2F.%2Focart23%2F..%2Ftiki24%2F..%2Fespo%2F..%2Fsymfony2 HTTP/1.1" 200 1972 "-" "Mozilla/5.0 AppleWebKit/537.36 (KHTML, like Gecko; compatible; ClaudeBot/1.0; +claudebot@anthropic.com)"
3.16.125.156 - - [29/Apr/2025:12:18:24 -0400] "GET /ad917/?path=%2Fhome%2Fservlmvm%2F..%2F..%2Fusr%2Fshare%2Faclocal%2F..%2Flocale%2Fnon%2F.%2F..%2Fsal%2F..%2Ffr%2F.%2F..%2Fes_SV%2F..%2Fcv HTTP/1.1" 200 1568 "-" "Mozilla/5.0 AppleWebKit/537.36 (KHTML, like Gecko; compatible; ClaudeBot/1.0; +claudebot@anthropic.com)"
3.16.125.156 - - [29/Apr/2025:12:18:27 -0400] "GET /ad917/?path=%2Fhome%2Fservlmvm%2F..%2F..%2Fusr%2Fshare%2Faclocal%2F..%2Flocale%2Fnon%2F.%2F..%2Fchg%2F..%2Fua%2F..%2Feo%2F..%2Fhi%2F..%2Fkg%2F..%2Fven%2F..%2Fnew HTTP/1.1" 200 1611 "-" "Mozilla/5.0 AppleWebKit/537.36 (KHTML, like Gecko; compatible; ClaudeBot/1.0; +claudebot@anthropic.com)"
3.16.125.156 - - [29/Apr/2025:12:18:30 -0400] "GET /ad917/?path=%2Fhome%2Fservlmvm%2F..%2F..%2Fusr%2Fshare%2Faclocal%2F..%2Flocale%2F.%2Fmap%2F..%2Fzxx%2F..%2Fkg%2F..%2Fsq%2F..%2Fsid%2F. HTTP/1.1" 200 1571 "-" "Mozilla/5.0 AppleWebKit/537.36 (KHTML, like Gecko; compatible; ClaudeBot/1.0; +claudebot@anthropic.com)"
198.54.116.86 - - [29/Apr/2025:12:18:31 -0400] "POST /wp-cron.php?doing_wp_cron=1745943511.6560859680175781250000 HTTP/1.1" 200 0 "-" "WordPress/6.8; https://servethepeopleinc.org"
143.208.45.116 - - [29/Apr/2025:12:18:31 -0400] "POST /xmlrpc.php HTTP/1.1" 200 210 "-" "Mozilla/5.0 (Windows NT 10.0; Win64; x64; rv:99.0) Gecko/20100101 Firefox/99.0"
3.16.125.156 - - [29/Apr/2025:12:18:33 -0400] "GET /ad917/?path=%2Fhome%2Fservlmvm%2F..%2F..%2Fvar%2Fsoftaculous%2Fosclassified%2F..%2Focart4%2F.%2F.%2F.%2F..%2Fmt%2F..%2Felkarte%2F..%2Flaravel%2Fphp81 HTTP/1.1" 200 1717 "-" "Mozilla/5.0 AppleWebKit/537.36 (KHTML, like Gecko; compatible; ClaudeBot/1.0; +claudebot@anthropic.com)"
40.77.167.18 - - [29/Apr/2025:12:18:34 -0400] "GET /products/uui/mesophloeum/75670538.shtml HTTP/1.1" 301 0 "-" "Mozilla/5.0 AppleWebKit/537.36 (KHTML, like Gecko; compatible; bingbot/2.0; +http://www.bing.com/bingbot.htm) Chrome/116.0.1938.76 Safari/537.36"
3.16.125.156 - - [29/Apr/2025:12:18:36 -0400] "GET /ad917/?path=%2Fhome%2Fservlmvm%2F..%2F..%2Fvar%2Fsoftaculous%2Fosclassified%2F..%2Focart4%2F.%2F.%2F.%2F..%2Fsavsoft%2F..%2F.%2Foscom%2F.%2Fphp81 HTTP/1.1" 200 1730 "-" "Mozilla/5.0 AppleWebKit/537.36 (KHTML, like Gecko; compatible; ClaudeBot/1.0; +claudebot@anthropic.com)"
52.167.144.204 - - [29/Apr/2025:12:18:38 -0400] "GET /shopdetail/a/wellinformed/ HTTP/1.1" 301 0 "-" "Mozilla/5.0 AppleWebKit/537.36 (KHTML, like Gecko; compatible; bingbot/2.0; +http://www.bing.com/bingbot.htm) Chrome/116.0.1938.76 Safari/537.36"
3.16.125.156 - - [29/Apr/2025:12:18:39 -0400] "GET /ad917/?path=%2Fhome%2Fservlmvm%2F..%2F..%2Fusr%2Fshare%2Faclocal%2F..%2Fawk%2F..%2FGeoIP%2F..%2Flocale%2Fid%2F..%2Fcv%2F..%2Fegy%2F..%2Fmwr%2F..%2Fzu HTTP/1.1" 200 1607 "-" "Mozilla/5.0 AppleWebKit/537.36 (KHTML, like Gecko; compatible; ClaudeBot/1.0; +claudebot@anthropic.com)"
3.16.125.156 - - [29/Apr/2025:12:18:42 -0400] "GET /ad917/?path=%2Fhome%2Fservlmvm%2F..%2F..%2Fusr%2Fshare%2Faclocal%2F..%2Flocale%2Fnon%2F.%2F..%2Fchg%2F..%2Fua%2F..%2Feo%2F..%2Fhi%2F..%2Fkg%2F..%2Fven%2F..%2Face HTTP/1.1" 200 1611 "-" "Mozilla/5.0 AppleWebKit/537.36 (KHTML, like Gecko; compatible; ClaudeBot/1.0; +claudebot@anthropic.com)"
66.249.65.168 - - [29/Apr/2025:12:18:43 -0400] "GET /shopdetail/2275790.shtml HTTP/1.1" 404 16941 "-" "Mozilla/5.0 (Linux; Android 6.0.1; Nexus 5X Build/MMB29P) AppleWebKit/537.36 (KHTML, like Gecko) Chrome/135.0.7049.95 Mobile Safari/537.36 (compatible; Googlebot/2.1; +http://www.google.com/bot.html)"
3.16.125.156 - - [29/Apr/2025:12:18:45 -0400] "GET /ad917/?path=%2Fhome%2Fservlmvm%2F..%2F..%2Fusr%2Fshare%2Faclocal%2F..%2Fawk%2F..%2FGeoIP%2F..%2Flocale%2Fid%2F..%2Fcv%2F..%2Fegy%2F..%2Fmwr%2F..%2Fmin HTTP/1.1" 200 1595 "-" "Mozilla/5.0 AppleWebKit/537.36 (KHTML, like Gecko; compatible; ClaudeBot/1.0; +claudebot@anthropic.com)"
3.16.125.156 - - [29/Apr/2025:12:18:48 -0400] "GET /ad917/?path=%2Fhome%2Fservlmvm%2F..%2F..%2Fusr%2Fshare%2Faclocal%2F..%2Flocale%2Fnon%2F.%2F..%2Fchg%2F..%2Fua%2F..%2Feo%2F..%2Fhi%2F..%2Fkg%2F..%2Fven%2F..%2Fcpe HTTP/1.1" 200 1612 "-" "Mozilla/5.0 AppleWebKit/537.36 (KHTML, like Gecko; compatible; ClaudeBot/1.0; +claudebot@anthropic.com)"
3.16.125.156 - - [29/Apr/2025:12:18:51 -0400] "GET /ad917/?path=%2Fhome%2Fservlmvm%2F..%2F..%2Fusr%2Fshare%2Faclocal%2F..%2Flocale%2Fnon%2F.%2F..%2Fchg%2F..%2Fsel%2F..%2Fur_PK%2F..%2Fgom%2F. HTTP/1.1" 200 1570 "-" "Mozilla/5.0 AppleWebKit/537.36 (KHTML, like Gecko; compatible; ClaudeBot/1.0; +claudebot@anthropic.com)"
3.16.125.156 - - [29/Apr/2025:12:18:54 -0400] "GET /ad917/?path=%2Fhome%2Fservlmvm%2F..%2F..%2Fusr%2Fshare%2Faclocal%2F..%2Flocale%2Fnon%2F.%2F..%2Fchg%2F..%2Fua%2F..%2Feo%2F..%2Fhi%2F..%2Fkg%2F..%2Fven%2F..%2Fgon HTTP/1.1" 200 1611 "-" "Mozilla/5.0 AppleWebKit/537.36 (KHTML, like Gecko; compatible; ClaudeBot/1.0; +claudebot@anthropic.com)"
3.16.125.156 - - [29/Apr/2025:12:18:57 -0400] "GET /ad917/?path=%2Fhome%2Fservlmvm%2F..%2F..%2Fusr%2Fshare%2Faclocal%2F..%2Fawk%2F..%2FGeoIP%2F..%2Flocale%2Fid%2F..%2Fcv%2F..%2Fegy%2F..%2Fmwr%2F..%2Fku HTTP/1.1" 200 1606 "-" "Mozilla/5.0 AppleWebKit/537.36 (KHTML, like Gecko; compatible; ClaudeBot/1.0; +claudebot@anthropic.com)"
3.16.125.156 - - [29/Apr/2025:12:19:00 -0400] "GET /ad917/?path=%2Fhome%2Fservlmvm%2F..%2F..%2Fusr%2Fshare%2Faclocal%2F..%2Flocale%2F.%2Fmap%2F..%2Fzxx%2F..%2Fkg%2F..%2Fsq%2F..%2Fsr%40ijekavianlatin%2F. HTTP/1.1" 200 1587 "-" "Mozilla/5.0 AppleWebKit/537.36 (KHTML, like Gecko; compatible; ClaudeBot/1.0; +claudebot@anthropic.com)"
3.16.125.156 - - [29/Apr/2025:12:19:03 -0400] "GET /ad917/?path=%2Fhome%2Fservlmvm%2F..%2F..%2Fusr%2Fshare%2Faclocal%2F..%2Flocale%2Fnon%2F.%2F..%2Fchg%2F..%2Fua%2F..%2Feo%2F..%2Fhi%2F..%2Fkg%2F..%2Fven%2F..%2Fmkh HTTP/1.1" 200 1611 "-" "Mozilla/5.0 AppleWebKit/537.36 (KHTML, like Gecko; compatible; ClaudeBot/1.0; +claudebot@anthropic.com)"
3.16.125.156 - - [29/Apr/2025:12:19:06 -0400] "GET /ad917/?path=%2Fhome%2Fservlmvm%2F..%2F..%2Fusr%2Fshare%2Faclocal%2F..%2Flocale%2Fnon%2F.%2F..%2Fchg%2F..%2Fgv%2F..%2Fmyn%2F..%2Fnyn%2F. HTTP/1.1" 200 1569 "-" "Mozilla/5.0 AppleWebKit/537.36 (KHTML, like Gecko; compatible; ClaudeBot/1.0; +claudebot@anthropic.com)"
198.54.116.86 - - [29/Apr/2025:12:19:08 -0400] "POST /wp-cron.php?doing_wp_cron=1745943548.2504909038543701171875 HTTP/1.1" 200 0 "-" "WordPress/6.8; https://servethepeopleinc.org"
52.167.144.225 - - [29/Apr/2025:12:19:08 -0400] "GET /info55456612.shtml HTTP/1.1" 404 16941 "-" "Mozilla/5.0 AppleWebKit/537.36 (KHTML, like Gecko; compatible; bingbot/2.0; +http://www.bing.com/bingbot.htm) Chrome/116.0.1938.76 Safari/537.36"
198.54.116.86 - - [29/Apr/2025:12:19:08 -0400] "POST /wp-admin/admin-ajax.php?action=async_litespeed&nonce=ZvqjKkR5cCMLSXMc8bKQCHFjABxGC11Z&litespeed_type=imgoptm HTTP/1.1" 200 21 "-" "WordPress/6.8; https://servethepeopleinc.org"
3.16.125.156 - - [29/Apr/2025:12:19:09 -0400] "GET /ad917/?path=%2Fhome%2Fservlmvm%2F..%2F..%2Fusr%2Fshare%2Faclocal%2F..%2Flocale%2Fnon%2F.%2F..%2Fit_IT%2F..%2Faz_IR%2F..%2Fng%2F..%2Fgom%2F. HTTP/1.1" 200 1568 "-" "Mozilla/5.0 AppleWebKit/537.36 (KHTML, like Gecko; compatible; ClaudeBot/1.0; +claudebot@anthropic.com)"
40.77.167.25 - - [29/Apr/2025:12:19:09 -0400] "GET /shopbrand/zs/branny114934760.shtml HTTP/1.1" 301 0 "-" "Mozilla/5.0 AppleWebKit/537.36 (KHTML, like Gecko; compatible; bingbot/2.0; +http://www.bing.com/bingbot.htm) Chrome/116.0.1938.76 Safari/537.36"
3.16.125.156 - - [29/Apr/2025:12:19:12 -0400] "GET /ad917/?path=%2Fhome%2Fservlmvm%2F..%2F..%2Fusr%2Fshare%2Faclocal%2F..%2Flocale%2Fnon%2F.%2F..%2Fchg%2F..%2Fua%2F..%2Feo%2F..%2Fhi%2F..%2Fkg%2F..%2Fven%2F..%2Fdra HTTP/1.1" 200 1609 "-" "Mozilla/5.0 AppleWebKit/537.36 (KHTML, like Gecko; compatible; ClaudeBot/1.0; +claudebot@anthropic.com)"
3.16.125.156 - - [29/Apr/2025:12:19:15 -0400] "GET /ad917/?path=%2Fhome%2Fservlmvm%2F..%2F..%2Fusr%2Fshare%2Faclocal%2F..%2Flocale%2Fnon%2F.%2F..%2Fsal%2F..%2Ffr%2F.%2F..%2Fes_SV%2F..%2Fmak HTTP/1.1" 200 1575 "-" "Mozilla/5.0 AppleWebKit/537.36 (KHTML, like Gecko; compatible; ClaudeBot/1.0; +claudebot@anthropic.com)"
3.16.125.156 - - [29/Apr/2025:12:19:18 -0400] "GET /ad917/?path=%2Fhome%2Fservlmvm%2F..%2F..%2Fusr%2Fshare%2Faclocal%2F..%2Fawk%2F..%2FGeoIP%2F..%2Flocale%2Fid%2F..%2Fcv%2F..%2Fegy%2F..%2Fmwr%2F..%2Fmy_MM HTTP/1.1" 200 1594 "-" "Mozilla/5.0 AppleWebKit/537.36 (KHTML, like Gecko; compatible; ClaudeBot/1.0; +claudebot@anthropic.com)"
3.16.125.156 - - [29/Apr/2025:12:19:21 -0400] "GET /ad917/?path=%2Fhome%2Fservlmvm%2F..%2F..%2Fusr%2Fshare%2Faclocal%2F..%2Flocale%2Fnon%2F.%2F..%2Fchg%2F..%2Fua%2F..%2Feo%2F..%2Fhi%2F..%2Fkg%2F..%2Fven%2F..%2Ftpi HTTP/1.1" 200 1614 "-" "Mozilla/5.0 AppleWebKit/537.36 (KHTML, like Gecko; compatible; ClaudeBot/1.0; +claudebot@anthropic.com)"
3.16.125.156 - - [29/Apr/2025:12:19:24 -0400] "GET /ad917/?path=%2Fhome%2Fservlmvm%2Fwww%2F..%2Fpuppiesoftexas.com%2F..%2Fmail%2F.sabina%40servethepeopleinc_org%2F.Sent HTTP/1.1" 200 1688 "-" "Mozilla/5.0 AppleWebKit/537.36 (KHTML, like Gecko; compatible; ClaudeBot/1.0; +claudebot@anthropic.com)"
3.16.125.156 - - [29/Apr/2025:12:19:27 -0400] "GET /ad917/?path=%2Fhome%2Fservlmvm%2F..%2F..%2Fusr%2Fshare%2Faclocal%2F..%2Fawk%2F..%2FGeoIP%2F..%2Flocale%2Fid%2F..%2Fcv%2F..%2Fegy%2F..%2Fmwr%2F..%2Fscn HTTP/1.1" 200 1596 "-" "Mozilla/5.0 AppleWebKit/537.36 (KHTML, like Gecko; compatible; ClaudeBot/1.0; +claudebot@anthropic.com)"
3.16.125.156 - - [29/Apr/2025:12:19:30 -0400] "GET /ad917/?path=%2Fhome%2Fservlmvm%2F..%2F..%2Fusr%2Fshare%2Faclocal%2F..%2Flocale%2Fnon%2F.%2F..%2Fchg%2F..%2Fua%2F..%2Feo%2F..%2Fhi%2F..%2Fkg%2F..%2Fven%2F..%2Fha HTTP/1.1" 200 1599 "-" "Mozilla/5.0 AppleWebKit/537.36 (KHTML, like Gecko; compatible; ClaudeBot/1.0; +claudebot@anthropic.com)"
3.16.125.156 - - [29/Apr/2025:12:19:33 -0400] "GET /ad917/?path=%2Fhome%2Fservlmvm%2F..%2F..%2Fusr%2Fshare%2Faclocal%2F..%2Fawk%2F..%2FGeoIP%2F..%2Flocale%2Fid%2F..%2Fcv%2F..%2Fegy%2F..%2Fmwr%2F..%2Fdua HTTP/1.1" 200 1597 "-" "Mozilla/5.0 AppleWebKit/537.36 (KHTML, like Gecko; compatible; ClaudeBot/1.0; +claudebot@anthropic.com)"
3.16.125.156 - - [29/Apr/2025:12:19:36 -0400] "GET /ad917/?path=%2Fhome%2Fservlmvm%2F..%2F..%2Fusr%2Fshare%2Faclocal%2F..%2Flocale%2Fraj%2F..%2Flt%2F.%2F..%2Fzgh%2F..%2Fpra%2F..%2Fzh-Hant%2F..%2Fbm HTTP/1.1" 200 1581 "-" "Mozilla/5.0 AppleWebKit/537.36 (KHTML, like Gecko; compatible; ClaudeBot/1.0; +claudebot@anthropic.com)"
3.16.125.156 - - [29/Apr/2025:12:19:39 -0400] "GET /ad917/?path=%2Fhome%2Fservlmvm%2F..%2F..%2Fusr%2Fshare%2Faclocal%2F..%2Flocale%2Fnon%2F.%2F..%2Fchg%2F..%2Fua%2F..%2Feo%2F..%2Fhi%2F..%2Fkg%2F..%2Fven%2F..%2Fijo HTTP/1.1" 200 1610 "-" "Mozilla/5.0 AppleWebKit/537.36 (KHTML, like Gecko; compatible; ClaudeBot/1.0; +claudebot@anthropic.com)"
3.16.125.156 - - [29/Apr/2025:12:19:42 -0400] "GET /ad917/?path=%2Fhome%2Fservlmvm%2F..%2F..%2Fusr%2Fshare%2Faclocal%2F..%2Flocale%2Fnon%2F.%2F..%2Fchg%2F..%2Fua%2F..%2Feo%2F..%2Fhi%2F..%2Fkg%2F..%2Fven%2F..%2Fksw HTTP/1.1" 200 1611 "-" "Mozilla/5.0 AppleWebKit/537.36 (KHTML, like Gecko; compatible; ClaudeBot/1.0; +claudebot@anthropic.com)"
198.54.116.86 - - [29/Apr/2025:12:19:44 -0400] "POST /wp-cron.php?doing_wp_cron=1745943584.9144690036773681640625 HTTP/1.1" 200 0 "-" "WordPress/6.8; https://servethepeopleinc.org"
52.167.144.225 - - [29/Apr/2025:12:19:44 -0400] "GET /special79871966.shtml HTTP/1.1" 404 16941 "-" "Mozilla/5.0 AppleWebKit/537.36 (KHTML, like Gecko; compatible; bingbot/2.0; +http://www.bing.com/bingbot.htm) Chrome/116.0.1938.76 Safari/537.36"
3.16.125.156 - - [29/Apr/2025:12:19:45 -0400] "GET /ad917/?path=%2Fhome%2Fservlmvm%2F..%2F..%2Fusr%2Fshare%2Faclocal%2F..%2Fawk%2F..%2FGeoIP%2F..%2Flocale%2Fid%2F..%2Fcv%2F..%2Fwba%2F..%2Fmwr%2F..%2Fvi HTTP/1.1" 200 1671 "-" "Mozilla/5.0 AppleWebKit/537.36 (KHTML, like Gecko; compatible; ClaudeBot/1.0; +claudebot@anthropic.com)"
3.16.125.156 - - [29/Apr/2025:12:19:48 -0400] "GET /ad917/?path=%2Fhome%2Fservlmvm%2F..%2F..%2Fusr%2Fshare%2Faclocal%2F..%2Flocale%2F.%2Fmap%2F..%2Fzxx%2F..%2Fkg%2F..%2Fsq%2F..%2Ffr_CH%2FLC_MESSAGES HTTP/1.1" 200 1568 "-" "Mozilla/5.0 AppleWebKit/537.36 (KHTML, like Gecko; compatible; ClaudeBot/1.0; +claudebot@anthropic.com)"
3.16.125.156 - - [29/Apr/2025:12:19:51 -0400] "GET /ad917/?path=%2Fhome%2Fservlmvm%2F..%2F..%2Fusr%2Fshare%2Faclocal%2F..%2Fawk%2F..%2FGeoIP%2F..%2Flocale%2Fid%2F..%2Fcv%2F..%2Fwba%2F..%2Fmwr%2F..%2Fmi HTTP/1.1" 200 1603 "-" "Mozilla/5.0 AppleWebKit/537.36 (KHTML, like Gecko; compatible; ClaudeBot/1.0; +claudebot@anthropic.com)"
3.16.125.156 - - [29/Apr/2025:12:19:54 -0400] "GET /ad917/?path=%2Fhome%2Fservlmvm%2F..%2F..%2Fusr%2Fshare%2Faclocal%2F..%2Flocale%2Fnon%2F.%2F..%2Fchg%2F..%2Fua%2F..%2Feo%2F..%2Fhi%2F..%2Fkg%2F..%2Fven%2F..%2Fdin HTTP/1.1" 200 1610 "-" "Mozilla/5.0 AppleWebKit/537.36 (KHTML, like Gecko; compatible; ClaudeBot/1.0; +claudebot@anthropic.com)"
198.54.116.86 - - [29/Apr/2025:12:19:55 -0400] "POST /wp-cron.php?doing_wp_cron=1745943595.1140389442443847656250 HTTP/1.1" 200 0 "-" "WordPress/6.8; https://servethepeopleinc.org"
40.77.167.18 - - [29/Apr/2025:12:19:54 -0400] "GET /special/52700928.shtml HTTP/1.1" 301 0 "-" "Mozilla/5.0 AppleWebKit/537.36 (KHTML, like Gecko; compatible; bingbot/2.0; +http://www.bing.com/bingbot.htm) Chrome/116.0.1938.76 Safari/537.36"
198.54.116.86 - - [29/Apr/2025:12:19:55 -0400] "POST /wp-admin/admin-ajax.php?action=async_litespeed&nonce=PLGRp12WcZAbX8a8iVJDpiNYCpg1b41V&litespeed_type=imgoptm HTTP/1.1" 200 21 "-" "WordPress/6.8; https://servethepeopleinc.org"
3.16.125.156 - - [29/Apr/2025:12:19:57 -0400] "GET /ad917/?path=%2Fhome%2Fservlmvm%2F..%2F..%2Fusr%2Fshare%2Faclocal%2F..%2Flocale%2Fnon%2F.%2F..%2Fchg%2F..%2Fua%2F..%2Feo%2F..%2Fhi%2F..%2Fkg%2F..%2Fven%2F..%2Fine HTTP/1.1" 200 1611 "-" "Mozilla/5.0 AppleWebKit/537.36 (KHTML, like Gecko; compatible; ClaudeBot/1.0; +claudebot@anthropic.com)"
3.16.125.156 - - [29/Apr/2025:12:20:00 -0400] "GET /ad917/?path=%2Fhome%2Fservlmvm%2F..%2F..%2Fusr%2Fshare%2Faclocal%2F..%2Fawk%2F..%2FGeoIP%2F..%2Flocale%2Fid%2F..%2Fcv%2F..%2Fwba%2F..%2Fmwr%2F..%2Feu_ES HTTP/1.1" 200 1593 "-" "Mozilla/5.0 AppleWebKit/537.36 (KHTML, like Gecko; compatible; ClaudeBot/1.0; +claudebot@anthropic.com)"
3.16.125.156 - - [29/Apr/2025:12:20:03 -0400] "GET /ad917/?path=%2Fhome%2Fservlmvm%2F..%2F..%2Fusr%2Fshare%2Faclocal%2F..%2Flocale%2Fnon%2F.%2F..%2Fchg%2F..%2Fua%2F..%2Feo%2F..%2Fhi%2F..%2Fkg%2F..%2Fven%2F..%2Fab HTTP/1.1" 200 1599 "-" "Mozilla/5.0 AppleWebKit/537.36 (KHTML, like Gecko; compatible; ClaudeBot/1.0; +claudebot@anthropic.com)"
3.16.125.156 - - [29/Apr/2025:12:20:06 -0400] "GET /ad917/?path=%2Fhome%2Fservlmvm%2F..%2F..%2Fusr%2Fshare%2Faclocal%2F..%2Fawk%2F..%2FGeoIP%2F..%2Flocale%2Fid%2F..%2Fcv%2F..%2Fwba%2F..%2Fmwr%2F..%2Fzu HTTP/1.1" 200 1605 "-" "Mozilla/5.0 AppleWebKit/537.36 (KHTML, like Gecko; compatible; ClaudeBot/1.0; +claudebot@anthropic.com)"
40.77.167.25 - - [29/Apr/2025:12:20:06 -0400] "GET /shopdetail/tenderloin75691250.shtml HTTP/1.1" 301 0 "-" "Mozilla/5.0 AppleWebKit/537.36 (KHTML, like Gecko; compatible; bingbot/2.0; +http://www.bing.com/bingbot.htm) Chrome/116.0.1938.76 Safari/537.36"
3.16.125.156 - - [29/Apr/2025:12:20:09 -0400] "GET /ad917/?path=%2Fhome%2Fservlmvm%2F..%2F..%2Fusr%2Fshare%2Faclocal%2F..%2Flocale%2Froa%2F..%2Fraj%2F..%2Fkhi%2F..%2Fgv%2F..%2F..%2Flocale%2F.%2Fsmj HTTP/1.1" 200 1597 "-" "Mozilla/5.0 AppleWebKit/537.36 (KHTML, like Gecko; compatible; ClaudeBot/1.0; +claudebot@anthropic.com)"
141.94.69.185 - - [29/Apr/2025:12:20:11 -0400] "POST /xmlrpc.php HTTP/1.1" 200 210 "-" "Mozilla/5.0 (Windows NT 10.0; Win64; x64; rv:53.0) Gecko/20100101 Firefox/53.0"
3.16.125.156 - - [29/Apr/2025:12:20:12 -0400] "GET /ad917/?path=%2Fhome%2Fservlmvm%2F..%2F..%2Fusr%2Fshare%2Faclocal%2F..%2Flocale%2Fnon%2F.%2F..%2Fsal%2F..%2Ffr%2F.%2F..%2Fes_SV%2F..%2Fgom HTTP/1.1" 200 1575 "-" "Mozilla/5.0 AppleWebKit/537.36 (KHTML, like Gecko; compatible; ClaudeBot/1.0; +claudebot@anthropic.com)"
3.16.125.156 - - [29/Apr/2025:12:20:15 -0400] "GET /ad917/?path=%2Fhome%2Fservlmvm%2F..%2F..%2Fusr%2Fshare%2Faclocal%2F..%2Flocale%2Fnon%2F.%2F..%2Fchg%2F..%2Fua%2F..%2Feo%2F..%2Fhi%2F..%2Fkg%2F..%2Fven%2F..%2Fhim HTTP/1.1" 200 1611 "-" "Mozilla/5.0 AppleWebKit/537.36 (KHTML, like Gecko; compatible; ClaudeBot/1.0; +claudebot@anthropic.com)"
52.167.144.146 - - [29/Apr/2025:12:20:15 -0400] "GET /items/paraguensis20709608.shtml HTTP/1.1" 404 16941 "-" "Mozilla/5.0 AppleWebKit/537.36 (KHTML, like Gecko; compatible; bingbot/2.0; +http://www.bing.com/bingbot.htm) Chrome/116.0.1938.76 Safari/537.36"
198.54.116.86 - - [29/Apr/2025:12:20:25 -0400] "POST /wp-cron.php?doing_wp_cron=1745943625.6371209621429443359375 HTTP/1.1" 200 0 "-" "WordPress/6.8; https://servethepeopleinc.org"
52.167.144.204 - - [29/Apr/2025:12:20:25 -0400] "GET /items/callithump52206466.shtml HTTP/1.1" 301 0 "-" "Mozilla/5.0 AppleWebKit/537.36 (KHTML, like Gecko; compatible; bingbot/2.0; +http://www.bing.com/bingbot.htm) Chrome/116.0.1938.76 Safari/537.36"
40.77.167.126 - - [29/Apr/2025:12:20:26 -0400] "GET /detail17704596.shtml HTTP/1.1" 404 16940 "-" "Mozilla/5.0 AppleWebKit/537.36 (KHTML, like Gecko; compatible; bingbot/2.0; +http://www.bing.com/bingbot.htm) Chrome/116.0.1938.76 Safari/537.36"
66.249.65.169 - - [29/Apr/2025:12:20:27 -0400] "GET /info/lively/109260564.shtml HTTP/1.1" 404 16949 "-" "Mozilla/5.0 (compatible; Googlebot/2.1; +http://www.google.com/bot.html)"
139.162.214.218 - - [29/Apr/2025:12:20:42 -0400] "POST /xmlrpc.php HTTP/1.1" 200 210 "-" "Mozilla/5.0 (Windows NT 10.0; Win64; x64; rv:79.0) Gecko/20100101 Firefox/79.0"
18.220.182.171 - - [29/Apr/2025:12:20:51 -0400] "GET /ad917/?path=%2Fhome%2Fservlmvm%2F..%2F..%2Fusr%2Fshare%2Faclocal%2F..%2Flocale%2Fnon%2F.%2F..%2Fsal%2F..%2Ffr%2F.%2F..%2Fes_SV%2F..%2Fth HTTP/1.1" 200 1564 "-" "Mozilla/5.0 AppleWebKit/537.36 (KHTML, like Gecko; compatible; ClaudeBot/1.0; +claudebot@anthropic.com)"
18.220.182.171 - - [29/Apr/2025:12:20:54 -0400] "GET /ad917/?path=%2Fhome%2Fservlmvm%2F..%2F..%2Fusr%2Fshare%2Faclocal%2F..%2Fawk%2F..%2FGeoIP%2F..%2Flocale%2Fid%2F..%2Fcv%2F..%2Fwba%2F..%2Fmwr%2F..%2Fmn HTTP/1.1" 200 1596 "-" "Mozilla/5.0 AppleWebKit/537.36 (KHTML, like Gecko; compatible; ClaudeBot/1.0; +claudebot@anthropic.com)"
198.54.116.86 - - [29/Apr/2025:12:20:56 -0400] "POST /wp-cron.php?doing_wp_cron=1745943656.1413540840148925781250 HTTP/1.1" 200 0 "-" "WordPress/6.8; https://servethepeopleinc.org"
52.167.144.204 - - [29/Apr/2025:12:20:56 -0400] "GET /detail/precocial45318126.shtml HTTP/1.1" 301 0 "-" "Mozilla/5.0 AppleWebKit/537.36 (KHTML, like Gecko; compatible; bingbot/2.0; +http://www.bing.com/bingbot.htm) Chrome/116.0.1938.76 Safari/537.36"
198.54.116.86 - - [29/Apr/2025:12:20:56 -0400] "POST /wp-admin/admin-ajax.php?action=async_litespeed&nonce=GIpjEImjATVaNz7jSiioKCIdXuDBkenu&litespeed_type=imgoptm HTTP/1.1" 200 21 "-" "WordPress/6.8; https://servethepeopleinc.org"
18.220.182.171 - - [29/Apr/2025:12:20:57 -0400] "GET /ad917/?path=%2Fhome%2Fservlmvm%2F..%2F..%2Fusr%2Fshare%2Faclocal%2F..%2Flocale%2Fnon%2F.%2F..%2Fchg%2F..%2Fua%2F..%2Feo%2F..%2Fhi%2F..%2Fkg%2F..%2Fven%2F..%2Fga HTTP/1.1" 200 1678 "-" "Mozilla/5.0 AppleWebKit/537.36 (KHTML, like Gecko; compatible; ClaudeBot/1.0; +claudebot@anthropic.com)"
18.220.182.171 - - [29/Apr/2025:12:21:00 -0400] "GET /ad917/?path=%2Fhome%2Fservlmvm%2F..%2F..%2Fusr%2Fshare%2Faclocal%2F..%2Fawk%2F..%2FGeoIP%2F..%2Flocale%2Fid%2F..%2Fcv%2F..%2Fegy%2F..%2Fmwr%2F..%2Fti HTTP/1.1" 200 1597 "-" "Mozilla/5.0 AppleWebKit/537.36 (KHTML, like Gecko; compatible; ClaudeBot/1.0; +claudebot@anthropic.com)"
18.220.182.171 - - [29/Apr/2025:12:21:03 -0400] "GET /ad917/?path=%2Fhome%2Fservlmvm%2F..%2F..%2Fusr%2Fshare%2Faclocal%2F..%2Fawk%2F..%2FGeoIP%2F..%2Flocale%2Fid%2F..%2Fcv%2F..%2Fegy%2F..%2Fmwr%2F..%2Fen_ZA HTTP/1.1" 200 1601 "-" "Mozilla/5.0 AppleWebKit/537.36 (KHTML, like Gecko; compatible; ClaudeBot/1.0; +claudebot@anthropic.com)"
18.220.182.171 - - [29/Apr/2025:12:21:06 -0400] "GET /ad917/?path=%2Fhome%2Fservlmvm%2F..%2F..%2Fusr%2Fshare%2Faclocal%2F..%2Fawk%2F..%2FGeoIP%2F..%2Flocale%2Fid%2F..%2Fcv%2F..%2Fwba%2F..%2Fmwr%2F..%2Far HTTP/1.1" 200 1596 "-" "Mozilla/5.0 AppleWebKit/537.36 (KHTML, like Gecko; compatible; ClaudeBot/1.0; +claudebot@anthropic.com)"
18.220.182.171 - - [29/Apr/2025:12:21:09 -0400] "GET /ad917/?path=%2Fhome%2Fservlmvm%2F..%2F..%2Fusr%2Fshare%2Faclocal%2F..%2Fawk%2F..%2FGeoIP%2F..%2Flocale%2Fid%2F..%2Fcv%2F..%2Fegy%2F..%2Fmwr%2F..%2Fcrp HTTP/1.1" 200 1603 "-" "Mozilla/5.0 AppleWebKit/537.36 (KHTML, like Gecko; compatible; ClaudeBot/1.0; +claudebot@anthropic.com)"
18.220.182.171 - - [29/Apr/2025:12:21:12 -0400] "GET /ad917/?path=%2Fhome%2Fservlmvm%2F..%2F..%2Fusr%2Fshare%2Faclocal%2F..%2Flocale%2Fnon%2F.%2F..%2Fchg%2F..%2Fua%2F..%2Feo%2F..%2Fhi%2F..%2Fkg%2F..%2Fven%2F..%2Fza HTTP/1.1" 200 1608 "-" "Mozilla/5.0 AppleWebKit/537.36 (KHTML, like Gecko; compatible; ClaudeBot/1.0; +claudebot@anthropic.com)"
18.220.182.171 - - [29/Apr/2025:12:21:15 -0400] "GET /ad917/?path=%2Fhome%2Fservlmvm%2F..%2F..%2Fusr%2Fshare%2Faclocal%2F..%2Flocale%2Fnon%2F.%2F..%2Fsal%2F..%2Ffr%2F.%2F..%2Fes_SV%2F..%2Fcpe HTTP/1.1" 200 1567 "-" "Mozilla/5.0 AppleWebKit/537.36 (KHTML, like Gecko; compatible; ClaudeBot/1.0; +claudebot@anthropic.com)"
18.220.182.171 - - [29/Apr/2025:12:21:18 -0400] "GET /ad917/?path=%2Fhome%2Fservlmvm%2F..%2F..%2Fusr%2Fshare%2Faclocal%2F..%2Fawk%2F..%2FGeoIP%2F..%2Flocale%2Fid%2F..%2Fcv%2F..%2Fegy%2F..%2Fmwr%2F..%2Fan HTTP/1.1" 200 1597 "-" "Mozilla/5.0 AppleWebKit/537.36 (KHTML, like Gecko; compatible; ClaudeBot/1.0; +claudebot@anthropic.com)"
18.220.182.171 - - [29/Apr/2025:12:21:21 -0400] "GET /ad917/?path=%2Fhome%2Fservlmvm%2F..%2F..%2Fusr%2Fshare%2Faclocal%2F..%2Flocale%2Fnon%2F.%2F..%2Fchg%2F..%2Fua%2F..%2Feo%2F..%2Fhi%2F..%2Fkg%2F..%2Fven%2F..%2Fty HTTP/1.1" 200 1609 "-" "Mozilla/5.0 AppleWebKit/537.36 (KHTML, like Gecko; compatible; ClaudeBot/1.0; +claudebot@anthropic.com)"
18.220.182.171 - - [29/Apr/2025:12:21:24 -0400] "GET /ad917/?path=%2Fhome%2Fservlmvm%2F..%2F..%2Fusr%2Fshare%2Faclocal%2F..%2Flocale%2Fnon%2F.%2F..%2Fsal%2F..%2Ffr%2F.%2F..%2Fes_SV%2F..%2Fshn HTTP/1.1" 200 1565 "-" "Mozilla/5.0 AppleWebKit/537.36 (KHTML, like Gecko; compatible; ClaudeBot/1.0; +claudebot@anthropic.com)"
198.54.116.86 - - [29/Apr/2025:12:21:26 -0400] "POST /wp-cron.php?doing_wp_cron=1745943686.6557319164276123046875 HTTP/1.1" 200 0 "-" "WordPress/6.8; https://servethepeopleinc.org"
52.167.144.185 - - [29/Apr/2025:12:21:26 -0400] "GET /items/gambier/24681950.shtml HTTP/1.1" 301 0 "-" "Mozilla/5.0 AppleWebKit/537.36 (KHTML, like Gecko; compatible; bingbot/2.0; +http://www.bing.com/bingbot.htm) Chrome/116.0.1938.76 Safari/537.36"
18.220.182.171 - - [29/Apr/2025:12:21:27 -0400] "GET /ad917/?path=%2Fhome%2Fservlmvm%2F..%2F..%2Fusr%2Fshare%2Faclocal%2F..%2Fawk%2F..%2FGeoIP%2F..%2Flocale%2Fid%2F..%2Fcv%2F..%2Fegy%2F..%2Fmwr%2F..%2Ftli HTTP/1.1" 200 1603 "-" "Mozilla/5.0 AppleWebKit/537.36 (KHTML, like Gecko; compatible; ClaudeBot/1.0; +claudebot@anthropic.com)"
18.220.182.171 - - [29/Apr/2025:12:21:30 -0400] "GET /ad917/?path=%2Fhome%2Fservlmvm%2F..%2F..%2Fusr%2Fshare%2Faclocal%2F..%2Fawk%2F..%2FGeoIP%2F..%2Flocale%2Fid%2F..%2Fcv%2F..%2Fegy%2F..%2Fmwr%2F..%2Fewo HTTP/1.1" 200 1602 "-" "Mozilla/5.0 AppleWebKit/537.36 (KHTML, like Gecko; compatible; ClaudeBot/1.0; +claudebot@anthropic.com)"
18.220.182.171 - - [29/Apr/2025:12:21:33 -0400] "GET /ad917/?path=%2Fhome%2Fservlmvm%2F..%2F..%2Fusr%2Fshare%2Faclocal%2F..%2Flocale%2Froa%2F..%2Fraj%2F..%2Fkhi%2F..%2Fgv%2F..%2F..%2Flocale%2F.%2Fqaa-qtz HTTP/1.1" 200 1585 "-" "Mozilla/5.0 AppleWebKit/537.36 (KHTML, like Gecko; compatible; ClaudeBot/1.0; +claudebot@anthropic.com)"
18.220.182.171 - - [29/Apr/2025:12:21:36 -0400] "GET /ad917/?path=%2Fhome%2Fservlmvm%2F..%2F..%2Fusr%2Fshare%2Faclocal%2F..%2Fawk%2F..%2FGeoIP%2F..%2Flocale%2Fid%2F..%2Fcv%2F..%2Fegy%2F..%2Fmwr%2F..%2Fes_US HTTP/1.1" 200 1596 "-" "Mozilla/5.0 AppleWebKit/537.36 (KHTML, like Gecko; compatible; ClaudeBot/1.0; +claudebot@anthropic.com)"
40.77.167.126 - - [29/Apr/2025:12:21:36 -0400] "GET /items57543758.shtml HTTP/1.1" 404 16940 "-" "Mozilla/5.0 AppleWebKit/537.36 (KHTML, like Gecko; compatible; bingbot/2.0; +http://www.bing.com/bingbot.htm) Chrome/116.0.1938.76 Safari/537.36"
40.77.167.126 - - [29/Apr/2025:12:21:39 -0400] "GET /items/20239044.shtml HTTP/1.1" 404 16941 "-" "Mozilla/5.0 AppleWebKit/537.36 (KHTML, like Gecko; compatible; bingbot/2.0; +http://www.bing.com/bingbot.htm) Chrome/116.0.1938.76 Safari/537.36"
18.220.182.171 - - [29/Apr/2025:12:21:39 -0400] "GET /ad917/?path=%2Fhome%2Fservlmvm%2F..%2F..%2Fusr%2Fshare%2Faclocal%2F..%2Fawk%2F..%2FGeoIP%2F..%2Flocale%2Fid%2F..%2Fcv%2F..%2Fwba%2F..%2Fmwr%2F..%2Fltg HTTP/1.1" 200 1603 "-" "Mozilla/5.0 AppleWebKit/537.36 (KHTML, like Gecko; compatible; ClaudeBot/1.0; +claudebot@anthropic.com)"
18.220.182.171 - - [29/Apr/2025:12:21:42 -0400] "GET /ad917/?path=%2Fhome%2Fservlmvm%2F..%2F..%2Fusr%2Fshare%2Faclocal%2F..%2Fawk%2F..%2FGeoIP%2F..%2Flocale%2Fid%2F..%2Fcv%2F..%2Fwba%2F..%2Fmwr%2F..%2Fsi HTTP/1.1" 200 1597 "-" "Mozilla/5.0 AppleWebKit/537.36 (KHTML, like Gecko; compatible; ClaudeBot/1.0; +claudebot@anthropic.com)"
18.220.182.171 - - [29/Apr/2025:12:21:45 -0400] "GET /ad917/?path=%2Fhome%2Fservlmvm%2F..%2F..%2Fusr%2Fshare%2Faclocal%2F..%2Fawk%2F..%2FGeoIP%2F..%2Flocale%2Fid%2F..%2Fcv%2F..%2Fwba%2F..%2Fmwr%2F..%2Fzh_CN HTTP/1.1" 200 1628 "-" "Mozilla/5.0 AppleWebKit/537.36 (KHTML, like Gecko; compatible; ClaudeBot/1.0; +claudebot@anthropic.com)"
18.220.182.171 - - [29/Apr/2025:12:21:48 -0400] "GET /ad917/?path=%2Fhome%2F.%2F..%2F..%2Fvar%2Flib%2F..%2Fsoftaculous%2Fmyadmin49%2F..%2Fmyt%2F..%2Fdada%2F..%2Fmahara%2F..%2Ftypo8%2F.%2F..%2Fpaste HTTP/1.1" 200 2120 "-" "Mozilla/5.0 AppleWebKit/537.36 (KHTML, like Gecko; compatible; ClaudeBot/1.0; +claudebot@anthropic.com)"
18.220.182.171 - - [29/Apr/2025:12:21:51 -0400] "GET /ad917/?path=%2Fhome%2Fservlmvm%2F..%2F..%2Fusr%2Fshare%2Faclocal%2F..%2Flocale%2Fnon%2F.%2F..%2Fsal%2F..%2Ffr%2F.%2F..%2Fes_SV%2F..%2Fnew HTTP/1.1" 200 1568 "-" "Mozilla/5.0 AppleWebKit/537.36 (KHTML, like Gecko; compatible; ClaudeBot/1.0; +claudebot@anthropic.com)"
18.220.182.171 - - [29/Apr/2025:12:21:54 -0400] "GET /ad917/?path=%2Fhome%2Fservlmvm%2F..%2F..%2Fusr%2Fshare%2Faclocal%2F..%2Fawk%2F..%2FGeoIP%2F..%2Flocale%2Fid%2F..%2Fcv%2F..%2Fegy%2F..%2Fmwr%2F..%2Fhai HTTP/1.1" 200 1603 "-" "Mozilla/5.0 AppleWebKit/537.36 (KHTML, like Gecko; compatible; ClaudeBot/1.0; +claudebot@anthropic.com)"
198.54.116.86 - - [29/Apr/2025:12:21:55 -0400] "POST /wp-cron.php?doing_wp_cron=1745943715.7426741123199462890625 HTTP/1.1" 200 0 "-" "WordPress/6.8; https://servethepeopleinc.org"
66.249.65.170 - - [29/Apr/2025:12:21:55 -0400] "GET /products/86394000.shtml HTTP/1.1" 404 16941 "-" "Mozilla/5.0 (compatible; Googlebot/2.1; +http://www.google.com/bot.html)"
198.54.116.86 - - [29/Apr/2025:12:21:55 -0400] "POST /wp-admin/admin-ajax.php?action=async_litespeed&nonce=hwSnC8mrR2qHdmndwdvRpz3Fl9KThiRZ&litespeed_type=imgoptm HTTP/1.1" 200 21 "-" "WordPress/6.8; https://servethepeopleinc.org"
52.167.144.146 - - [29/Apr/2025:12:21:56 -0400] "GET /special/tragicomipastoral/89785920.shtml HTTP/1.1" 404 16950 "-" "Mozilla/5.0 AppleWebKit/537.36 (KHTML, like Gecko; compatible; bingbot/2.0; +http://www.bing.com/bingbot.htm) Chrome/116.0.1938.76 Safari/537.36"
18.220.182.171 - - [29/Apr/2025:12:21:57 -0400] "GET /ad917/?path=%2Fhome%2Fservlmvm%2F..%2F..%2Fusr%2Fshare%2Faclocal%2F..%2Flocale%2Fnon%2F.%2F..%2Fchg%2F..%2Fua%2F..%2Feo%2F..%2Fhi%2F..%2Fkg%2F..%2Fven%2F..%2Fbtk HTTP/1.1" 200 1606 "-" "Mozilla/5.0 AppleWebKit/537.36 (KHTML, like Gecko; compatible; ClaudeBot/1.0; +claudebot@anthropic.com)"
18.220.182.171 - - [29/Apr/2025:12:22:00 -0400] "GET /ad917/?path=%2Fhome%2Fservlmvm%2F..%2F..%2Fusr%2Fshare%2Faclocal%2F..%2Flocale%2Fnon%2F.%2F..%2Fchg%2F..%2Fua%2F..%2Feo%2F..%2Fhi%2F..%2Fkg%2F..%2Fven%2F..%2Fzen HTTP/1.1" 200 1604 "-" "Mozilla/5.0 AppleWebKit/537.36 (KHTML, like Gecko; compatible; ClaudeBot/1.0; +claudebot@anthropic.com)"
18.220.182.171 - - [29/Apr/2025:12:22:03 -0400] "GET /ad917/?path=%2Fhome%2Fservlmvm%2F..%2F..%2Fusr%2Fshare%2Faclocal%2F..%2Flocale%2Fnon%2F.%2F..%2Fsal%2F..%2Ffr%2F.%2F..%2Fes_SV%2F..%2Fhus HTTP/1.1" 200 1568 "-" "Mozilla/5.0 AppleWebKit/537.36 (KHTML, like Gecko; compatible; ClaudeBot/1.0; +claudebot@anthropic.com)"
18.220.182.171 - - [29/Apr/2025:12:22:06 -0400] "GET /ad917/?path=%2Fhome%2Fservlmvm%2F..%2F..%2Fusr%2Fshare%2Faclocal%2F..%2Flocale%2Fnon%2F.%2F..%2Fsal%2F..%2Ffr%2F.%2F..%2Fes_SV%2F..%2Fchn HTTP/1.1" 200 1568 "-" "Mozilla/5.0 AppleWebKit/537.36 (KHTML, like Gecko; compatible; ClaudeBot/1.0; +claudebot@anthropic.com)"
142.93.114.194 - - [29/Apr/2025:12:22:07 -0400] "POST /xmlrpc.php HTTP/1.1" 200 210 "-" "Mozilla/5.0 (Windows NT 10.0; Win64; x64; rv:85.0) Gecko/20100101 Firefox/85.0"
18.220.182.171 - - [29/Apr/2025:12:22:09 -0400] "GET /ad917/?path=%2Fhome%2Fservlmvm%2F..%2F..%2Fusr%2Fshare%2Faclocal%2F..%2Fawk%2F..%2FGeoIP%2F..%2Flocale%2Fid%2F..%2Fcv%2F..%2Fegy%2F..%2Fmwr%2F..%2Fxh HTTP/1.1" 200 1598 "-" "Mozilla/5.0 AppleWebKit/537.36 (KHTML, like Gecko; compatible; ClaudeBot/1.0; +claudebot@anthropic.com)"
18.220.182.171 - - [29/Apr/2025:12:22:12 -0400] "GET /ad917/?path=%2Fhome%2Fservlmvm%2F..%2F..%2Fusr%2Fshare%2Faclocal%2F..%2Fawk%2F..%2FGeoIP%2F..%2Flocale%2Fid%2F..%2Fcv%2F..%2Fwba%2F..%2Fmwr%2F..%2Fig HTTP/1.1" 200 1598 "-" "Mozilla/5.0 AppleWebKit/537.36 (KHTML, like Gecko; compatible; ClaudeBot/1.0; +claudebot@anthropic.com)"
198.54.116.86 - - [29/Apr/2025:12:22:15 -0400] "POST /wp-cron.php?doing_wp_cron=1745943735.1958520412445068359375 HTTP/1.1" 200 0 "-" "WordPress/6.8; https://servethepeopleinc.org"
40.77.167.18 - - [29/Apr/2025:12:22:15 -0400] "GET /info51319694.shtml HTTP/1.1" 301 0 "-" "Mozilla/5.0 AppleWebKit/537.36 (KHTML, like Gecko; compatible; bingbot/2.0; +http://www.bing.com/bingbot.htm) Chrome/116.0.1938.76 Safari/537.36"
18.220.182.171 - - [29/Apr/2025:12:22:15 -0400] "GET /ad917/?path=%2Fhome%2Fservlmvm%2F..%2F..%2Fusr%2Fshare%2Faclocal%2F..%2Fawk%2F..%2FGeoIP%2F..%2Flocale%2Fid%2F..%2Fcv%2F..%2Fegy%2F..%2Fmwr%2F..%2Fas HTTP/1.1" 200 1597 "-" "Mozilla/5.0 AppleWebKit/537.36 (KHTML, like Gecko; compatible; ClaudeBot/1.0; +claudebot@anthropic.com)"
18.220.182.171 - - [29/Apr/2025:12:22:18 -0400] "GET /ad917/?path=%2Fhome%2Fservlmvm%2F..%2F..%2Fusr%2Fshare%2Faclocal%2F..%2Fawk%2F..%2FGeoIP%2F..%2Flocale%2Fid%2F..%2Fcv%2F..%2Fwba%2F..%2Fmwr%2F..%2Ftl HTTP/1.1" 200 1597 "-" "Mozilla/5.0 AppleWebKit/537.36 (KHTML, like Gecko; compatible; ClaudeBot/1.0; +claudebot@anthropic.com)"
18.220.182.171 - - [29/Apr/2025:12:22:21 -0400] "GET /ad917/?path=%2Fhome%2Fservlmvm%2F..%2F..%2Fusr%2Fshare%2Faclocal%2F..%2Flocale%2Fnon%2F.%2F..%2Fsal%2F..%2Ffr%2F.%2F..%2Fes_SV%2F..%2Fbi HTTP/1.1" 200 1564 "-" "Mozilla/5.0 AppleWebKit/537.36 (KHTML, like Gecko; compatible; ClaudeBot/1.0; +claudebot@anthropic.com)"
18.220.182.171 - - [29/Apr/2025:12:22:24 -0400] "GET /ad917/?path=%2Fhome%2Fservlmvm%2F..%2F..%2Fusr%2Fshare%2Faclocal%2F..%2Fawk%2F..%2FGeoIP%2F..%2Flocale%2Fid%2F..%2Fcv%2F..%2Fwba%2F..%2Fmwr%2F..%2Fuk HTTP/1.1" 200 1666 "-" "Mozilla/5.0 AppleWebKit/537.36 (KHTML, like Gecko; compatible; ClaudeBot/1.0; +claudebot@anthropic.com)"
18.220.182.171 - - [29/Apr/2025:12:22:27 -0400] "GET /ad917/?path=%2Fhome%2Fservlmvm%2F..%2F..%2Fusr%2Fshare%2Faclocal%2F..%2Fawk%2F..%2FGeoIP%2F..%2Flocale%2Fid%2F..%2Fcv%2F..%2Fegy%2F..%2Fmwr%2F..%2Flv HTTP/1.1" 200 1597 "-" "Mozilla/5.0 AppleWebKit/537.36 (KHTML, like Gecko; compatible; ClaudeBot/1.0; +claudebot@anthropic.com)"
18.220.182.171 - - [29/Apr/2025:12:22:30 -0400] "GET /ad917/?path=%2Fhome%2Fservlmvm%2F..%2F..%2Fusr%2Fshare%2Faclocal%2F..%2Fawk%2F..%2FGeoIP%2F..%2Flocale%2Fid%2F..%2Fcv%2F..%2Fegy%2F..%2Fmwr%2F..%2Firo HTTP/1.1" 200 1603 "-" "Mozilla/5.0 AppleWebKit/537.36 (KHTML, like Gecko; compatible; ClaudeBot/1.0; +claudebot@anthropic.com)"
18.220.182.171 - - [29/Apr/2025:12:22:33 -0400] "GET /ad917/?path=%2Fhome%2Fservlmvm%2F..%2F..%2Fusr%2Fshare%2Faclocal%2F..%2Flocale%2Fnon%2F.%2F..%2Fsal%2F..%2Ffr%2F.%2F..%2Fes_SV%2F..%2Ftl_PH HTTP/1.1" 200 1573 "-" "Mozilla/5.0 AppleWebKit/537.36 (KHTML, like Gecko; compatible; ClaudeBot/1.0; +claudebot@anthropic.com)"
198.54.116.86 - - [29/Apr/2025:12:22:34 -0400] "POST /wp-cron.php?doing_wp_cron=1745943754.6925790309906005859375 HTTP/1.1" 200 0 "-" "WordPress/6.8; https://servethepeopleinc.org"
52.167.144.204 - - [29/Apr/2025:12:22:34 -0400] "GET /entity/derbio/75670874.shtml HTTP/1.1" 301 0 "-" "Mozilla/5.0 AppleWebKit/537.36 (KHTML, like Gecko; compatible; bingbot/2.0; +http://www.bing.com/bingbot.htm) Chrome/116.0.1938.76 Safari/537.36"
18.220.182.171 - - [29/Apr/2025:12:22:36 -0400] "GET /ad917/?path=%2Fhome%2Fservlmvm%2F..%2F..%2Fusr%2Fshare%2Faclocal%2F..%2Fawk%2F..%2FGeoIP%2F..%2Flocale%2Fid%2F..%2Fcv%2F..%2Fwba%2F..%2Fmwr%2F..%2Fta HTTP/1.1" 200 1596 "-" "Mozilla/5.0 AppleWebKit/537.36 (KHTML, like Gecko; compatible; ClaudeBot/1.0; +claudebot@anthropic.com)"
52.167.144.146 - - [29/Apr/2025:12:22:37 -0400] "GET /detail74173492.shtml HTTP/1.1" 404 16940 "-" "Mozilla/5.0 AppleWebKit/537.36 (KHTML, like Gecko; compatible; bingbot/2.0; +http://www.bing.com/bingbot.htm) Chrome/116.0.1938.76 Safari/537.36"
18.220.182.171 - - [29/Apr/2025:12:22:39 -0400] "GET /ad917/?path=%2Fhome%2Fservlmvm%2F..%2F..%2Fusr%2Fshare%2Faclocal%2F..%2Fawk%2F..%2FGeoIP%2F..%2Flocale%2Fid%2F..%2Fcv%2F..%2Fwba%2F..%2Fmwr%2F..%2Fik HTTP/1.1" 200 1597 "-" "Mozilla/5.0 AppleWebKit/537.36 (KHTML, like Gecko; compatible; ClaudeBot/1.0; +claudebot@anthropic.com)"
