13.58.121.189 - - [29/Apr/2025:08:42:12 -0400] "GET /ad917/?path=%2Fhome%2Fservlmvm%2F..%2F..%2Fusr%2Fshare%2Faclocal%2F..%2Flocale%2Fnon%2F.%2F..%2Fuz%2F..%2Fsyr%2F..%2Faus%2F..%2Fmyv%2F..%2Ftiv%2F..%2Fgaa HTTP/1.1" 200 1610 "-" "Mozilla/5.0 AppleWebKit/537.36 (KHTML, like Gecko; compatible; ClaudeBot/1.0; +claudebot@anthropic.com)"
13.58.121.189 - - [29/Apr/2025:08:42:15 -0400] "GET /ad917/?path=%2Fhome%2Fservlmvm%2F..%2F..%2Fusr%2Fshare%2Faclocal%2F..%2Flocale%2F.%2Fmap%2F..%2Fzxx%2F..%2Ftt%2F..%2Fes_GT%2F..%2Fhmn%2F..%2Ffil%2F..%2Fmos HTTP/1.1" 200 1599 "-" "Mozilla/5.0 AppleWebKit/537.36 (KHTML, like Gecko; compatible; ClaudeBot/1.0; +claudebot@anthropic.com)"
13.58.121.189 - - [29/Apr/2025:08:42:18 -0400] "GET /ad917/?path=%2Fhome%2Fservlmvm%2F..%2F..%2Fusr%2Fshare%2Faclocal%2F..%2Flocale%2Fnon%2F.%2F..%2Fit_IT%2F..%2Ffil%2F..%2Fid%2F..%2Ffr_FR%2F..%2Fjpr%2F..%2Ffur HTTP/1.1" 200 1600 "-" "Mozilla/5.0 AppleWebKit/537.36 (KHTML, like Gecko; compatible; ClaudeBot/1.0; +claudebot@anthropic.com)"
13.58.121.189 - - [29/Apr/2025:08:42:21 -0400] "GET /ad917/?path=%2Fhome%2Fservlmvm%2F..%2F..%2Fusr%2Fshare%2Faclocal%2F..%2Flocale%2Fnon%2F.%2F..%2Fsal%2F..%2Fcmn%2F..%2Fid%2F..%2Fhil%2F..%2Fho%2F..%2Fwa HTTP/1.1" 200 1604 "-" "Mozilla/5.0 AppleWebKit/537.36 (KHTML, like Gecko; compatible; ClaudeBot/1.0; +claudebot@anthropic.com)"
13.58.121.189 - - [29/Apr/2025:08:42:24 -0400] "GET /ad917/?path=%2Fhome%2F.%2F..%2F..%2Flib%2Frpm%2F..%2Fmodules%2F..%2F.build-id%2F50%2F..%2F60%2F..%2F9a%2F..%2Fcc%2F..%2F72%2F..%2F1f%2F..%2Fdd%2F..%2F6b HTTP/1.1" 200 2562 "-" "Mozilla/5.0 AppleWebKit/537.36 (KHTML, like Gecko; compatible; ClaudeBot/1.0; +claudebot@anthropic.com)"
198.54.116.86 - - [29/Apr/2025:08:42:25 -0400] "POST /wp-cron.php?doing_wp_cron=1745930545.7718861103057861328125 HTTP/1.1" 200 0 "-" "WordPress/6.8; https://servethepeopleinc.org"
66.249.65.168 - - [29/Apr/2025:08:42:25 -0400] "GET /goodscode/pm/preelect/23978304.shtml HTTP/1.1" 404 16950 "-" "Mozilla/5.0 (Linux; Android 6.0.1; Nexus 5X Build/MMB29P) AppleWebKit/537.36 (KHTML, like Gecko) Chrome/135.0.7049.95 Mobile Safari/537.36 (compatible; GoogleOther)"
52.167.144.229 - - [29/Apr/2025:08:42:27 -0400] "GET /item2100064.shtml HTTP/1.1" 301 0 "-" "Mozilla/5.0 AppleWebKit/537.36 (KHTML, like Gecko; compatible; bingbot/2.0; +http://www.bing.com/bingbot.htm) Chrome/116.0.1938.76 Safari/537.36"
13.58.121.189 - - [29/Apr/2025:08:42:27 -0400] "GET /ad917/?path=%2Fhome%2Fservlmvm%2F..%2F..%2Fusr%2Fshare%2Faclocal%2F..%2Flocale%2Fnon%2F.%2F..%2Fuz%2F..%2Ftt%2F..%2Fmai%2F..%2Fro_RO%2F..%2Fkbd%2F..%2Fang HTTP/1.1" 200 1603 "-" "Mozilla/5.0 AppleWebKit/537.36 (KHTML, like Gecko; compatible; ClaudeBot/1.0; +claudebot@anthropic.com)"
13.58.121.189 - - [29/Apr/2025:08:42:30 -0400] "GET /ad917/?path=%2Fhome%2Fservlmvm%2F..%2F..%2Fusr%2Fshare%2Faclocal%2F..%2Flocale%2Fchg%2F..%2Fudm%2F..%2Fes_SV%2F..%2Fkar%2F..%2Fchn HTTP/1.1" 200 1558 "-" "Mozilla/5.0 AppleWebKit/537.36 (KHTML, like Gecko; compatible; ClaudeBot/1.0; +claudebot@anthropic.com)"
13.58.121.189 - - [29/Apr/2025:08:42:33 -0400] "GET /ad917/?path=%2Fhome%2F.%2F..%2F..%2Fvar%2Flib%2F..%2Fsoftaculous%2Fmyadmin49%2F..%2Fpopoji%2F..%2Fmoodle42%2F..%2Fapprain%2F..%2Fselfoss%2F..%2Fspip HTTP/1.1" 200 2348 "-" "Mozilla/5.0 AppleWebKit/537.36 (KHTML, like Gecko; compatible; ClaudeBot/1.0; +claudebot@anthropic.com)"
52.167.144.202 - - [29/Apr/2025:08:42:46 -0400] "GET /info/wwk/vulcanizer/46497890.shtml HTTP/1.1" 301 0 "-" "Mozilla/5.0 AppleWebKit/537.36 (KHTML, like Gecko; compatible; bingbot/2.0; +http://www.bing.com/bingbot.htm) Chrome/116.0.1938.76 Safari/537.36"
198.54.116.86 - - [29/Apr/2025:08:43:05 -0400] "POST /wp-cron.php?doing_wp_cron=1745930585.9884359836578369140625 HTTP/1.1" 200 0 "-" "WordPress/6.8; https://servethepeopleinc.org"
52.167.144.202 - - [29/Apr/2025:08:43:05 -0400] "GET /products/centranthus/ HTTP/1.1" 301 0 "-" "Mozilla/5.0 AppleWebKit/537.36 (KHTML, like Gecko; compatible; bingbot/2.0; +http://www.bing.com/bingbot.htm) Chrome/116.0.1938.76 Safari/537.36"
198.54.116.86 - - [29/Apr/2025:08:43:06 -0400] "POST /wp-admin/admin-ajax.php?action=async_litespeed&nonce=WM8bjt2zny4rxmUAhHc1Hyk5Z4ZjeZtS&litespeed_type=imgoptm HTTP/1.1" 200 21 "-" "WordPress/6.8; https://servethepeopleinc.org"
3.21.125.194 - - [29/Apr/2025:08:43:09 -0400] "GET /ad917/?path=%2Fhome%2Fservlmvm%2F..%2F..%2Fusr%2Fshare%2Faclocal%2F..%2Flocale%2Fnon%2F.%2F..%2Fit_IT%2F..%2Ffil%2F..%2Fid%2F..%2Fkro%2F..%2Fchm%2F..%2Fshs HTTP/1.1" 200 1604 "-" "Mozilla/5.0 AppleWebKit/537.36 (KHTML, like Gecko; compatible; ClaudeBot/1.0; +claudebot@anthropic.com)"
3.21.125.194 - - [29/Apr/2025:08:43:12 -0400] "GET /ad917/?path=%2Fhome%2Fservlmvm%2F..%2F..%2Fusr%2Fshare%2Faclocal%2F..%2Flocale%2Fnon%2F.%2F..%2Fsal%2F..%2Fcmn%2F..%2Fid%2F..%2Fhil%2F..%2Fhmn%2F..%2Fiu HTTP/1.1" 200 1602 "-" "Mozilla/5.0 AppleWebKit/537.36 (KHTML, like Gecko; compatible; ClaudeBot/1.0; +claudebot@anthropic.com)"
3.21.125.194 - - [29/Apr/2025:08:43:15 -0400] "GET /ad917/?path=%2Fhome%2Fservlmvm%2F..%2F..%2Fusr%2Fshare%2Faclocal%2F..%2Flocale%2Fnon%2F.%2F..%2Fit_IT%2F..%2Ffil%2F..%2Fid%2F..%2Fkro%2F..%2Fnn_NO%2F..%2Fom HTTP/1.1" 200 1604 "-" "Mozilla/5.0 AppleWebKit/537.36 (KHTML, like Gecko; compatible; ClaudeBot/1.0; +claudebot@anthropic.com)"
3.21.125.194 - - [29/Apr/2025:08:43:18 -0400] "GET /ad917/?path=%2Fhome%2Fservlmvm%2F..%2F..%2Fusr%2Fshare%2Faclocal%2F..%2Flocale%2Fnon%2F.%2F..%2Fit_IT%2F..%2Ffil%2F..%2Fid%2F..%2Fkro%2F..%2Fbej%2F..%2Fhsb HTTP/1.1" 200 1604 "-" "Mozilla/5.0 AppleWebKit/537.36 (KHTML, like Gecko; compatible; ClaudeBot/1.0; +claudebot@anthropic.com)"
3.21.125.194 - - [29/Apr/2025:08:43:21 -0400] "GET /ad917/?path=%2Fhome%2F.%2F..%2F..%2Fvar%2Flib%2F..%2Fsoftaculous%2Fmyadmin49%2F..%2Fmyt%2F..%2F.%2Focart23%2F..%2Fatlantis%2F..%2Fninja%2F..%2Ffork HTTP/1.1" 200 2190 "-" "Mozilla/5.0 AppleWebKit/537.36 (KHTML, like Gecko; compatible; ClaudeBot/1.0; +claudebot@anthropic.com)"
3.21.125.194 - - [29/Apr/2025:08:43:24 -0400] "GET /ad917/?path=%2Fhome%2Fservlmvm%2F..%2F..%2Fusr%2Fshare%2Faclocal%2F..%2Flocale%2Fnon%2F.%2F..%2Fit_IT%2F..%2Ffil%2F..%2Fid%2F..%2Ffr_FR%2F..%2Farn%2F..%2Fmad HTTP/1.1" 200 1603 "-" "Mozilla/5.0 AppleWebKit/537.36 (KHTML, like Gecko; compatible; ClaudeBot/1.0; +claudebot@anthropic.com)"
198.54.116.86 - - [29/Apr/2025:08:43:27 -0400] "POST /wp-cron.php?doing_wp_cron=1745930607.2888059616088867187500 HTTP/1.1" 200 0 "-" "WordPress/6.8; https://servethepeopleinc.org"
52.167.144.202 - - [29/Apr/2025:08:43:27 -0400] "GET /info/k/hariolation/99461506.shtml HTTP/1.1" 301 0 "-" "Mozilla/5.0 AppleWebKit/537.36 (KHTML, like Gecko; compatible; bingbot/2.0; +http://www.bing.com/bingbot.htm) Chrome/116.0.1938.76 Safari/537.36"
3.21.125.194 - - [29/Apr/2025:08:43:27 -0400] "GET /ad917/?path=%2Fhome%2Fservlmvm%2F..%2F..%2Fusr%2Fshare%2Faclocal%2F..%2Flocale%2Fchg%2F..%2Fudm%2F..%2Fes_SV%2F..%2Ftig%2F..%2Fbn_IN HTTP/1.1" 200 1564 "-" "Mozilla/5.0 AppleWebKit/537.36 (KHTML, like Gecko; compatible; ClaudeBot/1.0; +claudebot@anthropic.com)"
3.21.125.194 - - [29/Apr/2025:08:43:30 -0400] "GET /ad917/?path=%2Fhome%2Fservlmvm%2F..%2F..%2Fusr%2Fshare%2Faclocal%2F..%2Flocale%2F.%2Fmap%2F..%2Fzxx%2F..%2Fbej%2F..%2Fes_GT%2F..%2Fdv%2F..%2Fkm_KH%2F..%2Fgmh HTTP/1.1" 200 1607 "-" "Mozilla/5.0 AppleWebKit/537.36 (KHTML, like Gecko; compatible; ClaudeBot/1.0; +claudebot@anthropic.com)"
3.21.125.194 - - [29/Apr/2025:08:43:33 -0400] "GET /ad917/?path=%2Fhome%2F.%2F..%2F..%2Flib%2Frpm%2F..%2Fmodules%2F..%2F.build-id%2Fd4%2F..%2F9f%2F..%2F37%2F..%2F1a%2F..%2F4f%2F..%2Fb5%2F..%2Ff4 HTTP/1.1" 200 3290 "-" "Mozilla/5.0 AppleWebKit/537.36 (KHTML, like Gecko; compatible; ClaudeBot/1.0; +claudebot@anthropic.com)"
3.21.125.194 - - [29/Apr/2025:08:43:36 -0400] "GET /ad917/?path=%2Fhome%2Fservlmvm%2F..%2F..%2Fusr%2Fshare%2Faclocal%2F..%2Flocale%2Fnon%2F.%2F..%2Fsal%2F..%2Fcmn%2F..%2Fid%2F..%2Fhil%2F..%2Fhmn%2F..%2Fson HTTP/1.1" 200 1598 "-" "Mozilla/5.0 AppleWebKit/537.36 (KHTML, like Gecko; compatible; ClaudeBot/1.0; +claudebot@anthropic.com)"
40.77.167.4 - - [29/Apr/2025:08:43:37 -0400] "GET /items28805810.shtml HTTP/1.1" 301 0 "-" "Mozilla/5.0 AppleWebKit/537.36 (KHTML, like Gecko; compatible; bingbot/2.0; +http://www.bing.com/bingbot.htm) Chrome/116.0.1938.76 Safari/537.36"
52.167.144.177 - - [29/Apr/2025:08:43:37 -0400] "GET /product/boneache/ HTTP/1.1" 404 16941 "-" "Mozilla/5.0 AppleWebKit/537.36 (KHTML, like Gecko; compatible; bingbot/2.0; +http://www.bing.com/bingbot.htm) Chrome/116.0.1938.76 Safari/537.36"
3.21.125.194 - - [29/Apr/2025:08:43:39 -0400] "GET /ad917/?path=%2Fhome%2Fservlmvm%2F..%2F..%2Fusr%2Fshare%2Faclocal%2F..%2Flocale%2Fnon%2F.%2F..%2Fuz%2F..%2Ftt%2F..%2Fmai%2F..%2Fro_RO%2F..%2Fkbd%2F..%2Fnub HTTP/1.1" 200 1604 "-" "Mozilla/5.0 AppleWebKit/537.36 (KHTML, like Gecko; compatible; ClaudeBot/1.0; +claudebot@anthropic.com)"
3.21.125.194 - - [29/Apr/2025:08:43:42 -0400] "GET /ad917/?path=%2Fhome%2F.%2F..%2F..%2Flib%2Frpm%2F..%2Fmodules%2F..%2F.build-id%2F50%2F..%2F60%2F..%2F9a%2F..%2Fcc%2F..%2F72%2F..%2F1f%2F..%2F49%2F..%2Fd0 HTTP/1.1" 200 2320 "-" "Mozilla/5.0 AppleWebKit/537.36 (KHTML, like Gecko; compatible; ClaudeBot/1.0; +claudebot@anthropic.com)"
3.21.125.194 - - [29/Apr/2025:08:43:45 -0400] "GET /ad917/?path=%2Fhome%2F.%2F..%2F..%2Flib%2Frpm%2F..%2Fmodules%2F..%2F.build-id%2F50%2F..%2F60%2F..%2F9a%2F..%2Fcc%2F..%2F72%2F..%2F1f%2F..%2Fdd%2F..%2F23 HTTP/1.1" 200 2985 "-" "Mozilla/5.0 AppleWebKit/537.36 (KHTML, like Gecko; compatible; ClaudeBot/1.0; +claudebot@anthropic.com)"
3.21.125.194 - - [29/Apr/2025:08:43:48 -0400] "GET /ad917/?path=%2Fhome%2Fservlmvm%2F..%2F..%2Fusr%2Fshare%2Faclocal%2F..%2Flocale%2Fnon%2F.%2F..%2Fuz%2F..%2Fsyr%2F..%2Faus%2F..%2Fmyv%2F..%2Ftiv%2F..%2Fne HTTP/1.1" 200 1602 "-" "Mozilla/5.0 AppleWebKit/537.36 (KHTML, like Gecko; compatible; ClaudeBot/1.0; +claudebot@anthropic.com)"
3.21.125.194 - - [29/Apr/2025:08:43:51 -0400] "GET /ad917/?path=%2Fhome%2Fservlmvm%2F..%2F..%2Fusr%2Fshare%2Faclocal%2F..%2Flocale%2Fnon%2F.%2F..%2Fsal%2F..%2Fcmn%2F..%2Fid%2F..%2Fhil%2F..%2Fhmn%2F..%2Fty HTTP/1.1" 200 1604 "-" "Mozilla/5.0 AppleWebKit/537.36 (KHTML, like Gecko; compatible; ClaudeBot/1.0; +claudebot@anthropic.com)"
3.21.125.194 - - [29/Apr/2025:08:43:54 -0400] "GET /ad917/?path=%2Fhome%2Fservlmvm%2F..%2F..%2Fusr%2Fshare%2Faclocal%2F..%2Flocale%2Fnon%2F.%2F..%2Fit_IT%2F..%2Ffil%2F..%2Fid%2F..%2Ffr_FR%2F..%2Fcau%2F..%2Fmus HTTP/1.1" 200 1605 "-" "Mozilla/5.0 AppleWebKit/537.36 (KHTML, like Gecko; compatible; ClaudeBot/1.0; +claudebot@anthropic.com)"
3.21.125.194 - - [29/Apr/2025:08:43:57 -0400] "GET /ad917/?path=%2Fhome%2F.%2F..%2F..%2Fvar%2Flib%2F..%2Fsoftaculous%2Fmyadmin49%2F..%2Fmyt%2F..%2F.%2Focart23%2F..%2Fcpg%2F..%2Fmorph%2F..%2Fmyweb%2F..%2Fmw19 HTTP/1.1" 200 2229 "-" "Mozilla/5.0 AppleWebKit/537.36 (KHTML, like Gecko; compatible; ClaudeBot/1.0; +claudebot@anthropic.com)"
3.21.125.194 - - [29/Apr/2025:08:44:00 -0400] "GET /ad917/?path=%2Fhome%2Fservlmvm%2F..%2F..%2Fusr%2Fshare%2Faclocal%2F..%2Flocale%2Fchg%2F..%2Fudm%2F..%2Fes_SV%2F..%2Fkar%2F..%2Fltg HTTP/1.1" 200 1561 "-" "Mozilla/5.0 AppleWebKit/537.36 (KHTML, like Gecko; compatible; ClaudeBot/1.0; +claudebot@anthropic.com)"
3.21.125.194 - - [29/Apr/2025:08:44:03 -0400] "GET /ad917/?path=%2Fhome%2Fservlmvm%2F..%2F..%2Fusr%2Fshare%2Faclocal%2F..%2Flocale%2F.%2Fmap%2F..%2Fzxx%2F..%2Ftt%2F..%2Fes_GT%2F..%2Fhmn%2F..%2Fde_CH%2F..%2Fcu HTTP/1.1" 200 1602 "-" "Mozilla/5.0 AppleWebKit/537.36 (KHTML, like Gecko; compatible; ClaudeBot/1.0; +claudebot@anthropic.com)"
198.54.116.86 - - [29/Apr/2025:08:44:05 -0400] "POST /wp-cron.php?doing_wp_cron=1745930645.8698289394378662109375 HTTP/1.1" 200 0 "-" "WordPress/6.8; https://servethepeopleinc.org"
52.167.144.235 - - [29/Apr/2025:08:44:05 -0400] "GET /info2726368.shtml HTTP/1.1" 301 0 "-" "Mozilla/5.0 AppleWebKit/537.36 (KHTML, like Gecko; compatible; bingbot/2.0; +http://www.bing.com/bingbot.htm) Chrome/116.0.1938.76 Safari/537.36"
198.54.116.86 - - [29/Apr/2025:08:44:06 -0400] "POST /wp-admin/admin-ajax.php?action=async_litespeed&nonce=dXyI5YcOrYExWL9bjo7iz7IXYjFsoUCW&litespeed_type=imgoptm HTTP/1.1" 200 21 "-" "WordPress/6.8; https://servethepeopleinc.org"
3.21.125.194 - - [29/Apr/2025:08:44:06 -0400] "GET /ad917/?path=%2Fhome%2Fservlmvm%2F..%2F..%2Fusr%2Fshare%2Faclocal%2F..%2Flocale%2F.%2Fmap%2F..%2Fzxx%2F..%2Ftt%2F..%2Fes_GT%2F..%2Fdv%2F..%2Fde_AT%2F..%2Fshs HTTP/1.1" 200 1601 "-" "Mozilla/5.0 AppleWebKit/537.36 (KHTML, like Gecko; compatible; ClaudeBot/1.0; +claudebot@anthropic.com)"
3.21.125.194 - - [29/Apr/2025:08:44:09 -0400] "GET /ad917/?path=%2Fhome%2Fservlmvm%2F..%2F..%2Fusr%2Fshare%2Faclocal%2F..%2Flocale%2Fnon%2F.%2F..%2Fit_IT%2F..%2Ffil%2F..%2Fid%2F..%2Fkro%2F..%2Fchm%2F..%2Fbs_BA HTTP/1.1" 200 1607 "-" "Mozilla/5.0 AppleWebKit/537.36 (KHTML, like Gecko; compatible; ClaudeBot/1.0; +claudebot@anthropic.com)"
52.167.144.235 - - [29/Apr/2025:08:44:09 -0400] "GET /shopping/vfg/disaccustom41900540.shtml HTTP/1.1" 301 0 "-" "Mozilla/5.0 AppleWebKit/537.36 (KHTML, like Gecko; compatible; bingbot/2.0; +http://www.bing.com/bingbot.htm) Chrome/116.0.1938.76 Safari/537.36"
3.21.125.194 - - [29/Apr/2025:08:44:12 -0400] "GET /ad917/?path=%2Fhome%2Fservlmvm%2F..%2F..%2Fusr%2Fshare%2Faclocal%2F..%2Flocale%2Fnon%2F.%2F..%2Fit_IT%2F..%2Ffil%2F..%2Fid%2F..%2Ffr_FR%2F..%2Farn%2F..%2Fiu HTTP/1.1" 200 1596 "-" "Mozilla/5.0 AppleWebKit/537.36 (KHTML, like Gecko; compatible; ClaudeBot/1.0; +claudebot@anthropic.com)"
3.21.125.194 - - [29/Apr/2025:08:44:15 -0400] "GET /ad917/?path=%2Fhome%2F.%2F..%2F..%2Fvar%2Flib%2F..%2Fsoftaculous%2Fmyadmin49%2F..%2Fmyt%2F..%2F.%2Focart23%2F..%2Fatlantis%2F..%2Fninja%2F..%2Fwp65 HTTP/1.1" 200 2707 "-" "Mozilla/5.0 AppleWebKit/537.36 (KHTML, like Gecko; compatible; ClaudeBot/1.0; +claudebot@anthropic.com)"
3.21.125.194 - - [29/Apr/2025:08:44:18 -0400] "GET /ad917/?path=%2Fhome%2F.%2F..%2F..%2Flib%2Frpm%2F..%2Fmodules%2F..%2F.build-id%2F50%2F..%2F60%2F..%2F9a%2F..%2Fcc%2F..%2F72%2F..%2F1f%2F..%2Fdd%2F..%2F59 HTTP/1.1" 200 2361 "-" "Mozilla/5.0 AppleWebKit/537.36 (KHTML, like Gecko; compatible; ClaudeBot/1.0; +claudebot@anthropic.com)"
3.21.125.194 - - [29/Apr/2025:08:44:21 -0400] "GET /ad917/?path=%2Fhome%2Fservlmvm%2F..%2F..%2Fusr%2Fshare%2Faclocal%2F..%2Flocale%2Fnon%2F.%2F..%2Fit_IT%2F..%2Ffil%2F..%2Fid%2F..%2Ffr_FR%2F..%2Farn%2F..%2Fson HTTP/1.1" 200 1602 "-" "Mozilla/5.0 AppleWebKit/537.36 (KHTML, like Gecko; compatible; ClaudeBot/1.0; +claudebot@anthropic.com)"
3.21.125.194 - - [29/Apr/2025:08:44:24 -0400] "GET /ad917/?path=%2Fhome%2Fservlmvm%2F..%2F..%2Fusr%2Fshare%2Faclocal%2F..%2Flocale%2Fnon%2F.%2F..%2Fuz%2F..%2Ftt%2F..%2Fmai%2F..%2Fro_RO%2F..%2Fkbd%2F..%2Fhe_IL HTTP/1.1" 200 1599 "-" "Mozilla/5.0 AppleWebKit/537.36 (KHTML, like Gecko; compatible; ClaudeBot/1.0; +claudebot@anthropic.com)"
198.54.116.86 - - [29/Apr/2025:08:44:26 -0400] "POST /wp-cron.php?doing_wp_cron=1745930666.0141499042510986328125 HTTP/1.1" 200 0 "-" "WordPress/6.8; https://servethepeopleinc.org"
52.167.144.166 - - [29/Apr/2025:08:44:25 -0400] "GET /item59887044.shtml HTTP/1.1" 404 16941 "-" "Mozilla/5.0 AppleWebKit/537.36 (KHTML, like Gecko; compatible; bingbot/2.0; +http://www.bing.com/bingbot.htm) Chrome/116.0.1938.76 Safari/537.36"
3.21.125.194 - - [29/Apr/2025:08:44:27 -0400] "GET /ad917/?path=%2Fhome%2F.%2F..%2F..%2Fvar%2Flib%2F..%2Fsoftaculous%2Fmyadmin49%2F..%2Fhelpdeskz%2F.%2F..%2Fslims%2F..%2Fmagento17%2FNotes.txt HTTP/1.1" 200 1249 "-" "Mozilla/5.0 AppleWebKit/537.36 (KHTML, like Gecko; compatible; ClaudeBot/1.0; +claudebot@anthropic.com)"
3.21.125.194 - - [29/Apr/2025:08:44:30 -0400] "GET /ad917/?path=%2Fhome%2Fservlmvm%2F..%2F..%2Fusr%2Fshare%2Faclocal%2F..%2Flocale%2Fnon%2F.%2F..%2Fsal%2F..%2Fcmn%2F..%2Fid%2F..%2Fhil%2F..%2Fho%2F..%2Ffj HTTP/1.1" 200 1612 "-" "Mozilla/5.0 AppleWebKit/537.36 (KHTML, like Gecko; compatible; ClaudeBot/1.0; +claudebot@anthropic.com)"
3.21.125.194 - - [29/Apr/2025:08:44:33 -0400] "GET /ad917/?path=%2Fhome%2Fservlmvm%2F..%2F..%2Fusr%2Fshare%2Faclocal%2F..%2Flocale%2F.%2Fmap%2F..%2Fzxx%2F..%2Ftt%2F..%2Fes_GT%2F..%2Fdv%2F..%2Fde_AT%2F..%2Fgoh HTTP/1.1" 200 1602 "-" "Mozilla/5.0 AppleWebKit/537.36 (KHTML, like Gecko; compatible; ClaudeBot/1.0; +claudebot@anthropic.com)"
52.167.144.191 - - [29/Apr/2025:08:44:34 -0400] "GET /item/52016224.shtml HTTP/1.1" 404 16945 "-" "Mozilla/5.0 AppleWebKit/537.36 (KHTML, like Gecko; compatible; bingbot/2.0; +http://www.bing.com/bingbot.htm) Chrome/116.0.1938.76 Safari/537.36"
3.21.125.194 - - [29/Apr/2025:08:44:36 -0400] "GET /ad917/?path=%2Fhome%2Fservlmvm%2F..%2F..%2Fusr%2Fshare%2Faclocal%2F..%2Flocale%2Fnon%2F.%2F..%2Fuz%2F..%2Fsyr%2F..%2Faus%2F..%2Fmyv%2F..%2Ftiv%2F..%2Fjbo HTTP/1.1" 200 1608 "-" "Mozilla/5.0 AppleWebKit/537.36 (KHTML, like Gecko; compatible; ClaudeBot/1.0; +claudebot@anthropic.com)"
3.21.125.194 - - [29/Apr/2025:08:44:39 -0400] "GET /ad917/?path=%2Fhome%2Fservlmvm%2F..%2F..%2Fusr%2Fshare%2Faclocal%2F..%2Flocale%2Fnon%2F.%2F..%2Fit_IT%2F..%2Ffil%2F..%2Fid%2F..%2Ffr_FR%2F..%2Farn%2F..%2Fty HTTP/1.1" 200 1600 "-" "Mozilla/5.0 AppleWebKit/537.36 (KHTML, like Gecko; compatible; ClaudeBot/1.0; +claudebot@anthropic.com)"
3.21.125.194 - - [29/Apr/2025:08:44:42 -0400] "GET /ad917/?path=%2Fhome%2Fservlmvm%2F..%2F..%2Fusr%2Fshare%2Faclocal%2F..%2Flocale%2F.%2Fmap%2F..%2Fzxx%2F..%2Ftt%2F..%2Fes_GT%2F..%2Fdv%2F..%2Fkm_KH%2F..%2Fath HTTP/1.1" 200 1603 "-" "Mozilla/5.0 AppleWebKit/537.36 (KHTML, like Gecko; compatible; ClaudeBot/1.0; +claudebot@anthropic.com)"
3.21.125.194 - - [29/Apr/2025:08:44:45 -0400] "GET /ad917/?path=%2Fhome%2Fservlmvm%2F..%2F..%2Fusr%2Fshare%2Faclocal%2F..%2Flocale%2Fchg%2F..%2Fudm%2F..%2Fes_SV%2F..%2Ftig%2F..%2Fyi HTTP/1.1" 200 1569 "-" "Mozilla/5.0 AppleWebKit/537.36 (KHTML, like Gecko; compatible; ClaudeBot/1.0; +claudebot@anthropic.com)"
3.21.125.194 - - [29/Apr/2025:08:44:48 -0400] "GET /ad917/?path=%2Fhome%2Fservlmvm%2F..%2F..%2Fusr%2Fshare%2Faclocal%2F..%2Flocale%2F.%2Fmap%2F..%2Fzxx%2F..%2Fbej%2F..%2Fes_GT%2F..%2Fdv%2F..%2Fde_AT%2F..%2Fgoh HTTP/1.1" 200 1601 "-" "Mozilla/5.0 AppleWebKit/537.36 (KHTML, like Gecko; compatible; ClaudeBot/1.0; +claudebot@anthropic.com)"
3.21.125.194 - - [29/Apr/2025:08:44:51 -0400] "GET /ad917/?path=%2Fhome%2Fservlmvm%2F..%2F..%2Fusr%2Fshare%2Faclocal%2F..%2Flocale%2Fnon%2F.%2F..%2Fit_IT%2F..%2Ffil%2F..%2Fid%2F..%2Fkro%2F..%2Fnn_NO%2F..%2Fga HTTP/1.1" 200 1633 "-" "Mozilla/5.0 AppleWebKit/537.36 (KHTML, like Gecko; compatible; ClaudeBot/1.0; +claudebot@anthropic.com)"
3.21.125.194 - - [29/Apr/2025:08:44:54 -0400] "GET /ad917/?path=%2Fhome%2F.%2F..%2F..%2Fvar%2Flib%2F..%2Fsoftaculous%2Fmyadmin49%2F..%2Fmyt%2F..%2F.%2Focart23%2F..%2Fadmidio%2F..%2Fmahara%2F..%2Fsmf HTTP/1.1" 200 2238 "-" "Mozilla/5.0 AppleWebKit/537.36 (KHTML, like Gecko; compatible; ClaudeBot/1.0; +claudebot@anthropic.com)"
3.21.125.194 - - [29/Apr/2025:08:44:57 -0400] "GET /ad917/?path=%2Fhome%2Fservlmvm%2F..%2F..%2Fusr%2Fshare%2Faclocal%2F..%2Flocale%2Fnon%2F.%2F..%2Fit_IT%2F..%2Ffil%2F..%2Fid%2F..%2Ffr_FR%2F..%2Fjpr%2F..%2Fshs HTTP/1.1" 200 1605 "-" "Mozilla/5.0 AppleWebKit/537.36 (KHTML, like Gecko; compatible; ClaudeBot/1.0; +claudebot@anthropic.com)"
3.21.125.194 - - [29/Apr/2025:08:45:00 -0400] "GET /ad917/?path=%2Fhome%2Fservlmvm%2F..%2F..%2Fusr%2Fshare%2Faclocal%2F..%2Flocale%2Fnon%2F.%2F..%2Fit_IT%2F..%2Ffil%2F..%2Fid%2F..%2Fkro%2F..%2Fbej%2F..%2Fyo HTTP/1.1" 200 1600 "-" "Mozilla/5.0 AppleWebKit/537.36 (KHTML, like Gecko; compatible; ClaudeBot/1.0; +claudebot@anthropic.com)"
3.21.125.194 - - [29/Apr/2025:08:45:03 -0400] "GET /ad917/?path=%2Fhome%2F.%2F..%2F..%2Flib%2Frpm%2F..%2Fmodules%2F..%2F.build-id%2F50%2F..%2F60%2F..%2F9a%2F..%2Fcc%2F..%2F72%2F..%2F1f%2F..%2Fdd%2F..%2F63 HTTP/1.1" 200 2536 "-" "Mozilla/5.0 AppleWebKit/537.36 (KHTML, like Gecko; compatible; ClaudeBot/1.0; +claudebot@anthropic.com)"
3.21.125.194 - - [29/Apr/2025:08:45:06 -0400] "GET /ad917/?path=%2Fhome%2F.%2F..%2F..%2Flib%2Frpm%2F..%2Fmodules%2F..%2F.build-id%2F50%2F..%2F60%2F..%2F9a%2F..%2Fcc%2F..%2F72%2F..%2F1f%2F..%2Fdd%2F..%2F33 HTTP/1.1" 200 2873 "-" "Mozilla/5.0 AppleWebKit/537.36 (KHTML, like Gecko; compatible; ClaudeBot/1.0; +claudebot@anthropic.com)"
198.54.116.86 - - [29/Apr/2025:08:45:06 -0400] "POST /wp-cron.php?doing_wp_cron=1745930706.7457690238952636718750 HTTP/1.1" 200 0 "-" "WordPress/6.8; https://servethepeopleinc.org"
52.167.144.166 - - [29/Apr/2025:08:45:06 -0400] "GET /info/53429842.shtml HTTP/1.1" 404 16941 "-" "Mozilla/5.0 AppleWebKit/537.36 (KHTML, like Gecko; compatible; bingbot/2.0; +http://www.bing.com/bingbot.htm) Chrome/116.0.1938.76 Safari/537.36"
198.54.116.86 - - [29/Apr/2025:08:45:06 -0400] "POST /wp-admin/admin-ajax.php?action=async_litespeed&nonce=RYo7fSiWAmyaeQJ9DqpGXCRaaJvDm20d&litespeed_type=imgoptm HTTP/1.1" 200 21 "-" "WordPress/6.8; https://servethepeopleinc.org"
52.167.144.235 - - [29/Apr/2025:08:45:07 -0400] "GET /info/tarweed/2772148.shtml HTTP/1.1" 301 0 "-" "Mozilla/5.0 AppleWebKit/537.36 (KHTML, like Gecko; compatible; bingbot/2.0; +http://www.bing.com/bingbot.htm) Chrome/116.0.1938.76 Safari/537.36"
3.21.125.194 - - [29/Apr/2025:08:45:09 -0400] "GET /ad917/?path=%2Fhome%2Fservlmvm%2F..%2F..%2Fusr%2Fshare%2Faclocal%2F..%2Flocale%2Fnon%2F.%2F..%2Fit_IT%2F..%2Ffil%2F..%2Fid%2F..%2Fkro%2F..%2Fbej%2F..%2Froa HTTP/1.1" 200 1604 "-" "Mozilla/5.0 AppleWebKit/537.36 (KHTML, like Gecko; compatible; ClaudeBot/1.0; +claudebot@anthropic.com)"
3.21.125.194 - - [29/Apr/2025:08:45:12 -0400] "GET /ad917/?path=%2Fhome%2Fservlmvm%2F..%2F..%2Fusr%2Fshare%2Faclocal%2F..%2Flocale%2Fnon%2F.%2F..%2Fsal%2F..%2Fcmn%2F..%2Fid%2F..%2Fhil%2F..%2Fhmn%2F..%2Fza HTTP/1.1" 200 1606 "-" "Mozilla/5.0 AppleWebKit/537.36 (KHTML, like Gecko; compatible; ClaudeBot/1.0; +claudebot@anthropic.com)"
3.21.125.194 - - [29/Apr/2025:08:45:15 -0400] "GET /ad917/?path=%2Fhome%2Fservlmvm%2F..%2F..%2Fusr%2Fshare%2Faclocal%2F..%2Flocale%2Fnon%2F.%2F..%2Fit_IT%2F..%2Ffil%2F..%2Fid%2F..%2Ffr_FR%2F..%2Fcau%2F..%2Fnub HTTP/1.1" 200 1606 "-" "Mozilla/5.0 AppleWebKit/537.36 (KHTML, like Gecko; compatible; ClaudeBot/1.0; +claudebot@anthropic.com)"
3.21.125.194 - - [29/Apr/2025:08:45:18 -0400] "GET /ad917/?path=%2Fhome%2Fservlmvm%2F..%2F..%2Fusr%2Fshare%2Faclocal%2F..%2Flocale%2Fnon%2F.%2F..%2Fuz%2F..%2Ftt%2F..%2Fmai%2F..%2Fbyn%2F..%2Fshn%2F..%2Fgv HTTP/1.1" 200 1603 "-" "Mozilla/5.0 AppleWebKit/537.36 (KHTML, like Gecko; compatible; ClaudeBot/1.0; +claudebot@anthropic.com)"
3.21.125.194 - - [29/Apr/2025:08:45:21 -0400] "GET /ad917/?path=%2Fhome%2F.%2F..%2F..%2Fvar%2Flib%2F..%2Fsoftaculous%2Fmyadmin49%2F..%2Fmyt%2F..%2F.%2Focart23%2F..%2Fatlantis%2F..%2Fninja%2F..%2Fmoodle44 HTTP/1.1" 200 2383 "-" "Mozilla/5.0 AppleWebKit/537.36 (KHTML, like Gecko; compatible; ClaudeBot/1.0; +claudebot@anthropic.com)"
3.21.125.194 - - [29/Apr/2025:08:45:24 -0400] "GET /ad917/?path=%2Fhome%2Fservlmvm%2F..%2F..%2Fusr%2Fshare%2Faclocal%2F..%2Flocale%2Fchg%2F..%2Fudm%2F..%2Fes_SV%2F..%2Fkar%2F..%2Flv HTTP/1.1" 200 1568 "-" "Mozilla/5.0 AppleWebKit/537.36 (KHTML, like Gecko; compatible; ClaudeBot/1.0; +claudebot@anthropic.com)"
3.21.125.194 - - [29/Apr/2025:08:45:27 -0400] "GET /ad917/?path=%2Fhome%2Fservlmvm%2F..%2F..%2Fusr%2Fshare%2Faclocal%2F..%2Flocale%2Fnon%2F.%2F..%2Fchg%2F..%2Fsyr%2F..%2Fmag%2F..%2Fnqo%2F..%2F.%2For_IN%2F. HTTP/1.1" 200 1603 "-" "Mozilla/5.0 AppleWebKit/537.36 (KHTML, like Gecko; compatible; ClaudeBot/1.0; +claudebot@anthropic.com)"
3.21.125.194 - - [29/Apr/2025:08:45:30 -0400] "GET /ad917/?path=%2Fhome%2F.%2F..%2F..%2Fvar%2Flib%2F..%2Fsoftaculous%2Fmyadmin49%2F..%2Fmyt%2F..%2F.%2Focart23%2F..%2Fhumogen%2F..%2Fsmarty%2F..%2Fleafpub HTTP/1.1" 200 2109 "-" "Mozilla/5.0 AppleWebKit/537.36 (KHTML, like Gecko; compatible; ClaudeBot/1.0; +claudebot@anthropic.com)"
3.21.125.194 - - [29/Apr/2025:08:45:33 -0400] "GET /ad917/?path=%2Fhome%2Fservlmvm%2F..%2F..%2Fusr%2Fshare%2Faclocal%2F..%2Flocale%2Fnon%2F.%2F..%2Fit_IT%2F..%2Ffil%2F..%2Fid%2F..%2Ffr_FR%2F..%2Fjpr%2F..%2Fgoh HTTP/1.1" 200 1606 "-" "Mozilla/5.0 AppleWebKit/537.36 (KHTML, like Gecko; compatible; ClaudeBot/1.0; +claudebot@anthropic.com)"
3.21.125.194 - - [29/Apr/2025:08:45:36 -0400] "GET /ad917/?path=%2Fhome%2Fservlmvm%2F..%2F..%2Fusr%2Fshare%2Faclocal%2F..%2Flocale%2Fnon%2F.%2F..%2Fuz%2F..%2Ftt%2F..%2Fmai%2F..%2Fro_RO%2F..%2Fte%2F..%2Flv_LV HTTP/1.1" 200 1588 "-" "Mozilla/5.0 AppleWebKit/537.36 (KHTML, like Gecko; compatible; ClaudeBot/1.0; +claudebot@anthropic.com)"
3.21.125.194 - - [29/Apr/2025:08:45:39 -0400] "GET /ad917/?path=%2Fhome%2Fservlmvm%2F..%2F..%2Fusr%2Fshare%2Faclocal%2F..%2Flocale%2Fchg%2F..%2Fudm%2F..%2Fes_SV%2F..%2Fkar%2F..%2Ftzm HTTP/1.1" 200 1562 "-" "Mozilla/5.0 AppleWebKit/537.36 (KHTML, like Gecko; compatible; ClaudeBot/1.0; +claudebot@anthropic.com)"
3.21.125.194 - - [29/Apr/2025:08:45:42 -0400] "GET /ad917/?path=%2Fhome%2Fservlmvm%2F..%2F..%2Fusr%2Fshare%2Faclocal%2F..%2Flocale%2Fnon%2F.%2F..%2Fuz%2F..%2Ftt%2F..%2Fmai%2F..%2Fro_RO%2F..%2Fte%2F..%2Fnai HTTP/1.1" 200 1602 "-" "Mozilla/5.0 AppleWebKit/537.36 (KHTML, like Gecko; compatible; ClaudeBot/1.0; +claudebot@anthropic.com)"
198.54.116.86 - - [29/Apr/2025:08:45:45 -0400] "POST /wp-cron.php?doing_wp_cron=1745930745.3981089591979980468750 HTTP/1.1" 200 0 "-" "WordPress/6.8; https://servethepeopleinc.org"
52.167.144.191 - - [29/Apr/2025:08:45:45 -0400] "GET /special62310004.shtml HTTP/1.1" 404 16941 "-" "Mozilla/5.0 AppleWebKit/537.36 (KHTML, like Gecko; compatible; bingbot/2.0; +http://www.bing.com/bingbot.htm) Chrome/116.0.1938.76 Safari/537.36"
3.21.125.194 - - [29/Apr/2025:08:45:45 -0400] "GET /ad917/?path=%2Fhome%2F.%2F..%2F..%2Fvar%2Flib%2F..%2Fsoftaculous%2Fmyadmin49%2F..%2Fmyt%2F..%2F.%2Focart23%2F..%2Finvoice%2F..%2Fclaro%2F..%2Fcmsimple HTTP/1.1" 200 2137 "-" "Mozilla/5.0 AppleWebKit/537.36 (KHTML, like Gecko; compatible; ClaudeBot/1.0; +claudebot@anthropic.com)"
52.167.144.229 - - [29/Apr/2025:08:45:47 -0400] "GET /goods/h/gurding8217212.shtml HTTP/1.1" 301 0 "-" "Mozilla/5.0 AppleWebKit/537.36 (KHTML, like Gecko; compatible; bingbot/2.0; +http://www.bing.com/bingbot.htm) Chrome/116.0.1938.76 Safari/537.36"
3.21.125.194 - - [29/Apr/2025:08:45:48 -0400] "GET /ad917/?path=%2Fhome%2Fservlmvm%2F..%2F..%2Fusr%2Fshare%2Faclocal%2F..%2Flocale%2Fnon%2F.%2F..%2Fit_IT%2F..%2Ffil%2F..%2Fid%2F..%2Ffr_FR%2F..%2Farn%2F..%2Fza HTTP/1.1" 200 1598 "-" "Mozilla/5.0 AppleWebKit/537.36 (KHTML, like Gecko; compatible; ClaudeBot/1.0; +claudebot@anthropic.com)"
66.249.65.168 - - [29/Apr/2025:08:45:49 -0400] "GET /info/ri/auratum/37447132.shtml HTTP/1.1" 404 16949 "-" "Mozilla/5.0 (Linux; Android 6.0.1; Nexus 5X Build/MMB29P) AppleWebKit/537.36 (KHTML, like Gecko) Chrome/135.0.7049.95 Mobile Safari/537.36 (compatible; Googlebot/2.1; +http://www.google.com/bot.html)"
198.54.116.86 - - [29/Apr/2025:08:45:56 -0400] "POST /wp-cron.php?doing_wp_cron=1745930756.5524969100952148437500 HTTP/1.1" 200 0 "-" "WordPress/6.8; https://servethepeopleinc.org"
52.167.144.235 - - [29/Apr/2025:08:45:56 -0400] "GET /goodscode/2533188.shtml HTTP/1.1" 301 0 "-" "Mozilla/5.0 AppleWebKit/537.36 (KHTML, like Gecko; compatible; bingbot/2.0; +http://www.bing.com/bingbot.htm) Chrome/116.0.1938.76 Safari/537.36"
198.54.116.86 - - [29/Apr/2025:08:45:56 -0400] "POST /wp-admin/admin-ajax.php?action=async_litespeed&nonce=HyXACP9QDY5SIrzo1ciY0spNhzyPx6k8&litespeed_type=imgoptm HTTP/1.1" 200 21 "-" "WordPress/6.8; https://servethepeopleinc.org"
66.249.65.169 - - [29/Apr/2025:08:46:02 -0400] "GET /goodscode/consignation29121052.shtml HTTP/1.1" 404 16939 "-" "Mozilla/5.0 (Linux; Android 6.0.1; Nexus 5X Build/MMB29P) AppleWebKit/537.36 (KHTML, like Gecko) Chrome/135.0.7049.95 Mobile Safari/537.36 (compatible; GoogleOther)"
52.167.144.177 - - [29/Apr/2025:08:46:05 -0400] "GET /products76096150.shtml HTTP/1.1" 404 16941 "-" "Mozilla/5.0 AppleWebKit/537.36 (KHTML, like Gecko; compatible; bingbot/2.0; +http://www.bing.com/bingbot.htm) Chrome/116.0.1938.76 Safari/537.36"
198.54.116.86 - - [29/Apr/2025:08:46:16 -0400] "POST /wp-cron.php?doing_wp_cron=1745930776.8441679477691650390625 HTTP/1.1" 200 0 "-" "WordPress/6.8; https://servethepeopleinc.org"
52.167.144.177 - - [29/Apr/2025:08:46:16 -0400] "GET /detail54121284.shtml HTTP/1.1" 404 16941 "-" "Mozilla/5.0 AppleWebKit/537.36 (KHTML, like Gecko; compatible; bingbot/2.0; +http://www.bing.com/bingbot.htm) Chrome/116.0.1938.76 Safari/537.36"
18.219.32.237 - - [29/Apr/2025:08:46:24 -0400] "GET /ad917/?path=%2Fhome%2Fservlmvm%2F..%2F..%2Fusr%2Fshare%2Faclocal%2F..%2Flocale%2Fchg%2F..%2Fudm%2F..%2Fes_SV%2F..%2Ftig%2F..%2Fet_EE HTTP/1.1" 200 1560 "-" "Mozilla/5.0 AppleWebKit/537.36 (KHTML, like Gecko; compatible; ClaudeBot/1.0; +claudebot@anthropic.com)"
52.167.144.229 - - [29/Apr/2025:08:46:25 -0400] "GET /product/hyperventilation51632448.shtml HTTP/1.1" 301 0 "-" "Mozilla/5.0 AppleWebKit/537.36 (KHTML, like Gecko; compatible; bingbot/2.0; +http://www.bing.com/bingbot.htm) Chrome/116.0.1938.76 Safari/537.36"
52.167.144.191 - - [29/Apr/2025:08:46:25 -0400] "GET /product10545974.shtml HTTP/1.1" 404 16940 "-" "Mozilla/5.0 AppleWebKit/537.36 (KHTML, like Gecko; compatible; bingbot/2.0; +http://www.bing.com/bingbot.htm) Chrome/116.0.1938.76 Safari/537.36"
18.219.32.237 - - [29/Apr/2025:08:46:27 -0400] "GET /ad917/?path=%2Fhome%2Fservlmvm%2F..%2F..%2Fusr%2Fshare%2Faclocal%2F..%2Flocale%2Fnon%2F.%2F..%2Fit_IT%2F..%2Ffil%2F..%2Fid%2F..%2Fkro%2F..%2Fnn_NO%2F..%2Fniu HTTP/1.1" 200 1591 "-" "Mozilla/5.0 AppleWebKit/537.36 (KHTML, like Gecko; compatible; ClaudeBot/1.0; +claudebot@anthropic.com)"
18.219.32.237 - - [29/Apr/2025:08:46:30 -0400] "GET /ad917/?path=%2Fhome%2F.%2F..%2F..%2Fvar%2Flib%2F..%2Fsoftaculous%2Fmyadmin49%2F..%2Fmyt%2F..%2Fdada%2F..%2Fowa%2F..%2Flime%2F..%2Fgoffice62%2F..%2Fwp53 HTTP/1.1" 200 2735 "-" "Mozilla/5.0 AppleWebKit/537.36 (KHTML, like Gecko; compatible; ClaudeBot/1.0; +claudebot@anthropic.com)"
18.219.32.237 - - [29/Apr/2025:08:46:33 -0400] "GET /ad917/?path=%2Fhome%2Fservlmvm%2F..%2F..%2Fusr%2Fshare%2Faclocal%2F..%2Flocale%2Fnon%2F.%2F..%2Fuz%2F..%2Ftt%2F..%2Fmai%2F..%2Fro_RO%2F..%2Fte%2F..%2Fegy HTTP/1.1" 200 1601 "-" "Mozilla/5.0 AppleWebKit/537.36 (KHTML, like Gecko; compatible; ClaudeBot/1.0; +claudebot@anthropic.com)"
18.219.32.237 - - [29/Apr/2025:08:46:36 -0400] "GET /ad917/?path=%2Fhome%2Fservlmvm%2F..%2F..%2Fusr%2Fshare%2Faclocal%2F..%2Flocale%2Fnon%2F.%2F..%2Fit_IT%2F..%2Ffil%2F..%2Fid%2F..%2Ffr_FR%2F..%2Farn%2F..%2Fkro HTTP/1.1" 200 1600 "-" "Mozilla/5.0 AppleWebKit/537.36 (KHTML, like Gecko; compatible; ClaudeBot/1.0; +claudebot@anthropic.com)"
52.167.144.177 - - [29/Apr/2025:08:46:38 -0400] "GET /products/majorities74072338.shtml HTTP/1.1" 404 16942 "-" "Mozilla/5.0 AppleWebKit/537.36 (KHTML, like Gecko; compatible; bingbot/2.0; +http://www.bing.com/bingbot.htm) Chrome/116.0.1938.76 Safari/537.36"
18.219.32.237 - - [29/Apr/2025:08:46:39 -0400] "GET /ad917/?path=%2Fhome%2Fservlmvm%2F..%2F..%2Fusr%2Fshare%2Faclocal%2F..%2Flocale%2Fnon%2F.%2F..%2Fsal%2F..%2Fcmn%2F..%2Fid%2F..%2Fhil%2F..%2Fhmn%2F..%2Fkmb HTTP/1.1" 200 1604 "-" "Mozilla/5.0 AppleWebKit/537.36 (KHTML, like Gecko; compatible; ClaudeBot/1.0; +claudebot@anthropic.com)"
18.219.32.237 - - [29/Apr/2025:08:46:42 -0400] "GET /ad917/?path=%2Fhome%2Fservlmvm%2F..%2F..%2Fusr%2Fshare%2Faclocal%2F..%2Flocale%2Fnon%2F.%2F..%2Fsal%2F..%2Fcmn%2F..%2Fid%2F..%2Fhil%2F..%2Fho%2F..%2Fhmn HTTP/1.1" 200 1599 "-" "Mozilla/5.0 AppleWebKit/537.36 (KHTML, like Gecko; compatible; ClaudeBot/1.0; +claudebot@anthropic.com)"
18.219.32.237 - - [29/Apr/2025:08:46:45 -0400] "GET /ad917/?path=%2Fhome%2F.%2F..%2F..%2Fvar%2Flib%2F..%2Fsoftaculous%2Fmyadmin49%2F..%2Fmyt%2F..%2F.%2Focart23%2F..%2Finvoice%2F..%2Fclaro%2F..%2Fqloapps HTTP/1.1" 200 2192 "-" "Mozilla/5.0 AppleWebKit/537.36 (KHTML, like Gecko; compatible; ClaudeBot/1.0; +claudebot@anthropic.com)"
52.167.144.177 - - [29/Apr/2025:08:46:47 -0400] "GET /product/ggc/bragi/ HTTP/1.1" 404 16950 "-" "Mozilla/5.0 AppleWebKit/537.36 (KHTML, like Gecko; compatible; bingbot/2.0; +http://www.bing.com/bingbot.htm) Chrome/116.0.1938.76 Safari/537.36"
18.219.32.237 - - [29/Apr/2025:08:46:48 -0400] "GET /ad917/?path=%2Fhome%2Fservlmvm%2F..%2F..%2Fusr%2Fshare%2Faclocal%2F..%2Flocale%2Fnon%2F.%2F..%2Fuz%2F..%2Ftt%2F..%2Fmai%2F..%2Fbyn%2F..%2Fshn%2F..%2Fmni HTTP/1.1" 200 1605 "-" "Mozilla/5.0 AppleWebKit/537.36 (KHTML, like Gecko; compatible; ClaudeBot/1.0; +claudebot@anthropic.com)"
18.219.32.237 - - [29/Apr/2025:08:46:51 -0400] "GET /ad917/?path=%2Fhome%2Fservlmvm%2F..%2F..%2Fusr%2Fshare%2Faclocal%2F..%2Flocale%2Fnon%2F.%2F..%2Fit_IT%2F..%2Ffil%2F..%2Fid%2F..%2Ffr_FR%2F..%2Farn%2F..%2Fkmb HTTP/1.1" 200 1602 "-" "Mozilla/5.0 AppleWebKit/537.36 (KHTML, like Gecko; compatible; ClaudeBot/1.0; +claudebot@anthropic.com)"
18.219.32.237 - - [29/Apr/2025:08:46:54 -0400] "GET /ad917/?path=%2Fhome%2Fservlmvm%2F..%2F..%2Fusr%2Fshare%2Faclocal%2F..%2Flocale%2Fnon%2F.%2F..%2Fuz%2F..%2Fsyr%2F..%2Faus%2F..%2Fmyv%2F..%2Ftiv%2F..%2Fwa HTTP/1.1" 200 1610 "-" "Mozilla/5.0 AppleWebKit/537.36 (KHTML, like Gecko; compatible; ClaudeBot/1.0; +claudebot@anthropic.com)"
18.219.32.237 - - [29/Apr/2025:08:46:57 -0400] "GET /ad917/?path=%2Fhome%2Fservlmvm%2F..%2F..%2Fusr%2Fshare%2Faclocal%2F..%2Flocale%2Fnon%2F.%2F..%2Fuz%2F..%2Ftt%2F..%2Fmai%2F..%2Fro_RO%2F..%2Fte%2F..%2Fka_GE HTTP/1.1" 200 1594 "-" "Mozilla/5.0 AppleWebKit/537.36 (KHTML, like Gecko; compatible; ClaudeBot/1.0; +claudebot@anthropic.com)"
18.219.32.237 - - [29/Apr/2025:08:47:00 -0400] "GET /ad917/?path=%2Fhome%2F.%2F..%2F..%2Flib%2Frpm%2F..%2Fmodules%2F..%2F.build-id%2F50%2F..%2F60%2F..%2F9a%2F..%2Fcc%2F..%2F72%2F..%2F1f%2F..%2F98%2F..%2Ffb HTTP/1.1" 200 3016 "-" "Mozilla/5.0 AppleWebKit/537.36 (KHTML, like Gecko; compatible; ClaudeBot/1.0; +claudebot@anthropic.com)"
18.219.32.237 - - [29/Apr/2025:08:47:03 -0400] "GET /ad917/?path=%2Fhome%2F.%2F..%2F..%2Fvar%2Flib%2F..%2Fsoftaculous%2Fmyadmin49%2F..%2Fpopoji%2F..%2Fmoodle42%2F..%2Fapprain%2F..%2Fselfoss%2F..%2Ftiki HTTP/1.1" 200 2146 "-" "Mozilla/5.0 AppleWebKit/537.36 (KHTML, like Gecko; compatible; ClaudeBot/1.0; +claudebot@anthropic.com)"
18.219.32.237 - - [29/Apr/2025:08:47:06 -0400] "GET /ad917/?path=%2Fhome%2Fservlmvm%2F..%2F..%2Fusr%2Fshare%2Faclocal%2F..%2Flocale%2Fchg%2F..%2Fudm%2F..%2Fes_SV%2F..%2Ftig%2F..%2Ffat HTTP/1.1" 200 1557 "-" "Mozilla/5.0 AppleWebKit/537.36 (KHTML, like Gecko; compatible; ClaudeBot/1.0; +claudebot@anthropic.com)"
198.54.116.86 - - [29/Apr/2025:08:47:06 -0400] "POST /wp-cron.php?doing_wp_cron=1745930826.5969800949096679687500 HTTP/1.1" 200 0 "-" "WordPress/6.8; https://servethepeopleinc.org"
52.167.144.166 - - [29/Apr/2025:08:47:06 -0400] "GET /product30347248.shtml HTTP/1.1" 404 16941 "-" "Mozilla/5.0 AppleWebKit/537.36 (KHTML, like Gecko; compatible; bingbot/2.0; +http://www.bing.com/bingbot.htm) Chrome/116.0.1938.76 Safari/537.36"
198.54.116.86 - - [29/Apr/2025:08:47:06 -0400] "POST /wp-admin/admin-ajax.php?action=async_litespeed&nonce=DWfLu6rfnctdZAGkPQWqefwrTislqTmM&litespeed_type=imgoptm HTTP/1.1" 200 21 "-" "WordPress/6.8; https://servethepeopleinc.org"
18.219.32.237 - - [29/Apr/2025:08:47:09 -0400] "GET /ad917/?path=%2Fhome%2Fservlmvm%2F..%2F..%2Fusr%2Fshare%2Faclocal%2F..%2Flocale%2F.%2Fmap%2F..%2Fzxx%2F..%2Ftt%2F..%2Fes_GT%2F..%2Fdv%2F..%2Fde_AT%2F..%2Fja HTTP/1.1" 200 1667 "-" "Mozilla/5.0 AppleWebKit/537.36 (KHTML, like Gecko; compatible; ClaudeBot/1.0; +claudebot@anthropic.com)"
18.219.32.237 - - [29/Apr/2025:08:47:12 -0400] "GET /ad917/?path=%2Fhome%2Fservlmvm%2F..%2F..%2Fusr%2Fshare%2Faclocal%2F..%2Flocale%2F.%2Fmap%2F..%2Fzxx%2F..%2Ftt%2F..%2Fes_GT%2F..%2Fhmn%2F..%2Ffil%2F..%2Fraj HTTP/1.1" 200 1598 "-" "Mozilla/5.0 AppleWebKit/537.36 (KHTML, like Gecko; compatible; ClaudeBot/1.0; +claudebot@anthropic.com)"
18.219.32.237 - - [29/Apr/2025:08:47:15 -0400] "GET /ad917/?path=%2Fhome%2Fservlmvm%2F..%2F..%2Fusr%2Fshare%2Faclocal%2F..%2Flocale%2Fnon%2F.%2F..%2Fuz%2F..%2Fsyr%2F..%2Faus%2F..%2Fmyv%2F..%2Ftiv%2F..%2Fmen HTTP/1.1" 200 1605 "-" "Mozilla/5.0 AppleWebKit/537.36 (KHTML, like Gecko; compatible; ClaudeBot/1.0; +claudebot@anthropic.com)"
18.219.32.237 - - [29/Apr/2025:08:47:18 -0400] "GET /ad917/?path=%2Fhome%2Fservlmvm%2F..%2F..%2Fusr%2Fshare%2Faclocal%2F..%2Flocale%2F.%2Fmap%2F..%2Fzxx%2F..%2Fbej%2F..%2Fes_GT%2F..%2Fdv%2F..%2Fde_AT%2F..%2Fkru HTTP/1.1" 200 1597 "-" "Mozilla/5.0 AppleWebKit/537.36 (KHTML, like Gecko; compatible; ClaudeBot/1.0; +claudebot@anthropic.com)"
18.219.32.237 - - [29/Apr/2025:08:47:21 -0400] "GET /ad917/?path=%2Fhome%2Fservlmvm%2F..%2F..%2Fusr%2Fshare%2Faclocal%2F..%2Flocale%2Fnon%2F.%2F..%2Fit_IT%2F..%2Ffil%2F..%2Fid%2F..%2Ffr_FR%2F..%2Farn%2F..%2Fpon HTTP/1.1" 200 1598 "-" "Mozilla/5.0 AppleWebKit/537.36 (KHTML, like Gecko; compatible; ClaudeBot/1.0; +claudebot@anthropic.com)"
18.219.32.237 - - [29/Apr/2025:08:47:24 -0400] "GET /ad917/?path=%2Fhome%2Fservlmvm%2F..%2F..%2Fusr%2Fshare%2Faclocal%2F..%2Flocale%2Fnon%2F.%2F..%2Fuz%2F..%2Ftt%2F..%2Fmai%2F..%2Fro_RO%2F..%2Fkbd%2F..%2Fhmn HTTP/1.1" 200 1600 "-" "Mozilla/5.0 AppleWebKit/537.36 (KHTML, like Gecko; compatible; ClaudeBot/1.0; +claudebot@anthropic.com)"
198.54.116.86 - - [29/Apr/2025:08:47:24 -0400] "POST /wp-cron.php?doing_wp_cron=1745930844.8870480060577392578125 HTTP/1.1" 200 0 "-" "WordPress/6.8; https://servethepeopleinc.org"
52.167.144.235 - - [29/Apr/2025:08:47:24 -0400] "GET /goods/oca/bleeder/52207558.shtml HTTP/1.1" 301 0 "-" "Mozilla/5.0 AppleWebKit/537.36 (KHTML, like Gecko; compatible; bingbot/2.0; +http://www.bing.com/bingbot.htm) Chrome/116.0.1938.76 Safari/537.36"
52.167.144.191 - - [29/Apr/2025:08:47:26 -0400] "GET /shopdetail/99121742.shtml HTTP/1.1" 404 16940 "-" "Mozilla/5.0 AppleWebKit/537.36 (KHTML, like Gecko; compatible; bingbot/2.0; +http://www.bing.com/bingbot.htm) Chrome/116.0.1938.76 Safari/537.36"
18.219.32.237 - - [29/Apr/2025:08:47:27 -0400] "GET /ad917/?path=%2Fhome%2Fservlmvm%2F..%2F..%2Fusr%2Fshare%2Faclocal%2F..%2Flocale%2Fnon%2F.%2F..%2Fit_IT%2F..%2Ffil%2F..%2Fid%2F..%2Ffr_FR%2F..%2Fjpr%2F..%2Fja HTTP/1.1" 200 1667 "-" "Mozilla/5.0 AppleWebKit/537.36 (KHTML, like Gecko; compatible; ClaudeBot/1.0; +claudebot@anthropic.com)"
52.167.144.229 - - [29/Apr/2025:08:47:29 -0400] "GET /goodscode/ieu/enterocoele/24573218.shtml HTTP/1.1" 301 0 "-" "Mozilla/5.0 AppleWebKit/537.36 (KHTML, like Gecko; compatible; bingbot/2.0; +http://www.bing.com/bingbot.htm) Chrome/116.0.1938.76 Safari/537.36"
18.219.32.237 - - [29/Apr/2025:08:47:30 -0400] "GET /ad917/?path=%2Fhome%2Fservlmvm%2F..%2F..%2Fusr%2Fshare%2Faclocal%2F..%2Flocale%2F.%2Fmap%2F..%2Fzxx%2F..%2Ftt%2F..%2Fes_GT%2F..%2Fhmn%2F..%2Ffil%2F..%2Fnog HTTP/1.1" 200 1599 "-" "Mozilla/5.0 AppleWebKit/537.36 (KHTML, like Gecko; compatible; ClaudeBot/1.0; +claudebot@anthropic.com)"
18.219.32.237 - - [29/Apr/2025:08:47:33 -0400] "GET /ad917/?path=%2Fhome%2Fservlmvm%2F..%2F..%2Fusr%2Fshare%2Faclocal%2F..%2Flocale%2Fchg%2F..%2Fudm%2F..%2Fes_SV%2F..%2Ftig%2F..%2Fak HTTP/1.1" 200 1564 "-" "Mozilla/5.0 AppleWebKit/537.36 (KHTML, like Gecko; compatible; ClaudeBot/1.0; +claudebot@anthropic.com)"
52.167.144.235 - - [29/Apr/2025:08:47:35 -0400] "GET /item49335766.shtml HTTP/1.1" 301 0 "-" "Mozilla/5.0 AppleWebKit/537.36 (KHTML, like Gecko; compatible; bingbot/2.0; +http://www.bing.com/bingbot.htm) Chrome/116.0.1938.76 Safari/537.36"
18.219.32.237 - - [29/Apr/2025:08:47:36 -0400] "GET /ad917/?path=%2Fhome%2Fservlmvm%2F..%2F..%2Fusr%2Fshare%2Faclocal%2F..%2Flocale%2Fnon%2F.%2F..%2Fuz%2F..%2Ftt%2F..%2Fmai%2F..%2Fbyn%2F..%2Fshn%2F..%2Fnyo HTTP/1.1" 200 1609 "-" "Mozilla/5.0 AppleWebKit/537.36 (KHTML, like Gecko; compatible; ClaudeBot/1.0; +claudebot@anthropic.com)"
18.219.32.237 - - [29/Apr/2025:08:47:39 -0400] "GET /ad917/?path=%2Fhome%2F.%2F..%2F..%2Fvar%2Flib%2F..%2Fsoftaculous%2Fmyadmin49%2F..%2Fpopoji%2F..%2Fmoodle42%2F..%2Fapprain%2F..%2Fselfoss%2F..%2Fzurmo HTTP/1.1" 200 2192 "-" "Mozilla/5.0 AppleWebKit/537.36 (KHTML, like Gecko; compatible; ClaudeBot/1.0; +claudebot@anthropic.com)"
18.219.32.237 - - [29/Apr/2025:08:47:42 -0400] "GET /ad917/?path=%2Fhome%2Fservlmvm%2F..%2F..%2Fusr%2Fshare%2Faclocal%2F..%2Flocale%2F.%2Fmap%2F..%2Fzxx%2F..%2Ftt%2F..%2Fes_GT%2F..%2Fhmn%2F..%2Fde_CH%2F..%2Fdv HTTP/1.1" 200 1597 "-" "Mozilla/5.0 AppleWebKit/537.36 (KHTML, like Gecko; compatible; ClaudeBot/1.0; +claudebot@anthropic.com)"
18.219.32.237 - - [29/Apr/2025:08:47:45 -0400] "GET /ad917/?path=%2Fhome%2F.%2F..%2F..%2Fvar%2Flib%2F..%2Fsoftaculous%2Fmyadmin49%2F..%2Fmyt%2F..%2F.%2Focart23%2F..%2Finvoice%2F..%2Fclaro%2F..%2Fninja4 HTTP/1.1" 200 2220 "-" "Mozilla/5.0 AppleWebKit/537.36 (KHTML, like Gecko; compatible; ClaudeBot/1.0; +claudebot@anthropic.com)"
52.167.144.166 - - [29/Apr/2025:08:47:47 -0400] "GET /detail44579872.shtml HTTP/1.1" 404 16941 "-" "Mozilla/5.0 AppleWebKit/537.36 (KHTML, like Gecko; compatible; bingbot/2.0; +http://www.bing.com/bingbot.htm) Chrome/116.0.1938.76 Safari/537.36"
18.219.32.237 - - [29/Apr/2025:08:47:48 -0400] "GET /ad917/?path=%2Fhome%2Fservlmvm%2F..%2F..%2Fusr%2Fshare%2Faclocal%2F..%2Flocale%2F.%2Fmap%2F..%2Fzxx%2F..%2Ftt%2F..%2Fes_GT%2F..%2Fhmn%2F..%2Fde_CH%2F..%2Fsa HTTP/1.1" 200 1598 "-" "Mozilla/5.0 AppleWebKit/537.36 (KHTML, like Gecko; compatible; ClaudeBot/1.0; +claudebot@anthropic.com)"
40.77.167.4 - - [29/Apr/2025:08:47:49 -0400] "GET /shopbrand/52900088.shtml HTTP/1.1" 301 0 "-" "Mozilla/5.0 AppleWebKit/537.36 (KHTML, like Gecko; compatible; bingbot/2.0; +http://www.bing.com/bingbot.htm) Chrome/116.0.1938.76 Safari/537.36"
18.219.32.237 - - [29/Apr/2025:08:47:51 -0400] "GET /ad917/?path=%2Fhome%2Fservlmvm%2F..%2F..%2Fusr%2Fshare%2Faclocal%2F..%2Flocale%2F.%2Fmap%2F..%2Fzxx%2F..%2Fbej%2F..%2Fes_GT%2F..%2Fdv%2F..%2Fkm_KH%2F..%2Fsem HTTP/1.1" 200 1597 "-" "Mozilla/5.0 AppleWebKit/537.36 (KHTML, like Gecko; compatible; ClaudeBot/1.0; +claudebot@anthropic.com)"
18.219.32.237 - - [29/Apr/2025:08:47:54 -0400] "GET /ad917/?path=%2Fhome%2F.%2F..%2F..%2Fvar%2Flib%2F..%2Fsoftaculous%2Fmyadmin49%2F..%2Fmyt%2F..%2Fhizup%2F..%2Fagora%2F..%2Fhelpdeskz%2F..%2F.%2Fdrupal10 HTTP/1.1" 200 2286 "-" "Mozilla/5.0 AppleWebKit/537.36 (KHTML, like Gecko; compatible; ClaudeBot/1.0; +claudebot@anthropic.com)"
198.54.116.86 - - [29/Apr/2025:08:47:57 -0400] "POST /wp-cron.php?doing_wp_cron=1745930877.2626149654388427734375 HTTP/1.1" 200 0 "-" "WordPress/6.8; https://servethepeopleinc.org"
52.167.144.166 - - [29/Apr/2025:08:47:57 -0400] "GET /products/pc/inconstance20277532.shtml HTTP/1.1" 404 16950 "-" "Mozilla/5.0 AppleWebKit/537.36 (KHTML, like Gecko; compatible; bingbot/2.0; +http://www.bing.com/bingbot.htm) Chrome/116.0.1938.76 Safari/537.36"
18.219.32.237 - - [29/Apr/2025:08:47:57 -0400] "GET /ad917/?path=%2Fhome%2Fservlmvm%2F..%2F..%2Fusr%2Fshare%2Faclocal%2F..%2Flocale%2F.%2Fmap%2F..%2Fzxx%2F..%2Ftt%2F..%2Fes_GT%2F..%2Fhmn%2F..%2Ffil%2F..%2Feo HTTP/1.1" 200 1635 "-" "Mozilla/5.0 AppleWebKit/537.36 (KHTML, like Gecko; compatible; ClaudeBot/1.0; +claudebot@anthropic.com)"
198.54.116.86 - - [29/Apr/2025:08:47:57 -0400] "POST /wp-admin/admin-ajax.php?action=async_litespeed&nonce=0J5bCvdst5cdvMLzB0BeZ1yGbfR6Ahdr&litespeed_type=imgoptm HTTP/1.1" 200 21 "-" "WordPress/6.8; https://servethepeopleinc.org"
18.219.32.237 - - [29/Apr/2025:08:48:00 -0400] "GET /ad917/?path=%2Fhome%2F.%2F..%2F..%2Fvar%2Flib%2F..%2Fsoftaculous%2Fmyadmin49%2F..%2Fmyt%2F..%2Fdada%2F..%2Fowa%2F..%2Flime%2F..%2Fuvdesk%2F..%2Fmybb HTTP/1.1" 200 2388 "-" "Mozilla/5.0 AppleWebKit/537.36 (KHTML, like Gecko; compatible; ClaudeBot/1.0; +claudebot@anthropic.com)"
18.219.32.237 - - [29/Apr/2025:08:48:03 -0400] "GET /ad917/?path=%2Fhome%2F.%2F..%2F..%2Fvar%2Flib%2F..%2Fsoftaculous%2Fmyadmin49%2F..%2Fmyt%2F..%2Fdada%2F..%2Fowa%2F..%2Flime%2F..%2Fuvdesk%2F..%2Fpmwiki HTTP/1.1" 200 2185 "-" "Mozilla/5.0 AppleWebKit/537.36 (KHTML, like Gecko; compatible; ClaudeBot/1.0; +claudebot@anthropic.com)"
52.167.144.193 - - [29/Apr/2025:08:48:04 -0400] "GET /detail27853098.shtml HTTP/1.1" 404 16941 "-" "Mozilla/5.0 AppleWebKit/537.36 (KHTML, like Gecko; compatible; bingbot/2.0; +http://www.bing.com/bingbot.htm) Chrome/116.0.1938.76 Safari/537.36"
18.219.32.237 - - [29/Apr/2025:08:48:06 -0400] "GET /ad917/?path=%2Fhome%2Fservlmvm%2F..%2F..%2Fusr%2Fshare%2Faclocal%2F..%2Flocale%2Fnon%2F.%2F..%2Fit_IT%2F..%2Ffil%2F..%2Fid%2F..%2Fkro%2F..%2Fnn_NO%2F..%2Fpro HTTP/1.1" 200 1592 "-" "Mozilla/5.0 AppleWebKit/537.36 (KHTML, like Gecko; compatible; ClaudeBot/1.0; +claudebot@anthropic.com)"
52.167.144.193 - - [29/Apr/2025:08:48:08 -0400] "GET /product50822882.shtml HTTP/1.1" 404 16941 "-" "Mozilla/5.0 AppleWebKit/537.36 (KHTML, like Gecko; compatible; bingbot/2.0; +http://www.bing.com/bingbot.htm) Chrome/116.0.1938.76 Safari/537.36"
18.219.32.237 - - [29/Apr/2025:08:48:09 -0400] "GET /ad917/?path=%2Fhome%2F.%2F..%2F..%2Fvar%2Flib%2F..%2Fsoftaculous%2Fmyadmin49%2F..%2Fmyt%2F..%2F.%2Focart23%2F..%2Fadmidio%2F..%2Fmahara%2F..%2Fwp60 HTTP/1.1" 200 2588 "-" "Mozilla/5.0 AppleWebKit/537.36 (KHTML, like Gecko; compatible; ClaudeBot/1.0; +claudebot@anthropic.com)"
18.219.32.237 - - [29/Apr/2025:08:48:12 -0400] "GET /ad917/?path=%2Fhome%2Fservlmvm%2F..%2F..%2Fusr%2Fshare%2Faclocal%2F..%2Flocale%2Fnon%2F.%2F..%2Fit_IT%2F..%2Ffil%2F..%2Fid%2F..%2Fkro%2F..%2Fbej%2F..%2Fdsb HTTP/1.1" 200 1608 "-" "Mozilla/5.0 AppleWebKit/537.36 (KHTML, like Gecko; compatible; ClaudeBot/1.0; +claudebot@anthropic.com)"
66.249.65.169 - - [29/Apr/2025:08:48:12 -0400] "GET /detail79801386.shtml HTTP/1.1" 404 16940 "-" "Mozilla/5.0 (Linux; Android 6.0.1; Nexus 5X Build/MMB29P) AppleWebKit/537.36 (KHTML, like Gecko) Chrome/135.0.7049.95 Mobile Safari/537.36 (compatible; Googlebot/2.1; +http://www.google.com/bot.html)"
18.219.32.237 - - [29/Apr/2025:08:48:15 -0400] "GET /ad917/?path=%2Fhome%2F.%2F..%2F..%2Fvar%2Flib%2F..%2Fsoftaculous%2Fmyadmin49%2F..%2Fhelpdeskz%2F.%2F..%2Fslims%2F..%2Ftraq%2Fimport.php HTTP/1.1" 200 3816 "-" "Mozilla/5.0 AppleWebKit/537.36 (KHTML, like Gecko; compatible; ClaudeBot/1.0; +claudebot@anthropic.com)"
18.219.32.237 - - [29/Apr/2025:08:48:18 -0400] "GET /ad917/?path=%2Fhome%2Fservlmvm%2F..%2F..%2Fusr%2Fshare%2Faclocal%2F..%2Flocale%2Fchg%2F..%2Fudm%2F..%2Fes_SV%2F..%2Ftig%2F..%2Fibo HTTP/1.1" 200 1557 "-" "Mozilla/5.0 AppleWebKit/537.36 (KHTML, like Gecko; compatible; ClaudeBot/1.0; +claudebot@anthropic.com)"
18.219.32.237 - - [29/Apr/2025:08:48:21 -0400] "GET /ad917/?path=%2Fhome%2Fservlmvm%2F..%2F..%2Fusr%2Fshare%2Faclocal%2F..%2Flocale%2Fnon%2F.%2F..%2Fit_IT%2F..%2Ffil%2F..%2Fid%2F..%2Fkro%2F..%2Fvai%2F..%2Fms HTTP/1.1" 200 1628 "-" "Mozilla/5.0 AppleWebKit/537.36 (KHTML, like Gecko; compatible; ClaudeBot/1.0; +claudebot@anthropic.com)"
18.219.32.237 - - [29/Apr/2025:08:48:24 -0400] "GET /ad917/?path=%2Fhome%2Fservlmvm%2F..%2F..%2Fusr%2Fshare%2Faclocal%2F..%2Flocale%2F.%2Fmap%2F..%2Fzxx%2F..%2Ftt%2F..%2Fes_GT%2F..%2Fhmn%2F..%2Fde_CH%2F..%2Fphn HTTP/1.1" 200 1603 "-" "Mozilla/5.0 AppleWebKit/537.36 (KHTML, like Gecko; compatible; ClaudeBot/1.0; +claudebot@anthropic.com)"
198.54.116.86 - - [29/Apr/2025:08:48:25 -0400] "POST /wp-cron.php?doing_wp_cron=1745930905.1009969711303710937500 HTTP/1.1" 200 0 "-" "WordPress/6.8; https://servethepeopleinc.org"
40.77.167.4 - - [29/Apr/2025:08:48:24 -0400] "GET /shopdetail/ii/etymologically51529174.shtml HTTP/1.1" 301 0 "-" "Mozilla/5.0 AppleWebKit/537.36 (KHTML, like Gecko; compatible; bingbot/2.0; +http://www.bing.com/bingbot.htm) Chrome/116.0.1938.76 Safari/537.36"
52.167.144.147 - - [29/Apr/2025:08:48:28 -0400] "GET /items/noctuidae102018920.shtml HTTP/1.1" 404 16941 "-" "Mozilla/5.0 AppleWebKit/537.36 (KHTML, like Gecko; compatible; bingbot/2.0; +http://www.bing.com/bingbot.htm) Chrome/116.0.1938.76 Safari/537.36"
66.249.65.168 - - [29/Apr/2025:08:48:33 -0400] "GET /detail/122493902.shtml HTTP/1.1" 404 16940 "-" "Mozilla/5.0 (Linux; Android 6.0.1; Nexus 5X Build/MMB29P) AppleWebKit/537.36 (KHTML, like Gecko) Chrome/135.0.7049.95 Mobile Safari/537.36 (compatible; Googlebot/2.1; +http://www.google.com/bot.html)"
52.167.144.235 - - [29/Apr/2025:08:48:36 -0400] "GET /entity/envisaging/96953472.shtml HTTP/1.1" 301 0 "-" "Mozilla/5.0 AppleWebKit/537.36 (KHTML, like Gecko; compatible; bingbot/2.0; +http://www.bing.com/bingbot.htm) Chrome/116.0.1938.76 Safari/537.36"
40.77.167.4 - - [29/Apr/2025:08:48:47 -0400] "GET /info/51505902.shtml HTTP/1.1" 301 0 "-" "Mozilla/5.0 AppleWebKit/537.36 (KHTML, like Gecko; compatible; bingbot/2.0; +http://www.bing.com/bingbot.htm) Chrome/116.0.1938.76 Safari/537.36"
52.167.144.177 - - [29/Apr/2025:08:48:48 -0400] "GET /items/proratable69281646.shtml HTTP/1.1" 404 16941 "-" "Mozilla/5.0 AppleWebKit/537.36 (KHTML, like Gecko; compatible; bingbot/2.0; +http://www.bing.com/bingbot.htm) Chrome/116.0.1938.76 Safari/537.36"
66.249.65.168 - - [29/Apr/2025:08:48:53 -0400] "GET /entity/o/verberation/40173718.shtml HTTP/1.1" 404 16949 "-" "Mozilla/5.0 (Linux; Android 6.0.1; Nexus 5X Build/MMB29P) AppleWebKit/537.36 (KHTML, like Gecko) Chrome/135.0.7049.95 Mobile Safari/537.36 (compatible; GoogleOther)"
198.54.116.86 - - [29/Apr/2025:08:48:58 -0400] "POST /wp-cron.php?doing_wp_cron=1745930938.2944281101226806640625 HTTP/1.1" 200 0 "-" "WordPress/6.8; https://servethepeopleinc.org"
52.167.144.177 - - [29/Apr/2025:08:48:58 -0400] "GET /detail89812926.shtml HTTP/1.1" 404 16941 "-" "Mozilla/5.0 AppleWebKit/537.36 (KHTML, like Gecko; compatible; bingbot/2.0; +http://www.bing.com/bingbot.htm) Chrome/116.0.1938.76 Safari/537.36"
198.54.116.86 - - [29/Apr/2025:08:48:58 -0400] "POST /wp-admin/admin-ajax.php?action=async_litespeed&nonce=RuB0dUYbcmgKML5P0qwYinyPkdjDaXpi&litespeed_type=imgoptm HTTP/1.1" 200 21 "-" "WordPress/6.8; https://servethepeopleinc.org"
18.190.152.109 - - [29/Apr/2025:08:49:04 -0400] "GET /ad917/?path=%2Fhome%2F.%2F..%2F..%2Flib%2Frpm%2F..%2Fmodules%2F..%2F.build-id%2Fd4%2F..%2F9f%2F..%2F37%2F..%2F1a%2F..%2F4f%2F..%2Fb5%2F..%2F7a HTTP/1.1" 200 2944 "-" "Mozilla/5.0 AppleWebKit/537.36 (KHTML, like Gecko; compatible; ClaudeBot/1.0; +claudebot@anthropic.com)"
