66.249.65.169 - - [29/Apr/2025:10:51:16 -0400] "GET /shopping/qi/calyxes19855038.shtml HTTP/1.1" 404 16951 "-" "Mozilla/5.0 (Linux; Android 6.0.1; Nexus 5X Build/MMB29P) AppleWebKit/537.36 (KHTML, like Gecko) Chrome/135.0.7049.95 Mobile Safari/537.36 (compatible; GoogleOther)"
198.54.116.86 - - [29/Apr/2025:10:51:17 -0400] "POST /wp-admin/admin-ajax.php?action=async_litespeed&nonce=QnivHTnkTVOtdhvnz2eMAjpnIdE7QMXJ&litespeed_type=imgoptm HTTP/1.1" 200 21 "-" "WordPress/6.8; https://servethepeopleinc.org"
52.167.144.180 - - [29/Apr/2025:10:51:19 -0400] "GET /products/f/cameos64148260.shtml HTTP/1.1" 404 16950 "-" "Mozilla/5.0 AppleWebKit/537.36 (KHTML, like Gecko; compatible; bingbot/2.0; +http://www.bing.com/bingbot.htm) Chrome/116.0.1938.76 Safari/537.36"
3.15.187.189 - - [29/Apr/2025:10:51:22 -0400] "GET /ad917/?path=%2Fhome%2Fservlmvm%2F..%2F..%2Fvar%2Fsoftaculous%2Fosclassified%2F..%2Focart4%2F.%2F.%2F.%2F..%2Fmt%2F..%2Fhotaru%2Fimages%2Fhotaru.png HTTP/1.1" 200 1050 "-" "Mozilla/5.0 AppleWebKit/537.36 (KHTML, like Gecko; compatible; ClaudeBot/1.0; +claudebot@anthropic.com)"
3.15.187.189 - - [29/Apr/2025:10:51:25 -0400] "GET /ad917/?path=%2Fhome%2F.%2F..%2F..%2Fvar%2Flog%2F..%2Fsoftaculous%2Fespo%2F..%2Fvxgb%2F..%2Felgg3%2Fimages%2Felgg3.png HTTP/1.1" 200 1019 "-" "Mozilla/5.0 AppleWebKit/537.36 (KHTML, like Gecko; compatible; ClaudeBot/1.0; +claudebot@anthropic.com)"
3.15.187.189 - - [29/Apr/2025:10:51:27 -0400] "GET /ad917/?path=%2Fhome%2Fservlmvm%2F..%2F..%2Fvar%2Fsoftaculous%2Fosclassified%2F..%2Fplikli%2F..%2Ftxtpat%2F..%2Fojs33%2Fojs33.zip HTTP/1.1" 200 1030 "-" "Mozilla/5.0 AppleWebKit/537.36 (KHTML, like Gecko; compatible; ClaudeBot/1.0; +claudebot@anthropic.com)"
3.15.187.189 - - [29/Apr/2025:10:51:30 -0400] "GET /ad917/?path=%2Fhome%2Fservlmvm%2F..%2F..%2Fvar%2Fsoftaculous%2Fosclassified%2F..%2Fplikli%2F..%2Ftxtpat%2F..%2Frealestate%2Frealestate.zip HTTP/1.1" 200 1033 "-" "Mozilla/5.0 AppleWebKit/537.36 (KHTML, like Gecko; compatible; ClaudeBot/1.0; +claudebot@anthropic.com)"
3.15.187.189 - - [29/Apr/2025:10:51:33 -0400] "GET /ad917/?path=%2Fhome%2Fservlmvm%2F..%2F..%2Fvar%2Fsoftaculous%2Fosclassified%2F..%2Focart4%2F.%2F.%2F.%2F..%2Fgallery%2F..%2Funa%2Fimages%2Funa.png HTTP/1.1" 200 1060 "-" "Mozilla/5.0 AppleWebKit/537.36 (KHTML, like Gecko; compatible; ClaudeBot/1.0; +claudebot@anthropic.com)"
3.15.187.189 - - [29/Apr/2025:10:51:36 -0400] "GET /ad917/?path=%2Fhome%2Fservlmvm%2F..%2F..%2Fvar%2Fsoftaculous%2Fosclassified%2F..%2Focart4%2F.%2F.%2F.%2F..%2Fmt%2F..%2Fhumhub%2Fimages%2Fhumhub.png HTTP/1.1" 200 1051 "-" "Mozilla/5.0 AppleWebKit/537.36 (KHTML, like Gecko; compatible; ClaudeBot/1.0; +claudebot@anthropic.com)"
52.167.144.228 - - [29/Apr/2025:10:51:37 -0400] "GET /goodscode/a/superfinical/85414754.shtml HTTP/1.1" 301 0 "-" "Mozilla/5.0 AppleWebKit/537.36 (KHTML, like Gecko; compatible; bingbot/2.0; +http://www.bing.com/bingbot.htm) Chrome/116.0.1938.76 Safari/537.36"
3.15.187.189 - - [29/Apr/2025:10:51:39 -0400] "GET /ad917/?path=%2Fhome%2Fservlmvm%2F..%2F..%2Fvar%2Fsoftaculous%2Fosclassified%2F..%2Fplikli%2F..%2Fe107%2F.%2F.%2Fimages%2F.%2F.%2Fe107.png HTTP/1.1" 200 1041 "-" "Mozilla/5.0 AppleWebKit/537.36 (KHTML, like Gecko; compatible; ClaudeBot/1.0; +claudebot@anthropic.com)"
3.15.187.189 - - [29/Apr/2025:10:51:42 -0400] "GET /ad917/?path=%2Fhome%2Fservlmvm%2F..%2F..%2Fvar%2Fsoftaculous%2Fosclassified%2F..%2Focart4%2F.%2F.%2F.%2F..%2Fspip%2F..%2Ftypo7%2Fimages%2Ftypo7.png HTTP/1.1" 200 1052 "-" "Mozilla/5.0 AppleWebKit/537.36 (KHTML, like Gecko; compatible; ClaudeBot/1.0; +claudebot@anthropic.com)"
3.15.187.189 - - [29/Apr/2025:10:51:45 -0400] "GET /ad917/?path=%2Fhome%2Fservlmvm%2F..%2F..%2Fvar%2Fsoftaculous%2Fosclassified%2F..%2Fplikli%2F..%2Ftxtpat%2F..%2Figalerie%2Figalerie.zip HTTP/1.1" 200 1033 "-" "Mozilla/5.0 AppleWebKit/537.36 (KHTML, like Gecko; compatible; ClaudeBot/1.0; +claudebot@anthropic.com)"
40.77.167.123 - - [29/Apr/2025:10:51:48 -0400] "GET /items/f/aplotomy67068284.shtml HTTP/1.1" 404 16950 "-" "Mozilla/5.0 AppleWebKit/537.36 (KHTML, like Gecko; compatible; bingbot/2.0; +http://www.bing.com/bingbot.htm) Chrome/116.0.1938.76 Safari/537.36"
3.15.187.189 - - [29/Apr/2025:10:51:49 -0400] "GET /ad917/?path=%2Fhome%2Fservlmvm%2F..%2F..%2Fvar%2Fsoftaculous%2Fosclassified%2F..%2Focart4%2F.%2F.%2F.%2F..%2Fmt%2F..%2Ftypo8%2Fimages%2Ftypo8.png HTTP/1.1" 200 1053 "-" "Mozilla/5.0 AppleWebKit/537.36 (KHTML, like Gecko; compatible; ClaudeBot/1.0; +claudebot@anthropic.com)"
40.77.167.59 - - [29/Apr/2025:10:51:49 -0400] "GET /items/6893036.shtml HTTP/1.1" 301 0 "-" "Mozilla/5.0 AppleWebKit/537.36 (KHTML, like Gecko; compatible; bingbot/2.0; +http://www.bing.com/bingbot.htm) Chrome/116.0.1938.76 Safari/537.36"
3.15.187.189 - - [29/Apr/2025:10:51:51 -0400] "GET /ad917/?path=%2Fhome%2F.%2F..%2F..%2Fvar%2Flog%2F..%2Fsoftaculous%2Fespo%2F..%2Fvxgb%2F..%2Fphplite%2F..%2Ffiyo%2F..%2Fojs33%2Fojs33.zip HTTP/1.1" 200 1054 "-" "Mozilla/5.0 AppleWebKit/537.36 (KHTML, like Gecko; compatible; ClaudeBot/1.0; +claudebot@anthropic.com)"
3.15.187.189 - - [29/Apr/2025:10:51:54 -0400] "GET /ad917/?path=%2Fhome%2Fservlmvm%2F..%2F..%2Fvar%2Fsoftaculous%2Fosclassified%2F..%2Fplikli%2F..%2Ftxtpat%2F..%2Frealestate%2F. HTTP/1.1" 200 2193 "-" "Mozilla/5.0 AppleWebKit/537.36 (KHTML, like Gecko; compatible; ClaudeBot/1.0; +claudebot@anthropic.com)"
198.54.116.86 - - [29/Apr/2025:10:51:57 -0400] "POST /wp-cron.php?doing_wp_cron=1745938317.9423730373382568359375 HTTP/1.1" 200 0 "-" "WordPress/6.8; https://servethepeopleinc.org"
52.167.144.228 - - [29/Apr/2025:10:51:57 -0400] "GET /entity45307462.shtml HTTP/1.1" 301 0 "-" "Mozilla/5.0 AppleWebKit/537.36 (KHTML, like Gecko; compatible; bingbot/2.0; +http://www.bing.com/bingbot.htm) Chrome/116.0.1938.76 Safari/537.36"
3.15.187.189 - - [29/Apr/2025:10:51:57 -0400] "GET /ad917/?path=%2Fhome%2F.%2F..%2F..%2Fvar%2Flog%2F..%2Fsoftaculous%2Fespo%2F..%2Fvxgb%2F..%2Fphplite%2F..%2Ffiyo%2F..%2Frealestate%2Frealestate.zip HTTP/1.1" 200 1055 "-" "Mozilla/5.0 AppleWebKit/537.36 (KHTML, like Gecko; compatible; ClaudeBot/1.0; +claudebot@anthropic.com)"
198.54.116.86 - - [29/Apr/2025:10:51:58 -0400] "POST /wp-admin/admin-ajax.php?action=async_litespeed&nonce=M1dw9u1TvFtjDDY87DE3ExvxPMA17ajS&litespeed_type=imgoptm HTTP/1.1" 200 21 "-" "WordPress/6.8; https://servethepeopleinc.org"
40.77.167.4 - - [29/Apr/2025:10:51:59 -0400] "GET /item/antepenultimate51127570.shtml HTTP/1.1" 404 16941 "-" "Mozilla/5.0 AppleWebKit/537.36 (KHTML, like Gecko; compatible; bingbot/2.0; +http://www.bing.com/bingbot.htm) Chrome/116.0.1938.76 Safari/537.36"
3.15.187.189 - - [29/Apr/2025:10:52:01 -0400] "GET /ad917/?path=%2Fhome%2Fservlmvm%2F..%2F..%2Fvar%2Fsoftaculous%2Fosclassified%2F..%2Fplikli%2F..%2Ftxtpat%2F..%2Frealestate%2Finfo.xml HTTP/1.1" 200 2429 "-" "Mozilla/5.0 AppleWebKit/537.36 (KHTML, like Gecko; compatible; ClaudeBot/1.0; +claudebot@anthropic.com)"
52.167.144.169 - - [29/Apr/2025:10:52:02 -0400] "GET /goodscode/originative/96952594.shtml HTTP/1.1" 301 0 "-" "Mozilla/5.0 AppleWebKit/537.36 (KHTML, like Gecko; compatible; bingbot/2.0; +http://www.bing.com/bingbot.htm) Chrome/116.0.1938.76 Safari/537.36"
3.15.187.189 - - [29/Apr/2025:10:52:03 -0400] "GET /ad917/?path=%2Fhome%2Fservlmvm%2F..%2F..%2Fvar%2Fsoftaculous%2Fosclassified%2F..%2Focart4%2F.%2F.%2F.%2F..%2Fmt%2F..%2Fiwp%2Fimages%2Fiwp.png HTTP/1.1" 200 1054 "-" "Mozilla/5.0 AppleWebKit/537.36 (KHTML, like Gecko; compatible; ClaudeBot/1.0; +claudebot@anthropic.com)"
3.15.187.189 - - [29/Apr/2025:10:52:06 -0400] "GET /ad917/?path=%2Fhome%2Fservlmvm%2F..%2F..%2Fvar%2Fsoftaculous%2Fosclassified%2F..%2Fplikli%2F..%2Ftxtpat%2F..%2Fojs33%2F. HTTP/1.1" 200 2201 "-" "Mozilla/5.0 AppleWebKit/537.36 (KHTML, like Gecko; compatible; ClaudeBot/1.0; +claudebot@anthropic.com)"
3.15.187.189 - - [29/Apr/2025:10:52:10 -0400] "GET /ad917/?path=%2Fhome%2F.%2F..%2F..%2Fvar%2Flib%2F..%2Fsoftaculous%2Fmyadmin49%2F..%2Fmyt%2F..%2F.%2Focart23%2F..%2Focart2%2F.%2Fimages%2Flogo.png HTTP/1.1" 200 1048 "-" "Mozilla/5.0 AppleWebKit/537.36 (KHTML, like Gecko; compatible; ClaudeBot/1.0; +claudebot@anthropic.com)"
3.15.187.189 - - [29/Apr/2025:10:52:12 -0400] "GET /ad917/?path=%2Fhome%2F.%2F..%2F..%2Fvar%2Flog%2F..%2Fsoftaculous%2Fespo%2F..%2Fvxgb%2F..%2Fphplite%2F..%2Ffiyo%2F..%2Figalerie%2Figalerie.zip HTTP/1.1" 200 1056 "-" "Mozilla/5.0 AppleWebKit/537.36 (KHTML, like Gecko; compatible; ClaudeBot/1.0; +claudebot@anthropic.com)"
66.249.65.168 - - [29/Apr/2025:10:52:15 -0400] "GET /categories/1516258?num=33388 HTTP/1.1" 404 16942 "-" "Mozilla/5.0 (Linux; Android 6.0.1; Nexus 5X Build/MMB29P) AppleWebKit/537.36 (KHTML, like Gecko) Chrome/135.0.7049.95 Mobile Safari/537.36 (compatible; GoogleOther)"
3.15.187.189 - - [29/Apr/2025:10:52:16 -0400] "GET /ad917/?path=%2Fhome%2Fservlmvm%2F..%2F..%2Fvar%2Fsoftaculous%2Fosclassified%2F..%2Fplikli%2F..%2Ftxtpat%2F..%2Fojs33%2Finfo.xml HTTP/1.1" 200 2148 "-" "Mozilla/5.0 AppleWebKit/537.36 (KHTML, like Gecko; compatible; ClaudeBot/1.0; +claudebot@anthropic.com)"
3.15.187.189 - - [29/Apr/2025:10:52:18 -0400] "GET /ad917/?path=%2Fhome%2F.%2F..%2F..%2Fvar%2Flib%2F..%2Fsoftaculous%2Fmyadmin49%2F..%2Fagora%2F..%2Fredax%2F..%2Ffuel%2Fimages%2Ffuel.png HTTP/1.1" 200 1040 "-" "Mozilla/5.0 AppleWebKit/537.36 (KHTML, like Gecko; compatible; ClaudeBot/1.0; +claudebot@anthropic.com)"
3.15.187.189 - - [29/Apr/2025:10:52:21 -0400] "GET /ad917/?path=%2Fhome%2Fservlmvm%2F..%2F..%2Fvar%2Fsoftaculous%2Fosclassified%2F..%2Fplikli%2F..%2F.%2Flitecart%2Fimages%2Flitecart.png HTTP/1.1" 200 1029 "-" "Mozilla/5.0 AppleWebKit/537.36 (KHTML, like Gecko; compatible; ClaudeBot/1.0; +claudebot@anthropic.com)"
3.15.187.189 - - [29/Apr/2025:10:52:25 -0400] "GET /ad917/?path=%2Fhome%2Fservlmvm%2F..%2F..%2Fvar%2Fsoftaculous%2Fosclassified%2F..%2Fplikli%2F..%2Ftxtpat%2F..%2Ftxtpat%2F. HTTP/1.1" 200 2191 "-" "Mozilla/5.0 AppleWebKit/537.36 (KHTML, like Gecko; compatible; ClaudeBot/1.0; +claudebot@anthropic.com)"
3.15.187.189 - - [29/Apr/2025:10:52:28 -0400] "GET /ad917/?path=%2Fhome%2Fservlmvm%2F..%2F..%2Fvar%2Fsoftaculous%2Fosclassified%2F..%2Fplikli%2F..%2Ftxtpat%2F..%2Figalerie%2F. HTTP/1.1" 200 2223 "-" "Mozilla/5.0 AppleWebKit/537.36 (KHTML, like Gecko; compatible; ClaudeBot/1.0; +claudebot@anthropic.com)"
3.15.187.189 - - [29/Apr/2025:10:52:30 -0400] "GET /ad917/?path=%2Fhome%2Fservlmvm%2F..%2F..%2Fvar%2Fsoftaculous%2Fosclassified%2F..%2Fplikli%2F..%2Ftxtpat%2F..%2F4images%2F. HTTP/1.1" 200 2095 "-" "Mozilla/5.0 AppleWebKit/537.36 (KHTML, like Gecko; compatible; ClaudeBot/1.0; +claudebot@anthropic.com)"
3.15.187.189 - - [29/Apr/2025:10:52:33 -0400] "GET /ad917/?path=%2Fhome%2Fservlmvm%2F..%2F..%2Fvar%2Fsoftaculous%2Fosclassified%2F..%2Fplikli%2F..%2Ftxtpat%2F..%2Fpiwigo%2Fpiwigo.zip HTTP/1.1" 200 1029 "-" "Mozilla/5.0 AppleWebKit/537.36 (KHTML, like Gecko; compatible; ClaudeBot/1.0; +claudebot@anthropic.com)"
3.15.187.189 - - [29/Apr/2025:10:52:36 -0400] "GET /ad917/?path=%2Fhome%2F.%2F..%2F..%2Fvar%2Flib%2F..%2Fsoftaculous%2Fmyadmin49%2F..%2Fmyt%2F..%2F.%2Focart23%2F..%2Fcpg%2F..%2Focart%2Fimages%2Flogo.png HTTP/1.1" 200 1059 "-" "Mozilla/5.0 AppleWebKit/537.36 (KHTML, like Gecko; compatible; ClaudeBot/1.0; +claudebot@anthropic.com)"
3.15.187.189 - - [29/Apr/2025:10:52:39 -0400] "GET /ad917/?path=%2Fhome%2F.%2F..%2F..%2Fvar%2Flog%2F..%2Fsoftaculous%2Fespo%2F..%2Fvxgb%2F..%2Fphplite%2F..%2Ffiyo%2F..%2Frealestate%2F. HTTP/1.1" 200 2167 "-" "Mozilla/5.0 AppleWebKit/537.36 (KHTML, like Gecko; compatible; ClaudeBot/1.0; +claudebot@anthropic.com)"
3.15.187.189 - - [29/Apr/2025:10:52:42 -0400] "GET /ad917/?path=%2Fhome%2Fservlmvm%2F..%2F..%2Fvar%2Fsoftaculous%2Fosclassified%2F..%2Fplikli%2F..%2Ftxtpat%2F..%2Ftxtpat%2Finfo.xml HTTP/1.1" 200 2286 "-" "Mozilla/5.0 AppleWebKit/537.36 (KHTML, like Gecko; compatible; ClaudeBot/1.0; +claudebot@anthropic.com)"
3.15.187.189 - - [29/Apr/2025:10:52:45 -0400] "GET /ad917/?path=%2Fhome%2Fservlmvm%2F..%2F..%2Fvar%2Fsoftaculous%2Fosclassified%2F..%2Fplikli%2F..%2Ftxtpat%2F..%2F4images%2Finfo.xml HTTP/1.1" 200 2993 "-" "Mozilla/5.0 AppleWebKit/537.36 (KHTML, like Gecko; compatible; ClaudeBot/1.0; +claudebot@anthropic.com)"
3.15.187.189 - - [29/Apr/2025:10:52:48 -0400] "GET /ad917/?path=%2Fhome%2Fservlmvm%2F..%2F..%2Fvar%2Fsoftaculous%2Fosclassified%2F..%2Fplikli%2F..%2Ftxtpat%2F..%2Frealestate%2Finstall.xml HTTP/1.1" 200 1347 "-" "Mozilla/5.0 AppleWebKit/537.36 (KHTML, like Gecko; compatible; ClaudeBot/1.0; +claudebot@anthropic.com)"
198.54.116.86 - - [29/Apr/2025:10:52:48 -0400] "POST /wp-cron.php?doing_wp_cron=1745938368.5581951141357421875000 HTTP/1.1" 200 0 "-" "WordPress/6.8; https://servethepeopleinc.org"
40.77.167.123 - - [29/Apr/2025:10:52:48 -0400] "GET /shopping92251282.shtml HTTP/1.1" 404 16941 "-" "Mozilla/5.0 AppleWebKit/537.36 (KHTML, like Gecko; compatible; bingbot/2.0; +http://www.bing.com/bingbot.htm) Chrome/116.0.1938.76 Safari/537.36"
52.167.144.228 - - [29/Apr/2025:10:52:48 -0400] "GET /special/33962392.shtml HTTP/1.1" 301 0 "-" "Mozilla/5.0 AppleWebKit/537.36 (KHTML, like Gecko; compatible; bingbot/2.0; +http://www.bing.com/bingbot.htm) Chrome/116.0.1938.76 Safari/537.36"
3.15.187.189 - - [29/Apr/2025:10:52:51 -0400] "GET /ad917/?path=%2Fhome%2Fservlmvm%2F..%2F..%2Fvar%2Fsoftaculous%2Fosclassified%2F..%2Fplikli%2F..%2Fbuggenie%2F.%2F..%2Frealestate%2F.%2Fimages%2F. HTTP/1.1" 200 1679 "-" "Mozilla/5.0 AppleWebKit/537.36 (KHTML, like Gecko; compatible; ClaudeBot/1.0; +claudebot@anthropic.com)"
66.249.65.169 - - [29/Apr/2025:10:52:51 -0400] "GET /entity/77889566.shtml HTTP/1.1" 404 16941 "-" "Mozilla/5.0 (compatible; Googlebot/2.1; +http://www.google.com/bot.html)"
3.15.187.189 - - [29/Apr/2025:10:52:54 -0400] "GET /ad917/?path=%2Fhome%2Fservlmvm%2F..%2F..%2Fvar%2Fsoftaculous%2Fosclassified%2F..%2Fplikli%2F..%2Ftxtpat%2F..%2Figalerie%2Finfo.xml HTTP/1.1" 200 2404 "-" "Mozilla/5.0 AppleWebKit/537.36 (KHTML, like Gecko; compatible; ClaudeBot/1.0; +claudebot@anthropic.com)"
3.15.187.189 - - [29/Apr/2025:10:52:57 -0400] "GET /ad917/?path=%2Fhome%2Fservlmvm%2F..%2F..%2Fvar%2Fsoftaculous%2Fosclassified%2F..%2Fplikli%2F..%2Ftxtpat%2F..%2Fpiwigo%2F. HTTP/1.1" 200 2212 "-" "Mozilla/5.0 AppleWebKit/537.36 (KHTML, like Gecko; compatible; ClaudeBot/1.0; +claudebot@anthropic.com)"
3.15.187.189 - - [29/Apr/2025:10:53:00 -0400] "GET /ad917/?path=%2Fhome%2F.%2F..%2F..%2Fvar%2Flib%2F..%2Fsoftaculous%2Fmyadmin49%2F..%2Fmyt%2F..%2F.%2Focart23%2F..%2Funa%2F..%2Fojs%2Fimages%2Fojs.png HTTP/1.1" 200 1062 "-" "Mozilla/5.0 AppleWebKit/537.36 (KHTML, like Gecko; compatible; ClaudeBot/1.0; +claudebot@anthropic.com)"
3.15.187.189 - - [29/Apr/2025:10:53:03 -0400] "GET /ad917/?path=%2Fhome%2F.%2F..%2F..%2Fvar%2Flog%2F..%2Fsoftaculous%2Fespo%2F..%2Fvxgb%2F..%2Fphplite%2F..%2Ffiyo%2F..%2Frealestate%2Finfo.xml HTTP/1.1" 200 2458 "-" "Mozilla/5.0 AppleWebKit/537.36 (KHTML, like Gecko; compatible; ClaudeBot/1.0; +claudebot@anthropic.com)"
3.15.187.189 - - [29/Apr/2025:10:53:06 -0400] "GET /ad917/?path=%2Fhome%2Fservlmvm%2F..%2F..%2Fvar%2Fsoftaculous%2Fosclassified%2F..%2Fplikli%2F..%2Ftxtpat%2F..%2Fhelpdeskz%2F. HTTP/1.1" 200 2150 "-" "Mozilla/5.0 AppleWebKit/537.36 (KHTML, like Gecko; compatible; ClaudeBot/1.0; +claudebot@anthropic.com)"
3.15.187.189 - - [29/Apr/2025:10:53:09 -0400] "GET /ad917/?path=%2Fhome%2F.%2F..%2F..%2Fvar%2Flog%2F..%2Fsoftaculous%2Fespo%2F..%2Fvxgb%2F..%2Fphplite%2F..%2Ffiyo%2F..%2Fojs33%2F. HTTP/1.1" 200 2217 "-" "Mozilla/5.0 AppleWebKit/537.36 (KHTML, like Gecko; compatible; ClaudeBot/1.0; +claudebot@anthropic.com)"
3.15.187.189 - - [29/Apr/2025:10:53:12 -0400] "GET /ad917/?path=%2Fhome%2Fservlmvm%2F..%2F..%2Fvar%2Fsoftaculous%2Fosclassified%2F..%2Fplikli%2F..%2Ftxtpat%2F..%2Fpiwigo%2Finfo.xml HTTP/1.1" 200 2928 "-" "Mozilla/5.0 AppleWebKit/537.36 (KHTML, like Gecko; compatible; ClaudeBot/1.0; +claudebot@anthropic.com)"
3.15.187.189 - - [29/Apr/2025:10:53:15 -0400] "GET /ad917/?path=%2Fhome%2Fservlmvm%2F..%2F..%2Fvar%2Fsoftaculous%2Fosclassified%2F..%2Fplikli%2F..%2Ftxtpat%2F..%2Fespo%2F. HTTP/1.1" 200 2239 "-" "Mozilla/5.0 AppleWebKit/537.36 (KHTML, like Gecko; compatible; ClaudeBot/1.0; +claudebot@anthropic.com)"
3.15.187.189 - - [29/Apr/2025:10:53:18 -0400] "GET /ad917/?path=%2Fhome%2F.%2F..%2F..%2Fvar%2Flib%2F..%2Fsoftaculous%2Fgrav%2F..%2Ftine%2F..%2Fricar%2Fimages%2Fricar.png HTTP/1.1" 200 1018 "-" "Mozilla/5.0 AppleWebKit/537.36 (KHTML, like Gecko; compatible; ClaudeBot/1.0; +claudebot@anthropic.com)"
3.15.187.189 - - [29/Apr/2025:10:53:21 -0400] "GET /ad917/?path=%2Fhome%2Fservlmvm%2F..%2F..%2Fvar%2Fsoftaculous%2Fosclassified%2F..%2Fplikli%2F..%2Ftxtpat%2F..%2Fcszcms%2F. HTTP/1.1" 200 2133 "-" "Mozilla/5.0 AppleWebKit/537.36 (KHTML, like Gecko; compatible; ClaudeBot/1.0; +claudebot@anthropic.com)"
3.15.187.189 - - [29/Apr/2025:10:53:24 -0400] "GET /ad917/?path=%2Fhome%2Fservlmvm%2F..%2F..%2Fvar%2Fsoftaculous%2Fosclassified%2F..%2Fplikli%2F..%2Ftxtpat%2F..%2Frosariosis%2F. HTTP/1.1" 200 2198 "-" "Mozilla/5.0 AppleWebKit/537.36 (KHTML, like Gecko; compatible; ClaudeBot/1.0; +claudebot@anthropic.com)"
198.54.116.86 - - [29/Apr/2025:10:53:26 -0400] "POST /wp-cron.php?doing_wp_cron=1745938406.0269389152526855468750 HTTP/1.1" 200 0 "-" "WordPress/6.8; https://servethepeopleinc.org"
66.249.65.170 - - [29/Apr/2025:10:53:25 -0400] "GET /entity/storybook4790146.shtml HTTP/1.1" 404 16942 "-" "Mozilla/5.0 (Linux; Android 6.0.1; Nexus 5X Build/MMB29P) AppleWebKit/537.36 (KHTML, like Gecko) Chrome/135.0.7049.95 Mobile Safari/537.36 (compatible; GoogleOther)"
198.54.116.86 - - [29/Apr/2025:10:53:26 -0400] "POST /wp-admin/admin-ajax.php?action=async_litespeed&nonce=6TqZzQlqYZcoEIWGIwyQNGSj5R2f1T2P&litespeed_type=imgoptm HTTP/1.1" 200 21 "-" "WordPress/6.8; https://servethepeopleinc.org"
3.15.187.189 - - [29/Apr/2025:10:53:27 -0400] "GET /ad917/?path=%2Fhome%2Fservlmvm%2F..%2F..%2Fvar%2Fsoftaculous%2Fosclassified%2F..%2Fplikli%2F..%2Ftxtpat%2F..%2Fojs33%2Finstall.xml HTTP/1.1" 200 1760 "-" "Mozilla/5.0 AppleWebKit/537.36 (KHTML, like Gecko; compatible; ClaudeBot/1.0; +claudebot@anthropic.com)"
3.15.187.189 - - [29/Apr/2025:10:53:30 -0400] "GET /ad917/?path=%2Fhome%2Fservlmvm%2F..%2F..%2Fvar%2Fsoftaculous%2Fosclassified%2F..%2Fplikli%2F..%2Ftxtpat%2F..%2Fhelpdeskz%2Finfo.xml HTTP/1.1" 200 2378 "-" "Mozilla/5.0 AppleWebKit/537.36 (KHTML, like Gecko; compatible; ClaudeBot/1.0; +claudebot@anthropic.com)"
3.15.187.189 - - [29/Apr/2025:10:53:33 -0400] "GET /ad917/?path=%2Fhome%2F.%2F..%2F..%2Fvar%2Flog%2F..%2Fsoftaculous%2Fespo%2F..%2Fvxgb%2F..%2Fphplite%2F..%2Ffiyo%2F..%2Fojs33%2Finfo.xml HTTP/1.1" 200 2178 "-" "Mozilla/5.0 AppleWebKit/537.36 (KHTML, like Gecko; compatible; ClaudeBot/1.0; +claudebot@anthropic.com)"
3.15.187.189 - - [29/Apr/2025:10:53:36 -0400] "GET /ad917/?path=%2Fhome%2F.%2F..%2F..%2Fvar%2Flib%2F..%2Fsoftaculous%2Fmyadmin49%2F..%2Fmyt%2F..%2Fdada%2F..%2Fchurchcrm%2F..%2Fpier%2Fimages%2Flogo.png HTTP/1.1" 200 1065 "-" "Mozilla/5.0 AppleWebKit/537.36 (KHTML, like Gecko; compatible; ClaudeBot/1.0; +claudebot@anthropic.com)"
3.15.187.189 - - [29/Apr/2025:10:53:39 -0400] "GET /ad917/?path=%2Fhome%2Fservlmvm%2F..%2F..%2Fvar%2Fsoftaculous%2Fosclassified%2F..%2Fplikli%2F..%2Fwintercms%2F..%2Fojs33%2Fojs33.zip HTTP/1.1" 200 1037 "-" "Mozilla/5.0 AppleWebKit/537.36 (KHTML, like Gecko; compatible; ClaudeBot/1.0; +claudebot@anthropic.com)"
3.15.187.189 - - [29/Apr/2025:10:53:42 -0400] "GET /ad917/?path=%2Fhome%2Fservlmvm%2F..%2F..%2Fvar%2Fsoftaculous%2Fosclassified%2F..%2Fplikli%2F..%2Ftxtpat%2F..%2Frosariosis%2Frosariosis.zip HTTP/1.1" 200 1033 "-" "Mozilla/5.0 AppleWebKit/537.36 (KHTML, like Gecko; compatible; ClaudeBot/1.0; +claudebot@anthropic.com)"
66.249.65.168 - - [29/Apr/2025:10:53:45 -0400] "GET /shopbrand/wzo/underhangman80824862.shtml HTTP/1.1" 404 16951 "-" "Mozilla/5.0 (Linux; Android 6.0.1; Nexus 5X Build/MMB29P) AppleWebKit/537.36 (KHTML, like Gecko) Chrome/135.0.7049.95 Mobile Safari/537.36 (compatible; Googlebot/2.1; +http://www.google.com/bot.html)"
3.15.187.189 - - [29/Apr/2025:10:53:45 -0400] "GET /ad917/?path=%2Fhome%2Fservlmvm%2F..%2F..%2Fvar%2Fsoftaculous%2Fosclassified%2F..%2Fplikli%2F..%2Ftxtpat%2F..%2Fespo%2Fespo.zip HTTP/1.1" 200 1033 "-" "Mozilla/5.0 AppleWebKit/537.36 (KHTML, like Gecko; compatible; ClaudeBot/1.0; +claudebot@anthropic.com)"
52.167.144.180 - - [29/Apr/2025:10:53:47 -0400] "GET /shopdetail/snotter/98997826.shtml HTTP/1.1" 301 0 "-" "Mozilla/5.0 AppleWebKit/537.36 (KHTML, like Gecko; compatible; bingbot/2.0; +http://www.bing.com/bingbot.htm) Chrome/116.0.1938.76 Safari/537.36"
3.15.187.189 - - [29/Apr/2025:10:53:48 -0400] "GET /ad917/?path=%2Fhome%2F.%2F..%2F..%2Fvar%2Flog%2F..%2Fsoftaculous%2Fespo%2F..%2Fvxgb%2F..%2Fphplite%2F..%2Ffiyo%2F..%2Ftxtpat%2F. HTTP/1.1" 200 2244 "-" "Mozilla/5.0 AppleWebKit/537.36 (KHTML, like Gecko; compatible; ClaudeBot/1.0; +claudebot@anthropic.com)"
3.15.187.189 - - [29/Apr/2025:10:53:51 -0400] "GET /ad917/?path=%2Fhome%2F.%2F..%2F..%2Fvar%2Flib%2F..%2Fsoftaculous%2Fmyadmin49%2F..%2Fagora%2F..%2Fredax%2F..%2Fwallabag%2Fimages%2Fwallabag.png HTTP/1.1" 200 1042 "-" "Mozilla/5.0 AppleWebKit/537.36 (KHTML, like Gecko; compatible; ClaudeBot/1.0; +claudebot@anthropic.com)"
40.77.167.59 - - [29/Apr/2025:10:53:52 -0400] "GET /info/dwo/enteropneusta/13838644.shtml HTTP/1.1" 301 0 "-" "Mozilla/5.0 AppleWebKit/537.36 (KHTML, like Gecko; compatible; bingbot/2.0; +http://www.bing.com/bingbot.htm) Chrome/116.0.1938.76 Safari/537.36"
198.54.116.86 - - [29/Apr/2025:10:54:28 -0400] "POST /wp-cron.php?doing_wp_cron=1745938468.2578380107879638671875 HTTP/1.1" 200 0 "-" "WordPress/6.8; https://servethepeopleinc.org"
40.77.167.59 - - [29/Apr/2025:10:54:28 -0400] "GET /special/dqc/dogvane/52250772.shtml HTTP/1.1" 301 0 "-" "Mozilla/5.0 AppleWebKit/537.36 (KHTML, like Gecko; compatible; bingbot/2.0; +http://www.bing.com/bingbot.htm) Chrome/116.0.1938.76 Safari/537.36"
198.54.116.86 - - [29/Apr/2025:10:54:28 -0400] "POST /wp-admin/admin-ajax.php?action=async_litespeed&nonce=n5xiJli6WsfDo2Vfgm1Zl3jeUTHUc8Is&litespeed_type=imgoptm HTTP/1.1" 200 21 "-" "WordPress/6.8; https://servethepeopleinc.org"
40.77.167.4 - - [29/Apr/2025:10:54:29 -0400] "GET /item/mu/savorly86701570.shtml HTTP/1.1" 404 16951 "-" "Mozilla/5.0 AppleWebKit/537.36 (KHTML, like Gecko; compatible; bingbot/2.0; +http://www.bing.com/bingbot.htm) Chrome/116.0.1938.76 Safari/537.36"
3.144.17.93 - - [29/Apr/2025:10:54:29 -0400] "GET /ad917/?path=%2Fhome%2Fservlmvm%2F..%2F..%2Fusr%2Fshare%2Faclocal%2F..%2Flocale%2Froa%2F..%2Fkru%2F..%2Fsn%2F..%2F.%2Ftr%2F..%2Faf%2F..%2Fsal%2F..%2Fak HTTP/1.1" 200 1601 "-" "Mozilla/5.0 AppleWebKit/537.36 (KHTML, like Gecko; compatible; ClaudeBot/1.0; +claudebot@anthropic.com)"
3.144.17.93 - - [29/Apr/2025:10:54:32 -0400] "GET /ad917/?path=%2Fhome%2Fservlmvm%2F..%2F..%2Fusr%2Fshare%2Faclocal%2F..%2Flocale%2Froa%2F..%2Fkru%2F..%2Fsn%2F..%2F.%2Ftr%2F..%2Faf%2F..%2Fsal%2F..%2Fsc HTTP/1.1" 200 1601 "-" "Mozilla/5.0 AppleWebKit/537.36 (KHTML, like Gecko; compatible; ClaudeBot/1.0; +claudebot@anthropic.com)"
3.144.17.93 - - [29/Apr/2025:10:54:35 -0400] "GET /ad917/?path=%2Fhome%2Fservlmvm%2F..%2F..%2Fusr%2Fshare%2Faclocal%2F..%2Flocale%2Froa%2F..%2Fkru%2F..%2Fsn%2F..%2F.%2Ftr%2F..%2Faf%2F..%2Fsal%2F..%2Fumb HTTP/1.1" 200 1598 "-" "Mozilla/5.0 AppleWebKit/537.36 (KHTML, like Gecko; compatible; ClaudeBot/1.0; +claudebot@anthropic.com)"
3.144.17.93 - - [29/Apr/2025:10:54:38 -0400] "GET /ad917/?path=%2Fhome%2Fservlmvm%2F..%2F..%2Fusr%2Fshare%2Faclocal%2F..%2Flocale%2Fraj%2F..%2Fmis%2F..%2Fur_PK%2F..%2Fgor%2F..%2Feu%2F..%2Fkok%2F.. HTTP/1.1" 200 14089 "-" "Mozilla/5.0 AppleWebKit/537.36 (KHTML, like Gecko; compatible; ClaudeBot/1.0; +claudebot@anthropic.com)"
40.77.167.55 - - [29/Apr/2025:10:54:39 -0400] "GET /info/p/retributer23229208.shtml HTTP/1.1" 404 16951 "-" "Mozilla/5.0 AppleWebKit/537.36 (KHTML, like Gecko; compatible; bingbot/2.0; +http://www.bing.com/bingbot.htm) Chrome/116.0.1938.76 Safari/537.36"
40.77.167.59 - - [29/Apr/2025:10:54:40 -0400] "GET /items/docmac52409364.shtml HTTP/1.1" 301 0 "-" "Mozilla/5.0 AppleWebKit/537.36 (KHTML, like Gecko; compatible; bingbot/2.0; +http://www.bing.com/bingbot.htm) Chrome/116.0.1938.76 Safari/537.36"
3.144.17.93 - - [29/Apr/2025:10:54:41 -0400] "GET /ad917/?path=%2Fhome%2Fservlmvm%2F..%2F..%2Fusr%2Fshare%2Faclocal%2F..%2Flocale%2Fhai%2F..%2Fbla%2F..%2Fpms%2F..%2Fgot%2F..%2Feka%2F..%2Ftkl HTTP/1.1" 200 1567 "-" "Mozilla/5.0 AppleWebKit/537.36 (KHTML, like Gecko; compatible; ClaudeBot/1.0; +claudebot@anthropic.com)"
3.144.17.93 - - [29/Apr/2025:10:54:44 -0400] "GET /ad917/?path=%2Fhome%2Fservlmvm%2F..%2F..%2Fusr%2Fshare%2Faclocal%2F..%2Flocale%2Fwen%2F..%2Fmwr%2F..%2Fkar%2F..%2Fchg%2F..%2Fbar%2F..%2Ftkl HTTP/1.1" 200 1568 "-" "Mozilla/5.0 AppleWebKit/537.36 (KHTML, like Gecko; compatible; ClaudeBot/1.0; +claudebot@anthropic.com)"
3.144.17.93 - - [29/Apr/2025:10:54:47 -0400] "GET /ad917/?path=%2Fhome%2Fservlmvm%2F..%2F..%2Fusr%2Fshare%2Faclocal%2F..%2Flocale%2F.%2Fmap%2F..%2Fla%2F..%2Fks%40aran%2F..%2Fcgg%2F..%2Fnl_NL%2F..%2Fja%2F..%2Fde HTTP/1.1" 200 1670 "-" "Mozilla/5.0 AppleWebKit/537.36 (KHTML, like Gecko; compatible; ClaudeBot/1.0; +claudebot@anthropic.com)"
3.144.17.93 - - [29/Apr/2025:10:54:50 -0400] "GET /ad917/?path=%2Fhome%2Fservlmvm%2F..%2F..%2Fusr%2Fshare%2Faclocal%2F..%2Flocale%2Fraj%2F..%2Fmis%2F..%2Fur_PK%2F..%2Fgor%2F..%2Feu%2F..%2Fha%2F.. HTTP/1.1" 200 14275 "-" "Mozilla/5.0 AppleWebKit/537.36 (KHTML, like Gecko; compatible; ClaudeBot/1.0; +claudebot@anthropic.com)"
3.144.17.93 - - [29/Apr/2025:10:54:53 -0400] "GET /ad917/?path=%2Fhome%2F.%2F..%2Flib%2Fgames%2F..%2Ffirmware%2F4.18.0-513.18.1.lve.el8.x86_64%2F..%2Fisci%2F.%2F.. HTTP/1.1" 200 12171 "-" "Mozilla/5.0 AppleWebKit/537.36 (KHTML, like Gecko; compatible; ClaudeBot/1.0; +claudebot@anthropic.com)"
3.144.17.93 - - [29/Apr/2025:10:54:56 -0400] "GET /ad917/?path=%2Fhome%2Fservlmvm%2F..%2F..%2Fusr%2Fshare%2Faclocal%2F..%2Flocale%2Fhai%2F..%2Fcgg%2F..%2Fnso%2F..%2Fks%2F..%2Fcv%2F..%2Fast HTTP/1.1" 200 1567 "-" "Mozilla/5.0 AppleWebKit/537.36 (KHTML, like Gecko; compatible; ClaudeBot/1.0; +claudebot@anthropic.com)"
198.54.116.86 - - [29/Apr/2025:10:54:58 -0400] "POST /wp-cron.php?doing_wp_cron=1745938498.8647730350494384765625 HTTP/1.1" 200 0 "-" "WordPress/6.8; https://servethepeopleinc.org"
52.167.144.228 - - [29/Apr/2025:10:54:58 -0400] "GET /products/noninfectious99105258.shtml HTTP/1.1" 301 0 "-" "Mozilla/5.0 AppleWebKit/537.36 (KHTML, like Gecko; compatible; bingbot/2.0; +http://www.bing.com/bingbot.htm) Chrome/116.0.1938.76 Safari/537.36"
198.54.116.86 - - [29/Apr/2025:10:54:59 -0400] "POST /wp-admin/admin-ajax.php?action=async_litespeed&nonce=4QoDVzV7HhdGDcKVwQWb3EFxf0pfXXyr&litespeed_type=imgoptm HTTP/1.1" 200 21 "-" "WordPress/6.8; https://servethepeopleinc.org"
3.144.17.93 - - [29/Apr/2025:10:54:59 -0400] "GET /ad917/?path=%2Fhome%2Fservlmvm%2F..%2F..%2Fusr%2Fshare%2Faclocal%2F..%2Flocale%2Froa%2F..%2Fkru%2F..%2Fsn%2F..%2F.%2Ftr%2F..%2Faf%2F..%2Fsal%2F..%2Fagr HTTP/1.1" 200 1597 "-" "Mozilla/5.0 AppleWebKit/537.36 (KHTML, like Gecko; compatible; ClaudeBot/1.0; +claudebot@anthropic.com)"
40.77.167.4 - - [29/Apr/2025:10:54:59 -0400] "GET /detail49063240.shtml HTTP/1.1" 404 16941 "-" "Mozilla/5.0 AppleWebKit/537.36 (KHTML, like Gecko; compatible; bingbot/2.0; +http://www.bing.com/bingbot.htm) Chrome/116.0.1938.76 Safari/537.36"
3.144.17.93 - - [29/Apr/2025:10:55:02 -0400] "GET /ad917/?path=%2Fhome%2Fservlmvm%2F..%2F..%2Fusr%2Fshare%2Faclocal%2F..%2Flocale%2Fraj%2F..%2Fcrp%2F..%2Fwen%2F..%2Fen_ZA%2F..%2Fth_TH%2F..%2Fast HTTP/1.1" 200 1591 "-" "Mozilla/5.0 AppleWebKit/537.36 (KHTML, like Gecko; compatible; ClaudeBot/1.0; +claudebot@anthropic.com)"
40.77.167.59 - - [29/Apr/2025:10:55:02 -0400] "GET /info/50540762.shtml HTTP/1.1" 301 0 "-" "Mozilla/5.0 AppleWebKit/537.36 (KHTML, like Gecko; compatible; bingbot/2.0; +http://www.bing.com/bingbot.htm) Chrome/116.0.1938.76 Safari/537.36"
3.144.17.93 - - [29/Apr/2025:10:55:05 -0400] "GET /ad917/?path=%2Fhome%2Fservlmvm%2F..%2F..%2Fusr%2Fshare%2Faclocal%2F..%2Flocale%2Fhai%2F..%2Fcgg%2F..%2Fnso%2F..%2Fmad%2F..%2Fgoh%2F..%2Fsms HTTP/1.1" 200 1567 "-" "Mozilla/5.0 AppleWebKit/537.36 (KHTML, like Gecko; compatible; ClaudeBot/1.0; +claudebot@anthropic.com)"
3.144.17.93 - - [29/Apr/2025:10:55:08 -0400] "GET /ad917/?path=%2Fhome%2Fservlmvm%2F..%2F..%2Fusr%2Fshare%2Faclocal%2F..%2Flocale%2Fraj%2F..%2Fcrp%2F..%2Fwen%2F..%2Fen_ZA%2F..%2Fth_TH%2F..%2Fmdf HTTP/1.1" 200 1593 "-" "Mozilla/5.0 AppleWebKit/537.36 (KHTML, like Gecko; compatible; ClaudeBot/1.0; +claudebot@anthropic.com)"
3.144.17.93 - - [29/Apr/2025:10:55:11 -0400] "GET /ad917/?path=%2Fhome%2Fservlmvm%2F..%2F..%2Fusr%2Fshare%2Faclocal%2F..%2Flocale%2Fwen%2F..%2Fmwr%2F..%2Fkar%2F..%2Fchg%2F..%2Fmag%2F..%2Fsms HTTP/1.1" 200 1566 "-" "Mozilla/5.0 AppleWebKit/537.36 (KHTML, like Gecko; compatible; ClaudeBot/1.0; +claudebot@anthropic.com)"
3.144.17.93 - - [29/Apr/2025:10:55:14 -0400] "GET /ad917/?path=%2Fhome%2Fservlmvm%2F..%2F..%2Fusr%2Fshare%2Faclocal%2F..%2Flocale%2Froa%2F..%2Fraj%2F..%2Fkhi%2F..%2Fgv%2F..%2Fmak%2F..%2Fcs%2F.. HTTP/1.1" 200 13621 "-" "Mozilla/5.0 AppleWebKit/537.36 (KHTML, like Gecko; compatible; ClaudeBot/1.0; +claudebot@anthropic.com)"
198.54.116.86 - - [29/Apr/2025:10:55:17 -0400] "POST /wp-cron.php?doing_wp_cron=1745938517.1361670494079589843750 HTTP/1.1" 200 0 "-" "WordPress/6.8; https://servethepeopleinc.org"
52.167.144.180 - - [29/Apr/2025:10:55:16 -0400] "GET /goodscode/namely51813972.shtml HTTP/1.1" 301 0 "-" "Mozilla/5.0 AppleWebKit/537.36 (KHTML, like Gecko; compatible; bingbot/2.0; +http://www.bing.com/bingbot.htm) Chrome/116.0.1938.76 Safari/537.36"
3.144.17.93 - - [29/Apr/2025:10:55:17 -0400] "GET /ad917/?path=%2Fhome%2Fservlmvm%2F..%2F..%2Fusr%2Fshare%2Faclocal%2F..%2Flocale%2Froa%2F..%2Fkru%2F..%2Fsn%2F..%2F.%2Ftr%2F..%2Faf%2F..%2Fsal%2F..%2Fse HTTP/1.1" 200 1598 "-" "Mozilla/5.0 AppleWebKit/537.36 (KHTML, like Gecko; compatible; ClaudeBot/1.0; +claudebot@anthropic.com)"
3.144.17.93 - - [29/Apr/2025:10:55:20 -0400] "GET /ad917/?path=%2Fhome%2Fservlmvm%2F..%2F..%2Fusr%2Fshare%2Faclocal%2F..%2Flocale%2F.%2Fmap%2F..%2Fla%2F..%2Fks%40aran%2F..%2Fcgg%2F..%2Fnl_NL%2F..%2Fja%2F..%2Fks HTTP/1.1" 200 1603 "-" "Mozilla/5.0 AppleWebKit/537.36 (KHTML, like Gecko; compatible; ClaudeBot/1.0; +claudebot@anthropic.com)"
3.144.17.93 - - [29/Apr/2025:10:55:23 -0400] "GET /ad917/?path=%2Fhome%2Fservlmvm%2F..%2F..%2Fusr%2Fshare%2Faclocal%2F..%2Flocale%2Froa%2F..%2Fkru%2F..%2Fsn%2F..%2F.%2Ftr%2F..%2Faf%2F..%2Fsal%2F..%2Fnb HTTP/1.1" 200 1675 "-" "Mozilla/5.0 AppleWebKit/537.36 (KHTML, like Gecko; compatible; ClaudeBot/1.0; +claudebot@anthropic.com)"
3.144.17.93 - - [29/Apr/2025:10:55:26 -0400] "GET /ad917/?path=%2Fhome%2Fservlmvm%2F..%2F..%2Fusr%2Fshare%2Faclocal%2F..%2Flocale%2F.%2Fmap%2F..%2Fla%2F..%2Fks%40aran%2F..%2Fcgg%2F..%2Fnl_NL%2F..%2Fja%2F..%2Fiu HTTP/1.1" 200 1606 "-" "Mozilla/5.0 AppleWebKit/537.36 (KHTML, like Gecko; compatible; ClaudeBot/1.0; +claudebot@anthropic.com)"
3.144.17.93 - - [29/Apr/2025:10:55:29 -0400] "GET /ad917/?path=%2Fhome%2Fservlmvm%2F..%2F..%2Fusr%2Fshare%2Faclocal%2F..%2Flocale%2Froa%2F..%2Fkru%2F..%2Fsn%2F..%2F.%2Ftr%2F..%2Faf%2F..%2Fsal%2F..%2Fbo HTTP/1.1" 200 1600 "-" "Mozilla/5.0 AppleWebKit/537.36 (KHTML, like Gecko; compatible; ClaudeBot/1.0; +claudebot@anthropic.com)"
3.144.17.93 - - [29/Apr/2025:10:55:32 -0400] "GET /ad917/?path=%2Fhome%2Fservlmvm%2F..%2F..%2Fusr%2Fshare%2Faclocal%2F..%2Flocale%2Fraj%2F..%2Fcrp%2F..%2Fwen%2F..%2Fen_ZA%2F..%2Fth_TH%2F..%2Ftkl HTTP/1.1" 200 1592 "-" "Mozilla/5.0 AppleWebKit/537.36 (KHTML, like Gecko; compatible; ClaudeBot/1.0; +claudebot@anthropic.com)"
3.144.17.93 - - [29/Apr/2025:10:55:35 -0400] "GET /ad917/?path=%2Fhome%2Fservlmvm%2F..%2F..%2Fusr%2Fshare%2Faclocal%2F..%2Flocale%2F.%2Fmap%2F..%2Fla%2F..%2Fks%40aran%2F..%2Fcgg%2F..%2Fnl_NL%2F..%2Fja%2F..%2Fvo HTTP/1.1" 200 1604 "-" "Mozilla/5.0 AppleWebKit/537.36 (KHTML, like Gecko; compatible; ClaudeBot/1.0; +claudebot@anthropic.com)"
3.144.17.93 - - [29/Apr/2025:10:55:38 -0400] "GET /ad917/?path=%2Fhome%2Fservlmvm%2F..%2F..%2Fusr%2Fshare%2Faclocal%2F..%2Flocale%2Froa%2F..%2Fkru%2F..%2Fsn%2F..%2F.%2Ftr%2F..%2Faf%2F..%2Fsal%2F..%2Fen_ZA HTTP/1.1" 200 1603 "-" "Mozilla/5.0 AppleWebKit/537.36 (KHTML, like Gecko; compatible; ClaudeBot/1.0; +claudebot@anthropic.com)"
52.167.144.180 - - [29/Apr/2025:10:55:39 -0400] "GET /items/orthodromic/ HTTP/1.1" 301 0 "-" "Mozilla/5.0 AppleWebKit/537.36 (KHTML, like Gecko; compatible; bingbot/2.0; +http://www.bing.com/bingbot.htm) Chrome/116.0.1938.76 Safari/537.36"
3.144.17.93 - - [29/Apr/2025:10:55:41 -0400] "GET /ad917/?path=%2Fhome%2Fservlmvm%2F..%2F..%2Fusr%2Fshare%2Faclocal%2F..%2Flocale%2Froa%2F..%2Fkru%2F..%2Fsn%2F..%2F.%2Ftr%2F..%2Faf%2F..%2Fsal%2F..%2Fik HTTP/1.1" 200 1603 "-" "Mozilla/5.0 AppleWebKit/537.36 (KHTML, like Gecko; compatible; ClaudeBot/1.0; +claudebot@anthropic.com)"
3.144.17.93 - - [29/Apr/2025:10:55:44 -0400] "GET /ad917/?path=%2Fhome%2Fservlmvm%2F..%2F..%2Fusr%2Fshare%2Faclocal%2F..%2Flocale%2Froa%2F..%2Fkru%2F..%2Fsn%2F..%2F.%2Ftr%2F..%2Faf%2F..%2Fsal%2F..%2Fady HTTP/1.1" 200 1598 "-" "Mozilla/5.0 AppleWebKit/537.36 (KHTML, like Gecko; compatible; ClaudeBot/1.0; +claudebot@anthropic.com)"
3.144.17.93 - - [29/Apr/2025:10:55:47 -0400] "GET /ad917/?path=%2Fhome%2Fservlmvm%2F..%2F..%2Fusr%2Fshare%2Faclocal%2F..%2Flocale%2Froa%2F..%2Fkru%2F..%2Fsn%2F..%2F.%2Ftr%2F..%2Faf%2F..%2Fsal%2F..%2Fbn HTTP/1.1" 200 1601 "-" "Mozilla/5.0 AppleWebKit/537.36 (KHTML, like Gecko; compatible; ClaudeBot/1.0; +claudebot@anthropic.com)"
3.144.17.93 - - [29/Apr/2025:10:55:50 -0400] "GET /ad917/?path=%2Fhome%2Fservlmvm%2F..%2F..%2Fusr%2Fshare%2Faclocal%2F..%2Flocale%2Froa%2F..%2Fkru%2F..%2Fsn%2F..%2F.%2Ftr%2F..%2Faf%2F..%2Fsal%2F..%2Fsal HTTP/1.1" 200 1590 "-" "Mozilla/5.0 AppleWebKit/537.36 (KHTML, like Gecko; compatible; ClaudeBot/1.0; +claudebot@anthropic.com)"
3.144.17.93 - - [29/Apr/2025:10:55:53 -0400] "GET /ad917/?path=%2Fhome%2Fservlmvm%2F..%2F..%2Fusr%2Fshare%2Faclocal%2F..%2Flocale%2Froa%2F..%2Fkru%2F..%2Fsn%2F..%2F.%2Ftr%2F..%2Faf%2F..%2Fsal%2F..%2Fkab HTTP/1.1" 200 1597 "-" "Mozilla/5.0 AppleWebKit/537.36 (KHTML, like Gecko; compatible; ClaudeBot/1.0; +claudebot@anthropic.com)"
3.144.17.93 - - [29/Apr/2025:10:55:56 -0400] "GET /ad917/?path=%2Fhome%2Fservlmvm%2F..%2F..%2Fusr%2Fshare%2Faclocal%2F..%2Flocale%2Fhai%2F..%2Fbla%2F..%2Fpms%2F..%2Fgot%2F..%2Feka%2F..%2Ftmh HTTP/1.1" 200 1567 "-" "Mozilla/5.0 AppleWebKit/537.36 (KHTML, like Gecko; compatible; ClaudeBot/1.0; +claudebot@anthropic.com)"
3.144.17.93 - - [29/Apr/2025:10:55:59 -0400] "GET /ad917/?path=%2Fhome%2Fservlmvm%2F..%2F..%2Fusr%2Fshare%2Faclocal%2F..%2Flocale%2Fwen%2F..%2Fmwr%2F..%2Fkar%2F..%2Fchg%2F..%2Fbar%2F..%2Ftmh HTTP/1.1" 200 1568 "-" "Mozilla/5.0 AppleWebKit/537.36 (KHTML, like Gecko; compatible; ClaudeBot/1.0; +claudebot@anthropic.com)"
3.144.17.93 - - [29/Apr/2025:10:56:02 -0400] "GET /ad917/?path=%2Fhome%2Fservlmvm%2F..%2F..%2Fusr%2Fshare%2Faclocal%2F..%2Flocale%2F.%2Fmap%2F..%2Fla%2F..%2Fks%40aran%2F..%2Fcgg%2F..%2Fnl_NL%2F..%2Fja%2F..%2Fza HTTP/1.1" 200 1605 "-" "Mozilla/5.0 AppleWebKit/537.36 (KHTML, like Gecko; compatible; ClaudeBot/1.0; +claudebot@anthropic.com)"
3.144.17.93 - - [29/Apr/2025:10:56:05 -0400] "GET /ad917/?path=%2Fhome%2Fservlmvm%2F..%2F..%2Fusr%2Fshare%2Faclocal%2F..%2Flocale%2Fnon%2F.%2F..%2F.%2Ftt%2F..%2Fchb%2F..%2Fay%2F..%2Fsmj%2F..%2Fmap%2F.. HTTP/1.1" 200 14384 "-" "Mozilla/5.0 AppleWebKit/537.36 (KHTML, like Gecko; compatible; ClaudeBot/1.0; +claudebot@anthropic.com)"
3.144.17.93 - - [29/Apr/2025:10:56:08 -0400] "GET /ad917/?path=%2Fhome%2Fservlmvm%2F..%2F..%2Fusr%2Fshare%2Faclocal%2F..%2Flocale%2Froa%2F..%2Fkru%2F..%2Fsn%2F..%2F.%2Ftr%2F..%2Faf%2F..%2Fsal%2F..%2Fsi HTTP/1.1" 200 1598 "-" "Mozilla/5.0 AppleWebKit/537.36 (KHTML, like Gecko; compatible; ClaudeBot/1.0; +claudebot@anthropic.com)"
198.54.116.86 - - [29/Apr/2025:10:56:09 -0400] "POST /wp-cron.php?doing_wp_cron=1745938569.8325970172882080078125 HTTP/1.1" 200 0 "-" "WordPress/6.8; https://servethepeopleinc.org"
40.77.167.59 - - [29/Apr/2025:10:56:09 -0400] "GET /shopping/51696352.shtml HTTP/1.1" 301 0 "-" "Mozilla/5.0 AppleWebKit/537.36 (KHTML, like Gecko; compatible; bingbot/2.0; +http://www.bing.com/bingbot.htm) Chrome/116.0.1938.76 Safari/537.36"
198.54.116.86 - - [29/Apr/2025:10:56:09 -0400] "POST /wp-admin/admin-ajax.php?action=async_litespeed&nonce=rbQZ1EsYiAgHVnbl5CyfwnRD4c4DfdPh&litespeed_type=imgoptm HTTP/1.1" 200 21 "-" "WordPress/6.8; https://servethepeopleinc.org"
3.144.17.93 - - [29/Apr/2025:10:56:11 -0400] "GET /ad917/?path=%2Fhome%2Fservlmvm%2F..%2F..%2Fusr%2Fshare%2Faclocal%2F..%2Flocale%2Fhai%2F..%2Fcgg%2F..%2Fnso%2F..%2Fks%2F..%2Fcv%2F..%2Ftmh HTTP/1.1" 200 1567 "-" "Mozilla/5.0 AppleWebKit/537.36 (KHTML, like Gecko; compatible; ClaudeBot/1.0; +claudebot@anthropic.com)"
3.144.17.93 - - [29/Apr/2025:10:56:14 -0400] "GET /ad917/?path=%2Fhome%2Fservlmvm%2F..%2F..%2Fusr%2Fshare%2Faclocal%2F..%2Flocale%2Froa%2F..%2Fkru%2F..%2Fsn%2F..%2F.%2Ftr%2F..%2Faf%2F..%2Fsal%2F..%2Far HTTP/1.1" 200 1600 "-" "Mozilla/5.0 AppleWebKit/537.36 (KHTML, like Gecko; compatible; ClaudeBot/1.0; +claudebot@anthropic.com)"
198.54.116.86 - - [29/Apr/2025:10:56:17 -0400] "POST /wp-cron.php?doing_wp_cron=1745938577.0283861160278320312500 HTTP/1.1" 200 0 "-" "WordPress/6.8; https://servethepeopleinc.org"
40.77.167.55 - - [29/Apr/2025:10:56:16 -0400] "GET /shopbrand/adornation5008816.shtml HTTP/1.1" 404 16941 "-" "Mozilla/5.0 AppleWebKit/537.36 (KHTML, like Gecko; compatible; bingbot/2.0; +http://www.bing.com/bingbot.htm) Chrome/116.0.1938.76 Safari/537.36"
3.144.17.93 - - [29/Apr/2025:10:56:17 -0400] "GET /ad917/?path=%2Fhome%2Fservlmvm%2F..%2F..%2Fusr%2Fshare%2Faclocal%2F..%2Flocale%2Froa%2F..%2Fkru%2F..%2Fsn%2F..%2F.%2Ftr%2F..%2Faf%2F..%2Fsal%2F..%2Fmn HTTP/1.1" 200 1601 "-" "Mozilla/5.0 AppleWebKit/537.36 (KHTML, like Gecko; compatible; ClaudeBot/1.0; +claudebot@anthropic.com)"
3.144.17.93 - - [29/Apr/2025:10:56:20 -0400] "GET /ad917/?path=%2Fhome%2Fservlmvm%2F..%2F..%2Fusr%2Fshare%2Faclocal%2F..%2Flocale%2F.%2Fmap%2F..%2Fla%2F..%2Fks%40aran%2F..%2Fcgg%2F..%2Fnl_NL%2F..%2Fja%2F..%2Fty HTTP/1.1" 200 1607 "-" "Mozilla/5.0 AppleWebKit/537.36 (KHTML, like Gecko; compatible; ClaudeBot/1.0; +claudebot@anthropic.com)"
40.77.167.4 - - [29/Apr/2025:10:56:29 -0400] "GET /items105121228.shtml HTTP/1.1" 404 16940 "-" "Mozilla/5.0 AppleWebKit/537.36 (KHTML, like Gecko; compatible; bingbot/2.0; +http://www.bing.com/bingbot.htm) Chrome/116.0.1938.76 Safari/537.36"
57.141.0.24 - - [29/Apr/2025:10:56:32 -0400] "GET /what-we-do/ HTTP/1.1" 200 88591 "-" "meta-externalagent/1.1 (+https://developers.facebook.com/docs/sharing/webmasters/crawler)"
52.167.144.180 - - [29/Apr/2025:10:56:47 -0400] "GET /product/choreic/75671716.shtml HTTP/1.1" 301 0 "-" "Mozilla/5.0 AppleWebKit/537.36 (KHTML, like Gecko; compatible; bingbot/2.0; +http://www.bing.com/bingbot.htm) Chrome/116.0.1938.76 Safari/537.36"
40.77.167.4 - - [29/Apr/2025:10:56:50 -0400] "GET /product/multicarinate54246170.shtml HTTP/1.1" 404 16942 "-" "Mozilla/5.0 AppleWebKit/537.36 (KHTML, like Gecko; compatible; bingbot/2.0; +http://www.bing.com/bingbot.htm) Chrome/116.0.1938.76 Safari/537.36"
18.223.122.53 - - [29/Apr/2025:10:57:00 -0400] "GET /ad917/?path=%2Fhome%2Fservlmvm%2F..%2F..%2Fusr%2Fshare%2Faclocal%2F..%2Flocale%2Froa%2F..%2Fwo%2F.%2F..%2Fur_PK%2F..%2Fkab%2F..%2Fnub%2F..%2Fco%2F.. HTTP/1.1" 200 14296 "-" "Mozilla/5.0 AppleWebKit/537.36 (KHTML, like Gecko; compatible; ClaudeBot/1.0; +claudebot@anthropic.com)"
18.223.122.53 - - [29/Apr/2025:10:57:03 -0400] "GET /ad917/?path=%2Fhome%2Fservlmvm%2F..%2F..%2Fusr%2Fshare%2Faclocal%2F..%2Flocale%2Fhai%2F..%2Ffrs%2F.%2F..%2Fnyo%2F..%2Faf%2FLC_MESSAGES%2F.%2F.. HTTP/1.1" 200 1638 "-" "Mozilla/5.0 AppleWebKit/537.36 (KHTML, like Gecko; compatible; ClaudeBot/1.0; +claudebot@anthropic.com)"
18.223.122.53 - - [29/Apr/2025:10:57:06 -0400] "GET /ad917/?path=%2Fhome%2Fservlmvm%2F..%2F..%2Fusr%2Fshare%2Faclocal%2F..%2Flocale%2Fraj%2F..%2Fcrp%2F..%2Fwen%2F..%2Fen_ZA%2F..%2Fth_TH%2F..%2Ffrs HTTP/1.1" 200 1582 "-" "Mozilla/5.0 AppleWebKit/537.36 (KHTML, like Gecko; compatible; ClaudeBot/1.0; +claudebot@anthropic.com)"
198.54.116.86 - - [29/Apr/2025:10:57:07 -0400] "POST /wp-cron.php?doing_wp_cron=1745938627.0681250095367431640625 HTTP/1.1" 200 0 "-" "WordPress/6.8; https://servethepeopleinc.org"
40.77.167.4 - - [29/Apr/2025:10:57:06 -0400] "GET /items/92335972.shtml HTTP/1.1" 404 16940 "-" "Mozilla/5.0 AppleWebKit/537.36 (KHTML, like Gecko; compatible; bingbot/2.0; +http://www.bing.com/bingbot.htm) Chrome/116.0.1938.76 Safari/537.36"
198.54.116.86 - - [29/Apr/2025:10:57:07 -0400] "POST /wp-admin/admin-ajax.php?action=async_litespeed&nonce=TnUTTDveHn4NQmzXE3331AUSLjCyyzCd&litespeed_type=imgoptm HTTP/1.1" 200 21 "-" "WordPress/6.8; https://servethepeopleinc.org"
18.223.122.53 - - [29/Apr/2025:10:57:09 -0400] "GET /ad917/?path=%2Fhome%2Fservlmvm%2F..%2F..%2Fusr%2Fshare%2Faclocal%2F..%2Flocale%2Fraj%2F..%2Fcrp%2F..%2Fwen%2F..%2Fen_ZA%2F..%2Fth_TH%2F..%2Fbr HTTP/1.1" 200 1577 "-" "Mozilla/5.0 AppleWebKit/537.36 (KHTML, like Gecko; compatible; ClaudeBot/1.0; +claudebot@anthropic.com)"
40.77.167.59 - - [29/Apr/2025:10:57:09 -0400] "GET /special/microseismograph2645606.shtml HTTP/1.1" 301 0 "-" "Mozilla/5.0 AppleWebKit/537.36 (KHTML, like Gecko; compatible; bingbot/2.0; +http://www.bing.com/bingbot.htm) Chrome/116.0.1938.76 Safari/537.36"
18.223.122.53 - - [29/Apr/2025:10:57:12 -0400] "GET /ad917/?path=%2Fhome%2Fservlmvm%2F..%2F..%2Fusr%2Fshare%2Faclocal%2F..%2Flocale%2Fhai%2F..%2Fbla%2F..%2Fpms%2F..%2Fgot%2F..%2Feka%2F..%2Fgu HTTP/1.1" 200 1572 "-" "Mozilla/5.0 AppleWebKit/537.36 (KHTML, like Gecko; compatible; ClaudeBot/1.0; +claudebot@anthropic.com)"
66.249.65.168 - - [29/Apr/2025:10:57:12 -0400] "GET /special/d/salimetry/43174132.shtml HTTP/1.1" 404 16948 "-" "Mozilla/5.0 (compatible; Googlebot/2.1; +http://www.google.com/bot.html)"
18.223.122.53 - - [29/Apr/2025:10:57:15 -0400] "GET /ad917/?path=%2Fhome%2Fservlmvm%2F..%2F..%2Fusr%2Fshare%2Faclocal%2F..%2Flocale%2Fwen%2F..%2Fmwr%2F..%2Fkar%2F..%2Fchg%2F..%2Fbar%2F..%2Fda HTTP/1.1" 200 1638 "-" "Mozilla/5.0 AppleWebKit/537.36 (KHTML, like Gecko; compatible; ClaudeBot/1.0; +claudebot@anthropic.com)"
198.54.116.86 - - [29/Apr/2025:10:57:16 -0400] "POST /wp-cron.php?doing_wp_cron=1745938636.7776770591735839843750 HTTP/1.1" 200 0 "-" "WordPress/6.8; https://servethepeopleinc.org"
40.77.167.123 - - [29/Apr/2025:10:57:16 -0400] "GET /index.php/sitemap.xml HTTP/1.1" 301 0 "-" "Mozilla/5.0 AppleWebKit/537.36 (KHTML, like Gecko; compatible; bingbot/2.0; +http://www.bing.com/bingbot.htm) Chrome/116.0.1938.76 Safari/537.36"
40.77.167.35 - - [29/Apr/2025:10:57:17 -0400] "GET /entity/k/megalith/16760058.shtml HTTP/1.1" 301 0 "-" "Mozilla/5.0 AppleWebKit/537.36 (KHTML, like Gecko; compatible; bingbot/2.0; +http://www.bing.com/bingbot.htm) Chrome/116.0.1938.76 Safari/537.36"
18.223.122.53 - - [29/Apr/2025:10:57:18 -0400] "GET /ad917/?path=%2Fhome%2Fservlmvm%2F..%2F..%2Fusr%2Fshare%2Faclocal%2F..%2Flocale%2Froa%2F..%2Fkru%2F..%2Fsn%2F..%2F.%2Ftr%2F..%2Faf%2F..%2Fsal%2F..%2Fnai HTTP/1.1" 200 1595 "-" "Mozilla/5.0 AppleWebKit/537.36 (KHTML, like Gecko; compatible; ClaudeBot/1.0; +claudebot@anthropic.com)"
18.223.122.53 - - [29/Apr/2025:10:57:21 -0400] "GET /ad917/?path=%2Fhome%2Fservlmvm%2F..%2F..%2Fusr%2Fshare%2Faclocal%2F..%2Flocale%2Fraj%2F..%2Fcrp%2F..%2Fwen%2F..%2Fen_ZA%2F..%2Fth_TH%2F..%2Fos HTTP/1.1" 200 1577 "-" "Mozilla/5.0 AppleWebKit/537.36 (KHTML, like Gecko; compatible; ClaudeBot/1.0; +claudebot@anthropic.com)"
18.223.122.53 - - [29/Apr/2025:10:57:24 -0400] "GET /ad917/?path=%2Fhome%2Fservlmvm%2F..%2F..%2Fusr%2Fshare%2Faclocal%2F..%2Flocale%2Fwen%2F..%2Fmwr%2F..%2Fkar%2F..%2Fchg%2F..%2Fbar%2F..%2Fgu HTTP/1.1" 200 1573 "-" "Mozilla/5.0 AppleWebKit/537.36 (KHTML, like Gecko; compatible; ClaudeBot/1.0; +claudebot@anthropic.com)"
40.77.167.123 - - [29/Apr/2025:10:57:26 -0400] "GET /wp-sitemap.xml HTTP/1.1" 200 208 "-" "Mozilla/5.0 AppleWebKit/537.36 (KHTML, like Gecko; compatible; bingbot/2.0; +http://www.bing.com/bingbot.htm) Chrome/116.0.1938.76 Safari/537.36"
18.223.122.53 - - [29/Apr/2025:10:57:27 -0400] "GET /ad917/?path=%2Fhome%2Fservlmvm%2F..%2F..%2Fusr%2Fshare%2Faclocal%2F..%2Flocale%2Fraj%2F..%2Fmis%2F..%2Fur_PK%2F..%2Fgor%2F..%2Fpi%2F..%2Ffr%2FLC_TIME HTTP/1.1" 200 1638 "-" "Mozilla/5.0 AppleWebKit/537.36 (KHTML, like Gecko; compatible; ClaudeBot/1.0; +claudebot@anthropic.com)"
40.77.167.35 - - [29/Apr/2025:10:57:27 -0400] "GET /info/xm/daikon68505020.shtml HTTP/1.1" 301 0 "-" "Mozilla/5.0 AppleWebKit/537.36 (KHTML, like Gecko; compatible; bingbot/2.0; +http://www.bing.com/bingbot.htm) Chrome/116.0.1938.76 Safari/537.36"
18.223.122.53 - - [29/Apr/2025:10:57:30 -0400] "GET /ad917/?path=%2Fhome%2Fservlmvm%2F..%2F..%2Fusr%2Fshare%2Faclocal%2F..%2Flocale%2Fhai%2F..%2Fcgg%2F..%2Fnso%2F..%2Fmad%2F..%2Fgoh%2F..%2Fja.euc-jp HTTP/1.1" 200 1587 "-" "Mozilla/5.0 AppleWebKit/537.36 (KHTML, like Gecko; compatible; ClaudeBot/1.0; +claudebot@anthropic.com)"
18.223.122.53 - - [29/Apr/2025:10:57:33 -0400] "GET /ad917/?path=%2Fhome%2Fservlmvm%2F..%2F..%2Fusr%2Fshare%2Faclocal%2F..%2Flocale%2Fraj%2F..%2Fcrp%2F..%2Fwen%2F..%2Fen_ZA%2F..%2Fth_TH%2F..%2Fnqo HTTP/1.1" 200 1582 "-" "Mozilla/5.0 AppleWebKit/537.36 (KHTML, like Gecko; compatible; ClaudeBot/1.0; +claudebot@anthropic.com)"
18.223.122.53 - - [29/Apr/2025:10:57:36 -0400] "GET /ad917/?path=%2Fhome%2Fservlmvm%2F..%2F..%2Fusr%2Fshare%2Faclocal%2F..%2Flocale%2Fwen%2F..%2Fmwr%2F..%2Fkar%2F..%2Fchg%2F..%2Fmag%2F..%2Fgl_ES HTTP/1.1" 200 1569 "-" "Mozilla/5.0 AppleWebKit/537.36 (KHTML, like Gecko; compatible; ClaudeBot/1.0; +claudebot@anthropic.com)"
18.223.122.53 - - [29/Apr/2025:10:57:39 -0400] "GET /ad917/?path=%2Fhome%2Fservlmvm%2F..%2F..%2Fusr%2Fshare%2Faclocal%2F..%2Flocale%2Fraj%2F..%2Fcrp%2F..%2Fwen%2F..%2Fen_ZA%2F..%2Fth_TH%2F..%2Fbla HTTP/1.1" 200 1582 "-" "Mozilla/5.0 AppleWebKit/537.36 (KHTML, like Gecko; compatible; ClaudeBot/1.0; +claudebot@anthropic.com)"
18.223.122.53 - - [29/Apr/2025:10:57:42 -0400] "GET /ad917/?path=%2Fhome%2Fservlmvm%2F..%2F..%2Fusr%2Fshare%2Faclocal%2F..%2Flocale%2Fhai%2F..%2Fbla%2F..%2Fpms%2F..%2Fgot%2F..%2Feka%2F..%2Faym HTTP/1.1" 200 1573 "-" "Mozilla/5.0 AppleWebKit/537.36 (KHTML, like Gecko; compatible; ClaudeBot/1.0; +claudebot@anthropic.com)"
18.223.122.53 - - [29/Apr/2025:10:57:45 -0400] "GET /ad917/?path=%2Fhome%2Fservlmvm%2F..%2F..%2Fusr%2Fshare%2Faclocal%2F..%2Flocale%2Fraj%2F..%2Flt%2F.%2F..%2Fzgh%2F..%2Fpra%2F..%2Fday%2F..%2Fbe%2F.. HTTP/1.1" 200 14386 "-" "Mozilla/5.0 AppleWebKit/537.36 (KHTML, like Gecko; compatible; ClaudeBot/1.0; +claudebot@anthropic.com)"
18.223.122.53 - - [29/Apr/2025:10:57:48 -0400] "GET /ad917/?path=%2Fhome%2Fservlmvm%2F..%2F..%2Fusr%2Fshare%2Faclocal%2F..%2Flocale%2Fhai%2F..%2Fcgg%2F..%2Fnso%2F..%2Fks%2F..%2Fcv%2F..%2Ffrs HTTP/1.1" 200 1577 "-" "Mozilla/5.0 AppleWebKit/537.36 (KHTML, like Gecko; compatible; ClaudeBot/1.0; +claudebot@anthropic.com)"
18.223.122.53 - - [29/Apr/2025:10:57:51 -0400] "GET /ad917/?path=%2Fhome%2Fservlmvm%2F..%2F..%2Fusr%2Fshare%2Faclocal%2F..%2Flocale%2Fwen%2F..%2Fmwr%2F..%2Fkar%2F..%2Fchg%2F..%2Fbar%2F..%2Faym HTTP/1.1" 200 1571 "-" "Mozilla/5.0 AppleWebKit/537.36 (KHTML, like Gecko; compatible; ClaudeBot/1.0; +claudebot@anthropic.com)"
18.223.122.53 - - [29/Apr/2025:10:57:54 -0400] "GET /ad917/?path=%2Fhome%2Fservlmvm%2F..%2F..%2Fusr%2Fshare%2Faclocal%2F..%2Flocale%2Fraj%2F..%2Fcrp%2F..%2Fwen%2F..%2Fen_ZA%2F..%2Fth_TH%2F..%2Ftt HTTP/1.1" 200 1577 "-" "Mozilla/5.0 AppleWebKit/537.36 (KHTML, like Gecko; compatible; ClaudeBot/1.0; +claudebot@anthropic.com)"
18.223.122.53 - - [29/Apr/2025:10:57:57 -0400] "GET /ad917/?path=%2Fhome%2Fservlmvm%2F..%2F..%2Fusr%2Fshare%2Faclocal%2F..%2Flocale%2Fhai%2F..%2Fcgg%2F..%2Fnso%2F..%2Fks%2F..%2Fcv%2F..%2Fbr HTTP/1.1" 200 1573 "-" "Mozilla/5.0 AppleWebKit/537.36 (KHTML, like Gecko; compatible; ClaudeBot/1.0; +claudebot@anthropic.com)"
18.223.122.53 - - [29/Apr/2025:10:58:00 -0400] "GET /ad917/?path=%2Fhome%2Fservlmvm%2F..%2F..%2Fusr%2Fshare%2Faclocal%2F..%2Flocale%2F.%2Fmap%2F..%2Fgon%2F..%2Fes_EC%2F..%2Fbej%2F..%2Fvi%2F..%2Fsk_SK%2F..%2Fkpe HTTP/1.1" 200 1608 "-" "Mozilla/5.0 AppleWebKit/537.36 (KHTML, like Gecko; compatible; ClaudeBot/1.0; +claudebot@anthropic.com)"
18.223.122.53 - - [29/Apr/2025:10:58:03 -0400] "GET /ad917/?path=%2Fhome%2Fservlmvm%2F..%2F..%2Fusr%2Fshare%2Faclocal%2F..%2Flocale%2Ffrr%2F..%2Fhne%2F..%2Fvot%2F..%2Fmdr%2F..%2Fdv%2F..%2Fks%40aran HTTP/1.1" 200 1585 "-" "Mozilla/5.0 AppleWebKit/537.36 (KHTML, like Gecko; compatible; ClaudeBot/1.0; +claudebot@anthropic.com)"
18.223.122.53 - - [29/Apr/2025:10:58:06 -0400] "GET /ad917/?path=%2Fhome%2Fservlmvm%2F..%2F..%2Fusr%2Fshare%2Faclocal%2F..%2Flocale%2Fraj%2F..%2Fcrp%2F..%2Fwen%2F..%2Fen_ZA%2F..%2Fth_TH%2F..%2Fav HTTP/1.1" 200 1577 "-" "Mozilla/5.0 AppleWebKit/537.36 (KHTML, like Gecko; compatible; ClaudeBot/1.0; +claudebot@anthropic.com)"
18.223.122.53 - - [29/Apr/2025:10:58:09 -0400] "GET /ad917/?path=%2Fhome%2Fservlmvm%2F..%2F..%2Fusr%2Fshare%2Faclocal%2F..%2Flocale%2Fraj%2F..%2Fcrp%2F..%2Fwen%2F..%2Fen_ZA%2F..%2Fth_TH%2F..%2Fuz%40Latn HTTP/1.1" 200 1590 "-" "Mozilla/5.0 AppleWebKit/537.36 (KHTML, like Gecko; compatible; ClaudeBot/1.0; +claudebot@anthropic.com)"
18.223.122.53 - - [29/Apr/2025:10:58:12 -0400] "GET /ad917/?path=%2Fhome%2Fservlmvm%2F..%2F..%2Fusr%2Fshare%2Faclocal%2F..%2Flocale%2F.%2Fmap%2F..%2Fgon%2F..%2Fes_EC%2F..%2Fbej%2F..%2Far_DZ%2F..%2Ftt%2F..%2Fsgn HTTP/1.1" 200 1605 "-" "Mozilla/5.0 AppleWebKit/537.36 (KHTML, like Gecko; compatible; ClaudeBot/1.0; +claudebot@anthropic.com)"
18.223.122.53 - - [29/Apr/2025:10:58:15 -0400] "GET /ad917/?path=%2Fhome%2Fservlmvm%2F..%2F..%2Fusr%2Fshare%2Faclocal%2F..%2Flocale%2Fhai%2F..%2Fcgg%2F..%2Fnso%2F..%2Fmad%2F..%2Fgoh%2F..%2Fsgn HTTP/1.1" 200 1572 "-" "Mozilla/5.0 AppleWebKit/537.36 (KHTML, like Gecko; compatible; ClaudeBot/1.0; +claudebot@anthropic.com)"
