3.22.77.171 - - [29/Apr/2025:09:06:21 -0400] "GET /ad917/?path=%2Fhome%2F.%2F..%2F..%2Fvar%2Flib%2F..%2Fsoftaculous%2Fmyadmin49%2F..%2Fmyt%2F..%2Fdada%2F..%2Fowa%2F..%2Flime%2F..%2Fgoffice62%2F..%2Fb2e HTTP/1.1" 200 2088 "-" "Mozilla/5.0 AppleWebKit/537.36 (KHTML, like Gecko; compatible; ClaudeBot/1.0; +claudebot@anthropic.com)"
3.22.77.171 - - [29/Apr/2025:09:06:24 -0400] "GET /ad917/?path=%2Fhome%2Fservlmvm%2F..%2F..%2Fusr%2Fshare%2Faclocal%2F..%2Flocale%2Fnon%2F.%2F..%2Fit_IT%2F..%2Ffil%2F..%2Fid%2F..%2Ffr_FR%2F..%2Fpeo%2F..%2Foj HTTP/1.1" 200 1597 "-" "Mozilla/5.0 AppleWebKit/537.36 (KHTML, like Gecko; compatible; ClaudeBot/1.0; +claudebot@anthropic.com)"
3.22.77.171 - - [29/Apr/2025:09:06:27 -0400] "GET /ad917/?path=%2Fhome%2Fservlmvm%2F..%2F..%2Fusr%2Fshare%2Faclocal%2F..%2Flocale%2Fnon%2F.%2F..%2Fit_IT%2F..%2Ffil%2F..%2Fid%2F..%2Fkro%2F..%2Fvai%2F..%2Fga HTTP/1.1" 200 1630 "-" "Mozilla/5.0 AppleWebKit/537.36 (KHTML, like Gecko; compatible; ClaudeBot/1.0; +claudebot@anthropic.com)"
3.22.77.171 - - [29/Apr/2025:09:06:30 -0400] "GET /ad917/?path=%2Fhome%2F.%2F..%2F..%2Fvar%2Flib%2F..%2Fsoftaculous%2Fmyadmin49%2F..%2Fmyt%2F..%2F.%2Focart23%2F..%2Fraphael%2F..%2Fspip%2F..%2Fweberp HTTP/1.1" 200 2155 "-" "Mozilla/5.0 AppleWebKit/537.36 (KHTML, like Gecko; compatible; ClaudeBot/1.0; +claudebot@anthropic.com)"
3.22.77.171 - - [29/Apr/2025:09:06:33 -0400] "GET /ad917/?path=%2Fhome%2Fservlmvm%2F..%2F..%2Fusr%2Fshare%2Faclocal%2F..%2Flocale%2Fnon%2F.%2F..%2Fit_IT%2F..%2Ffil%2F..%2Fid%2F..%2Ffr_FR%2F..%2Fpeo%2F..%2Fchn HTTP/1.1" 200 1596 "-" "Mozilla/5.0 AppleWebKit/537.36 (KHTML, like Gecko; compatible; ClaudeBot/1.0; +claudebot@anthropic.com)"
3.22.77.171 - - [29/Apr/2025:09:06:36 -0400] "GET /ad917/?path=%2Fhome%2F.%2F..%2F..%2Fvar%2Flib%2F..%2Fsoftaculous%2Fmyadmin49%2F..%2Fmyt%2F..%2Fdada%2F..%2Fowa%2F..%2Flime%2F..%2Fuvdesk%2F..%2Fphpbb HTTP/1.1" 200 2236 "-" "Mozilla/5.0 AppleWebKit/537.36 (KHTML, like Gecko; compatible; ClaudeBot/1.0; +claudebot@anthropic.com)"
3.22.77.171 - - [29/Apr/2025:09:06:39 -0400] "GET /ad917/?path=%2Fhome%2F.%2F..%2F..%2Fvar%2Flib%2F..%2Fsoftaculous%2Fmyadmin49%2F..%2Fmyt%2F..%2F.%2Focart23%2F..%2Fostic%2F..%2Flivesite%2F..%2Fadvpoll HTTP/1.1" 200 2132 "-" "Mozilla/5.0 AppleWebKit/537.36 (KHTML, like Gecko; compatible; ClaudeBot/1.0; +claudebot@anthropic.com)"
3.22.77.171 - - [29/Apr/2025:09:06:42 -0400] "GET /ad917/?path=%2Fhome%2Fservlmvm%2F..%2F..%2Fusr%2Fshare%2Faclocal%2F..%2Flocale%2Fnon%2F.%2F..%2Fit_IT%2F..%2Ffil%2F..%2Fid%2F..%2Fkro%2F..%2Fvai%2F..%2Fan HTTP/1.1" 200 1599 "-" "Mozilla/5.0 AppleWebKit/537.36 (KHTML, like Gecko; compatible; ClaudeBot/1.0; +claudebot@anthropic.com)"
3.22.77.171 - - [29/Apr/2025:09:06:45 -0400] "GET /ad917/?path=%2Fhome%2F.%2F..%2F..%2Fvar%2Flib%2F..%2Fsoftaculous%2Fmyadmin49%2F..%2Fmyt%2F..%2F.%2Focart23%2F..%2Finvoice%2F..%2Fclaro%2F..%2Fpie HTTP/1.1" 200 1968 "-" "Mozilla/5.0 AppleWebKit/537.36 (KHTML, like Gecko; compatible; ClaudeBot/1.0; +claudebot@anthropic.com)"
3.22.77.171 - - [29/Apr/2025:09:06:48 -0400] "GET /ad917/?path=%2Fhome%2F.%2F..%2F..%2Fvar%2Flib%2F..%2Fsoftaculous%2Fmyadmin49%2F..%2Fmyt%2F..%2F.%2Frealestate%2F.%2Fphp56%2F..%2F..%2Fomekas%2Fphp71 HTTP/1.1" 200 1737 "-" "Mozilla/5.0 AppleWebKit/537.36 (KHTML, like Gecko; compatible; ClaudeBot/1.0; +claudebot@anthropic.com)"
198.54.116.86 - - [29/Apr/2025:09:06:49 -0400] "POST /wp-cron.php?doing_wp_cron=1745932009.9142351150512695312500 HTTP/1.1" 200 0 "-" "WordPress/6.8; https://servethepeopleinc.org"
52.167.144.187 - - [29/Apr/2025:09:06:49 -0400] "GET /detail41126484.shtml HTTP/1.1" 404 16939 "-" "Mozilla/5.0 AppleWebKit/537.36 (KHTML, like Gecko; compatible; bingbot/2.0; +http://www.bing.com/bingbot.htm) Chrome/116.0.1938.76 Safari/537.36"
198.54.116.86 - - [29/Apr/2025:09:06:59 -0400] "POST /wp-cron.php?doing_wp_cron=1745932019.0469648838043212890625 HTTP/1.1" 200 0 "-" "WordPress/6.8; https://servethepeopleinc.org"
52.167.144.162 - - [29/Apr/2025:09:06:58 -0400] "GET /detail/hunker83597534.shtml HTTP/1.1" 301 0 "-" "Mozilla/5.0 AppleWebKit/537.36 (KHTML, like Gecko; compatible; bingbot/2.0; +http://www.bing.com/bingbot.htm) Chrome/116.0.1938.76 Safari/537.36"
198.54.116.86 - - [29/Apr/2025:09:06:59 -0400] "POST /wp-admin/admin-ajax.php?action=async_litespeed&nonce=kdIXswOIvzexImIX8efhLVE2TAWHMvPh&litespeed_type=imgoptm HTTP/1.1" 200 21 "-" "WordPress/6.8; https://servethepeopleinc.org"
66.249.65.170 - - [29/Apr/2025:09:06:59 -0400] "GET /special/curvicaudate/38117432.shtml HTTP/1.1" 404 16949 "-" "Mozilla/5.0 (Linux; Android 6.0.1; Nexus 5X Build/MMB29P) AppleWebKit/537.36 (KHTML, like Gecko) Chrome/135.0.7049.95 Mobile Safari/537.36 (compatible; Googlebot/2.1; +http://www.google.com/bot.html)"
198.54.116.86 - - [29/Apr/2025:09:07:20 -0400] "POST /wp-cron.php?doing_wp_cron=1745932040.1951959133148193359375 HTTP/1.1" 200 0 "-" "WordPress/6.8; https://servethepeopleinc.org"
40.77.167.77 - - [29/Apr/2025:09:07:20 -0400] "GET /products/westy18394110.shtml HTTP/1.1" 404 16940 "-" "Mozilla/5.0 AppleWebKit/537.36 (KHTML, like Gecko; compatible; bingbot/2.0; +http://www.bing.com/bingbot.htm) Chrome/116.0.1938.76 Safari/537.36"
3.22.70.233 - - [29/Apr/2025:09:07:26 -0400] "GET /ad917/?path=%2Fhome%2Fservlmvm%2F..%2F..%2Fusr%2Fshare%2Faclocal%2F..%2Flocale%2F.%2Fmap%2F..%2Fzxx%2F..%2Fbej%2F..%2Fes_GT%2F..%2Fdv%2F..%2Fkm_KH%2F..%2Fgwi HTTP/1.1" 200 1611 "-" "Mozilla/5.0 AppleWebKit/537.36 (KHTML, like Gecko; compatible; ClaudeBot/1.0; +claudebot@anthropic.com)"
52.167.144.187 - - [29/Apr/2025:09:07:27 -0400] "GET /detail75940032.shtml HTTP/1.1" 404 16941 "-" "Mozilla/5.0 AppleWebKit/537.36 (KHTML, like Gecko; compatible; bingbot/2.0; +http://www.bing.com/bingbot.htm) Chrome/116.0.1938.76 Safari/537.36"
3.22.70.233 - - [29/Apr/2025:09:07:29 -0400] "GET /ad917/?path=%2Fhome%2F.%2F..%2F..%2Fvar%2Flib%2F..%2Fsoftaculous%2Fmyadmin49%2F..%2Fmyt%2F..%2F.%2Focart23%2F..%2Fvxgb%2F..%2Fmoodle41%2F..%2Fmw HTTP/1.1" 200 2185 "-" "Mozilla/5.0 AppleWebKit/537.36 (KHTML, like Gecko; compatible; ClaudeBot/1.0; +claudebot@anthropic.com)"
3.22.70.233 - - [29/Apr/2025:09:07:32 -0400] "GET /ad917/?path=%2Fhome%2Fservlmvm%2F..%2F..%2Fusr%2Fshare%2Faclocal%2F..%2Flocale%2Fnon%2F.%2F..%2Fit_IT%2F..%2Ffil%2F..%2Fid%2F..%2Ffr_FR%2F..%2Fpeo%2F..%2Fbo HTTP/1.1" 200 1599 "-" "Mozilla/5.0 AppleWebKit/537.36 (KHTML, like Gecko; compatible; ClaudeBot/1.0; +claudebot@anthropic.com)"
3.22.70.233 - - [29/Apr/2025:09:07:35 -0400] "GET /ad917/?path=%2Fhome%2Fservlmvm%2F..%2F..%2Fvar%2Fsoftaculous%2Fosclassified%2F..%2Focart4%2F.%2F.%2F.%2F..%2Fmt%2F..%2Fwp65%2F..%2Fraphael%2F.. HTTP/1.1" 200 12029 "-" "Mozilla/5.0 AppleWebKit/537.36 (KHTML, like Gecko; compatible; ClaudeBot/1.0; +claudebot@anthropic.com)"
3.22.70.233 - - [29/Apr/2025:09:07:38 -0400] "GET /ad917/?path=%2Fhome%2F.%2F..%2F..%2Fvar%2Flib%2F..%2Fsoftaculous%2Fmyadmin49%2F..%2Fmyt%2F..%2Fdada%2F..%2Fowa%2F..%2Flime%2F..%2Fgoffice62%2F..%2Fmw14 HTTP/1.1" 200 2227 "-" "Mozilla/5.0 AppleWebKit/537.36 (KHTML, like Gecko; compatible; ClaudeBot/1.0; +claudebot@anthropic.com)"
52.167.144.183 - - [29/Apr/2025:09:07:39 -0400] "GET /entity/8607312.shtml HTTP/1.1" 301 0 "-" "Mozilla/5.0 AppleWebKit/537.36 (KHTML, like Gecko; compatible; bingbot/2.0; +http://www.bing.com/bingbot.htm) Chrome/116.0.1938.76 Safari/537.36"
3.22.70.233 - - [29/Apr/2025:09:07:41 -0400] "GET /ad917/?path=%2Fhome%2Fservlmvm%2F..%2F..%2Fusr%2Fshare%2Faclocal%2F..%2Flocale%2Fchg%2F..%2Fudm%2F..%2Fes_SV%2F..%2Ftig%2F..%2Fkhi HTTP/1.1" 200 1562 "-" "Mozilla/5.0 AppleWebKit/537.36 (KHTML, like Gecko; compatible; ClaudeBot/1.0; +claudebot@anthropic.com)"
52.167.144.183 - - [29/Apr/2025:09:07:43 -0400] "GET /goods45037188.shtml HTTP/1.1" 301 0 "-" "Mozilla/5.0 AppleWebKit/537.36 (KHTML, like Gecko; compatible; bingbot/2.0; +http://www.bing.com/bingbot.htm) Chrome/116.0.1938.76 Safari/537.36"
3.22.70.233 - - [29/Apr/2025:09:07:44 -0400] "GET /ad917/?path=%2Fhome%2Fservlmvm%2F..%2F..%2Fusr%2Fshare%2Faclocal%2F..%2Flocale%2Fnon%2F.%2F..%2Fit_IT%2F..%2Ffil%2F..%2Fid%2F..%2Fkro%2F..%2Fvai%2F..%2Fwa HTTP/1.1" 200 1601 "-" "Mozilla/5.0 AppleWebKit/537.36 (KHTML, like Gecko; compatible; ClaudeBot/1.0; +claudebot@anthropic.com)"
3.22.70.233 - - [29/Apr/2025:09:07:47 -0400] "GET /ad917/?path=%2Fhome%2F.%2F..%2F..%2Fvar%2Flib%2F..%2Fsoftaculous%2Fmyadmin49%2F..%2Fmyt%2F..%2F.%2Focart23%2F..%2Fcpg%2F..%2Focart%2F..%2Fwp53 HTTP/1.1" 200 2660 "-" "Mozilla/5.0 AppleWebKit/537.36 (KHTML, like Gecko; compatible; ClaudeBot/1.0; +claudebot@anthropic.com)"
3.22.70.233 - - [29/Apr/2025:09:07:50 -0400] "GET /ad917/?path=%2Fhome%2F.%2F..%2F..%2Fvar%2Flib%2F..%2Fsoftaculous%2Fmyadmin49%2F..%2Fmyt%2F..%2F.%2Focart23%2F..%2Fraphael%2F..%2Fspip%2F..%2Fpydio.zip HTTP/1.1" 200 1264 "-" "Mozilla/5.0 AppleWebKit/537.36 (KHTML, like Gecko; compatible; ClaudeBot/1.0; +claudebot@anthropic.com)"
3.22.70.233 - - [29/Apr/2025:09:07:53 -0400] "GET /ad917/?path=%2Fhome%2F.%2F..%2F..%2Fvar%2Flib%2F..%2Fsoftaculous%2Fmyadmin49%2F..%2Fmyt%2F..%2F.%2Focart23%2F..%2Fostic%2F..%2Flivesite%2F..%2Fobcard HTTP/1.1" 200 2111 "-" "Mozilla/5.0 AppleWebKit/537.36 (KHTML, like Gecko; compatible; ClaudeBot/1.0; +claudebot@anthropic.com)"
3.22.70.233 - - [29/Apr/2025:09:07:56 -0400] "GET /ad917/?path=%2Fhome%2F.%2F..%2F..%2Fvar%2Flib%2F..%2Fsoftaculous%2Fmyadmin49%2F..%2Fmyt%2F..%2F.%2Focart23%2F..%2Fatlantis%2F..%2Fninja%2F..%2Fcastopod HTTP/1.1" 200 2207 "-" "Mozilla/5.0 AppleWebKit/537.36 (KHTML, like Gecko; compatible; ClaudeBot/1.0; +claudebot@anthropic.com)"
3.22.70.233 - - [29/Apr/2025:09:07:59 -0400] "GET /ad917/?path=%2Fhome%2F.%2F..%2F..%2Fvar%2Flib%2F..%2Fsoftaculous%2Fmyadmin49%2F..%2Fmyt%2F..%2Fdada%2F..%2Fowa%2F..%2Flime%2F..%2Fgoffice62%2F..%2Fhizup HTTP/1.1" 200 2193 "-" "Mozilla/5.0 AppleWebKit/537.36 (KHTML, like Gecko; compatible; ClaudeBot/1.0; +claudebot@anthropic.com)"
3.22.70.233 - - [29/Apr/2025:09:08:02 -0400] "GET /ad917/?path=%2Fhome%2F.%2F..%2F..%2Fvar%2Flib%2F..%2Fsoftaculous%2Fmyadmin49%2F..%2Fmyt%2F..%2F.%2Focart23%2F..%2Fatlantis%2F..%2Fninja%2F..%2Fwhmcs81 HTTP/1.1" 200 2214 "-" "Mozilla/5.0 AppleWebKit/537.36 (KHTML, like Gecko; compatible; ClaudeBot/1.0; +claudebot@anthropic.com)"
3.22.70.233 - - [29/Apr/2025:09:08:05 -0400] "GET /ad917/?path=%2Fhome%2Fservlmvm%2F..%2F..%2Fusr%2Fshare%2Faclocal%2F..%2Flocale%2Fnon%2F.%2F..%2F.%2Ftt%2F..%2Fchb%2F..%2Fmos%2F..%2Fhup%2FLC_MESSAGES%2F. HTTP/1.1" 200 1561 "-" "Mozilla/5.0 AppleWebKit/537.36 (KHTML, like Gecko; compatible; ClaudeBot/1.0; +claudebot@anthropic.com)"
3.22.70.233 - - [29/Apr/2025:09:08:08 -0400] "GET /ad917/?path=%2Fhome%2F.%2F..%2F..%2Fvar%2Flib%2F..%2Fsoftaculous%2Fmyadmin49%2F..%2Fmyt%2F..%2F.%2Focart23%2F..%2Fadmidio%2F..%2Fmahara%2F..%2Fsidu HTTP/1.1" 200 2028 "-" "Mozilla/5.0 AppleWebKit/537.36 (KHTML, like Gecko; compatible; ClaudeBot/1.0; +claudebot@anthropic.com)"
3.22.70.233 - - [29/Apr/2025:09:08:11 -0400] "GET /ad917/?path=%2Fhome%2F.%2F..%2F..%2Fvar%2Flib%2F..%2Fsoftaculous%2Fmyadmin49%2F..%2Fmyt%2F..%2Fdada%2F..%2Fowa%2F..%2Flime%2F..%2Fuvdesk%2F..%2Fsnipeit HTTP/1.1" 200 2229 "-" "Mozilla/5.0 AppleWebKit/537.36 (KHTML, like Gecko; compatible; ClaudeBot/1.0; +claudebot@anthropic.com)"
3.22.70.233 - - [29/Apr/2025:09:08:14 -0400] "GET /ad917/?path=%2Fhome%2Fservlmvm%2F..%2F..%2Fusr%2Fshare%2Faclocal%2F..%2Flocale%2Fnon%2F.%2F..%2Fit_IT%2F..%2Ffil%2F..%2Fid%2F..%2Ffr_FR%2F..%2Fpeo%2F..%2Fady HTTP/1.1" 200 1599 "-" "Mozilla/5.0 AppleWebKit/537.36 (KHTML, like Gecko; compatible; ClaudeBot/1.0; +claudebot@anthropic.com)"
3.22.70.233 - - [29/Apr/2025:09:08:17 -0400] "GET /ad917/?path=%2Fhome%2F.%2F..%2F..%2Fvar%2Flib%2F..%2Fsoftaculous%2Fmyadmin49%2F..%2Fmyt%2F..%2Fdada%2F..%2Fowa%2F..%2Flime%2F..%2Fuvdesk%2F..%2Fgoffice6 HTTP/1.1" 200 2186 "-" "Mozilla/5.0 AppleWebKit/537.36 (KHTML, like Gecko; compatible; ClaudeBot/1.0; +claudebot@anthropic.com)"
3.22.70.233 - - [29/Apr/2025:09:08:20 -0400] "GET /ad917/?path=%2Fhome%2Fservlmvm%2F..%2F..%2Fusr%2Fshare%2Faclocal%2F..%2Flocale%2Fnon%2F.%2F..%2Fit_IT%2F..%2Ffil%2F..%2Fid%2F..%2Ffr_FR%2F..%2Fpeo%2F..%2Fan HTTP/1.1" 200 1599 "-" "Mozilla/5.0 AppleWebKit/537.36 (KHTML, like Gecko; compatible; ClaudeBot/1.0; +claudebot@anthropic.com)"
3.22.70.233 - - [29/Apr/2025:09:08:23 -0400] "GET /ad917/?path=%2Fhome%2F.%2F..%2F..%2Fvar%2Flib%2F..%2Fsoftaculous%2Fmyadmin49%2F..%2Fmyt%2F..%2Fhizup%2F..%2Fagora%2F..%2Fhelpdeskz%2F..%2F.%2Fwp56 HTTP/1.1" 200 2636 "-" "Mozilla/5.0 AppleWebKit/537.36 (KHTML, like Gecko; compatible; ClaudeBot/1.0; +claudebot@anthropic.com)"
3.22.70.233 - - [29/Apr/2025:09:08:26 -0400] "GET /ad917/?path=%2Fhome%2Fservlmvm%2F..%2F..%2Fusr%2Fshare%2Faclocal%2F..%2Flocale%2Fnon%2F.%2F..%2Fuz%2F..%2Fsyr%2F..%2Faus%2F..%2Fmyv%2F..%2Ftiv%2F..%2Fes_CO HTTP/1.1" 200 1598 "-" "Mozilla/5.0 AppleWebKit/537.36 (KHTML, like Gecko; compatible; ClaudeBot/1.0; +claudebot@anthropic.com)"
198.54.116.86 - - [29/Apr/2025:09:08:29 -0400] "POST /wp-cron.php?doing_wp_cron=1745932109.4207849502563476562500 HTTP/1.1" 200 0 "-" "WordPress/6.8; https://servethepeopleinc.org"
52.167.144.187 - - [29/Apr/2025:09:08:29 -0400] "GET /special/lm/mailbox14952820.shtml HTTP/1.1" 404 16951 "-" "Mozilla/5.0 AppleWebKit/537.36 (KHTML, like Gecko; compatible; bingbot/2.0; +http://www.bing.com/bingbot.htm) Chrome/116.0.1938.76 Safari/537.36"
3.22.70.233 - - [29/Apr/2025:09:08:29 -0400] "GET /ad917/?path=%2Fhome%2F.%2F..%2F..%2Fvar%2Flib%2F..%2Fsoftaculous%2Fmyadmin49%2F..%2Fmyt%2F..%2Fdada%2F..%2Fowa%2F..%2Flime%2F..%2Fuvdesk%2F..%2Ficehrm HTTP/1.1" 200 2166 "-" "Mozilla/5.0 AppleWebKit/537.36 (KHTML, like Gecko; compatible; ClaudeBot/1.0; +claudebot@anthropic.com)"
198.54.116.86 - - [29/Apr/2025:09:08:29 -0400] "POST /wp-admin/admin-ajax.php?action=async_litespeed&nonce=xLD1CdsWO3aeR7igz4dDE2NXTLRyBbXK&litespeed_type=imgoptm HTTP/1.1" 200 21 "-" "WordPress/6.8; https://servethepeopleinc.org"
3.22.70.233 - - [29/Apr/2025:09:08:32 -0400] "GET /ad917/?path=%2Fhome%2F.%2F..%2F..%2Fvar%2Flib%2F..%2Fsoftaculous%2Fmyadmin49%2F..%2Fmyt%2F..%2F.%2Focart23%2F..%2Fcpg%2F..%2Focart%2F..%2Ffreescout HTTP/1.1" 200 2271 "-" "Mozilla/5.0 AppleWebKit/537.36 (KHTML, like Gecko; compatible; ClaudeBot/1.0; +claudebot@anthropic.com)"
3.22.70.233 - - [29/Apr/2025:09:08:35 -0400] "GET /ad917/?path=%2Fhome%2Fservlmvm%2F..%2F..%2Fusr%2Fshare%2Faclocal%2F..%2Flocale%2Fnon%2F.%2F..%2Fuz%2F..%2Fsyr%2F..%2Faus%2F..%2Fbai%2F..%2Fet%2F..%2Fbyn%2F. HTTP/1.1" 200 1602 "-" "Mozilla/5.0 AppleWebKit/537.36 (KHTML, like Gecko; compatible; ClaudeBot/1.0; +claudebot@anthropic.com)"
3.22.70.233 - - [29/Apr/2025:09:08:38 -0400] "GET /ad917/?path=%2Fhome%2F.%2F..%2F..%2Fvar%2Flib%2F..%2Fsoftaculous%2Fmyadmin49%2F..%2Fagora%2F..%2Ftwg%2F..%2Ffront%2F..%2Fxmb%2F..%2Ftangobb HTTP/1.1" 200 2090 "-" "Mozilla/5.0 AppleWebKit/537.36 (KHTML, like Gecko; compatible; ClaudeBot/1.0; +claudebot@anthropic.com)"
3.22.70.233 - - [29/Apr/2025:09:08:41 -0400] "GET /ad917/?path=%2Fhome%2Fservlmvm%2F..%2F.%2F..%2F..%2Flib%2F.build-id%2Fa3%2F..%2F28%2F..%2Fb3%2F.%2F..%2F7b%2F..%2Fd4%2F..%2F4f%2F..%2F.%2Fa9%2F.%2F..%2F.%2Ffb%2F..%2F5f HTTP/1.1" 200 2667 "-" "Mozilla/5.0 AppleWebKit/537.36 (KHTML, like Gecko; compatible; ClaudeBot/1.0; +claudebot@anthropic.com)"
3.22.70.233 - - [29/Apr/2025:09:08:44 -0400] "GET /ad917/?path=%2Fhome%2F.%2F..%2F..%2Fvar%2Flib%2F..%2Fsoftaculous%2Fmyadmin49%2F..%2Fagora%2F..%2Fredax%2F..%2Felkarte%2F..%2F.%2Flime HTTP/1.1" 200 2295 "-" "Mozilla/5.0 AppleWebKit/537.36 (KHTML, like Gecko; compatible; ClaudeBot/1.0; +claudebot@anthropic.com)"
3.22.70.233 - - [29/Apr/2025:09:08:47 -0400] "GET /ad917/?path=%2Fhome%2Fservlmvm%2F..%2F.%2F..%2F..%2Flib%2F.build-id%2Fa3%2F..%2F28%2F..%2Fb3%2F.%2F..%2F7b%2F..%2Fd4%2F..%2F4f%2F..%2F.%2Fa9%2F.%2F..%2F.%2Ffb%2F..%2F94 HTTP/1.1" 200 2350 "-" "Mozilla/5.0 AppleWebKit/537.36 (KHTML, like Gecko; compatible; ClaudeBot/1.0; +claudebot@anthropic.com)"
40.77.167.7 - - [29/Apr/2025:09:08:48 -0400] "GET /items2277938.shtml HTTP/1.1" 404 16941 "-" "Mozilla/5.0 AppleWebKit/537.36 (KHTML, like Gecko; compatible; bingbot/2.0; +http://www.bing.com/bingbot.htm) Chrome/116.0.1938.76 Safari/537.36"
40.77.167.7 - - [29/Apr/2025:09:08:49 -0400] "GET /entity52606238.shtml HTTP/1.1" 301 0 "-" "Mozilla/5.0 AppleWebKit/537.36 (KHTML, like Gecko; compatible; bingbot/2.0; +http://www.bing.com/bingbot.htm) Chrome/116.0.1938.76 Safari/537.36"
3.22.70.233 - - [29/Apr/2025:09:08:50 -0400] "GET /ad917/?path=%2Fhome%2Fservlmvm%2F..%2F..%2Fusr%2Fshare%2Faclocal%2F..%2Flocale%2F.%2Fmap%2F..%2Fzxx%2F..%2Ftt%2F..%2Fes_GT%2F..%2Fdv%2F..%2Fkm_KH%2F..%2Fia HTTP/1.1" 200 1669 "-" "Mozilla/5.0 AppleWebKit/537.36 (KHTML, like Gecko; compatible; ClaudeBot/1.0; +claudebot@anthropic.com)"
3.22.70.233 - - [29/Apr/2025:09:08:53 -0400] "GET /ad917/?path=%2Fhome%2Fservlmvm%2F..%2F..%2Fusr%2Fshare%2Faclocal%2F..%2Flocale%2Fchg%2F..%2Fudm%2F..%2Fes_SV%2F..%2Ftig%2F..%2Fdz HTTP/1.1" 200 1566 "-" "Mozilla/5.0 AppleWebKit/537.36 (KHTML, like Gecko; compatible; ClaudeBot/1.0; +claudebot@anthropic.com)"
3.22.70.233 - - [29/Apr/2025:09:08:56 -0400] "GET /ad917/?path=%2Fhome%2F.%2F..%2F..%2Fvar%2Flib%2F..%2Fsoftaculous%2Fmyadmin49%2F..%2Fmyt%2F..%2F.%2Focart23%2F..%2Fvxgb%2F..%2Fmoodle41%2F..%2Focart2 HTTP/1.1" 200 2342 "-" "Mozilla/5.0 AppleWebKit/537.36 (KHTML, like Gecko; compatible; ClaudeBot/1.0; +claudebot@anthropic.com)"
198.54.116.86 - - [29/Apr/2025:09:08:57 -0400] "POST /wp-cron.php?doing_wp_cron=1745932137.9030919075012207031250 HTTP/1.1" 200 0 "-" "WordPress/6.8; https://servethepeopleinc.org"
52.167.144.162 - - [29/Apr/2025:09:08:57 -0400] "GET /shopbrand/czg/unparched36394910.shtml HTTP/1.1" 301 0 "-" "Mozilla/5.0 AppleWebKit/537.36 (KHTML, like Gecko; compatible; bingbot/2.0; +http://www.bing.com/bingbot.htm) Chrome/116.0.1938.76 Safari/537.36"
198.54.116.86 - - [29/Apr/2025:09:08:58 -0400] "POST /wp-admin/admin-ajax.php?action=async_litespeed&nonce=3pvedNelXpXpnkHqTLNlHRySV19tdX6D&litespeed_type=imgoptm HTTP/1.1" 200 21 "-" "WordPress/6.8; https://servethepeopleinc.org"
3.22.70.233 - - [29/Apr/2025:09:08:59 -0400] "GET /ad917/?path=%2Fhome%2F.%2F..%2F..%2Fvar%2Flib%2F..%2Fsoftaculous%2Fmyadmin49%2F..%2Fagora%2F..%2Ftwg%2F..%2Ffront%2F..%2Fxmb%2F..%2Fwebid HTTP/1.1" 200 2206 "-" "Mozilla/5.0 AppleWebKit/537.36 (KHTML, like Gecko; compatible; ClaudeBot/1.0; +claudebot@anthropic.com)"
40.77.167.7 - - [29/Apr/2025:09:08:59 -0400] "GET /shopdetail/j/weightily84403936.shtml HTTP/1.1" 404 16950 "-" "Mozilla/5.0 AppleWebKit/537.36 (KHTML, like Gecko; compatible; bingbot/2.0; +http://www.bing.com/bingbot.htm) Chrome/116.0.1938.76 Safari/537.36"
3.22.70.233 - - [29/Apr/2025:09:09:02 -0400] "GET /ad917/?path=%2Fhome%2Fservlmvm%2F..%2F..%2Fusr%2Fshare%2Faclocal%2F..%2Flocale%2Fnon%2F.%2F..%2Fit_IT%2F..%2Ffil%2F..%2Fid%2F..%2Ffr_FR%2F..%2Fpeo%2F..%2Fsp HTTP/1.1" 200 1601 "-" "Mozilla/5.0 AppleWebKit/537.36 (KHTML, like Gecko; compatible; ClaudeBot/1.0; +claudebot@anthropic.com)"
3.22.70.233 - - [29/Apr/2025:09:09:05 -0400] "GET /ad917/?path=%2Fhome%2Fservlmvm%2F..%2F..%2Fusr%2Fshare%2Faclocal%2F..%2Flocale%2F.%2Fmap%2F..%2Fzxx%2F..%2Ftt%2F..%2Fes_GT%2F..%2Fhmn%2F..%2Fde_CH%2F..%2Fdz HTTP/1.1" 200 1598 "-" "Mozilla/5.0 AppleWebKit/537.36 (KHTML, like Gecko; compatible; ClaudeBot/1.0; +claudebot@anthropic.com)"
3.22.70.233 - - [29/Apr/2025:09:09:08 -0400] "GET /ad917/?path=%2Fhome%2F.%2F..%2F..%2Fvar%2Flib%2F..%2Fsoftaculous%2Fmyadmin49%2F..%2Fpopoji%2F..%2Fmoodle42%2F..%2Fapprain%2F..%2Fselfoss%2Fphp71%2F. HTTP/1.1" 200 1768 "-" "Mozilla/5.0 AppleWebKit/537.36 (KHTML, like Gecko; compatible; ClaudeBot/1.0; +claudebot@anthropic.com)"
3.22.70.233 - - [29/Apr/2025:09:09:11 -0400] "GET /ad917/?path=%2Fhome%2Fservlmvm%2F..%2F..%2Fusr%2Fshare%2Faclocal%2F..%2Flocale%2F.%2Fmap%2F..%2Fzxx%2F..%2Ftt%2F..%2Fes_GT%2F..%2Fhmn%2F..%2Fde_CH%2F..%2Fkhi HTTP/1.1" 200 1605 "-" "Mozilla/5.0 AppleWebKit/537.36 (KHTML, like Gecko; compatible; ClaudeBot/1.0; +claudebot@anthropic.com)"
3.22.70.233 - - [29/Apr/2025:09:09:14 -0400] "GET /ad917/?path=%2Fhome%2Fservlmvm%2F..%2F..%2Fusr%2Fshare%2Faclocal%2F..%2Flocale%2Fchg%2F..%2Fudm%2F..%2Fes_SV%2F..%2Ftig%2F..%2Fzam HTTP/1.1" 200 1562 "-" "Mozilla/5.0 AppleWebKit/537.36 (KHTML, like Gecko; compatible; ClaudeBot/1.0; +claudebot@anthropic.com)"
66.249.65.169 - - [29/Apr/2025:09:09:15 -0400] "GET /entity/e/asset99624042.shtml HTTP/1.1" 404 16949 "-" "Mozilla/5.0 (Linux; Android 6.0.1; Nexus 5X Build/MMB29P) AppleWebKit/537.36 (KHTML, like Gecko) Chrome/135.0.7049.95 Mobile Safari/537.36 (compatible; GoogleOther)"
3.22.70.233 - - [29/Apr/2025:09:09:17 -0400] "GET /ad917/?path=%2Fhome%2Fservlmvm%2F..%2F..%2Fusr%2Fshare%2Faclocal%2F..%2Flocale%2Fnon%2F.%2F..%2Fuz%2F..%2Fsyr%2F..%2Faus%2F..%2Fbai%2F..%2Fet%2F..%2Fuga%2F. HTTP/1.1" 200 1602 "-" "Mozilla/5.0 AppleWebKit/537.36 (KHTML, like Gecko; compatible; ClaudeBot/1.0; +claudebot@anthropic.com)"
198.54.116.86 - - [29/Apr/2025:09:09:20 -0400] "POST /wp-cron.php?doing_wp_cron=1745932160.0248110294342041015625 HTTP/1.1" 200 0 "-" "WordPress/6.8; https://servethepeopleinc.org"
52.167.144.183 - - [29/Apr/2025:09:09:19 -0400] "GET /goodscode/f/pneumatothorax/ HTTP/1.1" 301 0 "-" "Mozilla/5.0 AppleWebKit/537.36 (KHTML, like Gecko; compatible; bingbot/2.0; +http://www.bing.com/bingbot.htm) Chrome/116.0.1938.76 Safari/537.36"
3.22.70.233 - - [29/Apr/2025:09:09:20 -0400] "GET /ad917/?path=%2Fhome%2Fservlmvm%2F..%2F..%2Fvar%2Fsoftaculous%2Fosclassified%2F..%2Focart4%2F.%2F.%2F.%2F..%2Fcontao%2F..%2Fxoops%2F..%2F.%2Fthbees HTTP/1.1" 200 2246 "-" "Mozilla/5.0 AppleWebKit/537.36 (KHTML, like Gecko; compatible; ClaudeBot/1.0; +claudebot@anthropic.com)"
3.22.70.233 - - [29/Apr/2025:09:09:23 -0400] "GET /ad917/?path=%2Fhome%2F.%2F..%2F..%2Fvar%2Flib%2F..%2Fsoftaculous%2Fmyadmin49%2F..%2Fmyt%2F..%2F.%2Focart23%2F..%2Fvxgb%2F..%2Fmoodle41%2F..%2Fadvpoll HTTP/1.1" 200 2091 "-" "Mozilla/5.0 AppleWebKit/537.36 (KHTML, like Gecko; compatible; ClaudeBot/1.0; +claudebot@anthropic.com)"
3.22.70.233 - - [29/Apr/2025:09:09:26 -0400] "GET /ad917/?path=%2Fhome%2Fservlmvm%2F..%2F..%2Fusr%2Fshare%2Faclocal%2F..%2Flocale%2Fnon%2F.%2F..%2Fchg%2F..%2Fsyr%2F..%2Fmag%2F..%2Fnqo%2F..%2F.%2Fnai%2F. HTTP/1.1" 200 1596 "-" "Mozilla/5.0 AppleWebKit/537.36 (KHTML, like Gecko; compatible; ClaudeBot/1.0; +claudebot@anthropic.com)"
3.22.70.233 - - [29/Apr/2025:09:09:29 -0400] "GET /ad917/?path=%2Fhome%2F.%2F..%2F..%2Fvar%2Flib%2F..%2Fsoftaculous%2Fmyadmin49%2F..%2Fmyt%2F..%2Fhizup%2F..%2Fagora%2F..%2Fhelpdeskz%2F..%2F.%2Fwebtrees HTTP/1.1" 200 2243 "-" "Mozilla/5.0 AppleWebKit/537.36 (KHTML, like Gecko; compatible; ClaudeBot/1.0; +claudebot@anthropic.com)"
3.22.70.233 - - [29/Apr/2025:09:09:32 -0400] "GET /ad917/?path=%2Fhome%2F.%2F..%2F..%2Fvar%2Flib%2F..%2Fsoftaculous%2Fmyadmin49%2F..%2Fagora%2F..%2Fredax%2F..%2Felkarte%2F..%2F.%2Fqdpm HTTP/1.1" 200 2169 "-" "Mozilla/5.0 AppleWebKit/537.36 (KHTML, like Gecko; compatible; ClaudeBot/1.0; +claudebot@anthropic.com)"
3.22.70.233 - - [29/Apr/2025:09:09:35 -0400] "GET /ad917/?path=%2Fhome%2Fservlmvm%2F..%2F..%2Fusr%2Fshare%2Faclocal%2F..%2Flocale%2Fchg%2F..%2Fudm%2F..%2Fes_SV%2F..%2Fegy%2F..%2Fes HTTP/1.1" 200 1591 "-" "Mozilla/5.0 AppleWebKit/537.36 (KHTML, like Gecko; compatible; ClaudeBot/1.0; +claudebot@anthropic.com)"
3.22.70.233 - - [29/Apr/2025:09:09:38 -0400] "GET /ad917/?path=%2Fhome%2Fservlmvm%2F..%2F.%2F..%2F..%2Flib%2F.build-id%2Fa3%2F..%2F28%2F..%2Fb3%2F.%2F..%2F7b%2F..%2Fd4%2F..%2F4f%2F..%2F.%2Fa9%2F.%2F..%2F.%2Ffb%2F..%2F80 HTTP/1.1" 200 2533 "-" "Mozilla/5.0 AppleWebKit/537.36 (KHTML, like Gecko; compatible; ClaudeBot/1.0; +claudebot@anthropic.com)"
3.22.70.233 - - [29/Apr/2025:09:09:41 -0400] "GET /ad917/?path=%2Fhome%2Fservlmvm%2F..%2F..%2Fusr%2Fshare%2Faclocal%2F..%2Flocale%2Fnon%2F.%2F..%2Fit_IT%2F..%2Ffil%2F..%2Fid%2F..%2Ffr_FR%2F..%2Fpeo%2F..%2Fden HTTP/1.1" 200 1597 "-" "Mozilla/5.0 AppleWebKit/537.36 (KHTML, like Gecko; compatible; ClaudeBot/1.0; +claudebot@anthropic.com)"
66.249.65.168 - - [29/Apr/2025:09:09:42 -0400] "GET /product/94592106.shtml HTTP/1.1" 404 16942 "-" "Mozilla/5.0 (compatible; Googlebot/2.1; +http://www.google.com/bot.html)"
52.167.144.183 - - [29/Apr/2025:09:09:47 -0400] "GET /shopping/75590234.shtml HTTP/1.1" 301 0 "-" "Mozilla/5.0 AppleWebKit/537.36 (KHTML, like Gecko; compatible; bingbot/2.0; +http://www.bing.com/bingbot.htm) Chrome/116.0.1938.76 Safari/537.36"
40.77.167.77 - - [29/Apr/2025:09:09:50 -0400] "GET /product/60302718.shtml HTTP/1.1" 404 16940 "-" "Mozilla/5.0 AppleWebKit/537.36 (KHTML, like Gecko; compatible; bingbot/2.0; +http://www.bing.com/bingbot.htm) Chrome/116.0.1938.76 Safari/537.36"
198.54.116.86 - - [29/Apr/2025:09:09:58 -0400] "POST /wp-cron.php?doing_wp_cron=1745932198.1701018810272216796875 HTTP/1.1" 200 0 "-" "WordPress/6.8; https://servethepeopleinc.org"
40.77.167.7 - - [29/Apr/2025:09:09:58 -0400] "GET /item/recanting/ HTTP/1.1" 404 16940 "-" "Mozilla/5.0 AppleWebKit/537.36 (KHTML, like Gecko; compatible; bingbot/2.0; +http://www.bing.com/bingbot.htm) Chrome/116.0.1938.76 Safari/537.36"
198.54.116.86 - - [29/Apr/2025:09:09:58 -0400] "POST /wp-admin/admin-ajax.php?action=async_litespeed&nonce=n6pOtfowIMY5hpQdUzGCgCUmLW7oDhYW&litespeed_type=imgoptm HTTP/1.1" 200 21 "-" "WordPress/6.8; https://servethepeopleinc.org"
40.77.167.7 - - [29/Apr/2025:09:10:02 -0400] "GET /special24193344.shtml HTTP/1.1" 404 16941 "-" "Mozilla/5.0 AppleWebKit/537.36 (KHTML, like Gecko; compatible; bingbot/2.0; +http://www.bing.com/bingbot.htm) Chrome/116.0.1938.76 Safari/537.36"
52.167.144.162 - - [29/Apr/2025:09:10:06 -0400] "GET /special/51909354.shtml HTTP/1.1" 301 0 "-" "Mozilla/5.0 AppleWebKit/537.36 (KHTML, like Gecko; compatible; bingbot/2.0; +http://www.bing.com/bingbot.htm) Chrome/116.0.1938.76 Safari/537.36"
40.77.167.7 - - [29/Apr/2025:09:10:10 -0400] "GET /detail/ju/litmus85169364.shtml HTTP/1.1" 301 0 "-" "Mozilla/5.0 AppleWebKit/537.36 (KHTML, like Gecko; compatible; bingbot/2.0; +http://www.bing.com/bingbot.htm) Chrome/116.0.1938.76 Safari/537.36"
3.17.179.163 - - [29/Apr/2025:09:10:12 -0400] "GET /ad917/?path=%2Fhome%2F.%2F..%2Fhome4%2F..%2Fopt%2Falt%2Fruby27%2F..%2Ftests%2Falt-php81-pecl-yaz_1.2.4-1.el8 HTTP/1.1" 200 1509 "-" "Mozilla/5.0 AppleWebKit/537.36 (KHTML, like Gecko; compatible; ClaudeBot/1.0; +claudebot@anthropic.com)"
3.17.179.163 - - [29/Apr/2025:09:10:12 -0400] "GET /ad917/?path=%2Fhome%2F.%2F..%2Fhome4%2F..%2Fopt%2Falt%2Fruby19%2F..%2Ftests%2Falt-php82-pecl-yaz_1.2.4-1.el8 HTTP/1.1" 200 1510 "-" "Mozilla/5.0 AppleWebKit/537.36 (KHTML, like Gecko; compatible; ClaudeBot/1.0; +claudebot@anthropic.com)"
3.17.179.163 - - [29/Apr/2025:09:10:12 -0400] "GET /ad917/?path=%2Fhome%2F.%2F..%2Fhome4%2F..%2Fopt%2Falt%2Fruby19%2F..%2Ftests%2Falt-php82-pecl-rrd_2.0.3-1.el8 HTTP/1.1" 200 1509 "-" "Mozilla/5.0 AppleWebKit/537.36 (KHTML, like Gecko; compatible; ClaudeBot/1.0; +claudebot@anthropic.com)"
3.17.179.163 - - [29/Apr/2025:09:10:12 -0400] "GET /ad917/?path=%2Fhome%2F.%2F..%2Fhome4%2F..%2Fopt%2Falt%2Fruby19%2F..%2Ftests%2Falt-php83-pecl-yaz_1.2.4-1.el8 HTTP/1.1" 200 1510 "-" "Mozilla/5.0 AppleWebKit/537.36 (KHTML, like Gecko; compatible; ClaudeBot/1.0; +claudebot@anthropic.com)"
3.17.179.163 - - [29/Apr/2025:09:10:12 -0400] "GET /ad917/?path=%2Fhome%2F.%2F..%2Flib%2Flocale%2F..%2F..%2Flib64%2FGraphicsMagick-1.3.38%2F..%2Flibhistory.so.7 HTTP/1.1" 200 1001 "-" "Mozilla/5.0 AppleWebKit/537.36 (KHTML, like Gecko; compatible; ClaudeBot/1.0; +claudebot@anthropic.com)"
3.17.179.163 - - [29/Apr/2025:09:10:14 -0400] "GET /ad917/?path=%2Fhome%2F.%2F..%2Flib%2Flocale%2F..%2F..%2Flib64%2FGraphicsMagick-1.3.38%2F..%2Flibgbm.so.1.0.0 HTTP/1.1" 200 1003 "-" "Mozilla/5.0 AppleWebKit/537.36 (KHTML, like Gecko; compatible; ClaudeBot/1.0; +claudebot@anthropic.com)"
3.17.179.163 - - [29/Apr/2025:09:10:14 -0400] "GET /ad917/?path=%2Fhome%2F.%2F..%2Flib%2Flocale%2F..%2F..%2Flib64%2FGraphicsMagick-1.3.38%2F..%2Flibbz2.so.1.0.6 HTTP/1.1" 200 1005 "-" "Mozilla/5.0 AppleWebKit/537.36 (KHTML, like Gecko; compatible; ClaudeBot/1.0; +claudebot@anthropic.com)"
3.17.179.163 - - [29/Apr/2025:09:10:14 -0400] "GET /ad917/?path=%2Fhome%2F.%2F..%2Flib%2Flocale%2F..%2F..%2Flib64%2FGraphicsMagick-1.3.38%2F..%2Flibxcb-xkb.so.1 HTTP/1.1" 200 1005 "-" "Mozilla/5.0 AppleWebKit/537.36 (KHTML, like Gecko; compatible; ClaudeBot/1.0; +claudebot@anthropic.com)"
3.17.179.163 - - [29/Apr/2025:09:10:15 -0400] "GET /ad917/?path=%2Fhome%2F.%2F..%2Flib%2Flocale%2F..%2F..%2Flib64%2FGraphicsMagick-1.3.38%2F..%2Flibhogweed.so.4 HTTP/1.1" 200 1004 "-" "Mozilla/5.0 AppleWebKit/537.36 (KHTML, like Gecko; compatible; ClaudeBot/1.0; +claudebot@anthropic.com)"
3.17.179.163 - - [29/Apr/2025:09:10:15 -0400] "GET /ad917/?path=%2Fhome%2F.%2F..%2Flib%2Flocale%2F..%2F..%2Flib64%2FGraphicsMagick-1.3.38%2F..%2Flibxcb-shape.so HTTP/1.1" 200 1005 "-" "Mozilla/5.0 AppleWebKit/537.36 (KHTML, like Gecko; compatible; ClaudeBot/1.0; +claudebot@anthropic.com)"
3.17.179.163 - - [29/Apr/2025:09:10:16 -0400] "GET /ad917/?path=%2Fhome%2Fservlmvm%2F..%2F..%2Fusr%2Fshare%2Flibtool%2F..%2Fman%2Fman5%2Fgitprotocol-common.5.gz HTTP/1.1" 200 1011 "-" "Mozilla/5.0 AppleWebKit/537.36 (KHTML, like Gecko; compatible; ClaudeBot/1.0; +claudebot@anthropic.com)"
3.17.179.163 - - [29/Apr/2025:09:10:16 -0400] "GET /ad917/?path=%2Fhome%2Fservlmvm%2F.%2F..%2Fservlmvm%2F.cphorde%2F..%2F.%2Fspekkshealth.com%2Fwp-trackback.php HTTP/1.1" 200 2932 "-" "Mozilla/5.0 AppleWebKit/537.36 (KHTML, like Gecko; compatible; ClaudeBot/1.0; +claudebot@anthropic.com)"
3.17.179.163 - - [29/Apr/2025:09:10:16 -0400] "GET /ad917/?path=%2Fhome%2Fservlmvm%2F..%2F..%2Fusr%2Fshare%2Flibtool%2F..%2Fman%2Fman2%2Fs390_pci_mmio_read.2.gz HTTP/1.1" 200 1013 "-" "Mozilla/5.0 AppleWebKit/537.36 (KHTML, like Gecko; compatible; ClaudeBot/1.0; +claudebot@anthropic.com)"
3.17.179.163 - - [29/Apr/2025:09:10:16 -0400] "GET /ad917/?path=%2Fhome%2Fservlmvm%2F..%2F..%2Fusr%2Fshare%2Flibtool%2F..%2Fman%2Fman1%2Fgalera_new_cluster.1.gz HTTP/1.1" 200 1013 "-" "Mozilla/5.0 AppleWebKit/537.36 (KHTML, like Gecko; compatible; ClaudeBot/1.0; +claudebot@anthropic.com)"
3.17.179.163 - - [29/Apr/2025:09:10:16 -0400] "GET /ad917/?path=%2Fhome%2Fservlmvm%2F..%2Fservlmvm%2F..%2F..%2Fhome4%2F..%2F.%2Flib64%2FlibQt5Multimedia.so.5.15 HTTP/1.1" 200 995 "-" "Mozilla/5.0 AppleWebKit/537.36 (KHTML, like Gecko; compatible; ClaudeBot/1.0; +claudebot@anthropic.com)"
198.54.116.86 - - [29/Apr/2025:09:10:16 -0400] "POST /wp-cron.php?doing_wp_cron=1745932216.8354580402374267578125 HTTP/1.1" 200 0 "-" "WordPress/6.8; https://servethepeopleinc.org"
66.249.65.169 - - [29/Apr/2025:09:10:16 -0400] "GET /detail/retinulate108411592.shtml HTTP/1.1" 404 16942 "-" "Mozilla/5.0 (Linux; Android 6.0.1; Nexus 5X Build/MMB29P) AppleWebKit/537.36 (KHTML, like Gecko) Chrome/135.0.7049.95 Mobile Safari/537.36 (compatible; Googlebot/2.1; +http://www.google.com/bot.html)"
3.17.179.163 - - [29/Apr/2025:09:10:18 -0400] "GET /ad917/?path=%2Fhome%2Fservlmvm%2F..%2Fservlmvm%2F..%2F..%2Fhome4%2F..%2F.%2Flib64%2Flibavahi-common.so.3.5.3 HTTP/1.1" 200 994 "-" "Mozilla/5.0 AppleWebKit/537.36 (KHTML, like Gecko; compatible; ClaudeBot/1.0; +claudebot@anthropic.com)"
3.17.179.163 - - [29/Apr/2025:09:10:18 -0400] "GET /ad917/?path=%2Fhome%2Fservlmvm%2F..%2Fservlmvm%2F..%2F..%2Fhome4%2F..%2Fusr%2Flib64%2Flibatomic_ops_gpl.so.1 HTTP/1.1" 200 993 "-" "Mozilla/5.0 AppleWebKit/537.36 (KHTML, like Gecko; compatible; ClaudeBot/1.0; +claudebot@anthropic.com)"
52.167.144.19 - - [29/Apr/2025:09:10:18 -0400] "GET /shopping/nsi/photographone/66819644.shtml HTTP/1.1" 301 0 "-" "Mozilla/5.0 AppleWebKit/537.36 (KHTML, like Gecko; compatible; bingbot/2.0; +http://www.bing.com/bingbot.htm) Chrome/116.0.1938.76 Safari/537.36"
18.222.231.86 - - [29/Apr/2025:09:10:19 -0400] "GET /ad917/?path=%2Fhome%2Fservlmvm%2F..%2F..%2Fusr%2Fshare%2Faclocal%2F..%2Flocale%2Fnon%2F.%2F..%2Fit_IT%2F..%2Ffil%2F..%2Fid%2F..%2Fkro%2F..%2Fvai%2F..%2Fira HTTP/1.1" 200 1607 "-" "Mozilla/5.0 AppleWebKit/537.36 (KHTML, like Gecko; compatible; ClaudeBot/1.0; +claudebot@anthropic.com)"
18.222.231.86 - - [29/Apr/2025:09:10:21 -0400] "GET /ad917/?path=%2Fhome%2F.%2F..%2F..%2Fvar%2Flib%2F..%2Fsoftaculous%2Fmyadmin49%2F..%2Fpopoji%2F..%2Fburden%2F..%2Fphplist%2F..%2Fmodernizr HTTP/1.1" 200 1895 "-" "Mozilla/5.0 AppleWebKit/537.36 (KHTML, like Gecko; compatible; ClaudeBot/1.0; +claudebot@anthropic.com)"
18.222.231.86 - - [29/Apr/2025:09:10:24 -0400] "GET /ad917/?path=%2Fhome%2F.%2F..%2F..%2Fvar%2Flib%2F..%2Fsoftaculous%2Fmyadmin49%2F..%2Fagora%2F..%2Ftwg%2F..%2Ffront%2F..%2Fxmb%2F..%2Ffeng HTTP/1.1" 200 2251 "-" "Mozilla/5.0 AppleWebKit/537.36 (KHTML, like Gecko; compatible; ClaudeBot/1.0; +claudebot@anthropic.com)"
18.222.231.86 - - [29/Apr/2025:09:10:27 -0400] "GET /ad917/?path=%2Fhome%2F.%2F..%2F..%2Fvar%2Flib%2F..%2Fsoftaculous%2Fmyadmin49%2F..%2Fmyt%2F..%2Fdada%2F..%2Fzencart%2F..%2Fimpresspage%2F..%2F.%2Forange HTTP/1.1" 200 2257 "-" "Mozilla/5.0 AppleWebKit/537.36 (KHTML, like Gecko; compatible; ClaudeBot/1.0; +claudebot@anthropic.com)"
18.222.231.86 - - [29/Apr/2025:09:10:30 -0400] "GET /ad917/?path=%2Fhome%2Fservlmvm%2F..%2F.%2F..%2F..%2Flib%2F.build-id%2Fa3%2F..%2F28%2F..%2Fb3%2F.%2F..%2F7b%2F..%2Fd4%2F..%2F4f%2F..%2F.%2Fa9%2F.%2F..%2F.%2Ffb%2F..%2F46 HTTP/1.1" 200 2630 "-" "Mozilla/5.0 AppleWebKit/537.36 (KHTML, like Gecko; compatible; ClaudeBot/1.0; +claudebot@anthropic.com)"
18.222.231.86 - - [29/Apr/2025:09:10:33 -0400] "GET /ad917/?path=%2Fhome%2F.%2F..%2F..%2Fvar%2Flib%2F..%2Fsoftaculous%2Fmyadmin49%2F..%2Fmyt%2F..%2F.%2Frealestate%2F.%2Fphp56%2F..%2F..%2Ffront%2Fmd5 HTTP/1.1" 200 3491 "-" "Mozilla/5.0 AppleWebKit/537.36 (KHTML, like Gecko; compatible; ClaudeBot/1.0; +claudebot@anthropic.com)"
18.222.231.86 - - [29/Apr/2025:09:10:36 -0400] "GET /ad917/?path=%2Fhome%2F.%2F..%2F..%2Fvar%2Flib%2F..%2Fsoftaculous%2Fmyadmin49%2F..%2Fmyt%2F..%2Fdada%2F..%2Fowa%2F..%2Flime%2F..%2Fuvdesk%2F..%2Fkoken HTTP/1.1" 200 2080 "-" "Mozilla/5.0 AppleWebKit/537.36 (KHTML, like Gecko; compatible; ClaudeBot/1.0; +claudebot@anthropic.com)"
18.222.231.86 - - [29/Apr/2025:09:10:39 -0400] "GET /ad917/?path=%2Fhome%2F.%2F..%2F..%2Fvar%2Flib%2F..%2Fsoftaculous%2Fmyadmin49%2F..%2Fmyt%2F..%2F.%2Focart23%2F..%2Fadmidio%2F..%2Fmahara%2F..%2Fwhmcs82 HTTP/1.1" 200 2249 "-" "Mozilla/5.0 AppleWebKit/537.36 (KHTML, like Gecko; compatible; ClaudeBot/1.0; +claudebot@anthropic.com)"
18.222.231.86 - - [29/Apr/2025:09:10:42 -0400] "GET /ad917/?path=%2Fhome%2Fservlmvm%2F..%2F.%2F..%2F..%2Flib%2F.build-id%2F20%2F..%2F43%2F..%2F11%2F.%2F..%2F9b%2F..%2Fff%2F..%2F8b%2F..%2Fae%2F..%2F.%2Fcd HTTP/1.1" 200 2735 "-" "Mozilla/5.0 AppleWebKit/537.36 (KHTML, like Gecko; compatible; ClaudeBot/1.0; +claudebot@anthropic.com)"
18.222.231.86 - - [29/Apr/2025:09:10:45 -0400] "GET /ad917/?path=%2Fhome%2F.%2F..%2F..%2Fvar%2Flib%2F..%2Fsoftaculous%2Fmyadmin49%2F..%2Fagora%2F..%2Fredax%2F..%2Felkarte%2F..%2Ftine%2Ffileindex.php HTTP/1.1" 200 1267 "-" "Mozilla/5.0 AppleWebKit/537.36 (KHTML, like Gecko; compatible; ClaudeBot/1.0; +claudebot@anthropic.com)"
18.222.231.86 - - [29/Apr/2025:09:10:48 -0400] "GET /ad917/?path=%2Fhome%2Fservlmvm%2F..%2F.%2F..%2F..%2Flib%2F.build-id%2Fa3%2F..%2F28%2F..%2Fb3%2F.%2F..%2F7b%2F..%2Fd4%2F..%2F4f%2F..%2F.%2Fa9%2F.%2F..%2F.%2Ffb%2F..%2F5b HTTP/1.1" 200 2590 "-" "Mozilla/5.0 AppleWebKit/537.36 (KHTML, like Gecko; compatible; ClaudeBot/1.0; +claudebot@anthropic.com)"
18.222.231.86 - - [29/Apr/2025:09:10:51 -0400] "GET /ad917/?path=%2Fhome%2Fservlmvm%2F..%2F..%2Fusr%2Fshare%2Faclocal%2F..%2Flocale%2Fchg%2F..%2Fudm%2F..%2Fes_SV%2F..%2Fkar%2F..%2Fes_HN HTTP/1.1" 200 1562 "-" "Mozilla/5.0 AppleWebKit/537.36 (KHTML, like Gecko; compatible; ClaudeBot/1.0; +claudebot@anthropic.com)"
18.222.231.86 - - [29/Apr/2025:09:10:54 -0400] "GET /ad917/?path=%2Fhome%2F.%2F..%2F..%2Fvar%2Flib%2F..%2Fsoftaculous%2Fmyadmin49%2F..%2Fpopoji%2F..%2Fburden%2F..%2Fphplist%2F..%2Fdolph HTTP/1.1" 200 2133 "-" "Mozilla/5.0 AppleWebKit/537.36 (KHTML, like Gecko; compatible; ClaudeBot/1.0; +claudebot@anthropic.com)"
18.222.231.86 - - [29/Apr/2025:09:10:57 -0400] "GET /ad917/?path=%2Fhome%2F.%2F..%2F..%2Fvar%2Flib%2F..%2Fsoftaculous%2Fmyadmin49%2F..%2Fmyt%2F..%2F.%2Focart23%2F..%2Fcpg%2F..%2Fzend%2F..%2Fglpi%2Fphp53%2F. HTTP/1.1" 200 1809 "-" "Mozilla/5.0 AppleWebKit/537.36 (KHTML, like Gecko; compatible; ClaudeBot/1.0; +claudebot@anthropic.com)"
18.222.231.86 - - [29/Apr/2025:09:11:00 -0400] "GET /ad917/?path=%2Fhome%2F.%2F..%2F..%2Fvar%2Flib%2F..%2Fsoftaculous%2Fmyadmin49%2F..%2Fmyt%2F..%2F.%2Focart23%2F..%2Fhumogen%2F..%2Fsmarty%2F..%2Fmw19 HTTP/1.1" 200 2225 "-" "Mozilla/5.0 AppleWebKit/537.36 (KHTML, like Gecko; compatible; ClaudeBot/1.0; +claudebot@anthropic.com)"
18.222.231.86 - - [29/Apr/2025:09:11:03 -0400] "GET /ad917/?path=%2Fhome%2Fservlmvm%2F..%2F..%2Fusr%2Fshare%2Faclocal%2F..%2Flocale%2Fnon%2F.%2F..%2Fit_IT%2F..%2Ffil%2F..%2Fid%2F..%2Ffr_FR%2F..%2Fpeo%2F..%2Fwba HTTP/1.1" 200 1600 "-" "Mozilla/5.0 AppleWebKit/537.36 (KHTML, like Gecko; compatible; ClaudeBot/1.0; +claudebot@anthropic.com)"
198.54.116.86 - - [29/Apr/2025:09:11:04 -0400] "POST /wp-cron.php?doing_wp_cron=1745932264.3306190967559814453125 HTTP/1.1" 200 0 "-" "WordPress/6.8; https://servethepeopleinc.org"
66.249.65.170 - - [29/Apr/2025:09:11:04 -0400] "GET /entity/eky/psammitic/295722.shtml HTTP/1.1" 404 16951 "-" "Mozilla/5.0 (Linux; Android 6.0.1; Nexus 5X Build/MMB29P) AppleWebKit/537.36 (KHTML, like Gecko) Chrome/135.0.7049.95 Mobile Safari/537.36 (compatible; GoogleOther)"
198.54.116.86 - - [29/Apr/2025:09:11:04 -0400] "POST /wp-admin/admin-ajax.php?action=async_litespeed&nonce=BXtAzAWIsUEeCogGNqV3A81KWwzGqwQD&litespeed_type=imgoptm HTTP/1.1" 200 21 "-" "WordPress/6.8; https://servethepeopleinc.org"
51.222.253.10 - - [29/Apr/2025:09:11:05 -0400] "GET /entity/56273800.shtml HTTP/1.1" 404 16940 "-" "Mozilla/5.0 (compatible; AhrefsBot/7.0; +http://ahrefs.com/robot/)"
18.222.231.86 - - [29/Apr/2025:09:11:06 -0400] "GET /ad917/?path=%2Fhome%2F.%2F..%2F..%2Fvar%2Flib%2F..%2Fsoftaculous%2Fmyadmin49%2F..%2Fmyt%2F..%2Fdada%2F..%2Fchurchcrm%2F..%2Fpivotx%2F..%2Fvty%2F..%2Fhesk HTTP/1.1" 200 2333 "-" "Mozilla/5.0 AppleWebKit/537.36 (KHTML, like Gecko; compatible; ClaudeBot/1.0; +claudebot@anthropic.com)"
52.167.144.162 - - [29/Apr/2025:09:11:08 -0400] "GET /items56327254.shtml HTTP/1.1" 301 0 "-" "Mozilla/5.0 AppleWebKit/537.36 (KHTML, like Gecko; compatible; bingbot/2.0; +http://www.bing.com/bingbot.htm) Chrome/116.0.1938.76 Safari/537.36"
18.222.231.86 - - [29/Apr/2025:09:11:09 -0400] "GET /ad917/?path=%2Fhome%2Fservlmvm%2F..%2F.%2F..%2F..%2Flib%2F.build-id%2Fa3%2F..%2F28%2F..%2Fb3%2F.%2F..%2F7b%2F..%2Fd4%2F..%2F4f%2F..%2F.%2Fa9%2F.%2F..%2F.%2Ffb%2F..%2F53 HTTP/1.1" 200 2969 "-" "Mozilla/5.0 AppleWebKit/537.36 (KHTML, like Gecko; compatible; ClaudeBot/1.0; +claudebot@anthropic.com)"
52.167.144.25 - - [29/Apr/2025:09:11:11 -0400] "GET /special/waybung11557522.shtml HTTP/1.1" 404 16940 "-" "Mozilla/5.0 AppleWebKit/537.36 (KHTML, like Gecko; compatible; bingbot/2.0; +http://www.bing.com/bingbot.htm) Chrome/116.0.1938.76 Safari/537.36"
18.222.231.86 - - [29/Apr/2025:09:11:12 -0400] "GET /ad917/?path=%2Fhome%2F.%2F..%2F..%2Fvar%2Flib%2F..%2Fsoftaculous%2Fmyadmin49%2F..%2Fmyt%2F..%2F.%2Focart23%2F..%2Fhumogen%2F..%2Fsmarty%2F..%2Fpresta17 HTTP/1.1" 200 2589 "-" "Mozilla/5.0 AppleWebKit/537.36 (KHTML, like Gecko; compatible; ClaudeBot/1.0; +claudebot@anthropic.com)"
18.222.231.86 - - [29/Apr/2025:09:11:15 -0400] "GET /ad917/?path=%2Fhome%2Fservlmvm%2F..%2F..%2Fusr%2Fshare%2Faclocal%2F..%2Flocale%2Fnon%2F.%2F..%2Fit_IT%2F..%2Ffil%2F..%2Fid%2F..%2Fkro%2F..%2Fvai%2F..%2Fmni HTTP/1.1" 200 1606 "-" "Mozilla/5.0 AppleWebKit/537.36 (KHTML, like Gecko; compatible; ClaudeBot/1.0; +claudebot@anthropic.com)"
18.222.231.86 - - [29/Apr/2025:09:11:18 -0400] "GET /ad917/?path=%2Fhome%2Fservlmvm%2F..%2F..%2Fusr%2Fshare%2Faclocal%2F..%2Flocale%2Fnon%2F.%2F..%2Fit_IT%2F..%2Ffil%2F..%2Fid%2F..%2Ffr_FR%2F..%2Fpeo%2F..%2Ftzo HTTP/1.1" 200 1602 "-" "Mozilla/5.0 AppleWebKit/537.36 (KHTML, like Gecko; compatible; ClaudeBot/1.0; +claudebot@anthropic.com)"
18.222.231.86 - - [29/Apr/2025:09:11:21 -0400] "GET /ad917/?path=%2Fhome%2F.%2F..%2F..%2Fvar%2Flib%2F..%2Fsoftaculous%2Fmyadmin49%2F..%2Fmyt%2F..%2F.%2Focart23%2F..%2Fhumogen%2F..%2Fsmarty%2F..%2Fwebasyst HTTP/1.1" 200 2432 "-" "Mozilla/5.0 AppleWebKit/537.36 (KHTML, like Gecko; compatible; ClaudeBot/1.0; +claudebot@anthropic.com)"
198.54.116.86 - - [29/Apr/2025:09:11:23 -0400] "POST /wp-cron.php?doing_wp_cron=1745932283.7586839199066162109375 HTTP/1.1" 200 0 "-" "WordPress/6.8; https://servethepeopleinc.org"
57.141.0.6 - - [29/Apr/2025:09:11:23 -0400] "GET /what-we-do/ HTTP/1.1" 200 88591 "-" "meta-externalagent/1.1 (+https://developers.facebook.com/docs/sharing/webmasters/crawler)"
18.222.231.86 - - [29/Apr/2025:09:11:24 -0400] "GET /ad917/?path=%2Fhome%2F.%2F..%2F..%2Fvar%2Flib%2F..%2Fsoftaculous%2Fmyadmin49%2F..%2Fmyt%2F..%2F.%2Focart23%2F..%2Fmyfaq%2F..%2Fmw28%2F.%2Fedit.xml HTTP/1.1" 200 1264 "-" "Mozilla/5.0 AppleWebKit/537.36 (KHTML, like Gecko; compatible; ClaudeBot/1.0; +claudebot@anthropic.com)"
52.167.144.162 - - [29/Apr/2025:09:11:26 -0400] "GET /shopping/mouthmade/51318686.shtml HTTP/1.1" 301 0 "-" "Mozilla/5.0 AppleWebKit/537.36 (KHTML, like Gecko; compatible; bingbot/2.0; +http://www.bing.com/bingbot.htm) Chrome/116.0.1938.76 Safari/537.36"
18.222.231.86 - - [29/Apr/2025:09:11:27 -0400] "GET /ad917/?path=%2Fhome%2F.%2F..%2F..%2Fvar%2Flib%2F..%2Fsoftaculous%2Fmyadmin49%2F..%2Fagora%2F..%2Fredax%2F..%2Felkarte%2F..%2F.%2Fdropzone HTTP/1.1" 200 1956 "-" "Mozilla/5.0 AppleWebKit/537.36 (KHTML, like Gecko; compatible; ClaudeBot/1.0; +claudebot@anthropic.com)"
18.222.231.86 - - [29/Apr/2025:09:11:30 -0400] "GET /ad917/?path=%2Fhome%2F.%2F..%2F..%2Fvar%2Flib%2F..%2Fsoftaculous%2Fmyadmin49%2F..%2Fmyt%2F..%2F.%2Focart23%2F..%2Fatlantis%2F..%2Fninja%2F..%2Fhablator HTTP/1.1" 200 2071 "-" "Mozilla/5.0 AppleWebKit/537.36 (KHTML, like Gecko; compatible; ClaudeBot/1.0; +claudebot@anthropic.com)"
18.222.231.86 - - [29/Apr/2025:09:11:33 -0400] "GET /ad917/?path=%2Fhome%2F.%2F..%2F..%2Fvar%2Flib%2F..%2Fsoftaculous%2Fmyadmin49%2F..%2Fmyt%2F..%2F.%2Focart23%2F..%2Fraphael%2F..%2Fspip%2F..%2Fburden HTTP/1.1" 200 2069 "-" "Mozilla/5.0 AppleWebKit/537.36 (KHTML, like Gecko; compatible; ClaudeBot/1.0; +claudebot@anthropic.com)"
18.222.231.86 - - [29/Apr/2025:09:11:36 -0400] "GET /ad917/?path=%2Fhome%2Fservlmvm%2F..%2F..%2Fusr%2Fshare%2Faclocal%2F..%2Flocale%2Fnon%2F.%2F..%2Fuz%2F..%2Fsyr%2F..%2Faus%2F..%2Fbai%2F..%2Fet%2F..%2Fkha%2F. HTTP/1.1" 200 1594 "-" "Mozilla/5.0 AppleWebKit/537.36 (KHTML, like Gecko; compatible; ClaudeBot/1.0; +claudebot@anthropic.com)"
52.167.144.162 - - [29/Apr/2025:09:11:36 -0400] "GET /goodscode75670408.shtml HTTP/1.1" 301 0 "-" "Mozilla/5.0 AppleWebKit/537.36 (KHTML, like Gecko; compatible; bingbot/2.0; +http://www.bing.com/bingbot.htm) Chrome/116.0.1938.76 Safari/537.36"
18.222.231.86 - - [29/Apr/2025:09:11:39 -0400] "GET /ad917/?path=%2Fhome%2F.%2F..%2F..%2Fvar%2Flib%2F..%2Fsoftaculous%2Fmyadmin49%2F..%2Fmyt%2F..%2F.%2Focart23%2F..%2Fraphael%2F..%2Fspip%2F..%2Fmw19 HTTP/1.1" 200 2255 "-" "Mozilla/5.0 AppleWebKit/537.36 (KHTML, like Gecko; compatible; ClaudeBot/1.0; +claudebot@anthropic.com)"
66.249.65.169 - - [29/Apr/2025:09:11:40 -0400] "GET /shopdetail122046772.shtml HTTP/1.1" 404 16940 "-" "Mozilla/5.0 (Linux; Android 6.0.1; Nexus 5X Build/MMB29P) AppleWebKit/537.36 (KHTML, like Gecko) Chrome/135.0.7049.95 Mobile Safari/537.36 (compatible; Googlebot/2.1; +http://www.google.com/bot.html)"
18.222.231.86 - - [29/Apr/2025:09:11:42 -0400] "GET /ad917/?path=%2Fhome%2Fservlmvm%2F..%2F..%2Fusr%2Fshare%2Faclocal%2F..%2Flocale%2Fnon%2F.%2F..%2Fit_IT%2F..%2Ffil%2F..%2Fid%2F..%2Ffr_FR%2F..%2Fpeo%2F..%2Fpa HTTP/1.1" 200 1590 "-" "Mozilla/5.0 AppleWebKit/537.36 (KHTML, like Gecko; compatible; ClaudeBot/1.0; +claudebot@anthropic.com)"
18.222.231.86 - - [29/Apr/2025:09:11:45 -0400] "GET /ad917/?path=%2Fhome%2Fservlmvm%2F..%2F..%2Fvar%2Fsoftaculous%2Fosclassified%2F..%2Focart4%2F.%2F.%2F.%2F..%2Fmt%2F..%2Fwp65%2F..%2Fzenber%2Fphp53 HTTP/1.1" 200 1738 "-" "Mozilla/5.0 AppleWebKit/537.36 (KHTML, like Gecko; compatible; ClaudeBot/1.0; +claudebot@anthropic.com)"
18.222.231.86 - - [29/Apr/2025:09:11:48 -0400] "GET /ad917/?path=%2Fhome%2Fservlmvm%2F..%2F..%2Fusr%2Fshare%2Faclocal%2F..%2Flocale%2Fnon%2F.%2F..%2Fit_IT%2F..%2Ffil%2F..%2Fid%2F..%2Ffr_FR%2F..%2Fpeo%2F..%2Fton HTTP/1.1" 200 1599 "-" "Mozilla/5.0 AppleWebKit/537.36 (KHTML, like Gecko; compatible; ClaudeBot/1.0; +claudebot@anthropic.com)"
18.222.231.86 - - [29/Apr/2025:09:11:51 -0400] "GET /ad917/?path=%2Fhome%2F.%2F..%2F..%2Fvar%2Flib%2F..%2Fsoftaculous%2Fmyadmin49%2F..%2Fmyt%2F..%2F.%2Focart23%2F..%2Finvoice%2F..%2Fclaro%2F..%2Fsidu HTTP/1.1" 200 2022 "-" "Mozilla/5.0 AppleWebKit/537.36 (KHTML, like Gecko; compatible; ClaudeBot/1.0; +claudebot@anthropic.com)"
18.222.231.86 - - [29/Apr/2025:09:11:54 -0400] "GET /ad917/?path=%2Fhome%2Fservlmvm%2F..%2F..%2Fvar%2Fsoftaculous%2Fosclassified%2F..%2Focart4%2F.%2F.%2F.%2F..%2Fcontao%2F..%2Fxoops%2F..%2F.%2Focportal HTTP/1.1" 200 2202 "-" "Mozilla/5.0 AppleWebKit/537.36 (KHTML, like Gecko; compatible; ClaudeBot/1.0; +claudebot@anthropic.com)"
18.222.231.86 - - [29/Apr/2025:09:11:57 -0400] "GET /ad917/?path=%2Fhome%2Fservlmvm%2F..%2F.%2F..%2F..%2Flib%2F.build-id%2Faf%2F..%2F8e%2F..%2F79%2F..%2F.%2Fdb%2F..%2F57%2F..%2F36%2F..%2F85%2F..%2F89%2F..%2F4a%2F.. HTTP/1.1" 200 3700 "-" "Mozilla/5.0 AppleWebKit/537.36 (KHTML, like Gecko; compatible; ClaudeBot/1.0; +claudebot@anthropic.com)"
18.222.231.86 - - [29/Apr/2025:09:12:00 -0400] "GET /ad917/?path=%2Fhome%2Fservlmvm%2F..%2F..%2Fusr%2Fshare%2Faclocal%2F..%2Flocale%2Fchg%2F..%2Fudm%2F..%2Fes_SV%2F..%2Fegy%2F..%2Fnl HTTP/1.1" 200 1595 "-" "Mozilla/5.0 AppleWebKit/537.36 (KHTML, like Gecko; compatible; ClaudeBot/1.0; +claudebot@anthropic.com)"
18.222.231.86 - - [29/Apr/2025:09:12:03 -0400] "GET /ad917/?path=%2Fhome%2F.%2F..%2F..%2Fvar%2Flib%2F..%2Fsoftaculous%2Fmyadmin49%2F..%2Fmyt%2F..%2F.%2Focart23%2F..%2Fostic%2F..%2Flivesite%2F..%2Fsavsoft HTTP/1.1" 200 2015 "-" "Mozilla/5.0 AppleWebKit/537.36 (KHTML, like Gecko; compatible; ClaudeBot/1.0; +claudebot@anthropic.com)"
18.222.231.86 - - [29/Apr/2025:09:12:06 -0400] "GET /ad917/?path=%2Fhome%2Fservlmvm%2F..%2F..%2Fvar%2Fsoftaculous%2Fosclassified%2F..%2Focart4%2F.%2F.%2F.%2F..%2Fspip%2F..%2Fwp50%2F..%2F.%2Fcube HTTP/1.1" 200 2279 "-" "Mozilla/5.0 AppleWebKit/537.36 (KHTML, like Gecko; compatible; ClaudeBot/1.0; +claudebot@anthropic.com)"
18.222.231.86 - - [29/Apr/2025:09:12:09 -0400] "GET /ad917/?path=%2Fhome%2F.%2F..%2F..%2Fvar%2Flib%2F..%2Fsoftaculous%2Fmyadmin49%2F..%2Fmyt%2F..%2Fdada%2F..%2Fowa%2F..%2Flime%2F..%2Fuvdesk%2F..%2Flepton HTTP/1.1" 200 2436 "-" "Mozilla/5.0 AppleWebKit/537.36 (KHTML, like Gecko; compatible; ClaudeBot/1.0; +claudebot@anthropic.com)"
198.54.116.86 - - [29/Apr/2025:09:12:11 -0400] "POST /wp-cron.php?doing_wp_cron=1745932331.1869568824768066406250 HTTP/1.1" 200 0 "-" "WordPress/6.8; https://servethepeopleinc.org"
40.77.167.7 - - [29/Apr/2025:09:12:11 -0400] "GET /items/xk/ HTTP/1.1" 301 0 "-" "Mozilla/5.0 AppleWebKit/537.36 (KHTML, like Gecko; compatible; bingbot/2.0; +http://www.bing.com/bingbot.htm) Chrome/116.0.1938.76 Safari/537.36"
198.54.116.86 - - [29/Apr/2025:09:12:11 -0400] "POST /wp-admin/admin-ajax.php?action=async_litespeed&nonce=l5ZfuZBwssXV79bQZZbS87fRGHzwjORV&litespeed_type=imgoptm HTTP/1.1" 200 21 "-" "WordPress/6.8; https://servethepeopleinc.org"
18.222.231.86 - - [29/Apr/2025:09:12:12 -0400] "GET /ad917/?path=%2Fhome%2F.%2F..%2F..%2Fvar%2Flib%2F..%2Fsoftaculous%2Fmyadmin49%2F..%2Fmyt%2F..%2F.%2Focart23%2F..%2Fraphael%2F..%2Fspip%2F..%2Flibre HTTP/1.1" 200 2071 "-" "Mozilla/5.0 AppleWebKit/537.36 (KHTML, like Gecko; compatible; ClaudeBot/1.0; +claudebot@anthropic.com)"
18.222.231.86 - - [29/Apr/2025:09:12:15 -0400] "GET /ad917/?path=%2Fhome%2F.%2F..%2F..%2Fvar%2Flib%2F..%2Fsoftaculous%2Fmyadmin49%2F..%2Fmyt%2F..%2Fhizup%2F..%2Fagora%2F..%2Fhelpdeskz%2F..%2F.%2Fmoodle39 HTTP/1.1" 200 2341 "-" "Mozilla/5.0 AppleWebKit/537.36 (KHTML, like Gecko; compatible; ClaudeBot/1.0; +claudebot@anthropic.com)"
198.54.116.86 - - [29/Apr/2025:09:12:18 -0400] "POST /wp-cron.php?doing_wp_cron=1745932338.8484330177307128906250 HTTP/1.1" 200 0 "-" "WordPress/6.8; https://servethepeopleinc.org"
40.77.167.7 - - [29/Apr/2025:09:12:18 -0400] "GET /special52124620.shtml HTTP/1.1" 301 0 "-" "Mozilla/5.0 AppleWebKit/537.36 (KHTML, like Gecko; compatible; bingbot/2.0; +http://www.bing.com/bingbot.htm) Chrome/116.0.1938.76 Safari/537.36"
18.222.231.86 - - [29/Apr/2025:09:12:18 -0400] "GET /ad917/?path=%2Fhome%2F.%2F..%2F..%2Fvar%2Flib%2F..%2Fsoftaculous%2Fmyadmin49%2F..%2Fmyt%2F..%2F.%2Focart23%2F..%2Fadmidio%2F..%2Fmahara%2F..%2Fmaian HTTP/1.1" 200 2281 "-" "Mozilla/5.0 AppleWebKit/537.36 (KHTML, like Gecko; compatible; ClaudeBot/1.0; +claudebot@anthropic.com)"
66.249.65.169 - - [29/Apr/2025:09:12:21 -0400] "GET /item/oq/maneuvers2274782.shtml HTTP/1.1" 404 16949 "-" "Mozilla/5.0 (Linux; Android 6.0.1; Nexus 5X Build/MMB29P) AppleWebKit/537.36 (KHTML, like Gecko) Chrome/135.0.7049.95 Mobile Safari/537.36 (compatible; Googlebot/2.1; +http://www.google.com/bot.html)"
66.249.65.169 - - [29/Apr/2025:09:12:27 -0400] "GET /product/68016542.shtml HTTP/1.1" 404 16940 "-" "Mozilla/5.0 (compatible; Googlebot/2.1; +http://www.google.com/bot.html)"
52.167.144.162 - - [29/Apr/2025:09:12:27 -0400] "GET /special/b/polemics/80376304.shtml HTTP/1.1" 301 0 "-" "Mozilla/5.0 AppleWebKit/537.36 (KHTML, like Gecko; compatible; bingbot/2.0; +http://www.bing.com/bingbot.htm) Chrome/116.0.1938.76 Safari/537.36"
40.77.167.7 - - [29/Apr/2025:09:12:32 -0400] "GET /products2286412.shtml HTTP/1.1" 301 0 "-" "Mozilla/5.0 AppleWebKit/537.36 (KHTML, like Gecko; compatible; bingbot/2.0; +http://www.bing.com/bingbot.htm) Chrome/116.0.1938.76 Safari/537.36"
