18.191.91.228 - - [29/Apr/2025:11:15:34 -0400] "GET /ad917/?path=%2Fhome%2Fservlmvm%2F..%2F..%2Fvar%2Fsoftaculous%2Fosclassified%2F..%2Focart4%2F.%2F.%2F.%2F..%2Fcotonti%2F..%2F.%2Fhtmly%2F..%2Flaravel HTTP/1.1" 200 2170 "-" "Mozilla/5.0 AppleWebKit/537.36 (KHTML, like Gecko; compatible; ClaudeBot/1.0; +claudebot@anthropic.com)"
18.191.91.228 - - [29/Apr/2025:11:15:37 -0400] "GET /ad917/?path=%2Fhome%2Fservlmvm%2F..%2F..%2Fusr%2Fshare%2Faclocal%2F..%2Flocale%2Fhai%2F..%2Fluo%2F..%2Fes_ES%2F..%2Ffr%2F..%2Fmo%2F..%2F.%2Fkam HTTP/1.1" 200 1570 "-" "Mozilla/5.0 AppleWebKit/537.36 (KHTML, like Gecko; compatible; ClaudeBot/1.0; +claudebot@anthropic.com)"
18.191.91.228 - - [29/Apr/2025:11:15:40 -0400] "GET /ad917/?path=%2Fhome%2Fservlmvm%2F..%2F..%2Fusr%2Fshare%2Faclocal%2F..%2Flocale%2Fhai%2F..%2Fcgg%2F..%2Fnso%2F..%2Fks%2F..%2Ftai%2F..%2Fton HTTP/1.1" 200 1573 "-" "Mozilla/5.0 AppleWebKit/537.36 (KHTML, like Gecko; compatible; ClaudeBot/1.0; +claudebot@anthropic.com)"
18.191.91.228 - - [29/Apr/2025:11:15:43 -0400] "GET /ad917/?path=%2Fhome%2Fservlmvm%2F..%2F..%2Fusr%2Fshare%2Faclocal%2F..%2Flocale%2Fhai%2F..%2Fcgg%2F..%2Fnso%2F..%2Fks%2F..%2Ftai%2F..%2Fwba HTTP/1.1" 200 1574 "-" "Mozilla/5.0 AppleWebKit/537.36 (KHTML, like Gecko; compatible; ClaudeBot/1.0; +claudebot@anthropic.com)"
18.191.91.228 - - [29/Apr/2025:11:15:46 -0400] "GET /ad917/?path=%2Fhome%2F.%2F..%2F..%2Fvar%2Flog%2F..%2Fsoftaculous%2Fespo%2F..%2Fvxgb%2F..%2Fdrupal9%2F.%2F.%2F..%2Freaderself%2Fphp81 HTTP/1.1" 200 1667 "-" "Mozilla/5.0 AppleWebKit/537.36 (KHTML, like Gecko; compatible; ClaudeBot/1.0; +claudebot@anthropic.com)"
18.191.91.228 - - [29/Apr/2025:11:15:49 -0400] "GET /ad917/?path=%2Fhome%2Fservlmvm%2F..%2F..%2Fusr%2Fshare%2Faclocal%2F..%2Flocale%2F.%2Fmap%2F..%2Fgon%2F..%2Fes_EC%2F..%2Fbej%2F..%2Fvi%2F..%2Fsk_SK%2F..%2Fit HTTP/1.1" 200 1637 "-" "Mozilla/5.0 AppleWebKit/537.36 (KHTML, like Gecko; compatible; ClaudeBot/1.0; +claudebot@anthropic.com)"
40.77.167.254 - - [29/Apr/2025:11:15:50 -0400] "GET /detail65610296.shtml HTTP/1.1" 404 16940 "-" "Mozilla/5.0 AppleWebKit/537.36 (KHTML, like Gecko; compatible; bingbot/2.0; +http://www.bing.com/bingbot.htm) Chrome/116.0.1938.76 Safari/537.36"
18.191.91.228 - - [29/Apr/2025:11:15:52 -0400] "GET /ad917/?path=%2Fhome%2Fservlmvm%2F..%2F..%2Fusr%2Fshare%2Faclocal%2F..%2Flocale%2F.%2Fmap%2F..%2Fgon%2F..%2Fes_EC%2F..%2Fbej%2F..%2Fvi%2F..%2Fsk_SK%2F..%2Fgba HTTP/1.1" 200 1608 "-" "Mozilla/5.0 AppleWebKit/537.36 (KHTML, like Gecko; compatible; ClaudeBot/1.0; +claudebot@anthropic.com)"
18.191.91.228 - - [29/Apr/2025:11:15:55 -0400] "GET /ad917/?path=%2Fhome%2Fservlmvm%2F..%2F..%2Fusr%2Fshare%2Faclocal%2F..%2Flocale%2Fhai%2F..%2Fcgg%2F..%2Fnso%2F..%2Fks%2F..%2Ftai%2F..%2Fpis HTTP/1.1" 200 1573 "-" "Mozilla/5.0 AppleWebKit/537.36 (KHTML, like Gecko; compatible; ClaudeBot/1.0; +claudebot@anthropic.com)"
18.191.91.228 - - [29/Apr/2025:11:15:58 -0400] "GET /ad917/?path=%2Fhome%2Fservlmvm%2F..%2F..%2Fusr%2Fshare%2Faclocal%2F..%2Flocale%2F.%2Fmap%2F..%2Fgon%2F..%2Fes_EC%2F..%2Fbej%2F..%2Fvi%2F..%2Fsk_SK%2F..%2Fkj HTTP/1.1" 200 1603 "-" "Mozilla/5.0 AppleWebKit/537.36 (KHTML, like Gecko; compatible; ClaudeBot/1.0; +claudebot@anthropic.com)"
18.191.91.228 - - [29/Apr/2025:11:16:01 -0400] "GET /ad917/?path=%2Fhome%2Fservlmvm%2F..%2F..%2Fusr%2Fshare%2Faclocal%2F..%2Flocale%2Fhai%2F..%2Fcgg%2F..%2Fnso%2F..%2Fks%2F..%2Ftai%2F..%2Fco HTTP/1.1" 200 1575 "-" "Mozilla/5.0 AppleWebKit/537.36 (KHTML, like Gecko; compatible; ClaudeBot/1.0; +claudebot@anthropic.com)"
198.54.116.86 - - [29/Apr/2025:11:16:03 -0400] "POST /wp-cron.php?doing_wp_cron=1745939763.0102849006652832031250 HTTP/1.1" 200 0 "-" "WordPress/6.8; https://servethepeopleinc.org"
40.77.167.254 - - [29/Apr/2025:11:16:02 -0400] "GET /entity/lonesomest90481718.shtml HTTP/1.1" 404 16943 "-" "Mozilla/5.0 AppleWebKit/537.36 (KHTML, like Gecko; compatible; bingbot/2.0; +http://www.bing.com/bingbot.htm) Chrome/116.0.1938.76 Safari/537.36"
198.54.116.86 - - [29/Apr/2025:11:16:03 -0400] "POST /wp-admin/admin-ajax.php?action=async_litespeed&nonce=z1sA2yMHbGJbPcSmef9r0QwmUvIqyZiG&litespeed_type=imgoptm HTTP/1.1" 200 21 "-" "WordPress/6.8; https://servethepeopleinc.org"
18.191.91.228 - - [29/Apr/2025:11:16:04 -0400] "GET /ad917/?path=%2Fhome%2Fservlmvm%2F..%2F..%2Fusr%2Fshare%2Faclocal%2F..%2Flocale%2Fhai%2F..%2Fluo%2F..%2Fes_ES%2F..%2Ffr%2F..%2Fjam%2F..%2Fkm%2FLC_MESSAGES HTTP/1.1" 200 2031 "-" "Mozilla/5.0 AppleWebKit/537.36 (KHTML, like Gecko; compatible; ClaudeBot/1.0; +claudebot@anthropic.com)"
18.191.91.228 - - [29/Apr/2025:11:16:07 -0400] "GET /ad917/?path=%2Fhome%2Fservlmvm%2F..%2F..%2Fusr%2Fshare%2Faclocal%2F..%2Flocale%2Fhai%2F..%2Fcgg%2F..%2Fnso%2F..%2Fks%2F..%2Ftai%2F..%2Faus HTTP/1.1" 200 1574 "-" "Mozilla/5.0 AppleWebKit/537.36 (KHTML, like Gecko; compatible; ClaudeBot/1.0; +claudebot@anthropic.com)"
18.191.91.228 - - [29/Apr/2025:11:16:10 -0400] "GET /ad917/?path=%2Fhome%2Fservlmvm%2F..%2F..%2Fusr%2Fshare%2Faclocal%2F..%2Flocale%2Fhai%2F..%2Fcgg%2F..%2Fnso%2F..%2Fks%2F..%2Ftai%2F..%2Fnb_NO HTTP/1.1" 200 1568 "-" "Mozilla/5.0 AppleWebKit/537.36 (KHTML, like Gecko; compatible; ClaudeBot/1.0; +claudebot@anthropic.com)"
18.191.91.228 - - [29/Apr/2025:11:16:13 -0400] "GET /ad917/?path=%2Fhome%2Fservlmvm%2F..%2F..%2Fusr%2Fshare%2Faclocal%2F..%2Flocale%2F.%2Fmap%2F..%2Fgon%2F..%2Fes_EC%2F..%2Fbej%2F..%2Fvi%2F..%2Fsk_SK%2F..%2Fhil HTTP/1.1" 200 1607 "-" "Mozilla/5.0 AppleWebKit/537.36 (KHTML, like Gecko; compatible; ClaudeBot/1.0; +claudebot@anthropic.com)"
18.191.91.228 - - [29/Apr/2025:11:16:16 -0400] "GET /ad917/?path=%2Fhome%2F.%2F..%2F..%2Fvar%2Flib%2F..%2Fsoftaculous%2Fmyadmin49%2F..%2Fmyt%2F..%2Fdada%2F..%2Fchurchcrm%2F..%2Fpivotx%2F..%2Fvty%2F..%2Fyii HTTP/1.1" 200 2032 "-" "Mozilla/5.0 AppleWebKit/537.36 (KHTML, like Gecko; compatible; ClaudeBot/1.0; +claudebot@anthropic.com)"
18.191.91.228 - - [29/Apr/2025:11:16:19 -0400] "GET /ad917/?path=%2Fhome%2Fservlmvm%2F..%2F..%2Fvar%2Fsoftaculous%2Fosclassified%2F..%2Fplikli%2F..%2Fdomainmod%2F..%2F.%2Fpostfix%2Fphp71 HTTP/1.1" 200 1683 "-" "Mozilla/5.0 AppleWebKit/537.36 (KHTML, like Gecko; compatible; ClaudeBot/1.0; +claudebot@anthropic.com)"
18.191.91.228 - - [29/Apr/2025:11:16:22 -0400] "GET /ad917/?path=%2Fhome%2Fservlmvm%2F..%2F..%2Fusr%2Fshare%2Faclocal%2F..%2Flocale%2Fhai%2F..%2Fcgg%2F..%2Fnso%2F..%2Fks%2F..%2Ftai%2F..%2Fapa HTTP/1.1" 200 1574 "-" "Mozilla/5.0 AppleWebKit/537.36 (KHTML, like Gecko; compatible; ClaudeBot/1.0; +claudebot@anthropic.com)"
18.191.91.228 - - [29/Apr/2025:11:16:25 -0400] "GET /ad917/?path=%2Fhome%2Fservlmvm%2F..%2F..%2Fusr%2Fshare%2Faclocal%2F..%2Flocale%2Fraj%2F..%2Fmis%2F..%2Fur_PK%2F..%2Fgor%2F..%2Fpi%2F..%2Fmic%2F. HTTP/1.1" 200 1578 "-" "Mozilla/5.0 AppleWebKit/537.36 (KHTML, like Gecko; compatible; ClaudeBot/1.0; +claudebot@anthropic.com)"
198.54.116.86 - - [29/Apr/2025:11:16:25 -0400] "POST /wp-cron.php?doing_wp_cron=1745939785.7292940616607666015625 HTTP/1.1" 200 0 "-" "WordPress/6.8; https://servethepeopleinc.org"
66.249.65.170 - - [29/Apr/2025:11:16:25 -0400] "GET /info/93093294.shtml HTTP/1.1" 404 16943 "-" "Mozilla/5.0 (compatible; Googlebot/2.1; +http://www.google.com/bot.html)"
18.191.91.228 - - [29/Apr/2025:11:16:28 -0400] "GET /ad917/?path=%2Fhome%2Fservlmvm%2F..%2F..%2Fusr%2Fshare%2Faclocal%2F..%2Flocale%2Fhai%2F..%2Fluo%2F..%2Fes_ES%2F..%2Ffr%2F..%2Fmo%2F..%2F.%2Fpt_PT HTTP/1.1" 200 1593 "-" "Mozilla/5.0 AppleWebKit/537.36 (KHTML, like Gecko; compatible; ClaudeBot/1.0; +claudebot@anthropic.com)"
18.191.91.228 - - [29/Apr/2025:11:16:31 -0400] "GET /ad917/?path=%2Fhome%2Fservlmvm%2F..%2F..%2Fusr%2Fshare%2Faclocal%2F..%2Flocale%2Fhai%2F..%2Fcgg%2F..%2Fnso%2F..%2Fmad%2F..%2Fgoh%2F..%2Ftt_RU HTTP/1.1" 200 1570 "-" "Mozilla/5.0 AppleWebKit/537.36 (KHTML, like Gecko; compatible; ClaudeBot/1.0; +claudebot@anthropic.com)"
18.191.91.228 - - [29/Apr/2025:11:16:34 -0400] "GET /ad917/?path=%2Fhome%2Fservlmvm%2F..%2F..%2Fusr%2Fshare%2Faclocal%2F..%2Flocale%2Fhai%2F..%2Fluo%2F..%2Fes_ES%2F..%2Ffr%2F..%2Fjam%2F..%2Fnn%2FLC_MESSAGES HTTP/1.1" 200 2480 "-" "Mozilla/5.0 AppleWebKit/537.36 (KHTML, like Gecko; compatible; ClaudeBot/1.0; +claudebot@anthropic.com)"
18.191.91.228 - - [29/Apr/2025:11:16:37 -0400] "GET /ad917/?path=%2Fhome%2Fservlmvm%2F..%2F..%2Fusr%2Fshare%2Faclocal%2F..%2Flocale%2Ffrr%2F..%2Fhne%2F..%2Fvot%2F..%2Fmdr%2F..%2Fdv%2F..%2Fpt_PT HTTP/1.1" 200 1588 "-" "Mozilla/5.0 AppleWebKit/537.36 (KHTML, like Gecko; compatible; ClaudeBot/1.0; +claudebot@anthropic.com)"
18.191.91.228 - - [29/Apr/2025:11:16:40 -0400] "GET /ad917/?path=%2Fhome%2Fservlmvm%2F..%2F..%2Fusr%2Fshare%2Faclocal%2F..%2Flocale%2Fhai%2F..%2Fcgg%2F..%2Fnso%2F..%2Fks%2F..%2Ftai%2F..%2Fban HTTP/1.1" 200 1574 "-" "Mozilla/5.0 AppleWebKit/537.36 (KHTML, like Gecko; compatible; ClaudeBot/1.0; +claudebot@anthropic.com)"
18.191.91.228 - - [29/Apr/2025:11:16:43 -0400] "GET /ad917/?path=%2Fhome%2Fservlmvm%2F..%2F..%2Fusr%2Fshare%2Faclocal%2F..%2Flocale%2Fhai%2F..%2Fcgg%2F..%2Fnso%2F..%2Fks%2F..%2Ftai%2F..%2Flui HTTP/1.1" 200 1572 "-" "Mozilla/5.0 AppleWebKit/537.36 (KHTML, like Gecko; compatible; ClaudeBot/1.0; +claudebot@anthropic.com)"
18.191.91.228 - - [29/Apr/2025:11:16:46 -0400] "GET /ad917/?path=%2Fhome%2F.%2F..%2F..%2Fvar%2Flog%2F..%2Fsoftaculous%2Fespo%2F..%2Fvxgb%2F..%2Feengine%2F.%2F..%2Fmagento2 HTTP/1.1" 200 2466 "-" "Mozilla/5.0 AppleWebKit/537.36 (KHTML, like Gecko; compatible; ClaudeBot/1.0; +claudebot@anthropic.com)"
18.191.91.228 - - [29/Apr/2025:11:16:49 -0400] "GET /ad917/?path=%2Fhome%2Fservlmvm%2F..%2F..%2Fusr%2Fshare%2Faclocal%2F..%2Flocale%2Ffrr%2F..%2Fhne%2F..%2Fvot%2F..%2Fmdr%2F..%2Fdv%2F..%2Fbik HTTP/1.1" 200 1582 "-" "Mozilla/5.0 AppleWebKit/537.36 (KHTML, like Gecko; compatible; ClaudeBot/1.0; +claudebot@anthropic.com)"
40.77.167.131 - - [29/Apr/2025:11:16:49 -0400] "GET /goods/oa/vertebrae83883202.shtml HTTP/1.1" 404 16947 "-" "Mozilla/5.0 AppleWebKit/537.36 (KHTML, like Gecko; compatible; bingbot/2.0; +http://www.bing.com/bingbot.htm) Chrome/116.0.1938.76 Safari/537.36"
18.191.91.228 - - [29/Apr/2025:11:16:52 -0400] "GET /ad917/?path=%2Fhome%2Fservlmvm%2F..%2F..%2Fvar%2Fsoftaculous%2Fosclassified%2F..%2Fplikli%2F..%2Fwintercms%2F..%2F.%2Flss%2Fedit.php HTTP/1.1" 200 10332 "-" "Mozilla/5.0 AppleWebKit/537.36 (KHTML, like Gecko; compatible; ClaudeBot/1.0; +claudebot@anthropic.com)"
198.54.116.86 - - [29/Apr/2025:11:16:56 -0400] "POST /wp-cron.php?doing_wp_cron=1745939816.7941060066223144531250 HTTP/1.1" 200 0 "-" "WordPress/6.8; https://servethepeopleinc.org"
66.249.65.169 - - [29/Apr/2025:11:16:56 -0400] "GET /entity/y/occupied/22722886.shtml HTTP/1.1" 404 16949 "-" "Mozilla/5.0 (Linux; Android 6.0.1; Nexus 5X Build/MMB29P) AppleWebKit/537.36 (KHTML, like Gecko) Chrome/135.0.7049.95 Mobile Safari/537.36 (compatible; GoogleOther)"
198.54.116.86 - - [29/Apr/2025:11:16:56 -0400] "POST /wp-admin/admin-ajax.php?action=async_litespeed&nonce=mjSYZ6hPUqGEv5Jhwg8q5O6rJWqvjxn8&litespeed_type=imgoptm HTTP/1.1" 200 21 "-" "WordPress/6.8; https://servethepeopleinc.org"
52.167.144.189 - - [29/Apr/2025:11:16:58 -0400] "GET /entity/proin52017836.shtml HTTP/1.1" 301 0 "-" "Mozilla/5.0 AppleWebKit/537.36 (KHTML, like Gecko; compatible; bingbot/2.0; +http://www.bing.com/bingbot.htm) Chrome/116.0.1938.76 Safari/537.36"
198.54.116.86 - - [29/Apr/2025:11:17:22 -0400] "POST /wp-cron.php?doing_wp_cron=1745939842.5539069175720214843750 HTTP/1.1" 200 0 "-" "WordPress/6.8; https://servethepeopleinc.org"
52.167.144.166 - - [29/Apr/2025:11:17:22 -0400] "GET /entity72146740.shtml HTTP/1.1" 404 16941 "-" "Mozilla/5.0 AppleWebKit/537.36 (KHTML, like Gecko; compatible; bingbot/2.0; +http://www.bing.com/bingbot.htm) Chrome/116.0.1938.76 Safari/537.36"
3.147.8.255 - - [29/Apr/2025:11:17:27 -0400] "GET /ad917/?path=%2Fhome%2Fservlmvm%2F..%2F..%2Fusr%2Fshare%2Faclocal%2F..%2Flocale%2Froa%2F..%2Fraj%2F..%2Fkhi%2F..%2Fgv%2F..%2Fmak%2F..%2F..%2Ffonts HTTP/1.1" 200 1778 "-" "Mozilla/5.0 AppleWebKit/537.36 (KHTML, like Gecko; compatible; ClaudeBot/1.0; +claudebot@anthropic.com)"
3.147.8.255 - - [29/Apr/2025:11:17:30 -0400] "GET /ad917/?path=%2Fhome%2F.%2F..%2F..%2Fvar%2Flib%2F..%2Fsoftaculous%2Fmyadmin49%2F..%2Fmyt%2F..%2F.%2Focart23%2F..%2Fostic%2F..%2Fe107%2F..%2Fajaxchat%2F.. HTTP/1.1" 200 12665 "-" "Mozilla/5.0 AppleWebKit/537.36 (KHTML, like Gecko; compatible; ClaudeBot/1.0; +claudebot@anthropic.com)"
188.166.223.78 - - [29/Apr/2025:11:17:30 -0400] "GET /wp-aa.php HTTP/1.1" 404 19616 "-" "Mozilla/5.0 (Windows NT 10.0; Win64; x64) AppleWebKit/537.36 (KHTML, like Gecko) Chrome/83.0.4103.97 Safari/537.36"
188.166.223.78 - - [29/Apr/2025:11:17:31 -0400] "GET /wp-content/plugins/wp-automatic/inc/csv.php HTTP/1.1" 404 19648 "-" "Mozilla/5.0 (Windows NT 10.0; Win64; x64) AppleWebKit/537.36 (KHTML, like Gecko) Chrome/83.0.4103.97 Safari/537.36"
3.147.8.255 - - [29/Apr/2025:11:17:33 -0400] "GET /ad917/?path=%2Fhome%2F.%2F..%2F..%2Fvar%2Flib%2F..%2Fsoftaculous%2Fmyadmin49%2F..%2Fagora%2F..%2Fpagekit%2F..%2Ffiyo%2F..%2Fwp%2Fphp82 HTTP/1.1" 200 1785 "-" "Mozilla/5.0 AppleWebKit/537.36 (KHTML, like Gecko; compatible; ClaudeBot/1.0; +claudebot@anthropic.com)"
3.147.8.255 - - [29/Apr/2025:11:17:36 -0400] "GET /ad917/?path=%2Fhome%2F.%2F..%2F..%2Fvar%2Flib%2F..%2Fsoftaculous%2Fmyadmin49%2F..%2Fmyt%2F..%2F.%2Focart23%2F..%2Fmantis%2F..%2Fxms%2F..%2Ffcms%2F..%2Fwp49 HTTP/1.1" 200 2646 "-" "Mozilla/5.0 AppleWebKit/537.36 (KHTML, like Gecko; compatible; ClaudeBot/1.0; +claudebot@anthropic.com)"
3.147.8.255 - - [29/Apr/2025:11:17:39 -0400] "GET /ad917/?path=%2Fhome%2Fservlmvm%2F..%2F..%2Fvar%2Fsoftaculous%2Fosclassified%2F..%2Fplikli%2F..%2Fwintercms%2F..%2F.%2Fyui%2Fpackageindex.php HTTP/1.1" 200 1076 "-" "Mozilla/5.0 AppleWebKit/537.36 (KHTML, like Gecko; compatible; ClaudeBot/1.0; +claudebot@anthropic.com)"
3.147.8.255 - - [29/Apr/2025:11:17:42 -0400] "GET /ad917/?path=%2Fhome%2F.%2F..%2F..%2Fvar%2Flib%2F..%2Fsoftaculous%2Fmyadmin49%2F..%2Fmyt%2F..%2F.%2Focart23%2F..%2Fcpg%2F..%2Ftypo47%2Fphp71%2F..%2Fphp53 HTTP/1.1" 200 1739 "-" "Mozilla/5.0 AppleWebKit/537.36 (KHTML, like Gecko; compatible; ClaudeBot/1.0; +claudebot@anthropic.com)"
3.147.8.255 - - [29/Apr/2025:11:17:45 -0400] "GET /ad917/?path=%2Fhome%2F.%2F..%2F..%2Fvar%2Flib%2F..%2Fsoftaculous%2Fmyadmin49%2F..%2Fmyt%2F..%2F.%2Focart23%2F..%2Fossn%2F..%2Ftwg%2F..%2Fmoodle45%2Fphp71 HTTP/1.1" 200 1766 "-" "Mozilla/5.0 AppleWebKit/537.36 (KHTML, like Gecko; compatible; ClaudeBot/1.0; +claudebot@anthropic.com)"
3.147.8.255 - - [29/Apr/2025:11:17:48 -0400] "GET /ad917/?path=%2Fhome%2Fservlmvm%2F..%2F..%2Fvar%2Fsoftaculous%2Fosclassified%2F..%2Fplikli%2F..%2Fwintercms%2F..%2Fsavsoft%2F..%2Fmagento18 HTTP/1.1" 200 2155 "-" "Mozilla/5.0 AppleWebKit/537.36 (KHTML, like Gecko; compatible; ClaudeBot/1.0; +claudebot@anthropic.com)"
3.147.8.255 - - [29/Apr/2025:11:17:51 -0400] "GET /ad917/?path=%2Fhome%2Fservlmvm%2F..%2F..%2Fusr%2Fshare%2Faclocal%2F..%2Flocale%2Fhai%2F..%2Fain%2F..%2Fmic%2F..%2Fnyo%2F.%2F..%2Ftsi%2F..%2Fde%40hebrew%2F. HTTP/1.1" 200 1585 "-" "Mozilla/5.0 AppleWebKit/537.36 (KHTML, like Gecko; compatible; ClaudeBot/1.0; +claudebot@anthropic.com)"
40.77.167.254 - - [29/Apr/2025:11:17:52 -0400] "GET /goodscode/103580736.shtml HTTP/1.1" 404 16942 "-" "Mozilla/5.0 AppleWebKit/537.36 (KHTML, like Gecko; compatible; bingbot/2.0; +http://www.bing.com/bingbot.htm) Chrome/116.0.1938.76 Safari/537.36"
3.147.8.255 - - [29/Apr/2025:11:17:54 -0400] "GET /ad917/?path=%2Fhome%2F.%2F..%2F..%2Fvar%2Flib%2F..%2Fsoftaculous%2Fmyadmin49%2F..%2Fmyt%2F..%2Fgedview%2F..%2Fhumogen%2F..%2Finvoice%2F.%2F..%2Ftwg HTTP/1.1" 200 2208 "-" "Mozilla/5.0 AppleWebKit/537.36 (KHTML, like Gecko; compatible; ClaudeBot/1.0; +claudebot@anthropic.com)"
3.147.8.255 - - [29/Apr/2025:11:17:57 -0400] "GET /ad917/?path=%2Fhome%2Fservlmvm%2F..%2F..%2Fusr%2Fshare%2Faclocal%2F..%2Flocale%2Fhai%2F..%2Ffrs%2F.%2F..%2Fnyo%2F..%2Fzen%2F..%2Fbug%2F. HTTP/1.1" 200 1566 "-" "Mozilla/5.0 AppleWebKit/537.36 (KHTML, like Gecko; compatible; ClaudeBot/1.0; +claudebot@anthropic.com)"
3.147.8.255 - - [29/Apr/2025:11:18:00 -0400] "GET /ad917/?path=%2Fhome%2F.%2F..%2F..%2Fvar%2Flib%2F..%2Fsoftaculous%2Fmyadmin49%2F..%2Fmyt%2F..%2F.%2Focart23%2F..%2Fimpress%2F..%2Fpresta17%2F..%2Fpunbb HTTP/1.1" 200 2128 "-" "Mozilla/5.0 AppleWebKit/537.36 (KHTML, like Gecko; compatible; ClaudeBot/1.0; +claudebot@anthropic.com)"
3.147.8.255 - - [29/Apr/2025:11:18:03 -0400] "GET /ad917/?path=%2Fhome%2F.%2F..%2F..%2Fvar%2Flib%2F..%2Fsoftaculous%2Fmyadmin49%2F..%2Fmyt%2F..%2Fgedview%2F..%2Fhumogen%2F..%2Finvoice%2F.%2F..%2Fselfoss HTTP/1.1" 200 2169 "-" "Mozilla/5.0 AppleWebKit/537.36 (KHTML, like Gecko; compatible; ClaudeBot/1.0; +claudebot@anthropic.com)"
3.147.8.255 - - [29/Apr/2025:11:18:06 -0400] "GET /ad917/?path=%2Fhome%2F.%2F..%2F..%2Fvar%2Flib%2F..%2Fsoftaculous%2Fmyadmin49%2F..%2Fpopoji%2F..%2Fwbce%2F..%2Fsitecake%2F..%2Fleto%2Fphp71 HTTP/1.1" 200 1695 "-" "Mozilla/5.0 AppleWebKit/537.36 (KHTML, like Gecko; compatible; ClaudeBot/1.0; +claudebot@anthropic.com)"
3.147.8.255 - - [29/Apr/2025:11:18:09 -0400] "GET /ad917/?path=%2Fhome%2Fservlmvm%2F..%2F..%2Fvar%2Fsoftaculous%2Fosclassified%2F..%2Fplikli%2F..%2Fwintercms%2F..%2F.%2Flime%2Ffileindex.php HTTP/1.1" 200 1151 "-" "Mozilla/5.0 AppleWebKit/537.36 (KHTML, like Gecko; compatible; ClaudeBot/1.0; +claudebot@anthropic.com)"
198.54.116.86 - - [29/Apr/2025:11:18:12 -0400] "POST /wp-cron.php?doing_wp_cron=1745939892.3305599689483642578125 HTTP/1.1" 200 0 "-" "WordPress/6.8; https://servethepeopleinc.org"
52.167.144.189 - - [29/Apr/2025:11:18:12 -0400] "GET /goodscode/involucellate52024644.shtml HTTP/1.1" 301 0 "-" "Mozilla/5.0 AppleWebKit/537.36 (KHTML, like Gecko; compatible; bingbot/2.0; +http://www.bing.com/bingbot.htm) Chrome/116.0.1938.76 Safari/537.36"
198.54.116.86 - - [29/Apr/2025:11:18:12 -0400] "POST /wp-admin/admin-ajax.php?action=async_litespeed&nonce=avdTs3aoKAbfVwpLRNLZhXVyrq0kk2Mj&litespeed_type=imgoptm HTTP/1.1" 200 21 "-" "WordPress/6.8; https://servethepeopleinc.org"
3.147.8.255 - - [29/Apr/2025:11:18:12 -0400] "GET /ad917/?path=%2Fhome%2F.%2F..%2F..%2Fvar%2Flib%2F..%2Fsoftaculous%2Fmyadmin49%2F..%2Fpopoji%2F..%2Fmautic%2F..%2Fpopoji%2Fphp82%2Finstall.php HTTP/1.1" 200 8364 "-" "Mozilla/5.0 AppleWebKit/537.36 (KHTML, like Gecko; compatible; ClaudeBot/1.0; +claudebot@anthropic.com)"
3.147.8.255 - - [29/Apr/2025:11:18:15 -0400] "GET /ad917/?path=%2Fhome%2Fservlmvm%2F..%2F..%2Fvar%2Fsoftaculous%2Fosclassified%2F..%2Fplikli%2F..%2Fwintercms%2F..%2Fsavsoft%2F..%2Fphpwcms HTTP/1.1" 200 2228 "-" "Mozilla/5.0 AppleWebKit/537.36 (KHTML, like Gecko; compatible; ClaudeBot/1.0; +claudebot@anthropic.com)"
3.147.8.255 - - [29/Apr/2025:11:18:18 -0400] "GET /ad917/?path=%2Fhome%2F.%2F..%2F..%2Fvar%2Flib%2F..%2Fsoftaculous%2Fmyadmin49%2F..%2Fagora%2F..%2Fpagekit%2F..%2Ffiyo%2F..%2Fwp53%2Fsoft.htaccess HTTP/1.1" 403 1242 "-" "Mozilla/5.0 AppleWebKit/537.36 (KHTML, like Gecko; compatible; ClaudeBot/1.0; +claudebot@anthropic.com)"
3.147.8.255 - - [29/Apr/2025:11:18:21 -0400] "GET /ad917/?path=%2Fhome%2F.%2F..%2F..%2Fvar%2Flib%2F..%2Fsoftaculous%2Fmyadmin49%2F..%2Fmyt%2F..%2F.%2Focart23%2F..%2Fhtmly%2F..%2Fgpeasy%2F..%2Fmyt%2Fphp53 HTTP/1.1" 200 1720 "-" "Mozilla/5.0 AppleWebKit/537.36 (KHTML, like Gecko; compatible; ClaudeBot/1.0; +claudebot@anthropic.com)"
198.54.116.86 - - [29/Apr/2025:11:18:22 -0400] "POST /wp-cron.php?doing_wp_cron=1745939902.6523010730743408203125 HTTP/1.1" 200 0 "-" "WordPress/6.8; https://servethepeopleinc.org"
52.167.144.16 - - [29/Apr/2025:11:18:22 -0400] "GET /goodscode/eri/torpidity52718258.shtml HTTP/1.1" 301 0 "-" "Mozilla/5.0 AppleWebKit/537.36 (KHTML, like Gecko; compatible; bingbot/2.0; +http://www.bing.com/bingbot.htm) Chrome/116.0.1938.76 Safari/537.36"
52.167.144.166 - - [29/Apr/2025:11:18:23 -0400] "GET /info/wo/heuristic51593114.shtml HTTP/1.1" 404 16950 "-" "Mozilla/5.0 AppleWebKit/537.36 (KHTML, like Gecko; compatible; bingbot/2.0; +http://www.bing.com/bingbot.htm) Chrome/116.0.1938.76 Safari/537.36"
3.147.8.255 - - [29/Apr/2025:11:18:24 -0400] "GET /ad917/?path=%2Fhome%2F.%2F..%2F..%2Fvar%2Flog%2F..%2Fsoftaculous%2Fespo%2F..%2Fvxgb%2F..%2Fdrupal9%2F.%2F.%2F..%2Frazor%2Fphp71 HTTP/1.1" 200 1696 "-" "Mozilla/5.0 AppleWebKit/537.36 (KHTML, like Gecko; compatible; ClaudeBot/1.0; +claudebot@anthropic.com)"
3.147.8.255 - - [29/Apr/2025:11:18:27 -0400] "GET /ad917/?path=%2Fhome%2F.%2F..%2F..%2Fvar%2Flib%2F..%2Fsoftaculous%2Fmyadmin49%2F..%2Fmyt%2F..%2Fgedview%2F..%2Fhumogen%2F..%2Finvoice%2F.%2F..%2Fcftp HTTP/1.1" 200 2306 "-" "Mozilla/5.0 AppleWebKit/537.36 (KHTML, like Gecko; compatible; ClaudeBot/1.0; +claudebot@anthropic.com)"
3.147.8.255 - - [29/Apr/2025:11:18:30 -0400] "GET /ad917/?path=%2Fhome%2Fservlmvm%2F..%2F..%2Fusr%2Fshare%2Faclocal%2F..%2Flocale%2F.%2Fmap%2F..%2Fgon%2F..%2Fes_EC%2F..%2Fbej%2F..%2Fvi%2F..%2Fsk_SK%2F..%2Fzun HTTP/1.1" 200 1606 "-" "Mozilla/5.0 AppleWebKit/537.36 (KHTML, like Gecko; compatible; ClaudeBot/1.0; +claudebot@anthropic.com)"
52.167.144.166 - - [29/Apr/2025:11:18:32 -0400] "GET /special88944576.shtml HTTP/1.1" 404 16940 "-" "Mozilla/5.0 AppleWebKit/537.36 (KHTML, like Gecko; compatible; bingbot/2.0; +http://www.bing.com/bingbot.htm) Chrome/116.0.1938.76 Safari/537.36"
3.147.8.255 - - [29/Apr/2025:11:18:33 -0400] "GET /ad917/?path=%2Fhome%2Fservlmvm%2F..%2F..%2Fvar%2Fsoftaculous%2Fosclassified%2F..%2Focart4%2F.%2F.%2F.%2F..%2Fmt%2F..%2Fwp65%2F..%2Fyui%2F..%2Fjqplot HTTP/1.1" 200 1909 "-" "Mozilla/5.0 AppleWebKit/537.36 (KHTML, like Gecko; compatible; ClaudeBot/1.0; +claudebot@anthropic.com)"
3.147.8.255 - - [29/Apr/2025:11:18:36 -0400] "GET /ad917/?path=%2Fhome%2F.%2F..%2F..%2Fvar%2Flib%2F..%2Fsoftaculous%2Fmyadmin49%2F..%2Fmyt%2F..%2Fgedview%2F..%2Fhumogen%2F..%2Finvoice%2F.%2F..%2Fostic HTTP/1.1" 200 2330 "-" "Mozilla/5.0 AppleWebKit/537.36 (KHTML, like Gecko; compatible; ClaudeBot/1.0; +claudebot@anthropic.com)"
3.147.8.255 - - [29/Apr/2025:11:18:39 -0400] "GET /ad917/?path=%2Fhome%2F.%2F..%2F..%2Fvar%2Flog%2F..%2Fsoftaculous%2Fespo%2F..%2Fvxgb%2F..%2Feengine%2F.%2F..%2Fclientexec HTTP/1.1" 200 2249 "-" "Mozilla/5.0 AppleWebKit/537.36 (KHTML, like Gecko; compatible; ClaudeBot/1.0; +claudebot@anthropic.com)"
52.167.144.16 - - [29/Apr/2025:11:18:40 -0400] "GET /info/xjw/biter41997796.shtml HTTP/1.1" 301 0 "-" "Mozilla/5.0 AppleWebKit/537.36 (KHTML, like Gecko; compatible; bingbot/2.0; +http://www.bing.com/bingbot.htm) Chrome/116.0.1938.76 Safari/537.36"
40.77.167.131 - - [29/Apr/2025:11:18:40 -0400] "GET /info/zs/tityra12920120.shtml HTTP/1.1" 404 16951 "-" "Mozilla/5.0 AppleWebKit/537.36 (KHTML, like Gecko; compatible; bingbot/2.0; +http://www.bing.com/bingbot.htm) Chrome/116.0.1938.76 Safari/537.36"
3.147.8.255 - - [29/Apr/2025:11:18:42 -0400] "GET /ad917/?path=%2Fhome%2Fservlmvm%2F..%2F..%2Fvar%2Fsoftaculous%2Fosclassified%2F..%2Focart4%2F.%2F.%2F.%2F..%2Fcotonti%2F..%2F.%2Fhtmly%2F..%2Fmagento HTTP/1.1" 200 2140 "-" "Mozilla/5.0 AppleWebKit/537.36 (KHTML, like Gecko; compatible; ClaudeBot/1.0; +claudebot@anthropic.com)"
3.147.8.255 - - [29/Apr/2025:11:18:45 -0400] "GET /ad917/?path=%2Fhome%2Fservlmvm%2F..%2F..%2Fvar%2Fsoftaculous%2Fosclassified%2F..%2Fplikli%2F..%2Fdomainmod%2F..%2F.%2Fpostfix%2Fphp56 HTTP/1.1" 200 1713 "-" "Mozilla/5.0 AppleWebKit/537.36 (KHTML, like Gecko; compatible; ClaudeBot/1.0; +claudebot@anthropic.com)"
178.254.39.80 - - [29/Apr/2025:11:18:46 -0400] "POST /xmlrpc.php HTTP/1.1" 200 210 "-" "Mozilla/5.0 (Windows NT 10.0; Win64; x64; rv:43.0) Gecko/20100101 Firefox/43.0"
3.147.8.255 - - [29/Apr/2025:11:18:48 -0400] "GET /ad917/?path=%2Fhome%2F.%2F..%2F..%2Fvar%2Flib%2F..%2Fsoftaculous%2Fmyadmin49%2F..%2Fmyt%2F..%2F.%2Focart23%2F..%2Fimpress%2F..%2Fpopoji%2F..%2Fphplot HTTP/1.1" 200 1898 "-" "Mozilla/5.0 AppleWebKit/537.36 (KHTML, like Gecko; compatible; ClaudeBot/1.0; +claudebot@anthropic.com)"
3.147.8.255 - - [29/Apr/2025:11:18:51 -0400] "GET /ad917/?path=%2Fhome%2Fservlmvm%2F..%2F..%2Fusr%2Fshare%2Faclocal%2F..%2Flocale%2Fhai%2F..%2Fcgg%2F..%2Fnso%2F..%2Fks%2F..%2Ftai%2F..%2Fes_VE HTTP/1.1" 200 1570 "-" "Mozilla/5.0 AppleWebKit/537.36 (KHTML, like Gecko; compatible; ClaudeBot/1.0; +claudebot@anthropic.com)"
3.147.8.255 - - [29/Apr/2025:11:18:54 -0400] "GET /ad917/?path=%2Fhome%2F.%2F..%2F..%2Fvar%2Flib%2F..%2Fsoftaculous%2Fmyadmin49%2F..%2Fmyt%2F..%2F.%2Focart23%2F..%2Fmantis%2F..%2Fxms%2F..%2Ffcms%2F..%2Fwp55 HTTP/1.1" 200 2730 "-" "Mozilla/5.0 AppleWebKit/537.36 (KHTML, like Gecko; compatible; ClaudeBot/1.0; +claudebot@anthropic.com)"
3.147.8.255 - - [29/Apr/2025:11:18:57 -0400] "GET /ad917/?path=%2Fhome%2Fservlmvm%2F..%2F..%2Fusr%2Fshare%2Faclocal%2F..%2Flocale%2Froa%2F..%2Fraj%2F..%2Fkhi%2F..%2Fgv%2F..%2Fmak%2F..%2Fno.us-ascii%2F. HTTP/1.1" 200 1584 "-" "Mozilla/5.0 AppleWebKit/537.36 (KHTML, like Gecko; compatible; ClaudeBot/1.0; +claudebot@anthropic.com)"
198.54.116.86 - - [29/Apr/2025:11:18:58 -0400] "POST /wp-cron.php?doing_wp_cron=1745939938.8899519443511962890625 HTTP/1.1" 200 0 "-" "WordPress/6.8; https://servethepeopleinc.org"
52.167.144.166 - - [29/Apr/2025:11:18:58 -0400] "GET /product/erythrophleum76111056.shtml HTTP/1.1" 404 16942 "-" "Mozilla/5.0 AppleWebKit/537.36 (KHTML, like Gecko; compatible; bingbot/2.0; +http://www.bing.com/bingbot.htm) Chrome/116.0.1938.76 Safari/537.36"
198.54.116.86 - - [29/Apr/2025:11:18:59 -0400] "POST /wp-admin/admin-ajax.php?action=async_litespeed&nonce=ZGOO1D8W97IB9SWSIehzA7diWRB49XEc&litespeed_type=imgoptm HTTP/1.1" 200 21 "-" "WordPress/6.8; https://servethepeopleinc.org"
3.147.8.255 - - [29/Apr/2025:11:19:00 -0400] "GET /ad917/?path=%2Fhome%2F.%2F..%2F..%2Fvar%2Flib%2F..%2Fsoftaculous%2Fmyadmin49%2F..%2Fpopoji%2F..%2Fwbce%2F..%2Fsitecake%2F..%2Fwhmcs89%2Fedit.php HTTP/1.1" 200 5668 "-" "Mozilla/5.0 AppleWebKit/537.36 (KHTML, like Gecko; compatible; ClaudeBot/1.0; +claudebot@anthropic.com)"
52.167.144.166 - - [29/Apr/2025:11:19:03 -0400] "GET /entity/imaginational/103357422.shtml HTTP/1.1" 404 16949 "-" "Mozilla/5.0 AppleWebKit/537.36 (KHTML, like Gecko; compatible; bingbot/2.0; +http://www.bing.com/bingbot.htm) Chrome/116.0.1938.76 Safari/537.36"
3.147.8.255 - - [29/Apr/2025:11:19:03 -0400] "GET /ad917/?path=%2Fhome%2F.%2F..%2F..%2Fvar%2Flib%2F..%2Fsoftaculous%2Fmyadmin49%2F..%2Fmyt%2F..%2F.%2Fgenix%2F..%2Fburden%2F..%2Fmahara%2F..%2F.%2F..%2Ftmp HTTP/1.1" 200 1784 "-" "Mozilla/5.0 AppleWebKit/537.36 (KHTML, like Gecko; compatible; ClaudeBot/1.0; +claudebot@anthropic.com)"
3.147.8.255 - - [29/Apr/2025:11:19:06 -0400] "GET /ad917/?path=%2Fhome%2Fservlmvm%2F..%2F..%2Fusr%2Fshare%2Faclocal%2F..%2Flocale%2Fhai%2F..%2Fcgg%2F..%2Fnso%2F..%2Fks%2F..%2Fcv%2F..%2F. HTTP/1.1" 200 12688 "-" "Mozilla/5.0 AppleWebKit/537.36 (KHTML, like Gecko; compatible; ClaudeBot/1.0; +claudebot@anthropic.com)"
40.77.167.131 - - [29/Apr/2025:11:19:08 -0400] "GET /info/incommodation/89574182.shtml HTTP/1.1" 404 16949 "-" "Mozilla/5.0 AppleWebKit/537.36 (KHTML, like Gecko; compatible; bingbot/2.0; +http://www.bing.com/bingbot.htm) Chrome/116.0.1938.76 Safari/537.36"
3.147.8.255 - - [29/Apr/2025:11:19:09 -0400] "GET /ad917/?path=%2Fhome%2Fservlmvm%2F..%2F..%2Fusr%2Fshare%2Faclocal%2F..%2Flocale%2Fhai%2F..%2Fcgg%2F..%2Fnso%2F..%2Fks%2F..%2Ftai%2F..%2Fnl HTTP/1.1" 200 1644 "-" "Mozilla/5.0 AppleWebKit/537.36 (KHTML, like Gecko; compatible; ClaudeBot/1.0; +claudebot@anthropic.com)"
3.147.8.255 - - [29/Apr/2025:11:19:12 -0400] "GET /ad917/?path=%2Fhome%2Fservlmvm%2F..%2F..%2Fusr%2Fshare%2Faclocal%2F..%2Flocale%2F.%2Fmap%2F..%2Fgon%2F..%2Fes_EC%2F..%2Fbej%2F..%2Fvi%2F..%2Fsk_SK%2F..%2Fsk HTTP/1.1" 200 1668 "-" "Mozilla/5.0 AppleWebKit/537.36 (KHTML, like Gecko; compatible; ClaudeBot/1.0; +claudebot@anthropic.com)"
3.147.8.255 - - [29/Apr/2025:11:19:15 -0400] "GET /ad917/?path=%2Fhome%2F.%2F..%2F..%2Fvar%2Flib%2F..%2Fsoftaculous%2Fmyadmin49%2F..%2Fpopoji%2F..%2Fmautic%2F..%2Fpopoji%2Fphp82%2Fimport.php HTTP/1.1" 200 3713 "-" "Mozilla/5.0 AppleWebKit/537.36 (KHTML, like Gecko; compatible; ClaudeBot/1.0; +claudebot@anthropic.com)"
3.147.8.255 - - [29/Apr/2025:11:19:18 -0400] "GET /ad917/?path=%2Fhome%2Fservlmvm%2F..%2F..%2Fusr%2Fshare%2Faclocal%2F..%2Flocale%2F.%2Fmap%2F..%2Fgon%2F..%2Fes_EC%2F..%2Fbej%2F..%2Far_DZ%2F..%2Ftt%2F.%2F. HTTP/1.1" 200 1598 "-" "Mozilla/5.0 AppleWebKit/537.36 (KHTML, like Gecko; compatible; ClaudeBot/1.0; +claudebot@anthropic.com)"
3.147.8.255 - - [29/Apr/2025:11:19:21 -0400] "GET /ad917/?path=%2Fhome%2F.%2F..%2F..%2Fvar%2Flib%2F..%2Fsoftaculous%2Fmyadmin49%2F..%2Fmyt%2F..%2F.%2Focart23%2F..%2Fuvdesk%2F..%2Fuvdesk%2F..%2Flaravel HTTP/1.1" 200 2127 "-" "Mozilla/5.0 AppleWebKit/537.36 (KHTML, like Gecko; compatible; ClaudeBot/1.0; +claudebot@anthropic.com)"
198.54.116.86 - - [29/Apr/2025:11:19:22 -0400] "POST /wp-cron.php?doing_wp_cron=1745939962.0537509918212890625000 HTTP/1.1" 200 0 "-" "WordPress/6.8; https://servethepeopleinc.org"
52.167.144.191 - - [29/Apr/2025:11:19:21 -0400] "GET /shopdetail/thurible/24683174.shtml HTTP/1.1" 301 0 "-" "Mozilla/5.0 AppleWebKit/537.36 (KHTML, like Gecko; compatible; bingbot/2.0; +http://www.bing.com/bingbot.htm) Chrome/116.0.1938.76 Safari/537.36"
66.249.65.168 - - [29/Apr/2025:11:19:45 -0400] "GET /products/uuu/immutability/64606458.shtml HTTP/1.1" 404 16950 "-" "Mozilla/5.0 (Linux; Android 6.0.1; Nexus 5X Build/MMB29P) AppleWebKit/537.36 (KHTML, like Gecko) Chrome/135.0.7049.95 Mobile Safari/537.36 (compatible; GoogleOther)"
52.167.144.16 - - [29/Apr/2025:11:19:50 -0400] "GET /info/76094340.shtml HTTP/1.1" 301 0 "-" "Mozilla/5.0 AppleWebKit/537.36 (KHTML, like Gecko; compatible; bingbot/2.0; +http://www.bing.com/bingbot.htm) Chrome/116.0.1938.76 Safari/537.36"
198.54.116.86 - - [29/Apr/2025:11:19:59 -0400] "POST /wp-cron.php?doing_wp_cron=1745939999.7048070430755615234375 HTTP/1.1" 200 0 "-" "WordPress/6.8; https://servethepeopleinc.org"
40.77.167.254 - - [29/Apr/2025:11:19:59 -0400] "GET /products/a/tightener56598994.shtml HTTP/1.1" 404 16948 "-" "Mozilla/5.0 AppleWebKit/537.36 (KHTML, like Gecko; compatible; bingbot/2.0; +http://www.bing.com/bingbot.htm) Chrome/116.0.1938.76 Safari/537.36"
198.54.116.86 - - [29/Apr/2025:11:19:59 -0400] "POST /wp-admin/admin-ajax.php?action=async_litespeed&nonce=MX75MOvW1vwTF4laCik2QeWKGdpUl4YQ&litespeed_type=imgoptm HTTP/1.1" 200 21 "-" "WordPress/6.8; https://servethepeopleinc.org"
18.116.112.164 - - [29/Apr/2025:11:20:01 -0400] "GET /ad917/?path=%2Fhome%2F.%2F..%2F..%2Fvar%2Flib%2F..%2Fsoftaculous%2Fmyadmin49%2F..%2Fpopoji%2F..%2Fwbce%2F..%2Fsitecake%2F..%2Fopensis%2Fphp81 HTTP/1.1" 200 1728 "-" "Mozilla/5.0 AppleWebKit/537.36 (KHTML, like Gecko; compatible; ClaudeBot/1.0; +claudebot@anthropic.com)"
40.77.167.254 - - [29/Apr/2025:11:20:03 -0400] "GET /products69950560.shtml HTTP/1.1" 404 16940 "-" "Mozilla/5.0 AppleWebKit/537.36 (KHTML, like Gecko; compatible; bingbot/2.0; +http://www.bing.com/bingbot.htm) Chrome/116.0.1938.76 Safari/537.36"
18.116.112.164 - - [29/Apr/2025:11:20:04 -0400] "GET /ad917/?path=%2Fhome%2Fservlmvm%2F..%2F..%2Fvar%2Fsoftaculous%2Fosclassified%2F..%2Fplikli%2F..%2Fwintercms%2F..%2Fsavsoft%2F..%2Fleafpub HTTP/1.1" 200 2088 "-" "Mozilla/5.0 AppleWebKit/537.36 (KHTML, like Gecko; compatible; ClaudeBot/1.0; +claudebot@anthropic.com)"
18.116.112.164 - - [29/Apr/2025:11:20:07 -0400] "GET /ad917/?path=%2Fhome%2F.%2F..%2F..%2Fvar%2Flib%2F..%2Fsoftaculous%2Fmyadmin49%2F..%2Fmyt%2F..%2F.%2Fgenix%2F..%2Fburden%2F..%2Fmahara%2F..%2F.%2F..%2Fphp HTTP/1.1" 200 1584 "-" "Mozilla/5.0 AppleWebKit/537.36 (KHTML, like Gecko; compatible; ClaudeBot/1.0; +claudebot@anthropic.com)"
18.116.112.164 - - [29/Apr/2025:11:20:10 -0400] "GET /ad917/?path=%2Fhome%2Fservlmvm%2F..%2F..%2Fusr%2Fshare%2Faclocal%2F..%2Flocale%2Fnon%2F.%2F..%2F.%2Ftt%2F..%2Fchb%2F..%2Fay%2F..%2Ftt_RU%2F..%2Fav%2F. HTTP/1.1" 200 1590 "-" "Mozilla/5.0 AppleWebKit/537.36 (KHTML, like Gecko; compatible; ClaudeBot/1.0; +claudebot@anthropic.com)"
18.116.112.164 - - [29/Apr/2025:11:20:13 -0400] "GET /ad917/?path=%2Fhome%2Fservlmvm%2F..%2F.%2F..%2F..%2Flib%2F.build-id%2F63%2F..%2F2c%2F..%2F86%2F.%2F..%2Ffa%2F..%2Fb9%2F..%2Ff5%2F..%2Fe3%2F..%2F7a%2F..%2Fee%2F.. HTTP/1.1" 200 3689 "-" "Mozilla/5.0 AppleWebKit/537.36 (KHTML, like Gecko; compatible; ClaudeBot/1.0; +claudebot@anthropic.com)"
18.116.112.164 - - [29/Apr/2025:11:20:16 -0400] "GET /ad917/?path=%2Fhome%2Fservlmvm%2F..%2F..%2Fusr%2Fshare%2Faclocal%2F..%2Flocale%2Froa%2F..%2Fwo%2F.%2F..%2Fur_PK%2F..%2Fnah%2F..%2Fbnt%2F..%2Fdin%2F. HTTP/1.1" 200 1582 "-" "Mozilla/5.0 AppleWebKit/537.36 (KHTML, like Gecko; compatible; ClaudeBot/1.0; +claudebot@anthropic.com)"
18.116.112.164 - - [29/Apr/2025:11:20:19 -0400] "GET /ad917/?path=%2Fhome%2Fservlmvm%2F..%2F..%2Fusr%2Fshare%2Faclocal%2F..%2Flocale%2Fnon%2F.%2F..%2F.%2Ftt%2F..%2Fchb%2F..%2Fay%2F..%2Ftt_RU%2F..%2Flu%2F. HTTP/1.1" 200 1590 "-" "Mozilla/5.0 AppleWebKit/537.36 (KHTML, like Gecko; compatible; ClaudeBot/1.0; +claudebot@anthropic.com)"
198.54.116.86 - - [29/Apr/2025:11:20:19 -0400] "POST /wp-cron.php?doing_wp_cron=1745940019.1688048839569091796875 HTTP/1.1" 200 0 "-" "WordPress/6.8; https://servethepeopleinc.org"
40.77.167.131 - - [29/Apr/2025:11:20:19 -0400] "GET / HTTP/1.1" 200 28623 "-" "Mozilla/5.0 AppleWebKit/537.36 (KHTML, like Gecko; compatible; bingbot/2.0; +http://www.bing.com/bingbot.htm) Chrome/116.0.1938.76 Safari/537.36"
18.116.112.164 - - [29/Apr/2025:11:20:22 -0400] "GET /ad917/?path=%2Fhome%2Fservlmvm%2F..%2F..%2Fvar%2Fsoftaculous%2Fosclassified%2F..%2Focart4%2F.%2F.%2F.%2F..%2F.%2Fmorph%2F..%2Flibre%2F..%2Fcmsimple HTTP/1.1" 200 2150 "-" "Mozilla/5.0 AppleWebKit/537.36 (KHTML, like Gecko; compatible; ClaudeBot/1.0; +claudebot@anthropic.com)"
18.116.112.164 - - [29/Apr/2025:11:20:25 -0400] "GET /ad917/?path=%2Fhome%2Fservlmvm%2F..%2F..%2Fusr%2Fshare%2Faclocal%2F..%2Flocale%2Fhai%2F..%2Fcgg%2F..%2Fnso%2F..%2Fks%2F..%2Ftai%2F..%2Fzh-Hans HTTP/1.1" 200 1587 "-" "Mozilla/5.0 AppleWebKit/537.36 (KHTML, like Gecko; compatible; ClaudeBot/1.0; +claudebot@anthropic.com)"
18.116.112.164 - - [29/Apr/2025:11:20:28 -0400] "GET /ad917/?path=%2Fhome%2Fservlmvm%2F..%2F.%2F..%2F..%2Flib%2F.build-id%2F81%2F..%2F64%2F..%2F15%2F..%2F.%2Fa2%2F..%2Fa2%2F..%2Fad%2F..%2F.%2Fda%2F..%2F07%2F..%2F09%2F.. HTTP/1.1" 200 3736 "-" "Mozilla/5.0 AppleWebKit/537.36 (KHTML, like Gecko; compatible; ClaudeBot/1.0; +claudebot@anthropic.com)"
18.116.112.164 - - [29/Apr/2025:11:20:31 -0400] "GET /ad917/?path=%2Fhome%2Fservlmvm%2F..%2F..%2Fusr%2Fshare%2Faclocal%2F..%2Flocale%2Fraj%2F..%2Fmis%2F..%2Fur_PK%2F..%2Fgor%2F..%2Feu%2F..%2Fes_PA%2F. HTTP/1.1" 200 1587 "-" "Mozilla/5.0 AppleWebKit/537.36 (KHTML, like Gecko; compatible; ClaudeBot/1.0; +claudebot@anthropic.com)"
52.167.144.189 - - [29/Apr/2025:11:20:31 -0400] "GET /info/cws/plumb/121613562.shtml HTTP/1.1" 301 0 "-" "Mozilla/5.0 AppleWebKit/537.36 (KHTML, like Gecko; compatible; bingbot/2.0; +http://www.bing.com/bingbot.htm) Chrome/116.0.1938.76 Safari/537.36"
18.116.112.164 - - [29/Apr/2025:11:20:34 -0400] "GET /ad917/?path=%2Fhome%2F.%2F..%2F..%2Fvar%2Flib%2F..%2Fsoftaculous%2Fmyadmin49%2F..%2Fpopoji%2F..%2Ftiki10%2F..%2Ffeng%2F..%2Fluxcal%2Fupgrade.php HTTP/1.1" 200 4837 "-" "Mozilla/5.0 AppleWebKit/537.36 (KHTML, like Gecko; compatible; ClaudeBot/1.0; +claudebot@anthropic.com)"
52.167.144.189 - - [29/Apr/2025:11:20:35 -0400] "GET /shopbrand/p/newsvender/75784984.shtml HTTP/1.1" 301 0 "-" "Mozilla/5.0 AppleWebKit/537.36 (KHTML, like Gecko; compatible; bingbot/2.0; +http://www.bing.com/bingbot.htm) Chrome/116.0.1938.76 Safari/537.36"
18.116.112.164 - - [29/Apr/2025:11:20:37 -0400] "GET /ad917/?path=%2Fhome%2Fservlmvm%2F..%2F.%2F..%2F..%2Flib%2F.build-id%2Faf%2F..%2F8e%2F..%2Fab%2F..%2F.%2Ffb%2F..%2F29%2F..%2Fc0%2F..%2F1a%2F..%2F.%2Ffe%2F..%2Ffc HTTP/1.1" 200 2697 "-" "Mozilla/5.0 AppleWebKit/537.36 (KHTML, like Gecko; compatible; ClaudeBot/1.0; +claudebot@anthropic.com)"
40.77.167.131 - - [29/Apr/2025:11:20:38 -0400] "GET /detail/51412852.shtml HTTP/1.1" 404 16940 "-" "Mozilla/5.0 AppleWebKit/537.36 (KHTML, like Gecko; compatible; bingbot/2.0; +http://www.bing.com/bingbot.htm) Chrome/116.0.1938.76 Safari/537.36"
18.116.112.164 - - [29/Apr/2025:11:20:40 -0400] "GET /ad917/?path=%2Fhome%2Fservlmvm%2F..%2F..%2Fvar%2Fsoftaculous%2Fosclassified%2F..%2Fplikli%2F..%2Fdomainmod%2F..%2Fpresta14%2F..%2Fphpwcms HTTP/1.1" 200 2216 "-" "Mozilla/5.0 AppleWebKit/537.36 (KHTML, like Gecko; compatible; ClaudeBot/1.0; +claudebot@anthropic.com)"
18.116.112.164 - - [29/Apr/2025:11:20:43 -0400] "GET /ad917/?path=%2Fhome%2Fservlmvm%2F..%2F..%2Fvar%2Fsoftaculous%2Fosclassified%2F..%2Fplikli%2F..%2Fwintercms%2F..%2Fsavsoft%2F..%2Flivehelper HTTP/1.1" 200 2200 "-" "Mozilla/5.0 AppleWebKit/537.36 (KHTML, like Gecko; compatible; ClaudeBot/1.0; +claudebot@anthropic.com)"
52.167.144.166 - - [29/Apr/2025:11:20:43 -0400] "GET /item/dc/gapesing/ HTTP/1.1" 404 16950 "-" "Mozilla/5.0 AppleWebKit/537.36 (KHTML, like Gecko; compatible; bingbot/2.0; +http://www.bing.com/bingbot.htm) Chrome/116.0.1938.76 Safari/537.36"
18.116.112.164 - - [29/Apr/2025:11:20:46 -0400] "GET /ad917/?path=%2Fhome%2F.%2F..%2F..%2Fvar%2Flib%2F..%2Fsoftaculous%2Fmyadmin49%2F..%2Fmyt%2F..%2F.%2Focart23%2F..%2Fkimai%2Fphp56%2F..%2F..%2Fadmidio%2F.. HTTP/1.1" 200 12724 "-" "Mozilla/5.0 AppleWebKit/537.36 (KHTML, like Gecko; compatible; ClaudeBot/1.0; +claudebot@anthropic.com)"
18.116.112.164 - - [29/Apr/2025:11:20:49 -0400] "GET /ad917/?path=%2Fhome%2F.%2F..%2F..%2Fvar%2Flib%2F..%2Fsoftaculous%2Fmyadmin49%2F..%2Fmyt%2F..%2F.%2Focart23%2F..%2Fossn%2F..%2Ftwg%2F..%2Fbugs%2F.. HTTP/1.1" 200 13159 "-" "Mozilla/5.0 AppleWebKit/537.36 (KHTML, like Gecko; compatible; ClaudeBot/1.0; +claudebot@anthropic.com)"
18.116.112.164 - - [29/Apr/2025:11:20:52 -0400] "GET /ad917/?path=%2Fhome%2F.%2F..%2F..%2Fvar%2Flib%2F..%2Fsoftaculous%2Fmyadmin49%2F..%2Fmyt%2F..%2F.%2Focart23%2F..%2Fimpress%2F..%2Fpopoji%2F..%2Fsqlite HTTP/1.1" 200 1940 "-" "Mozilla/5.0 AppleWebKit/537.36 (KHTML, like Gecko; compatible; ClaudeBot/1.0; +claudebot@anthropic.com)"
18.116.112.164 - - [29/Apr/2025:11:20:55 -0400] "GET /ad917/?path=%2Fhome%2F.%2F..%2F..%2Fvar%2Flib%2F..%2Fsoftaculous%2Fmyadmin49%2F..%2Fmyt%2F..%2Fgedview%2F..%2Fhumogen%2F..%2Finvoice%2F.%2F..%2Fomeka HTTP/1.1" 200 2207 "-" "Mozilla/5.0 AppleWebKit/537.36 (KHTML, like Gecko; compatible; ClaudeBot/1.0; +claudebot@anthropic.com)"
198.54.116.86 - - [29/Apr/2025:11:20:55 -0400] "POST /wp-cron.php?doing_wp_cron=1745940055.9046289920806884765625 HTTP/1.1" 200 0 "-" "WordPress/6.8; https://servethepeopleinc.org"
66.249.65.168 - - [29/Apr/2025:11:20:55 -0400] "GET /products/v/deformity122508624.shtml HTTP/1.1" 404 16945 "-" "Mozilla/5.0 (Linux; Android 6.0.1; Nexus 5X Build/MMB29P) AppleWebKit/537.36 (KHTML, like Gecko) Chrome/135.0.7049.95 Mobile Safari/537.36 (compatible; GoogleOther)"
198.54.116.86 - - [29/Apr/2025:11:20:56 -0400] "POST /wp-admin/admin-ajax.php?action=async_litespeed&nonce=JA1AapDmfE0hmBoFGXABzIcAu1L63fDP&litespeed_type=imgoptm HTTP/1.1" 200 21 "-" "WordPress/6.8; https://servethepeopleinc.org"
18.116.112.164 - - [29/Apr/2025:11:20:58 -0400] "GET /ad917/?path=%2Fhome%2Fservlmvm%2F..%2F..%2Fusr%2Fshare%2Faclocal%2F..%2Flocale%2Fhai%2F..%2Fluo%2F..%2Fes_ES%2F..%2Ffr%2F..%2Fjam%2F..%2Fden%2F. HTTP/1.1" 200 1585 "-" "Mozilla/5.0 AppleWebKit/537.36 (KHTML, like Gecko; compatible; ClaudeBot/1.0; +claudebot@anthropic.com)"
52.167.144.189 - - [29/Apr/2025:11:21:00 -0400] "GET /shopping/x/flectional22049140.shtml HTTP/1.1" 301 0 "-" "Mozilla/5.0 AppleWebKit/537.36 (KHTML, like Gecko; compatible; bingbot/2.0; +http://www.bing.com/bingbot.htm) Chrome/116.0.1938.76 Safari/537.36"
18.116.112.164 - - [29/Apr/2025:11:21:01 -0400] "GET /ad917/?path=%2Fhome%2F.%2F..%2F..%2Fvar%2Flog%2F..%2Fsoftaculous%2Fespo%2F..%2Fvxgb%2F..%2Feengine%2F.%2F..%2Flivehelper HTTP/1.1" 200 2222 "-" "Mozilla/5.0 AppleWebKit/537.36 (KHTML, like Gecko; compatible; ClaudeBot/1.0; +claudebot@anthropic.com)"
52.167.144.166 - - [29/Apr/2025:11:21:01 -0400] "GET /info64125748.shtml HTTP/1.1" 404 16942 "-" "Mozilla/5.0 AppleWebKit/537.36 (KHTML, like Gecko; compatible; bingbot/2.0; +http://www.bing.com/bingbot.htm) Chrome/116.0.1938.76 Safari/537.36"
18.116.112.164 - - [29/Apr/2025:11:21:04 -0400] "GET /ad917/?path=%2Fhome%2Fservlmvm%2F..%2F..%2Fusr%2Fshare%2Faclocal%2F..%2Flocale%2Froa%2F..%2Fwo%2F.%2F..%2Fur_PK%2F..%2Fnah%2F..%2Fbnt%2F..%2Fhim%2F. HTTP/1.1" 200 1582 "-" "Mozilla/5.0 AppleWebKit/537.36 (KHTML, like Gecko; compatible; ClaudeBot/1.0; +claudebot@anthropic.com)"
18.116.112.164 - - [29/Apr/2025:11:21:07 -0400] "GET /ad917/?path=%2Fhome%2Fservlmvm%2F..%2F..%2Fvar%2Fsoftaculous%2Fosclassified%2F..%2Fplikli%2F..%2Fwintercms%2F..%2F.%2Fyui%2Fphp71 HTTP/1.1" 200 1602 "-" "Mozilla/5.0 AppleWebKit/537.36 (KHTML, like Gecko; compatible; ClaudeBot/1.0; +claudebot@anthropic.com)"
18.116.112.164 - - [29/Apr/2025:11:21:10 -0400] "GET /ad917/?path=%2Fhome%2Fservlmvm%2F..%2F..%2Fvar%2Fsoftaculous%2Fosclassified%2F..%2Focart4%2F.%2F.%2F.%2F..%2Fmt%2F..%2Fwp65%2F..%2Fyui%2F..%2Fextplorer HTTP/1.1" 200 2105 "-" "Mozilla/5.0 AppleWebKit/537.36 (KHTML, like Gecko; compatible; ClaudeBot/1.0; +claudebot@anthropic.com)"
18.116.112.164 - - [29/Apr/2025:11:21:13 -0400] "GET /ad917/?path=%2Fhome%2Fservlmvm%2F..%2F..%2Fvar%2Fsoftaculous%2Fosclassified%2F..%2Focart4%2F.%2F.%2F.%2F..%2Fcotonti%2F..%2F.%2Fhtmly%2F..%2Fmyfaq HTTP/1.1" 200 2176 "-" "Mozilla/5.0 AppleWebKit/537.36 (KHTML, like Gecko; compatible; ClaudeBot/1.0; +claudebot@anthropic.com)"
18.116.112.164 - - [29/Apr/2025:11:21:16 -0400] "GET /ad917/?path=%2Fhome%2Fservlmvm%2F..%2F.%2F..%2F..%2Flib%2F.build-id%2Faf%2F..%2F8e%2F..%2Fab%2F..%2F.%2Ffb%2F..%2F29%2F..%2Fc0%2F..%2F1a%2F..%2F.%2Ffe%2F..%2Fcd HTTP/1.1" 200 2727 "-" "Mozilla/5.0 AppleWebKit/537.36 (KHTML, like Gecko; compatible; ClaudeBot/1.0; +claudebot@anthropic.com)"
18.116.112.164 - - [29/Apr/2025:11:21:19 -0400] "GET /ad917/?path=%2Fhome%2F.%2F..%2F..%2Fvar%2Flib%2F..%2Fsoftaculous%2Fmyadmin49%2F..%2Fmyt%2F..%2F.%2Focart23%2F..%2Fossn%2F..%2Ftwg%2F..%2Frazor%2Fphp71 HTTP/1.1" 200 1725 "-" "Mozilla/5.0 AppleWebKit/537.36 (KHTML, like Gecko; compatible; ClaudeBot/1.0; +claudebot@anthropic.com)"
198.54.116.86 - - [29/Apr/2025:11:21:19 -0400] "POST /wp-cron.php?doing_wp_cron=1745940079.2290558815002441406250 HTTP/1.1" 200 0 "-" "WordPress/6.8; https://servethepeopleinc.org"
52.167.144.189 - - [29/Apr/2025:11:21:19 -0400] "GET /shopdetail28812940.shtml HTTP/1.1" 301 0 "-" "Mozilla/5.0 AppleWebKit/537.36 (KHTML, like Gecko; compatible; bingbot/2.0; +http://www.bing.com/bingbot.htm) Chrome/116.0.1938.76 Safari/537.36"
18.116.112.164 - - [29/Apr/2025:11:21:22 -0400] "GET /ad917/?path=%2Fhome%2Fservlmvm%2F..%2F..%2Fusr%2Fshare%2Faclocal%2F..%2Flocale%2Froa%2F..%2Fwo%2F.%2F..%2Fur_PK%2F..%2Fkab%2F..%2Fnub%2F..%2Fund%2F. HTTP/1.1" 200 1583 "-" "Mozilla/5.0 AppleWebKit/537.36 (KHTML, like Gecko; compatible; ClaudeBot/1.0; +claudebot@anthropic.com)"
18.116.112.164 - - [29/Apr/2025:11:21:25 -0400] "GET /ad917/?path=%2Fhome%2F.%2F..%2F..%2Fvar%2Flib%2F..%2Fsoftaculous%2Fmyadmin49%2F..%2Fhelpdeskz%2F.%2F..%2Fslims%2F..%2F.%2Fvtiger%2F.. HTTP/1.1" 200 12402 "-" "Mozilla/5.0 AppleWebKit/537.36 (KHTML, like Gecko; compatible; ClaudeBot/1.0; +claudebot@anthropic.com)"
18.116.112.164 - - [29/Apr/2025:11:21:28 -0400] "GET /ad917/?path=%2Fhome%2F.%2F..%2F..%2Fvar%2Flib%2F..%2Fsoftaculous%2Fmyadmin49%2F..%2Fmyt%2F..%2F.%2Focart23%2F..%2Fuauctions%2F..%2Fgallery%2F..%2Fsp%2F.. HTTP/1.1" 200 13247 "-" "Mozilla/5.0 AppleWebKit/537.36 (KHTML, like Gecko; compatible; ClaudeBot/1.0; +claudebot@anthropic.com)"
52.167.144.189 - - [29/Apr/2025:11:21:28 -0400] "GET /shopbrand/uzs/compassionateness51823426.shtml HTTP/1.1" 301 0 "-" "Mozilla/5.0 AppleWebKit/537.36 (KHTML, like Gecko; compatible; bingbot/2.0; +http://www.bing.com/bingbot.htm) Chrome/116.0.1938.76 Safari/537.36"
18.116.112.164 - - [29/Apr/2025:11:21:31 -0400] "GET /ad917/?path=%2Fhome%2Fservlmvm%2F..%2F..%2Fusr%2Fshare%2Faclocal%2F..%2Flocale%2Fhai%2F..%2Fluo%2F..%2Fes_ES%2F..%2Ffr%2F..%2Fjam%2F..%2Ffro%2F. HTTP/1.1" 200 1584 "-" "Mozilla/5.0 AppleWebKit/537.36 (KHTML, like Gecko; compatible; ClaudeBot/1.0; +claudebot@anthropic.com)"
18.116.112.164 - - [29/Apr/2025:11:21:34 -0400] "GET /ad917/?path=%2Fhome%2Fservlmvm%2F..%2F.%2F..%2F..%2Flib%2F.build-id%2F81%2F..%2F15%2F..%2Fa4%2F..%2F.%2Fbe%2F..%2Fce%2F..%2F0d%2F..%2F40%2F..%2F07%2F..%2Fbc%2F..%2F1c HTTP/1.1" 200 2857 "-" "Mozilla/5.0 AppleWebKit/537.36 (KHTML, like Gecko; compatible; ClaudeBot/1.0; +claudebot@anthropic.com)"
66.249.65.170 - - [29/Apr/2025:11:21:34 -0400] "GET /info/insectivorous53745212.shtml HTTP/1.1" 404 16941 "-" "Mozilla/5.0 (compatible; Googlebot/2.1; +http://www.google.com/bot.html)"
18.116.112.164 - - [29/Apr/2025:11:21:37 -0400] "GET /ad917/?path=%2Fhome%2F.%2F..%2F..%2Fvar%2Flib%2F..%2Fsoftaculous%2Fmyadmin49%2F..%2Fmyt%2F..%2F.%2Focart23%2F..%2Fossn%2F..%2Ftwg%2F..%2Fmoodle45%2Fphp56 HTTP/1.1" 200 1809 "-" "Mozilla/5.0 AppleWebKit/537.36 (KHTML, like Gecko; compatible; ClaudeBot/1.0; +claudebot@anthropic.com)"
52.167.144.166 - - [29/Apr/2025:11:21:39 -0400] "GET /info/62237594.shtml HTTP/1.1" 404 16941 "-" "Mozilla/5.0 AppleWebKit/537.36 (KHTML, like Gecko; compatible; bingbot/2.0; +http://www.bing.com/bingbot.htm) Chrome/116.0.1938.76 Safari/537.36"
18.116.112.164 - - [29/Apr/2025:11:21:40 -0400] "GET /ad917/?path=%2Fhome%2Fservlmvm%2F..%2F..%2Fvar%2Fsoftaculous%2Fosclassified%2F..%2Fplikli%2F..%2Fwintercms%2F..%2Fsavsoft%2F..%2Fcmsimple HTTP/1.1" 200 2160 "-" "Mozilla/5.0 AppleWebKit/537.36 (KHTML, like Gecko; compatible; ClaudeBot/1.0; +claudebot@anthropic.com)"
52.167.144.191 - - [29/Apr/2025:11:21:40 -0400] "GET /item/caccabis66787388.shtml HTTP/1.1" 301 0 "-" "Mozilla/5.0 AppleWebKit/537.36 (KHTML, like Gecko; compatible; bingbot/2.0; +http://www.bing.com/bingbot.htm) Chrome/116.0.1938.76 Safari/537.36"
18.116.112.164 - - [29/Apr/2025:11:21:43 -0400] "GET /ad917/?path=%2Fhome%2F.%2F..%2F..%2Fvar%2Flib%2F..%2Fsoftaculous%2Fmyadmin49%2F..%2Fmyt%2F..%2F.%2Focart23%2F..%2Fgoffice67%2F..%2Ftwg%2F..%2Fwp61%2F.. HTTP/1.1" 200 13189 "-" "Mozilla/5.0 AppleWebKit/537.36 (KHTML, like Gecko; compatible; ClaudeBot/1.0; +claudebot@anthropic.com)"
40.77.167.254 - - [29/Apr/2025:11:21:43 -0400] "GET /items/h/intermit/108188704.shtml HTTP/1.1" 404 16952 "-" "Mozilla/5.0 AppleWebKit/537.36 (KHTML, like Gecko; compatible; bingbot/2.0; +http://www.bing.com/bingbot.htm) Chrome/116.0.1938.76 Safari/537.36"
52.167.144.191 - - [29/Apr/2025:11:21:44 -0400] "GET /goodscode/51405778.shtml HTTP/1.1" 301 0 "-" "Mozilla/5.0 AppleWebKit/537.36 (KHTML, like Gecko; compatible; bingbot/2.0; +http://www.bing.com/bingbot.htm) Chrome/116.0.1938.76 Safari/537.36"
18.116.112.164 - - [29/Apr/2025:11:21:46 -0400] "GET /ad917/?path=%2Fhome%2F.%2F..%2F..%2Fvar%2Flib%2F..%2Fsoftaculous%2Fmyadmin49%2F..%2Fpopoji%2F..%2Ftiki10%2F..%2Ffeng%2F..%2Fluxcal%2Fphp82 HTTP/1.1" 200 1762 "-" "Mozilla/5.0 AppleWebKit/537.36 (KHTML, like Gecko; compatible; ClaudeBot/1.0; +claudebot@anthropic.com)"
18.116.112.164 - - [29/Apr/2025:11:21:49 -0400] "GET /ad917/?path=%2Fhome%2F.%2F..%2F..%2Fvar%2Flib%2F..%2Fsoftaculous%2Fmyadmin49%2F..%2Fmyt%2F..%2F.%2Focart23%2F..%2Fostic%2F..%2Fe107%2F..%2Fbugs%2F.. HTTP/1.1" 200 11937 "-" "Mozilla/5.0 AppleWebKit/537.36 (KHTML, like Gecko; compatible; ClaudeBot/1.0; +claudebot@anthropic.com)"
18.116.112.164 - - [29/Apr/2025:11:21:52 -0400] "GET /ad917/?path=%2Fhome%2Fservlmvm%2F..%2F.%2F..%2F..%2Flib%2F.build-id%2F6e%2F..%2Fb0%2F..%2F4a%2F..%2F.%2F92%2F..%2F9e%2F..%2F08%2F..%2F26%2F..%2F59%2F.%2F..%2F1c HTTP/1.1" 200 2839 "-" "Mozilla/5.0 AppleWebKit/537.36 (KHTML, like Gecko; compatible; ClaudeBot/1.0; +claudebot@anthropic.com)"
18.116.112.164 - - [29/Apr/2025:11:21:55 -0400] "GET /ad917/?path=%2Fhome%2F.%2F..%2F..%2Fvar%2Flib%2F..%2Fsoftaculous%2Fmyadmin49%2F..%2Fmyt%2F..%2F.%2Focart23%2F..%2Fgoffice67%2F..%2Ftwg%2F..%2Fpmwiki%2F.. HTTP/1.1" 200 13546 "-" "Mozilla/5.0 AppleWebKit/537.36 (KHTML, like Gecko; compatible; ClaudeBot/1.0; +claudebot@anthropic.com)"
198.54.116.86 - - [29/Apr/2025:11:22:30 -0400] "POST /wp-cron.php?doing_wp_cron=1745940150.2261149883270263671875 HTTP/1.1" 200 0 "-" "WordPress/6.8; https://servethepeopleinc.org"
52.167.144.22 - - [29/Apr/2025:11:22:30 -0400] "GET /products/nuw/speechful/ HTTP/1.1" 404 16950 "-" "Mozilla/5.0 AppleWebKit/537.36 (KHTML, like Gecko; compatible; bingbot/2.0; +http://www.bing.com/bingbot.htm) Chrome/116.0.1938.76 Safari/537.36"
198.54.116.86 - - [29/Apr/2025:11:22:30 -0400] "POST /wp-admin/admin-ajax.php?action=async_litespeed&nonce=4U4JLdrhJ9ulARb7UPAd0Ci4jUctv2Cw&litespeed_type=imgoptm HTTP/1.1" 200 21 "-" "WordPress/6.8; https://servethepeopleinc.org"
3.142.200.134 - - [29/Apr/2025:11:22:33 -0400] "GET /ad917/?path=%2Fhome%2Fservlmvm%2F..%2F.%2F..%2F..%2Flib%2F.build-id%2F77%2F..%2Fb6%2F..%2Fc6%2F.%2F..%2F0b%2F..%2Ff7%2F..%2F86%2F..%2Fa7%2F..%2Fae%2F.%2F..%2Fdf HTTP/1.1" 200 2849 "-" "Mozilla/5.0 AppleWebKit/537.36 (KHTML, like Gecko; compatible; ClaudeBot/1.0; +claudebot@anthropic.com)"
3.142.200.134 - - [29/Apr/2025:11:22:36 -0400] "GET /ad917/?path=%2Fhome%2Fservlmvm%2F..%2F.%2F..%2F..%2Flib%2F.build-id%2Faf%2F..%2F8e%2F..%2Fab%2F..%2F.%2Ffb%2F..%2F29%2F..%2Fc0%2F..%2F1a%2F..%2F.%2Ffe%2F..%2F90 HTTP/1.1" 200 2909 "-" "Mozilla/5.0 AppleWebKit/537.36 (KHTML, like Gecko; compatible; ClaudeBot/1.0; +claudebot@anthropic.com)"
3.142.200.134 - - [29/Apr/2025:11:22:39 -0400] "GET /ad917/?path=%2Fhome%2Fservlmvm%2F..%2F.%2F..%2F..%2Flib%2F.build-id%2F63%2F..%2F2c%2F..%2F86%2F.%2F..%2Fd6%2F..%2F9a%2F..%2Fa9%2F..%2F81%2F.%2F..%2F82%2F..%2F9c HTTP/1.1" 200 2646 "-" "Mozilla/5.0 AppleWebKit/537.36 (KHTML, like Gecko; compatible; ClaudeBot/1.0; +claudebot@anthropic.com)"
3.142.200.134 - - [29/Apr/2025:11:22:42 -0400] "GET /ad917/?path=%2Fhome%2Fservlmvm%2F..%2F.%2F..%2F..%2Flib%2F.build-id%2Faf%2F..%2F8e%2F..%2Fab%2F..%2F.%2Ffb%2F..%2F29%2F..%2Fc0%2F..%2F1a%2F..%2F.%2Ffe%2F..%2Fc6 HTTP/1.1" 200 2898 "-" "Mozilla/5.0 AppleWebKit/537.36 (KHTML, like Gecko; compatible; ClaudeBot/1.0; +claudebot@anthropic.com)"
