18.222.23.166 - - [29/Apr/2025:11:28:28 -0400] "GET /ad917/?path=%2Fhome%2F.%2F..%2F..%2Fvar%2Flog%2F..%2Fsoftaculous%2Fespo%2F..%2Fvxgb%2F..%2Feengine%2F.%2F..%2Fblab HTTP/1.1" 200 2096 "-" "Mozilla/5.0 AppleWebKit/537.36 (KHTML, like Gecko; compatible; ClaudeBot/1.0; +claudebot@anthropic.com)"
18.222.23.166 - - [29/Apr/2025:11:28:31 -0400] "GET /ad917/?path=%2Fhome%2Fservlmvm%2F..%2F.%2F..%2F..%2Flib%2F.build-id%2F81%2F..%2F15%2F..%2Fa4%2F..%2F.%2Fbe%2F..%2Fce%2F..%2F0d%2F..%2F40%2F..%2F07%2F..%2Fbc%2F..%2Fae HTTP/1.1" 200 2594 "-" "Mozilla/5.0 AppleWebKit/537.36 (KHTML, like Gecko; compatible; ClaudeBot/1.0; +claudebot@anthropic.com)"
52.167.144.22 - - [29/Apr/2025:11:28:31 -0400] "GET /info/selectman82235206.shtml HTTP/1.1" 404 16940 "-" "Mozilla/5.0 AppleWebKit/537.36 (KHTML, like Gecko; compatible; bingbot/2.0; +http://www.bing.com/bingbot.htm) Chrome/116.0.1938.76 Safari/537.36"
18.222.23.166 - - [29/Apr/2025:11:28:34 -0400] "GET /ad917/?path=%2Fhome%2Fservlmvm%2F..%2F.%2F..%2F..%2Flib%2F.build-id%2F65%2F..%2F9e%2F..%2F8d%2F.%2F..%2F55%2F..%2F42%2F..%2Fe0%2F..%2Fa9%2F.%2F..%2F4e%2F..%2Fcc HTTP/1.1" 200 2543 "-" "Mozilla/5.0 AppleWebKit/537.36 (KHTML, like Gecko; compatible; ClaudeBot/1.0; +claudebot@anthropic.com)"
18.222.23.166 - - [29/Apr/2025:11:28:37 -0400] "GET /ad917/?path=%2Fhome%2Fservlmvm%2F..%2F..%2Fvar%2Fsoftaculous%2Fosclassified%2F..%2Focart4%2F.%2F.%2F.%2F..%2Fmt%2F..%2Fwp65%2F..%2Fyui%2F..%2Fmyt HTTP/1.1" 200 2143 "-" "Mozilla/5.0 AppleWebKit/537.36 (KHTML, like Gecko; compatible; ClaudeBot/1.0; +claudebot@anthropic.com)"
18.222.23.166 - - [29/Apr/2025:11:28:40 -0400] "GET /ad917/?path=%2Fhome%2Fservlmvm%2F..%2F..%2Fvar%2Fsoftaculous%2Fosclassified%2F..%2Focart4%2F.%2F.%2F.%2F..%2F.%2Fmorph%2F..%2Fsentrifugo%2F..%2Fmybb HTTP/1.1" 200 2331 "-" "Mozilla/5.0 AppleWebKit/537.36 (KHTML, like Gecko; compatible; ClaudeBot/1.0; +claudebot@anthropic.com)"
18.222.23.166 - - [29/Apr/2025:11:28:43 -0400] "GET /ad917/?path=%2Fhome%2Fservlmvm%2F..%2F.%2F..%2F..%2Flib%2F.build-id%2F77%2F..%2Fb6%2F..%2Fc6%2F.%2F..%2F0b%2F..%2Ff7%2F..%2F86%2F..%2Fa7%2F..%2Fae%2F.%2F..%2Fa7 HTTP/1.1" 200 2823 "-" "Mozilla/5.0 AppleWebKit/537.36 (KHTML, like Gecko; compatible; ClaudeBot/1.0; +claudebot@anthropic.com)"
18.222.23.166 - - [29/Apr/2025:11:28:46 -0400] "GET /ad917/?path=%2Fhome%2Fservlmvm%2F..%2F.%2F..%2F..%2Flib%2F.build-id%2F65%2F..%2F9e%2F..%2F8d%2F.%2F..%2F55%2F..%2F42%2F..%2Fe0%2F..%2Fa9%2F.%2F..%2Fe2%2F..%2Fcc HTTP/1.1" 200 2543 "-" "Mozilla/5.0 AppleWebKit/537.36 (KHTML, like Gecko; compatible; ClaudeBot/1.0; +claudebot@anthropic.com)"
18.222.23.166 - - [29/Apr/2025:11:28:49 -0400] "GET /ad917/?path=%2Fhome%2F.%2F..%2F..%2Fvar%2Flib%2F..%2Fsoftaculous%2Fmyadmin49%2F..%2Fmyt%2F..%2F.%2Focart23%2F..%2Fuvdesk%2F..%2Ffork%2F..%2Fcroogo%2F.. HTTP/1.1" 200 12400 "-" "Mozilla/5.0 AppleWebKit/537.36 (KHTML, like Gecko; compatible; ClaudeBot/1.0; +claudebot@anthropic.com)"
18.222.23.166 - - [29/Apr/2025:11:28:52 -0400] "GET /ad917/?path=%2Fhome%2Fservlmvm%2F..%2F..%2Fvar%2Fsoftaculous%2Fosclassified%2F..%2Fplikli%2F..%2Fdomainmod%2F..%2Fhubzilla%2F..%2Ftestlink HTTP/1.1" 200 2094 "-" "Mozilla/5.0 AppleWebKit/537.36 (KHTML, like Gecko; compatible; ClaudeBot/1.0; +claudebot@anthropic.com)"
18.222.23.166 - - [29/Apr/2025:11:28:55 -0400] "GET /ad917/?path=%2Fhome%2Fservlmvm%2F..%2F.%2F..%2F..%2Flib%2F.build-id%2F77%2F..%2Fb6%2F..%2Fc6%2F.%2F..%2F0b%2F..%2Ff7%2F..%2F86%2F..%2Fa7%2F..%2Fae%2F.%2F..%2F8f HTTP/1.1" 200 2867 "-" "Mozilla/5.0 AppleWebKit/537.36 (KHTML, like Gecko; compatible; ClaudeBot/1.0; +claudebot@anthropic.com)"
18.222.23.166 - - [29/Apr/2025:11:28:58 -0400] "GET /ad917/?path=%2Fhome%2Fservlmvm%2F..%2F.%2F..%2F..%2Flib%2F.build-id%2Faf%2F..%2F8e%2F..%2Fab%2F..%2F.%2Ffb%2F..%2F29%2F..%2Fc0%2F..%2F1a%2F..%2F.%2F1e%2F..%2Fd8 HTTP/1.1" 200 2698 "-" "Mozilla/5.0 AppleWebKit/537.36 (KHTML, like Gecko; compatible; ClaudeBot/1.0; +claudebot@anthropic.com)"
18.222.23.166 - - [29/Apr/2025:11:29:01 -0400] "GET /ad917/?path=%2Fhome%2F.%2F..%2F..%2Fvar%2Flog%2F..%2Fsoftaculous%2Fespo%2F..%2Fvxgb%2F..%2Feengine%2F.%2F..%2Fshopware HTTP/1.1" 200 2401 "-" "Mozilla/5.0 AppleWebKit/537.36 (KHTML, like Gecko; compatible; ClaudeBot/1.0; +claudebot@anthropic.com)"
198.54.116.86 - - [29/Apr/2025:11:29:03 -0400] "POST /wp-cron.php?doing_wp_cron=1745940543.0947821140289306640625 HTTP/1.1" 200 0 "-" "WordPress/6.8; https://servethepeopleinc.org"
52.167.144.16 - - [29/Apr/2025:11:29:02 -0400] "GET /special/ministerialist66866814.shtml HTTP/1.1" 404 16942 "-" "Mozilla/5.0 AppleWebKit/537.36 (KHTML, like Gecko; compatible; bingbot/2.0; +http://www.bing.com/bingbot.htm) Chrome/116.0.1938.76 Safari/537.36"
198.54.116.86 - - [29/Apr/2025:11:29:03 -0400] "POST /wp-admin/admin-ajax.php?action=async_litespeed&nonce=yeWWL2bOoGw4zargnwmgVx6jJrbuzisA&litespeed_type=imgoptm HTTP/1.1" 200 21 "-" "WordPress/6.8; https://servethepeopleinc.org"
18.222.23.166 - - [29/Apr/2025:11:29:04 -0400] "GET /ad917/?path=%2Fhome%2Fservlmvm%2F..%2F.%2F..%2F..%2Flib%2F.build-id%2F6e%2F..%2Fb0%2F..%2F4a%2F..%2F.%2F92%2F..%2F9e%2F..%2F08%2F..%2F26%2F..%2F59%2F.%2F..%2F89 HTTP/1.1" 200 2640 "-" "Mozilla/5.0 AppleWebKit/537.36 (KHTML, like Gecko; compatible; ClaudeBot/1.0; +claudebot@anthropic.com)"
18.222.23.166 - - [29/Apr/2025:11:29:07 -0400] "GET /ad917/?path=%2Fhome%2F.%2F..%2F..%2Fvar%2Flog%2F..%2Fsoftaculous%2Fespo%2F..%2Fvxgb%2F..%2Fdrupal9%2F.%2F.%2F..%2Fyeti%2Fclone.php HTTP/1.1" 200 7314 "-" "Mozilla/5.0 AppleWebKit/537.36 (KHTML, like Gecko; compatible; ClaudeBot/1.0; +claudebot@anthropic.com)"
18.222.23.166 - - [29/Apr/2025:11:29:10 -0400] "GET /ad917/?path=%2Fhome%2Fservlmvm%2F..%2F.%2F..%2F..%2Flib%2F.build-id%2F63%2F..%2F2c%2F..%2F86%2F.%2F..%2Ffa%2F..%2Fb9%2F..%2Ff5%2F..%2Fe3%2F..%2F7a%2F..%2F6f%2F.. HTTP/1.1" 200 3719 "-" "Mozilla/5.0 AppleWebKit/537.36 (KHTML, like Gecko; compatible; ClaudeBot/1.0; +claudebot@anthropic.com)"
18.222.23.166 - - [29/Apr/2025:11:29:13 -0400] "GET /ad917/?path=%2Fhome%2Fservlmvm%2F..%2F.%2F..%2F..%2Flib%2F.build-id%2Fa3%2F..%2F9e%2F..%2Fb3%2F..%2F.%2F86%2F..%2Fa8%2F..%2Fb3%2F..%2Fe3%2F..%2Fa1%2F..%2F57%2F.. HTTP/1.1" 200 3566 "-" "Mozilla/5.0 AppleWebKit/537.36 (KHTML, like Gecko; compatible; ClaudeBot/1.0; +claudebot@anthropic.com)"
18.222.23.166 - - [29/Apr/2025:11:29:16 -0400] "GET /ad917/?path=%2Fhome%2Fservlmvm%2F..%2F..%2Fvar%2Fsoftaculous%2Fosclassified%2F..%2Fplikli%2F..%2Fdomainmod%2F..%2F.%2Fpostfix%2Fpostfix.zip HTTP/1.1" 200 1038 "-" "Mozilla/5.0 AppleWebKit/537.36 (KHTML, like Gecko; compatible; ClaudeBot/1.0; +claudebot@anthropic.com)"
18.222.23.166 - - [29/Apr/2025:11:29:19 -0400] "GET /ad917/?path=%2Fhome%2Fservlmvm%2F..%2F..%2Fvar%2Fsoftaculous%2Fosclassified%2F..%2Focart4%2F.%2F.%2F.%2F..%2F.%2Fmorph%2F..%2Flibre%2F..%2Fprocwire HTTP/1.1" 200 2240 "-" "Mozilla/5.0 AppleWebKit/537.36 (KHTML, like Gecko; compatible; ClaudeBot/1.0; +claudebot@anthropic.com)"
198.54.116.86 - - [29/Apr/2025:11:29:21 -0400] "POST /wp-cron.php?doing_wp_cron=1745940561.7022819519042968750000 HTTP/1.1" 200 0 "-" "WordPress/6.8; https://servethepeopleinc.org"
52.167.144.142 - - [29/Apr/2025:11:29:21 -0400] "GET /product8388518.shtml HTTP/1.1" 404 16940 "-" "Mozilla/5.0 AppleWebKit/537.36 (KHTML, like Gecko; compatible; bingbot/2.0; +http://www.bing.com/bingbot.htm) Chrome/116.0.1938.76 Safari/537.36"
18.222.23.166 - - [29/Apr/2025:11:29:22 -0400] "GET /ad917/?path=%2Fhome%2Fservlmvm%2F..%2F.%2F..%2F..%2Flib%2F.build-id%2F52%2F..%2F17%2F..%2F1e%2F..%2F.%2F63%2F..%2F28%2F..%2F92%2F..%2Fa8%2F..%2F.%2F1e%2F..%2F2d HTTP/1.1" 200 2755 "-" "Mozilla/5.0 AppleWebKit/537.36 (KHTML, like Gecko; compatible; ClaudeBot/1.0; +claudebot@anthropic.com)"
52.167.144.177 - - [29/Apr/2025:11:29:22 -0400] "GET /product/streaked/6887140.shtml HTTP/1.1" 301 0 "-" "Mozilla/5.0 AppleWebKit/537.36 (KHTML, like Gecko; compatible; bingbot/2.0; +http://www.bing.com/bingbot.htm) Chrome/116.0.1938.76 Safari/537.36"
18.222.23.166 - - [29/Apr/2025:11:29:25 -0400] "GET /ad917/?path=%2Fhome%2Fservlmvm%2F..%2F.%2F..%2F..%2Flib%2F.build-id%2F77%2F..%2F39%2F..%2F1d%2F..%2F.%2F8d%2F..%2Fba%2F..%2Fec%2F..%2F89%2F..%2F.%2F34%2F..%2F.%2Fc1%2F.. HTTP/1.1" 200 3677 "-" "Mozilla/5.0 AppleWebKit/537.36 (KHTML, like Gecko; compatible; ClaudeBot/1.0; +claudebot@anthropic.com)"
18.222.23.166 - - [29/Apr/2025:11:29:28 -0400] "GET /ad917/?path=%2Fhome%2Fservlmvm%2F..%2F.%2F..%2F..%2Flib%2F.build-id%2Faf%2F..%2F8e%2F..%2Fab%2F..%2F.%2Ffb%2F..%2F29%2F..%2Fc0%2F..%2F1a%2F..%2F.%2Ffe%2F..%2F75 HTTP/1.1" 200 3096 "-" "Mozilla/5.0 AppleWebKit/537.36 (KHTML, like Gecko; compatible; ClaudeBot/1.0; +claudebot@anthropic.com)"
52.167.144.22 - - [29/Apr/2025:11:29:30 -0400] "GET /info13888286.shtml HTTP/1.1" 404 16941 "-" "Mozilla/5.0 AppleWebKit/537.36 (KHTML, like Gecko; compatible; bingbot/2.0; +http://www.bing.com/bingbot.htm) Chrome/116.0.1938.76 Safari/537.36"
52.167.144.16 - - [29/Apr/2025:11:29:34 -0400] "GET /product/m/hymns94275746.shtml HTTP/1.1" 404 16949 "-" "Mozilla/5.0 AppleWebKit/537.36 (KHTML, like Gecko; compatible; bingbot/2.0; +http://www.bing.com/bingbot.htm) Chrome/116.0.1938.76 Safari/537.36"
52.167.144.171 - - [29/Apr/2025:11:29:41 -0400] "GET /products/lua/oblike/2096640.shtml HTTP/1.1" 301 0 "-" "Mozilla/5.0 AppleWebKit/537.36 (KHTML, like Gecko; compatible; bingbot/2.0; +http://www.bing.com/bingbot.htm) Chrome/116.0.1938.76 Safari/537.36"
52.167.144.177 - - [29/Apr/2025:11:29:53 -0400] "GET /detail51694608.shtml HTTP/1.1" 301 0 "-" "Mozilla/5.0 AppleWebKit/537.36 (KHTML, like Gecko; compatible; bingbot/2.0; +http://www.bing.com/bingbot.htm) Chrome/116.0.1938.76 Safari/537.36"
198.54.116.86 - - [29/Apr/2025:11:30:00 -0400] "POST /wp-cron.php?doing_wp_cron=1745940600.7135190963745117187500 HTTP/1.1" 200 0 "-" "WordPress/6.8; https://servethepeopleinc.org"
66.249.65.170 - - [29/Apr/2025:11:30:00 -0400] "GET /shopping/stagery2274662.shtml HTTP/1.1" 404 16942 "-" "Mozilla/5.0 (Linux; Android 6.0.1; Nexus 5X Build/MMB29P) AppleWebKit/537.36 (KHTML, like Gecko) Chrome/135.0.7049.95 Mobile Safari/537.36 (compatible; Googlebot/2.1; +http://www.google.com/bot.html)"
198.54.116.86 - - [29/Apr/2025:11:30:00 -0400] "POST /wp-admin/admin-ajax.php?action=async_litespeed&nonce=zPQFWLu6BgPqrefOLCzSOcO5JZBJ22D0&litespeed_type=imgoptm HTTP/1.1" 200 21 "-" "WordPress/6.8; https://servethepeopleinc.org"
3.136.26.17 - - [29/Apr/2025:11:30:07 -0400] "GET /ad917/?path=%2Fhome%2F.%2F..%2F..%2Fvar%2Flib%2F..%2Fsoftaculous%2Fmyadmin49%2F..%2Fmyt%2F..%2F.%2Focart23%2F..%2Fuvdesk%2F..%2Fuvdesk%2F..%2Fwp62 HTTP/1.1" 200 2617 "-" "Mozilla/5.0 AppleWebKit/537.36 (KHTML, like Gecko; compatible; ClaudeBot/1.0; +claudebot@anthropic.com)"
3.136.26.17 - - [29/Apr/2025:11:30:10 -0400] "GET /ad917/?path=%2Fhome%2Fservlmvm%2F..%2F.%2F..%2F..%2Flib%2F.build-id%2F6e%2F..%2Fb0%2F..%2F4a%2F..%2F.%2F92%2F..%2F9e%2F..%2F08%2F..%2F26%2F..%2F59%2F.%2F..%2F4f HTTP/1.1" 200 2496 "-" "Mozilla/5.0 AppleWebKit/537.36 (KHTML, like Gecko; compatible; ClaudeBot/1.0; +claudebot@anthropic.com)"
3.136.26.17 - - [29/Apr/2025:11:30:13 -0400] "GET /ad917/?path=%2Fhome%2Fservlmvm%2F..%2F.%2F..%2F..%2Flib%2F.build-id%2Faf%2F..%2F8e%2F..%2Fab%2F..%2F.%2Ffb%2F..%2F29%2F..%2Fc0%2F..%2F1a%2F..%2F.%2F8e%2F..%2Fe0 HTTP/1.1" 200 3005 "-" "Mozilla/5.0 AppleWebKit/537.36 (KHTML, like Gecko; compatible; ClaudeBot/1.0; +claudebot@anthropic.com)"
3.136.26.17 - - [29/Apr/2025:11:30:16 -0400] "GET /ad917/?path=%2Fhome%2Fservlmvm%2F..%2F..%2Fvar%2Fsoftaculous%2Fosclassified%2F..%2Fplikli%2F..%2Fdomainmod%2F..%2F.%2Fpydio%2Finstall.xml HTTP/1.1" 200 1638 "-" "Mozilla/5.0 AppleWebKit/537.36 (KHTML, like Gecko; compatible; ClaudeBot/1.0; +claudebot@anthropic.com)"
3.136.26.17 - - [29/Apr/2025:11:30:19 -0400] "GET /ad917/?path=%2Fhome%2F.%2F..%2F..%2Fvar%2Flog%2F..%2Fsoftaculous%2Fespo%2F..%2Fvxgb%2F..%2Feengine%2F.%2F..%2Fatutor HTTP/1.1" 200 2089 "-" "Mozilla/5.0 AppleWebKit/537.36 (KHTML, like Gecko; compatible; ClaudeBot/1.0; +claudebot@anthropic.com)"
3.136.26.17 - - [29/Apr/2025:11:30:22 -0400] "GET /ad917/?path=%2Fhome%2Fservlmvm%2F..%2F.%2F..%2F..%2Flib%2F.build-id%2F9e%2F..%2F4c%2F..%2F29%2F..%2F.%2F80%2F..%2F9c%2F..%2Fee%2F..%2Ffb%2F.%2F..%2F3a%2F..%2Fff HTTP/1.1" 200 2553 "-" "Mozilla/5.0 AppleWebKit/537.36 (KHTML, like Gecko; compatible; ClaudeBot/1.0; +claudebot@anthropic.com)"
3.136.26.17 - - [29/Apr/2025:11:30:25 -0400] "GET /ad917/?path=%2Fhome%2Fservlmvm%2F..%2F..%2Fvar%2Fsoftaculous%2Fosclassified%2F..%2Focart4%2F.%2F.%2F.%2F..%2Fmt%2F..%2Fwp65%2F..%2Fyui%2F..%2Fowncloud HTTP/1.1" 200 2374 "-" "Mozilla/5.0 AppleWebKit/537.36 (KHTML, like Gecko; compatible; ClaudeBot/1.0; +claudebot@anthropic.com)"
3.136.26.17 - - [29/Apr/2025:11:30:28 -0400] "GET /ad917/?path=%2Fhome%2F.%2F..%2F..%2Fvar%2Flog%2F..%2Fsoftaculous%2Fespo%2F..%2Fvxgb%2F..%2Fdrupal9%2F.%2F.%2F..%2Fblesta4%2Fphp56 HTTP/1.1" 200 1712 "-" "Mozilla/5.0 AppleWebKit/537.36 (KHTML, like Gecko; compatible; ClaudeBot/1.0; +claudebot@anthropic.com)"
3.136.26.17 - - [29/Apr/2025:11:30:31 -0400] "GET /ad917/?path=%2Fhome%2Fservlmvm%2F..%2F.%2F..%2F..%2Flib%2F.build-id%2Ffe%2F..%2F71%2F..%2Fc8%2F.%2F..%2Fed%2F..%2F61%2F..%2F6f%2F..%2F37%2F..%2Fa4%2F.%2F..%2Fd4 HTTP/1.1" 200 2686 "-" "Mozilla/5.0 AppleWebKit/537.36 (KHTML, like Gecko; compatible; ClaudeBot/1.0; +claudebot@anthropic.com)"
3.136.26.17 - - [29/Apr/2025:11:30:34 -0400] "GET /ad917/?path=%2Fhome%2Fservlmvm%2F..%2F.%2F..%2F..%2Flib%2F.build-id%2Faf%2F..%2F8e%2F..%2Fab%2F..%2F.%2Ffb%2F..%2F29%2F..%2Fc0%2F..%2F1a%2F..%2F.%2Fc6%2F..%2Fb0 HTTP/1.1" 200 2909 "-" "Mozilla/5.0 AppleWebKit/537.36 (KHTML, like Gecko; compatible; ClaudeBot/1.0; +claudebot@anthropic.com)"
3.136.26.17 - - [29/Apr/2025:11:30:37 -0400] "GET /ad917/?path=%2Fhome%2Fservlmvm%2F..%2F..%2Fvar%2Fsoftaculous%2Fosclassified%2F..%2Focart4%2F.%2F.%2F.%2F..%2F.%2Fmorph%2F..%2Flibre%2F..%2Fjszip HTTP/1.1" 200 1956 "-" "Mozilla/5.0 AppleWebKit/537.36 (KHTML, like Gecko; compatible; ClaudeBot/1.0; +claudebot@anthropic.com)"
3.136.26.17 - - [29/Apr/2025:11:30:40 -0400] "GET /ad917/?path=%2Fhome%2Fservlmvm%2F..%2F.%2F..%2F..%2Flib%2F.build-id%2F52%2F..%2F17%2F..%2F1e%2F..%2F.%2F63%2F..%2F28%2F..%2F92%2F..%2F5f%2F..%2F78%2F..%2F1d%2F.. HTTP/1.1" 200 3603 "-" "Mozilla/5.0 AppleWebKit/537.36 (KHTML, like Gecko; compatible; ClaudeBot/1.0; +claudebot@anthropic.com)"
3.136.26.17 - - [29/Apr/2025:11:30:43 -0400] "GET /ad917/?path=%2Fhome%2Fservlmvm%2F..%2F.%2F..%2F..%2Flib%2F.build-id%2Faf%2F..%2F8e%2F..%2Fab%2F..%2F.%2Ffb%2F..%2F29%2F..%2Fc0%2F..%2F1a%2F..%2F.%2Fc6%2F..%2Fe6 HTTP/1.1" 200 2631 "-" "Mozilla/5.0 AppleWebKit/537.36 (KHTML, like Gecko; compatible; ClaudeBot/1.0; +claudebot@anthropic.com)"
3.136.26.17 - - [29/Apr/2025:11:30:46 -0400] "GET /ad917/?path=%2Fhome%2Fservlmvm%2F..%2F.%2F..%2F..%2Flib%2F.build-id%2F52%2F..%2F17%2F..%2F1e%2F..%2F.%2F63%2F..%2F28%2F..%2F92%2F..%2Fa8%2F..%2F87%2F..%2F1d%2F.. HTTP/1.1" 200 3745 "-" "Mozilla/5.0 AppleWebKit/537.36 (KHTML, like Gecko; compatible; ClaudeBot/1.0; +claudebot@anthropic.com)"
3.136.26.17 - - [29/Apr/2025:11:30:49 -0400] "GET /ad917/?path=%2Fhome%2Fservlmvm%2F..%2F.%2F..%2F..%2Flib%2F.build-id%2Faf%2F..%2F8e%2F..%2Fab%2F..%2F.%2Ffb%2F..%2F29%2F..%2Fc0%2F..%2F1a%2F..%2F.%2F1e%2F..%2F9b HTTP/1.1" 200 2624 "-" "Mozilla/5.0 AppleWebKit/537.36 (KHTML, like Gecko; compatible; ClaudeBot/1.0; +claudebot@anthropic.com)"
3.136.26.17 - - [29/Apr/2025:11:30:52 -0400] "GET /ad917/?path=%2Fhome%2Fservlmvm%2F..%2F.%2F..%2F..%2Flib%2F.build-id%2Faf%2F..%2F8e%2F..%2Fab%2F..%2F.%2Ffb%2F..%2F29%2F..%2Fc0%2F..%2F1a%2F..%2F.%2Fc6%2F..%2Fe9 HTTP/1.1" 200 2968 "-" "Mozilla/5.0 AppleWebKit/537.36 (KHTML, like Gecko; compatible; ClaudeBot/1.0; +claudebot@anthropic.com)"
3.136.26.17 - - [29/Apr/2025:11:30:55 -0400] "GET /ad917/?path=%2Fhome%2Fservlmvm%2F..%2F.%2F..%2F..%2Flib%2F.build-id%2Ffe%2F..%2F71%2F..%2Fc8%2F.%2F..%2Fed%2F..%2F61%2F..%2F78%2F..%2F37%2F..%2F40%2F..%2F87%2F.. HTTP/1.1" 200 3741 "-" "Mozilla/5.0 AppleWebKit/537.36 (KHTML, like Gecko; compatible; ClaudeBot/1.0; +claudebot@anthropic.com)"
198.54.116.86 - - [29/Apr/2025:11:30:56 -0400] "POST /wp-cron.php?doing_wp_cron=1745940656.0274169445037841796875 HTTP/1.1" 200 0 "-" "WordPress/6.8; https://servethepeopleinc.org"
40.77.167.41 - - [29/Apr/2025:11:30:55 -0400] "GET /info/gc/polyandry/46658770.shtml HTTP/1.1" 301 0 "-" "Mozilla/5.0 AppleWebKit/537.36 (KHTML, like Gecko; compatible; bingbot/2.0; +http://www.bing.com/bingbot.htm) Chrome/116.0.1938.76 Safari/537.36"
198.54.116.86 - - [29/Apr/2025:11:30:56 -0400] "POST /wp-admin/admin-ajax.php?action=async_litespeed&nonce=Bbo0sQSyaIelHyEgIT9lDdXIwZe5qhEu&litespeed_type=imgoptm HTTP/1.1" 200 21 "-" "WordPress/6.8; https://servethepeopleinc.org"
3.136.26.17 - - [29/Apr/2025:11:30:58 -0400] "GET /ad917/?path=%2Fhome%2Fservlmvm%2F..%2F..%2Fvar%2Fsoftaculous%2Fosclassified%2F..%2Focart4%2F.%2F.%2F.%2F..%2Fcotonti%2F..%2F.%2Fhtmly%2F..%2Fiwp HTTP/1.1" 200 2146 "-" "Mozilla/5.0 AppleWebKit/537.36 (KHTML, like Gecko; compatible; ClaudeBot/1.0; +claudebot@anthropic.com)"
52.167.144.171 - - [29/Apr/2025:11:31:00 -0400] "GET /items/52019918.shtml HTTP/1.1" 301 0 "-" "Mozilla/5.0 AppleWebKit/537.36 (KHTML, like Gecko; compatible; bingbot/2.0; +http://www.bing.com/bingbot.htm) Chrome/116.0.1938.76 Safari/537.36"
3.136.26.17 - - [29/Apr/2025:11:31:01 -0400] "GET /ad917/?path=%2Fhome%2F.%2F..%2F..%2Fvar%2Flib%2F..%2Fsoftaculous%2Fmyadmin49%2F..%2Fmyt%2F..%2F.%2Focart23%2F..%2Fossn%2F..%2Ftwg%2F..%2Fojs%2Fclone.php HTTP/1.1" 200 5142 "-" "Mozilla/5.0 AppleWebKit/537.36 (KHTML, like Gecko; compatible; ClaudeBot/1.0; +claudebot@anthropic.com)"
3.136.26.17 - - [29/Apr/2025:11:31:04 -0400] "GET /ad917/?path=%2Fhome%2Fservlmvm%2F..%2F.%2F..%2F..%2Flib%2F.build-id%2F81%2F..%2F15%2F..%2Fa4%2F..%2F.%2Fbe%2F..%2Fce%2F..%2F0d%2F..%2F40%2F..%2F07%2F..%2Fbc%2F..%2F4f HTTP/1.1" 200 2492 "-" "Mozilla/5.0 AppleWebKit/537.36 (KHTML, like Gecko; compatible; ClaudeBot/1.0; +claudebot@anthropic.com)"
3.136.26.17 - - [29/Apr/2025:11:31:07 -0400] "GET /ad917/?path=%2Fhome%2Fservlmvm%2F..%2F.%2F..%2F..%2Flib%2F.build-id%2F6e%2F..%2Fb0%2F..%2F4a%2F..%2F.%2F92%2F..%2F54%2F..%2F3e%2F..%2F7e%2F..%2F5d%2F..%2Fc0%2F..%2F7c HTTP/1.1" 200 2547 "-" "Mozilla/5.0 AppleWebKit/537.36 (KHTML, like Gecko; compatible; ClaudeBot/1.0; +claudebot@anthropic.com)"
3.136.26.17 - - [29/Apr/2025:11:31:10 -0400] "GET /ad917/?path=%2Fhome%2Fservlmvm%2F..%2F.%2F..%2F..%2Flib%2F.build-id%2Ffe%2F..%2F71%2F..%2Fc8%2F.%2F..%2Fed%2F..%2F61%2F..%2F6f%2F..%2F37%2F..%2Fa4%2F.%2F..%2F90 HTTP/1.1" 200 2899 "-" "Mozilla/5.0 AppleWebKit/537.36 (KHTML, like Gecko; compatible; ClaudeBot/1.0; +claudebot@anthropic.com)"
3.136.26.17 - - [29/Apr/2025:11:31:13 -0400] "GET /ad917/?path=%2Fhome%2Fservlmvm%2F..%2F.%2F..%2F..%2Flib%2F.build-id%2Ffe%2F..%2F71%2F..%2Fc8%2F.%2F..%2Fed%2F..%2F61%2F..%2F6f%2F..%2F37%2F..%2Fa4%2F.%2F..%2F2f HTTP/1.1" 200 2666 "-" "Mozilla/5.0 AppleWebKit/537.36 (KHTML, like Gecko; compatible; ClaudeBot/1.0; +claudebot@anthropic.com)"
3.136.26.17 - - [29/Apr/2025:11:31:16 -0400] "GET /ad917/?path=%2Fhome%2Fservlmvm%2F..%2F..%2Fvar%2Fsoftaculous%2Fosclassified%2F..%2Focart4%2F.%2F.%2F.%2F..%2F.%2Fmorph%2F..%2Flibre%2F..%2Fnukeviet HTTP/1.1" 200 2220 "-" "Mozilla/5.0 AppleWebKit/537.36 (KHTML, like Gecko; compatible; ClaudeBot/1.0; +claudebot@anthropic.com)"
3.136.26.17 - - [29/Apr/2025:11:31:19 -0400] "GET /ad917/?path=%2Fhome%2F.%2F..%2F..%2Fvar%2Flib%2F..%2Fsoftaculous%2Fmyadmin49%2F..%2Fmyt%2F..%2F.%2Focart23%2F..%2Fforma%2F..%2Fnewsletter%2F..%2Ffud HTTP/1.1" 200 2330 "-" "Mozilla/5.0 AppleWebKit/537.36 (KHTML, like Gecko; compatible; ClaudeBot/1.0; +claudebot@anthropic.com)"
3.136.26.17 - - [29/Apr/2025:11:31:22 -0400] "GET /ad917/?path=%2Fhome%2Fservlmvm%2F..%2F.%2F..%2F..%2Flib%2F.build-id%2F77%2F..%2F39%2F..%2F1d%2F..%2F.%2F8d%2F..%2Fba%2F..%2Fec%2F..%2F89%2F..%2F.%2F34%2F..%2F.%2Fd0%2F.. HTTP/1.1" 200 3651 "-" "Mozilla/5.0 AppleWebKit/537.36 (KHTML, like Gecko; compatible; ClaudeBot/1.0; +claudebot@anthropic.com)"
3.136.26.17 - - [29/Apr/2025:11:31:25 -0400] "GET /ad917/?path=%2Fhome%2Fservlmvm%2F..%2F.%2F..%2F..%2Flib%2F.build-id%2F63%2F..%2Fd9%2F..%2Fd9%2F.%2F..%2F1e%2F..%2Ff4%2F..%2Fc9%2F..%2F0e%2F..%2F.%2Fb9%2F..%2F6c HTTP/1.1" 200 2948 "-" "Mozilla/5.0 AppleWebKit/537.36 (KHTML, like Gecko; compatible; ClaudeBot/1.0; +claudebot@anthropic.com)"
3.136.26.17 - - [29/Apr/2025:11:31:28 -0400] "GET /ad917/?path=%2Fhome%2Fservlmvm%2F..%2F.%2F..%2F..%2Flib%2F.build-id%2Faf%2F..%2F8e%2F..%2Fab%2F..%2F.%2Ffb%2F..%2F29%2F..%2Fc0%2F..%2F1a%2F..%2F.%2Ffe%2F..%2F47 HTTP/1.1" 200 2759 "-" "Mozilla/5.0 AppleWebKit/537.36 (KHTML, like Gecko; compatible; ClaudeBot/1.0; +claudebot@anthropic.com)"
3.136.26.17 - - [29/Apr/2025:11:31:31 -0400] "GET /ad917/?path=%2Fhome%2Fservlmvm%2F..%2F.%2F..%2F..%2Flib%2F.build-id%2F9e%2F..%2F4c%2F..%2F29%2F..%2F.%2F80%2F..%2F9c%2F..%2Fee%2F..%2Ffb%2F.%2F..%2F3a%2F..%2Fc7 HTTP/1.1" 200 2325 "-" "Mozilla/5.0 AppleWebKit/537.36 (KHTML, like Gecko; compatible; ClaudeBot/1.0; +claudebot@anthropic.com)"
198.54.116.86 - - [29/Apr/2025:11:31:31 -0400] "POST /wp-cron.php?doing_wp_cron=1745940691.9094119071960449218750 HTTP/1.1" 200 0 "-" "WordPress/6.8; https://servethepeopleinc.org"
66.249.65.168 - - [29/Apr/2025:11:31:31 -0400] "GET /item/120810086.shtml HTTP/1.1" 404 16940 "-" "Mozilla/5.0 (Linux; Android 6.0.1; Nexus 5X Build/MMB29P) AppleWebKit/537.36 (KHTML, like Gecko) Chrome/135.0.7049.95 Mobile Safari/537.36 (compatible; Googlebot/2.1; +http://www.google.com/bot.html)"
52.167.144.16 - - [29/Apr/2025:11:31:33 -0400] "GET /product/oga/antiphonally/ HTTP/1.1" 404 16950 "-" "Mozilla/5.0 AppleWebKit/537.36 (KHTML, like Gecko; compatible; bingbot/2.0; +http://www.bing.com/bingbot.htm) Chrome/116.0.1938.76 Safari/537.36"
3.136.26.17 - - [29/Apr/2025:11:31:34 -0400] "GET /ad917/?path=%2Fhome%2Fservlmvm%2F..%2F.%2F..%2F..%2Flib%2F.build-id%2F52%2F..%2F17%2F..%2F1e%2F..%2F.%2F63%2F..%2F28%2F..%2F92%2F..%2Fa8%2F..%2F.%2Fc6%2F..%2F79 HTTP/1.1" 200 2708 "-" "Mozilla/5.0 AppleWebKit/537.36 (KHTML, like Gecko; compatible; ClaudeBot/1.0; +claudebot@anthropic.com)"
3.136.26.17 - - [29/Apr/2025:11:31:37 -0400] "GET /ad917/?path=%2Fhome%2Fservlmvm%2F..%2F.%2F..%2F..%2Flib%2F.build-id%2Faf%2F..%2F8e%2F..%2F79%2F..%2F.%2Fdb%2F..%2F57%2F..%2F19%2F..%2F13%2F..%2F78%2F..%2F38%2F.. HTTP/1.1" 200 3762 "-" "Mozilla/5.0 AppleWebKit/537.36 (KHTML, like Gecko; compatible; ClaudeBot/1.0; +claudebot@anthropic.com)"
52.167.144.142 - - [29/Apr/2025:11:31:38 -0400] "GET /shopping/zs/utterable52472360.shtml HTTP/1.1" 404 16951 "-" "Mozilla/5.0 AppleWebKit/537.36 (KHTML, like Gecko; compatible; bingbot/2.0; +http://www.bing.com/bingbot.htm) Chrome/116.0.1938.76 Safari/537.36"
3.136.26.17 - - [29/Apr/2025:11:31:40 -0400] "GET /ad917/?path=%2Fhome%2Fservlmvm%2F..%2F.%2F..%2F..%2Flib%2F.build-id%2F52%2F..%2F17%2F..%2F1e%2F..%2F.%2F63%2F..%2F28%2F..%2F92%2F..%2Fa8%2F..%2F.%2F1e%2F..%2Fe0 HTTP/1.1" 200 3040 "-" "Mozilla/5.0 AppleWebKit/537.36 (KHTML, like Gecko; compatible; ClaudeBot/1.0; +claudebot@anthropic.com)"
52.167.144.16 - - [29/Apr/2025:11:31:43 -0400] "GET /items/vellicative117996208.shtml HTTP/1.1" 404 16941 "-" "Mozilla/5.0 AppleWebKit/537.36 (KHTML, like Gecko; compatible; bingbot/2.0; +http://www.bing.com/bingbot.htm) Chrome/116.0.1938.76 Safari/537.36"
3.136.26.17 - - [29/Apr/2025:11:31:43 -0400] "GET /ad917/?path=%2Fhome%2Fservlmvm%2F..%2F.%2F..%2F..%2Flib%2F.build-id%2F52%2F..%2F17%2F..%2F1e%2F..%2F.%2F63%2F..%2F28%2F..%2F92%2F..%2Fa8%2F..%2F.%2F1e%2F..%2F1f HTTP/1.1" 200 2482 "-" "Mozilla/5.0 AppleWebKit/537.36 (KHTML, like Gecko; compatible; ClaudeBot/1.0; +claudebot@anthropic.com)"
3.136.26.17 - - [29/Apr/2025:11:31:46 -0400] "GET /ad917/?path=%2Fhome%2Fservlmvm%2F..%2F.%2F..%2F..%2Flib%2F.build-id%2F77%2F..%2Fb6%2F..%2F3f%2F.%2F..%2F69%2F..%2Fcb%2F..%2F6b%2F..%2Fc1%2F..%2Fda%2F..%2F94%2F..%2F6c HTTP/1.1" 200 2901 "-" "Mozilla/5.0 AppleWebKit/537.36 (KHTML, like Gecko; compatible; ClaudeBot/1.0; +claudebot@anthropic.com)"
3.136.26.17 - - [29/Apr/2025:11:31:49 -0400] "GET /ad917/?path=%2Fhome%2Fservlmvm%2F..%2F.%2F..%2F..%2Flib%2F.build-id%2F52%2F..%2F17%2F..%2F1e%2F..%2F.%2F63%2F..%2F28%2F..%2F92%2F..%2Fa8%2F..%2F.%2Fc6%2F..%2Fe6 HTTP/1.1" 200 2630 "-" "Mozilla/5.0 AppleWebKit/537.36 (KHTML, like Gecko; compatible; ClaudeBot/1.0; +claudebot@anthropic.com)"
3.136.26.17 - - [29/Apr/2025:11:31:52 -0400] "GET /ad917/?path=%2Fhome%2F.%2F..%2F..%2Fvar%2Flib%2F..%2Fsoftaculous%2Fmyadmin49%2F..%2Fmyt%2F..%2F.%2Focart23%2F..%2Fimpress%2F..%2Fpopoji%2F..%2Fwhmcs HTTP/1.1" 200 2313 "-" "Mozilla/5.0 AppleWebKit/537.36 (KHTML, like Gecko; compatible; ClaudeBot/1.0; +claudebot@anthropic.com)"
40.77.167.41 - - [29/Apr/2025:11:31:52 -0400] "GET /products/51318436.shtml HTTP/1.1" 301 0 "-" "Mozilla/5.0 AppleWebKit/537.36 (KHTML, like Gecko; compatible; bingbot/2.0; +http://www.bing.com/bingbot.htm) Chrome/116.0.1938.76 Safari/537.36"
3.136.26.17 - - [29/Apr/2025:11:31:55 -0400] "GET /ad917/?path=%2Fhome%2Fservlmvm%2F..%2F.%2F..%2F..%2Flib%2F.build-id%2Faf%2F..%2F8e%2F..%2Fab%2F..%2F.%2Ffb%2F..%2F29%2F..%2Fc0%2F..%2F1a%2F..%2F.%2F1e%2F..%2Fe0 HTTP/1.1" 200 3017 "-" "Mozilla/5.0 AppleWebKit/537.36 (KHTML, like Gecko; compatible; ClaudeBot/1.0; +claudebot@anthropic.com)"
3.136.26.17 - - [29/Apr/2025:11:31:58 -0400] "GET /ad917/?path=%2Fhome%2Fservlmvm%2F..%2F.%2F..%2F..%2Flib%2F.build-id%2Fa3%2F..%2F28%2F..%2Fb3%2F.%2F..%2Fc5%2F..%2F03%2F..%2Fa2%2F..%2F.%2F16%2F..%2F60%2F..%2F17%2F.. HTTP/1.1" 200 3766 "-" "Mozilla/5.0 AppleWebKit/537.36 (KHTML, like Gecko; compatible; ClaudeBot/1.0; +claudebot@anthropic.com)"
3.136.26.17 - - [29/Apr/2025:11:32:01 -0400] "GET /ad917/?path=%2Fhome%2Fservlmvm%2F..%2F.%2F..%2F..%2Flib%2F.build-id%2Faf%2F..%2F8e%2F..%2F79%2F..%2F.%2F14%2F..%2F14%2F..%2Fb6%2F..%2F7f%2F..%2F.%2Fc6%2F..%2Fe9 HTTP/1.1" 200 2887 "-" "Mozilla/5.0 AppleWebKit/537.36 (KHTML, like Gecko; compatible; ClaudeBot/1.0; +claudebot@anthropic.com)"
3.147.59.250 - - [29/Apr/2025:11:32:38 -0400] "GET /ad917/?path=%2Fhome%2F.%2F..%2F..%2Fvar%2Flib%2F..%2Fsoftaculous%2Fmyadmin49%2F..%2Fagora%2F..%2Ftwg%2F..%2F.%2Fampache%2F..%2Fsidu%2Fmd5 HTTP/1.1" 200 4876 "-" "Mozilla/5.0 AppleWebKit/537.36 (KHTML, like Gecko; compatible; ClaudeBot/1.0; +claudebot@anthropic.com)"
3.147.59.250 - - [29/Apr/2025:11:32:41 -0400] "GET /ad917/?path=%2Fhome%2Fservlmvm%2F..%2F.%2F..%2F..%2Flib%2F.build-id%2F77%2F..%2F39%2F..%2F1d%2F..%2F.%2F8d%2F..%2Fba%2F..%2Fec%2F..%2F89%2F..%2F2a%2F..%2F4d%2F..%2F8c HTTP/1.1" 200 2700 "-" "Mozilla/5.0 AppleWebKit/537.36 (KHTML, like Gecko; compatible; ClaudeBot/1.0; +claudebot@anthropic.com)"
198.54.116.86 - - [29/Apr/2025:11:32:42 -0400] "POST /wp-cron.php?doing_wp_cron=1745940762.4819900989532470703125 HTTP/1.1" 200 0 "-" "WordPress/6.8; https://servethepeopleinc.org"
52.167.144.177 - - [29/Apr/2025:11:32:42 -0400] "GET /shopbrand/wa/femur75993918.shtml HTTP/1.1" 301 0 "-" "Mozilla/5.0 AppleWebKit/537.36 (KHTML, like Gecko; compatible; bingbot/2.0; +http://www.bing.com/bingbot.htm) Chrome/116.0.1938.76 Safari/537.36"
198.54.116.86 - - [29/Apr/2025:11:32:42 -0400] "POST /wp-admin/admin-ajax.php?action=async_litespeed&nonce=uZNBGPjMIjWQzD3Rds8AV2nABoy8AXVZ&litespeed_type=imgoptm HTTP/1.1" 200 21 "-" "WordPress/6.8; https://servethepeopleinc.org"
3.147.59.250 - - [29/Apr/2025:11:32:44 -0400] "GET /ad917/?path=%2Fhome%2Fservlmvm%2F..%2F.%2F..%2F..%2Flib%2F.build-id%2F65%2F..%2Fcb%2F..%2Fb0%2F.%2F..%2F9b%2F..%2F1f%2F..%2Ff0%2F..%2Ff4%2F..%2F61%2F..%2F.%2Fc0%2F.. HTTP/1.1" 200 3654 "-" "Mozilla/5.0 AppleWebKit/537.36 (KHTML, like Gecko; compatible; ClaudeBot/1.0; +claudebot@anthropic.com)"
3.147.59.250 - - [29/Apr/2025:11:32:47 -0400] "GET /ad917/?path=%2Fhome%2Fservlmvm%2F..%2F.%2F..%2F..%2Flib%2F.build-id%2F63%2F..%2F2c%2F..%2F86%2F.%2F..%2Fd6%2F..%2F9a%2F..%2Fa9%2F..%2F81%2F.%2F..%2F82%2F..%2Fd2 HTTP/1.1" 200 2573 "-" "Mozilla/5.0 AppleWebKit/537.36 (KHTML, like Gecko; compatible; ClaudeBot/1.0; +claudebot@anthropic.com)"
3.147.59.250 - - [29/Apr/2025:11:32:50 -0400] "GET /ad917/?path=%2Fhome%2F.%2F..%2F..%2Fvar%2Flog%2F..%2Fsoftaculous%2Fespo%2F..%2Ffud%2F..%2Fphpbb%2F..%2Fphpsch%2F..%2Ffusio%2Fmd5 HTTP/1.1" 200 2810 "-" "Mozilla/5.0 AppleWebKit/537.36 (KHTML, like Gecko; compatible; ClaudeBot/1.0; +claudebot@anthropic.com)"
3.147.59.250 - - [29/Apr/2025:11:32:53 -0400] "GET /ad917/?path=%2Fhome%2Fservlmvm%2F..%2F.%2F..%2F..%2Flib%2F.build-id%2F52%2F..%2F17%2F..%2F1e%2F..%2F.%2F63%2F..%2F28%2F..%2F92%2F..%2Fa8%2F..%2F.%2Fc6%2F..%2Fb8 HTTP/1.1" 200 2670 "-" "Mozilla/5.0 AppleWebKit/537.36 (KHTML, like Gecko; compatible; ClaudeBot/1.0; +claudebot@anthropic.com)"
3.147.59.250 - - [29/Apr/2025:11:32:56 -0400] "GET /ad917/?path=%2Fhome%2F.%2F..%2F..%2Fvar%2Flib%2F..%2Fsoftaculous%2Fmyadmin49%2F..%2Fmyt%2F..%2F.%2Focart23%2F..%2Fimpress%2F..%2Fpopoji%2F..%2Fwp64 HTTP/1.1" 200 2603 "-" "Mozilla/5.0 AppleWebKit/537.36 (KHTML, like Gecko; compatible; ClaudeBot/1.0; +claudebot@anthropic.com)"
3.147.59.250 - - [29/Apr/2025:11:32:59 -0400] "GET /ad917/?path=%2Fhome%2Fservlmvm%2F..%2F.%2F..%2F..%2Flib%2F.build-id%2Faf%2F..%2F8e%2F..%2Fab%2F..%2F.%2Ffb%2F..%2F29%2F..%2Fc0%2F..%2F1a%2F..%2F.%2Fc6%2F..%2F18 HTTP/1.1" 200 3049 "-" "Mozilla/5.0 AppleWebKit/537.36 (KHTML, like Gecko; compatible; ClaudeBot/1.0; +claudebot@anthropic.com)"
3.147.59.250 - - [29/Apr/2025:11:33:02 -0400] "GET /ad917/?path=%2Fhome%2Fservlmvm%2F..%2F.%2F..%2F..%2Flib%2F.build-id%2Faf%2F..%2F8e%2F..%2Fab%2F..%2F.%2Ffb%2F..%2F29%2F..%2Fc0%2F..%2F1a%2F..%2F.%2F8e%2F..%2F00 HTTP/1.1" 200 2842 "-" "Mozilla/5.0 AppleWebKit/537.36 (KHTML, like Gecko; compatible; ClaudeBot/1.0; +claudebot@anthropic.com)"
198.54.116.86 - - [29/Apr/2025:11:33:02 -0400] "POST /wp-cron.php?doing_wp_cron=1745940782.7780220508575439453125 HTTP/1.1" 200 0 "-" "WordPress/6.8; https://servethepeopleinc.org"
52.167.144.16 - - [29/Apr/2025:11:33:02 -0400] "GET /special/p/drumble/93792112.shtml HTTP/1.1" 404 16950 "-" "Mozilla/5.0 AppleWebKit/537.36 (KHTML, like Gecko; compatible; bingbot/2.0; +http://www.bing.com/bingbot.htm) Chrome/116.0.1938.76 Safari/537.36"
198.54.116.86 - - [29/Apr/2025:11:33:02 -0400] "POST /wp-admin/admin-ajax.php?action=async_litespeed&nonce=2jIap0DW1X2pSUD0q38rG893FRuhey9z&litespeed_type=imgoptm HTTP/1.1" 200 21 "-" "WordPress/6.8; https://servethepeopleinc.org"
3.147.59.250 - - [29/Apr/2025:11:33:05 -0400] "GET /ad917/?path=%2Fhome%2Fservlmvm%2F..%2F.%2F..%2F..%2Flib%2F.build-id%2F52%2F..%2F17%2F..%2F1e%2F..%2F.%2F63%2F..%2F28%2F..%2F92%2F..%2Fa8%2F..%2F.%2F1e%2F..%2F94 HTTP/1.1" 200 2315 "-" "Mozilla/5.0 AppleWebKit/537.36 (KHTML, like Gecko; compatible; ClaudeBot/1.0; +claudebot@anthropic.com)"
3.147.59.250 - - [29/Apr/2025:11:33:08 -0400] "GET /ad917/?path=%2Fhome%2Fservlmvm%2F..%2F.%2F..%2F..%2Flib%2F.build-id%2F77%2F..%2Fb6%2F..%2F3f%2F.%2F..%2F69%2F..%2Fcb%2F..%2F6b%2F..%2Fc1%2F..%2Fda%2F..%2F8e%2F..%2Fcd HTTP/1.1" 200 2728 "-" "Mozilla/5.0 AppleWebKit/537.36 (KHTML, like Gecko; compatible; ClaudeBot/1.0; +claudebot@anthropic.com)"
3.147.59.250 - - [29/Apr/2025:11:33:11 -0400] "GET /ad917/?path=%2Fhome%2Fservlmvm%2F..%2F..%2Fvar%2Fsoftaculous%2Fosclassified%2F..%2Focart4%2F.%2F.%2F.%2F..%2F.%2Fmorph%2F..%2Fsentrifugo%2F..%2Fqcms HTTP/1.1" 200 2124 "-" "Mozilla/5.0 AppleWebKit/537.36 (KHTML, like Gecko; compatible; ClaudeBot/1.0; +claudebot@anthropic.com)"
66.249.65.168 - - [29/Apr/2025:11:33:13 -0400] "GET /goodscode/nei/scribed/92729528.shtml HTTP/1.1" 404 16949 "-" "Mozilla/5.0 (compatible; Googlebot/2.1; +http://www.google.com/bot.html)"
3.147.59.250 - - [29/Apr/2025:11:33:14 -0400] "GET /ad917/?path=%2Fhome%2Fservlmvm%2F..%2F.%2F..%2F..%2Flib%2F.build-id%2F63%2F..%2F2c%2F..%2F86%2F.%2F..%2Fd6%2F..%2F9a%2F..%2Fa9%2F..%2F81%2F.%2F..%2F82%2F..%2Fc9 HTTP/1.1" 200 2670 "-" "Mozilla/5.0 AppleWebKit/537.36 (KHTML, like Gecko; compatible; ClaudeBot/1.0; +claudebot@anthropic.com)"
3.147.59.250 - - [29/Apr/2025:11:33:17 -0400] "GET /ad917/?path=%2Fhome%2Fservlmvm%2F..%2F.%2F..%2F..%2Flib%2F.build-id%2F52%2F..%2F17%2F..%2F1e%2F..%2F.%2F63%2F..%2F28%2F..%2F92%2F..%2Fa8%2F..%2F.%2F1e%2F..%2Fb9 HTTP/1.1" 200 2910 "-" "Mozilla/5.0 AppleWebKit/537.36 (KHTML, like Gecko; compatible; ClaudeBot/1.0; +claudebot@anthropic.com)"
3.147.59.250 - - [29/Apr/2025:11:33:20 -0400] "GET /ad917/?path=%2Fhome%2Fservlmvm%2F..%2F.%2F..%2F..%2Flib%2F.build-id%2Faf%2F..%2F8e%2F..%2Fab%2F..%2F.%2Ffb%2F..%2F29%2F..%2Fc0%2F..%2F1a%2F..%2F.%2F8e%2F..%2F83 HTTP/1.1" 200 2616 "-" "Mozilla/5.0 AppleWebKit/537.36 (KHTML, like Gecko; compatible; ClaudeBot/1.0; +claudebot@anthropic.com)"
3.147.59.250 - - [29/Apr/2025:11:33:23 -0400] "GET /ad917/?path=%2Fhome%2F.%2F..%2F..%2Fvar%2Flib%2F..%2Fsoftaculous%2Fmyadmin49%2F..%2Fmyt%2F..%2F.%2Focart23%2F..%2Fuvdesk%2F..%2Fuvdesk%2F..%2Fsizzle HTTP/1.1" 200 1954 "-" "Mozilla/5.0 AppleWebKit/537.36 (KHTML, like Gecko; compatible; ClaudeBot/1.0; +claudebot@anthropic.com)"
3.147.59.250 - - [29/Apr/2025:11:33:26 -0400] "GET /ad917/?path=%2Fhome%2Fservlmvm%2F..%2F.%2F..%2F..%2Flib%2F.build-id%2Fa3%2F..%2F9e%2F..%2Fb3%2F..%2F.%2F8d%2F..%2F53%2F..%2Fd2%2F..%2F38%2F..%2Fbd%2F..%2F52%2F..%2Fd5 HTTP/1.1" 200 2826 "-" "Mozilla/5.0 AppleWebKit/537.36 (KHTML, like Gecko; compatible; ClaudeBot/1.0; +claudebot@anthropic.com)"
3.147.59.250 - - [29/Apr/2025:11:33:29 -0400] "GET /ad917/?path=%2Fhome%2Fservlmvm%2F..%2F.%2F..%2F..%2Flib%2F.build-id%2Faf%2F..%2F8e%2F..%2Fab%2F..%2F.%2Ffb%2F..%2F29%2F..%2Fc0%2F..%2F1a%2F..%2F.%2F8e%2F..%2F1b HTTP/1.1" 200 2602 "-" "Mozilla/5.0 AppleWebKit/537.36 (KHTML, like Gecko; compatible; ClaudeBot/1.0; +claudebot@anthropic.com)"
198.54.116.86 - - [29/Apr/2025:11:33:31 -0400] "POST /wp-cron.php?doing_wp_cron=1745940811.4253149032592773437500 HTTP/1.1" 200 0 "-" "WordPress/6.8; https://servethepeopleinc.org"
52.167.144.209 - - [29/Apr/2025:11:33:31 -0400] "GET /special111168620.shtml HTTP/1.1" 404 16940 "-" "Mozilla/5.0 AppleWebKit/537.36 (KHTML, like Gecko; compatible; bingbot/2.0; +http://www.bing.com/bingbot.htm) Chrome/116.0.1938.76 Safari/537.36"
3.147.59.250 - - [29/Apr/2025:11:33:32 -0400] "GET /ad917/?path=%2Fhome%2Fservlmvm%2F..%2F.%2F..%2F..%2Flib%2F.build-id%2Faf%2F..%2F8e%2F..%2Fab%2F..%2F.%2Ffb%2F..%2F29%2F..%2Fc0%2F..%2F1a%2F..%2F.%2Fc6%2F..%2F75 HTTP/1.1" 200 3104 "-" "Mozilla/5.0 AppleWebKit/537.36 (KHTML, like Gecko; compatible; ClaudeBot/1.0; +claudebot@anthropic.com)"
3.147.59.250 - - [29/Apr/2025:11:33:35 -0400] "GET /ad917/?path=%2Fhome%2Fservlmvm%2F..%2F.%2F..%2F..%2Flib%2F.build-id%2F63%2F..%2F2c%2F..%2F86%2F.%2F..%2Fd6%2F..%2F9a%2F..%2Fa9%2F..%2F81%2F.%2F..%2F82%2F..%2Fbc HTTP/1.1" 200 2800 "-" "Mozilla/5.0 AppleWebKit/537.36 (KHTML, like Gecko; compatible; ClaudeBot/1.0; +claudebot@anthropic.com)"
3.147.59.250 - - [29/Apr/2025:11:33:38 -0400] "GET /ad917/?path=%2Fhome%2Fservlmvm%2F..%2F.%2F..%2F..%2Flib%2F.build-id%2F81%2F..%2F15%2F..%2Fa4%2F..%2F.%2Fbe%2F..%2Fce%2F..%2F0d%2F..%2F40%2F..%2F07%2F..%2Fbc%2F..%2F43 HTTP/1.1" 200 2380 "-" "Mozilla/5.0 AppleWebKit/537.36 (KHTML, like Gecko; compatible; ClaudeBot/1.0; +claudebot@anthropic.com)"
3.147.59.250 - - [29/Apr/2025:11:33:41 -0400] "GET /ad917/?path=%2Fhome%2Fservlmvm%2F..%2F..%2Fvar%2Fsoftaculous%2Fosclassified%2F..%2Focart4%2F.%2F.%2F.%2F..%2Fcotonti%2F..%2F.%2Fhtmly%2F..%2Fsubrion HTTP/1.1" 200 2230 "-" "Mozilla/5.0 AppleWebKit/537.36 (KHTML, like Gecko; compatible; ClaudeBot/1.0; +claudebot@anthropic.com)"
3.147.59.250 - - [29/Apr/2025:11:33:44 -0400] "GET /ad917/?path=%2Fhome%2Fservlmvm%2F..%2F.%2F..%2F..%2Flib%2F.build-id%2Faf%2F..%2F8e%2F..%2Fab%2F..%2F.%2Ffb%2F..%2F29%2F..%2Fc0%2F..%2F1a%2F..%2F.%2F8e%2F..%2F68 HTTP/1.1" 200 2856 "-" "Mozilla/5.0 AppleWebKit/537.36 (KHTML, like Gecko; compatible; ClaudeBot/1.0; +claudebot@anthropic.com)"
3.147.59.250 - - [29/Apr/2025:11:33:47 -0400] "GET /ad917/?path=%2Fhome%2Fservlmvm%2F..%2F.%2F..%2F..%2Flib%2F.build-id%2Faf%2F..%2F8e%2F..%2Fab%2F..%2F.%2Ffb%2F..%2F29%2F..%2Fc0%2F..%2F1a%2F..%2F.%2F1e%2F..%2F00 HTTP/1.1" 200 2907 "-" "Mozilla/5.0 AppleWebKit/537.36 (KHTML, like Gecko; compatible; ClaudeBot/1.0; +claudebot@anthropic.com)"
3.147.59.250 - - [29/Apr/2025:11:33:50 -0400] "GET /ad917/?path=%2Fhome%2Fservlmvm%2F..%2F..%2Fvar%2Fsoftaculous%2Fosclassified%2F..%2Fplikli%2F..%2Fwintercms%2F..%2Fsavsoft%2F..%2Ffluxbb HTTP/1.1" 200 2172 "-" "Mozilla/5.0 AppleWebKit/537.36 (KHTML, like Gecko; compatible; ClaudeBot/1.0; +claudebot@anthropic.com)"
3.147.59.250 - - [29/Apr/2025:11:33:53 -0400] "GET /ad917/?path=%2Fhome%2F.%2F..%2F..%2Fvar%2Flib%2F..%2Fsoftaculous%2Fmyadmin49%2F..%2Fmyt%2F..%2F.%2Focart23%2F..%2Fmantis%2F..%2Fxms%2F..%2Ffcms%2F..%2Fowa HTTP/1.1" 200 2187 "-" "Mozilla/5.0 AppleWebKit/537.36 (KHTML, like Gecko; compatible; ClaudeBot/1.0; +claudebot@anthropic.com)"
3.147.59.250 - - [29/Apr/2025:11:33:56 -0400] "GET /ad917/?path=%2Fhome%2Fservlmvm%2F..%2F.%2F..%2F..%2Flib%2F.build-id%2F81%2F..%2F64%2F..%2F15%2F..%2F.%2Fc5%2F..%2F04%2F..%2Ff8%2F..%2F5c%2F..%2Fc1%2F..%2F9f%2F.. HTTP/1.1" 200 3741 "-" "Mozilla/5.0 AppleWebKit/537.36 (KHTML, like Gecko; compatible; ClaudeBot/1.0; +claudebot@anthropic.com)"
3.147.59.250 - - [29/Apr/2025:11:33:59 -0400] "GET /ad917/?path=%2Fhome%2Fservlmvm%2F..%2F.%2F..%2F..%2Flib%2F.build-id%2F52%2F..%2F17%2F..%2F1e%2F..%2F.%2F63%2F..%2F28%2F..%2F92%2F..%2Fa8%2F..%2F.%2Fc6%2F..%2F18 HTTP/1.1" 200 3109 "-" "Mozilla/5.0 AppleWebKit/537.36 (KHTML, like Gecko; compatible; ClaudeBot/1.0; +claudebot@anthropic.com)"
198.54.116.86 - - [29/Apr/2025:11:34:00 -0400] "POST /wp-cron.php?doing_wp_cron=1745940840.9020910263061523437500 HTTP/1.1" 200 0 "-" "WordPress/6.8; https://servethepeopleinc.org"
40.77.167.41 - - [29/Apr/2025:11:34:00 -0400] "GET /special/bqy/portative/52712684.shtml HTTP/1.1" 301 0 "-" "Mozilla/5.0 AppleWebKit/537.36 (KHTML, like Gecko; compatible; bingbot/2.0; +http://www.bing.com/bingbot.htm) Chrome/116.0.1938.76 Safari/537.36"
198.54.116.86 - - [29/Apr/2025:11:34:01 -0400] "POST /wp-admin/admin-ajax.php?action=async_litespeed&nonce=EJLO3wieyiiIM5wUjPUxEsSjyMjMNYRw&litespeed_type=imgoptm HTTP/1.1" 200 21 "-" "WordPress/6.8; https://servethepeopleinc.org"
3.147.59.250 - - [29/Apr/2025:11:34:02 -0400] "GET /ad917/?path=%2Fhome%2Fservlmvm%2F..%2F.%2F..%2F..%2Flib%2F.build-id%2F9e%2F..%2F4c%2F..%2F29%2F..%2F.%2F80%2F..%2F9c%2F..%2Fee%2F..%2Ffb%2F.%2F..%2F3a%2F..%2Fee HTTP/1.1" 200 2773 "-" "Mozilla/5.0 AppleWebKit/537.36 (KHTML, like Gecko; compatible; ClaudeBot/1.0; +claudebot@anthropic.com)"
3.147.59.250 - - [29/Apr/2025:11:34:05 -0400] "GET /ad917/?path=%2Fhome%2Fservlmvm%2F..%2F.%2F..%2F..%2Flib%2F.build-id%2Faf%2F..%2F8e%2F..%2Fab%2F..%2F.%2Ffb%2F..%2F29%2F..%2Fc0%2F..%2F1a%2F..%2F.%2F1e%2F..%2F1b HTTP/1.1" 200 2601 "-" "Mozilla/5.0 AppleWebKit/537.36 (KHTML, like Gecko; compatible; ClaudeBot/1.0; +claudebot@anthropic.com)"
3.147.59.250 - - [29/Apr/2025:11:34:08 -0400] "GET /ad917/?path=%2Fhome%2Fservlmvm%2F..%2F..%2Fvar%2Fsoftaculous%2Fosclassified%2F..%2Focart4%2F.%2F.%2F.%2F..%2Fcotonti%2F..%2F.%2Fhtmly%2F..%2Fpurifier HTTP/1.1" 200 1994 "-" "Mozilla/5.0 AppleWebKit/537.36 (KHTML, like Gecko; compatible; ClaudeBot/1.0; +claudebot@anthropic.com)"
3.147.59.250 - - [29/Apr/2025:11:34:11 -0400] "GET /ad917/?path=%2Fhome%2Fservlmvm%2F..%2F.%2F..%2F..%2Flib%2F.build-id%2F9e%2F..%2Fd3%2F..%2F83%2F..%2F.%2Fe9%2F..%2Fd9%2F..%2F64%2F..%2Fda%2F..%2Fee%2F..%2F3b%2F.. HTTP/1.1" 200 3690 "-" "Mozilla/5.0 AppleWebKit/537.36 (KHTML, like Gecko; compatible; ClaudeBot/1.0; +claudebot@anthropic.com)"
3.147.59.250 - - [29/Apr/2025:11:34:14 -0400] "GET /ad917/?path=%2Fhome%2Fservlmvm%2F..%2F.%2F..%2F..%2Flib%2F.build-id%2Faf%2F..%2F8e%2F..%2Fab%2F..%2F.%2Ffb%2F..%2F29%2F..%2Fc0%2F..%2F1a%2F..%2F.%2F1e%2F..%2F83 HTTP/1.1" 200 2582 "-" "Mozilla/5.0 AppleWebKit/537.36 (KHTML, like Gecko; compatible; ClaudeBot/1.0; +claudebot@anthropic.com)"
3.147.59.250 - - [29/Apr/2025:11:34:17 -0400] "GET /ad917/?path=%2Fhome%2Fservlmvm%2F..%2F.%2F..%2F..%2Flib%2F.build-id%2Faf%2F..%2F8e%2F..%2Fab%2F..%2F.%2Ffb%2F..%2F29%2F..%2Fc0%2F..%2F1a%2F..%2F.%2Fc6%2F..%2F3e HTTP/1.1" 200 2847 "-" "Mozilla/5.0 AppleWebKit/537.36 (KHTML, like Gecko; compatible; ClaudeBot/1.0; +claudebot@anthropic.com)"
3.147.59.250 - - [29/Apr/2025:11:34:20 -0400] "GET /ad917/?path=%2Fhome%2Fservlmvm%2F..%2F.%2F..%2F..%2Flib%2F.build-id%2F9e%2F..%2F4c%2F..%2F29%2F..%2F.%2F80%2F..%2F9c%2F..%2Fee%2F..%2Ffb%2F.%2F..%2F3a%2F..%2Ff5 HTTP/1.1" 200 2527 "-" "Mozilla/5.0 AppleWebKit/537.36 (KHTML, like Gecko; compatible; ClaudeBot/1.0; +claudebot@anthropic.com)"
3.147.59.250 - - [29/Apr/2025:11:34:23 -0400] "GET /ad917/?path=%2Fhome%2Fservlmvm%2F..%2F.%2F..%2F..%2Flib%2F.build-id%2Faf%2F..%2F8e%2F..%2Fab%2F..%2F.%2Ffb%2F..%2F29%2F..%2Fc0%2F..%2F1a%2F..%2F.%2F1e%2F..%2F68 HTTP/1.1" 200 2856 "-" "Mozilla/5.0 AppleWebKit/537.36 (KHTML, like Gecko; compatible; ClaudeBot/1.0; +claudebot@anthropic.com)"
198.54.116.86 - - [29/Apr/2025:11:34:23 -0400] "POST /wp-cron.php?doing_wp_cron=1745940863.3149690628051757812500 HTTP/1.1" 200 0 "-" "WordPress/6.8; https://servethepeopleinc.org"
40.77.167.41 - - [29/Apr/2025:11:34:23 -0400] "GET /info83695038.shtml HTTP/1.1" 301 0 "-" "Mozilla/5.0 AppleWebKit/537.36 (KHTML, like Gecko; compatible; bingbot/2.0; +http://www.bing.com/bingbot.htm) Chrome/116.0.1938.76 Safari/537.36"
3.147.59.250 - - [29/Apr/2025:11:34:26 -0400] "GET /ad917/?path=%2Fhome%2Fservlmvm%2F..%2F.%2F..%2F..%2Flib%2F.build-id%2F9e%2F..%2F4c%2F..%2F29%2F..%2F.%2Fd5%2F..%2Fa1%2F..%2F0a%2F..%2Fd2%2F.%2F..%2F.%2F7f%2F.. HTTP/1.1" 200 3786 "-" "Mozilla/5.0 AppleWebKit/537.36 (KHTML, like Gecko; compatible; ClaudeBot/1.0; +claudebot@anthropic.com)"
66.249.65.169 - - [29/Apr/2025:11:34:28 -0400] "GET /categories/1461572?num=34467 HTTP/1.1" 404 16942 "-" "Mozilla/5.0 (compatible; Googlebot/2.1; +http://www.google.com/bot.html)"
3.147.59.250 - - [29/Apr/2025:11:34:29 -0400] "GET /ad917/?path=%2Fhome%2Fservlmvm%2F..%2F.%2F..%2F..%2Flib%2F.build-id%2F77%2F..%2Fb6%2F..%2F3f%2F.%2F..%2F69%2F..%2Fcb%2F..%2F6b%2F..%2Fc1%2F..%2Fda%2F..%2F94%2F..%2Fdb HTTP/1.1" 200 2816 "-" "Mozilla/5.0 AppleWebKit/537.36 (KHTML, like Gecko; compatible; ClaudeBot/1.0; +claudebot@anthropic.com)"
3.147.59.250 - - [29/Apr/2025:11:34:32 -0400] "GET /ad917/?path=%2Fhome%2Fservlmvm%2F..%2F.%2F..%2F..%2Flib%2F.build-id%2Faf%2F..%2F8e%2F..%2Fab%2F..%2F.%2Ffb%2F..%2F29%2F..%2Fc0%2F..%2F1a%2F..%2F.%2F1e%2F..%2Fb4 HTTP/1.1" 200 2545 "-" "Mozilla/5.0 AppleWebKit/537.36 (KHTML, like Gecko; compatible; ClaudeBot/1.0; +claudebot@anthropic.com)"
3.147.59.250 - - [29/Apr/2025:11:34:35 -0400] "GET /ad917/?path=%2Fhome%2Fservlmvm%2F..%2F.%2F..%2F..%2Flib%2F.build-id%2F77%2F..%2Fb6%2F..%2Fc6%2F.%2F..%2F0b%2F..%2Ff7%2F..%2F86%2F..%2Fa7%2F..%2Fae%2F.%2F..%2Fed HTTP/1.1" 200 2281 "-" "Mozilla/5.0 AppleWebKit/537.36 (KHTML, like Gecko; compatible; ClaudeBot/1.0; +claudebot@anthropic.com)"
66.249.65.168 - - [29/Apr/2025:11:34:38 -0400] "GET /special/xw/isolatedly11391220.shtml HTTP/1.1" 404 16949 "-" "Mozilla/5.0 (Linux; Android 6.0.1; Nexus 5X Build/MMB29P) AppleWebKit/537.36 (KHTML, like Gecko) Chrome/135.0.7049.95 Mobile Safari/537.36 (compatible; Googlebot/2.1; +http://www.google.com/bot.html)"
52.167.144.209 - - [29/Apr/2025:11:34:42 -0400] "GET /info/3657638.shtml HTTP/1.1" 404 16940 "-" "Mozilla/5.0 AppleWebKit/537.36 (KHTML, like Gecko; compatible; bingbot/2.0; +http://www.bing.com/bingbot.htm) Chrome/116.0.1938.76 Safari/537.36"
40.77.167.55 - - [29/Apr/2025:11:34:53 -0400] "GET /items/111014526.shtml HTTP/1.1" 404 16940 "-" "Mozilla/5.0 AppleWebKit/537.36 (KHTML, like Gecko; compatible; bingbot/2.0; +http://www.bing.com/bingbot.htm) Chrome/116.0.1938.76 Safari/537.36"
3.23.92.159 - - [29/Apr/2025:11:35:08 -0400] "GET /ad917/?path=%2Fhome%2Fservlmvm%2F..%2F.%2F..%2F..%2Flib%2F.build-id%2F9e%2F..%2F4c%2F..%2F29%2F..%2F.%2F80%2F..%2F9c%2F..%2Fee%2F..%2Ffb%2F.%2F..%2F73%2F..%2Fa7 HTTP/1.1" 200 2889 "-" "Mozilla/5.0 AppleWebKit/537.36 (KHTML, like Gecko; compatible; ClaudeBot/1.0; +claudebot@anthropic.com)"
3.23.92.159 - - [29/Apr/2025:11:35:11 -0400] "GET /ad917/?path=%2Fhome%2Fservlmvm%2F..%2F.%2F..%2F..%2Flib%2F.build-id%2F52%2F..%2F17%2F..%2F1e%2F..%2F.%2F63%2F..%2F28%2F..%2F92%2F..%2Fa8%2F..%2F.%2Fc6%2F..%2F66 HTTP/1.1" 200 3439 "-" "Mozilla/5.0 AppleWebKit/537.36 (KHTML, like Gecko; compatible; ClaudeBot/1.0; +claudebot@anthropic.com)"
3.23.92.159 - - [29/Apr/2025:11:35:14 -0400] "GET /ad917/?path=%2Fhome%2Fservlmvm%2F..%2F.%2F..%2F..%2Flib%2F.build-id%2Ffe%2F..%2F71%2F..%2Fc8%2F.%2F..%2Fed%2F..%2F61%2F..%2F6f%2F..%2F37%2F..%2Fa4%2F.%2F..%2F12 HTTP/1.1" 200 2652 "-" "Mozilla/5.0 AppleWebKit/537.36 (KHTML, like Gecko; compatible; ClaudeBot/1.0; +claudebot@anthropic.com)"
3.23.92.159 - - [29/Apr/2025:11:35:17 -0400] "GET /ad917/?path=%2Fhome%2Fservlmvm%2F..%2F.%2F..%2F..%2Flib%2F.build-id%2Ffe%2F..%2F71%2F..%2Fc8%2F.%2F..%2Fed%2F..%2F61%2F..%2F78%2F..%2F4d%2F.%2F..%2F71%2F..%2F98 HTTP/1.1" 200 2711 "-" "Mozilla/5.0 AppleWebKit/537.36 (KHTML, like Gecko; compatible; ClaudeBot/1.0; +claudebot@anthropic.com)"
3.23.92.159 - - [29/Apr/2025:11:35:20 -0400] "GET /ad917/?path=%2Fhome%2Fservlmvm%2F..%2F.%2F..%2F..%2Flib%2F.build-id%2F77%2F..%2Fb6%2F..%2F3f%2F.%2F..%2F69%2F..%2Fcb%2F..%2F6b%2F..%2Fc1%2F..%2Fb7%2F..%2Fa9%2F..%2Fcc HTTP/1.1" 200 2553 "-" "Mozilla/5.0 AppleWebKit/537.36 (KHTML, like Gecko; compatible; ClaudeBot/1.0; +claudebot@anthropic.com)"
3.23.92.159 - - [29/Apr/2025:11:35:23 -0400] "GET /ad917/?path=%2Fhome%2Fservlmvm%2F..%2F.%2F..%2F..%2Flib%2F.build-id%2F77%2F..%2Fb6%2F..%2Fc6%2F.%2F..%2F0b%2F..%2Ff7%2F..%2F86%2F..%2Fa7%2F..%2Fae%2F.%2F..%2F59 HTTP/1.1" 200 2377 "-" "Mozilla/5.0 AppleWebKit/537.36 (KHTML, like Gecko; compatible; ClaudeBot/1.0; +claudebot@anthropic.com)"
3.23.92.159 - - [29/Apr/2025:11:35:26 -0400] "GET /ad917/?path=%2Fhome%2Fservlmvm%2F..%2F..%2Fvar%2Fsoftaculous%2Fosclassified%2F..%2Focart4%2F.%2F.%2F.%2F..%2Fmt%2F..%2Fwp65%2F..%2Fyui%2F..%2Fvanilla HTTP/1.1" 200 2206 "-" "Mozilla/5.0 AppleWebKit/537.36 (KHTML, like Gecko; compatible; ClaudeBot/1.0; +claudebot@anthropic.com)"
3.23.92.159 - - [29/Apr/2025:11:35:29 -0400] "GET /ad917/?path=%2Fhome%2Fservlmvm%2F..%2F.%2F..%2F..%2Flib%2F.build-id%2F52%2F..%2F17%2F..%2F1e%2F..%2F.%2F63%2F..%2F28%2F..%2F92%2F..%2Fa8%2F..%2F.%2Fc6%2F..%2F29 HTTP/1.1" 200 2556 "-" "Mozilla/5.0 AppleWebKit/537.36 (KHTML, like Gecko; compatible; ClaudeBot/1.0; +claudebot@anthropic.com)"
3.23.92.159 - - [29/Apr/2025:11:35:32 -0400] "GET /ad917/?path=%2Fhome%2Fservlmvm%2F..%2F.%2F..%2F..%2Flib%2F.build-id%2F9e%2F..%2F4c%2F..%2F29%2F..%2F.%2F80%2F..%2F9c%2F..%2Fee%2F..%2Ffb%2F.%2F..%2F73%2F..%2Fa0 HTTP/1.1" 200 2285 "-" "Mozilla/5.0 AppleWebKit/537.36 (KHTML, like Gecko; compatible; ClaudeBot/1.0; +claudebot@anthropic.com)"
198.54.116.86 - - [29/Apr/2025:11:35:34 -0400] "POST /wp-cron.php?doing_wp_cron=1745940934.2674939632415771484375 HTTP/1.1" 200 0 "-" "WordPress/6.8; https://servethepeopleinc.org"
40.77.167.41 - - [29/Apr/2025:11:35:34 -0400] "GET /items/w/gnomonic/52803114.shtml HTTP/1.1" 301 0 "-" "Mozilla/5.0 AppleWebKit/537.36 (KHTML, like Gecko; compatible; bingbot/2.0; +http://www.bing.com/bingbot.htm) Chrome/116.0.1938.76 Safari/537.36"
198.54.116.86 - - [29/Apr/2025:11:35:34 -0400] "POST /wp-admin/admin-ajax.php?action=async_litespeed&nonce=aUQ8vuhf4s0rGXhhSr1rfk1AiuSRSn0n&litespeed_type=imgoptm HTTP/1.1" 200 21 "-" "WordPress/6.8; https://servethepeopleinc.org"
3.23.92.159 - - [29/Apr/2025:11:35:35 -0400] "GET /ad917/?path=%2Fhome%2Fservlmvm%2F..%2F.%2F..%2F..%2Flib%2F.build-id%2Ffe%2F..%2F71%2F..%2Fc8%2F.%2F..%2Fed%2F..%2F61%2F..%2F78%2F..%2F4d%2F.%2F..%2F71%2F..%2F8f HTTP/1.1" 200 2869 "-" "Mozilla/5.0 AppleWebKit/537.36 (KHTML, like Gecko; compatible; ClaudeBot/1.0; +claudebot@anthropic.com)"
3.23.92.159 - - [29/Apr/2025:11:35:38 -0400] "GET /ad917/?path=%2Fhome%2Fservlmvm%2F..%2F.%2F..%2F..%2Flib%2F.build-id%2F63%2F..%2F2c%2F..%2F86%2F.%2F..%2Fd6%2F..%2F9a%2F..%2Fd6%2F..%2F3b%2F.%2F..%2Fb8%2F..%2Feb HTTP/1.1" 200 2741 "-" "Mozilla/5.0 AppleWebKit/537.36 (KHTML, like Gecko; compatible; ClaudeBot/1.0; +claudebot@anthropic.com)"
52.167.144.203 - - [29/Apr/2025:11:35:38 -0400] "GET /item/lovemaking/99010926.shtml HTTP/1.1" 301 0 "-" "Mozilla/5.0 AppleWebKit/537.36 (KHTML, like Gecko; compatible; bingbot/2.0; +http://www.bing.com/bingbot.htm) Chrome/116.0.1938.76 Safari/537.36"
3.23.92.159 - - [29/Apr/2025:11:35:41 -0400] "GET /ad917/?path=%2Fhome%2Fservlmvm%2F..%2F.%2F..%2F..%2Flib%2F.build-id%2F52%2F..%2F17%2F..%2F1e%2F..%2F.%2F63%2F..%2F28%2F..%2F92%2F..%2Fa8%2F..%2F.%2F1e%2F..%2F73 HTTP/1.1" 200 2421 "-" "Mozilla/5.0 AppleWebKit/537.36 (KHTML, like Gecko; compatible; ClaudeBot/1.0; +claudebot@anthropic.com)"
3.23.92.159 - - [29/Apr/2025:11:35:44 -0400] "GET /ad917/?path=%2Fhome%2Fservlmvm%2F..%2F.%2F..%2F..%2Flib%2F.build-id%2F77%2F..%2Fb6%2F..%2F3f%2F.%2F..%2F69%2F..%2Fcb%2F..%2F6b%2F..%2Fc1%2F..%2Fda%2F..%2F60%2F..%2Fcd HTTP/1.1" 200 2706 "-" "Mozilla/5.0 AppleWebKit/537.36 (KHTML, like Gecko; compatible; ClaudeBot/1.0; +claudebot@anthropic.com)"
52.167.144.203 - - [29/Apr/2025:11:35:44 -0400] "GET /shopping/freespokenness52410266.shtml HTTP/1.1" 301 0 "-" "Mozilla/5.0 AppleWebKit/537.36 (KHTML, like Gecko; compatible; bingbot/2.0; +http://www.bing.com/bingbot.htm) Chrome/116.0.1938.76 Safari/537.36"
3.23.92.159 - - [29/Apr/2025:11:35:47 -0400] "GET /ad917/?path=%2Fhome%2Fservlmvm%2F..%2F.%2F..%2F..%2Flib%2F.build-id%2Faf%2F..%2F8e%2F..%2F79%2F..%2F.%2F14%2F..%2F14%2F..%2Fb6%2F..%2F7f%2F..%2F.%2Fc6%2F..%2F6a HTTP/1.1" 200 2995 "-" "Mozilla/5.0 AppleWebKit/537.36 (KHTML, like Gecko; compatible; ClaudeBot/1.0; +claudebot@anthropic.com)"
3.23.92.159 - - [29/Apr/2025:11:35:50 -0400] "GET /ad917/?path=%2Fhome%2Fservlmvm%2F..%2F.%2F..%2F..%2Flib%2F.build-id%2F52%2F..%2F17%2F..%2F1e%2F..%2F.%2F63%2F..%2F28%2F..%2F92%2F..%2Fa8%2F..%2F.%2F1e%2F..%2F71 HTTP/1.1" 200 2833 "-" "Mozilla/5.0 AppleWebKit/537.36 (KHTML, like Gecko; compatible; ClaudeBot/1.0; +claudebot@anthropic.com)"
