3.147.2.160 - - [29/Apr/2025:09:58:46 -0400] "GET /ad917/?path=%2Fhome%2Fservlmvm%2F..%2F..%2Fvar%2Fsoftaculous%2Fosclassified%2F..%2Focart4%2F.%2F.%2F.%2F..%2Fwebmail%2F..%2Flibre%2F..%2F.%2Fcollab HTTP/1.1" 200 2141 "-" "Mozilla/5.0 AppleWebKit/537.36 (KHTML, like Gecko; compatible; ClaudeBot/1.0; +claudebot@anthropic.com)"
3.147.2.160 - - [29/Apr/2025:09:58:49 -0400] "GET /ad917/?path=%2Fhome%2Fservlmvm%2F..%2F.%2F..%2F..%2Flib%2F.build-id%2F9e%2F..%2Ffd%2F..%2F09%2F..%2F.%2F5b%2F..%2F52%2F..%2Fc0%2F..%2F48%2F..%2Fc1%2F..%2Fc3%2F..%2F6e HTTP/1.1" 200 2375 "-" "Mozilla/5.0 AppleWebKit/537.36 (KHTML, like Gecko; compatible; ClaudeBot/1.0; +claudebot@anthropic.com)"
3.147.2.160 - - [29/Apr/2025:09:58:52 -0400] "GET /ad917/?path=%2Fhome%2Fservlmvm%2F..%2F..%2Fvar%2Fsoftaculous%2Fosclassified%2F..%2Focart4%2F.%2F.%2F.%2F..%2Fsavsoft%2F..%2F.%2Fmoodle28%2F..%2Fcftp HTTP/1.1" 200 2270 "-" "Mozilla/5.0 AppleWebKit/537.36 (KHTML, like Gecko; compatible; ClaudeBot/1.0; +claudebot@anthropic.com)"
198.54.116.86 - - [29/Apr/2025:09:58:54 -0400] "POST /wp-cron.php?doing_wp_cron=1745935134.9039630889892578125000 HTTP/1.1" 200 0 "-" "WordPress/6.8; https://servethepeopleinc.org"
52.167.144.206 - - [29/Apr/2025:09:58:54 -0400] "GET /info/kibitka/108254644.shtml HTTP/1.1" 301 0 "-" "Mozilla/5.0 AppleWebKit/537.36 (KHTML, like Gecko; compatible; bingbot/2.0; +http://www.bing.com/bingbot.htm) Chrome/116.0.1938.76 Safari/537.36"
198.54.116.86 - - [29/Apr/2025:09:58:55 -0400] "POST /wp-admin/admin-ajax.php?action=async_litespeed&nonce=uvL2ULT3SFHjzKijPDjbps5dg2xMqOpj&litespeed_type=imgoptm HTTP/1.1" 200 21 "-" "WordPress/6.8; https://servethepeopleinc.org"
3.147.2.160 - - [29/Apr/2025:09:58:55 -0400] "GET /ad917/?path=%2Fhome%2F.%2F..%2F..%2Fvar%2Flib%2F..%2Fsoftaculous%2Fmyadmin49%2F..%2Fmyt%2F..%2F.%2Focart23%2F..%2Fcrafty%2F..%2Favactis%2F..%2Fiwp HTTP/1.1" 200 2149 "-" "Mozilla/5.0 AppleWebKit/537.36 (KHTML, like Gecko; compatible; ClaudeBot/1.0; +claudebot@anthropic.com)"
66.249.65.168 - - [29/Apr/2025:09:58:55 -0400] "GET /goodscode/ustulation122520296.shtml HTTP/1.1" 404 16940 "-" "Mozilla/5.0 (Linux; Android 6.0.1; Nexus 5X Build/MMB29P) AppleWebKit/537.36 (KHTML, like Gecko) Chrome/135.0.7049.95 Mobile Safari/537.36 (compatible; GoogleOther)"
3.147.2.160 - - [29/Apr/2025:09:58:58 -0400] "GET /ad917/?path=%2Fhome%2F.%2F..%2F..%2Fvar%2Flib%2F..%2Fsoftaculous%2Fmyadmin49%2F..%2Fmyt%2F..%2F.%2Focart23%2F..%2Fowncloud%2F..%2Fgrav%2F..%2Flime5 HTTP/1.1" 200 2349 "-" "Mozilla/5.0 AppleWebKit/537.36 (KHTML, like Gecko; compatible; ClaudeBot/1.0; +claudebot@anthropic.com)"
3.147.2.160 - - [29/Apr/2025:09:59:01 -0400] "GET /ad917/?path=%2Fhome%2F.%2F..%2F..%2Fvar%2Flib%2F..%2Fsoftaculous%2Fmyadmin49%2F..%2Fpopoji%2F..%2Fwbce%2F..%2Fwebasyst%2F..%2Fmoodle42 HTTP/1.1" 200 2444 "-" "Mozilla/5.0 AppleWebKit/537.36 (KHTML, like Gecko; compatible; ClaudeBot/1.0; +claudebot@anthropic.com)"
3.147.2.160 - - [29/Apr/2025:09:59:04 -0400] "GET /ad917/?path=%2Fhome%2Fservlmvm%2F..%2F.%2F..%2F..%2Flib%2F.build-id%2F9e%2F..%2Ffd%2F..%2F09%2F..%2F.%2F5b%2F..%2F52%2F..%2Fc0%2F..%2F48%2F..%2Fc1%2F..%2Fc3%2F..%2Fea HTTP/1.1" 200 3302 "-" "Mozilla/5.0 AppleWebKit/537.36 (KHTML, like Gecko; compatible; ClaudeBot/1.0; +claudebot@anthropic.com)"
3.147.2.160 - - [29/Apr/2025:09:59:07 -0400] "GET /ad917/?path=%2Fhome%2Fservlmvm%2F..%2F..%2Fvar%2Fsoftaculous%2Fosclassified%2F..%2Focart4%2F.%2F.%2F.%2F..%2Fcotonti%2F..%2F.%2Fphplite%2F..%2Fcube HTTP/1.1" 200 2225 "-" "Mozilla/5.0 AppleWebKit/537.36 (KHTML, like Gecko; compatible; ClaudeBot/1.0; +claudebot@anthropic.com)"
3.147.2.160 - - [29/Apr/2025:09:59:10 -0400] "GET /ad917/?path=%2Fhome%2Fservlmvm%2F..%2F..%2Fvar%2Fsoftaculous%2Fosclassified%2F..%2Focart4%2F.%2F.%2F.%2F..%2Fmt%2F..%2Fwp65%2F..%2Fblab%2F..%2Fmybb HTTP/1.1" 200 2315 "-" "Mozilla/5.0 AppleWebKit/537.36 (KHTML, like Gecko; compatible; ClaudeBot/1.0; +claudebot@anthropic.com)"
3.147.2.160 - - [29/Apr/2025:09:59:13 -0400] "GET /ad917/?path=%2Fhome%2F.%2F..%2F..%2Fvar%2Flib%2F..%2Fsoftaculous%2Fmyadmin49%2F..%2Fhelpdeskz%2F.%2F..%2Fslims%2F..%2Fsmf20%2F..%2Fruko HTTP/1.1" 200 2236 "-" "Mozilla/5.0 AppleWebKit/537.36 (KHTML, like Gecko; compatible; ClaudeBot/1.0; +claudebot@anthropic.com)"
3.147.2.160 - - [29/Apr/2025:09:59:16 -0400] "GET /ad917/?path=%2Fhome%2Fservlmvm%2F..%2F..%2Fvar%2Fsoftaculous%2Fosclassified%2F..%2Focart4%2F.%2F.%2F.%2F..%2Fmt%2F..%2Fwp65%2F..%2Funmark%2F..%2Fthbees HTTP/1.1" 200 2238 "-" "Mozilla/5.0 AppleWebKit/537.36 (KHTML, like Gecko; compatible; ClaudeBot/1.0; +claudebot@anthropic.com)"
3.147.2.160 - - [29/Apr/2025:09:59:19 -0400] "GET /ad917/?path=%2Fhome%2Fservlmvm%2F..%2F..%2Fvar%2Fsoftaculous%2Fosclassified%2F..%2Focart4%2F.%2F.%2F.%2F..%2Fmt%2F..%2Fwp65%2F..%2Fblab%2F..%2Fpmwiki HTTP/1.1" 200 2200 "-" "Mozilla/5.0 AppleWebKit/537.36 (KHTML, like Gecko; compatible; ClaudeBot/1.0; +claudebot@anthropic.com)"
3.147.2.160 - - [29/Apr/2025:09:59:22 -0400] "GET /ad917/?path=%2Fhome%2Fservlmvm%2F..%2F..%2Fusr%2Fshare%2Faclocal%2F..%2Flocale%2F.%2Fmap%2F..%2Fzxx%2F..%2Ftt%2F..%2Fes_GT%2F..%2Fine%2F..%2Fmkh%2F..%2Fnl%2F. HTTP/1.1" 200 1634 "-" "Mozilla/5.0 AppleWebKit/537.36 (KHTML, like Gecko; compatible; ClaudeBot/1.0; +claudebot@anthropic.com)"
3.147.2.160 - - [29/Apr/2025:09:59:25 -0400] "GET /ad917/?path=%2Fhome%2Fservlmvm%2F..%2F.%2F..%2F..%2Flib%2F.build-id%2F9e%2F..%2Ffd%2F..%2F09%2F..%2F.%2F5b%2F..%2F52%2F..%2Fc0%2F..%2F48%2F..%2Fc1%2F..%2Fc3%2F..%2F8b HTTP/1.1" 200 2817 "-" "Mozilla/5.0 AppleWebKit/537.36 (KHTML, like Gecko; compatible; ClaudeBot/1.0; +claudebot@anthropic.com)"
3.147.2.160 - - [29/Apr/2025:09:59:28 -0400] "GET /ad917/?path=%2Fhome%2Fservlmvm%2F..%2F.%2F..%2F..%2Flib%2F.build-id%2F9e%2F..%2Ffd%2F..%2F09%2F..%2F.%2F5b%2F..%2F52%2F..%2Fc0%2F..%2F48%2F..%2Fc1%2F..%2Fc3%2F..%2F70 HTTP/1.1" 200 2438 "-" "Mozilla/5.0 AppleWebKit/537.36 (KHTML, like Gecko; compatible; ClaudeBot/1.0; +claudebot@anthropic.com)"
3.147.2.160 - - [29/Apr/2025:09:59:31 -0400] "GET /ad917/?path=%2Fhome%2F.%2F..%2F..%2Fvar%2Flib%2F..%2Fsoftaculous%2Fmyadmin49%2F..%2Fmyt%2F..%2F.%2Focart23%2F..%2Fcontao%2F..%2Ffusio%2F..%2Fkirby HTTP/1.1" 200 2244 "-" "Mozilla/5.0 AppleWebKit/537.36 (KHTML, like Gecko; compatible; ClaudeBot/1.0; +claudebot@anthropic.com)"
3.147.2.160 - - [29/Apr/2025:09:59:34 -0400] "GET /ad917/?path=%2Fhome%2F.%2F..%2F..%2Fvar%2Flib%2F..%2Fsoftaculous%2Fmyadmin49%2F..%2Fpopoji%2F..%2Fwbce%2F..%2Fwebasyst%2F..%2Fqdpm HTTP/1.1" 200 2127 "-" "Mozilla/5.0 AppleWebKit/537.36 (KHTML, like Gecko; compatible; ClaudeBot/1.0; +claudebot@anthropic.com)"
3.147.2.160 - - [29/Apr/2025:09:59:37 -0400] "GET /ad917/?path=%2Fhome%2Fservlmvm%2F..%2F.%2F..%2F..%2Flib%2F.build-id%2F6e%2F..%2Fb0%2F..%2F4a%2F..%2F.%2F92%2F..%2F82%2F..%2Fe8%2F..%2Ff6%2F..%2F31%2F..%2Fbf%2F..%2F8c HTTP/1.1" 200 2715 "-" "Mozilla/5.0 AppleWebKit/537.36 (KHTML, like Gecko; compatible; ClaudeBot/1.0; +claudebot@anthropic.com)"
198.54.116.86 - - [29/Apr/2025:09:59:39 -0400] "POST /wp-cron.php?doing_wp_cron=1745935179.0781009197235107421875 HTTP/1.1" 200 0 "-" "WordPress/6.8; https://servethepeopleinc.org"
66.249.65.170 - - [29/Apr/2025:09:59:38 -0400] "GET /product/ltq/endower68388700.shtml HTTP/1.1" 404 16950 "-" "Mozilla/5.0 (compatible; Googlebot/2.1; +http://www.google.com/bot.html)"
3.147.2.160 - - [29/Apr/2025:09:59:40 -0400] "GET /ad917/?path=%2Fhome%2F.%2F..%2F..%2Fvar%2Flib%2F..%2Fsoftaculous%2Fmyadmin49%2F..%2Fmyt%2F..%2Fgedview%2F..%2Fespo%2F.%2F..%2Fpresta17%2F..%2Fjoomla4 HTTP/1.1" 200 2431 "-" "Mozilla/5.0 AppleWebKit/537.36 (KHTML, like Gecko; compatible; ClaudeBot/1.0; +claudebot@anthropic.com)"
3.147.2.160 - - [29/Apr/2025:09:59:43 -0400] "GET /ad917/?path=%2Fhome%2F.%2F..%2F..%2Fvar%2Flib%2F..%2Fsoftaculous%2Fmyadmin49%2F..%2Fmyt%2F..%2Fgedview%2F..%2Fespo%2F.%2F..%2Fpresta17%2F..%2Fmodx HTTP/1.1" 200 2443 "-" "Mozilla/5.0 AppleWebKit/537.36 (KHTML, like Gecko; compatible; ClaudeBot/1.0; +claudebot@anthropic.com)"
3.147.2.160 - - [29/Apr/2025:09:59:46 -0400] "GET /ad917/?path=%2Fhome%2F.%2F..%2F..%2Fvar%2Flib%2F..%2Fsoftaculous%2Fmyadmin49%2F..%2Fhelpdeskz%2F.%2F..%2Fslims%2F..%2Fsmf20%2F..%2Fmodernizr HTTP/1.1" 200 1915 "-" "Mozilla/5.0 AppleWebKit/537.36 (KHTML, like Gecko; compatible; ClaudeBot/1.0; +claudebot@anthropic.com)"
3.147.2.160 - - [29/Apr/2025:09:59:49 -0400] "GET /ad917/?path=%2Fhome%2Fservlmvm%2F..%2F.%2F..%2F..%2Flib%2F.build-id%2F9e%2F..%2Ffd%2F..%2F09%2F..%2F.%2F5b%2F..%2F52%2F..%2Fc0%2F..%2F48%2F..%2Fc1%2F..%2Fc3%2F..%2F87 HTTP/1.1" 200 2837 "-" "Mozilla/5.0 AppleWebKit/537.36 (KHTML, like Gecko; compatible; ClaudeBot/1.0; +claudebot@anthropic.com)"
52.167.144.181 - - [29/Apr/2025:09:59:51 -0400] "GET /shopbrand/76947024.shtml HTTP/1.1" 404 16940 "-" "Mozilla/5.0 AppleWebKit/537.36 (KHTML, like Gecko; compatible; bingbot/2.0; +http://www.bing.com/bingbot.htm) Chrome/116.0.1938.76 Safari/537.36"
198.54.116.86 - - [29/Apr/2025:10:00:10 -0400] "POST /wp-cron.php?doing_wp_cron=1745935210.8867480754852294921875 HTTP/1.1" 200 0 "-" "WordPress/6.8; https://servethepeopleinc.org"
66.249.65.170 - - [29/Apr/2025:10:00:10 -0400] "GET /item/90617246.shtml HTTP/1.1" 404 16940 "-" "Mozilla/5.0 (Linux; Android 6.0.1; Nexus 5X Build/MMB29P) AppleWebKit/537.36 (KHTML, like Gecko) Chrome/135.0.7049.95 Mobile Safari/537.36 (compatible; Googlebot/2.1; +http://www.google.com/bot.html)"
198.54.116.86 - - [29/Apr/2025:10:00:11 -0400] "POST /wp-admin/admin-ajax.php?action=async_litespeed&nonce=IBQixuDxHcpSP3TItDGkIiNu10QsGvS3&litespeed_type=imgoptm HTTP/1.1" 200 21 "-" "WordPress/6.8; https://servethepeopleinc.org"
3.139.94.189 - - [29/Apr/2025:10:00:31 -0400] "GET /ad917/?path=%2Fhome%2Fservlmvm%2F..%2F..%2Fvar%2Fsoftaculous%2Fosclassified%2F..%2Focart4%2F.%2F.%2F.%2F..%2Fmt%2F..%2Fwp65%2F..%2Funmark%2F..%2Felgg4 HTTP/1.1" 200 2416 "-" "Mozilla/5.0 AppleWebKit/537.36 (KHTML, like Gecko; compatible; ClaudeBot/1.0; +claudebot@anthropic.com)"
3.139.94.189 - - [29/Apr/2025:10:00:34 -0400] "GET /ad917/?path=%2Fhome%2F.%2F..%2F..%2Fvar%2Flib%2F..%2Fsoftaculous%2Fmyadmin49%2F..%2Fmyt%2F..%2Fhizup%2F..%2Ficehrm%2F..%2Fzen%2Fimages%2F..%2Fclone.php HTTP/1.1" 200 6163 "-" "Mozilla/5.0 AppleWebKit/537.36 (KHTML, like Gecko; compatible; ClaudeBot/1.0; +claudebot@anthropic.com)"
3.139.94.189 - - [29/Apr/2025:10:00:37 -0400] "GET /ad917/?path=%2Fhome%2F.%2F..%2F..%2Fvar%2Flib%2F..%2Fsoftaculous%2Fmyadmin49%2F..%2Fmyt%2F..%2F.%2Focart23%2F..%2Fftools%2F..%2Fpeel%2F..%2Flss%2Fmd5 HTTP/1.1" 200 1845 "-" "Mozilla/5.0 AppleWebKit/537.36 (KHTML, like Gecko; compatible; ClaudeBot/1.0; +claudebot@anthropic.com)"
3.139.94.189 - - [29/Apr/2025:10:00:40 -0400] "GET /ad917/?path=%2Fhome%2Fservlmvm%2F..%2F..%2Fvar%2Fsoftaculous%2Fosclassified%2F..%2Fplikli%2F..%2Fwintercms%2F..%2Fdrupal8%2Fphp53%2F. HTTP/1.1" 200 1770 "-" "Mozilla/5.0 AppleWebKit/537.36 (KHTML, like Gecko; compatible; ClaudeBot/1.0; +claudebot@anthropic.com)"
3.139.94.189 - - [29/Apr/2025:10:00:43 -0400] "GET /ad917/?path=%2Fhome%2Fservlmvm%2F..%2F.%2F..%2F..%2Flib%2F.build-id%2F9e%2F..%2Ffd%2F..%2F09%2F..%2F.%2F5b%2F..%2F52%2F..%2Fc0%2F..%2F48%2F..%2Fc1%2F..%2Fc3%2F..%2F58 HTTP/1.1" 200 2576 "-" "Mozilla/5.0 AppleWebKit/537.36 (KHTML, like Gecko; compatible; ClaudeBot/1.0; +claudebot@anthropic.com)"
3.139.94.189 - - [29/Apr/2025:10:00:46 -0400] "GET /ad917/?path=%2Fhome%2Fservlmvm%2F..%2F.%2F..%2F..%2Flib%2F.build-id%2Fa3%2F..%2F9e%2F..%2Fb3%2F..%2F.%2F8d%2F..%2F53%2F..%2Fd2%2F..%2F38%2F..%2Fbd%2F..%2F97%2F..%2F9f HTTP/1.1" 200 2656 "-" "Mozilla/5.0 AppleWebKit/537.36 (KHTML, like Gecko; compatible; ClaudeBot/1.0; +claudebot@anthropic.com)"
3.139.94.189 - - [29/Apr/2025:10:00:49 -0400] "GET /ad917/?path=%2Fhome%2Fservlmvm%2F..%2F..%2Fvar%2Fsoftaculous%2Fosclassified%2F..%2Focart4%2F.%2F.%2F.%2F..%2Fcotonti%2F..%2F.%2Fphplite%2F..%2Fs9y HTTP/1.1" 200 2337 "-" "Mozilla/5.0 AppleWebKit/537.36 (KHTML, like Gecko; compatible; ClaudeBot/1.0; +claudebot@anthropic.com)"
198.54.116.86 - - [29/Apr/2025:10:00:51 -0400] "POST /wp-cron.php?doing_wp_cron=1745935251.9158310890197753906250 HTTP/1.1" 200 0 "-" "WordPress/6.8; https://servethepeopleinc.org"
40.77.167.59 - - [29/Apr/2025:10:00:51 -0400] "GET /entity/maintopmast51025444.shtml HTTP/1.1" 404 16941 "-" "Mozilla/5.0 AppleWebKit/537.36 (KHTML, like Gecko; compatible; bingbot/2.0; +http://www.bing.com/bingbot.htm) Chrome/116.0.1938.76 Safari/537.36"
3.139.94.189 - - [29/Apr/2025:10:00:52 -0400] "GET /ad917/?path=%2Fhome%2Fservlmvm%2F..%2F..%2Fvar%2Fsoftaculous%2Fosclassified%2F..%2Focart4%2F.%2F.%2F.%2F..%2Fcotonti%2F..%2F.%2Fphplite%2F..%2Fmyweb HTTP/1.1" 200 1966 "-" "Mozilla/5.0 AppleWebKit/537.36 (KHTML, like Gecko; compatible; ClaudeBot/1.0; +claudebot@anthropic.com)"
3.139.94.189 - - [29/Apr/2025:10:00:55 -0400] "GET /ad917/?path=%2Fhome%2Fservlmvm%2F..%2F..%2Fvar%2Fsoftaculous%2Fosclassified%2F..%2Focart4%2F.%2F.%2F.%2F..%2Fgenix%2F..%2Ftestlink%2Fphp81%2F.. HTTP/1.1" 200 2105 "-" "Mozilla/5.0 AppleWebKit/537.36 (KHTML, like Gecko; compatible; ClaudeBot/1.0; +claudebot@anthropic.com)"
3.139.94.189 - - [29/Apr/2025:10:00:58 -0400] "GET /ad917/?path=%2Fhome%2F.%2F..%2F..%2Fvar%2Flib%2F..%2Fsoftaculous%2Fmyadmin49%2F..%2Fmyt%2F..%2F.%2Focart23%2F..%2Fcontao%2F..%2Ffusio%2F..%2Fftools HTTP/1.1" 200 2209 "-" "Mozilla/5.0 AppleWebKit/537.36 (KHTML, like Gecko; compatible; ClaudeBot/1.0; +claudebot@anthropic.com)"
3.139.94.189 - - [29/Apr/2025:10:01:01 -0400] "GET /ad917/?path=%2Fhome%2F.%2F..%2F..%2Fvar%2Flib%2F..%2Fsoftaculous%2Fmyadmin49%2F..%2Fmyt%2F..%2F.%2Focart23%2F..%2Fowncloud%2F..%2Fgrav%2F..%2Forange HTTP/1.1" 200 2335 "-" "Mozilla/5.0 AppleWebKit/537.36 (KHTML, like Gecko; compatible; ClaudeBot/1.0; +claudebot@anthropic.com)"
3.139.94.189 - - [29/Apr/2025:10:01:04 -0400] "GET /ad917/?path=%2Fhome%2Fservlmvm%2F..%2F.%2F..%2F..%2Flib%2F.build-id%2F9e%2F..%2F4c%2F..%2F29%2F..%2F.%2Fd5%2F..%2Fa1%2F..%2F0a%2F..%2Fd2%2F.%2F..%2F..%2F.%2Fsystemd HTTP/1.1" 200 3549 "-" "Mozilla/5.0 AppleWebKit/537.36 (KHTML, like Gecko; compatible; ClaudeBot/1.0; +claudebot@anthropic.com)"
3.139.94.189 - - [29/Apr/2025:10:01:07 -0400] "GET /ad917/?path=%2Fhome%2F.%2F..%2F..%2Fvar%2Flib%2F..%2Fsoftaculous%2Fmyadmin49%2F..%2Fpopoji%2F..%2Fwbce%2F..%2Fwebasyst%2F..%2Fftools HTTP/1.1" 200 2178 "-" "Mozilla/5.0 AppleWebKit/537.36 (KHTML, like Gecko; compatible; ClaudeBot/1.0; +claudebot@anthropic.com)"
3.139.94.189 - - [29/Apr/2025:10:01:10 -0400] "GET /ad917/?path=%2Fhome%2F.%2F..%2F..%2Fvar%2Flib%2F..%2Fsoftaculous%2Fmyadmin49%2F..%2Fmyt%2F..%2F.%2Focart23%2F..%2Fcontao%2F..%2Ffusio%2F..%2Fkopage HTTP/1.1" 200 2007 "-" "Mozilla/5.0 AppleWebKit/537.36 (KHTML, like Gecko; compatible; ClaudeBot/1.0; +claudebot@anthropic.com)"
3.139.94.189 - - [29/Apr/2025:10:01:13 -0400] "GET /ad917/?path=%2Fhome%2Fservlmvm%2F..%2F..%2Fvar%2Fsoftaculous%2Fosclassified%2F..%2Focart4%2F.%2F.%2F.%2F..%2Fmt%2F..%2Fwp65%2F..%2Funmark%2F..%2Fobcard HTTP/1.1" 200 2083 "-" "Mozilla/5.0 AppleWebKit/537.36 (KHTML, like Gecko; compatible; ClaudeBot/1.0; +claudebot@anthropic.com)"
198.54.116.86 - - [29/Apr/2025:10:01:14 -0400] "POST /wp-cron.php?doing_wp_cron=1745935274.3882000446319580078125 HTTP/1.1" 200 0 "-" "WordPress/6.8; https://servethepeopleinc.org"
40.77.167.48 - - [29/Apr/2025:10:01:14 -0400] "GET /products/47172196.shtml HTTP/1.1" 301 0 "-" "Mozilla/5.0 AppleWebKit/537.36 (KHTML, like Gecko; compatible; bingbot/2.0; +http://www.bing.com/bingbot.htm) Chrome/116.0.1938.76 Safari/537.36"
198.54.116.86 - - [29/Apr/2025:10:01:14 -0400] "POST /wp-admin/admin-ajax.php?action=async_litespeed&nonce=x7wSfNWMYx3s3LukL5gEa6nHR84sVmDK&litespeed_type=imgoptm HTTP/1.1" 200 21 "-" "WordPress/6.8; https://servethepeopleinc.org"
66.249.65.170 - - [29/Apr/2025:10:01:15 -0400] "GET /special/r/supreme/8539772.shtml HTTP/1.1" 404 16950 "-" "Mozilla/5.0 (Linux; Android 6.0.1; Nexus 5X Build/MMB29P) AppleWebKit/537.36 (KHTML, like Gecko) Chrome/135.0.7049.95 Mobile Safari/537.36 (compatible; Googlebot/2.1; +http://www.google.com/bot.html)"
3.139.94.189 - - [29/Apr/2025:10:01:16 -0400] "GET /ad917/?path=%2Fhome%2Fservlmvm%2F..%2F..%2Fvar%2Fsoftaculous%2Fosclassified%2F..%2Focart4%2F.%2F.%2F.%2F..%2Fcotonti%2F..%2F.%2Fphplite%2F..%2Fflarum HTTP/1.1" 200 2213 "-" "Mozilla/5.0 AppleWebKit/537.36 (KHTML, like Gecko; compatible; ClaudeBot/1.0; +claudebot@anthropic.com)"
3.139.94.189 - - [29/Apr/2025:10:01:19 -0400] "GET /ad917/?path=%2Fhome%2F.%2F..%2F..%2Fvar%2Flib%2F..%2Fsoftaculous%2Fmyadmin49%2F..%2Fhelpdeskz%2F.%2F..%2Fslims%2F..%2Fsmf20%2F..%2Fwhmcs83 HTTP/1.1" 200 2231 "-" "Mozilla/5.0 AppleWebKit/537.36 (KHTML, like Gecko; compatible; ClaudeBot/1.0; +claudebot@anthropic.com)"
3.139.94.189 - - [29/Apr/2025:10:01:22 -0400] "GET /ad917/?path=%2Fhome%2Fservlmvm%2F..%2F.%2F..%2F..%2Flib%2F.build-id%2F6e%2F..%2Fb0%2F..%2F4a%2F..%2F.%2F92%2F..%2F82%2F..%2Fe8%2F..%2Ff6%2F..%2F31%2F..%2Fbf%2F..%2Ffc HTTP/1.1" 200 2745 "-" "Mozilla/5.0 AppleWebKit/537.36 (KHTML, like Gecko; compatible; ClaudeBot/1.0; +claudebot@anthropic.com)"
3.139.94.189 - - [29/Apr/2025:10:01:25 -0400] "GET /ad917/?path=%2Fhome%2Fservlmvm%2F..%2F..%2Fusr%2Fshare%2Faclocal%2F..%2Flocale%2F.%2Fmap%2F..%2Fzxx%2F..%2Ftt%2F..%2Fes_GT%2F..%2Fak%2F..%2Fchn%2F..%2Fnd%2F. HTTP/1.1" 200 1604 "-" "Mozilla/5.0 AppleWebKit/537.36 (KHTML, like Gecko; compatible; ClaudeBot/1.0; +claudebot@anthropic.com)"
198.54.116.86 - - [29/Apr/2025:10:01:27 -0400] "POST /wp-cron.php?doing_wp_cron=1745935287.3204989433288574218750 HTTP/1.1" 200 0 "-" "WordPress/6.8; https://servethepeopleinc.org"
66.249.65.168 - - [29/Apr/2025:10:01:27 -0400] "GET /item33451194.shtml HTTP/1.1" 404 16941 "-" "Mozilla/5.0 (Linux; Android 6.0.1; Nexus 5X Build/MMB29P) AppleWebKit/537.36 (KHTML, like Gecko) Chrome/135.0.7049.95 Mobile Safari/537.36 (compatible; Googlebot/2.1; +http://www.google.com/bot.html)"
3.139.94.189 - - [29/Apr/2025:10:01:28 -0400] "GET /ad917/?path=%2Fhome%2F.%2F..%2F..%2Fvar%2Flib%2F..%2Fsoftaculous%2Fmyadmin49%2F..%2Fmyt%2F..%2Fgedview%2F..%2Fespo%2F.%2F..%2Fpresta17%2F..%2Fmyt HTTP/1.1" 200 2132 "-" "Mozilla/5.0 AppleWebKit/537.36 (KHTML, like Gecko; compatible; ClaudeBot/1.0; +claudebot@anthropic.com)"
3.139.94.189 - - [29/Apr/2025:10:01:31 -0400] "GET /ad917/?path=%2Fhome%2Fservlmvm%2F..%2F.%2F..%2F..%2Flib%2F.build-id%2F9e%2F..%2F56%2F..%2F8a%2F..%2F8f%2F.%2F..%2Fa8%2F..%2F93%2F..%2F03%2F.%2F..%2F2a%2F..%2Fc5 HTTP/1.1" 200 2817 "-" "Mozilla/5.0 AppleWebKit/537.36 (KHTML, like Gecko; compatible; ClaudeBot/1.0; +claudebot@anthropic.com)"
3.139.94.189 - - [29/Apr/2025:10:01:34 -0400] "GET /ad917/?path=%2Fhome%2F.%2F..%2F..%2Fvar%2Flib%2F..%2Fsoftaculous%2Fmyadmin49%2F..%2Fpopoji%2F..%2Ftiki10%2F..%2Ffeng%2F..%2Fdhtmlx%2Finfo.xml HTTP/1.1" 200 2469 "-" "Mozilla/5.0 AppleWebKit/537.36 (KHTML, like Gecko; compatible; ClaudeBot/1.0; +claudebot@anthropic.com)"
3.139.94.189 - - [29/Apr/2025:10:01:37 -0400] "GET /ad917/?path=%2Fhome%2F.%2F..%2F..%2Fvar%2Flib%2F..%2Fsoftaculous%2Fmyadmin49%2F..%2Fhelpdeskz%2F.%2F..%2Fslims%2F..%2Fsmf20%2F..%2Fcontao HTTP/1.1" 200 2177 "-" "Mozilla/5.0 AppleWebKit/537.36 (KHTML, like Gecko; compatible; ClaudeBot/1.0; +claudebot@anthropic.com)"
3.139.94.189 - - [29/Apr/2025:10:01:40 -0400] "GET /ad917/?path=%2Fhome%2F.%2F..%2F..%2Fvar%2Flib%2F..%2Fsoftaculous%2Fmyadmin49%2F..%2Fhelpdeskz%2F.%2F..%2Fslims%2F..%2Fsmf20%2F..%2Fzeus HTTP/1.1" 200 2077 "-" "Mozilla/5.0 AppleWebKit/537.36 (KHTML, like Gecko; compatible; ClaudeBot/1.0; +claudebot@anthropic.com)"
3.139.94.189 - - [29/Apr/2025:10:01:43 -0400] "GET /ad917/?path=%2Fhome%2Fservlmvm%2F..%2F..%2Fusr%2Fshare%2Faclocal%2F..%2Flocale%2F.%2Fmap%2F..%2Fzxx%2F..%2Ftt%2F..%2Fes_GT%2F..%2Fak%2F..%2Fchn%2F..%2Fam%2F. HTTP/1.1" 200 1603 "-" "Mozilla/5.0 AppleWebKit/537.36 (KHTML, like Gecko; compatible; ClaudeBot/1.0; +claudebot@anthropic.com)"
3.139.94.189 - - [29/Apr/2025:10:01:46 -0400] "GET /ad917/?path=%2Fhome%2F.%2F..%2F..%2Fvar%2Flib%2F..%2Fsoftaculous%2Fmyadmin49%2F..%2Fmyt%2F..%2F.%2Focart23%2F..%2Fcontao%2F..%2Ffusio%2F..%2Fninja HTTP/1.1" 200 2329 "-" "Mozilla/5.0 AppleWebKit/537.36 (KHTML, like Gecko; compatible; ClaudeBot/1.0; +claudebot@anthropic.com)"
3.139.94.189 - - [29/Apr/2025:10:01:49 -0400] "GET /ad917/?path=%2Fhome%2Fservlmvm%2F..%2F.%2F..%2F..%2Flib%2F.build-id%2F9e%2F..%2Ffd%2F..%2F09%2F..%2F.%2F5b%2F..%2F52%2F..%2Fc0%2F..%2F48%2F..%2Fc1%2F..%2Fc3%2F..%2F46 HTTP/1.1" 200 2689 "-" "Mozilla/5.0 AppleWebKit/537.36 (KHTML, like Gecko; compatible; ClaudeBot/1.0; +claudebot@anthropic.com)"
3.139.94.189 - - [29/Apr/2025:10:01:52 -0400] "GET /ad917/?path=%2Fhome%2F.%2F..%2F..%2Fvar%2Flib%2F..%2Fsoftaculous%2Fmyadmin49%2F..%2Fhelpdeskz%2F.%2F..%2Fslims%2F..%2Fsmf20%2F..%2Fsp HTTP/1.1" 200 2347 "-" "Mozilla/5.0 AppleWebKit/537.36 (KHTML, like Gecko; compatible; ClaudeBot/1.0; +claudebot@anthropic.com)"
198.54.116.86 - - [29/Apr/2025:10:01:54 -0400] "POST /wp-cron.php?doing_wp_cron=1745935314.2428879737854003906250 HTTP/1.1" 200 0 "-" "WordPress/6.8; https://servethepeopleinc.org"
123.221.74.249 - - [29/Apr/2025:10:01:54 -0400] "GET /detail/plowgate67394522.shtml HTTP/1.1" 404 16943 "https://search.yahoo.co.jp/" "Mozilla/5.0 (iPhone; CPU iPhone OS 17_6_1 like Mac OS X) AppleWebKit/605.1.15 (KHTML, like Gecko) Version/17.6 Mobile/15E148 Safari/604.1"
198.54.116.86 - - [29/Apr/2025:10:01:54 -0400] "POST /wp-admin/admin-ajax.php?action=async_litespeed&nonce=GOgcKZD9JbUgCoL5TjP8ivG9ilYAAOrm&litespeed_type=imgoptm HTTP/1.1" 200 21 "-" "WordPress/6.8; https://servethepeopleinc.org"
123.221.74.249 - - [29/Apr/2025:10:01:54 -0400] "GET /wp-content/plugins/give/assets/dist/css/give-donation-summary.css?ver=3.3.0 HTTP/1.1" 200 465 "https://servethepeopleinc.org/detail/plowgate67394522.shtml" "Mozilla/5.0 (iPhone; CPU iPhone OS 17_6_1 like Mac OS X) AppleWebKit/605.1.15 (KHTML, like Gecko) Version/17.6 Mobile/15E148 Safari/604.1"
123.221.74.249 - - [29/Apr/2025:10:01:54 -0400] "GET /wp-content/themes/woodmart/css/bootstrap-light.min.css?ver=7.3.2 HTTP/1.1" 200 812 "https://servethepeopleinc.org/detail/plowgate67394522.shtml" "Mozilla/5.0 (iPhone; CPU iPhone OS 17_6_1 like Mac OS X) AppleWebKit/605.1.15 (KHTML, like Gecko) Version/17.6 Mobile/15E148 Safari/604.1"
123.221.74.249 - - [29/Apr/2025:10:01:54 -0400] "GET /wp-content/themes/woodmart/css/parts/page-404.min.css?ver=7.3.2 HTTP/1.1" 200 283 "https://servethepeopleinc.org/detail/plowgate67394522.shtml" "Mozilla/5.0 (iPhone; CPU iPhone OS 17_6_1 like Mac OS X) AppleWebKit/605.1.15 (KHTML, like Gecko) Version/17.6 Mobile/15E148 Safari/604.1"
123.221.74.249 - - [29/Apr/2025:10:01:54 -0400] "GET /wp-content/themes/woodmart/css/parts/wp-gutenberg.min.css?ver=7.3.2 HTTP/1.1" 200 1904 "https://servethepeopleinc.org/detail/plowgate67394522.shtml" "Mozilla/5.0 (iPhone; CPU iPhone OS 17_6_1 like Mac OS X) AppleWebKit/605.1.15 (KHTML, like Gecko) Version/17.6 Mobile/15E148 Safari/604.1"
123.221.74.249 - - [29/Apr/2025:10:01:54 -0400] "GET /wp-content/themes/woodmart/css/parts/int-rev-slider.min.css?ver=7.3.2 HTTP/1.1" 200 256 "https://servethepeopleinc.org/detail/plowgate67394522.shtml" "Mozilla/5.0 (iPhone; CPU iPhone OS 17_6_1 like Mac OS X) AppleWebKit/605.1.15 (KHTML, like Gecko) Version/17.6 Mobile/15E148 Safari/604.1"
123.221.74.249 - - [29/Apr/2025:10:01:54 -0400] "GET /wp-content/themes/woodmart/css/parts/int-wpb-base.min.css?ver=7.3.2 HTTP/1.1" 200 2653 "https://servethepeopleinc.org/detail/plowgate67394522.shtml" "Mozilla/5.0 (iPhone; CPU iPhone OS 17_6_1 like Mac OS X) AppleWebKit/605.1.15 (KHTML, like Gecko) Version/17.6 Mobile/15E148 Safari/604.1"
123.221.74.249 - - [29/Apr/2025:10:01:54 -0400] "GET /wp-content/uploads/useanyfont/uaf.css?ver=1704783504 HTTP/1.1" 200 236 "https://servethepeopleinc.org/detail/plowgate67394522.shtml" "Mozilla/5.0 (iPhone; CPU iPhone OS 17_6_1 like Mac OS X) AppleWebKit/605.1.15 (KHTML, like Gecko) Version/17.6 Mobile/15E148 Safari/604.1"
123.221.74.249 - - [29/Apr/2025:10:01:54 -0400] "GET /wp-content/themes/woodmart/css/parts/int-mc4wp.min.css?ver=7.3.2 HTTP/1.1" 200 352 "https://servethepeopleinc.org/detail/plowgate67394522.shtml" "Mozilla/5.0 (iPhone; CPU iPhone OS 17_6_1 like Mac OS X) AppleWebKit/605.1.15 (KHTML, like Gecko) Version/17.6 Mobile/15E148 Safari/604.1"
123.221.74.249 - - [29/Apr/2025:10:01:54 -0400] "GET /wp-content/plugins/js_composer/assets/css/js_composer.min.css?ver=7.3 HTTP/1.1" 200 40992 "https://servethepeopleinc.org/detail/plowgate67394522.shtml" "Mozilla/5.0 (iPhone; CPU iPhone OS 17_6_1 like Mac OS X) AppleWebKit/605.1.15 (KHTML, like Gecko) Version/17.6 Mobile/15E148 Safari/604.1"
123.221.74.249 - - [29/Apr/2025:10:01:54 -0400] "GET /wp-includes/css/dist/block-library/style.min.css?ver=6.8 HTTP/1.1" 200 14358 "https://servethepeopleinc.org/detail/plowgate67394522.shtml" "Mozilla/5.0 (iPhone; CPU iPhone OS 17_6_1 like Mac OS X) AppleWebKit/605.1.15 (KHTML, like Gecko) Version/17.6 Mobile/15E148 Safari/604.1"
123.221.74.249 - - [29/Apr/2025:10:01:54 -0400] "GET /wp-content/themes/woodmart/css/parts/base.min.css?ver=7.3.2 HTTP/1.1" 200 10433 "https://servethepeopleinc.org/detail/plowgate67394522.shtml" "Mozilla/5.0 (iPhone; CPU iPhone OS 17_6_1 like Mac OS X) AppleWebKit/605.1.15 (KHTML, like Gecko) Version/17.6 Mobile/15E148 Safari/604.1"
123.221.74.249 - - [29/Apr/2025:10:01:54 -0400] "GET /wp-content/plugins/give/assets/dist/css/give.css?ver=3.3.0 HTTP/1.1" 200 13358 "https://servethepeopleinc.org/detail/plowgate67394522.shtml" "Mozilla/5.0 (iPhone; CPU iPhone OS 17_6_1 like Mac OS X) AppleWebKit/605.1.15 (KHTML, like Gecko) Version/17.6 Mobile/15E148 Safari/604.1"
123.221.74.249 - - [29/Apr/2025:10:01:54 -0400] "GET /wp-content/themes/woodmart/css/parts/mod-tools.min.css?ver=7.3.2 HTTP/1.1" 200 863 "https://servethepeopleinc.org/detail/plowgate67394522.shtml" "Mozilla/5.0 (iPhone; CPU iPhone OS 17_6_1 like Mac OS X) AppleWebKit/605.1.15 (KHTML, like Gecko) Version/17.6 Mobile/15E148 Safari/604.1"
123.221.74.249 - - [29/Apr/2025:10:01:54 -0400] "GET /wp-content/themes/woodmart/css/parts/header-base.min.css?ver=7.3.2 HTTP/1.1" 200 2509 "https://servethepeopleinc.org/detail/plowgate67394522.shtml" "Mozilla/5.0 (iPhone; CPU iPhone OS 17_6_1 like Mac OS X) AppleWebKit/605.1.15 (KHTML, like Gecko) Version/17.6 Mobile/15E148 Safari/604.1"
123.221.74.249 - - [29/Apr/2025:10:01:54 -0400] "GET /wp-content/themes/woodmart/css/parts/int-wpb-base-deprecated.min.css?ver=7.3.2 HTTP/1.1" 200 301 "https://servethepeopleinc.org/detail/plowgate67394522.shtml" "Mozilla/5.0 (iPhone; CPU iPhone OS 17_6_1 like Mac OS X) AppleWebKit/605.1.15 (KHTML, like Gecko) Version/17.6 Mobile/15E148 Safari/604.1"
123.221.74.249 - - [29/Apr/2025:10:01:54 -0400] "GET /wp-content/themes/woodmart/css/parts/header-el-base.min.css?ver=7.3.2 HTTP/1.1" 200 811 "https://servethepeopleinc.org/detail/plowgate67394522.shtml" "Mozilla/5.0 (iPhone; CPU iPhone OS 17_6_1 like Mac OS X) AppleWebKit/605.1.15 (KHTML, like Gecko) Version/17.6 Mobile/15E148 Safari/604.1"
123.221.74.249 - - [29/Apr/2025:10:01:54 -0400] "GET /wp-content/themes/woodmart/css/parts/el-social-icons.min.css?ver=7.3.2 HTTP/1.1" 200 1130 "https://servethepeopleinc.org/detail/plowgate67394522.shtml" "Mozilla/5.0 (iPhone; CPU iPhone OS 17_6_1 like Mac OS X) AppleWebKit/605.1.15 (KHTML, like Gecko) Version/17.6 Mobile/15E148 Safari/604.1"
123.221.74.249 - - [29/Apr/2025:10:01:54 -0400] "GET /wp-content/themes/woodmart/css/parts/page-title.min.css?ver=7.3.2 HTTP/1.1" 200 204 "https://servethepeopleinc.org/detail/plowgate67394522.shtml" "Mozilla/5.0 (iPhone; CPU iPhone OS 17_6_1 like Mac OS X) AppleWebKit/605.1.15 (KHTML, like Gecko) Version/17.6 Mobile/15E148 Safari/604.1"
123.221.74.249 - - [29/Apr/2025:10:01:54 -0400] "GET /wp-content/themes/woodmart/css/parts/opt-widget-collapse.min.css?ver=7.3.2 HTTP/1.1" 200 349 "https://servethepeopleinc.org/detail/plowgate67394522.shtml" "Mozilla/5.0 (iPhone; CPU iPhone OS 17_6_1 like Mac OS X) AppleWebKit/605.1.15 (KHTML, like Gecko) Version/17.6 Mobile/15E148 Safari/604.1"
123.221.74.249 - - [29/Apr/2025:10:01:54 -0400] "GET /wp-content/themes/woodmart/css/parts/footer-base.min.css?ver=7.3.2 HTTP/1.1" 200 360 "https://servethepeopleinc.org/detail/plowgate67394522.shtml" "Mozilla/5.0 (iPhone; CPU iPhone OS 17_6_1 like Mac OS X) AppleWebKit/605.1.15 (KHTML, like Gecko) Version/17.6 Mobile/15E148 Safari/604.1"
123.221.74.249 - - [29/Apr/2025:10:01:54 -0400] "GET /wp-content/themes/woodmart/css/parts/int-wbp-el-animations.min.css?ver=7.3.2 HTTP/1.1" 200 678 "https://servethepeopleinc.org/detail/plowgate67394522.shtml" "Mozilla/5.0 (iPhone; CPU iPhone OS 17_6_1 like Mac OS X) AppleWebKit/605.1.15 (KHTML, like Gecko) Version/17.6 Mobile/15E148 Safari/604.1"
123.221.74.249 - - [29/Apr/2025:10:01:54 -0400] "GET /wp-content/themes/woodmart/css/parts/el-text-block.min.css?ver=7.3.2 HTTP/1.1" 200 110 "https://servethepeopleinc.org/detail/plowgate67394522.shtml" "Mozilla/5.0 (iPhone; CPU iPhone OS 17_6_1 like Mac OS X) AppleWebKit/605.1.15 (KHTML, like Gecko) Version/17.6 Mobile/15E148 Safari/604.1"
123.221.74.249 - - [29/Apr/2025:10:01:54 -0400] "GET /wp-content/themes/woodmart/css/parts/opt-scrolltotop.min.css?ver=7.3.2 HTTP/1.1" 200 345 "https://servethepeopleinc.org/detail/plowgate67394522.shtml" "Mozilla/5.0 (iPhone; CPU iPhone OS 17_6_1 like Mac OS X) AppleWebKit/605.1.15 (KHTML, like Gecko) Version/17.6 Mobile/15E148 Safari/604.1"
123.221.74.249 - - [29/Apr/2025:10:01:54 -0400] "GET /wp-includes/js/dist/hooks.min.js?ver=4d63a3d491d11ffd8ac6 HTTP/1.1" 200 1571 "https://servethepeopleinc.org/detail/plowgate67394522.shtml" "Mozilla/5.0 (iPhone; CPU iPhone OS 17_6_1 like Mac OS X) AppleWebKit/605.1.15 (KHTML, like Gecko) Version/17.6 Mobile/15E148 Safari/604.1"
123.221.74.249 - - [29/Apr/2025:10:01:54 -0400] "GET /wp-includes/js/dist/i18n.min.js?ver=5e580eb46a90c2b997e6 HTTP/1.1" 200 3542 "https://servethepeopleinc.org/detail/plowgate67394522.shtml" "Mozilla/5.0 (iPhone; CPU iPhone OS 17_6_1 like Mac OS X) AppleWebKit/605.1.15 (KHTML, like Gecko) Version/17.6 Mobile/15E148 Safari/604.1"
123.221.74.249 - - [29/Apr/2025:10:01:54 -0400] "GET /wp-content/themes/woodmart/js/scripts/global/scrollBar.min.js?ver=7.3.2 HTTP/1.1" 200 152 "https://servethepeopleinc.org/detail/plowgate67394522.shtml" "Mozilla/5.0 (iPhone; CPU iPhone OS 17_6_1 like Mac OS X) AppleWebKit/605.1.15 (KHTML, like Gecko) Version/17.6 Mobile/15E148 Safari/604.1"
123.221.74.249 - - [29/Apr/2025:10:01:54 -0400] "GET /wp-content/plugins/js_composer/assets/lib/bower/animate-css/animate.min.css?ver=7.3 HTTP/1.1" 200 2248 "https://servethepeopleinc.org/detail/plowgate67394522.shtml" "Mozilla/5.0 (iPhone; CPU iPhone OS 17_6_1 like Mac OS X) AppleWebKit/605.1.15 (KHTML, like Gecko) Version/17.6 Mobile/15E148 Safari/604.1"
123.221.74.249 - - [29/Apr/2025:10:01:54 -0400] "GET /wp-content/themes/woodmart/js/scripts/global/helpers.min.js?ver=7.3.2 HTTP/1.1" 200 1667 "https://servethepeopleinc.org/detail/plowgate67394522.shtml" "Mozilla/5.0 (iPhone; CPU iPhone OS 17_6_1 like Mac OS X) AppleWebKit/605.1.15 (KHTML, like Gecko) Version/17.6 Mobile/15E148 Safari/604.1"
123.221.74.249 - - [29/Apr/2025:10:01:54 -0400] "GET /wp-content/themes/woodmart/js/libs/cookie.min.js?ver=7.3.2 HTTP/1.1" 200 791 "https://servethepeopleinc.org/detail/plowgate67394522.shtml" "Mozilla/5.0 (iPhone; CPU iPhone OS 17_6_1 like Mac OS X) AppleWebKit/605.1.15 (KHTML, like Gecko) Version/17.6 Mobile/15E148 Safari/604.1"
123.221.74.249 - - [29/Apr/2025:10:01:54 -0400] "GET /wp-content/themes/woodmart/js/scripts/wc/woocommerceNotices.min.js?ver=7.3.2 HTTP/1.1" 200 232 "https://servethepeopleinc.org/detail/plowgate67394522.shtml" "Mozilla/5.0 (iPhone; CPU iPhone OS 17_6_1 like Mac OS X) AppleWebKit/605.1.15 (KHTML, like Gecko) Version/17.6 Mobile/15E148 Safari/604.1"
123.221.74.249 - - [29/Apr/2025:10:01:54 -0400] "GET /wp-content/plugins/give/assets/dist/js/give-donation-summary.js?ver=3.3.0 HTTP/1.1" 200 1630 "https://servethepeopleinc.org/detail/plowgate67394522.shtml" "Mozilla/5.0 (iPhone; CPU iPhone OS 17_6_1 like Mac OS X) AppleWebKit/605.1.15 (KHTML, like Gecko) Version/17.6 Mobile/15E148 Safari/604.1"
123.221.74.249 - - [29/Apr/2025:10:01:54 -0400] "GET /wp-includes/js/jquery/jquery-migrate.min.js?ver=3.4.1 HTTP/1.1" 200 4678 "https://servethepeopleinc.org/detail/plowgate67394522.shtml" "Mozilla/5.0 (iPhone; CPU iPhone OS 17_6_1 like Mac OS X) AppleWebKit/605.1.15 (KHTML, like Gecko) Version/17.6 Mobile/15E148 Safari/604.1"
123.221.74.249 - - [29/Apr/2025:10:01:54 -0400] "GET /wp-includes/js/jquery/jquery.min.js?ver=3.7.1 HTTP/1.1" 200 29744 "https://servethepeopleinc.org/detail/plowgate67394522.shtml" "Mozilla/5.0 (iPhone; CPU iPhone OS 17_6_1 like Mac OS X) AppleWebKit/605.1.15 (KHTML, like Gecko) Version/17.6 Mobile/15E148 Safari/604.1"
123.221.74.249 - - [29/Apr/2025:10:01:54 -0400] "GET /wp-content/plugins/revslider/public/assets/css/rs6.css?ver=6.6.20 HTTP/1.1" 200 11961 "https://servethepeopleinc.org/detail/plowgate67394522.shtml" "Mozilla/5.0 (iPhone; CPU iPhone OS 17_6_1 like Mac OS X) AppleWebKit/605.1.15 (KHTML, like Gecko) Version/17.6 Mobile/15E148 Safari/604.1"
123.221.74.249 - - [29/Apr/2025:10:01:54 -0400] "GET /wp-content/plugins/give/assets/dist/js/give.js?ver=1f58f4922fc61e82 HTTP/1.1" 200 49585 "https://servethepeopleinc.org/detail/plowgate67394522.shtml" "Mozilla/5.0 (iPhone; CPU iPhone OS 17_6_1 like Mac OS X) AppleWebKit/605.1.15 (KHTML, like Gecko) Version/17.6 Mobile/15E148 Safari/604.1"
123.221.74.249 - - [29/Apr/2025:10:01:54 -0400] "GET /wp-content/themes/woodmart/js/scripts/header/headerBuilder.min.js?ver=7.3.2 HTTP/1.1" 200 872 "https://servethepeopleinc.org/detail/plowgate67394522.shtml" "Mozilla/5.0 (iPhone; CPU iPhone OS 17_6_1 like Mac OS X) AppleWebKit/605.1.15 (KHTML, like Gecko) Version/17.6 Mobile/15E148 Safari/604.1"
123.221.74.249 - - [29/Apr/2025:10:01:54 -0400] "GET /wp-content/plugins/revslider/public/assets/js/rbtools.min.js?ver=6.6.20 HTTP/1.1" 200 59937 "https://servethepeopleinc.org/detail/plowgate67394522.shtml" "Mozilla/5.0 (iPhone; CPU iPhone OS 17_6_1 like Mac OS X) AppleWebKit/605.1.15 (KHTML, like Gecko) Version/17.6 Mobile/15E148 Safari/604.1"
123.221.74.249 - - [29/Apr/2025:10:01:54 -0400] "GET /wp-content/plugins/js_composer/assets/js/dist/js_composer_front.min.js?ver=7.3 HTTP/1.1" 200 5490 "https://servethepeopleinc.org/detail/plowgate67394522.shtml" "Mozilla/5.0 (iPhone; CPU iPhone OS 17_6_1 like Mac OS X) AppleWebKit/605.1.15 (KHTML, like Gecko) Version/17.6 Mobile/15E148 Safari/604.1"
123.221.74.249 - - [29/Apr/2025:10:01:54 -0400] "GET /wp-content/plugins/revslider/public/assets/js/rs6.min.js?ver=6.6.20 HTTP/1.1" 200 103665 "https://servethepeopleinc.org/detail/plowgate67394522.shtml" "Mozilla/5.0 (iPhone; CPU iPhone OS 17_6_1 like Mac OS X) AppleWebKit/605.1.15 (KHTML, like Gecko) Version/17.6 Mobile/15E148 Safari/604.1"
123.221.74.249 - - [29/Apr/2025:10:01:54 -0400] "GET /wp-content/themes/woodmart/js/scripts/global/widgetCollapse.min.js?ver=7.3.2 HTTP/1.1" 200 365 "https://servethepeopleinc.org/detail/plowgate67394522.shtml" "Mozilla/5.0 (iPhone; CPU iPhone OS 17_6_1 like Mac OS X) AppleWebKit/605.1.15 (KHTML, like Gecko) Version/17.6 Mobile/15E148 Safari/604.1"
123.221.74.249 - - [29/Apr/2025:10:01:54 -0400] "GET /wp-content/themes/woodmart/js/scripts/menu/menuOffsets.min.js?ver=7.3.2 HTTP/1.1" 200 876 "https://servethepeopleinc.org/detail/plowgate67394522.shtml" "Mozilla/5.0 (iPhone; CPU iPhone OS 17_6_1 like Mac OS X) AppleWebKit/605.1.15 (KHTML, like Gecko) Version/17.6 Mobile/15E148 Safari/604.1"
123.221.74.249 - - [29/Apr/2025:10:01:54 -0400] "GET /wp-content/themes/woodmart/js/libs/device.min.js?ver=7.3.2 HTTP/1.1" 200 1151 "https://servethepeopleinc.org/detail/plowgate67394522.shtml" "Mozilla/5.0 (iPhone; CPU iPhone OS 17_6_1 like Mac OS X) AppleWebKit/605.1.15 (KHTML, like Gecko) Version/17.6 Mobile/15E148 Safari/604.1"
123.221.74.249 - - [29/Apr/2025:10:01:54 -0400] "GET /wp-content/plugins/js_composer/assets/lib/vc_waypoints/vc-waypoints.min.js?ver=7.3 HTTP/1.1" 200 2675 "https://servethepeopleinc.org/detail/plowgate67394522.shtml" "Mozilla/5.0 (iPhone; CPU iPhone OS 17_6_1 like Mac OS X) AppleWebKit/605.1.15 (KHTML, like Gecko) Version/17.6 Mobile/15E148 Safari/604.1"
123.221.74.249 - - [29/Apr/2025:10:01:54 -0400] "GET /wp-content/themes/woodmart/js/scripts/global/scrollTop.min.js?ver=7.3.2 HTTP/1.1" 200 171 "https://servethepeopleinc.org/detail/plowgate67394522.shtml" "Mozilla/5.0 (iPhone; CPU iPhone OS 17_6_1 like Mac OS X) AppleWebKit/605.1.15 (KHTML, like Gecko) Version/17.6 Mobile/15E148 Safari/604.1"
123.221.74.249 - - [29/Apr/2025:10:01:54 -0400] "GET /wp-content/themes/woodmart/js/scripts/menu/menuSetUp.min.js?ver=7.3.2 HTTP/1.1" 200 495 "https://servethepeopleinc.org/detail/plowgate67394522.shtml" "Mozilla/5.0 (iPhone; CPU iPhone OS 17_6_1 like Mac OS X) AppleWebKit/605.1.15 (KHTML, like Gecko) Version/17.6 Mobile/15E148 Safari/604.1"
123.221.74.249 - - [29/Apr/2025:10:01:54 -0400] "GET /wp-content/themes/woodmart/js/scripts/menu/mobileNavigation.min.js?ver=7.3.2 HTTP/1.1" 200 566 "https://servethepeopleinc.org/detail/plowgate67394522.shtml" "Mozilla/5.0 (iPhone; CPU iPhone OS 17_6_1 like Mac OS X) AppleWebKit/605.1.15 (KHTML, like Gecko) Version/17.6 Mobile/15E148 Safari/604.1"
123.221.74.249 - - [29/Apr/2025:10:01:55 -0400] "GET /wp-content/uploads/2024/01/1.png HTTP/1.1" 200 74033 "https://servethepeopleinc.org/detail/plowgate67394522.shtml" "Mozilla/5.0 (iPhone; CPU iPhone OS 17_6_1 like Mac OS X) AppleWebKit/605.1.15 (KHTML, like Gecko) Version/17.6 Mobile/15E148 Safari/604.1"
123.221.74.249 - - [29/Apr/2025:10:01:55 -0400] "GET /wp-content/uploads/2024/01/logo-1.png HTTP/1.1" 200 88746 "https://servethepeopleinc.org/detail/plowgate67394522.shtml" "Mozilla/5.0 (iPhone; CPU iPhone OS 17_6_1 like Mac OS X) AppleWebKit/605.1.15 (KHTML, like Gecko) Version/17.6 Mobile/15E148 Safari/604.1"
123.221.74.249 - - [29/Apr/2025:10:01:55 -0400] "GET /wp-content/uploads/2024/01/Montserrat-Regular.ttf HTTP/1.1" 200 197976 "https://servethepeopleinc.org/detail/plowgate67394522.shtml" "Mozilla/5.0 (iPhone; CPU iPhone OS 17_6_1 like Mac OS X) AppleWebKit/605.1.15 (KHTML, like Gecko) Version/17.6 Mobile/15E148 Safari/604.1"
123.221.74.249 - - [29/Apr/2025:10:01:55 -0400] "GET /wp-content/themes/woodmart/fonts/woodmart-font-1-400.woff2?v=7.3.2 HTTP/1.1" 200 10816 "https://servethepeopleinc.org/detail/plowgate67394522.shtml" "Mozilla/5.0 (iPhone; CPU iPhone OS 17_6_1 like Mac OS X) AppleWebKit/605.1.15 (KHTML, like Gecko) Version/17.6 Mobile/15E148 Safari/604.1"
123.221.74.249 - - [29/Apr/2025:10:01:55 -0400] "GET /wp-content/uploads/2024/01/Roboto-Bold.ttf HTTP/1.1" 200 167336 "https://servethepeopleinc.org/detail/plowgate67394522.shtml" "Mozilla/5.0 (iPhone; CPU iPhone OS 17_6_1 like Mac OS X) AppleWebKit/605.1.15 (KHTML, like Gecko) Version/17.6 Mobile/15E148 Safari/604.1"
123.221.74.249 - - [29/Apr/2025:10:01:55 -0400] "GET /wp-content/uploads/2024/01/1234dsac-03.jpg HTTP/1.1" 200 82361 "https://servethepeopleinc.org/detail/plowgate67394522.shtml" "Mozilla/5.0 (iPhone; CPU iPhone OS 17_6_1 like Mac OS X) AppleWebKit/605.1.15 (KHTML, like Gecko) Version/17.6 Mobile/15E148 Safari/604.1"
123.221.74.249 - - [29/Apr/2025:10:01:55 -0400] "GET /wp-content/uploads/2024/01/123-03.jpg HTTP/1.1" 200 84679 "https://servethepeopleinc.org/detail/plowgate67394522.shtml" "Mozilla/5.0 (iPhone; CPU iPhone OS 17_6_1 like Mac OS X) AppleWebKit/605.1.15 (KHTML, like Gecko) Version/17.6 Mobile/15E148 Safari/604.1"
3.139.94.189 - - [29/Apr/2025:10:01:55 -0400] "GET /ad917/?path=%2Fhome%2F.%2F..%2F..%2Fvar%2Flib%2F..%2Fsoftaculous%2Fmyadmin49%2F..%2Fmyt%2F..%2F.%2Focart23%2F..%2Fhtmly%2F..%2Fgpeasy%2F..%2Fglpi%2Fmd5 HTTP/1.1" 200 1946 "-" "Mozilla/5.0 AppleWebKit/537.36 (KHTML, like Gecko; compatible; ClaudeBot/1.0; +claudebot@anthropic.com)"
123.221.74.249 - - [29/Apr/2025:10:01:55 -0400] "GET /felix-mbong/wp-content/uploads/useanyfont/3565LibreBaskerville-Bol.woff2 HTTP/1.1" 404 16950 "https://servethepeopleinc.org/detail/plowgate67394522.shtml" "Mozilla/5.0 (iPhone; CPU iPhone OS 17_6_1 like Mac OS X) AppleWebKit/605.1.15 (KHTML, like Gecko) Version/17.6 Mobile/15E148 Safari/604.1"
123.221.74.249 - - [29/Apr/2025:10:01:55 -0400] "GET /felix-mbong/wp-content/uploads/useanyfont/3565LibreBaskerville-Bol.woff HTTP/1.1" 404 16950 "https://servethepeopleinc.org/detail/plowgate67394522.shtml" "Mozilla/5.0 (iPhone; CPU iPhone OS 17_6_1 like Mac OS X) AppleWebKit/605.1.15 (KHTML, like Gecko) Version/17.6 Mobile/15E148 Safari/604.1"
123.221.74.249 - - [29/Apr/2025:10:01:56 -0400] "GET /favicon.ico HTTP/1.1" 404 1251 "https://servethepeopleinc.org/detail/plowgate67394522.shtml" "Mozilla/5.0 (iPhone; CPU iPhone OS 17_6_1 like Mac OS X) AppleWebKit/605.1.15 (KHTML, like Gecko) Version/17.6 Mobile/15E148 Safari/604.1"
3.139.94.189 - - [29/Apr/2025:10:01:58 -0400] "GET /ad917/?path=%2Fhome%2Fservlmvm%2F..%2F..%2Fvar%2Fsoftaculous%2Fosclassified%2F..%2Focart4%2F.%2F.%2F.%2F..%2Fmt%2F..%2Fwp65%2F..%2Funmark%2F..%2Ffeng HTTP/1.1" 200 2270 "-" "Mozilla/5.0 AppleWebKit/537.36 (KHTML, like Gecko; compatible; ClaudeBot/1.0; +claudebot@anthropic.com)"
3.139.94.189 - - [29/Apr/2025:10:02:01 -0400] "GET /ad917/?path=%2Fhome%2Fservlmvm%2F..%2F..%2Fvar%2Fsoftaculous%2Fosclassified%2F..%2Focart4%2F.%2F.%2F.%2F..%2Fmt%2F..%2Fwp65%2F..%2Funmark%2F..%2Fnuked HTTP/1.1" 200 2053 "-" "Mozilla/5.0 AppleWebKit/537.36 (KHTML, like Gecko; compatible; ClaudeBot/1.0; +claudebot@anthropic.com)"
3.139.94.189 - - [29/Apr/2025:10:02:04 -0400] "GET /ad917/?path=%2Fhome%2F.%2F..%2F..%2Fvar%2Flib%2F..%2Fsoftaculous%2Fmyadmin49%2F..%2Fmyt%2F..%2F.%2Focart23%2F..%2Fowncloud%2F..%2Fgrav%2F..%2Faef HTTP/1.1" 200 2115 "-" "Mozilla/5.0 AppleWebKit/537.36 (KHTML, like Gecko; compatible; ClaudeBot/1.0; +claudebot@anthropic.com)"
3.139.94.189 - - [29/Apr/2025:10:02:07 -0400] "GET /ad917/?path=%2Fhome%2Fservlmvm%2F..%2F.%2F..%2F..%2Flib%2F.build-id%2F9e%2F..%2F56%2F..%2F8a%2F..%2F8f%2F.%2F..%2Fa8%2F..%2F93%2F..%2F03%2F.%2F..%2F77%2F..%2F0f HTTP/1.1" 200 2418 "-" "Mozilla/5.0 AppleWebKit/537.36 (KHTML, like Gecko; compatible; ClaudeBot/1.0; +claudebot@anthropic.com)"
3.139.94.189 - - [29/Apr/2025:10:02:10 -0400] "GET /ad917/?path=%2Fhome%2Fservlmvm%2F..%2F.%2F..%2F..%2Flib%2F.build-id%2F9e%2F..%2Ffd%2F..%2F09%2F..%2F.%2F5b%2F..%2F52%2F..%2Fc0%2F..%2F48%2F..%2Fc1%2F..%2Fc3%2F..%2F5b HTTP/1.1" 200 2569 "-" "Mozilla/5.0 AppleWebKit/537.36 (KHTML, like Gecko; compatible; ClaudeBot/1.0; +claudebot@anthropic.com)"
3.139.94.189 - - [29/Apr/2025:10:02:13 -0400] "GET /ad917/?path=%2Fhome%2Fservlmvm%2F..%2F..%2Fusr%2Fshare%2Faclocal%2F..%2Flocale%2F.%2Fmap%2F..%2Fzxx%2F..%2Ftt%2F..%2Fes_GT%2F..%2Fak%2F..%2Fchn%2F..%2Fjbo%2F. HTTP/1.1" 200 1609 "-" "Mozilla/5.0 AppleWebKit/537.36 (KHTML, like Gecko; compatible; ClaudeBot/1.0; +claudebot@anthropic.com)"
3.139.94.189 - - [29/Apr/2025:10:02:16 -0400] "GET /ad917/?path=%2Fhome%2Fservlmvm%2F..%2F..%2Fvar%2Fsoftaculous%2Fosclassified%2F..%2Fplikli%2F..%2F.%2Favactis%2F.%2F..%2Fflatboard HTTP/1.1" 200 2186 "-" "Mozilla/5.0 AppleWebKit/537.36 (KHTML, like Gecko; compatible; ClaudeBot/1.0; +claudebot@anthropic.com)"
3.139.94.189 - - [29/Apr/2025:10:02:19 -0400] "GET /ad917/?path=%2Fhome%2Fservlmvm%2F..%2F.%2F..%2F..%2Flib%2F.build-id%2F9e%2F..%2F56%2F..%2F8a%2F..%2F8f%2F.%2F..%2Fa8%2F..%2F93%2F..%2F03%2F.%2F..%2F2a%2F..%2Fee HTTP/1.1" 200 2776 "-" "Mozilla/5.0 AppleWebKit/537.36 (KHTML, like Gecko; compatible; ClaudeBot/1.0; +claudebot@anthropic.com)"
3.139.94.189 - - [29/Apr/2025:10:02:22 -0400] "GET /ad917/?path=%2Fhome%2Fservlmvm%2F..%2F.%2F..%2F..%2Flib%2F.build-id%2F9e%2F..%2Ffd%2F..%2F09%2F..%2F.%2F5b%2F..%2F52%2F..%2Fc0%2F..%2F48%2F..%2Fc1%2F..%2Fc3%2F..%2F17 HTTP/1.1" 200 2721 "-" "Mozilla/5.0 AppleWebKit/537.36 (KHTML, like Gecko; compatible; ClaudeBot/1.0; +claudebot@anthropic.com)"
198.54.116.86 - - [29/Apr/2025:10:02:24 -0400] "POST /wp-cron.php?doing_wp_cron=1745935344.2718200683593750000000 HTTP/1.1" 200 0 "-" "WordPress/6.8; https://servethepeopleinc.org"
40.77.167.59 - - [29/Apr/2025:10:02:24 -0400] "GET /product4004512.shtml HTTP/1.1" 404 16941 "-" "Mozilla/5.0 AppleWebKit/537.36 (KHTML, like Gecko; compatible; bingbot/2.0; +http://www.bing.com/bingbot.htm) Chrome/116.0.1938.76 Safari/537.36"
3.139.94.189 - - [29/Apr/2025:10:02:25 -0400] "GET /ad917/?path=%2Fhome%2F.%2F..%2F..%2Fvar%2Flib%2F..%2Fsoftaculous%2Fmyadmin49%2F..%2Fmyt%2F..%2F.%2Focart23%2F..%2Fowncloud%2F..%2Fgrav%2F..%2Fdropzone HTTP/1.1" 200 1912 "-" "Mozilla/5.0 AppleWebKit/537.36 (KHTML, like Gecko; compatible; ClaudeBot/1.0; +claudebot@anthropic.com)"
3.139.94.189 - - [29/Apr/2025:10:02:28 -0400] "GET /ad917/?path=%2Fhome%2Fservlmvm%2F..%2F.%2F..%2F..%2Flib%2F.build-id%2F9e%2F..%2F56%2F..%2F8a%2F..%2F8f%2F.%2F..%2Fa8%2F..%2F93%2F..%2F03%2F.%2F..%2F2a%2F..%2Fcb HTTP/1.1" 200 2985 "-" "Mozilla/5.0 AppleWebKit/537.36 (KHTML, like Gecko; compatible; ClaudeBot/1.0; +claudebot@anthropic.com)"
3.139.94.189 - - [29/Apr/2025:10:02:31 -0400] "GET /ad917/?path=%2Fhome%2F.%2F..%2F..%2Fvar%2Flib%2F..%2Fsoftaculous%2Fmyadmin49%2F..%2Fhelpdeskz%2F.%2F..%2Fslims%2F..%2Fsmf20%2F..%2Fmt HTTP/1.1" 200 2392 "-" "Mozilla/5.0 AppleWebKit/537.36 (KHTML, like Gecko; compatible; ClaudeBot/1.0; +claudebot@anthropic.com)"
66.249.65.170 - - [29/Apr/2025:10:02:31 -0400] "GET /goodscode/decumanus91656516.shtml HTTP/1.1" 404 16941 "-" "Mozilla/5.0 (Linux; Android 6.0.1; Nexus 5X Build/MMB29P) AppleWebKit/537.36 (KHTML, like Gecko) Chrome/135.0.7049.95 Mobile Safari/537.36 (compatible; GoogleOther)"
3.139.94.189 - - [29/Apr/2025:10:02:34 -0400] "GET /ad917/?path=%2Fhome%2Fservlmvm%2F..%2F..%2Fvar%2Fsoftaculous%2Fosclassified%2F..%2Focart4%2F.%2F.%2F.%2F..%2Fwebmail%2F..%2Flibre%2F..%2Forange%2F.. HTTP/1.1" 200 13194 "-" "Mozilla/5.0 AppleWebKit/537.36 (KHTML, like Gecko; compatible; ClaudeBot/1.0; +claudebot@anthropic.com)"
198.54.116.86 - - [29/Apr/2025:10:03:03 -0400] "POST /wp-cron.php?doing_wp_cron=1745935383.8993399143218994140625 HTTP/1.1" 200 0 "-" "WordPress/6.8; https://servethepeopleinc.org"
40.77.167.48 - - [29/Apr/2025:10:03:03 -0400] "GET /detail/c/nondecane83901278.shtml HTTP/1.1" 301 0 "-" "Mozilla/5.0 AppleWebKit/537.36 (KHTML, like Gecko; compatible; bingbot/2.0; +http://www.bing.com/bingbot.htm) Chrome/116.0.1938.76 Safari/537.36"
198.54.116.86 - - [29/Apr/2025:10:03:04 -0400] "POST /wp-admin/admin-ajax.php?action=async_litespeed&nonce=ixj7wHZ2oQJ95f8ccXZf4SOXLJOdBAcy&litespeed_type=imgoptm HTTP/1.1" 200 21 "-" "WordPress/6.8; https://servethepeopleinc.org"
40.77.167.48 - - [29/Apr/2025:10:03:07 -0400] "GET /special/2451704.shtml HTTP/1.1" 301 0 "-" "Mozilla/5.0 AppleWebKit/537.36 (KHTML, like Gecko; compatible; bingbot/2.0; +http://www.bing.com/bingbot.htm) Chrome/116.0.1938.76 Safari/537.36"
3.17.71.93 - - [29/Apr/2025:10:03:12 -0400] "GET /ad917/?path=%2Fhome%2Fservlmvm%2F..%2F..%2Fvar%2Fsoftaculous%2Fosclassified%2F..%2Focart4%2F.%2F.%2F.%2F..%2Fmt%2F..%2Fwp65%2F..%2Fblab%2F..%2Ftcexam HTTP/1.1" 200 2329 "-" "Mozilla/5.0 AppleWebKit/537.36 (KHTML, like Gecko; compatible; ClaudeBot/1.0; +claudebot@anthropic.com)"
52.167.144.196 - - [29/Apr/2025:10:03:12 -0400] "GET /entity/46778298.shtml HTTP/1.1" 301 0 "-" "Mozilla/5.0 AppleWebKit/537.36 (KHTML, like Gecko; compatible; bingbot/2.0; +http://www.bing.com/bingbot.htm) Chrome/116.0.1938.76 Safari/537.36"
3.17.71.93 - - [29/Apr/2025:10:03:15 -0400] "GET /ad917/?path=%2Fhome%2Fservlmvm%2F..%2F..%2Fvar%2Fsoftaculous%2Fosclassified%2F..%2Focart4%2F.%2F.%2F.%2F..%2Fmt%2F..%2Fwp65%2F..%2Funmark%2F..%2Fagora HTTP/1.1" 200 2270 "-" "Mozilla/5.0 AppleWebKit/537.36 (KHTML, like Gecko; compatible; ClaudeBot/1.0; +claudebot@anthropic.com)"
3.17.71.93 - - [29/Apr/2025:10:03:18 -0400] "GET /ad917/?path=%2Fhome%2Fservlmvm%2F..%2F.%2F..%2F..%2Flib%2F.build-id%2F20%2F..%2F43%2F..%2F11%2F.%2F..%2F0a%2F..%2Fbc%2F..%2F4e%2F..%2F2b%2F..%2F4d%2F..%2F2f%2F..%2F0c HTTP/1.1" 200 2912 "-" "Mozilla/5.0 AppleWebKit/537.36 (KHTML, like Gecko; compatible; ClaudeBot/1.0; +claudebot@anthropic.com)"
3.17.71.93 - - [29/Apr/2025:10:03:21 -0400] "GET /ad917/?path=%2Fhome%2F.%2F..%2F..%2Fvar%2Flib%2F..%2Fsoftaculous%2Fmyadmin49%2F..%2Fpopoji%2F..%2Fwbce%2F..%2Fwebasyst%2F..%2Fx2 HTTP/1.1" 200 2208 "-" "Mozilla/5.0 AppleWebKit/537.36 (KHTML, like Gecko; compatible; ClaudeBot/1.0; +claudebot@anthropic.com)"
3.17.71.93 - - [29/Apr/2025:10:03:24 -0400] "GET /ad917/?path=%2Fhome%2Fservlmvm%2F..%2F.%2F..%2F..%2Flib%2F.build-id%2F9e%2F..%2F56%2F..%2F8a%2F..%2F8f%2F.%2F..%2Fa8%2F..%2F93%2F..%2F03%2F.%2F..%2F77%2F..%2F7f HTTP/1.1" 200 2627 "-" "Mozilla/5.0 AppleWebKit/537.36 (KHTML, like Gecko; compatible; ClaudeBot/1.0; +claudebot@anthropic.com)"
3.17.71.93 - - [29/Apr/2025:10:03:27 -0400] "GET /ad917/?path=%2Fhome%2Fservlmvm%2F..%2F.%2F..%2F..%2Flib%2F.build-id%2Fa3%2F..%2F9e%2F..%2Fb3%2F..%2F.%2F8d%2F..%2F53%2F..%2Fd2%2F..%2F38%2F..%2Fbd%2F..%2F97%2F..%2Fa4 HTTP/1.1" 200 2459 "-" "Mozilla/5.0 AppleWebKit/537.36 (KHTML, like Gecko; compatible; ClaudeBot/1.0; +claudebot@anthropic.com)"
3.17.71.93 - - [29/Apr/2025:10:03:30 -0400] "GET /ad917/?path=%2Fhome%2Fservlmvm%2F..%2F.%2F..%2F..%2Flib%2F.build-id%2F6e%2F..%2Fb0%2F..%2F4a%2F..%2F.%2F92%2F..%2F82%2F..%2Fe8%2F..%2Ff6%2F..%2F31%2F..%2Fbf%2F..%2Fc7 HTTP/1.1" 200 2355 "-" "Mozilla/5.0 AppleWebKit/537.36 (KHTML, like Gecko; compatible; ClaudeBot/1.0; +claudebot@anthropic.com)"
3.17.71.93 - - [29/Apr/2025:10:03:33 -0400] "GET /ad917/?path=%2Fhome%2Fservlmvm%2F..%2F.%2F..%2F..%2Flib%2F.build-id%2F65%2F..%2F3d%2F..%2F39%2F.%2F..%2F0a%2F..%2F3b%2F..%2F87%2F..%2F81%2F.%2F..%2Fd8%2F..%2F0c HTTP/1.1" 200 2856 "-" "Mozilla/5.0 AppleWebKit/537.36 (KHTML, like Gecko; compatible; ClaudeBot/1.0; +claudebot@anthropic.com)"
3.17.71.93 - - [29/Apr/2025:10:03:36 -0400] "GET /ad917/?path=%2Fhome%2F.%2F..%2F..%2Fvar%2Flib%2F..%2Fsoftaculous%2Fmyadmin49%2F..%2Fmyt%2F..%2F.%2Focart23%2F..%2Fowncloud%2F..%2Fgrav%2F..%2Fninja HTTP/1.1" 200 2316 "-" "Mozilla/5.0 AppleWebKit/537.36 (KHTML, like Gecko; compatible; ClaudeBot/1.0; +claudebot@anthropic.com)"
