13.58.48.103 - - [29/Apr/2025:10:23:45 -0400] "GET /ad917/?path=%2Fhome%2Fservlmvm%2F..%2F.%2F..%2F..%2Flib%2F.build-id%2F77%2F..%2F39%2F..%2F1d%2F..%2F.%2F8d%2F..%2Fba%2F..%2Fec%2F..%2F89%2F..%2F2a%2F..%2F21%2F..%2F93 HTTP/1.1" 200 3066 "-" "Mozilla/5.0 AppleWebKit/537.36 (KHTML, like Gecko; compatible; ClaudeBot/1.0; +claudebot@anthropic.com)"
13.58.48.103 - - [29/Apr/2025:10:23:48 -0400] "GET /ad917/?path=%2Fhome%2Fservlmvm%2F..%2F.%2F..%2F..%2Flib%2F.build-id%2F65%2F..%2F3d%2F..%2F39%2F.%2F..%2F0a%2F..%2F3b%2F..%2F87%2F..%2F81%2F.%2F..%2Fd8%2F..%2Fca HTTP/1.1" 200 2413 "-" "Mozilla/5.0 AppleWebKit/537.36 (KHTML, like Gecko; compatible; ClaudeBot/1.0; +claudebot@anthropic.com)"
13.58.48.103 - - [29/Apr/2025:10:23:51 -0400] "GET /ad917/?path=%2Fhome%2Fservlmvm%2F..%2F.%2F..%2F..%2Flib%2F.build-id%2Ffe%2F..%2F71%2F..%2Fc8%2F.%2F..%2Fed%2F..%2F61%2F..%2F78%2F..%2F35%2F..%2F31%2F..%2Fa7%2F..%2F9e HTTP/1.1" 200 2887 "-" "Mozilla/5.0 AppleWebKit/537.36 (KHTML, like Gecko; compatible; ClaudeBot/1.0; +claudebot@anthropic.com)"
66.249.65.169 - - [29/Apr/2025:10:23:52 -0400] "GET /entity/bedstaff/18811238.shtml HTTP/1.1" 404 16952 "-" "Mozilla/5.0 (Linux; Android 6.0.1; Nexus 5X Build/MMB29P) AppleWebKit/537.36 (KHTML, like Gecko) Chrome/135.0.7049.95 Mobile Safari/537.36 (compatible; Googlebot/2.1; +http://www.google.com/bot.html)"
13.58.48.103 - - [29/Apr/2025:10:23:54 -0400] "GET /ad917/?path=%2Fhome%2Fservlmvm%2F..%2F.%2F..%2F..%2Flib%2F.build-id%2Faf%2F..%2F8e%2F..%2F79%2F..%2F.%2F47%2F..%2Fda%2F..%2F23%2F..%2Fb5%2F..%2Fa6%2F..%2F2f%2F..%2Faa HTTP/1.1" 200 3014 "-" "Mozilla/5.0 AppleWebKit/537.36 (KHTML, like Gecko; compatible; ClaudeBot/1.0; +claudebot@anthropic.com)"
13.58.48.103 - - [29/Apr/2025:10:23:57 -0400] "GET /ad917/?path=%2Fhome%2Fservlmvm%2F..%2F..%2Fvar%2Fsoftaculous%2Fosclassified%2F..%2Fplikli%2F..%2F.%2Favactis%2F.%2F..%2Fwallabag HTTP/1.1" 200 2289 "-" "Mozilla/5.0 AppleWebKit/537.36 (KHTML, like Gecko; compatible; ClaudeBot/1.0; +claudebot@anthropic.com)"
13.58.48.103 - - [29/Apr/2025:10:24:00 -0400] "GET /ad917/?path=%2Fhome%2F.%2F..%2F..%2Fvar%2Flib%2F..%2Fsoftaculous%2Fmyadmin49%2F..%2Fmyt%2F..%2Fgedview%2F..%2Fespo%2F.%2F..%2Fpresta17%2F..%2Fcrafty HTTP/1.1" 200 2149 "-" "Mozilla/5.0 AppleWebKit/537.36 (KHTML, like Gecko; compatible; ClaudeBot/1.0; +claudebot@anthropic.com)"
13.58.48.103 - - [29/Apr/2025:10:24:03 -0400] "GET /ad917/?path=%2Fhome%2Fservlmvm%2F..%2F.%2F..%2F..%2Flib%2F.build-id%2F77%2F..%2F39%2F..%2F1d%2F..%2F.%2F8d%2F..%2Fba%2F..%2Fec%2F..%2F89%2F..%2F2a%2F..%2F21%2F..%2F9b HTTP/1.1" 200 2563 "-" "Mozilla/5.0 AppleWebKit/537.36 (KHTML, like Gecko; compatible; ClaudeBot/1.0; +claudebot@anthropic.com)"
13.58.48.103 - - [29/Apr/2025:10:24:06 -0400] "GET /ad917/?path=%2Fhome%2Fservlmvm%2F..%2F.%2F..%2F..%2Flib%2F.build-id%2Fd8%2F..%2F65%2F..%2F0a%2F..%2F.%2Fe9%2F..%2F23%2F..%2Fa1%2F..%2F28%2F..%2F2c%2F..%2F21%2F..%2F93 HTTP/1.1" 200 2968 "-" "Mozilla/5.0 AppleWebKit/537.36 (KHTML, like Gecko; compatible; ClaudeBot/1.0; +claudebot@anthropic.com)"
198.54.116.86 - - [29/Apr/2025:10:24:07 -0400] "POST /wp-cron.php?doing_wp_cron=1745936647.3453450202941894531250 HTTP/1.1" 200 0 "-" "WordPress/6.8; https://servethepeopleinc.org"
52.167.144.235 - - [29/Apr/2025:10:24:07 -0400] "GET /item/i/declinal52220426.shtml HTTP/1.1" 301 0 "-" "Mozilla/5.0 AppleWebKit/537.36 (KHTML, like Gecko; compatible; bingbot/2.0; +http://www.bing.com/bingbot.htm) Chrome/116.0.1938.76 Safari/537.36"
198.54.116.86 - - [29/Apr/2025:10:24:07 -0400] "POST /wp-admin/admin-ajax.php?action=async_litespeed&nonce=5LpEGSFXYrj8HOEDOV9NcCm6A0AHcV47&litespeed_type=imgoptm HTTP/1.1" 200 21 "-" "WordPress/6.8; https://servethepeopleinc.org"
13.58.48.103 - - [29/Apr/2025:10:24:09 -0400] "GET /ad917/?path=%2Fhome%2Fservlmvm%2F..%2F.%2F..%2F..%2Flib%2F.build-id%2F9e%2F..%2F4c%2F..%2F29%2F..%2F.%2Fd5%2F..%2Fa1%2F..%2F0a%2F..%2Fd2%2F.%2F..%2Ff8%2F..%2Fba HTTP/1.1" 200 2698 "-" "Mozilla/5.0 AppleWebKit/537.36 (KHTML, like Gecko; compatible; ClaudeBot/1.0; +claudebot@anthropic.com)"
13.58.48.103 - - [29/Apr/2025:10:24:12 -0400] "GET /ad917/?path=%2Fhome%2Fservlmvm%2F..%2F.%2F..%2F..%2Flib%2F.build-id%2Faf%2F..%2F8e%2F..%2F79%2F..%2F.%2F47%2F..%2Fda%2F..%2F23%2F..%2Fb5%2F..%2Fa6%2F..%2Ff8%2F..%2F6f HTTP/1.1" 200 2518 "-" "Mozilla/5.0 AppleWebKit/537.36 (KHTML, like Gecko; compatible; ClaudeBot/1.0; +claudebot@anthropic.com)"
198.54.116.86 - - [29/Apr/2025:10:24:17 -0400] "POST /wp-cron.php?doing_wp_cron=1745936657.3787410259246826171875 HTTP/1.1" 200 0 "-" "WordPress/6.8; https://servethepeopleinc.org"
52.167.144.221 - - [29/Apr/2025:10:24:17 -0400] "GET /info/charry/451190.shtml HTTP/1.1" 301 0 "-" "Mozilla/5.0 AppleWebKit/537.36 (KHTML, like Gecko; compatible; bingbot/2.0; +http://www.bing.com/bingbot.htm) Chrome/116.0.1938.76 Safari/537.36"
66.249.65.169 - - [29/Apr/2025:10:24:18 -0400] "GET /categories/1252882?num=34260 HTTP/1.1" 404 16940 "-" "Mozilla/5.0 (compatible; Googlebot/2.1; +http://www.google.com/bot.html)"
66.249.65.168 - - [29/Apr/2025:10:24:21 -0400] "GET /categories/1252882?num=34260 HTTP/1.1" 404 16941 "-" "Mozilla/5.0 (Linux; Android 6.0.1; Nexus 5X Build/MMB29P) AppleWebKit/537.36 (KHTML, like Gecko) Chrome/135.0.7049.95 Mobile Safari/537.36 (compatible; Googlebot/2.1; +http://www.google.com/bot.html)"
52.167.144.199 - - [29/Apr/2025:10:24:35 -0400] "GET /goods/vaudevil52609414.shtml HTTP/1.1" 301 0 "-" "Mozilla/5.0 AppleWebKit/537.36 (KHTML, like Gecko; compatible; bingbot/2.0; +http://www.bing.com/bingbot.htm) Chrome/116.0.1938.76 Safari/537.36"
40.77.167.76 - - [29/Apr/2025:10:24:36 -0400] "GET /info/p/almude72910904.shtml HTTP/1.1" 404 16952 "-" "Mozilla/5.0 AppleWebKit/537.36 (KHTML, like Gecko; compatible; bingbot/2.0; +http://www.bing.com/bingbot.htm) Chrome/116.0.1938.76 Safari/537.36"
52.167.144.235 - - [29/Apr/2025:10:24:40 -0400] "GET /entity/bilifuscin/22041600.shtml HTTP/1.1" 301 0 "-" "Mozilla/5.0 AppleWebKit/537.36 (KHTML, like Gecko; compatible; bingbot/2.0; +http://www.bing.com/bingbot.htm) Chrome/116.0.1938.76 Safari/537.36"
3.15.189.95 - - [29/Apr/2025:10:24:44 -0400] "GET /ad917/?path=%2Fhome%2Fservlmvm%2F..%2F.%2F..%2F..%2Flib%2F.build-id%2Ffe%2F..%2F71%2F..%2Fc8%2F.%2F..%2Fed%2F..%2F61%2F..%2F78%2F..%2F35%2F..%2F31%2F..%2Fa7%2F..%2F97 HTTP/1.1" 200 2837 "-" "Mozilla/5.0 AppleWebKit/537.36 (KHTML, like Gecko; compatible; ClaudeBot/1.0; +claudebot@anthropic.com)"
52.167.144.235 - - [29/Apr/2025:10:24:45 -0400] "GET /goodscode/o/mucosa/2332706.shtml HTTP/1.1" 301 0 "-" "Mozilla/5.0 AppleWebKit/537.36 (KHTML, like Gecko; compatible; bingbot/2.0; +http://www.bing.com/bingbot.htm) Chrome/116.0.1938.76 Safari/537.36"
3.15.189.95 - - [29/Apr/2025:10:24:47 -0400] "GET /ad917/?path=%2Fhome%2Fservlmvm%2F..%2F.%2F..%2F..%2Flib%2F.build-id%2F77%2F..%2F39%2F..%2F1d%2F..%2F.%2F8d%2F..%2Fba%2F..%2Fec%2F..%2F89%2F..%2F2a%2F..%2F21%2F..%2Fb6 HTTP/1.1" 200 2990 "-" "Mozilla/5.0 AppleWebKit/537.36 (KHTML, like Gecko; compatible; ClaudeBot/1.0; +claudebot@anthropic.com)"
3.15.189.95 - - [29/Apr/2025:10:24:50 -0400] "GET /ad917/?path=%2Fhome%2Fservlmvm%2F..%2F.%2F..%2F..%2Flib%2F.build-id%2F65%2F..%2F3d%2F..%2F39%2F.%2F..%2F0a%2F..%2F3b%2F..%2F87%2F..%2F81%2F.%2F..%2F2f%2F..%2Fb4 HTTP/1.1" 200 2510 "-" "Mozilla/5.0 AppleWebKit/537.36 (KHTML, like Gecko; compatible; ClaudeBot/1.0; +claudebot@anthropic.com)"
3.15.189.95 - - [29/Apr/2025:10:24:53 -0400] "GET /ad917/?path=%2Fhome%2Fservlmvm%2F..%2F.%2F..%2F..%2Flib%2F.build-id%2Ffe%2F..%2F71%2F..%2Fc8%2F.%2F..%2Fed%2F..%2F61%2F..%2F78%2F..%2F35%2F..%2F31%2F..%2Fa7%2F..%2F6d HTTP/1.1" 200 2736 "-" "Mozilla/5.0 AppleWebKit/537.36 (KHTML, like Gecko; compatible; ClaudeBot/1.0; +claudebot@anthropic.com)"
198.54.116.86 - - [29/Apr/2025:10:24:54 -0400] "POST /wp-cron.php?doing_wp_cron=1745936694.8493680953979492187500 HTTP/1.1" 200 0 "-" "WordPress/6.8; https://servethepeopleinc.org"
52.167.144.235 - - [29/Apr/2025:10:24:54 -0400] "GET /items/iby/spousess2530058.shtml HTTP/1.1" 301 0 "-" "Mozilla/5.0 AppleWebKit/537.36 (KHTML, like Gecko; compatible; bingbot/2.0; +http://www.bing.com/bingbot.htm) Chrome/116.0.1938.76 Safari/537.36"
40.77.167.78 - - [29/Apr/2025:10:24:54 -0400] "GET /items59111686.shtml HTTP/1.1" 404 16940 "-" "Mozilla/5.0 AppleWebKit/537.36 (KHTML, like Gecko; compatible; bingbot/2.0; +http://www.bing.com/bingbot.htm) Chrome/116.0.1938.76 Safari/537.36"
13.58.48.103 - - [29/Apr/2025:10:23:06 -0400] "GET /ad917/?path=%2Fhome%2Fservlmvm%2F..%2F.%2F..%2F..%2Flib%2F.build-id%2F65%2F..%2F3d%2F..%2F39%2F.%2F..%2F0a%2F..%2F3b%2F..%2F87%2F..%2F81%2F.%2F..%2F2f%2F..%2Fca HTTP/1.1" 200 2445 "-" "Mozilla/5.0 AppleWebKit/537.36 (KHTML, like Gecko; compatible; ClaudeBot/1.0; +claudebot@anthropic.com)"
13.58.48.103 - - [29/Apr/2025:10:23:09 -0400] "GET /ad917/?path=%2Fhome%2Fservlmvm%2F..%2F.%2F..%2F..%2Flib%2F.build-id%2Faf%2F..%2F8e%2F..%2F79%2F..%2F.%2F47%2F..%2Fda%2F..%2F23%2F..%2Fb5%2F..%2Fa6%2F..%2Ff8%2F..%2Fe5 HTTP/1.1" 200 2511 "-" "Mozilla/5.0 AppleWebKit/537.36 (KHTML, like Gecko; compatible; ClaudeBot/1.0; +claudebot@anthropic.com)"
13.58.48.103 - - [29/Apr/2025:10:23:12 -0400] "GET /ad917/?path=%2Fhome%2Fservlmvm%2F..%2F.%2F..%2F..%2Flib%2F.build-id%2Ffe%2F..%2F71%2F..%2Fc8%2F.%2F..%2Fed%2F..%2F61%2F..%2F78%2F..%2F35%2F..%2F31%2F..%2Fa7%2F..%2Fe0 HTTP/1.1" 200 3053 "-" "Mozilla/5.0 AppleWebKit/537.36 (KHTML, like Gecko; compatible; ClaudeBot/1.0; +claudebot@anthropic.com)"
13.58.48.103 - - [29/Apr/2025:10:23:15 -0400] "GET /ad917/?path=%2Fhome%2Fservlmvm%2F..%2F.%2F..%2F..%2Flib%2F.build-id%2F65%2F..%2F3d%2F..%2F39%2F.%2F..%2F0a%2F..%2F3b%2F..%2F87%2F..%2F81%2F.%2F..%2F2f%2F..%2Fe4 HTTP/1.1" 200 2811 "-" "Mozilla/5.0 AppleWebKit/537.36 (KHTML, like Gecko; compatible; ClaudeBot/1.0; +claudebot@anthropic.com)"
198.54.116.86 - - [29/Apr/2025:10:24:55 -0400] "POST /wp-admin/admin-ajax.php?action=async_litespeed&nonce=dbJTOckSolOu2WX73l5YIyTHuASXxGxM&litespeed_type=imgoptm HTTP/1.1" 200 21 "-" "WordPress/6.8; https://servethepeopleinc.org"
3.15.189.95 - - [29/Apr/2025:10:24:56 -0400] "GET /ad917/?path=%2Fhome%2Fservlmvm%2F..%2F.%2F..%2F..%2Flib%2F.build-id%2Faf%2F..%2F8e%2F..%2F79%2F..%2F.%2F47%2F..%2Fda%2F..%2F23%2F..%2Fb5%2F..%2Fa6%2F..%2F2f%2F..%2Fb4 HTTP/1.1" 200 2494 "-" "Mozilla/5.0 AppleWebKit/537.36 (KHTML, like Gecko; compatible; ClaudeBot/1.0; +claudebot@anthropic.com)"
3.15.189.95 - - [29/Apr/2025:10:24:59 -0400] "GET /ad917/?path=%2Fhome%2Fservlmvm%2F..%2F.%2F..%2F..%2Flib%2F.build-id%2F9e%2F..%2F4c%2F..%2F29%2F..%2F.%2Fd5%2F..%2Fa1%2F..%2F0a%2F..%2Fd2%2F.%2F..%2Ff8%2F..%2Fb7 HTTP/1.1" 200 2737 "-" "Mozilla/5.0 AppleWebKit/537.36 (KHTML, like Gecko; compatible; ClaudeBot/1.0; +claudebot@anthropic.com)"
3.15.189.95 - - [29/Apr/2025:10:25:02 -0400] "GET /ad917/?path=%2Fhome%2Fservlmvm%2F..%2F.%2F..%2F..%2Flib%2F.build-id%2F9e%2F..%2F4c%2F..%2F29%2F..%2F.%2Fd5%2F..%2Fa1%2F..%2F0a%2F..%2Fd2%2F.%2F..%2Ff8%2F..%2Fb4 HTTP/1.1" 200 2544 "-" "Mozilla/5.0 AppleWebKit/537.36 (KHTML, like Gecko; compatible; ClaudeBot/1.0; +claudebot@anthropic.com)"
40.77.167.78 - - [29/Apr/2025:10:25:03 -0400] "GET /shopbrand2658810.shtml HTTP/1.1" 404 16941 "-" "Mozilla/5.0 AppleWebKit/537.36 (KHTML, like Gecko; compatible; bingbot/2.0; +http://www.bing.com/bingbot.htm) Chrome/116.0.1938.76 Safari/537.36"
3.15.189.95 - - [29/Apr/2025:10:25:05 -0400] "GET /ad917/?path=%2Fhome%2Fservlmvm%2F..%2F.%2F..%2F..%2Flib%2F.build-id%2Fd8%2F..%2F65%2F..%2F0a%2F..%2F.%2Fe9%2F..%2F23%2F..%2Fa1%2F..%2F28%2F..%2F2c%2F..%2F21%2F..%2Fb6 HTTP/1.1" 200 2919 "-" "Mozilla/5.0 AppleWebKit/537.36 (KHTML, like Gecko; compatible; ClaudeBot/1.0; +claudebot@anthropic.com)"
3.15.189.95 - - [29/Apr/2025:10:25:08 -0400] "GET /ad917/?path=%2Fhome%2Fservlmvm%2F..%2F.%2F..%2F..%2Flib%2F.build-id%2F20%2F..%2F43%2F..%2F11%2F.%2F..%2F0a%2F..%2Fbc%2F..%2F4e%2F..%2F2b%2F..%2F4d%2F..%2F2f%2F..%2F13 HTTP/1.1" 200 2887 "-" "Mozilla/5.0 AppleWebKit/537.36 (KHTML, like Gecko; compatible; ClaudeBot/1.0; +claudebot@anthropic.com)"
3.15.189.95 - - [29/Apr/2025:10:25:11 -0400] "GET /ad917/?path=%2Fhome%2Fservlmvm%2F..%2F.%2F..%2F..%2Flib%2F.build-id%2Faf%2F..%2F8e%2F..%2F79%2F..%2F.%2F47%2F..%2Fda%2F..%2F23%2F..%2Fb5%2F..%2Fa6%2F..%2F2f%2F..%2F6d HTTP/1.1" 200 2668 "-" "Mozilla/5.0 AppleWebKit/537.36 (KHTML, like Gecko; compatible; ClaudeBot/1.0; +claudebot@anthropic.com)"
3.15.189.95 - - [29/Apr/2025:10:25:14 -0400] "GET /ad917/?path=%2Fhome%2Fservlmvm%2F..%2F.%2F..%2F..%2Flib%2F.build-id%2Faf%2F..%2F8e%2F..%2F79%2F..%2F.%2F47%2F..%2Fda%2F..%2F23%2F..%2Fb5%2F..%2Fa6%2F..%2Ff8%2F..%2F1d HTTP/1.1" 200 3059 "-" "Mozilla/5.0 AppleWebKit/537.36 (KHTML, like Gecko; compatible; ClaudeBot/1.0; +claudebot@anthropic.com)"
52.167.144.199 - - [29/Apr/2025:10:25:15 -0400] "GET /shopdetail/ty/cupelling75790596.shtml HTTP/1.1" 301 0 "-" "Mozilla/5.0 AppleWebKit/537.36 (KHTML, like Gecko; compatible; bingbot/2.0; +http://www.bing.com/bingbot.htm) Chrome/116.0.1938.76 Safari/537.36"
3.15.189.95 - - [29/Apr/2025:10:25:17 -0400] "GET /ad917/?path=%2Fhome%2Fservlmvm%2F..%2F.%2F..%2F..%2Flib%2F.build-id%2Faf%2F..%2F8e%2F..%2F79%2F..%2F.%2F47%2F..%2Fda%2F..%2F23%2F..%2Fb5%2F..%2Fa6%2F..%2F2f%2F..%2Fb7 HTTP/1.1" 200 2800 "-" "Mozilla/5.0 AppleWebKit/537.36 (KHTML, like Gecko; compatible; ClaudeBot/1.0; +claudebot@anthropic.com)"
3.15.189.95 - - [29/Apr/2025:10:25:20 -0400] "GET /ad917/?path=%2Fhome%2Fservlmvm%2F..%2F.%2F..%2F..%2Flib%2F.build-id%2F65%2F..%2F3d%2F..%2F39%2F.%2F..%2F0a%2F..%2F3b%2F..%2F87%2F..%2F81%2F.%2F..%2F2f%2F..%2F89 HTTP/1.1" 200 2619 "-" "Mozilla/5.0 AppleWebKit/537.36 (KHTML, like Gecko; compatible; ClaudeBot/1.0; +claudebot@anthropic.com)"
3.15.189.95 - - [29/Apr/2025:10:25:23 -0400] "GET /ad917/?path=%2Fhome%2Fservlmvm%2F..%2F.%2F..%2F..%2Flib%2F.build-id%2F77%2F..%2F39%2F..%2F1d%2F..%2F.%2F8d%2F..%2Fba%2F..%2Fec%2F..%2F89%2F..%2F2a%2F..%2F21%2F..%2F83 HTTP/1.1" 200 2575 "-" "Mozilla/5.0 AppleWebKit/537.36 (KHTML, like Gecko; compatible; ClaudeBot/1.0; +claudebot@anthropic.com)"
198.54.116.86 - - [29/Apr/2025:10:25:26 -0400] "POST /wp-cron.php?doing_wp_cron=1745936726.4278099536895751953125 HTTP/1.1" 200 0 "-" "WordPress/6.8; https://servethepeopleinc.org"
52.167.144.199 - - [29/Apr/2025:10:25:26 -0400] "GET /entity/rxe/elacate52605232.shtml HTTP/1.1" 301 0 "-" "Mozilla/5.0 AppleWebKit/537.36 (KHTML, like Gecko; compatible; bingbot/2.0; +http://www.bing.com/bingbot.htm) Chrome/116.0.1938.76 Safari/537.36"
3.15.189.95 - - [29/Apr/2025:10:25:26 -0400] "GET /ad917/?path=%2Fhome%2Fservlmvm%2F..%2F.%2F..%2F..%2Flib%2F.build-id%2F77%2F..%2F39%2F..%2F1d%2F..%2F.%2F8d%2F..%2Fba%2F..%2Fec%2F..%2F89%2F..%2F2a%2F..%2F21%2F..%2F68 HTTP/1.1" 200 2823 "-" "Mozilla/5.0 AppleWebKit/537.36 (KHTML, like Gecko; compatible; ClaudeBot/1.0; +claudebot@anthropic.com)"
3.15.189.95 - - [29/Apr/2025:10:25:29 -0400] "GET /ad917/?path=%2Fhome%2Fservlmvm%2F..%2F..%2Fvar%2Fsoftaculous%2Fosclassified%2F..%2Focart4%2F.%2F.%2F.%2F..%2Fmt%2F..%2Fwp65%2F..%2Fblab%2F..%2Fconc85 HTTP/1.1" 200 2441 "-" "Mozilla/5.0 AppleWebKit/537.36 (KHTML, like Gecko; compatible; ClaudeBot/1.0; +claudebot@anthropic.com)"
3.15.189.95 - - [29/Apr/2025:10:25:32 -0400] "GET /ad917/?path=%2Fhome%2Fservlmvm%2F..%2F.%2F..%2F..%2Flib%2F.build-id%2F63%2F..%2F2c%2F..%2F86%2F.%2F..%2Ffa%2F..%2F53%2F..%2Fa6%2F..%2F95%2F..%2F64%2F..%2F2f%2F..%2F8e HTTP/1.1" 200 2685 "-" "Mozilla/5.0 AppleWebKit/537.36 (KHTML, like Gecko; compatible; ClaudeBot/1.0; +claudebot@anthropic.com)"
52.167.144.221 - - [29/Apr/2025:10:25:34 -0400] "GET /product/qg/paragraph75671446.shtml HTTP/1.1" 301 0 "-" "Mozilla/5.0 AppleWebKit/537.36 (KHTML, like Gecko; compatible; bingbot/2.0; +http://www.bing.com/bingbot.htm) Chrome/116.0.1938.76 Safari/537.36"
3.15.189.95 - - [29/Apr/2025:10:25:35 -0400] "GET /ad917/?path=%2Fhome%2F.%2F..%2F..%2Fvar%2Flib%2F..%2Fsoftaculous%2Fmyadmin49%2F..%2Fmyt%2F..%2Fhizup%2F..%2Fagora%2F..%2Ffusio%2F..%2Fpie%2F..%2Fwebcal%2F. HTTP/1.1" 200 2098 "-" "Mozilla/5.0 AppleWebKit/537.36 (KHTML, like Gecko; compatible; ClaudeBot/1.0; +claudebot@anthropic.com)"
3.15.189.95 - - [29/Apr/2025:10:25:38 -0400] "GET /ad917/?path=%2Fhome%2Fservlmvm%2F..%2F.%2F..%2F..%2Flib%2F.build-id%2F65%2F..%2F3d%2F..%2F39%2F.%2F..%2F0a%2F..%2F3b%2F..%2F87%2F..%2F81%2F.%2F..%2F2f%2F..%2F5f HTTP/1.1" 200 2714 "-" "Mozilla/5.0 AppleWebKit/537.36 (KHTML, like Gecko; compatible; ClaudeBot/1.0; +claudebot@anthropic.com)"
3.15.189.95 - - [29/Apr/2025:10:25:41 -0400] "GET /ad917/?path=%2Fhome%2Fservlmvm%2F..%2F.%2F..%2F..%2Flib%2F.build-id%2F77%2F..%2F39%2F..%2F1d%2F..%2F.%2F8d%2F..%2Fba%2F..%2Fec%2F..%2F89%2F..%2F2a%2F..%2F21%2F..%2F75 HTTP/1.1" 200 3083 "-" "Mozilla/5.0 AppleWebKit/537.36 (KHTML, like Gecko; compatible; ClaudeBot/1.0; +claudebot@anthropic.com)"
3.15.189.95 - - [29/Apr/2025:10:25:44 -0400] "GET /ad917/?path=%2Fhome%2Fservlmvm%2F..%2F.%2F..%2F..%2Flib%2F.build-id%2Faf%2F..%2F8e%2F..%2F79%2F..%2F.%2F47%2F..%2Fda%2F..%2F23%2F..%2Fb5%2F..%2Fa6%2F..%2F2f%2F..%2Fab HTTP/1.1" 200 3355 "-" "Mozilla/5.0 AppleWebKit/537.36 (KHTML, like Gecko; compatible; ClaudeBot/1.0; +claudebot@anthropic.com)"
3.15.189.95 - - [29/Apr/2025:10:25:47 -0400] "GET /ad917/?path=%2Fhome%2Fservlmvm%2F..%2F.%2F..%2F..%2Flib%2F.build-id%2F9e%2F..%2F4c%2F..%2F29%2F..%2F.%2Fd5%2F..%2Fa1%2F..%2F0a%2F..%2Fd2%2F.%2F..%2Ff8%2F..%2F97 HTTP/1.1" 200 2839 "-" "Mozilla/5.0 AppleWebKit/537.36 (KHTML, like Gecko; compatible; ClaudeBot/1.0; +claudebot@anthropic.com)"
3.15.189.95 - - [29/Apr/2025:10:25:50 -0400] "GET /ad917/?path=%2Fhome%2Fservlmvm%2F..%2F.%2F..%2F..%2Flib%2F.build-id%2Faf%2F..%2F8e%2F..%2F79%2F..%2F.%2F47%2F..%2Fda%2F..%2F23%2F..%2Fb5%2F..%2Fa6%2F..%2Ff8%2F..%2F97 HTTP/1.1" 200 2872 "-" "Mozilla/5.0 AppleWebKit/537.36 (KHTML, like Gecko; compatible; ClaudeBot/1.0; +claudebot@anthropic.com)"
3.15.189.95 - - [29/Apr/2025:10:25:53 -0400] "GET /ad917/?path=%2Fhome%2Fservlmvm%2F..%2F.%2F..%2F..%2Flib%2F.build-id%2F65%2F..%2F3d%2F..%2F39%2F.%2F..%2F0a%2F..%2F3b%2F..%2F87%2F..%2F81%2F.%2F..%2Fd8%2F..%2F89 HTTP/1.1" 200 2641 "-" "Mozilla/5.0 AppleWebKit/537.36 (KHTML, like Gecko; compatible; ClaudeBot/1.0; +claudebot@anthropic.com)"
52.167.144.199 - - [29/Apr/2025:10:25:53 -0400] "GET /product/beetles/52315414.shtml HTTP/1.1" 301 0 "-" "Mozilla/5.0 AppleWebKit/537.36 (KHTML, like Gecko; compatible; bingbot/2.0; +http://www.bing.com/bingbot.htm) Chrome/116.0.1938.76 Safari/537.36"
3.15.189.95 - - [29/Apr/2025:10:25:56 -0400] "GET /ad917/?path=%2Fhome%2Fservlmvm%2F..%2F..%2Fvar%2Fsoftaculous%2Fosclassified%2F..%2Focart4%2F.%2F.%2F.%2F..%2Fwebmail%2F..%2Flibre%2F..%2F.%2Ftiki22 HTTP/1.1" 200 2281 "-" "Mozilla/5.0 AppleWebKit/537.36 (KHTML, like Gecko; compatible; ClaudeBot/1.0; +claudebot@anthropic.com)"
3.15.189.95 - - [29/Apr/2025:10:25:59 -0400] "GET /ad917/?path=%2Fhome%2Fservlmvm%2F..%2F.%2F..%2F..%2Flib%2F.build-id%2Fd8%2F..%2F65%2F..%2F0a%2F..%2F.%2Fe9%2F..%2F23%2F..%2Fa1%2F..%2F28%2F..%2F2c%2F..%2F21%2F..%2F83 HTTP/1.1" 200 2572 "-" "Mozilla/5.0 AppleWebKit/537.36 (KHTML, like Gecko; compatible; ClaudeBot/1.0; +claudebot@anthropic.com)"
3.15.189.95 - - [29/Apr/2025:10:26:02 -0400] "GET /ad917/?path=%2Fhome%2Fservlmvm%2F..%2F.%2F..%2F..%2Flib%2F.build-id%2F77%2F..%2F39%2F..%2F1d%2F..%2F.%2F8d%2F..%2Fba%2F..%2Fec%2F..%2F89%2F..%2F2a%2F..%2F21%2F..%2F80 HTTP/1.1" 200 2497 "-" "Mozilla/5.0 AppleWebKit/537.36 (KHTML, like Gecko; compatible; ClaudeBot/1.0; +claudebot@anthropic.com)"
198.54.116.86 - - [29/Apr/2025:10:26:02 -0400] "POST /wp-cron.php?doing_wp_cron=1745936762.7104759216308593750000 HTTP/1.1" 200 0 "-" "WordPress/6.8; https://servethepeopleinc.org"
66.249.65.168 - - [29/Apr/2025:10:26:02 -0400] "GET /shopdetail/dessertspoonful/48038722.shtml HTTP/1.1" 404 16950 "-" "Mozilla/5.0 (Linux; Android 6.0.1; Nexus 5X Build/MMB29P) AppleWebKit/537.36 (KHTML, like Gecko) Chrome/135.0.7049.95 Mobile Safari/537.36 (compatible; Googlebot/2.1; +http://www.google.com/bot.html)"
198.54.116.86 - - [29/Apr/2025:10:26:02 -0400] "POST /wp-admin/admin-ajax.php?action=async_litespeed&nonce=STRCQU3t0EUZDLxO8AEN0s9qBdG5w6aA&litespeed_type=imgoptm HTTP/1.1" 200 21 "-" "WordPress/6.8; https://servethepeopleinc.org"
52.167.144.235 - - [29/Apr/2025:10:26:04 -0400] "GET /items/52109568.shtml HTTP/1.1" 301 0 "-" "Mozilla/5.0 AppleWebKit/537.36 (KHTML, like Gecko; compatible; bingbot/2.0; +http://www.bing.com/bingbot.htm) Chrome/116.0.1938.76 Safari/537.36"
3.15.189.95 - - [29/Apr/2025:10:26:05 -0400] "GET /ad917/?path=%2Fhome%2Fservlmvm%2F..%2F.%2F..%2F..%2Flib%2F.build-id%2Fd8%2F..%2F65%2F..%2F0a%2F..%2F.%2Fe9%2F..%2F23%2F..%2Fa1%2F..%2F28%2F..%2F2c%2F..%2F21%2F..%2F68 HTTP/1.1" 200 2851 "-" "Mozilla/5.0 AppleWebKit/537.36 (KHTML, like Gecko; compatible; ClaudeBot/1.0; +claudebot@anthropic.com)"
3.15.189.95 - - [29/Apr/2025:10:26:08 -0400] "GET /ad917/?path=%2Fhome%2Fservlmvm%2F..%2F.%2F..%2F..%2Flib%2F.build-id%2F77%2F..%2F39%2F..%2F1d%2F..%2F.%2F8d%2F..%2Fba%2F..%2Fec%2F..%2F89%2F..%2F2a%2F..%2F21%2F..%2F1b HTTP/1.1" 200 2628 "-" "Mozilla/5.0 AppleWebKit/537.36 (KHTML, like Gecko; compatible; ClaudeBot/1.0; +claudebot@anthropic.com)"
52.167.144.221 - - [29/Apr/2025:10:26:08 -0400] "GET /goods68321968.shtml HTTP/1.1" 301 0 "-" "Mozilla/5.0 AppleWebKit/537.36 (KHTML, like Gecko; compatible; bingbot/2.0; +http://www.bing.com/bingbot.htm) Chrome/116.0.1938.76 Safari/537.36"
3.15.189.95 - - [29/Apr/2025:10:26:11 -0400] "GET /ad917/?path=%2Fhome%2Fservlmvm%2F..%2F..%2Fvar%2Fsoftaculous%2Fosclassified%2F..%2Focart4%2F.%2F.%2F.%2F..%2Fwebmail%2F..%2Flibre%2F..%2F.%2Fhumogen HTTP/1.1" 200 2157 "-" "Mozilla/5.0 AppleWebKit/537.36 (KHTML, like Gecko; compatible; ClaudeBot/1.0; +claudebot@anthropic.com)"
52.167.144.221 - - [29/Apr/2025:10:26:13 -0400] "GET /special/qqg/scorcher/52602946.shtml HTTP/1.1" 301 0 "-" "Mozilla/5.0 AppleWebKit/537.36 (KHTML, like Gecko; compatible; bingbot/2.0; +http://www.bing.com/bingbot.htm) Chrome/116.0.1938.76 Safari/537.36"
3.15.189.95 - - [29/Apr/2025:10:26:14 -0400] "GET /ad917/?path=%2Fhome%2Fservlmvm%2F..%2F.%2F..%2F..%2Flib%2F.build-id%2F6e%2F..%2Fb0%2F..%2F4a%2F..%2F.%2F0f%2F..%2F56%2F..%2F35%2F..%2Ffe%2F..%2F19%2F..%2F0b%2F..%2F13 HTTP/1.1" 200 2933 "-" "Mozilla/5.0 AppleWebKit/537.36 (KHTML, like Gecko; compatible; ClaudeBot/1.0; +claudebot@anthropic.com)"
3.15.189.95 - - [29/Apr/2025:10:26:17 -0400] "GET /ad917/?path=%2Fhome%2Fservlmvm%2F..%2F..%2Fvar%2Fsoftaculous%2Fosclassified%2F..%2Focart4%2F.%2F.%2F.%2F..%2Fwebmail%2F..%2Flibre%2F..%2Falegro%2Fmd5 HTTP/1.1" 200 2495 "-" "Mozilla/5.0 AppleWebKit/537.36 (KHTML, like Gecko; compatible; ClaudeBot/1.0; +claudebot@anthropic.com)"
198.54.116.86 - - [29/Apr/2025:10:26:17 -0400] "POST /wp-cron.php?doing_wp_cron=1745936777.9702119827270507812500 HTTP/1.1" 200 0 "-" "WordPress/6.8; https://servethepeopleinc.org"
52.167.144.221 - - [29/Apr/2025:10:26:17 -0400] "GET /shopping/51907964.shtml HTTP/1.1" 301 0 "-" "Mozilla/5.0 AppleWebKit/537.36 (KHTML, like Gecko; compatible; bingbot/2.0; +http://www.bing.com/bingbot.htm) Chrome/116.0.1938.76 Safari/537.36"
52.167.144.199 - - [29/Apr/2025:10:26:19 -0400] "GET /item/standpoint/83898860.shtml HTTP/1.1" 301 0 "-" "Mozilla/5.0 AppleWebKit/537.36 (KHTML, like Gecko; compatible; bingbot/2.0; +http://www.bing.com/bingbot.htm) Chrome/116.0.1938.76 Safari/537.36"
3.15.189.95 - - [29/Apr/2025:10:26:20 -0400] "GET /ad917/?path=%2Fhome%2Fservlmvm%2F..%2F.%2F..%2F..%2Flib%2F.build-id%2Ffe%2F..%2F71%2F..%2Fc8%2F.%2F..%2Fed%2F..%2F61%2F..%2F78%2F..%2F35%2F..%2F31%2F..%2Fa7%2F..%2Fb6 HTTP/1.1" 200 2986 "-" "Mozilla/5.0 AppleWebKit/537.36 (KHTML, like Gecko; compatible; ClaudeBot/1.0; +claudebot@anthropic.com)"
3.15.189.95 - - [29/Apr/2025:10:26:23 -0400] "GET /ad917/?path=%2Fhome%2Fservlmvm%2F..%2F.%2F..%2F..%2Flib%2F.build-id%2Fd8%2F..%2F65%2F..%2F0a%2F..%2F.%2Fe9%2F..%2F23%2F..%2Fa1%2F..%2F28%2F..%2F2c%2F..%2F21%2F..%2F80 HTTP/1.1" 200 2495 "-" "Mozilla/5.0 AppleWebKit/537.36 (KHTML, like Gecko; compatible; ClaudeBot/1.0; +claudebot@anthropic.com)"
3.15.189.95 - - [29/Apr/2025:10:26:26 -0400] "GET /ad917/?path=%2Fhome%2Fservlmvm%2F..%2F.%2F..%2F..%2Flib%2F.build-id%2F65%2F..%2F3d%2F..%2F39%2F.%2F..%2F0a%2F..%2F3b%2F..%2F87%2F..%2F81%2F.%2F..%2Fd8%2F..%2Fae HTTP/1.1" 200 2577 "-" "Mozilla/5.0 AppleWebKit/537.36 (KHTML, like Gecko; compatible; ClaudeBot/1.0; +claudebot@anthropic.com)"
3.15.189.95 - - [29/Apr/2025:10:26:29 -0400] "GET /ad917/?path=%2Fhome%2Fservlmvm%2F..%2F.%2F..%2F..%2Flib%2F.build-id%2Fd8%2F..%2F65%2F..%2F0a%2F..%2F.%2Fe9%2F..%2F23%2F..%2Fa1%2F..%2F28%2F..%2F2c%2F..%2F21%2F..%2F75 HTTP/1.1" 200 3112 "-" "Mozilla/5.0 AppleWebKit/537.36 (KHTML, like Gecko; compatible; ClaudeBot/1.0; +claudebot@anthropic.com)"
3.15.189.95 - - [29/Apr/2025:10:26:32 -0400] "GET /ad917/?path=%2Fhome%2Fservlmvm%2F..%2F.%2F..%2F..%2Flib%2F.build-id%2Fd8%2F..%2F65%2F..%2F0a%2F..%2F.%2Fe9%2F..%2F23%2F..%2Fa1%2F..%2F28%2F..%2F2c%2F..%2F21%2F..%2F1b HTTP/1.1" 200 2664 "-" "Mozilla/5.0 AppleWebKit/537.36 (KHTML, like Gecko; compatible; ClaudeBot/1.0; +claudebot@anthropic.com)"
3.15.189.95 - - [29/Apr/2025:10:26:35 -0400] "GET /ad917/?path=%2Fhome%2Fservlmvm%2F..%2F..%2Fvar%2Fsoftaculous%2Fosclassified%2F..%2Focart4%2F.%2F.%2F.%2F..%2Fcotonti%2F..%2F.%2Fphplite%2F..%2Fbaker HTTP/1.1" 200 2186 "-" "Mozilla/5.0 AppleWebKit/537.36 (KHTML, like Gecko; compatible; ClaudeBot/1.0; +claudebot@anthropic.com)"
3.15.189.95 - - [29/Apr/2025:10:26:38 -0400] "GET /ad917/?path=%2Fhome%2Fservlmvm%2F..%2F.%2F..%2F..%2Flib%2F.build-id%2F63%2F..%2F2c%2F..%2F86%2F.%2F..%2Ffa%2F..%2F53%2F..%2Fa6%2F..%2F95%2F..%2F64%2F..%2F2f%2F..%2F14 HTTP/1.1" 200 2461 "-" "Mozilla/5.0 AppleWebKit/537.36 (KHTML, like Gecko; compatible; ClaudeBot/1.0; +claudebot@anthropic.com)"
3.15.189.95 - - [29/Apr/2025:10:26:41 -0400] "GET /ad917/?path=%2Fhome%2Fservlmvm%2F..%2F.%2F..%2F..%2Flib%2F.build-id%2Faf%2F..%2F8e%2F..%2F79%2F..%2F.%2F47%2F..%2Fda%2F..%2F23%2F..%2Fb5%2F..%2Fa6%2F..%2Ff8%2F..%2Fab HTTP/1.1" 200 3319 "-" "Mozilla/5.0 AppleWebKit/537.36 (KHTML, like Gecko; compatible; ClaudeBot/1.0; +claudebot@anthropic.com)"
3.15.189.95 - - [29/Apr/2025:10:26:44 -0400] "GET /ad917/?path=%2Fhome%2Fservlmvm%2F..%2F.%2F..%2F..%2Flib%2F.build-id%2F63%2F..%2F2c%2F..%2F86%2F.%2F..%2Ffa%2F..%2F53%2F..%2Fa6%2F..%2F95%2F..%2F64%2F..%2F2f%2F..%2F5f HTTP/1.1" 200 2681 "-" "Mozilla/5.0 AppleWebKit/537.36 (KHTML, like Gecko; compatible; ClaudeBot/1.0; +claudebot@anthropic.com)"
3.15.189.95 - - [29/Apr/2025:10:26:47 -0400] "GET /ad917/?path=%2Fhome%2Fservlmvm%2F..%2F..%2Fvar%2Fsoftaculous%2Fosclassified%2F..%2Focart4%2F.%2F.%2F.%2F..%2Fwebmail%2F..%2Flibre%2F..%2F.%2Falegro HTTP/1.1" 200 2152 "-" "Mozilla/5.0 AppleWebKit/537.36 (KHTML, like Gecko; compatible; ClaudeBot/1.0; +claudebot@anthropic.com)"
51.222.253.17 - - [29/Apr/2025:10:26:50 -0400] "GET /item/9184808.shtml HTTP/1.1" 404 16942 "-" "Mozilla/5.0 (compatible; AhrefsBot/7.0; +http://ahrefs.com/robot/)"
3.15.189.95 - - [29/Apr/2025:10:26:50 -0400] "GET /ad917/?path=%2Fhome%2Fservlmvm%2F..%2F.%2F..%2F..%2Flib%2F.build-id%2F9e%2F..%2F56%2F..%2F8a%2F..%2F8f%2F.%2F..%2F79%2F..%2Fb6%2F..%2Fa7%2F..%2F5d%2F..%2Ff8%2F..%2F6d HTTP/1.1" 200 2733 "-" "Mozilla/5.0 AppleWebKit/537.36 (KHTML, like Gecko; compatible; ClaudeBot/1.0; +claudebot@anthropic.com)"
3.15.189.95 - - [29/Apr/2025:10:26:53 -0400] "GET /ad917/?path=%2Fhome%2Fservlmvm%2F..%2F..%2Fvar%2Fsoftaculous%2Fosclassified%2F..%2Focart4%2F.%2F.%2F.%2F..%2Fwebmail%2F..%2Flibre%2F..%2F.%2Fossn HTTP/1.1" 200 2313 "-" "Mozilla/5.0 AppleWebKit/537.36 (KHTML, like Gecko; compatible; ClaudeBot/1.0; +claudebot@anthropic.com)"
198.54.116.86 - - [29/Apr/2025:10:26:55 -0400] "POST /wp-cron.php?doing_wp_cron=1745936815.4153349399566650390625 HTTP/1.1" 200 0 "-" "WordPress/6.8; https://servethepeopleinc.org"
152.52.69.37 - - [29/Apr/2025:10:26:55 -0400] "POST /xmlrpc.php HTTP/1.1" 200 210 "-" "Mozilla/5.0 (Windows NT 10.0; Win64; x64; rv:57.0) Gecko/20100101 Firefox/57.0"
198.54.116.86 - - [29/Apr/2025:10:26:55 -0400] "POST /wp-admin/admin-ajax.php?action=async_litespeed&nonce=s8an3r7DcPOSxsRMJIdONs5B48241tdv&litespeed_type=imgoptm HTTP/1.1" 200 21 "-" "WordPress/6.8; https://servethepeopleinc.org"
198.54.116.86 - - [29/Apr/2025:10:27:16 -0400] "POST /wp-cron.php?doing_wp_cron=1745936836.1883609294891357421875 HTTP/1.1" 200 0 "-" "WordPress/6.8; https://servethepeopleinc.org"
52.167.144.199 - - [29/Apr/2025:10:27:16 -0400] "GET /shopbrand/n/smicket/122099960.shtml HTTP/1.1" 301 0 "-" "Mozilla/5.0 AppleWebKit/537.36 (KHTML, like Gecko; compatible; bingbot/2.0; +http://www.bing.com/bingbot.htm) Chrome/116.0.1938.76 Safari/537.36"
3.148.240.165 - - [29/Apr/2025:10:27:30 -0400] "GET /ad917/?path=%2Fhome%2Fservlmvm%2F..%2F.%2F..%2F..%2Flib%2F.build-id%2F65%2F..%2F3d%2F..%2F39%2F.%2F..%2F0a%2F..%2F3b%2F..%2F87%2F..%2F81%2F.%2F..%2Fd8%2F..%2F4f HTTP/1.1" 200 2474 "-" "Mozilla/5.0 AppleWebKit/537.36 (KHTML, like Gecko; compatible; ClaudeBot/1.0; +claudebot@anthropic.com)"
3.148.240.165 - - [29/Apr/2025:10:27:33 -0400] "GET /ad917/?path=%2Fhome%2Fservlmvm%2F..%2F.%2F..%2F..%2Flib%2F.build-id%2F9e%2F..%2F4c%2F..%2F29%2F..%2F.%2Fd5%2F..%2Fa1%2F..%2F0a%2F..%2Fd2%2F.%2F..%2Ff8%2F..%2F52 HTTP/1.1" 200 2621 "-" "Mozilla/5.0 AppleWebKit/537.36 (KHTML, like Gecko; compatible; ClaudeBot/1.0; +claudebot@anthropic.com)"
3.148.240.165 - - [29/Apr/2025:10:27:36 -0400] "GET /ad917/?path=%2Fhome%2Fservlmvm%2F..%2F..%2Fvar%2Fsoftaculous%2Fosclassified%2F..%2Focart4%2F.%2F.%2F.%2F..%2Fwebmail%2F..%2Flibre%2F..%2Fpier%2Fmd5 HTTP/1.1" 200 1888 "-" "Mozilla/5.0 AppleWebKit/537.36 (KHTML, like Gecko; compatible; ClaudeBot/1.0; +claudebot@anthropic.com)"
3.148.240.165 - - [29/Apr/2025:10:27:39 -0400] "GET /ad917/?path=%2Fhome%2Fservlmvm%2F..%2F.%2F..%2F..%2Flib%2F.build-id%2Faf%2F..%2F8e%2F..%2F79%2F..%2F.%2F47%2F..%2Fda%2F..%2F23%2F..%2Fb5%2F..%2Fa6%2F..%2Ff8%2F..%2F51 HTTP/1.1" 200 3066 "-" "Mozilla/5.0 AppleWebKit/537.36 (KHTML, like Gecko; compatible; ClaudeBot/1.0; +claudebot@anthropic.com)"
3.148.240.165 - - [29/Apr/2025:10:27:42 -0400] "GET /ad917/?path=%2Fhome%2Fservlmvm%2F..%2F.%2F..%2F..%2Flib%2F.build-id%2F9e%2F..%2F4c%2F..%2F29%2F..%2F.%2Fd5%2F..%2Fa1%2F..%2F0a%2F..%2Fd2%2F.%2F..%2Ff8%2F..%2F81 HTTP/1.1" 200 3346 "-" "Mozilla/5.0 AppleWebKit/537.36 (KHTML, like Gecko; compatible; ClaudeBot/1.0; +claudebot@anthropic.com)"
3.148.240.165 - - [29/Apr/2025:10:27:45 -0400] "GET /ad917/?path=%2Fhome%2Fservlmvm%2F..%2F.%2F..%2F..%2Flib%2F.build-id%2F77%2F..%2F39%2F..%2F1d%2F..%2F.%2F8d%2F..%2Fba%2F..%2Fec%2F..%2F89%2F..%2F2a%2F..%2F21%2F..%2F63 HTTP/1.1" 200 2599 "-" "Mozilla/5.0 AppleWebKit/537.36 (KHTML, like Gecko; compatible; ClaudeBot/1.0; +claudebot@anthropic.com)"
3.148.240.165 - - [29/Apr/2025:10:27:48 -0400] "GET /ad917/?path=%2Fhome%2Fservlmvm%2F..%2F.%2F..%2F..%2Flib%2F.build-id%2F6e%2F..%2Fb0%2F..%2F4a%2F..%2F.%2F0f%2F..%2F56%2F..%2F35%2F..%2Ffe%2F..%2F19%2F..%2F0b%2F..%2F66 HTTP/1.1" 200 3415 "-" "Mozilla/5.0 AppleWebKit/537.36 (KHTML, like Gecko; compatible; ClaudeBot/1.0; +claudebot@anthropic.com)"
52.167.144.235 - - [29/Apr/2025:10:27:48 -0400] "GET /shopbrand99202320.shtml HTTP/1.1" 301 0 "-" "Mozilla/5.0 AppleWebKit/537.36 (KHTML, like Gecko; compatible; bingbot/2.0; +http://www.bing.com/bingbot.htm) Chrome/116.0.1938.76 Safari/537.36"
3.148.240.165 - - [29/Apr/2025:10:27:51 -0400] "GET /ad917/?path=%2Fhome%2F.%2F..%2F..%2Fvar%2Flib%2F..%2Fsoftaculous%2Fmyadmin49%2F..%2Fagora%2F..%2Ftwg%2F..%2F.%2Fampache%2F..%2Forange%2F_upgrade.xml HTTP/1.1" 200 1214 "-" "Mozilla/5.0 AppleWebKit/537.36 (KHTML, like Gecko; compatible; ClaudeBot/1.0; +claudebot@anthropic.com)"
3.148.240.165 - - [29/Apr/2025:10:27:54 -0400] "GET /ad917/?path=%2Fhome%2Fservlmvm%2F..%2F.%2F..%2F..%2Flib%2F.build-id%2F77%2F..%2F39%2F..%2F1d%2F..%2F.%2F8d%2F..%2Fba%2F..%2Fec%2F..%2F89%2F..%2F2a%2F..%2F21%2F..%2F33 HTTP/1.1" 200 2922 "-" "Mozilla/5.0 AppleWebKit/537.36 (KHTML, like Gecko; compatible; ClaudeBot/1.0; +claudebot@anthropic.com)"
198.54.116.86 - - [29/Apr/2025:10:27:55 -0400] "POST /wp-cron.php?doing_wp_cron=1745936875.6474449634552001953125 HTTP/1.1" 200 0 "-" "WordPress/6.8; https://servethepeopleinc.org"
52.167.144.193 - - [29/Apr/2025:10:27:55 -0400] "GET /detail/aim/lancinated/2285178.shtml HTTP/1.1" 301 0 "-" "Mozilla/5.0 AppleWebKit/537.36 (KHTML, like Gecko; compatible; bingbot/2.0; +http://www.bing.com/bingbot.htm) Chrome/116.0.1938.76 Safari/537.36"
198.54.116.86 - - [29/Apr/2025:10:27:55 -0400] "POST /wp-admin/admin-ajax.php?action=async_litespeed&nonce=hMXKjAr72ocf95stwNr8Z0oQb3Stx8Tt&litespeed_type=imgoptm HTTP/1.1" 200 21 "-" "WordPress/6.8; https://servethepeopleinc.org"
3.148.240.165 - - [29/Apr/2025:10:27:57 -0400] "GET /ad917/?path=%2Fhome%2Fservlmvm%2F..%2F..%2Fvar%2Fsoftaculous%2Fosclassified%2F..%2Focart4%2F.%2F.%2F.%2F..%2Fwebmail%2F..%2Flibre%2F..%2Fmaian%2Fmd5 HTTP/1.1" 200 2109 "-" "Mozilla/5.0 AppleWebKit/537.36 (KHTML, like Gecko; compatible; ClaudeBot/1.0; +claudebot@anthropic.com)"
3.148.240.165 - - [29/Apr/2025:10:28:00 -0400] "GET /ad917/?path=%2Fhome%2Fservlmvm%2F..%2F.%2F..%2F..%2Flib%2F.build-id%2F20%2F..%2F43%2F..%2F11%2F.%2F..%2F0a%2F..%2Fbc%2F..%2F4e%2F..%2F2b%2F..%2F4d%2F..%2F2f%2F..%2F51 HTTP/1.1" 200 3053 "-" "Mozilla/5.0 AppleWebKit/537.36 (KHTML, like Gecko; compatible; ClaudeBot/1.0; +claudebot@anthropic.com)"
3.148.240.165 - - [29/Apr/2025:10:28:03 -0400] "GET /ad917/?path=%2Fhome%2Fservlmvm%2F..%2F.%2F..%2F..%2Flib%2F.build-id%2Fd8%2F..%2F65%2F..%2F0a%2F..%2F.%2Fe9%2F..%2F23%2F..%2Fa1%2F..%2F28%2F..%2F2c%2F..%2F21%2F..%2F63 HTTP/1.1" 200 2594 "-" "Mozilla/5.0 AppleWebKit/537.36 (KHTML, like Gecko; compatible; ClaudeBot/1.0; +claudebot@anthropic.com)"
3.148.240.165 - - [29/Apr/2025:10:28:06 -0400] "GET /ad917/?path=%2Fhome%2Fservlmvm%2F..%2F.%2F..%2F..%2Flib%2F.build-id%2F65%2F..%2F3d%2F..%2F39%2F.%2F..%2F0a%2F..%2F3b%2F..%2F87%2F..%2F81%2F.%2F..%2F2f%2F..%2F84 HTTP/1.1" 200 2876 "-" "Mozilla/5.0 AppleWebKit/537.36 (KHTML, like Gecko; compatible; ClaudeBot/1.0; +claudebot@anthropic.com)"
52.167.144.235 - - [29/Apr/2025:10:28:06 -0400] "GET /special/52204382.shtml HTTP/1.1" 301 0 "-" "Mozilla/5.0 AppleWebKit/537.36 (KHTML, like Gecko; compatible; bingbot/2.0; +http://www.bing.com/bingbot.htm) Chrome/116.0.1938.76 Safari/537.36"
52.167.144.225 - - [29/Apr/2025:10:28:06 -0400] "GET /info/footsore21205628.shtml HTTP/1.1" 404 16941 "-" "Mozilla/5.0 AppleWebKit/537.36 (KHTML, like Gecko; compatible; bingbot/2.0; +http://www.bing.com/bingbot.htm) Chrome/116.0.1938.76 Safari/537.36"
3.148.240.165 - - [29/Apr/2025:10:28:09 -0400] "GET /ad917/?path=%2Fhome%2Fservlmvm%2F..%2F.%2F..%2F..%2Flib%2F.build-id%2Fd8%2F..%2F65%2F..%2F0a%2F..%2F.%2Fe9%2F..%2F23%2F..%2Fa1%2F..%2F28%2F..%2F2c%2F..%2F21%2F..%2F33 HTTP/1.1" 200 2919 "-" "Mozilla/5.0 AppleWebKit/537.36 (KHTML, like Gecko; compatible; ClaudeBot/1.0; +claudebot@anthropic.com)"
66.249.65.169 - - [29/Apr/2025:10:28:10 -0400] "GET /entity96691052.shtml HTTP/1.1" 404 16940 "-" "Mozilla/5.0 (Linux; Android 6.0.1; Nexus 5X Build/MMB29P) AppleWebKit/537.36 (KHTML, like Gecko) Chrome/135.0.7049.95 Mobile Safari/537.36 (compatible; Googlebot/2.1; +http://www.google.com/bot.html)"
3.148.240.165 - - [29/Apr/2025:10:28:12 -0400] "GET /ad917/?path=%2Fhome%2F.%2F..%2F..%2Fvar%2Flib%2F..%2Fsoftaculous%2Fmyadmin49%2F..%2Fmyt%2F..%2Fgedview%2F..%2Fespo%2F.%2F..%2Fpresta17%2F..%2Farastta HTTP/1.1" 200 2072 "-" "Mozilla/5.0 AppleWebKit/537.36 (KHTML, like Gecko; compatible; ClaudeBot/1.0; +claudebot@anthropic.com)"
3.148.240.165 - - [29/Apr/2025:10:28:15 -0400] "GET /ad917/?path=%2Fhome%2Fservlmvm%2F..%2F.%2F..%2F..%2Flib%2F.build-id%2F9e%2F..%2F4c%2F..%2F29%2F..%2F.%2Fd5%2F..%2Fa1%2F..%2F0a%2F..%2Fd2%2F.%2F..%2Ff8%2F..%2F4f HTTP/1.1" 200 2463 "-" "Mozilla/5.0 AppleWebKit/537.36 (KHTML, like Gecko; compatible; ClaudeBot/1.0; +claudebot@anthropic.com)"
3.148.240.165 - - [29/Apr/2025:10:28:18 -0400] "GET /ad917/?path=%2Fhome%2Fservlmvm%2F..%2F.%2F..%2F..%2Flib%2F.build-id%2Faf%2F..%2F8e%2F..%2F79%2F..%2F.%2F47%2F..%2Fda%2F..%2F23%2F..%2Fb5%2F..%2Fa6%2F..%2F2f%2F..%2F5e HTTP/1.1" 200 2843 "-" "Mozilla/5.0 AppleWebKit/537.36 (KHTML, like Gecko; compatible; ClaudeBot/1.0; +claudebot@anthropic.com)"
3.148.240.165 - - [29/Apr/2025:10:28:21 -0400] "GET /ad917/?path=%2Fhome%2Fservlmvm%2F..%2F.%2F..%2F..%2Flib%2F.build-id%2F65%2F..%2F3d%2F..%2F39%2F.%2F..%2F0a%2F..%2F3b%2F..%2F87%2F..%2F81%2F.%2F..%2Fd8%2F..%2F19 HTTP/1.1" 200 3127 "-" "Mozilla/5.0 AppleWebKit/537.36 (KHTML, like Gecko; compatible; ClaudeBot/1.0; +claudebot@anthropic.com)"
3.148.240.165 - - [29/Apr/2025:10:28:24 -0400] "GET /ad917/?path=%2Fhome%2Fservlmvm%2F..%2F.%2F..%2F..%2Flib%2F.build-id%2Ffe%2F..%2F71%2F..%2Fc8%2F.%2F..%2Fed%2F..%2F61%2F..%2F78%2F..%2F35%2F..%2F31%2F..%2Fa7%2F..%2Fde HTTP/1.1" 200 2237 "-" "Mozilla/5.0 AppleWebKit/537.36 (KHTML, like Gecko; compatible; ClaudeBot/1.0; +claudebot@anthropic.com)"
3.148.240.165 - - [29/Apr/2025:10:28:27 -0400] "GET /ad917/?path=%2Fhome%2Fservlmvm%2F..%2F.%2F..%2F..%2Flib%2F.build-id%2F6e%2F..%2Fb0%2F..%2F4a%2F..%2F.%2F0f%2F..%2F56%2F..%2F35%2F..%2Ffe%2F..%2F19%2F..%2F0b%2F..%2F6a HTTP/1.1" 200 2953 "-" "Mozilla/5.0 AppleWebKit/537.36 (KHTML, like Gecko; compatible; ClaudeBot/1.0; +claudebot@anthropic.com)"
3.148.240.165 - - [29/Apr/2025:10:28:30 -0400] "GET /ad917/?path=%2Fhome%2Fservlmvm%2F..%2F.%2F..%2F..%2Flib%2F.build-id%2F20%2F..%2F43%2F..%2F11%2F.%2F..%2F0a%2F..%2Fbc%2F..%2F4e%2F..%2F2b%2F..%2F4d%2F..%2F2f%2F..%2F3a HTTP/1.1" 200 2822 "-" "Mozilla/5.0 AppleWebKit/537.36 (KHTML, like Gecko; compatible; ClaudeBot/1.0; +claudebot@anthropic.com)"
3.148.240.165 - - [29/Apr/2025:10:28:33 -0400] "GET /ad917/?path=%2Fhome%2Fservlmvm%2F..%2F.%2F..%2F..%2Flib%2F.build-id%2F20%2F..%2F43%2F..%2F11%2F.%2F..%2F0a%2F..%2Fbc%2F..%2F4e%2F..%2F2b%2F..%2F4d%2F..%2F2f%2F..%2F67 HTTP/1.1" 200 3033 "-" "Mozilla/5.0 AppleWebKit/537.36 (KHTML, like Gecko; compatible; ClaudeBot/1.0; +claudebot@anthropic.com)"
3.148.240.165 - - [29/Apr/2025:10:28:36 -0400] "GET /ad917/?path=%2Fhome%2Fservlmvm%2F..%2F..%2Fvar%2Fsoftaculous%2Fosclassified%2F..%2Focart4%2F.%2F.%2F.%2F..%2Fwebmail%2F..%2Flibre%2F..%2F.%2Felgg HTTP/1.1" 200 2221 "-" "Mozilla/5.0 AppleWebKit/537.36 (KHTML, like Gecko; compatible; ClaudeBot/1.0; +claudebot@anthropic.com)"
198.54.116.86 - - [29/Apr/2025:10:28:37 -0400] "POST /wp-cron.php?doing_wp_cron=1745936917.3999300003051757812500 HTTP/1.1" 200 0 "-" "WordPress/6.8; https://servethepeopleinc.org"
52.167.144.199 - - [29/Apr/2025:10:28:37 -0400] "GET /product12754202.shtml HTTP/1.1" 301 0 "-" "Mozilla/5.0 AppleWebKit/537.36 (KHTML, like Gecko; compatible; bingbot/2.0; +http://www.bing.com/bingbot.htm) Chrome/116.0.1938.76 Safari/537.36"
3.148.240.165 - - [29/Apr/2025:10:28:39 -0400] "GET /ad917/?path=%2Fhome%2Fservlmvm%2F..%2F.%2F..%2F..%2Flib%2F.build-id%2Faf%2F..%2F8e%2F..%2F79%2F..%2F.%2F47%2F..%2Fda%2F..%2F23%2F..%2Fb5%2F..%2Fa6%2F..%2Ff8%2F..%2F81 HTTP/1.1" 200 3315 "-" "Mozilla/5.0 AppleWebKit/537.36 (KHTML, like Gecko; compatible; ClaudeBot/1.0; +claudebot@anthropic.com)"
3.148.240.165 - - [29/Apr/2025:10:28:42 -0400] "GET /ad917/?path=%2Fhome%2Fservlmvm%2F..%2F.%2F..%2F..%2Flib%2F.build-id%2F63%2F..%2F2c%2F..%2F86%2F.%2F..%2Ffa%2F..%2F53%2F..%2Fa6%2F..%2F95%2F..%2F64%2F..%2F2f%2F..%2F8a HTTP/1.1" 200 3134 "-" "Mozilla/5.0 AppleWebKit/537.36 (KHTML, like Gecko; compatible; ClaudeBot/1.0; +claudebot@anthropic.com)"
3.148.240.165 - - [29/Apr/2025:10:28:45 -0400] "GET /ad917/?path=%2Fhome%2Fservlmvm%2F..%2F.%2F..%2F..%2Flib%2F.build-id%2F9e%2F..%2F56%2F..%2F8a%2F..%2F8f%2F.%2F..%2F79%2F..%2Fb6%2F..%2Fa7%2F..%2F5d%2F..%2Ff8%2F..%2F73 HTTP/1.1" 200 2439 "-" "Mozilla/5.0 AppleWebKit/537.36 (KHTML, like Gecko; compatible; ClaudeBot/1.0; +claudebot@anthropic.com)"
3.148.240.165 - - [29/Apr/2025:10:28:48 -0400] "GET /ad917/?path=%2Fhome%2Fservlmvm%2F..%2F.%2F..%2F..%2Flib%2F.build-id%2Faf%2F..%2F8e%2F..%2F79%2F..%2F.%2F47%2F..%2Fda%2F..%2F23%2F..%2Fb5%2F..%2Fa6%2F..%2Ff8%2F..%2F52 HTTP/1.1" 200 2601 "-" "Mozilla/5.0 AppleWebKit/537.36 (KHTML, like Gecko; compatible; ClaudeBot/1.0; +claudebot@anthropic.com)"
3.148.240.165 - - [29/Apr/2025:10:28:51 -0400] "GET /ad917/?path=%2Fhome%2Fservlmvm%2F..%2F.%2F..%2F..%2Flib%2F.build-id%2F77%2F..%2F39%2F..%2F1d%2F..%2F.%2F8d%2F..%2Fba%2F..%2Fec%2F..%2F89%2F..%2F2a%2F..%2F21%2F..%2F55 HTTP/1.1" 200 2781 "-" "Mozilla/5.0 AppleWebKit/537.36 (KHTML, like Gecko; compatible; ClaudeBot/1.0; +claudebot@anthropic.com)"
3.148.240.165 - - [29/Apr/2025:10:28:54 -0400] "GET /ad917/?path=%2Fhome%2Fservlmvm%2F..%2F.%2F..%2F..%2Flib%2F.build-id%2F77%2F..%2F39%2F..%2F1d%2F..%2F.%2F8d%2F..%2Fba%2F..%2Fec%2F..%2F89%2F..%2F2a%2F..%2F21%2F..%2F39 HTTP/1.1" 200 2626 "-" "Mozilla/5.0 AppleWebKit/537.36 (KHTML, like Gecko; compatible; ClaudeBot/1.0; +claudebot@anthropic.com)"
3.148.240.165 - - [29/Apr/2025:10:28:57 -0400] "GET /ad917/?path=%2Fhome%2Fservlmvm%2F..%2F.%2F..%2F..%2Flib%2F.build-id%2F6e%2F..%2Fb0%2F..%2F4a%2F..%2F.%2F0f%2F..%2F56%2F..%2F35%2F..%2Ffe%2F..%2F19%2F..%2F0b%2F..%2F29 HTTP/1.1" 200 2557 "-" "Mozilla/5.0 AppleWebKit/537.36 (KHTML, like Gecko; compatible; ClaudeBot/1.0; +claudebot@anthropic.com)"
3.148.240.165 - - [29/Apr/2025:10:29:00 -0400] "GET /ad917/?path=%2Fhome%2Fservlmvm%2F..%2F.%2F..%2F..%2Flib%2F.build-id%2Faf%2F..%2F8e%2F..%2F79%2F..%2F.%2F47%2F..%2Fda%2F..%2F23%2F..%2Fb5%2F..%2Fa6%2F..%2F2f%2F..%2F52 HTTP/1.1" 200 2633 "-" "Mozilla/5.0 AppleWebKit/537.36 (KHTML, like Gecko; compatible; ClaudeBot/1.0; +claudebot@anthropic.com)"
3.148.240.165 - - [29/Apr/2025:10:29:03 -0400] "GET /ad917/?path=%2Fhome%2Fservlmvm%2F..%2F.%2F..%2F..%2Flib%2F.build-id%2Faf%2F..%2F8e%2F..%2F79%2F..%2F.%2F47%2F..%2Fda%2F..%2F23%2F..%2Fb5%2F..%2Fa6%2F..%2Ff8%2F..%2F5e HTTP/1.1" 200 2841 "-" "Mozilla/5.0 AppleWebKit/537.36 (KHTML, like Gecko; compatible; ClaudeBot/1.0; +claudebot@anthropic.com)"
3.148.240.165 - - [29/Apr/2025:10:29:06 -0400] "GET /ad917/?path=%2Fhome%2Fservlmvm%2F..%2F.%2F..%2F..%2Flib%2F.build-id%2Fd8%2F..%2F65%2F..%2F0a%2F..%2F.%2Fe9%2F..%2F23%2F..%2Fa1%2F..%2F28%2F..%2F2c%2F..%2F21%2F..%2F55 HTTP/1.1" 200 2705 "-" "Mozilla/5.0 AppleWebKit/537.36 (KHTML, like Gecko; compatible; ClaudeBot/1.0; +claudebot@anthropic.com)"
3.148.240.165 - - [29/Apr/2025:10:29:09 -0400] "GET /ad917/?path=%2Fhome%2Fservlmvm%2F..%2F.%2F..%2F..%2Flib%2F.build-id%2F20%2F..%2F43%2F..%2F11%2F.%2F..%2F0a%2F..%2Fbc%2F..%2F4e%2F..%2F2b%2F..%2F4d%2F..%2F2f%2F..%2F73 HTTP/1.1" 200 2430 "-" "Mozilla/5.0 AppleWebKit/537.36 (KHTML, like Gecko; compatible; ClaudeBot/1.0; +claudebot@anthropic.com)"
3.148.240.165 - - [29/Apr/2025:10:29:12 -0400] "GET /ad917/?path=%2Fhome%2Fservlmvm%2F..%2F.%2F..%2F..%2Flib%2F.build-id%2Fd8%2F..%2F65%2F..%2F0a%2F..%2F.%2Fe9%2F..%2F23%2F..%2Fa1%2F..%2F28%2F..%2F2c%2F..%2F21%2F..%2F39 HTTP/1.1" 200 2573 "-" "Mozilla/5.0 AppleWebKit/537.36 (KHTML, like Gecko; compatible; ClaudeBot/1.0; +claudebot@anthropic.com)"
3.148.240.165 - - [29/Apr/2025:10:29:15 -0400] "GET /ad917/?path=%2Fhome%2Fservlmvm%2F..%2F.%2F..%2F..%2Flib%2F.build-id%2Faf%2F..%2F8e%2F..%2F79%2F..%2F.%2F47%2F..%2Fda%2F..%2F23%2F..%2Fb5%2F..%2Fa6%2F..%2F2f%2F..%2F81 HTTP/1.1" 200 3381 "-" "Mozilla/5.0 AppleWebKit/537.36 (KHTML, like Gecko; compatible; ClaudeBot/1.0; +claudebot@anthropic.com)"
198.54.116.86 - - [29/Apr/2025:10:29:18 -0400] "POST /wp-cron.php?doing_wp_cron=1745936958.0036780834197998046875 HTTP/1.1" 200 0 "-" "WordPress/6.8; https://servethepeopleinc.org"
52.167.144.193 - - [29/Apr/2025:10:29:17 -0400] "GET /entity/anima/2610698.shtml HTTP/1.1" 301 0 "-" "Mozilla/5.0 AppleWebKit/537.36 (KHTML, like Gecko; compatible; bingbot/2.0; +http://www.bing.com/bingbot.htm) Chrome/116.0.1938.76 Safari/537.36"
3.148.240.165 - - [29/Apr/2025:10:29:18 -0400] "GET /ad917/?path=%2Fhome%2Fservlmvm%2F..%2F.%2F..%2F..%2Flib%2F.build-id%2F20%2F..%2F43%2F..%2F11%2F.%2F..%2F0a%2F..%2Fbc%2F..%2F4e%2F..%2F2b%2F..%2F4d%2F..%2F2f%2F..%2F71 HTTP/1.1" 200 2873 "-" "Mozilla/5.0 AppleWebKit/537.36 (KHTML, like Gecko; compatible; ClaudeBot/1.0; +claudebot@anthropic.com)"
198.54.116.86 - - [29/Apr/2025:10:29:18 -0400] "POST /wp-admin/admin-ajax.php?action=async_litespeed&nonce=Uq3zYTA1lPQ4VCmXwnqZs4hUn7fJxTWI&litespeed_type=imgoptm HTTP/1.1" 200 21 "-" "WordPress/6.8; https://servethepeopleinc.org"
3.148.240.165 - - [29/Apr/2025:10:29:21 -0400] "GET /ad917/?path=%2Fhome%2Fservlmvm%2F..%2F.%2F..%2F..%2Flib%2F.build-id%2F77%2F..%2F39%2F..%2F1d%2F..%2F.%2F8d%2F..%2Fba%2F..%2Fec%2F..%2F89%2F..%2F2a%2F..%2F21%2F..%2Fde HTTP/1.1" 200 2254 "-" "Mozilla/5.0 AppleWebKit/537.36 (KHTML, like Gecko; compatible; ClaudeBot/1.0; +claudebot@anthropic.com)"
3.148.240.165 - - [29/Apr/2025:10:29:24 -0400] "GET /ad917/?path=%2Fhome%2Fservlmvm%2F..%2F.%2F..%2F..%2Flib%2F.build-id%2F9e%2F..%2F56%2F..%2F8a%2F..%2F8f%2F.%2F..%2F79%2F..%2Fb6%2F..%2Fa7%2F..%2F5d%2F..%2Ff8%2F..%2F3a HTTP/1.1" 200 2791 "-" "Mozilla/5.0 AppleWebKit/537.36 (KHTML, like Gecko; compatible; ClaudeBot/1.0; +claudebot@anthropic.com)"
40.77.167.156 - - [29/Apr/2025:10:29:25 -0400] "GET /products/ri/grumpily48851980.shtml HTTP/1.1" 404 16949 "-" "Mozilla/5.0 AppleWebKit/537.36 (KHTML, like Gecko; compatible; bingbot/2.0; +http://www.bing.com/bingbot.htm) Chrome/116.0.1938.76 Safari/537.36"
52.167.144.193 - - [29/Apr/2025:10:29:26 -0400] "GET /special/lm/starlight52705444.shtml HTTP/1.1" 301 0 "-" "Mozilla/5.0 AppleWebKit/537.36 (KHTML, like Gecko; compatible; bingbot/2.0; +http://www.bing.com/bingbot.htm) Chrome/116.0.1938.76 Safari/537.36"
3.148.240.165 - - [29/Apr/2025:10:29:27 -0400] "GET /ad917/?path=%2Fhome%2Fservlmvm%2F..%2F..%2Fvar%2Fsoftaculous%2Fosclassified%2F..%2Focart4%2F.%2F.%2F.%2F..%2Fcotonti%2F..%2F.%2Fphplite%2F..%2Fthelia HTTP/1.1" 200 2274 "-" "Mozilla/5.0 AppleWebKit/537.36 (KHTML, like Gecko; compatible; ClaudeBot/1.0; +claudebot@anthropic.com)"
198.54.116.86 - - [29/Apr/2025:10:30:02 -0400] "POST /wp-cron.php?doing_wp_cron=1745937002.0669980049133300781250 HTTP/1.1" 200 0 "-" "WordPress/6.8; https://servethepeopleinc.org"
66.249.65.168 - - [29/Apr/2025:10:30:01 -0400] "GET /goodscode/72393736.shtml HTTP/1.1" 404 16940 "-" "Mozilla/5.0 (compatible; Googlebot/2.1; +http://www.google.com/bot.html)"
198.54.116.86 - - [29/Apr/2025:10:30:02 -0400] "POST /wp-admin/admin-ajax.php?action=async_litespeed&nonce=JO7B9kOJHPCjvUypDWa8iiZM4nqjINVq&litespeed_type=imgoptm HTTP/1.1" 200 21 "-" "WordPress/6.8; https://servethepeopleinc.org"
3.15.203.168 - - [29/Apr/2025:10:30:06 -0400] "GET /ad917/?path=%2Fhome%2Fservlmvm%2F..%2F.%2F..%2F..%2Flib%2F.build-id%2F6e%2F..%2Fb0%2F..%2F4a%2F..%2F.%2F0f%2F..%2F56%2F..%2F35%2F..%2Ffe%2F..%2F19%2F..%2F0b%2F..%2F30 HTTP/1.1" 200 2901 "-" "Mozilla/5.0 AppleWebKit/537.36 (KHTML, like Gecko; compatible; ClaudeBot/1.0; +claudebot@anthropic.com)"
3.15.203.168 - - [29/Apr/2025:10:30:09 -0400] "GET /ad917/?path=%2Fhome%2Fservlmvm%2F..%2F.%2F..%2F..%2Flib%2F.build-id%2F77%2F..%2F39%2F..%2F1d%2F..%2F.%2F8d%2F..%2Fba%2F..%2Fec%2F..%2F89%2F..%2F2a%2F..%2F21%2F..%2F22 HTTP/1.1" 200 2487 "-" "Mozilla/5.0 AppleWebKit/537.36 (KHTML, like Gecko; compatible; ClaudeBot/1.0; +claudebot@anthropic.com)"
3.15.203.168 - - [29/Apr/2025:10:30:12 -0400] "GET /ad917/?path=%2Fhome%2F.%2F..%2F..%2Fvar%2Flib%2F..%2Fsoftaculous%2Fmyadmin49%2F..%2Fmyt%2F..%2F.%2Fgenix%2F..%2Fburden%2F..%2Felkarte%2F.%2Fphp81%2F. HTTP/1.1" 200 1754 "-" "Mozilla/5.0 AppleWebKit/537.36 (KHTML, like Gecko; compatible; ClaudeBot/1.0; +claudebot@anthropic.com)"
3.15.203.168 - - [29/Apr/2025:10:30:15 -0400] "GET /ad917/?path=%2Fhome%2Fservlmvm%2F..%2F.%2F..%2F..%2Flib%2F.build-id%2Ffe%2F..%2F71%2F..%2Fc8%2F.%2F..%2Fed%2F..%2F61%2F..%2F78%2F..%2F35%2F..%2F31%2F..%2Fa7%2F..%2F30 HTTP/1.1" 200 2860 "-" "Mozilla/5.0 AppleWebKit/537.36 (KHTML, like Gecko; compatible; ClaudeBot/1.0; +claudebot@anthropic.com)"
40.77.167.156 - - [29/Apr/2025:10:30:15 -0400] "GET /items40126192.shtml HTTP/1.1" 404 16940 "-" "Mozilla/5.0 AppleWebKit/537.36 (KHTML, like Gecko; compatible; bingbot/2.0; +http://www.bing.com/bingbot.htm) Chrome/116.0.1938.76 Safari/537.36"
198.54.116.86 - - [29/Apr/2025:10:30:17 -0400] "POST /wp-cron.php?doing_wp_cron=1745937017.0292890071868896484375 HTTP/1.1" 200 0 "-" "WordPress/6.8; https://servethepeopleinc.org"
66.249.65.169 - - [29/Apr/2025:10:30:16 -0400] "GET /special/cristatum/20309452.shtml HTTP/1.1" 404 16948 "-" "Mozilla/5.0 (compatible; Googlebot/2.1; +http://www.google.com/bot.html)"
3.15.203.168 - - [29/Apr/2025:10:30:18 -0400] "GET /ad917/?path=%2Fhome%2Fservlmvm%2F..%2F..%2Fvar%2Fsoftaculous%2Fosclassified%2F..%2Focart4%2F.%2F.%2F.%2F..%2Fwebmail%2F..%2Flibre%2F..%2F.%2Fsoho HTTP/1.1" 200 2016 "-" "Mozilla/5.0 AppleWebKit/537.36 (KHTML, like Gecko; compatible; ClaudeBot/1.0; +claudebot@anthropic.com)"
3.15.203.168 - - [29/Apr/2025:10:30:21 -0400] "GET /ad917/?path=%2Fhome%2Fservlmvm%2F..%2F.%2F..%2F..%2Flib%2F.build-id%2F9e%2F..%2F56%2F..%2F8a%2F..%2F8f%2F.%2F..%2F79%2F..%2Fb6%2F..%2Fa7%2F..%2F5d%2F..%2Ff8%2F..%2F60 HTTP/1.1" 200 2482 "-" "Mozilla/5.0 AppleWebKit/537.36 (KHTML, like Gecko; compatible; ClaudeBot/1.0; +claudebot@anthropic.com)"
3.15.203.168 - - [29/Apr/2025:10:30:24 -0400] "GET /ad917/?path=%2Fhome%2Fservlmvm%2F..%2F.%2F..%2F..%2Flib%2F.build-id%2Fd8%2F..%2F65%2F..%2F0a%2F..%2F.%2Fe9%2F..%2F23%2F..%2Fa1%2F..%2F28%2F..%2F2c%2F..%2F21%2F..%2F22 HTTP/1.1" 200 2516 "-" "Mozilla/5.0 AppleWebKit/537.36 (KHTML, like Gecko; compatible; ClaudeBot/1.0; +claudebot@anthropic.com)"
3.15.203.168 - - [29/Apr/2025:10:30:27 -0400] "GET /ad917/?path=%2Fhome%2Fservlmvm%2F..%2F.%2F..%2F..%2Flib%2F.build-id%2F20%2F..%2F43%2F..%2F11%2F.%2F..%2F0a%2F..%2Fbc%2F..%2F4e%2F..%2F2b%2F..%2F4d%2F..%2F2f%2F..%2F60 HTTP/1.1" 200 2450 "-" "Mozilla/5.0 AppleWebKit/537.36 (KHTML, like Gecko; compatible; ClaudeBot/1.0; +claudebot@anthropic.com)"
3.15.203.168 - - [29/Apr/2025:10:30:30 -0400] "GET /ad917/?path=%2Fhome%2Fservlmvm%2F..%2F.%2F..%2F..%2Flib%2F.build-id%2Faf%2F..%2F8e%2F..%2F79%2F..%2F.%2F47%2F..%2Fda%2F..%2F23%2F..%2Fb5%2F..%2Fa6%2F..%2F2f%2F..%2F26 HTTP/1.1" 200 2891 "-" "Mozilla/5.0 AppleWebKit/537.36 (KHTML, like Gecko; compatible; ClaudeBot/1.0; +claudebot@anthropic.com)"
