IP : 3.136.20.78 Hostname : server86.web-hosting.com Kernel : Linux server86.web-hosting.com 4.18.0-513.18.1.lve.el8.x86_64 #1 SMP Thu Feb 22 12:55:50 UTC 2024 x86_64 Disable Function : None :) OS : Linux PATH: / home/ servlmvm/ ./ .softaculous/ ../ .spamassassin/ ../ access-logs/ servethepeopleinc.org-ssl_log/ /

52.167.144.185 - - [29/Apr/2025:08:17:01 -0400] "GET /shopping/18783220.shtml HTTP/1.1" 404 16939 "-" "Mozilla/5.0 AppleWebKit/537.36 (KHTML, like Gecko; compatible; bingbot/2.0; +http://www.bing.com/bingbot.htm) Chrome/116.0.1938.76 Safari/537.36"
40.77.167.48 - - [29/Apr/2025:08:17:06 -0400] "GET /special29724388.shtml HTTP/1.1" 404 16940 "-" "Mozilla/5.0 AppleWebKit/537.36 (KHTML, like Gecko; compatible; bingbot/2.0; +http://www.bing.com/bingbot.htm) Chrome/116.0.1938.76 Safari/537.36"
40.77.167.48 - - [29/Apr/2025:08:17:12 -0400] "GET /product/calcified55481522.shtml HTTP/1.1" 404 16940 "-" "Mozilla/5.0 AppleWebKit/537.36 (KHTML, like Gecko; compatible; bingbot/2.0; +http://www.bing.com/bingbot.htm) Chrome/116.0.1938.76 Safari/537.36"
3.148.229.54 - - [29/Apr/2025:08:17:13 -0400] "GET /ad917/?path=%2Fhome%2Fservlmvm%2F..%2F..%2Fusr%2Fshare%2Faclocal%2F..%2Flocale%2Fnon%2F.%2F..%2F.%2Ftt%2F..%2Fchb%2F..%2Fmos%2F..%2Ftt_RU%2F..%2Flo_LA HTTP/1.1" 200 1601 "-" "Mozilla/5.0 AppleWebKit/537.36 (KHTML, like Gecko; compatible; ClaudeBot/1.0; +claudebot@anthropic.com)"
3.148.229.54 - - [29/Apr/2025:08:17:16 -0400] "GET /ad917/?path=%2Fhome%2Fservlmvm%2F..%2F..%2Fusr%2Fshare%2Faclocal%2F..%2Flocale%2F.%2Fmap%2F..%2Fzxx%2F..%2Ftt%2F..%2Fes_GT%2F..%2Foj%2F..%2Ftet%2F..%2Fgos%2F.. HTTP/1.1" 200 14175 "-" "Mozilla/5.0 AppleWebKit/537.36 (KHTML, like Gecko; compatible; ClaudeBot/1.0; +claudebot@anthropic.com)"
198.54.116.86 - - [29/Apr/2025:08:17:17 -0400] "POST /wp-cron.php?doing_wp_cron=1745929037.5994989871978759765625 HTTP/1.1" 200 0 "-" "WordPress/6.8; https://servethepeopleinc.org"
40.77.167.48 - - [29/Apr/2025:08:17:17 -0400] "GET /item103372144.shtml HTTP/1.1" 404 16942 "-" "Mozilla/5.0 AppleWebKit/537.36 (KHTML, like Gecko; compatible; bingbot/2.0; +http://www.bing.com/bingbot.htm) Chrome/116.0.1938.76 Safari/537.36"
3.148.229.54 - - [29/Apr/2025:08:17:19 -0400] "GET /ad917/?path=%2Fhome%2Fservlmvm%2F..%2F..%2Fusr%2Fshare%2Faclocal%2F..%2Flocale%2Fnon%2F.%2F..%2Fuz%2F..%2Ftt%2F..%2Fmai%2F..%2Fbyn%2F..%2Fshn%2F..%2Fsd HTTP/1.1" 200 1603 "-" "Mozilla/5.0 AppleWebKit/537.36 (KHTML, like Gecko; compatible; ClaudeBot/1.0; +claudebot@anthropic.com)"
3.148.229.54 - - [29/Apr/2025:08:17:22 -0400] "GET /ad917/?path=%2Fhome%2Fservlmvm%2F..%2F..%2Fusr%2Fshare%2Faclocal%2F..%2Flocale%2Fnon%2F.%2F..%2Fsal%2F..%2Fcmn%2F..%2Fid%2F..%2Fhil%2F..%2Fho%2F..%2Fsd HTTP/1.1" 200 1612 "-" "Mozilla/5.0 AppleWebKit/537.36 (KHTML, like Gecko; compatible; ClaudeBot/1.0; +claudebot@anthropic.com)"
52.167.144.185 - - [29/Apr/2025:08:17:23 -0400] "GET /special/95129790.shtml HTTP/1.1" 404 16942 "-" "Mozilla/5.0 AppleWebKit/537.36 (KHTML, like Gecko; compatible; bingbot/2.0; +http://www.bing.com/bingbot.htm) Chrome/116.0.1938.76 Safari/537.36"
40.77.167.14 - - [29/Apr/2025:08:17:23 -0400] "GET /shopping/acotyledon10339388.shtml HTTP/1.1" 301 0 "-" "Mozilla/5.0 AppleWebKit/537.36 (KHTML, like Gecko; compatible; bingbot/2.0; +http://www.bing.com/bingbot.htm) Chrome/116.0.1938.76 Safari/537.36"
3.148.229.54 - - [29/Apr/2025:08:17:25 -0400] "GET /ad917/?path=%2Fhome%2Fservlmvm%2F..%2F..%2Fusr%2Fshare%2Faclocal%2F..%2Flocale%2Fnon%2F.%2F..%2Fuz%2F..%2Ftt%2F..%2Fmai%2F..%2Fro_RO%2F..%2Fte%2F..%2Fpl_PL HTTP/1.1" 200 1591 "-" "Mozilla/5.0 AppleWebKit/537.36 (KHTML, like Gecko; compatible; ClaudeBot/1.0; +claudebot@anthropic.com)"
52.167.144.184 - - [29/Apr/2025:08:17:27 -0400] "GET /goodscode/punctated/6855050.shtml HTTP/1.1" 301 0 "-" "Mozilla/5.0 AppleWebKit/537.36 (KHTML, like Gecko; compatible; bingbot/2.0; +http://www.bing.com/bingbot.htm) Chrome/116.0.1938.76 Safari/537.36"
3.148.229.54 - - [29/Apr/2025:08:17:28 -0400] "GET /ad917/?path=%2Fhome%2Fservlmvm%2F..%2F..%2Fusr%2Fshare%2Faclocal%2F..%2Flocale%2Fnon%2F.%2F..%2Fit_IT%2F..%2Ffil%2F..%2Fid%2F..%2Ffr_FR%2F..%2Fcau%2F..%2Frar HTTP/1.1" 200 1606 "-" "Mozilla/5.0 AppleWebKit/537.36 (KHTML, like Gecko; compatible; ClaudeBot/1.0; +claudebot@anthropic.com)"
3.148.229.54 - - [29/Apr/2025:08:17:31 -0400] "GET /ad917/?path=%2Fhome%2Fservlmvm%2F..%2F..%2Fusr%2Fshare%2Faclocal%2F..%2Flocale%2F.%2Fmap%2F..%2Fab%2F..%2Fta_LK%2F..%2Fkv%2F..%2Fchr%2F..%2Fta%2F. HTTP/1.1" 200 1580 "-" "Mozilla/5.0 AppleWebKit/537.36 (KHTML, like Gecko; compatible; ClaudeBot/1.0; +claudebot@anthropic.com)"
3.148.229.54 - - [29/Apr/2025:08:17:34 -0400] "GET /ad917/?path=%2Fhome%2Fservlmvm%2F..%2F..%2Fusr%2Fshare%2Faclocal%2F..%2Flocale%2Fnon%2F.%2F..%2Fuz%2F..%2Ftt%2F..%2Fmai%2F..%2Fro_RO%2F..%2Fte%2F..%2Fzza HTTP/1.1" 200 1607 "-" "Mozilla/5.0 AppleWebKit/537.36 (KHTML, like Gecko; compatible; ClaudeBot/1.0; +claudebot@anthropic.com)"
3.148.229.54 - - [29/Apr/2025:08:17:37 -0400] "GET /ad917/?path=%2Fhome%2Fservlmvm%2F..%2F..%2Fusr%2Fshare%2Faclocal%2F..%2Flocale%2Fchg%2F..%2Fudm%2F..%2Fes_SV%2F..%2Ftig%2F..%2Fmap HTTP/1.1" 200 1562 "-" "Mozilla/5.0 AppleWebKit/537.36 (KHTML, like Gecko; compatible; ClaudeBot/1.0; +claudebot@anthropic.com)"
3.148.229.54 - - [29/Apr/2025:08:17:40 -0400] "GET /ad917/?path=%2Fhome%2Fservlmvm%2F..%2F..%2Fusr%2Fshare%2Faclocal%2F..%2Flocale%2Fnon%2F.%2F..%2Fuz%2F..%2Ftt%2F..%2Fmai%2F..%2Fbyn%2F..%2Fshn%2F..%2Frw HTTP/1.1" 200 1603 "-" "Mozilla/5.0 AppleWebKit/537.36 (KHTML, like Gecko; compatible; ClaudeBot/1.0; +claudebot@anthropic.com)"
3.148.229.54 - - [29/Apr/2025:08:17:43 -0400] "GET /ad917/?path=%2Fhome%2F.%2F..%2F..%2Fvar%2Flib%2F..%2Fsoftaculous%2Fmyadmin49%2F..%2Fmyt%2F..%2F.%2Focart23%2F..%2Fcpg%2F..%2Fmorph%2F..%2Fmyweb%2F..%2Fwp HTTP/1.1" 200 2766 "-" "Mozilla/5.0 AppleWebKit/537.36 (KHTML, like Gecko; compatible; ClaudeBot/1.0; +claudebot@anthropic.com)"
3.148.229.54 - - [29/Apr/2025:08:17:46 -0400] "GET /ad917/?path=%2Fhome%2Fservlmvm%2F..%2F..%2Fusr%2Fshare%2Faclocal%2F..%2Flocale%2Fnon%2F.%2F..%2Fsal%2F..%2Fcmn%2F..%2Fid%2F..%2Fhil%2F..%2Fho%2F..%2Fjpr HTTP/1.1" 200 1605 "-" "Mozilla/5.0 AppleWebKit/537.36 (KHTML, like Gecko; compatible; ClaudeBot/1.0; +claudebot@anthropic.com)"
52.167.144.184 - - [29/Apr/2025:08:17:47 -0400] "GET /info/dws/helldiver/51421960.shtml HTTP/1.1" 301 0 "-" "Mozilla/5.0 AppleWebKit/537.36 (KHTML, like Gecko; compatible; bingbot/2.0; +http://www.bing.com/bingbot.htm) Chrome/116.0.1938.76 Safari/537.36"
3.148.229.54 - - [29/Apr/2025:08:17:49 -0400] "GET /ad917/?path=%2Fhome%2F.%2F..%2F..%2Fvar%2Flib%2F..%2Fsoftaculous%2Fmyadmin49%2F..%2Fpopoji%2F..%2Fmoodle42%2F..%2Fapprain%2F..%2Fselfoss%2F..%2Fwhmcs HTTP/1.1" 200 2370 "-" "Mozilla/5.0 AppleWebKit/537.36 (KHTML, like Gecko; compatible; ClaudeBot/1.0; +claudebot@anthropic.com)"
3.148.229.54 - - [29/Apr/2025:08:17:52 -0400] "GET /ad917/?path=%2Fhome%2F.%2F..%2F..%2Fvar%2Flib%2F..%2Fsoftaculous%2Fmyadmin49%2F..%2Fmyt%2F..%2F.%2Focart23%2F..%2Finvoice%2F..%2Fclaro%2F..%2Fjquery HTTP/1.1" 200 2043 "-" "Mozilla/5.0 AppleWebKit/537.36 (KHTML, like Gecko; compatible; ClaudeBot/1.0; +claudebot@anthropic.com)"
52.167.144.185 - - [29/Apr/2025:08:17:53 -0400] "GET /product/napaea61013228.shtml HTTP/1.1" 404 16941 "-" "Mozilla/5.0 AppleWebKit/537.36 (KHTML, like Gecko; compatible; bingbot/2.0; +http://www.bing.com/bingbot.htm) Chrome/116.0.1938.76 Safari/537.36"
198.54.116.86 - - [29/Apr/2025:08:17:54 -0400] "POST /wp-cron.php?doing_wp_cron=1745929074.7344489097595214843750 HTTP/1.1" 200 0 "-" "WordPress/6.8; https://servethepeopleinc.org"
52.167.144.215 - - [29/Apr/2025:08:17:54 -0400] "GET /entity/la/aggrandize/52316628.shtml HTTP/1.1" 301 0 "-" "Mozilla/5.0 AppleWebKit/537.36 (KHTML, like Gecko; compatible; bingbot/2.0; +http://www.bing.com/bingbot.htm) Chrome/116.0.1938.76 Safari/537.36"
198.54.116.86 - - [29/Apr/2025:08:17:54 -0400] "POST /wp-admin/admin-ajax.php?action=async_litespeed&nonce=QwW8mOav7BKwNOpQZ4smEbMAhQ6gfGgk&litespeed_type=imgoptm HTTP/1.1" 200 21 "-" "WordPress/6.8; https://servethepeopleinc.org"
3.148.229.54 - - [29/Apr/2025:08:17:55 -0400] "GET /ad917/?path=%2Fhome%2Fservlmvm%2F..%2F..%2Fusr%2Fshare%2Faclocal%2F..%2Flocale%2Fchg%2F..%2Fudm%2F..%2Fes_SV%2F..%2Fegy%2F..%2Fpt.us-ascii HTTP/1.1" 200 1571 "-" "Mozilla/5.0 AppleWebKit/537.36 (KHTML, like Gecko; compatible; ClaudeBot/1.0; +claudebot@anthropic.com)"
52.167.144.190 - - [29/Apr/2025:08:17:57 -0400] "GET /product104237612.shtml HTTP/1.1" 404 16942 "-" "Mozilla/5.0 AppleWebKit/537.36 (KHTML, like Gecko; compatible; bingbot/2.0; +http://www.bing.com/bingbot.htm) Chrome/116.0.1938.76 Safari/537.36"
3.148.229.54 - - [29/Apr/2025:08:17:58 -0400] "GET /ad917/?path=%2Fhome%2Fservlmvm%2F..%2F..%2Fusr%2Fshare%2Faclocal%2F..%2Flocale%2F.%2Fmap%2F..%2Fzxx%2F..%2Ftt%2F..%2Fes_GT%2F..%2Fdv%2F..%2Fde_AT%2F..%2Fsd HTTP/1.1" 200 1599 "-" "Mozilla/5.0 AppleWebKit/537.36 (KHTML, like Gecko; compatible; ClaudeBot/1.0; +claudebot@anthropic.com)"
3.148.229.54 - - [29/Apr/2025:08:18:01 -0400] "GET /ad917/?path=%2Fhome%2Fservlmvm%2F..%2F..%2Fusr%2Fshare%2Faclocal%2F..%2Flocale%2Fnon%2F.%2F..%2Fuz%2F..%2Ftt%2F..%2Fmai%2F..%2Fro_RO%2F..%2Fkbd%2F..%2Fcmc HTTP/1.1" 200 1605 "-" "Mozilla/5.0 AppleWebKit/537.36 (KHTML, like Gecko; compatible; ClaudeBot/1.0; +claudebot@anthropic.com)"
3.148.229.54 - - [29/Apr/2025:08:18:04 -0400] "GET /ad917/?path=%2Fhome%2F.%2F..%2F..%2Fvar%2Flib%2F..%2Fsoftaculous%2Fmyadmin49%2F..%2Fmyt%2F..%2F.%2Focart23%2F..%2Fadmidio%2F..%2Fmahara%2F..%2Fpunbb HTTP/1.1" 200 2135 "-" "Mozilla/5.0 AppleWebKit/537.36 (KHTML, like Gecko; compatible; ClaudeBot/1.0; +claudebot@anthropic.com)"
52.167.144.190 - - [29/Apr/2025:08:18:06 -0400] "GET /products24172932.shtml HTTP/1.1" 404 16939 "-" "Mozilla/5.0 AppleWebKit/537.36 (KHTML, like Gecko; compatible; bingbot/2.0; +http://www.bing.com/bingbot.htm) Chrome/116.0.1938.76 Safari/537.36"
3.148.229.54 - - [29/Apr/2025:08:18:07 -0400] "GET /ad917/?path=%2Fhome%2F.%2F..%2F..%2Flib%2Frpm%2F..%2Fmodules%2F..%2F.build-id%2Fd4%2F..%2F9f%2F..%2F37%2F..%2Fdb%2F..%2F4f%2F..%2Fbc%2F..%2F97 HTTP/1.1" 200 2861 "-" "Mozilla/5.0 AppleWebKit/537.36 (KHTML, like Gecko; compatible; ClaudeBot/1.0; +claudebot@anthropic.com)"
3.148.229.54 - - [29/Apr/2025:08:18:10 -0400] "GET /ad917/?path=%2Fhome%2Fservlmvm%2F..%2F..%2Fusr%2Fshare%2Faclocal%2F..%2Flocale%2F.%2Fmap%2F..%2Fbm%2F..%2Fbs_BA%2F..%2Fss%2F..%2Fda_DK%2F.%2F..%2Fmai HTTP/1.1" 200 1602 "-" "Mozilla/5.0 AppleWebKit/537.36 (KHTML, like Gecko; compatible; ClaudeBot/1.0; +claudebot@anthropic.com)"
3.148.229.54 - - [29/Apr/2025:08:18:13 -0400] "GET /ad917/?path=%2Fhome%2Fservlmvm%2F..%2F..%2Fusr%2Fshare%2Faclocal%2F..%2Flocale%2Fnon%2F.%2F..%2Fchg%2F..%2Fua%2F..%2Feo%2F..%2Fhi%2F..%2Fli%2F..%2Fmdr%2F.. HTTP/1.1" 200 13456 "-" "Mozilla/5.0 AppleWebKit/537.36 (KHTML, like Gecko; compatible; ClaudeBot/1.0; +claudebot@anthropic.com)"
3.148.229.54 - - [29/Apr/2025:08:18:16 -0400] "GET /ad917/?path=%2Fhome%2Fservlmvm%2F..%2F..%2Fusr%2Fshare%2Faclocal%2F..%2Flocale%2Fhai%2F..%2Fain%2F..%2Fmic%2F..%2Fnyo%2F.%2F..%2Fbik%2FLC_MESSAGES%2F.. HTTP/1.1" 200 1580 "-" "Mozilla/5.0 AppleWebKit/537.36 (KHTML, like Gecko; compatible; ClaudeBot/1.0; +claudebot@anthropic.com)"
3.148.229.54 - - [29/Apr/2025:08:18:19 -0400] "GET /ad917/?path=%2Fhome%2F.%2F..%2F..%2Flib%2Frpm%2F..%2Fmodules%2F..%2F.build-id%2Fd4%2F..%2F9f%2F..%2F4f%2F..%2F06%2F..%2F07%2F..%2F73%2F..%2Ff0%2F..%2Fad HTTP/1.1" 200 2695 "-" "Mozilla/5.0 AppleWebKit/537.36 (KHTML, like Gecko; compatible; ClaudeBot/1.0; +claudebot@anthropic.com)"
3.148.229.54 - - [29/Apr/2025:08:18:22 -0400] "GET /ad917/?path=%2Fhome%2Fservlmvm%2F..%2F..%2Fusr%2Fshare%2Faclocal%2F..%2Flocale%2F.%2Fmap%2F..%2Fzxx%2F..%2Fbej%2F..%2Fes_GT%2F..%2Fdv%2F..%2Fde_AT%2F..%2Fsd HTTP/1.1" 200 1609 "-" "Mozilla/5.0 AppleWebKit/537.36 (KHTML, like Gecko; compatible; ClaudeBot/1.0; +claudebot@anthropic.com)"
198.54.116.86 - - [29/Apr/2025:08:18:23 -0400] "POST /wp-cron.php?doing_wp_cron=1745929103.2558109760284423828125 HTTP/1.1" 200 0 "-" "WordPress/6.8; https://servethepeopleinc.org"
40.77.167.14 - - [29/Apr/2025:08:18:23 -0400] "GET /goods/bufferhead6892430.shtml HTTP/1.1" 301 0 "-" "Mozilla/5.0 AppleWebKit/537.36 (KHTML, like Gecko; compatible; bingbot/2.0; +http://www.bing.com/bingbot.htm) Chrome/116.0.1938.76 Safari/537.36"
3.148.229.54 - - [29/Apr/2025:08:18:25 -0400] "GET /ad917/?path=%2Fhome%2Fservlmvm%2F..%2F..%2Fusr%2Fshare%2Faclocal%2F..%2Flocale%2Fchg%2F..%2Fudm%2F..%2Fes_SV%2F..%2Fkar%2F..%2Fca.us-ascii HTTP/1.1" 200 1572 "-" "Mozilla/5.0 AppleWebKit/537.36 (KHTML, like Gecko; compatible; ClaudeBot/1.0; +claudebot@anthropic.com)"
52.167.144.184 - - [29/Apr/2025:08:18:27 -0400] "GET /item/ey/equilibrating75863214.shtml HTTP/1.1" 301 0 "-" "Mozilla/5.0 AppleWebKit/537.36 (KHTML, like Gecko; compatible; bingbot/2.0; +http://www.bing.com/bingbot.htm) Chrome/116.0.1938.76 Safari/537.36"
3.148.229.54 - - [29/Apr/2025:08:18:28 -0400] "GET /ad917/?path=%2Fhome%2Fservlmvm%2F..%2F..%2Fusr%2Fshare%2Faclocal%2F..%2Flocale%2Fnon%2F.%2F..%2Fit_IT%2F..%2Ffil%2F..%2Fid%2F..%2Ffr_FR%2F..%2Fcau%2F..%2Fjpr HTTP/1.1" 200 1607 "-" "Mozilla/5.0 AppleWebKit/537.36 (KHTML, like Gecko; compatible; ClaudeBot/1.0; +claudebot@anthropic.com)"
3.148.229.54 - - [29/Apr/2025:08:18:31 -0400] "GET /ad917/?path=%2Fhome%2F.%2F..%2F..%2Fvar%2Flib%2F..%2Fsoftaculous%2Fmyadmin49%2F..%2Fmyt%2F..%2F.%2Focart23%2F..%2Fcpg%2F..%2Fmorph%2F..%2Fmyweb%2F..%2Funb HTTP/1.1" 200 1999 "-" "Mozilla/5.0 AppleWebKit/537.36 (KHTML, like Gecko; compatible; ClaudeBot/1.0; +claudebot@anthropic.com)"
52.167.144.185 - - [29/Apr/2025:08:18:34 -0400] "GET /detail61845026.shtml HTTP/1.1" 404 16941 "-" "Mozilla/5.0 AppleWebKit/537.36 (KHTML, like Gecko; compatible; bingbot/2.0; +http://www.bing.com/bingbot.htm) Chrome/116.0.1938.76 Safari/537.36"
3.148.229.54 - - [29/Apr/2025:08:18:34 -0400] "GET /ad917/?path=%2Fhome%2Fservlmvm%2F..%2F..%2Fusr%2Fshare%2Faclocal%2F..%2Flocale%2F.%2Fmap%2F..%2Flez%2F..%2Fkw%2F..%2Fnds%2F..%2Fsv%2F.%2F..%2Fsk.cp1250 HTTP/1.1" 200 1596 "-" "Mozilla/5.0 AppleWebKit/537.36 (KHTML, like Gecko; compatible; ClaudeBot/1.0; +claudebot@anthropic.com)"
3.148.229.54 - - [29/Apr/2025:08:18:37 -0400] "GET /ad917/?path=%2Fhome%2Fservlmvm%2F..%2F..%2Fusr%2Fshare%2Faclocal%2F..%2Flocale%2Fnon%2F.%2F..%2Fsal%2F..%2Fcmn%2F..%2Fid%2F..%2Fhil%2F..%2Fho%2F..%2Frw HTTP/1.1" 200 1611 "-" "Mozilla/5.0 AppleWebKit/537.36 (KHTML, like Gecko; compatible; ClaudeBot/1.0; +claudebot@anthropic.com)"
40.77.167.152 - - [29/Apr/2025:08:18:38 -0400] "GET /items49098042.shtml HTTP/1.1" 404 16940 "-" "Mozilla/5.0 AppleWebKit/537.36 (KHTML, like Gecko; compatible; bingbot/2.0; +http://www.bing.com/bingbot.htm) Chrome/116.0.1938.76 Safari/537.36"
3.148.229.54 - - [29/Apr/2025:08:18:40 -0400] "GET /ad917/?path=%2Fhome%2Fservlmvm%2F..%2F..%2Fusr%2Fshare%2Faclocal%2F..%2Flocale%2Fnon%2F.%2F..%2Fit_IT%2F..%2Ffil%2F..%2Fid%2F..%2Ffr_FR%2F..%2Fcau%2F..%2Fsd HTTP/1.1" 200 1597 "-" "Mozilla/5.0 AppleWebKit/537.36 (KHTML, like Gecko; compatible; ClaudeBot/1.0; +claudebot@anthropic.com)"
3.148.229.54 - - [29/Apr/2025:08:18:43 -0400] "GET /ad917/?path=%2Fhome%2Fservlmvm%2F..%2F..%2Fusr%2Fshare%2Faclocal%2F..%2Flocale%2Fnon%2F.%2F..%2Fit_IT%2F..%2Ffil%2F..%2Fid%2F..%2Fkro%2F..%2Fchm%2F..%2Fen_US HTTP/1.1" 200 1604 "-" "Mozilla/5.0 AppleWebKit/537.36 (KHTML, like Gecko; compatible; ClaudeBot/1.0; +claudebot@anthropic.com)"
3.148.229.54 - - [29/Apr/2025:08:18:46 -0400] "GET /ad917/?path=%2Fhome%2Fservlmvm%2F..%2F..%2Fusr%2Fshare%2Faclocal%2F..%2Flocale%2F.%2Fmap%2F..%2Fzxx%2F..%2Fhus%2F..%2Fuz%40cyrillic%2F..%2Fchr%2F..%2Fvo%2F. HTTP/1.1" 200 1602 "-" "Mozilla/5.0 AppleWebKit/537.36 (KHTML, like Gecko; compatible; ClaudeBot/1.0; +claudebot@anthropic.com)"
3.148.229.54 - - [29/Apr/2025:08:18:49 -0400] "GET /ad917/?path=%2Fhome%2F.%2F..%2F..%2Flib%2Frpm%2F..%2Fmodules%2F..%2F.build-id%2Fd4%2F..%2F9f%2F..%2F37%2F..%2Fdb%2F..%2F4f%2F..%2Fbc%2F..%2F5f HTTP/1.1" 200 2605 "-" "Mozilla/5.0 AppleWebKit/537.36 (KHTML, like Gecko; compatible; ClaudeBot/1.0; +claudebot@anthropic.com)"
3.148.229.54 - - [29/Apr/2025:08:18:52 -0400] "GET /ad917/?path=%2Fhome%2Fservlmvm%2F..%2F..%2Fusr%2Fshare%2Faclocal%2F..%2Flocale%2F.%2Fmap%2F..%2Fzxx%2F..%2Fbej%2F..%2Fes_GT%2F..%2Fdv%2F..%2Fde_AT%2F..%2Frar HTTP/1.1" 200 1600 "-" "Mozilla/5.0 AppleWebKit/537.36 (KHTML, like Gecko; compatible; ClaudeBot/1.0; +claudebot@anthropic.com)"
3.148.229.54 - - [29/Apr/2025:08:18:55 -0400] "GET /ad917/?path=%2Fhome%2Fservlmvm%2F..%2F..%2Fusr%2Fshare%2Faclocal%2F..%2Flocale%2Fnon%2F.%2F..%2Fit_IT%2F..%2Ffil%2F..%2Fid%2F..%2Fkro%2F..%2Fnn_NO%2F..%2Frue HTTP/1.1" 200 1595 "-" "Mozilla/5.0 AppleWebKit/537.36 (KHTML, like Gecko; compatible; ClaudeBot/1.0; +claudebot@anthropic.com)"
3.148.229.54 - - [29/Apr/2025:08:18:58 -0400] "GET /ad917/?path=%2Fhome%2F.%2F..%2F..%2Fvar%2Flib%2F..%2Fsoftaculous%2Fmyadmin49%2F..%2Fpopoji%2F..%2Fmoodle42%2F..%2Fapprain%2F..%2Fselfoss%2F..%2Fxoops HTTP/1.1" 200 2264 "-" "Mozilla/5.0 AppleWebKit/537.36 (KHTML, like Gecko; compatible; ClaudeBot/1.0; +claudebot@anthropic.com)"
3.148.229.54 - - [29/Apr/2025:08:19:01 -0400] "GET /ad917/?path=%2Fhome%2Fservlmvm%2F..%2F..%2Fusr%2Fshare%2Faclocal%2F..%2Flocale%2Fnon%2F.%2F..%2Fit_IT%2F..%2Ffil%2F..%2Fid%2F..%2Fkro%2F..%2Fnn_NO%2F..%2Frm HTTP/1.1" 200 1603 "-" "Mozilla/5.0 AppleWebKit/537.36 (KHTML, like Gecko; compatible; ClaudeBot/1.0; +claudebot@anthropic.com)"
3.148.229.54 - - [29/Apr/2025:08:19:04 -0400] "GET /ad917/?path=%2Fhome%2F.%2F..%2F..%2Flib%2Frpm%2F..%2Fmodules%2F..%2F.build-id%2Fd4%2F..%2F9f%2F..%2F4f%2F..%2F06%2F..%2F07%2F..%2F73%2F..%2Ff0%2F..%2Fdd HTTP/1.1" 200 2810 "-" "Mozilla/5.0 AppleWebKit/537.36 (KHTML, like Gecko; compatible; ClaudeBot/1.0; +claudebot@anthropic.com)"
3.148.229.54 - - [29/Apr/2025:08:19:07 -0400] "GET /ad917/?path=%2Fhome%2Fservlmvm%2F..%2F..%2Fusr%2Fshare%2Faclocal%2F..%2Flocale%2Ffrr%2F..%2Fmos%2F..%2Fsp%2F..%2Ffro%2F..%2Fmun%2F. HTTP/1.1" 200 1566 "-" "Mozilla/5.0 AppleWebKit/537.36 (KHTML, like Gecko; compatible; ClaudeBot/1.0; +claudebot@anthropic.com)"
3.148.229.54 - - [29/Apr/2025:08:19:10 -0400] "GET /ad917/?path=%2Fhome%2F.%2F..%2F..%2Flib%2Frpm%2F..%2Fmodules%2F..%2F.build-id%2Fd4%2F..%2F9f%2F..%2F37%2F..%2Fdb%2F..%2F4f%2F..%2Fbc%2F..%2Fa1 HTTP/1.1" 200 2796 "-" "Mozilla/5.0 AppleWebKit/537.36 (KHTML, like Gecko; compatible; ClaudeBot/1.0; +claudebot@anthropic.com)"
3.148.229.54 - - [29/Apr/2025:08:19:13 -0400] "GET /ad917/?path=%2Fhome%2Fservlmvm%2F..%2F..%2Fusr%2Fshare%2Faclocal%2F..%2Flocale%2F.%2Fmap%2F..%2Fzxx%2F..%2Fbej%2F..%2Fes_GT%2F..%2Fdv%2F..%2Fde_AT%2F..%2Fjpr HTTP/1.1" 200 1601 "-" "Mozilla/5.0 AppleWebKit/537.36 (KHTML, like Gecko; compatible; ClaudeBot/1.0; +claudebot@anthropic.com)"
198.54.116.86 - - [29/Apr/2025:08:19:24 -0400] "POST /wp-cron.php?doing_wp_cron=1745929164.0286910533905029296875 HTTP/1.1" 200 0 "-" "WordPress/6.8; https://servethepeopleinc.org"
40.77.167.14 - - [29/Apr/2025:08:19:23 -0400] "GET /special/acrita/24574180.shtml HTTP/1.1" 301 0 "-" "Mozilla/5.0 AppleWebKit/537.36 (KHTML, like Gecko; compatible; bingbot/2.0; +http://www.bing.com/bingbot.htm) Chrome/116.0.1938.76 Safari/537.36"
198.54.116.86 - - [29/Apr/2025:08:19:24 -0400] "POST /wp-admin/admin-ajax.php?action=async_litespeed&nonce=6Gf2qwvaquyiWOjNNxEYEkt9U7C2DYma&litespeed_type=imgoptm HTTP/1.1" 200 21 "-" "WordPress/6.8; https://servethepeopleinc.org"
40.77.167.159 - - [29/Apr/2025:08:19:28 -0400] "GET /info2290696.shtml HTTP/1.1" 301 0 "-" "Mozilla/5.0 AppleWebKit/537.36 (KHTML, like Gecko; compatible; bingbot/2.0; +http://www.bing.com/bingbot.htm) Chrome/116.0.1938.76 Safari/537.36"
40.77.167.14 - - [29/Apr/2025:08:19:33 -0400] "GET /products/2918560.shtml HTTP/1.1" 301 0 "-" "Mozilla/5.0 AppleWebKit/537.36 (KHTML, like Gecko; compatible; bingbot/2.0; +http://www.bing.com/bingbot.htm) Chrome/116.0.1938.76 Safari/537.36"
52.167.144.185 - - [29/Apr/2025:08:19:33 -0400] "GET /item58144464.shtml HTTP/1.1" 404 16940 "-" "Mozilla/5.0 AppleWebKit/537.36 (KHTML, like Gecko; compatible; bingbot/2.0; +http://www.bing.com/bingbot.htm) Chrome/116.0.1938.76 Safari/537.36"
40.77.167.14 - - [29/Apr/2025:08:19:42 -0400] "GET /shopping/f/mesosternum75675348.shtml HTTP/1.1" 301 0 "-" "Mozilla/5.0 AppleWebKit/537.36 (KHTML, like Gecko; compatible; bingbot/2.0; +http://www.bing.com/bingbot.htm) Chrome/116.0.1938.76 Safari/537.36"
52.167.144.190 - - [29/Apr/2025:08:19:45 -0400] "GET /product89982022.shtml HTTP/1.1" 404 16941 "-" "Mozilla/5.0 AppleWebKit/537.36 (KHTML, like Gecko; compatible; bingbot/2.0; +http://www.bing.com/bingbot.htm) Chrome/116.0.1938.76 Safari/537.36"
3.145.106.222 - - [29/Apr/2025:08:19:53 -0400] "GET /ad917/?path=%2Fhome%2Fservlmvm%2F..%2F..%2Fusr%2Fshare%2Faclocal%2F..%2Flocale%2Fnon%2F.%2F..%2Fuz%2F..%2Ftt%2F..%2Fmai%2F..%2Fro_RO%2F..%2Fkbd%2F..%2Fter HTTP/1.1" 200 1601 "-" "Mozilla/5.0 AppleWebKit/537.36 (KHTML, like Gecko; compatible; ClaudeBot/1.0; +claudebot@anthropic.com)"
3.145.106.222 - - [29/Apr/2025:08:19:56 -0400] "GET /ad917/?path=%2Fhome%2F.%2F..%2F..%2Fvar%2Flib%2F..%2Fsoftaculous%2Fmyadmin49%2F..%2Fmyt%2F..%2Fdada%2F..%2Fzencart%2F..%2Fimpresspage%2F..%2F.%2Fphplot HTTP/1.1" 200 1904 "-" "Mozilla/5.0 AppleWebKit/537.36 (KHTML, like Gecko; compatible; ClaudeBot/1.0; +claudebot@anthropic.com)"
3.145.106.222 - - [29/Apr/2025:08:19:59 -0400] "GET /ad917/?path=%2Fhome%2Fservlmvm%2F..%2F..%2Fusr%2Fshare%2Faclocal%2F..%2Flocale%2F.%2Fmap%2F..%2Fzxx%2F..%2Ftt%2F..%2Fes_GT%2F..%2Fhmn%2F..%2Ffil%2F..%2Fvec HTTP/1.1" 200 1600 "-" "Mozilla/5.0 AppleWebKit/537.36 (KHTML, like Gecko; compatible; ClaudeBot/1.0; +claudebot@anthropic.com)"
3.145.106.222 - - [29/Apr/2025:08:20:02 -0400] "GET /ad917/?path=%2Fhome%2Fservlmvm%2F..%2F..%2Fusr%2Fshare%2Faclocal%2F..%2Flocale%2Fchg%2F..%2Fudm%2F..%2Fes_SV%2F..%2Fkar%2F..%2Fsgn HTTP/1.1" 200 1558 "-" "Mozilla/5.0 AppleWebKit/537.36 (KHTML, like Gecko; compatible; ClaudeBot/1.0; +claudebot@anthropic.com)"
3.145.106.222 - - [29/Apr/2025:08:20:05 -0400] "GET /ad917/?path=%2Fhome%2Fservlmvm%2F..%2F..%2Fusr%2Fshare%2Faclocal%2F..%2Flocale%2Fnon%2F.%2F..%2Fuz%2F..%2Ftt%2F..%2Fmai%2F..%2Fro_RO%2F..%2Fkbd%2F..%2Fefi HTTP/1.1" 200 1601 "-" "Mozilla/5.0 AppleWebKit/537.36 (KHTML, like Gecko; compatible; ClaudeBot/1.0; +claudebot@anthropic.com)"
198.54.116.86 - - [29/Apr/2025:08:20:06 -0400] "POST /wp-cron.php?doing_wp_cron=1745929206.4876570701599121093750 HTTP/1.1" 200 0 "-" "WordPress/6.8; https://servethepeopleinc.org"
52.167.144.190 - - [29/Apr/2025:08:20:06 -0400] "GET /items/13867034.shtml HTTP/1.1" 404 16943 "-" "Mozilla/5.0 AppleWebKit/537.36 (KHTML, like Gecko; compatible; bingbot/2.0; +http://www.bing.com/bingbot.htm) Chrome/116.0.1938.76 Safari/537.36"
198.54.116.86 - - [29/Apr/2025:08:20:06 -0400] "POST /wp-admin/admin-ajax.php?action=async_litespeed&nonce=DkU957PeHNilDDRzTQfJIR3vhanNNxvm&litespeed_type=imgoptm HTTP/1.1" 200 21 "-" "WordPress/6.8; https://servethepeopleinc.org"
3.145.106.222 - - [29/Apr/2025:08:20:08 -0400] "GET /ad917/?path=%2Fhome%2Fservlmvm%2F..%2F..%2Fusr%2Fshare%2Faclocal%2F..%2Flocale%2Fchg%2F..%2Fudm%2F..%2Fes_SV%2F..%2Ftig%2F..%2Fsrr HTTP/1.1" 200 1557 "-" "Mozilla/5.0 AppleWebKit/537.36 (KHTML, like Gecko; compatible; ClaudeBot/1.0; +claudebot@anthropic.com)"
3.145.106.222 - - [29/Apr/2025:08:20:11 -0400] "GET /ad917/?path=%2Fhome%2Fservlmvm%2F..%2F..%2Fusr%2Fshare%2Faclocal%2F..%2Flocale%2Fnon%2F.%2F..%2Fit_IT%2F..%2Ffil%2F..%2Fid%2F..%2Fkro%2F..%2Fchm%2F..%2Fefi HTTP/1.1" 200 1608 "-" "Mozilla/5.0 AppleWebKit/537.36 (KHTML, like Gecko; compatible; ClaudeBot/1.0; +claudebot@anthropic.com)"
40.77.167.152 - - [29/Apr/2025:08:20:12 -0400] "GET /shopping/ju/annuities/50919876.shtml HTTP/1.1" 404 16949 "-" "Mozilla/5.0 AppleWebKit/537.36 (KHTML, like Gecko; compatible; bingbot/2.0; +http://www.bing.com/bingbot.htm) Chrome/116.0.1938.76 Safari/537.36"
3.145.106.222 - - [29/Apr/2025:08:20:14 -0400] "GET /ad917/?path=%2Fhome%2Fservlmvm%2F..%2F..%2Fusr%2Fshare%2Faclocal%2F..%2Flocale%2F.%2Fmap%2F..%2Fzxx%2F..%2Ftt%2F..%2Fes_GT%2F..%2Fdv%2F..%2Fde_AT%2F..%2Fsio HTTP/1.1" 200 1607 "-" "Mozilla/5.0 AppleWebKit/537.36 (KHTML, like Gecko; compatible; ClaudeBot/1.0; +claudebot@anthropic.com)"
3.145.106.222 - - [29/Apr/2025:08:20:17 -0400] "GET /ad917/?path=%2Fhome%2Fservlmvm%2F..%2F..%2Fusr%2Fshare%2Faclocal%2F..%2Flocale%2Fnon%2F.%2F..%2Fsal%2F..%2Fcmn%2F..%2Fid%2F..%2Fhil%2F..%2Fho%2F..%2Flol HTTP/1.1" 200 1600 "-" "Mozilla/5.0 AppleWebKit/537.36 (KHTML, like Gecko; compatible; ClaudeBot/1.0; +claudebot@anthropic.com)"
198.54.116.86 - - [29/Apr/2025:08:20:18 -0400] "POST /wp-cron.php?doing_wp_cron=1745929218.1039719581604003906250 HTTP/1.1" 200 0 "-" "WordPress/6.8; https://servethepeopleinc.org"
52.167.144.190 - - [29/Apr/2025:08:20:17 -0400] "GET /product114715036.shtml HTTP/1.1" 404 16944 "-" "Mozilla/5.0 AppleWebKit/537.36 (KHTML, like Gecko; compatible; bingbot/2.0; +http://www.bing.com/bingbot.htm) Chrome/116.0.1938.76 Safari/537.36"
3.145.106.222 - - [29/Apr/2025:08:20:20 -0400] "GET /ad917/?path=%2Fhome%2F.%2F..%2F..%2Fvar%2Flib%2F..%2Fsoftaculous%2Fmyadmin49%2F..%2Fmyt%2F..%2F.%2Focart23%2F..%2Fcpg%2F..%2Focart%2F..%2Fvue HTTP/1.1" 200 1964 "-" "Mozilla/5.0 AppleWebKit/537.36 (KHTML, like Gecko; compatible; ClaudeBot/1.0; +claudebot@anthropic.com)"
3.145.106.222 - - [29/Apr/2025:08:20:23 -0400] "GET /ad917/?path=%2Fhome%2Fservlmvm%2F..%2F..%2Fusr%2Fshare%2Faclocal%2F..%2Flocale%2Fchg%2F..%2Fudm%2F..%2Fes_SV%2F..%2Fkar%2F..%2Fno.us-ascii HTTP/1.1" 200 1568 "-" "Mozilla/5.0 AppleWebKit/537.36 (KHTML, like Gecko; compatible; ClaudeBot/1.0; +claudebot@anthropic.com)"
3.145.106.222 - - [29/Apr/2025:08:20:26 -0400] "GET /ad917/?path=%2Fhome%2Fservlmvm%2F..%2F..%2Fusr%2Fshare%2Faclocal%2F..%2Flocale%2Fchg%2F..%2Fudm%2F..%2Fes_SV%2F..%2Fegy%2F..%2Fca.us-ascii HTTP/1.1" 200 1566 "-" "Mozilla/5.0 AppleWebKit/537.36 (KHTML, like Gecko; compatible; ClaudeBot/1.0; +claudebot@anthropic.com)"
52.167.144.184 - - [29/Apr/2025:08:20:27 -0400] "GET /detail/i/sexsetacea/2793230.shtml HTTP/1.1" 301 0 "-" "Mozilla/5.0 AppleWebKit/537.36 (KHTML, like Gecko; compatible; bingbot/2.0; +http://www.bing.com/bingbot.htm) Chrome/116.0.1938.76 Safari/537.36"
3.145.106.222 - - [29/Apr/2025:08:20:29 -0400] "GET /ad917/?path=%2Fhome%2F.%2F..%2F..%2Fvar%2Flib%2F..%2Fsoftaculous%2Fmyadmin49%2F..%2Fhelpdeskz%2F.%2F..%2Fmagento%2Fimages%2F.%2F.. HTTP/1.1" 200 2103 "-" "Mozilla/5.0 AppleWebKit/537.36 (KHTML, like Gecko; compatible; ClaudeBot/1.0; +claudebot@anthropic.com)"
3.145.106.222 - - [29/Apr/2025:08:20:32 -0400] "GET /ad917/?path=%2Fhome%2F.%2F..%2F..%2Fvar%2Flib%2F..%2Fsoftaculous%2Fmyadmin49%2F..%2Fmyt%2F..%2F.%2Focart23%2F..%2Finvoice%2F..%2Fclaro%2F..%2Fsqlite HTTP/1.1" 200 1967 "-" "Mozilla/5.0 AppleWebKit/537.36 (KHTML, like Gecko; compatible; ClaudeBot/1.0; +claudebot@anthropic.com)"
3.145.106.222 - - [29/Apr/2025:08:20:35 -0400] "GET /ad917/?path=%2Fhome%2Fservlmvm%2F..%2F..%2Fusr%2Fshare%2Faclocal%2F..%2Flocale%2Fnon%2F.%2F..%2Fsal%2F..%2Fcmn%2F..%2Fid%2F..%2Fhil%2F..%2Fho%2F..%2Fln HTTP/1.1" 200 1604 "-" "Mozilla/5.0 AppleWebKit/537.36 (KHTML, like Gecko; compatible; ClaudeBot/1.0; +claudebot@anthropic.com)"
40.77.167.14 - - [29/Apr/2025:08:20:35 -0400] "GET /item/cleridae2717904.shtml HTTP/1.1" 301 0 "-" "Mozilla/5.0 AppleWebKit/537.36 (KHTML, like Gecko; compatible; bingbot/2.0; +http://www.bing.com/bingbot.htm) Chrome/116.0.1938.76 Safari/537.36"
3.145.106.222 - - [29/Apr/2025:08:20:38 -0400] "GET /ad917/?path=%2Fhome%2F.%2F..%2F..%2Fvar%2Flib%2F..%2Fsoftaculous%2Fmyadmin49%2F..%2Fmyt%2F..%2F.%2Focart23%2F..%2Fcpg%2F..%2Fmorph%2F..%2Fmyweb%2F..%2Fwp67 HTTP/1.1" 200 2694 "-" "Mozilla/5.0 AppleWebKit/537.36 (KHTML, like Gecko; compatible; ClaudeBot/1.0; +claudebot@anthropic.com)"
3.145.106.222 - - [29/Apr/2025:08:20:41 -0400] "GET /ad917/?path=%2Fhome%2Fservlmvm%2F..%2F..%2Fusr%2Fshare%2Faclocal%2F..%2Flocale%2F.%2Fmap%2F..%2Fzxx%2F..%2Ftt%2F..%2Fes_GT%2F..%2Fhmn%2F..%2Ffil%2F..%2Fsrr HTTP/1.1" 200 1597 "-" "Mozilla/5.0 AppleWebKit/537.36 (KHTML, like Gecko; compatible; ClaudeBot/1.0; +claudebot@anthropic.com)"
3.145.106.222 - - [29/Apr/2025:08:20:44 -0400] "GET /ad917/?path=%2Fhome%2Fservlmvm%2F..%2F..%2Fusr%2Fshare%2Faclocal%2F..%2Flocale%2F.%2Fmap%2F..%2Fzxx%2F..%2Ftt%2F..%2Fes_GT%2F..%2Fdv%2F..%2Fde_AT%2F..%2Fsga HTTP/1.1" 200 1608 "-" "Mozilla/5.0 AppleWebKit/537.36 (KHTML, like Gecko; compatible; ClaudeBot/1.0; +claudebot@anthropic.com)"
3.145.106.222 - - [29/Apr/2025:08:20:47 -0400] "GET /ad917/?path=%2Fhome%2Fservlmvm%2F..%2F..%2Fusr%2Fshare%2Faclocal%2F..%2Flocale%2Fchg%2F..%2Fudm%2F..%2Fes_SV%2F..%2Fegy%2F..%2Fsrd HTTP/1.1" 200 1556 "-" "Mozilla/5.0 AppleWebKit/537.36 (KHTML, like Gecko; compatible; ClaudeBot/1.0; +claudebot@anthropic.com)"
3.145.106.222 - - [29/Apr/2025:08:20:50 -0400] "GET /ad917/?path=%2Fhome%2Fservlmvm%2F..%2F..%2Fusr%2Fshare%2Faclocal%2F..%2Flocale%2F.%2Fmap%2F..%2Fzxx%2F..%2Ftt%2F..%2Fes_GT%2F..%2Fdv%2F..%2Fde_AT%2F..%2Fter HTTP/1.1" 200 1605 "-" "Mozilla/5.0 AppleWebKit/537.36 (KHTML, like Gecko; compatible; ClaudeBot/1.0; +claudebot@anthropic.com)"
3.145.106.222 - - [29/Apr/2025:08:20:53 -0400] "GET /ad917/?path=%2Fhome%2Fservlmvm%2F..%2F..%2Fusr%2Fshare%2Faclocal%2F..%2Flocale%2F.%2Fmap%2F..%2Fzxx%2F..%2Ftt%2F..%2Fes_GT%2F..%2Fhmn%2F..%2Ffil%2F..%2Fnap HTTP/1.1" 200 1597 "-" "Mozilla/5.0 AppleWebKit/537.36 (KHTML, like Gecko; compatible; ClaudeBot/1.0; +claudebot@anthropic.com)"
3.145.106.222 - - [29/Apr/2025:08:20:56 -0400] "GET /ad917/?path=%2Fhome%2Fservlmvm%2F..%2F..%2Fusr%2Fshare%2Faclocal%2F..%2Flocale%2Fnon%2F.%2F..%2Fuz%2F..%2Ftt%2F..%2Fmai%2F..%2Fro_RO%2F..%2Fte%2F..%2Fbr HTTP/1.1" 200 1599 "-" "Mozilla/5.0 AppleWebKit/537.36 (KHTML, like Gecko; compatible; ClaudeBot/1.0; +claudebot@anthropic.com)"
3.145.106.222 - - [29/Apr/2025:08:20:59 -0400] "GET /ad917/?path=%2Fhome%2F.%2F..%2F..%2Fvar%2Flib%2F..%2Fsoftaculous%2Fmyadmin49%2F..%2Fpopoji%2F..%2Fmoodle42%2F..%2Fapprain%2F..%2Fselfoss%2F..%2Fwp56 HTTP/1.1" 200 2640 "-" "Mozilla/5.0 AppleWebKit/537.36 (KHTML, like Gecko; compatible; ClaudeBot/1.0; +claudebot@anthropic.com)"
3.145.106.222 - - [29/Apr/2025:08:21:02 -0400] "GET /ad917/?path=%2Fhome%2Fservlmvm%2F..%2F..%2Fusr%2Fshare%2Faclocal%2F..%2Flocale%2Fnon%2F.%2F..%2Fit_IT%2F..%2Ffil%2F..%2Fid%2F..%2Fkro%2F..%2Fchm%2F..%2Fsas HTTP/1.1" 200 1608 "-" "Mozilla/5.0 AppleWebKit/537.36 (KHTML, like Gecko; compatible; ClaudeBot/1.0; +claudebot@anthropic.com)"
198.54.116.86 - - [29/Apr/2025:08:21:02 -0400] "POST /wp-cron.php?doing_wp_cron=1745929262.8782320022583007812500 HTTP/1.1" 200 0 "-" "WordPress/6.8; https://servethepeopleinc.org"
66.249.77.42 - - [29/Apr/2025:08:21:02 -0400] "GET /shopdetail/16325358.shtml HTTP/1.1" 404 16940 "-" "Mozilla/5.0 (compatible; Googlebot/2.1; +http://www.google.com/bot.html)"
198.54.116.86 - - [29/Apr/2025:08:21:03 -0400] "POST /wp-admin/admin-ajax.php?action=async_litespeed&nonce=MeylTFeYLkcFklpCcMjAPoMkk5xmFbHe&litespeed_type=imgoptm HTTP/1.1" 200 21 "-" "WordPress/6.8; https://servethepeopleinc.org"
3.145.106.222 - - [29/Apr/2025:08:21:05 -0400] "GET /ad917/?path=%2Fhome%2Fservlmvm%2F..%2F..%2Fusr%2Fshare%2Faclocal%2F..%2Flocale%2Fnon%2F.%2F..%2Fit_IT%2F..%2Ffil%2F..%2Fid%2F..%2Ffr_FR%2F..%2Fjpr%2F..%2Fcpf HTTP/1.1" 200 1602 "-" "Mozilla/5.0 AppleWebKit/537.36 (KHTML, like Gecko; compatible; ClaudeBot/1.0; +claudebot@anthropic.com)"
52.167.144.184 - - [29/Apr/2025:08:21:05 -0400] "GET /item/atlantica60770182.shtml HTTP/1.1" 301 0 "-" "Mozilla/5.0 AppleWebKit/537.36 (KHTML, like Gecko; compatible; bingbot/2.0; +http://www.bing.com/bingbot.htm) Chrome/116.0.1938.76 Safari/537.36"
3.145.106.222 - - [29/Apr/2025:08:21:08 -0400] "GET /ad917/?path=%2Fhome%2Fservlmvm%2F..%2F..%2Fusr%2Fshare%2Faclocal%2F..%2Flocale%2Fnon%2F.%2F..%2Fuz%2F..%2Ftt%2F..%2Fmai%2F..%2Fro_RO%2F..%2Fkbd%2F..%2Flus HTTP/1.1" 200 1602 "-" "Mozilla/5.0 AppleWebKit/537.36 (KHTML, like Gecko; compatible; ClaudeBot/1.0; +claudebot@anthropic.com)"
3.145.106.222 - - [29/Apr/2025:08:21:11 -0400] "GET /ad917/?path=%2Fhome%2Fservlmvm%2F..%2F..%2Fusr%2Fshare%2Faclocal%2F..%2Flocale%2Fnon%2F.%2F..%2Fit_IT%2F..%2Ffil%2F..%2Fid%2F..%2Fkro%2F..%2Fnn_NO%2F..%2Fgrc HTTP/1.1" 200 1596 "-" "Mozilla/5.0 AppleWebKit/537.36 (KHTML, like Gecko; compatible; ClaudeBot/1.0; +claudebot@anthropic.com)"
3.145.106.222 - - [29/Apr/2025:08:21:14 -0400] "GET /ad917/?path=%2Fhome%2Fservlmvm%2F..%2F..%2Fusr%2Fshare%2Faclocal%2F..%2Flocale%2Fnon%2F.%2F..%2Fit_IT%2F..%2Ffil%2F..%2Fid%2F..%2Ffr_FR%2F..%2Fjpr%2F..%2Fsam HTTP/1.1" 200 1602 "-" "Mozilla/5.0 AppleWebKit/537.36 (KHTML, like Gecko; compatible; ClaudeBot/1.0; +claudebot@anthropic.com)"
3.145.106.222 - - [29/Apr/2025:08:21:17 -0400] "GET /ad917/?path=%2Fhome%2Fservlmvm%2F..%2F..%2Fusr%2Fshare%2Faclocal%2F..%2Flocale%2Fnon%2F.%2F..%2Fit_IT%2F..%2Ffil%2F..%2Fid%2F..%2Ffr_FR%2F..%2Fcau%2F..%2Flus HTTP/1.1" 200 1599 "-" "Mozilla/5.0 AppleWebKit/537.36 (KHTML, like Gecko; compatible; ClaudeBot/1.0; +claudebot@anthropic.com)"
3.145.106.222 - - [29/Apr/2025:08:21:20 -0400] "GET /ad917/?path=%2Fhome%2F.%2F..%2F..%2Fvar%2Flib%2F..%2Fsoftaculous%2Fmyadmin49%2F..%2Fmyt%2F..%2F.%2Fgenix%2F..%2Fodm%2F..%2Fwp49%2Fphp56%2F..%2F.%2F..%2Fqcms HTTP/1.1" 200 2116 "-" "Mozilla/5.0 AppleWebKit/537.36 (KHTML, like Gecko; compatible; ClaudeBot/1.0; +claudebot@anthropic.com)"
198.54.116.86 - - [29/Apr/2025:08:21:22 -0400] "POST /wp-cron.php?doing_wp_cron=1745929282.8923819065093994140625 HTTP/1.1" 200 0 "-" "WordPress/6.8; https://servethepeopleinc.org"
52.167.144.184 - - [29/Apr/2025:08:21:22 -0400] "GET /goodscode/75687696.shtml HTTP/1.1" 301 0 "-" "Mozilla/5.0 AppleWebKit/537.36 (KHTML, like Gecko; compatible; bingbot/2.0; +http://www.bing.com/bingbot.htm) Chrome/116.0.1938.76 Safari/537.36"
52.167.144.185 - - [29/Apr/2025:08:21:22 -0400] "GET /goods435456.shtml HTTP/1.1" 404 16942 "-" "Mozilla/5.0 AppleWebKit/537.36 (KHTML, like Gecko; compatible; bingbot/2.0; +http://www.bing.com/bingbot.htm) Chrome/116.0.1938.76 Safari/537.36"
3.145.106.222 - - [29/Apr/2025:08:21:23 -0400] "GET /ad917/?path=%2Fhome%2Fservlmvm%2F..%2F..%2Fusr%2Fshare%2Faclocal%2F..%2Flocale%2Fchg%2F..%2Fudm%2F..%2Fes_SV%2F..%2Fkar%2F..%2Fafh HTTP/1.1" 200 1558 "-" "Mozilla/5.0 AppleWebKit/537.36 (KHTML, like Gecko; compatible; ClaudeBot/1.0; +claudebot@anthropic.com)"
3.145.106.222 - - [29/Apr/2025:08:21:26 -0400] "GET /ad917/?path=%2Fhome%2F.%2F..%2F..%2Fvar%2Flib%2F..%2Fsoftaculous%2Fmyadmin49%2F..%2Fpopoji%2F..%2Fmoodle42%2F..%2Fapprain%2F..%2Fselfoss%2F..%2Fwp49 HTTP/1.1" 200 2634 "-" "Mozilla/5.0 AppleWebKit/537.36 (KHTML, like Gecko; compatible; ClaudeBot/1.0; +claudebot@anthropic.com)"
3.145.106.222 - - [29/Apr/2025:08:21:29 -0400] "GET /ad917/?path=%2Fhome%2Fservlmvm%2F..%2F..%2Fusr%2Fshare%2Faclocal%2F..%2Flocale%2Fnon%2F.%2F..%2Fit_IT%2F..%2Ffil%2F..%2Fid%2F..%2Ffr_FR%2F..%2Fcau%2F..%2Flol HTTP/1.1" 200 1601 "-" "Mozilla/5.0 AppleWebKit/537.36 (KHTML, like Gecko; compatible; ClaudeBot/1.0; +claudebot@anthropic.com)"
3.145.106.222 - - [29/Apr/2025:08:21:32 -0400] "GET /ad917/?path=%2Fhome%2Fservlmvm%2F..%2F..%2Fusr%2Fshare%2Faclocal%2F..%2Flocale%2F.%2Fmap%2F..%2Fzxx%2F..%2Fbej%2F..%2Fes_GT%2F..%2Fdv%2F..%2Fde_AT%2F..%2Fakk HTTP/1.1" 200 1597 "-" "Mozilla/5.0 AppleWebKit/537.36 (KHTML, like Gecko; compatible; ClaudeBot/1.0; +claudebot@anthropic.com)"
40.77.167.14 - - [29/Apr/2025:08:21:33 -0400] "GET /info/bi/tracklaying/52278052.shtml HTTP/1.1" 301 0 "-" "Mozilla/5.0 AppleWebKit/537.36 (KHTML, like Gecko; compatible; bingbot/2.0; +http://www.bing.com/bingbot.htm) Chrome/116.0.1938.76 Safari/537.36"
3.145.106.222 - - [29/Apr/2025:08:21:35 -0400] "GET /ad917/?path=%2Fhome%2F.%2F..%2F..%2Fvar%2Flib%2F..%2Fsoftaculous%2Fmyadmin49%2F..%2Fagora%2F..%2Ftwg%2F..%2Ffront%2F..%2Fxmb%2F..%2Fmagento2 HTTP/1.1" 200 2525 "-" "Mozilla/5.0 AppleWebKit/537.36 (KHTML, like Gecko; compatible; ClaudeBot/1.0; +claudebot@anthropic.com)"
3.145.106.222 - - [29/Apr/2025:08:21:38 -0400] "GET /ad917/?path=%2Fhome%2Fservlmvm%2F..%2F..%2Fusr%2Fshare%2Faclocal%2F..%2Flocale%2Fnon%2F.%2F..%2Fit_IT%2F..%2Ffil%2F..%2Fid%2F..%2Fkro%2F..%2Fchm%2F..%2Fakk HTTP/1.1" 200 1610 "-" "Mozilla/5.0 AppleWebKit/537.36 (KHTML, like Gecko; compatible; ClaudeBot/1.0; +claudebot@anthropic.com)"
3.145.106.222 - - [29/Apr/2025:08:21:41 -0400] "GET /ad917/?path=%2Fhome%2Fservlmvm%2F..%2F..%2Fusr%2Fshare%2Faclocal%2F..%2Flocale%2Fnon%2F.%2F..%2Fit_IT%2F..%2Ffil%2F..%2Fid%2F..%2Ffr_FR%2F..%2Fjpr%2F..%2Fgmh HTTP/1.1" 200 1601 "-" "Mozilla/5.0 AppleWebKit/537.36 (KHTML, like Gecko; compatible; ClaudeBot/1.0; +claudebot@anthropic.com)"
3.145.106.222 - - [29/Apr/2025:08:21:44 -0400] "GET /ad917/?path=%2Fhome%2Fservlmvm%2F..%2F..%2Fusr%2Fshare%2Faclocal%2F..%2Flocale%2F.%2Fmap%2F..%2Fgon%2F..%2Fguc%2F..%2Ftai%2F..%2Fth_TH%2F. HTTP/1.1" 200 1567 "-" "Mozilla/5.0 AppleWebKit/537.36 (KHTML, like Gecko; compatible; ClaudeBot/1.0; +claudebot@anthropic.com)"
3.145.106.222 - - [29/Apr/2025:08:21:47 -0400] "GET /ad917/?path=%2Fhome%2F.%2F..%2F..%2Fvar%2Flib%2F..%2Fsoftaculous%2Fmyadmin49%2F..%2Fmyt%2F..%2F.%2Focart23%2F..%2Fatlantis%2F..%2Fninja%2F..%2Fyii HTTP/1.1" 200 2015 "-" "Mozilla/5.0 AppleWebKit/537.36 (KHTML, like Gecko; compatible; ClaudeBot/1.0; +claudebot@anthropic.com)"
3.145.106.222 - - [29/Apr/2025:08:21:50 -0400] "GET /ad917/?path=%2Fhome%2Fservlmvm%2F..%2F..%2Fvar%2Fsoftaculous%2Fosclassified%2F..%2Fplikli%2F..%2F.%2Flitecart%2F..%2Fjquery HTTP/1.1" 200 1988 "-" "Mozilla/5.0 AppleWebKit/537.36 (KHTML, like Gecko; compatible; ClaudeBot/1.0; +claudebot@anthropic.com)"
3.145.106.222 - - [29/Apr/2025:08:21:53 -0400] "GET /ad917/?path=%2Fhome%2F.%2F..%2F..%2Fvar%2Flib%2F..%2Fsoftaculous%2Fmyadmin49%2F..%2Fagora%2F..%2Fredax%2F..%2Felkarte%2F..%2Fvxgb%2Finstall.js HTTP/1.1" 200 1416 "-" "Mozilla/5.0 AppleWebKit/537.36 (KHTML, like Gecko; compatible; ClaudeBot/1.0; +claudebot@anthropic.com)"
3.145.106.222 - - [29/Apr/2025:08:21:56 -0400] "GET /ad917/?path=%2Fhome%2F.%2F..%2F..%2Fvar%2Flib%2F..%2Fsoftaculous%2Fmyadmin49%2F..%2Fmyt%2F..%2F.%2Fgenix%2F..%2Fodm%2F..%2Fwp49%2Fphp56%2F..%2F.%2F..%2Fflat HTTP/1.1" 200 2157 "-" "Mozilla/5.0 AppleWebKit/537.36 (KHTML, like Gecko; compatible; ClaudeBot/1.0; +claudebot@anthropic.com)"
3.145.106.222 - - [29/Apr/2025:08:21:59 -0400] "GET /ad917/?path=%2Fhome%2Fservlmvm%2F..%2F..%2Fusr%2Fshare%2Faclocal%2F..%2Flocale%2Fnon%2F.%2F..%2Fuz%2F..%2Ftt%2F..%2Fmai%2F..%2Fro_RO%2F..%2Fkbd%2F..%2Flol HTTP/1.1" 200 1599 "-" "Mozilla/5.0 AppleWebKit/537.36 (KHTML, like Gecko; compatible; ClaudeBot/1.0; +claudebot@anthropic.com)"
3.145.106.222 - - [29/Apr/2025:08:22:02 -0400] "GET /ad917/?path=%2Fhome%2Fservlmvm%2F..%2F..%2Fusr%2Fshare%2Faclocal%2F..%2Flocale%2Fnon%2F.%2F..%2Fit_IT%2F..%2Ffil%2F..%2Fid%2F..%2Ffr_FR%2F..%2Fjpr%2F..%2Fgem HTTP/1.1" 200 1601 "-" "Mozilla/5.0 AppleWebKit/537.36 (KHTML, like Gecko; compatible; ClaudeBot/1.0; +claudebot@anthropic.com)"
3.145.106.222 - - [29/Apr/2025:08:22:05 -0400] "GET /ad917/?path=%2Fhome%2Fservlmvm%2F..%2F..%2Fusr%2Fshare%2Faclocal%2F..%2Flocale%2Fchg%2F..%2Fudm%2F..%2Fes_SV%2F..%2Fkar%2F..%2Fnap HTTP/1.1" 200 1558 "-" "Mozilla/5.0 AppleWebKit/537.36 (KHTML, like Gecko; compatible; ClaudeBot/1.0; +claudebot@anthropic.com)"
3.145.106.222 - - [29/Apr/2025:08:22:08 -0400] "GET /ad917/?path=%2Fhome%2F.%2F..%2F..%2Fvar%2Flib%2F..%2Fsoftaculous%2Fmyadmin49%2F..%2Fpopoji%2F..%2Fphpwcms%2F..%2Felkarte%2F..%2Fpostfix%2F..%2Fminibb HTTP/1.1" 200 2029 "-" "Mozilla/5.0 AppleWebKit/537.36 (KHTML, like Gecko; compatible; ClaudeBot/1.0; +claudebot@anthropic.com)"
198.54.116.86 - - [29/Apr/2025:08:22:08 -0400] "POST /wp-cron.php?doing_wp_cron=1745929328.7761790752410888671875 HTTP/1.1" 200 0 "-" "WordPress/6.8; https://servethepeopleinc.org"
66.249.77.40 - - [29/Apr/2025:08:22:08 -0400] "GET /shopping/2170686.shtml HTTP/1.1" 404 16942 "-" "Mozilla/5.0 (Linux; Android 6.0.1; Nexus 5X Build/MMB29P) AppleWebKit/537.36 (KHTML, like Gecko) Chrome/135.0.7049.95 Mobile Safari/537.36 (compatible; Googlebot/2.1; +http://www.google.com/bot.html)"
198.54.116.86 - - [29/Apr/2025:08:22:09 -0400] "POST /wp-admin/admin-ajax.php?action=async_litespeed&nonce=LgNbbqKFKjgWqU904AF1LZL6juB9WYPK&litespeed_type=imgoptm HTTP/1.1" 200 21 "-" "WordPress/6.8; https://servethepeopleinc.org"
3.145.106.222 - - [29/Apr/2025:08:22:11 -0400] "GET /ad917/?path=%2Fhome%2Fservlmvm%2F..%2F..%2Fusr%2Fshare%2Faclocal%2F..%2Flocale%2Ffrr%2F..%2Fsrn%2F..%2Flu%2F..%2Fth_TH%2F..%2Ftsi%2F. HTTP/1.1" 200 1559 "-" "Mozilla/5.0 AppleWebKit/537.36 (KHTML, like Gecko; compatible; ClaudeBot/1.0; +claudebot@anthropic.com)"
3.145.106.222 - - [29/Apr/2025:08:22:14 -0400] "GET /ad917/?path=%2Fhome%2F.%2F..%2F..%2Fvar%2Flib%2F..%2Fsoftaculous%2Fmyadmin49%2F..%2Fpopoji%2F..%2Fburden%2F..%2Fphplist%2F..%2Fmagento2 HTTP/1.1" 200 2497 "-" "Mozilla/5.0 AppleWebKit/537.36 (KHTML, like Gecko; compatible; ClaudeBot/1.0; +claudebot@anthropic.com)"
198.54.116.86 - - [29/Apr/2025:08:22:14 -0400] "POST /wp-cron.php?doing_wp_cron=1745929334.6142640113830566406250 HTTP/1.1" 200 0 "-" "WordPress/6.8; https://servethepeopleinc.org"
52.167.144.209 - - [29/Apr/2025:08:22:14 -0400] "GET /items/crapald/ HTTP/1.1" 301 0 "-" "Mozilla/5.0 AppleWebKit/537.36 (KHTML, like Gecko; compatible; bingbot/2.0; +http://www.bing.com/bingbot.htm) Chrome/116.0.1938.76 Safari/537.36"
66.249.77.40 - - [29/Apr/2025:08:22:14 -0400] "GET /special/t/velveting60041852.shtml HTTP/1.1" 404 16952 "-" "Mozilla/5.0 (Linux; Android 6.0.1; Nexus 5X Build/MMB29P) AppleWebKit/537.36 (KHTML, like Gecko) Chrome/135.0.7049.95 Mobile Safari/537.36 (compatible; Googlebot/2.1; +http://www.google.com/bot.html)"
3.145.106.222 - - [29/Apr/2025:08:22:17 -0400] "GET /ad917/?path=%2Fhome%2Fservlmvm%2F..%2F..%2Fusr%2Fshare%2Faclocal%2F..%2Flocale%2Fnon%2F.%2F..%2Fit_IT%2F..%2Ffil%2F..%2Fid%2F..%2Ffr_FR%2F..%2Farn%2F..%2Fce HTTP/1.1" 200 1591 "-" "Mozilla/5.0 AppleWebKit/537.36 (KHTML, like Gecko; compatible; ClaudeBot/1.0; +claudebot@anthropic.com)"
198.54.116.86 - - [29/Apr/2025:08:22:18 -0400] "POST /wp-cron.php?doing_wp_cron=1745929338.7279939651489257812500 HTTP/1.1" 200 0 "-" "WordPress/6.8; https://servethepeopleinc.org"
40.77.167.159 - - [29/Apr/2025:08:22:18 -0400] "GET /info/zws/horefrost/75889208.shtml HTTP/1.1" 301 0 "-" "Mozilla/5.0 AppleWebKit/537.36 (KHTML, like Gecko; compatible; bingbot/2.0; +http://www.bing.com/bingbot.htm) Chrome/116.0.1938.76 Safari/537.36"
3.145.106.222 - - [29/Apr/2025:08:22:20 -0400] "GET /ad917/?path=%2Fhome%2Fservlmvm%2F..%2F..%2Fusr%2Fshare%2Faclocal%2F..%2Flocale%2Fnon%2F.%2F..%2Fit_IT%2F..%2Ffil%2F..%2Fid%2F..%2Ffr_FR%2F..%2Fcau%2F..%2Fln HTTP/1.1" 200 1590 "-" "Mozilla/5.0 AppleWebKit/537.36 (KHTML, like Gecko; compatible; ClaudeBot/1.0; +claudebot@anthropic.com)"
3.145.106.222 - - [29/Apr/2025:08:22:23 -0400] "GET /ad917/?path=%2Fhome%2F.%2F..%2F..%2Flib%2Frpm%2F..%2Fmodules%2F..%2F.build-id%2Fd4%2F..%2F9f%2F..%2F4f%2F..%2F06%2F..%2F07%2F..%2F73%2F..%2Ff0%2F..%2Fd0 HTTP/1.1" 200 2352 "-" "Mozilla/5.0 AppleWebKit/537.36 (KHTML, like Gecko; compatible; ClaudeBot/1.0; +claudebot@anthropic.com)"
52.167.144.184 - - [29/Apr/2025:08:22:25 -0400] "GET /detail29930356.shtml HTTP/1.1" 301 0 "-" "Mozilla/5.0 AppleWebKit/537.36 (KHTML, like Gecko; compatible; bingbot/2.0; +http://www.bing.com/bingbot.htm) Chrome/116.0.1938.76 Safari/537.36"
3.145.106.222 - - [29/Apr/2025:08:22:26 -0400] "GET /ad917/?path=%2Fhome%2F.%2F..%2F..%2Fvar%2Flib%2F..%2Fsoftaculous%2Fmyadmin49%2F..%2Fmyt%2F..%2F.%2Focart23%2F..%2Fcpg%2F..%2Fmorph%2F..%2Fmyweb%2F..%2Fwp59 HTTP/1.1" 200 2719 "-" "Mozilla/5.0 AppleWebKit/537.36 (KHTML, like Gecko; compatible; ClaudeBot/1.0; +claudebot@anthropic.com)"
3.145.106.222 - - [29/Apr/2025:08:22:29 -0400] "GET /ad917/?path=%2Fhome%2Fservlmvm%2F..%2F..%2Fusr%2Fshare%2Faclocal%2F..%2Flocale%2Fnon%2F.%2F..%2Fuz%2F..%2Ftt%2F..%2Fmai%2F..%2Fro_RO%2F..%2Fte%2F..%2Ftt HTTP/1.1" 200 1595 "-" "Mozilla/5.0 AppleWebKit/537.36 (KHTML, like Gecko; compatible; ClaudeBot/1.0; +claudebot@anthropic.com)"
3.145.106.222 - - [29/Apr/2025:08:22:32 -0400] "GET /ad917/?path=%2Fhome%2Fservlmvm%2F..%2F..%2Fusr%2Fshare%2Faclocal%2F..%2Flocale%2Fnon%2F.%2F..%2Fuz%2F..%2Ftt%2F..%2Fmai%2F..%2Fro_RO%2F..%2Fkbd%2F..%2Fgmh HTTP/1.1" 200 1604 "-" "Mozilla/5.0 AppleWebKit/537.36 (KHTML, like Gecko; compatible; ClaudeBot/1.0; +claudebot@anthropic.com)"
3.145.106.222 - - [29/Apr/2025:08:22:35 -0400] "GET /ad917/?path=%2Fhome%2Fservlmvm%2F..%2F..%2Fusr%2Fshare%2Faclocal%2F..%2Flocale%2Fnon%2F.%2F..%2Fuz%2F..%2Ftt%2F..%2Fmai%2F..%2Fro_RO%2F..%2Fte%2F..%2Fnn HTTP/1.1" 200 1597 "-" "Mozilla/5.0 AppleWebKit/537.36 (KHTML, like Gecko; compatible; ClaudeBot/1.0; +claudebot@anthropic.com)"
52.167.144.190 - - [29/Apr/2025:08:22:35 -0400] "GET /special87068836.shtml HTTP/1.1" 404 16942 "-" "Mozilla/5.0 AppleWebKit/537.36 (KHTML, like Gecko; compatible; bingbot/2.0; +http://www.bing.com/bingbot.htm) Chrome/116.0.1938.76 Safari/537.36"
3.145.106.222 - - [29/Apr/2025:08:22:38 -0400] "GET /ad917/?path=%2Fhome%2Fservlmvm%2F..%2F..%2Fusr%2Fshare%2Faclocal%2F..%2Flocale%2Fnon%2F.%2F..%2Fit_IT%2F..%2Ffil%2F..%2Fid%2F..%2Ffr_FR%2F..%2Fjpr%2F..%2Fefi HTTP/1.1" 200 1601 "-" "Mozilla/5.0 AppleWebKit/537.36 (KHTML, like Gecko; compatible; ClaudeBot/1.0; +claudebot@anthropic.com)"
3.145.106.222 - - [29/Apr/2025:08:22:41 -0400] "GET /ad917/?path=%2Fhome%2F.%2F..%2F..%2Fvar%2Flib%2F..%2Fsoftaculous%2Fmyadmin49%2F..%2Fpopoji%2F..%2Fphpwcms%2F..%2Felkarte%2F..%2Fpostfix%2F..%2Ftraq HTTP/1.1" 200 2227 "-" "Mozilla/5.0 AppleWebKit/537.36 (KHTML, like Gecko; compatible; ClaudeBot/1.0; +claudebot@anthropic.com)"
3.145.106.222 - - [29/Apr/2025:08:22:44 -0400] "GET /ad917/?path=%2Fhome%2Fservlmvm%2F..%2F..%2Fusr%2Fshare%2Faclocal%2F..%2Flocale%2Fnon%2F.%2F..%2Fit_IT%2F..%2Ffil%2F..%2Fid%2F..%2Fkro%2F..%2Fnn_NO%2F..%2Fcmc HTTP/1.1" 200 1594 "-" "Mozilla/5.0 AppleWebKit/537.36 (KHTML, like Gecko; compatible; ClaudeBot/1.0; +claudebot@anthropic.com)"
3.145.106.222 - - [29/Apr/2025:08:22:47 -0400] "GET /ad917/?path=%2Fhome%2F.%2F..%2F..%2Fvar%2Flib%2F..%2Fsoftaculous%2Fmyadmin49%2F..%2Fhelpdeskz%2F.%2F..%2Fslims%2F..%2Fgoffice6%2Finstall.js HTTP/1.1" 200 1412 "-" "Mozilla/5.0 AppleWebKit/537.36 (KHTML, like Gecko; compatible; ClaudeBot/1.0; +claudebot@anthropic.com)"
3.145.106.222 - - [29/Apr/2025:08:22:50 -0400] "GET /ad917/?path=%2Fhome%2Fservlmvm%2F..%2F..%2Fusr%2Fshare%2Faclocal%2F..%2Flocale%2F.%2Fmap%2F..%2Fzxx%2F..%2Fbej%2F..%2Fes_GT%2F..%2Fdv%2F..%2Fde_AT%2F..%2Fsai HTTP/1.1" 200 1597 "-" "Mozilla/5.0 AppleWebKit/537.36 (KHTML, like Gecko; compatible; ClaudeBot/1.0; +claudebot@anthropic.com)"
3.145.106.222 - - [29/Apr/2025:08:22:53 -0400] "GET /ad917/?path=%2Fhome%2Fservlmvm%2F..%2F..%2Fusr%2Fshare%2Faclocal%2F..%2Flocale%2Fchg%2F..%2Fudm%2F..%2Fes_SV%2F..%2Fegy%2F..%2Fmap HTTP/1.1" 200 1556 "-" "Mozilla/5.0 AppleWebKit/537.36 (KHTML, like Gecko; compatible; ClaudeBot/1.0; +claudebot@anthropic.com)"
198.54.116.86 - - [29/Apr/2025:08:22:55 -0400] "POST /wp-cron.php?doing_wp_cron=1745929375.1252620220184326171875 HTTP/1.1" 200 0 "-" "WordPress/6.8; https://servethepeopleinc.org"
52.167.144.190 - - [29/Apr/2025:08:22:54 -0400] "GET /products/cg/cameo88037774.shtml HTTP/1.1" 404 16950 "-" "Mozilla/5.0 AppleWebKit/537.36 (KHTML, like Gecko; compatible; bingbot/2.0; +http://www.bing.com/bingbot.htm) Chrome/116.0.1938.76 Safari/537.36"
66.249.77.40 - - [29/Apr/2025:08:22:55 -0400] "GET /entity/p/auxanometer104549420.shtml HTTP/1.1" 404 16948 "-" "Mozilla/5.0 (Linux; Android 6.0.1; Nexus 5X Build/MMB29P) AppleWebKit/537.36 (KHTML, like Gecko) Chrome/135.0.7049.95 Mobile Safari/537.36 (compatible; GoogleOther)"
198.54.116.86 - - [29/Apr/2025:08:22:55 -0400] "POST /wp-admin/admin-ajax.php?action=async_litespeed&nonce=boNBoDQbAftPwZnMzrZ3Usb0I3oESzZj&litespeed_type=imgoptm HTTP/1.1" 200 21 "-" "WordPress/6.8; https://servethepeopleinc.org"
3.145.106.222 - - [29/Apr/2025:08:22:56 -0400] "GET /ad917/?path=%2Fhome%2Fservlmvm%2F..%2F..%2Fusr%2Fshare%2Faclocal%2F..%2Flocale%2Fnon%2F.%2F..%2Fuz%2F..%2Fsyr%2F..%2Faus%2F..%2Fmyv%2F..%2Ftiv%2F..%2Fce HTTP/1.1" 200 1608 "-" "Mozilla/5.0 AppleWebKit/537.36 (KHTML, like Gecko; compatible; ClaudeBot/1.0; +claudebot@anthropic.com)"
3.145.106.222 - - [29/Apr/2025:08:22:59 -0400] "GET /ad917/?path=%2Fhome%2Fservlmvm%2F..%2F..%2Fusr%2Fshare%2Faclocal%2F..%2Flocale%2Fnon%2F.%2F..%2Fit_IT%2F..%2Ffil%2F..%2Fid%2F..%2Ffr_FR%2F..%2Fjpr%2F..%2Fmyn HTTP/1.1" 200 1604 "-" "Mozilla/5.0 AppleWebKit/537.36 (KHTML, like Gecko; compatible; ClaudeBot/1.0; +claudebot@anthropic.com)"
3.145.106.222 - - [29/Apr/2025:08:23:02 -0400] "GET /ad917/?path=%2Fhome%2Fservlmvm%2F..%2F..%2Fusr%2Fshare%2Faclocal%2F..%2Flocale%2Fnon%2F.%2F..%2Fit_IT%2F..%2Ffil%2F..%2Fid%2F..%2Fkro%2F..%2Fchm%2F..%2Fter HTTP/1.1" 200 1607 "-" "Mozilla/5.0 AppleWebKit/537.36 (KHTML, like Gecko; compatible; ClaudeBot/1.0; +claudebot@anthropic.com)"
3.145.106.222 - - [29/Apr/2025:08:23:05 -0400] "GET /ad917/?path=%2Fhome%2Fservlmvm%2F..%2F..%2Fusr%2Fshare%2Faclocal%2F..%2Flocale%2Fnon%2F.%2F..%2Fuz%2F..%2Ftt%2F..%2Fmai%2F..%2Fro_RO%2F..%2Fkbd%2F..%2Fakk HTTP/1.1" 200 1603 "-" "Mozilla/5.0 AppleWebKit/537.36 (KHTML, like Gecko; compatible; ClaudeBot/1.0; +claudebot@anthropic.com)"
52.167.144.190 - - [29/Apr/2025:08:23:04 -0400] "GET /products/e/triacontahedral65749094.shtml HTTP/1.1" 404 16949 "-" "Mozilla/5.0 AppleWebKit/537.36 (KHTML, like Gecko; compatible; bingbot/2.0; +http://www.bing.com/bingbot.htm) Chrome/116.0.1938.76 Safari/537.36"
3.145.106.222 - - [29/Apr/2025:08:23:08 -0400] "GET /ad917/?path=%2Fhome%2Fservlmvm%2F..%2F..%2Fusr%2Fshare%2Faclocal%2F..%2Flocale%2Fnon%2F.%2F..%2Fuz%2F..%2Ftt%2F..%2Fmai%2F..%2Fro_RO%2F..%2Fte%2F..%2Flo HTTP/1.1" 200 1598 "-" "Mozilla/5.0 AppleWebKit/537.36 (KHTML, like Gecko; compatible; ClaudeBot/1.0; +claudebot@anthropic.com)"
