uawdijnntqw1x1x1
IP : 18.223.97.8
Hostname : server86.web-hosting.com
Kernel : Linux server86.web-hosting.com 4.18.0-513.18.1.lve.el8.x86_64 #1 SMP Thu Feb 22 12:55:50 UTC 2024 x86_64
Disable Function : None :)
OS : Linux
PATH:
/
home
/
servlmvm
/
.
/
public_html
/
..
/
.
/
access-logs
/
spekkshealth.com.servethepeopleinc.org-ssl_log
/
/
209.141.44.35 - - [08/Apr/2025:08:08:12 -0400] "GET / HTTP/1.1" 200 29770 "https://spekkshealth.com" "Mozilla/5.0 (Windows NT 10.0; Win64; x64) AppleWebKit/537.36 (KHTML, like Gecko) Chrome/58.0.3029.110 Safari/537.36"
209.141.44.35 - - [08/Apr/2025:08:08:13 -0400] "GET /wp-login.php HTTP/1.1" 200 2229 "https://spekkshealth.com" "Mozilla/5.0 (Windows NT 10.0; Win64; x64) AppleWebKit/537.36 (KHTML, like Gecko) Chrome/58.0.3029.110 Safari/537.36"
209.141.43.239 - - [08/Apr/2025:08:17:13 -0400] "GET / HTTP/1.1" 200 29770 "https://spekkshealth.com" "Mozilla/5.0 (Windows NT 10.0; Win64; x64) AppleWebKit/537.36 (KHTML, like Gecko) Chrome/58.0.3029.110 Safari/537.36"
209.141.43.239 - - [08/Apr/2025:08:17:14 -0400] "GET /wp-login.php HTTP/1.1" 200 2229 "https://spekkshealth.com" "Mozilla/5.0 (Windows NT 10.0; Win64; x64) AppleWebKit/537.36 (KHTML, like Gecko) Chrome/58.0.3029.110 Safari/537.36"
45.61.184.136 - - [08/Apr/2025:08:18:54 -0400] "GET /wp-login.php HTTP/1.1" 200 9123 "-" "Mozilla/5.0 (X11; Ubuntu; Linux x86_64; rv:31.0) Gecko/20100101 Firefox/31.0"
198.54.116.86 - - [08/Apr/2025:08:18:56 -0400] "POST /wp-cron.php?doing_wp_cron=1744114736.7673230171203613281250 HTTP/1.1" 200 0 "-" "WordPress/6.7.2; https://spekkshealth.com"
45.61.184.136 - - [08/Apr/2025:08:18:54 -0400] "POST /wp-login.php HTTP/1.1" 200 9627 "-" "Mozilla/5.0 (X11; Ubuntu; Linux x86_64; rv:31.0) Gecko/20100101 Firefox/31.0"
198.54.116.86 - - [08/Apr/2025:08:18:56 -0400] "POST /wp-admin/admin-ajax.php?action=async_litespeed&nonce=disxF0qDo45TmIZrLUxUPR15LwXV28Av&litespeed_type=imgoptm HTTP/1.1" 200 21 "-" "WordPress/6.7.2; https://spekkshealth.com"
107.189.3.116 - - [08/Apr/2025:08:21:18 -0400] "GET /wp-login.php HTTP/1.1" 200 9123 "-" "Mozilla/5.0 (X11; Linux x86_64; rv:30.0) Gecko/20100101 Firefox/30.0"
198.54.116.86 - - [08/Apr/2025:08:27:48 -0400] "POST /wp-cron.php?doing_wp_cron=1744115268.9638209342956542968750 HTTP/1.1" 200 0 "-" "WordPress/6.7.2; https://spekkshealth.com"
107.189.3.116 - - [08/Apr/2025:08:27:46 -0400] "POST /wp-login.php HTTP/1.1" 200 9601 "-" "Mozilla/5.0 (X11; Linux x86_64; rv:30.0) Gecko/20100101 Firefox/30.0"
198.54.116.86 - - [08/Apr/2025:08:27:49 -0400] "POST /wp-admin/admin-ajax.php?action=async_litespeed&nonce=3dQhzBBGVVvgmbSM04MDrLBpghDXqNMl&litespeed_type=imgoptm HTTP/1.1" 200 21 "-" "WordPress/6.7.2; https://spekkshealth.com"
198.98.52.69 - - [08/Apr/2025:08:56:17 -0400] "GET /wp-login.php HTTP/1.1" 200 9123 "-" "Mozilla/5.0 (X11; Linux x86_64) AppleWebKit/537.36 (KHTML, like Gecko) Chrome/36.0.1985.143 Safari/537.36"
198.54.116.86 - - [08/Apr/2025:08:58:22 -0400] "POST /wp-cron.php?doing_wp_cron=1744117102.0368280410766601562500 HTTP/1.1" 200 0 "-" "WordPress/6.7.2; https://spekkshealth.com"
198.98.52.69 - - [08/Apr/2025:08:58:18 -0400] "POST /wp-login.php HTTP/1.1" 200 9601 "-" "Mozilla/5.0 (X11; Linux x86_64) AppleWebKit/537.36 (KHTML, like Gecko) Chrome/36.0.1985.143 Safari/537.36"
198.54.116.86 - - [08/Apr/2025:08:58:22 -0400] "POST /wp-admin/admin-ajax.php?action=async_litespeed&nonce=VEwVwMJCKIiFZix7Zre2oQ3RwPFY9ZPR&litespeed_type=imgoptm HTTP/1.1" 200 21 "-" "WordPress/6.7.2; https://spekkshealth.com"
156.211.112.12 - - [08/Apr/2025:10:07:30 -0400] "GET /tempfuns.php?cmd=PD9waHAgZWNobyAnSEVMTE8tMTIzJzsgPz4= HTTP/1.1" 200 28 "-" "python-requests/2.32.3"
156.211.112.12 - - [08/Apr/2025:10:07:31 -0400] "GET /tempfuns.php?array=PD9waHAgZWNobyAnSEVMTE8tMTIzJzsgPz4= HTTP/1.1" 200 28 "-" "python-requests/2.32.3"
156.211.112.12 - - [08/Apr/2025:10:07:32 -0400] "GET /tempfuns.php?data=PD9waHAgZWNobyAnSEVMTE8tMTIzJzsgPz4= HTTP/1.1" 200 28 "-" "python-requests/2.32.3"
156.211.112.12 - - [08/Apr/2025:10:07:33 -0400] "GET /tempfuns.php?eval=PD9waHAgZWNobyAnSEVMTE8tMTIzJzsgPz4= HTTP/1.1" 200 28 "-" "python-requests/2.32.3"
156.211.112.12 - - [08/Apr/2025:10:07:34 -0400] "GET /tempfuns.php?code=PD9waHAgZWNobyAnSEVMTE8tMTIzJzsgPz4= HTTP/1.1" 200 28 "-" "python-requests/2.32.3"
198.235.24.24 - - [08/Apr/2025:10:47:37 -0400] "GET / HTTP/1.1" 200 163700 "-" "Expanse, a Palo Alto Networks company, searches across the global IPv4 space multiple times per day to identify customers' presences on the Internet. If you would like to be excluded from our scans, please send IP addresses/domains to: scaninfo@paloaltonetworks.com"
43.153.71.132 - - [08/Apr/2025:11:03:39 -0400] "GET / HTTP/1.1" 200 35475 "http://spekkshealth.com" "Mozilla/5.0 (iPhone; CPU iPhone OS 13_2_3 like Mac OS X) AppleWebKit/605.1.15 (KHTML, like Gecko) Version/13.0.3 Mobile/15E148 Safari/604.1"
156.248.81.157 - - [08/Apr/2025:11:41:08 -0400] "GET /contact-us/ HTTP/1.1" 200 22211 "-" "Mozilla/5.0 (Windows NT 10.0) AppleWebKit/537.36 (KHTML, like Gecko) Chrome/114.0.0.0 Safari/537.36"
198.54.116.86 - - [08/Apr/2025:11:41:12 -0400] "POST /wp-cron.php?doing_wp_cron=1744126871.8212070465087890625000 HTTP/1.1" 200 0 "-" "WordPress/6.7.2; https://spekkshealth.com"
156.248.81.157 - - [08/Apr/2025:11:41:09 -0400] "POST /contact-us/ HTTP/1.1" 200 19838 "https://spekkshealth.com/contact-us/" "Mozilla/5.0 (Windows NT 10.0) AppleWebKit/537.36 (KHTML, like Gecko) Chrome/114.0.0.0 Safari/537.36"
198.54.116.86 - - [08/Apr/2025:11:41:12 -0400] "POST /wp-admin/admin-ajax.php?action=async_litespeed&nonce=v7TxEXkR5skdR3NAuM3bTlfoCBcNgj5L&litespeed_type=imgoptm HTTP/1.1" 200 21 "-" "WordPress/6.7.2; https://spekkshealth.com"
146.59.52.85 - - [08/Apr/2025:12:09:58 -0400] "GET / HTTP/1.1" 200 163700 "-" "cpp-httplib/0.15.3"
146.59.52.85 - - [08/Apr/2025:12:12:55 -0400] "GET /about-us/ HTTP/1.1" 200 91126 "-" "cpp-httplib/0.15.3"
146.59.52.85 - - [08/Apr/2025:12:16:13 -0400] "GET /book-appointment/ HTTP/1.1" 200 187187 "-" "cpp-httplib/0.15.3"
146.59.52.85 - - [08/Apr/2025:12:19:39 -0400] "GET /contact-us/ HTTP/1.1" 200 111065 "-" "cpp-httplib/0.15.3"
146.59.52.85 - - [08/Apr/2025:12:23:24 -0400] "GET /services/ HTTP/1.1" 200 102178 "-" "cpp-httplib/0.15.3"
45.61.188.237 - - [08/Apr/2025:12:25:28 -0400] "GET /wp-login.php HTTP/1.1" 200 9123 "-" "Mozilla/5.0 (Macintosh; Intel Mac OS X 10_9_4) AppleWebKit/537.77.4 (KHTML, like Gecko) Version/7.0.5 Safari/537.77.4"
198.54.116.86 - - [08/Apr/2025:12:25:30 -0400] "POST /wp-cron.php?doing_wp_cron=1744129530.9464070796966552734375 HTTP/1.1" 200 0 "-" "WordPress/6.7.2; https://spekkshealth.com"
45.61.188.237 - - [08/Apr/2025:12:25:28 -0400] "POST /wp-login.php HTTP/1.1" 200 9627 "-" "Mozilla/5.0 (Macintosh; Intel Mac OS X 10_9_4) AppleWebKit/537.77.4 (KHTML, like Gecko) Version/7.0.5 Safari/537.77.4"
198.54.116.86 - - [08/Apr/2025:12:25:31 -0400] "POST /wp-admin/admin-ajax.php?action=async_litespeed&nonce=sY1nNlAQhdIF8Fu6sSOtSvfygSbp4xmr&litespeed_type=imgoptm HTTP/1.1" 200 21 "-" "WordPress/6.7.2; https://spekkshealth.com"
146.59.52.85 - - [08/Apr/2025:12:45:25 -0400] "GET /wp-content/uploads/2024/01/shutterstock HTTP/1.1" 404 1251 "-" "cpp-httplib/0.15.3"
198.98.56.149 - - [08/Apr/2025:12:48:09 -0400] "GET /wp-login.php HTTP/1.1" 200 2229 "https://spekkshealth.com" "Mozilla/5.0 (Windows NT 10.0; Win64; x64) AppleWebKit/537.36 (KHTML, like Gecko) Chrome/58.0.3029.110 Safari/537.36"
146.59.52.85 - - [08/Apr/2025:12:48:28 -0400] "GET / HTTP/1.1" 200 163700 "-" "cpp-httplib/0.15.3"
149.34.252.8 - - [08/Apr/2025:13:18:58 -0400] "GET /contact-us/ HTTP/1.1" 200 22211 "-" "Mozilla/5.0 (Windows NT 10.0) AppleWebKit/537.36 (KHTML, like Gecko) Chrome/114.0.0.0 Safari/537.36"
198.54.116.86 - - [08/Apr/2025:13:19:05 -0400] "POST /wp-cron.php?doing_wp_cron=1744132745.1842470169067382812500 HTTP/1.1" 200 0 "-" "WordPress/6.7.2; https://spekkshealth.com"
149.34.252.8 - - [08/Apr/2025:13:19:03 -0400] "POST /contact-us/ HTTP/1.1" 200 19836 "https://spekkshealth.com/contact-us/" "Mozilla/5.0 (Windows NT 10.0) AppleWebKit/537.36 (KHTML, like Gecko) Chrome/114.0.0.0 Safari/537.36"
198.54.116.86 - - [08/Apr/2025:13:19:05 -0400] "POST /wp-admin/admin-ajax.php?action=async_litespeed&nonce=ZbAlfB7BB722LmAXNQkrr3Ef9kitz9js&litespeed_type=imgoptm HTTP/1.1" 200 21 "-" "WordPress/6.7.2; https://spekkshealth.com"
45.61.187.191 - - [08/Apr/2025:14:46:04 -0400] "GET /wp-login.php HTTP/1.1" 200 9123 "-" "Mozilla/5.0 (Windows NT 6.1; WOW64) AppleWebKit/537.36 (KHTML, like Gecko) Chrome/35.0.1916.114 Safari/537.36"
198.54.116.86 - - [08/Apr/2025:14:46:06 -0400] "POST /wp-cron.php?doing_wp_cron=1744137966.8373599052429199218750 HTTP/1.1" 200 0 "-" "WordPress/6.7.2; https://spekkshealth.com"
45.61.187.191 - - [08/Apr/2025:14:46:04 -0400] "POST /wp-login.php HTTP/1.1" 200 9601 "-" "Mozilla/5.0 (Windows NT 6.1; WOW64) AppleWebKit/537.36 (KHTML, like Gecko) Chrome/35.0.1916.114 Safari/537.36"
198.54.116.86 - - [08/Apr/2025:14:46:06 -0400] "POST /wp-admin/admin-ajax.php?action=async_litespeed&nonce=V0HzZdSJXQGieeGFFruJnDjd6Q3Lybzi&litespeed_type=imgoptm HTTP/1.1" 200 21 "-" "WordPress/6.7.2; https://spekkshealth.com"
198.54.116.86 - - [08/Apr/2025:15:23:57 -0400] "POST /wp-cron.php?doing_wp_cron=1744140237.0228118896484375000000 HTTP/1.1" 200 0 "-" "WordPress/6.7.2; https://spekkshealth.com"
13.90.231.193 - - [08/Apr/2025:15:23:54 -0400] "GET /autoload_classmap.php HTTP/1.1" 404 88138 "-" "-"
198.54.116.86 - - [08/Apr/2025:15:23:57 -0400] "POST /wp-admin/admin-ajax.php?action=async_litespeed&nonce=A0Z1KgLnJ4O05NefPdz1A4zGBzEqpeji&litespeed_type=imgoptm HTTP/1.1" 200 21 "-" "WordPress/6.7.2; https://spekkshealth.com"
13.90.231.193 - - [08/Apr/2025:15:23:57 -0400] "GET /post.php HTTP/1.1" 404 87354 "-" "-"
13.90.231.193 - - [08/Apr/2025:15:23:57 -0400] "GET /1.php HTTP/1.1" 404 87354 "-" "-"
13.90.231.193 - - [08/Apr/2025:15:23:58 -0400] "GET /flower.php HTTP/1.1" 404 87354 "-" "-"
13.90.231.193 - - [08/Apr/2025:15:23:58 -0400] "GET /admin.php HTTP/1.1" 404 87354 "-" "-"
13.90.231.193 - - [08/Apr/2025:15:23:59 -0400] "GET /file.php HTTP/1.1" 404 87354 "-" "-"
13.90.231.193 - - [08/Apr/2025:15:23:59 -0400] "GET /meta.php HTTP/1.1" 404 87354 "-" "-"
13.90.231.193 - - [08/Apr/2025:15:23:59 -0400] "GET /index.php HTTP/1.1" 301 0 "-" "-"
13.90.231.193 - - [08/Apr/2025:15:23:59 -0400] "GET / HTTP/1.1" 200 163700 "-" "-"
13.90.231.193 - - [08/Apr/2025:15:24:00 -0400] "GET /about.php HTTP/1.1" 404 87354 "-" "-"
13.90.231.193 - - [08/Apr/2025:15:24:00 -0400] "GET /randkeyword.php HTTP/1.1" 404 87354 "-" "-"
13.90.231.193 - - [08/Apr/2025:15:24:00 -0400] "GET /goods.php HTTP/1.1" 404 87354 "-" "-"
13.90.231.193 - - [08/Apr/2025:15:24:00 -0400] "GET /hehe.php HTTP/1.1" 404 87354 "-" "-"
13.90.231.193 - - [08/Apr/2025:15:24:01 -0400] "GET /user.php HTTP/1.1" 404 87354 "-" "-"
13.90.231.193 - - [08/Apr/2025:15:24:01 -0400] "GET /wp-2019.php HTTP/1.1" 404 87354 "-" "-"
13.90.231.193 - - [08/Apr/2025:15:24:01 -0400] "GET /chosen.php HTTP/1.1" 404 87354 "-" "-"
13.90.231.193 - - [08/Apr/2025:15:24:02 -0400] "GET /functions.php HTTP/1.1" 404 87354 "-" "-"
13.90.231.193 - - [08/Apr/2025:15:24:02 -0400] "GET /cron.php HTTP/1.1" 404 87354 "-" "-"
13.90.231.193 - - [08/Apr/2025:15:24:02 -0400] "GET /edit.php HTTP/1.1" 404 87354 "-" "-"
13.90.231.193 - - [08/Apr/2025:15:24:03 -0400] "GET /gecko-new.php HTTP/1.1" 404 87354 "-" "-"
13.90.231.193 - - [08/Apr/2025:15:24:03 -0400] "GET /cookie.php HTTP/1.1" 404 87354 "-" "-"
13.90.231.193 - - [08/Apr/2025:15:24:03 -0400] "GET /xleet.php HTTP/1.1" 404 87354 "-" "-"
13.90.231.193 - - [08/Apr/2025:15:24:03 -0400] "GET /spip.php HTTP/1.1" 404 87354 "-" "-"
13.90.231.193 - - [08/Apr/2025:15:24:04 -0400] "GET /22.php HTTP/1.1" 404 87354 "-" "-"
13.90.231.193 - - [08/Apr/2025:15:24:04 -0400] "GET /room.php HTTP/1.1" 404 87354 "-" "-"
13.90.231.193 - - [08/Apr/2025:15:24:04 -0400] "GET /disagreed.php HTTP/1.1" 404 87354 "-" "-"
13.90.231.193 - - [08/Apr/2025:15:24:05 -0400] "GET /text.php HTTP/1.1" 404 87354 "-" "-"
13.90.231.193 - - [08/Apr/2025:15:24:05 -0400] "GET /alfa-rex.php HTTP/1.1" 404 87354 "-" "-"
13.90.231.193 - - [08/Apr/2025:15:24:05 -0400] "GET /alfa-rex.php7 HTTP/1.1" 404 87354 "-" "-"
13.90.231.193 - - [08/Apr/2025:15:24:05 -0400] "GET /feeds.php HTTP/1.1" 404 87354 "-" "-"
13.90.231.193 - - [08/Apr/2025:15:24:06 -0400] "GET /radio.php HTTP/1.1" 404 87354 "-" "-"
13.90.231.193 - - [08/Apr/2025:15:24:06 -0400] "GET /dropdown.php HTTP/1.1" 404 87354 "-" "-"
13.90.231.193 - - [08/Apr/2025:15:24:06 -0400] "GET /defaults.php HTTP/1.1" 404 87354 "-" "-"
13.90.231.193 - - [08/Apr/2025:15:24:07 -0400] "GET /system.php HTTP/1.1" 404 87354 "-" "-"
13.90.231.193 - - [08/Apr/2025:15:24:07 -0400] "GET /xmlrpc.php HTTP/1.1" 405 42 "-" "-"
13.90.231.193 - - [08/Apr/2025:15:24:07 -0400] "GET /xmlrpc.php0 HTTP/1.1" 404 87354 "-" "-"
13.90.231.193 - - [08/Apr/2025:15:24:08 -0400] "GET /colors.php HTTP/1.1" 404 87354 "-" "-"
13.90.231.193 - - [08/Apr/2025:15:24:08 -0400] "GET /updates.php HTTP/1.1" 404 87354 "-" "-"
13.90.231.193 - - [08/Apr/2025:15:24:08 -0400] "GET /alfa-rex1.php HTTP/1.1" 404 87354 "-" "-"
13.90.231.193 - - [08/Apr/2025:15:24:09 -0400] "GET /wp-index.php HTTP/1.1" 404 87354 "-" "-"
13.90.231.193 - - [08/Apr/2025:15:24:09 -0400] "GET /wp-admin.php HTTP/1.1" 404 87354 "-" "-"
13.90.231.193 - - [08/Apr/2025:15:24:09 -0400] "GET /alfa.php HTTP/1.1" 404 87354 "-" "-"
13.90.231.193 - - [08/Apr/2025:15:24:10 -0400] "GET /alfanew.php7 HTTP/1.1" 404 87354 "-" "-"
13.90.231.193 - - [08/Apr/2025:15:24:10 -0400] "GET /locale.php HTTP/1.1" 404 87354 "-" "-"
13.90.231.193 - - [08/Apr/2025:15:24:10 -0400] "GET /wxo.php HTTP/1.1" 404 87354 "-" "-"
13.90.231.193 - - [08/Apr/2025:15:24:11 -0400] "GET /colour.php HTTP/1.1" 404 87354 "-" "-"
13.90.231.193 - - [08/Apr/2025:15:24:11 -0400] "GET /files.php HTTP/1.1" 404 87354 "-" "-"
13.90.231.193 - - [08/Apr/2025:15:24:11 -0400] "GET /install.php HTTP/1.1" 404 87354 "-" "-"
13.90.231.193 - - [08/Apr/2025:15:24:11 -0400] "GET /wp-contentt.php HTTP/1.1" 404 87354 "-" "-"
13.90.231.193 - - [08/Apr/2025:15:24:12 -0400] "GET /config.php7 HTTP/1.1" 404 87354 "-" "-"
13.90.231.193 - - [08/Apr/2025:15:24:12 -0400] "GET /config.php HTTP/1.1" 404 87354 "-" "-"
13.90.231.193 - - [08/Apr/2025:15:24:12 -0400] "GET /theme.php HTTP/1.1" 404 87354 "-" "-"
13.90.231.193 - - [08/Apr/2025:15:24:13 -0400] "GET /block-bindings.php HTTP/1.1" 404 87354 "-" "-"
13.90.231.193 - - [08/Apr/2025:15:24:13 -0400] "GET /class_api.php HTTP/1.1" 404 87354 "-" "-"
13.90.231.193 - - [08/Apr/2025:15:24:13 -0400] "GET /inputs.php HTTP/1.1" 200 681 "-" "-"
13.90.231.193 - - [08/Apr/2025:15:24:14 -0400] "GET /root.php HTTP/1.1" 404 87354 "-" "-"
13.90.231.193 - - [08/Apr/2025:15:24:15 -0400] "GET /menu.php HTTP/1.1" 404 87354 "-" "-"
13.90.231.193 - - [08/Apr/2025:15:24:15 -0400] "GET /plugin.php HTTP/1.1" 404 87354 "-" "-"
13.90.231.193 - - [08/Apr/2025:15:24:15 -0400] "GET /cloud.php HTTP/1.1" 404 87354 "-" "-"
13.90.231.193 - - [08/Apr/2025:15:24:16 -0400] "GET /configs.php HTTP/1.1" 404 87354 "-" "-"
13.90.231.193 - - [08/Apr/2025:15:24:16 -0400] "GET /wp-configs.php HTTP/1.1" 404 87354 "-" "-"
13.90.231.193 - - [08/Apr/2025:15:24:16 -0400] "GET /update.php HTTP/1.1" 404 87354 "-" "-"
13.90.231.193 - - [08/Apr/2025:15:24:17 -0400] "GET /2.php HTTP/1.1" 404 87354 "-" "-"
13.90.231.193 - - [08/Apr/2025:15:24:17 -0400] "GET /input.php HTTP/1.1" 404 87354 "-" "-"
13.90.231.193 - - [08/Apr/2025:15:24:18 -0400] "GET /aaa.php HTTP/1.1" 404 87354 "-" "-"
209.141.43.239 - - [08/Apr/2025:15:57:01 -0400] "GET / HTTP/1.1" 200 29770 "https://www.google.com" "Mozilla/5.0 (Macintosh; Intel Mac OS X 10_12_6) AppleWebKit/537.36 (KHTML, like Gecko) Chrome/61.0.3163.100 Safari/537.36"
209.141.43.239 - - [08/Apr/2025:15:57:04 -0400] "GET /wp-login.php HTTP/1.1" 200 2229 "https://www.google.com" "Mozilla/5.0 (Macintosh; Intel Mac OS X 10_12_6) AppleWebKit/537.36 (KHTML, like Gecko) Chrome/61.0.3163.100 Safari/537.36"
198.54.116.86 - - [08/Apr/2025:16:22:54 -0400] "POST /wp-cron.php?doing_wp_cron=1744143774.3331360816955566406250 HTTP/1.1" 200 0 "-" "WordPress/6.7.2; https://spekkshealth.com"
52.178.222.235 - - [08/Apr/2025:16:22:52 -0400] "GET /gins/wp-help/ HTTP/1.1" 404 88138 "-" "-"
198.54.116.86 - - [08/Apr/2025:16:22:54 -0400] "POST /wp-admin/admin-ajax.php?action=async_litespeed&nonce=bzP6xfCu2fDdZblAcQUny6JFXwTKPIoF&litespeed_type=imgoptm HTTP/1.1" 200 21 "-" "WordPress/6.7.2; https://spekkshealth.com"
52.178.222.235 - - [08/Apr/2025:16:22:55 -0400] "GET /wp-content HTTP/1.1" 301 795 "-" "-"
52.178.222.235 - - [08/Apr/2025:16:22:55 -0400] "GET /wp-content/ HTTP/1.1" 200 0 "-" "-"
52.178.222.235 - - [08/Apr/2025:16:22:55 -0400] "GET /wp-includes/images/wlw/ HTTP/1.1" 404 87793 "-" "-"
52.178.222.235 - - [08/Apr/2025:16:22:56 -0400] "GET /sim.php/wp-includes/certificates/plugins.php HTTP/1.1" 404 87793 "-" "-"
52.178.222.235 - - [08/Apr/2025:16:22:57 -0400] "GET /site/ HTTP/1.1" 404 87354 "-" "-"
52.178.222.235 - - [08/Apr/2025:16:22:57 -0400] "GET /templates/beez3/ HTTP/1.1" 404 87354 "-" "-"
52.178.222.235 - - [08/Apr/2025:16:22:58 -0400] "GET /wp-content/plugins/dummyyummy/ HTTP/1.1" 404 87793 "-" "-"
52.178.222.235 - - [08/Apr/2025:16:22:59 -0400] "GET /wp/wp-admin/includes/ HTTP/1.1" 404 87793 "-" "-"
52.178.222.235 - - [08/Apr/2025:16:22:59 -0400] "GET /wp-includes/Text/autoload_classmap.php HTTP/1.1" 404 87793 "-" "-"
52.178.222.235 - - [08/Apr/2025:16:23:00 -0400] "GET /wp-content/plugins/dazmhjz/ HTTP/1.1" 404 87793 "-" "-"
52.178.222.235 - - [08/Apr/2025:16:23:01 -0400] "GET /wp-content/languages/about.php HTTP/1.1" 404 87793 "-" "-"
52.178.222.235 - - [08/Apr/2025:16:23:01 -0400] "GET /storage/ HTTP/1.1" 404 87354 "-" "-"
52.178.222.235 - - [08/Apr/2025:16:23:02 -0400] "GET /wp-content/themes/twentytwenty/404.php HTTP/1.1" 404 87793 "-" "-"
52.178.222.235 - - [08/Apr/2025:16:23:03 -0400] "GET /pomo/ HTTP/1.1" 404 87354 "-" "-"
52.178.222.235 - - [08/Apr/2025:16:23:03 -0400] "GET /wp-content/upgrade/sx.php HTTP/1.1" 404 87793 "-" "-"
52.178.222.235 - - [08/Apr/2025:16:23:04 -0400] "GET /wp-content/plugins/WordPressCore/fm.php HTTP/1.1" 404 87793 "-" "-"
52.178.222.235 - - [08/Apr/2025:16:23:05 -0400] "GET /wp-includes/images/include.php HTTP/1.1" 404 87793 "-" "-"
52.178.222.235 - - [08/Apr/2025:16:23:05 -0400] "GET /admin-post.php HTTP/1.1" 404 87354 "-" "-"
182.42.105.85 - - [08/Apr/2025:16:28:41 -0400] "GET / HTTP/1.1" 200 35475 "http://spekkshealth.com" "Mozilla/5.0 (iPhone; CPU iPhone OS 13_2_3 like Mac OS X) AppleWebKit/605.1.15 (KHTML, like Gecko) Version/13.0.3 Mobile/15E148 Safari/604.1"
198.98.61.49 - - [08/Apr/2025:16:48:47 -0400] "GET /wp-login.php HTTP/1.1" 200 9123 "-" "Mozilla/5.0 (compatible; MSIE 9.0; Windows NT 6.1; WOW64; Trident/5.0)"
198.54.116.86 - - [08/Apr/2025:16:48:49 -0400] "POST /wp-cron.php?doing_wp_cron=1744145329.8751189708709716796875 HTTP/1.1" 200 0 "-" "WordPress/6.7.2; https://spekkshealth.com"
198.98.61.49 - - [08/Apr/2025:16:48:47 -0400] "POST /wp-login.php HTTP/1.1" 200 9601 "-" "Mozilla/5.0 (compatible; MSIE 9.0; Windows NT 6.1; WOW64; Trident/5.0)"
198.54.116.86 - - [08/Apr/2025:16:48:50 -0400] "POST /wp-admin/admin-ajax.php?action=async_litespeed&nonce=HFwRm2PjlXIZqr9Qe84wKXJIp0OjYnfB&litespeed_type=imgoptm HTTP/1.1" 200 21 "-" "WordPress/6.7.2; https://spekkshealth.com"
52.167.144.195 - - [08/Apr/2025:17:23:56 -0400] "GET /wp-sitemap.xml HTTP/1.1" 200 193 "-" "Mozilla/5.0 AppleWebKit/537.36 (KHTML, like Gecko; compatible; bingbot/2.0; +http://www.bing.com/bingbot.htm) Chrome/116.0.1938.76 Safari/537.36"
209.141.33.127 - - [08/Apr/2025:17:32:55 -0400] "GET /wp-login.php HTTP/1.1" 200 9123 "-" "Mozilla/5.0 (iPhone; CPU iPhone OS 7_1 like Mac OS X) AppleWebKit/537.51.2 (KHTML, like Gecko) Version/7.0 Mobile/11D167 Safari/9537.53"
198.54.116.86 - - [08/Apr/2025:17:32:57 -0400] "POST /wp-cron.php?doing_wp_cron=1744147977.6792070865631103515625 HTTP/1.1" 200 0 "-" "WordPress/6.7.2; https://spekkshealth.com"
209.141.33.127 - - [08/Apr/2025:17:32:55 -0400] "POST /wp-login.php HTTP/1.1" 200 9627 "-" "Mozilla/5.0 (iPhone; CPU iPhone OS 7_1 like Mac OS X) AppleWebKit/537.51.2 (KHTML, like Gecko) Version/7.0 Mobile/11D167 Safari/9537.53"
198.54.116.86 - - [08/Apr/2025:17:32:57 -0400] "POST /wp-admin/admin-ajax.php?action=async_litespeed&nonce=tffFWCYTYsNtqrwCudFjV3O2rrV5kp0R&litespeed_type=imgoptm HTTP/1.1" 200 21 "-" "WordPress/6.7.2; https://spekkshealth.com"
107.189.1.220 - - [08/Apr/2025:17:41:23 -0400] "GET / HTTP/1.1" 200 35475 "https://www.google.com" "Mozilla/5.0 (Windows NT 10.0; Win64; x64) AppleWebKit/537.36 (KHTML, like Gecko) Chrome/58.0.3029.110 Safari/537.36"
107.189.1.220 - - [08/Apr/2025:17:41:29 -0400] "GET /wp-login.php HTTP/1.1" 200 2534 "https://www.google.com" "Mozilla/5.0 (Windows NT 10.0; Win64; x64) AppleWebKit/537.36 (KHTML, like Gecko) Chrome/58.0.3029.110 Safari/537.36"
43.159.143.139 - - [08/Apr/2025:17:56:35 -0400] "GET / HTTP/1.1" 200 35475 "http://spekkshealth.com" "Mozilla/5.0 (iPhone; CPU iPhone OS 13_2_3 like Mac OS X) AppleWebKit/605.1.15 (KHTML, like Gecko) Version/13.0.3 Mobile/15E148 Safari/604.1"
/home/servlmvm/./public_html/.././access-logs/spekkshealth.com.servethepeopleinc.org-ssl_log