40.77.167.26 - - [08/Apr/2025:10:59:54 -0400] "GET /item31370162.shtml HTTP/1.1" 200 25737 "-" "Mozilla/5.0 AppleWebKit/537.36 (KHTML, like Gecko; compatible; bingbot/2.0; +http://www.bing.com/bingbot.htm) Chrome/116.0.1938.76 Safari/537.36"
66.249.65.104 - - [08/Apr/2025:10:59:55 -0400] "GET /entity/82796112.shtml HTTP/1.1" 200 27591 "-" "Mozilla/5.0 (Linux; Android 6.0.1; Nexus 5X Build/MMB29P) AppleWebKit/537.36 (KHTML, like Gecko) Chrome/135.0.7049.52 Mobile Safari/537.36 (compatible; GoogleOther)"
3.143.4.96 - - [08/Apr/2025:10:59:57 -0400] "GET /ad917/?path=%2Fhome%2F.%2F..%2Fvar%2Fsoftaculous%2Fiwp%2Fphp81 HTTP/1.1" 200 1591 "-" "Mozilla/5.0 AppleWebKit/537.36 (KHTML, like Gecko; compatible; ClaudeBot/1.0; +claudebot@anthropic.com)"
66.249.65.104 - - [08/Apr/2025:10:59:56 -0400] "GET /items/99679570.shtml HTTP/1.1" 200 28837 "-" "Mozilla/5.0 (Linux; Android 6.0.1; Nexus 5X Build/MMB29P) AppleWebKit/537.36 (KHTML, like Gecko) Chrome/135.0.7049.52 Mobile Safari/537.36 (compatible; GoogleOther)"
207.46.13.150 - - [08/Apr/2025:10:59:57 -0400] "GET /entity/renunciatory51526486.shtml HTTP/1.1" 200 27498 "-" "Mozilla/5.0 AppleWebKit/537.36 (KHTML, like Gecko; compatible; bingbot/2.0; +http://www.bing.com/bingbot.htm) Chrome/116.0.1938.76 Safari/537.36"
66.249.65.104 - - [08/Apr/2025:10:59:57 -0400] "GET /shopdetail/xa/hexene/46603804.shtml HTTP/1.1" 200 27485 "-" "Mozilla/5.0 (Linux; Android 6.0.1; Nexus 5X Build/MMB29P) AppleWebKit/537.36 (KHTML, like Gecko) Chrome/135.0.7049.52 Mobile Safari/537.36 (compatible; GoogleOther)"
3.143.4.96 - - [08/Apr/2025:11:00:00 -0400] "GET /ad917/?path=%2Fhome%2F.%2F..%2Fvar%2Fsoftaculous%2Fops%2Fphp71 HTTP/1.1" 200 1622 "-" "Mozilla/5.0 AppleWebKit/537.36 (KHTML, like Gecko; compatible; ClaudeBot/1.0; +claudebot@anthropic.com)"
66.249.65.104 - - [08/Apr/2025:11:00:00 -0400] "GET /shopdetail/l/speak/44683628.shtml HTTP/1.1" 200 28962 "-" "Mozilla/5.0 (Linux; Android 6.0.1; Nexus 5X Build/MMB29P) AppleWebKit/537.36 (KHTML, like Gecko) Chrome/135.0.7049.52 Mobile Safari/537.36 (compatible; GoogleOther)"
3.143.4.96 - - [08/Apr/2025:11:00:03 -0400] "GET /ad917/?path=%2Fhome%2F.%2F..%2Flib%2Ffirmware%2Fnvidia%2Fad107 HTTP/1.1" 200 1457 "-" "Mozilla/5.0 AppleWebKit/537.36 (KHTML, like Gecko; compatible; ClaudeBot/1.0; +claudebot@anthropic.com)"
40.77.167.26 - - [08/Apr/2025:11:00:04 -0400] "GET /products118076044.shtml HTTP/1.1" 200 30582 "-" "Mozilla/5.0 AppleWebKit/537.36 (KHTML, like Gecko; compatible; bingbot/2.0; +http://www.bing.com/bingbot.htm) Chrome/116.0.1938.76 Safari/537.36"
3.143.4.96 - - [08/Apr/2025:11:00:06 -0400] "GET /ad917/?path=%2Fhome%2F.%2F..%2Flib%2Ffirmware%2Fnvidia%2Fgp10b HTTP/1.1" 200 1496 "-" "Mozilla/5.0 AppleWebKit/537.36 (KHTML, like Gecko; compatible; ClaudeBot/1.0; +claudebot@anthropic.com)"
3.143.4.96 - - [08/Apr/2025:11:00:09 -0400] "GET /ad917/?path=%2Fhome%2F.%2F..%2Flib%2Ffirmware%2Fnvidia%2Fad103 HTTP/1.1" 200 1457 "-" "Mozilla/5.0 AppleWebKit/537.36 (KHTML, like Gecko; compatible; ClaudeBot/1.0; +claudebot@anthropic.com)"
207.46.13.78 - - [08/Apr/2025:11:00:08 -0400] "GET /entity/22053172.shtml HTTP/1.1" 200 27890 "-" "Mozilla/5.0 AppleWebKit/537.36 (KHTML, like Gecko; compatible; bingbot/2.0; +http://www.bing.com/bingbot.htm) Chrome/116.0.1938.76 Safari/537.36"
3.143.4.96 - - [08/Apr/2025:11:00:12 -0400] "GET /ad917/?path=%2Fhome%2F.%2Fservlmvm%2Fssl%2F..%2Fwww%2Fwp-admin HTTP/1.1" 200 4369 "-" "Mozilla/5.0 AppleWebKit/537.36 (KHTML, like Gecko; compatible; ClaudeBot/1.0; +claudebot@anthropic.com)"
66.249.65.104 - - [08/Apr/2025:11:00:13 -0400] "GET /shopbrand/imi/fungibles/115104322.shtml HTTP/1.1" 200 27483 "-" "Mozilla/5.0 (Linux; Android 6.0.1; Nexus 5X Build/MMB29P) AppleWebKit/537.36 (KHTML, like Gecko) Chrome/135.0.7049.52 Mobile Safari/537.36 (compatible; GoogleOther)"
3.143.4.96 - - [08/Apr/2025:11:00:15 -0400] "GET /ad917/?path=%2Fhome%2F.%2F..%2Flib64%2Frsyslog%2F..%2Fplymouth HTTP/1.1" 200 1587 "-" "Mozilla/5.0 AppleWebKit/537.36 (KHTML, like Gecko; compatible; ClaudeBot/1.0; +claudebot@anthropic.com)"
66.249.65.104 - - [08/Apr/2025:11:00:16 -0400] "GET /shopdetail105484790.shtml HTTP/1.1" 200 26135 "-" "Mozilla/5.0 (Linux; Android 6.0.1; Nexus 5X Build/MMB29P) AppleWebKit/537.36 (KHTML, like Gecko) Chrome/135.0.7049.52 Mobile Safari/537.36 (compatible; GoogleOther)"
3.143.4.96 - - [08/Apr/2025:11:00:18 -0400] "GET /ad917/?path=%2Fhome%2F.%2F..%2Flib%2Ffirmware%2Fnvidia%2Ftu116 HTTP/1.1" 200 1544 "-" "Mozilla/5.0 AppleWebKit/537.36 (KHTML, like Gecko; compatible; ClaudeBot/1.0; +claudebot@anthropic.com)"
157.55.39.9 - - [08/Apr/2025:11:00:18 -0400] "GET /detail87015814.shtml HTTP/1.1" 200 25043 "-" "Mozilla/5.0 AppleWebKit/537.36 (KHTML, like Gecko; compatible; bingbot/2.0; +http://www.bing.com/bingbot.htm) Chrome/116.0.1938.76 Safari/537.36"
3.143.4.96 - - [08/Apr/2025:11:00:21 -0400] "GET /ad917/?path=%2Fhome%2F.%2Fservlmvm%2F.trash%2F..%2Fwww%2Fa4389 HTTP/1.1" 200 1553 "-" "Mozilla/5.0 AppleWebKit/537.36 (KHTML, like Gecko; compatible; ClaudeBot/1.0; +claudebot@anthropic.com)"
3.143.4.96 - - [08/Apr/2025:11:00:24 -0400] "GET /ad917/?path=%2Fhome%2F.%2F..%2Flib%2Ffirmware%2Fnvidia%2Fgm204 HTTP/1.1" 200 1474 "-" "Mozilla/5.0 AppleWebKit/537.36 (KHTML, like Gecko; compatible; ClaudeBot/1.0; +claudebot@anthropic.com)"
3.143.4.96 - - [08/Apr/2025:11:00:27 -0400] "GET /ad917/?path=%2Fhome%2F.%2F..%2Flib%2Ffirmware%2Fnvidia%2Fgv100 HTTP/1.1" 200 1526 "-" "Mozilla/5.0 AppleWebKit/537.36 (KHTML, like Gecko; compatible; ClaudeBot/1.0; +claudebot@anthropic.com)"
3.143.4.96 - - [08/Apr/2025:11:00:30 -0400] "GET /ad917/?path=%2Fhome%2F.%2F..%2Fusr%2Fselector.etc%2F..%2Flib64 HTTP/1.1" 200 42319 "-" "Mozilla/5.0 AppleWebKit/537.36 (KHTML, like Gecko; compatible; ClaudeBot/1.0; +claudebot@anthropic.com)"
3.143.4.96 - - [08/Apr/2025:11:00:33 -0400] "GET /ad917/?path=%2Fhome%2F.%2F..%2Fvar%2Fsoftaculous%2Fops%2Fphp81 HTTP/1.1" 200 1624 "-" "Mozilla/5.0 AppleWebKit/537.36 (KHTML, like Gecko; compatible; ClaudeBot/1.0; +claudebot@anthropic.com)"
66.249.65.104 - - [08/Apr/2025:11:00:34 -0400] "GET /items/t/propitiousness/62506480.shtml HTTP/1.1" 200 28105 "-" "Mozilla/5.0 (Linux; Android 6.0.1; Nexus 5X Build/MMB29P) AppleWebKit/537.36 (KHTML, like Gecko) Chrome/135.0.7049.52 Mobile Safari/537.36 (compatible; GoogleOther)"
66.249.65.104 - - [08/Apr/2025:11:00:35 -0400] "GET /item/k/mycose/48358106.shtml HTTP/1.1" 200 29797 "-" "Mozilla/5.0 (Linux; Android 6.0.1; Nexus 5X Build/MMB29P) AppleWebKit/537.36 (KHTML, like Gecko) Chrome/135.0.7049.52 Mobile Safari/537.36 (compatible; GoogleOther)"
3.143.4.96 - - [08/Apr/2025:11:00:36 -0400] "GET /ad917/?path=%2Fhome%2F.%2F..%2Flib%2Ffirmware%2Fnvidia%2Fgp100 HTTP/1.1" 200 1474 "-" "Mozilla/5.0 AppleWebKit/537.36 (KHTML, like Gecko; compatible; ClaudeBot/1.0; +claudebot@anthropic.com)"
66.249.65.104 - - [08/Apr/2025:11:00:36 -0400] "GET /info/hansa105386678.shtml HTTP/1.1" 200 27671 "-" "Mozilla/5.0 (Linux; Android 6.0.1; Nexus 5X Build/MMB29P) AppleWebKit/537.36 (KHTML, like Gecko) Chrome/135.0.7049.52 Mobile Safari/537.36 (compatible; GoogleOther)"
207.46.13.150 - - [08/Apr/2025:11:00:37 -0400] "GET /item/wak/proverbs/52002662.shtml HTTP/1.1" 200 28031 "-" "Mozilla/5.0 AppleWebKit/537.36 (KHTML, like Gecko; compatible; bingbot/2.0; +http://www.bing.com/bingbot.htm) Chrome/116.0.1938.76 Safari/537.36"
3.143.4.96 - - [08/Apr/2025:11:00:39 -0400] "GET /ad917/?path=%2Fhome%2F.%2F..%2Flib64%2Frsyslog%2F..%2Flibpq.so HTTP/1.1" 200 957 "-" "Mozilla/5.0 AppleWebKit/537.36 (KHTML, like Gecko; compatible; ClaudeBot/1.0; +claudebot@anthropic.com)"
3.143.4.96 - - [08/Apr/2025:11:00:42 -0400] "GET /ad917/?path=%2Fhome%2F.%2F..%2Flib64%2Flibuser%2F..%2Fpm-utils HTTP/1.1" 200 1504 "-" "Mozilla/5.0 AppleWebKit/537.36 (KHTML, like Gecko; compatible; ClaudeBot/1.0; +claudebot@anthropic.com)"
3.143.4.96 - - [08/Apr/2025:11:00:45 -0400] "GET /ad917/?path=%2Fhome%2F.%2F..%2Flib%2Ffirmware%2Fnvidia%2Ftu10x HTTP/1.1" 200 1457 "-" "Mozilla/5.0 AppleWebKit/537.36 (KHTML, like Gecko; compatible; ClaudeBot/1.0; +claudebot@anthropic.com)"
66.249.65.104 - - [08/Apr/2025:11:00:45 -0400] "GET /detail/directaction/45708616.shtml HTTP/1.1" 200 28025 "-" "Mozilla/5.0 (Linux; Android 6.0.1; Nexus 5X Build/MMB29P) AppleWebKit/537.36 (KHTML, like Gecko) Chrome/135.0.7049.52 Mobile Safari/537.36 (compatible; GoogleOther)"
66.249.65.104 - - [08/Apr/2025:11:00:46 -0400] "GET /detail/y/voluptuously/59446862.shtml HTTP/1.1" 200 26340 "-" "Mozilla/5.0 (Linux; Android 6.0.1; Nexus 5X Build/MMB29P) AppleWebKit/537.36 (KHTML, like Gecko) Chrome/135.0.7049.52 Mobile Safari/537.36 (compatible; GoogleOther)"
3.143.4.96 - - [08/Apr/2025:11:00:48 -0400] "GET /ad917/?path=%2Fhome%2F.%2F..%2Fvar%2Fsoftaculous%2Fxmb%2Fphp53 HTTP/1.1" 200 1622 "-" "Mozilla/5.0 AppleWebKit/537.36 (KHTML, like Gecko; compatible; ClaudeBot/1.0; +claudebot@anthropic.com)"
207.46.13.150 - - [08/Apr/2025:11:00:47 -0400] "GET /goods/10336704.shtml HTTP/1.1" 200 26147 "-" "Mozilla/5.0 AppleWebKit/537.36 (KHTML, like Gecko; compatible; bingbot/2.0; +http://www.bing.com/bingbot.htm) Chrome/116.0.1938.76 Safari/537.36"
3.143.4.96 - - [08/Apr/2025:11:00:51 -0400] "GET /ad917/?path=%2Fhome%2F.%2F..%2Flib64%2Frsyslog%2F..%2Ffirebird HTTP/1.1" 200 1485 "-" "Mozilla/5.0 AppleWebKit/537.36 (KHTML, like Gecko; compatible; ClaudeBot/1.0; +claudebot@anthropic.com)"
3.143.4.96 - - [08/Apr/2025:11:00:54 -0400] "GET /ad917/?path=%2Fhome%2F.%2F..%2Flib64%2Frsyslog%2F..%2Flibrt.so HTTP/1.1" 200 955 "-" "Mozilla/5.0 AppleWebKit/537.36 (KHTML, like Gecko; compatible; ClaudeBot/1.0; +claudebot@anthropic.com)"
66.249.65.104 - - [08/Apr/2025:11:00:55 -0400] "GET /entity/bonasa/52124210.shtml HTTP/1.1" 200 26590 "-" "Mozilla/5.0 (Linux; Android 6.0.1; Nexus 5X Build/MMB29P) AppleWebKit/537.36 (KHTML, like Gecko) Chrome/135.0.7049.52 Mobile Safari/537.36 (compatible; GoogleOther)"
207.46.13.78 - - [08/Apr/2025:11:00:56 -0400] "GET /goods/delator52421124.shtml HTTP/1.1" 200 27386 "-" "Mozilla/5.0 AppleWebKit/537.36 (KHTML, like Gecko; compatible; bingbot/2.0; +http://www.bing.com/bingbot.htm) Chrome/116.0.1938.76 Safari/537.36"
66.249.65.104 - - [08/Apr/2025:11:00:56 -0400] "GET /shopbrand/a/bedpan/59446930.shtml HTTP/1.1" 200 25256 "-" "Mozilla/5.0 (Linux; Android 6.0.1; Nexus 5X Build/MMB29P) AppleWebKit/537.36 (KHTML, like Gecko) Chrome/135.0.7049.52 Mobile Safari/537.36 (compatible; GoogleOther)"
66.249.65.104 - - [08/Apr/2025:11:00:57 -0400] "GET /products/goldenbush/43222788.shtml HTTP/1.1" 200 28999 "-" "Mozilla/5.0 (Linux; Android 6.0.1; Nexus 5X Build/MMB29P) AppleWebKit/537.36 (KHTML, like Gecko) Chrome/135.0.7049.52 Mobile Safari/537.36 (compatible; GoogleOther)"
66.249.65.104 - - [08/Apr/2025:11:01:12 -0400] "GET /info/swc/grisaille/119600522.shtml HTTP/1.1" 200 26456 "-" "Mozilla/5.0 (Linux; Android 6.0.1; Nexus 5X Build/MMB29P) AppleWebKit/537.36 (KHTML, like Gecko) Chrome/135.0.7049.52 Mobile Safari/537.36 (compatible; GoogleOther)"
66.249.65.96 - - [08/Apr/2025:11:01:13 -0400] "GET /entity/ekm/droumy/44683274.shtml HTTP/1.1" 200 27332 "-" "Mozilla/5.0 (Linux; Android 6.0.1; Nexus 5X Build/MMB29P) AppleWebKit/537.36 (KHTML, like Gecko) Chrome/135.0.7049.52 Mobile Safari/537.36 (compatible; GoogleOther)"
66.249.65.105 - - [08/Apr/2025:11:01:15 -0400] "GET /info/to/callat/114544600.shtml HTTP/1.1" 200 26815 "-" "Mozilla/5.0 (Linux; Android 6.0.1; Nexus 5X Build/MMB29P) AppleWebKit/537.36 (KHTML, like Gecko) Chrome/135.0.7049.52 Mobile Safari/537.36 (compatible; GoogleOther)"
66.249.65.104 - - [08/Apr/2025:11:01:17 -0400] "GET /info/jwu/lophobranchii/27930000.shtml HTTP/1.1" 200 25449 "-" "Mozilla/5.0 (Linux; Android 6.0.1; Nexus 5X Build/MMB29P) AppleWebKit/537.36 (KHTML, like Gecko) Chrome/135.0.7049.52 Mobile Safari/537.36 (compatible; GoogleOther)"
66.249.65.104 - - [08/Apr/2025:11:01:22 -0400] "GET /entity/matzohs/39945066.shtml HTTP/1.1" 200 26428 "-" "Mozilla/5.0 (Linux; Android 6.0.1; Nexus 5X Build/MMB29P) AppleWebKit/537.36 (KHTML, like Gecko) Chrome/135.0.7049.52 Mobile Safari/537.36 (compatible; GoogleOther)"
18.189.188.15 - - [08/Apr/2025:11:01:24 -0400] "GET /ad917/?path=%2Fhome%2F.%2Fservlmvm%2Fssl%2F..%2Fwww%2Fwp-content HTTP/1.1" 200 1789 "-" "Mozilla/5.0 AppleWebKit/537.36 (KHTML, like Gecko; compatible; ClaudeBot/1.0; +claudebot@anthropic.com)"
18.189.188.15 - - [08/Apr/2025:11:01:27 -0400] "GET /ad917/?path=%2Fhome%2F.%2F..%2Flib64%2Frsyslog%2F..%2Flibfa.so.1 HTTP/1.1" 200 960 "-" "Mozilla/5.0 AppleWebKit/537.36 (KHTML, like Gecko; compatible; ClaudeBot/1.0; +claudebot@anthropic.com)"
207.46.13.153 - - [08/Apr/2025:11:01:27 -0400] "GET /product/rgu/cryostat/33558584.shtml HTTP/1.1" 200 26388 "-" "Mozilla/5.0 AppleWebKit/537.36 (KHTML, like Gecko; compatible; bingbot/2.0; +http://www.bing.com/bingbot.htm) Chrome/116.0.1938.76 Safari/537.36"
18.189.188.15 - - [08/Apr/2025:11:01:30 -0400] "GET /ad917/?path=%2Fhome%2F.%2F..%2Fvar%2Fsoftaculous%2Fxmb%2Fxmb.sql HTTP/1.1" 200 70401 "-" "Mozilla/5.0 AppleWebKit/537.36 (KHTML, like Gecko; compatible; ClaudeBot/1.0; +claudebot@anthropic.com)"
66.249.65.104 - - [08/Apr/2025:11:01:30 -0400] "GET /goodscode/93789826.shtml HTTP/1.1" 200 26284 "-" "Mozilla/5.0 (Linux; Android 6.0.1; Nexus 5X Build/MMB29P) AppleWebKit/537.36 (KHTML, like Gecko) Chrome/135.0.7049.52 Mobile Safari/537.36 (compatible; GoogleOther)"
18.189.188.15 - - [08/Apr/2025:11:01:33 -0400] "GET /ad917/?path=%2Fhome%2F.%2Fservlmvm%2F.%2F.cphorde%2F..%2Flscache HTTP/1.1" 200 1785 "-" "Mozilla/5.0 AppleWebKit/537.36 (KHTML, like Gecko; compatible; ClaudeBot/1.0; +claudebot@anthropic.com)"
66.249.65.104 - - [08/Apr/2025:11:01:35 -0400] "GET /shopbrand/n/ichthyosauria/31764180.shtml HTTP/1.1" 200 25614 "-" "Mozilla/5.0 (Linux; Android 6.0.1; Nexus 5X Build/MMB29P) AppleWebKit/537.36 (KHTML, like Gecko) Chrome/135.0.7049.52 Mobile Safari/537.36 (compatible; GoogleOther)"
18.189.188.15 - - [08/Apr/2025:11:01:36 -0400] "GET /ad917/?path=%2Fhome%2F.%2F..%2Flib64%2Flibuser%2F..%2Ftraceevent HTTP/1.1" 200 1466 "-" "Mozilla/5.0 AppleWebKit/537.36 (KHTML, like Gecko; compatible; ClaudeBot/1.0; +claudebot@anthropic.com)"
18.189.188.15 - - [08/Apr/2025:11:01:39 -0400] "GET /ad917/?path=%2Fhome%2F.%2F..%2Flib64%2Frsyslog%2F..%2Flibpq.so.5 HTTP/1.1" 200 961 "-" "Mozilla/5.0 AppleWebKit/537.36 (KHTML, like Gecko; compatible; ClaudeBot/1.0; +claudebot@anthropic.com)"
207.46.13.153 - - [08/Apr/2025:11:01:41 -0400] "GET /shopping/90295338.shtml HTTP/1.1" 200 27582 "-" "Mozilla/5.0 AppleWebKit/537.36 (KHTML, like Gecko; compatible; bingbot/2.0; +http://www.bing.com/bingbot.htm) Chrome/116.0.1938.76 Safari/537.36"
18.189.188.15 - - [08/Apr/2025:11:01:42 -0400] "GET /ad917/?path=%2Fhome%2F.%2F..%2Flib64%2Frsyslog%2F..%2Flibgdbm.so HTTP/1.1" 200 960 "-" "Mozilla/5.0 AppleWebKit/537.36 (KHTML, like Gecko; compatible; ClaudeBot/1.0; +claudebot@anthropic.com)"
18.189.188.15 - - [08/Apr/2025:11:01:45 -0400] "GET /ad917/?path=%2Fhome%2F.%2F..%2Flib64%2Frsyslog%2F..%2Flibssl3.so HTTP/1.1" 200 959 "-" "Mozilla/5.0 AppleWebKit/537.36 (KHTML, like Gecko; compatible; ClaudeBot/1.0; +claudebot@anthropic.com)"
18.189.188.15 - - [08/Apr/2025:11:01:48 -0400] "GET /ad917/?path=%2Fhome%2F.%2F..%2Fusr%2Fselector.etc%2F..%2Flibexec HTTP/1.1" 200 1813 "-" "Mozilla/5.0 AppleWebKit/537.36 (KHTML, like Gecko; compatible; ClaudeBot/1.0; +claudebot@anthropic.com)"
18.189.188.15 - - [08/Apr/2025:11:01:51 -0400] "GET /ad917/?path=%2Fhome%2F.%2F..%2Flib64%2Frsyslog%2F..%2Flibplc4.so HTTP/1.1" 200 960 "-" "Mozilla/5.0 AppleWebKit/537.36 (KHTML, like Gecko; compatible; ClaudeBot/1.0; +claudebot@anthropic.com)"
40.77.167.26 - - [08/Apr/2025:11:01:53 -0400] "GET /shopdetail54130334.shtml HTTP/1.1" 200 28127 "-" "Mozilla/5.0 AppleWebKit/537.36 (KHTML, like Gecko; compatible; bingbot/2.0; +http://www.bing.com/bingbot.htm) Chrome/116.0.1938.76 Safari/537.36"
18.189.188.15 - - [08/Apr/2025:11:01:54 -0400] "GET /ad917/?path=%2Fhome%2F.%2F..%2Fvar%2Fsoftaculous%2Fops%2Fops.zip HTTP/1.1" 200 959 "-" "Mozilla/5.0 AppleWebKit/537.36 (KHTML, like Gecko; compatible; ClaudeBot/1.0; +claudebot@anthropic.com)"
66.249.65.104 - - [08/Apr/2025:11:01:56 -0400] "GET /info/r/intermedia/77095532.shtml HTTP/1.1" 200 30400 "-" "Mozilla/5.0 (Linux; Android 6.0.1; Nexus 5X Build/MMB29P) AppleWebKit/537.36 (KHTML, like Gecko) Chrome/135.0.7049.52 Mobile Safari/537.36 (compatible; GoogleOther)"
18.189.188.15 - - [08/Apr/2025:11:01:57 -0400] "GET /ad917/?path=%2Fhome%2F.%2F..%2Flib64%2Flibuser%2F..%2Flibssl3.so HTTP/1.1" 200 963 "-" "Mozilla/5.0 AppleWebKit/537.36 (KHTML, like Gecko; compatible; ClaudeBot/1.0; +claudebot@anthropic.com)"
66.249.65.104 - - [08/Apr/2025:11:01:57 -0400] "GET /items/33163936.shtml HTTP/1.1" 200 25149 "-" "Mozilla/5.0 (Linux; Android 6.0.1; Nexus 5X Build/MMB29P) AppleWebKit/537.36 (KHTML, like Gecko) Chrome/135.0.7049.52 Mobile Safari/537.36 (compatible; GoogleOther)"
66.249.65.104 - - [08/Apr/2025:11:01:59 -0400] "GET /entity/accretionary/91279188.shtml HTTP/1.1" 200 26932 "-" "Mozilla/5.0 (Linux; Android 6.0.1; Nexus 5X Build/MMB29P) AppleWebKit/537.36 (KHTML, like Gecko) Chrome/135.0.7049.52 Mobile Safari/537.36 (compatible; GoogleOther)"
18.189.188.15 - - [08/Apr/2025:11:02:00 -0400] "GET /ad917/?path=%2Fhome%2F.%2F..%2Flib64%2Flibuser%2F..%2Flibuuid.so HTTP/1.1" 200 963 "-" "Mozilla/5.0 AppleWebKit/537.36 (KHTML, like Gecko; compatible; ClaudeBot/1.0; +claudebot@anthropic.com)"
66.249.65.96 - - [08/Apr/2025:11:02:00 -0400] "GET /special/tqy/thalassian/109877376.shtml HTTP/1.1" 200 26702 "-" "Mozilla/5.0 (Linux; Android 6.0.1; Nexus 5X Build/MMB29P) AppleWebKit/537.36 (KHTML, like Gecko) Chrome/135.0.7049.52 Mobile Safari/537.36 (compatible; GoogleOther)"
18.189.188.15 - - [08/Apr/2025:11:02:03 -0400] "GET /ad917/?path=%2Fhome%2F.%2F..%2Flib64%2Flibuser%2F..%2FlibSM.so.6 HTTP/1.1" 200 966 "-" "Mozilla/5.0 AppleWebKit/537.36 (KHTML, like Gecko; compatible; ClaudeBot/1.0; +claudebot@anthropic.com)"
18.189.188.15 - - [08/Apr/2025:11:02:06 -0400] "GET /ad917/?path=%2Fhome%2F.%2F..%2Flib64%2Flibuser%2F..%2Flibutil.so HTTP/1.1" 200 963 "-" "Mozilla/5.0 AppleWebKit/537.36 (KHTML, like Gecko; compatible; ClaudeBot/1.0; +claudebot@anthropic.com)"
207.46.13.78 - - [08/Apr/2025:11:02:08 -0400] "GET /entity/32338068.shtml HTTP/1.1" 200 26600 "-" "Mozilla/5.0 AppleWebKit/537.36 (KHTML, like Gecko; compatible; bingbot/2.0; +http://www.bing.com/bingbot.htm) Chrome/116.0.1938.76 Safari/537.36"
66.249.65.104 - - [08/Apr/2025:11:02:08 -0400] "GET /shopdetail/to/antitypy/62911564.shtml HTTP/1.1" 200 25516 "-" "Mozilla/5.0 (Linux; Android 6.0.1; Nexus 5X Build/MMB29P) AppleWebKit/537.36 (KHTML, like Gecko) Chrome/135.0.7049.52 Mobile Safari/537.36 (compatible; GoogleOther)"
18.189.188.15 - - [08/Apr/2025:11:02:09 -0400] "GET /ad917/?path=%2Fhome%2F.%2Fservlmvm%2F.%2F.cphorde%2F..%2F.cagefs HTTP/1.1" 200 1523 "-" "Mozilla/5.0 AppleWebKit/537.36 (KHTML, like Gecko; compatible; ClaudeBot/1.0; +claudebot@anthropic.com)"
157.55.39.9 - - [08/Apr/2025:11:02:09 -0400] "GET /shopdetail8953334.shtml HTTP/1.1" 200 29472 "-" "Mozilla/5.0 AppleWebKit/537.36 (KHTML, like Gecko; compatible; bingbot/2.0; +http://www.bing.com/bingbot.htm) Chrome/116.0.1938.76 Safari/537.36"
18.189.188.15 - - [08/Apr/2025:11:02:12 -0400] "GET /ad917/?path=%2Fhome%2F.%2F..%2Flib64%2Flibuser%2F..%2Flibss.so.2 HTTP/1.1" 200 963 "-" "Mozilla/5.0 AppleWebKit/537.36 (KHTML, like Gecko; compatible; ClaudeBot/1.0; +claudebot@anthropic.com)"
157.55.39.9 - - [08/Apr/2025:11:02:13 -0400] "GET /items73015736.shtml HTTP/1.1" 200 26898 "-" "Mozilla/5.0 AppleWebKit/537.36 (KHTML, like Gecko; compatible; bingbot/2.0; +http://www.bing.com/bingbot.htm) Chrome/116.0.1938.76 Safari/537.36"
66.249.65.104 - - [08/Apr/2025:11:02:13 -0400] "GET /categories/134368?num=33105 HTTP/1.1" 200 27983 "-" "Mozilla/5.0 (Linux; Android 6.0.1; Nexus 5X Build/MMB29P) AppleWebKit/537.36 (KHTML, like Gecko) Chrome/135.0.7049.52 Mobile Safari/537.36 (compatible; GoogleOther)"
18.189.188.15 - - [08/Apr/2025:11:02:15 -0400] "GET /ad917/?path=%2Fhome%2F.%2F..%2Flib64%2Flibuser%2F..%2Flibmenu.so HTTP/1.1" 200 964 "-" "Mozilla/5.0 AppleWebKit/537.36 (KHTML, like Gecko; compatible; ClaudeBot/1.0; +claudebot@anthropic.com)"
66.249.65.104 - - [08/Apr/2025:11:02:16 -0400] "GET /entity/us/depredation/59446678.shtml HTTP/1.1" 200 26646 "-" "Mozilla/5.0 (Linux; Android 6.0.1; Nexus 5X Build/MMB29P) AppleWebKit/537.36 (KHTML, like Gecko) Chrome/135.0.7049.52 Mobile Safari/537.36 (compatible; GoogleOther)"
18.189.188.15 - - [08/Apr/2025:11:02:18 -0400] "GET /ad917/?path=%2Fhome%2F.%2F..%2Flib64%2Flibuser%2F..%2Flibwebp.so HTTP/1.1" 200 965 "-" "Mozilla/5.0 AppleWebKit/537.36 (KHTML, like Gecko; compatible; ClaudeBot/1.0; +claudebot@anthropic.com)"
66.249.65.104 - - [08/Apr/2025:11:02:20 -0400] "GET /shopdetail/o/prematurely25989794.shtml HTTP/1.1" 200 28181 "-" "Mozilla/5.0 (Linux; Android 6.0.1; Nexus 5X Build/MMB29P) AppleWebKit/537.36 (KHTML, like Gecko) Chrome/135.0.7049.52 Mobile Safari/537.36 (compatible; Googlebot/2.1; +http://www.google.com/bot.html)"
18.189.188.15 - - [08/Apr/2025:11:02:21 -0400] "GET /ad917/?path=%2Fhome%2F.%2F..%2Flib64%2Frsyslog%2F..%2Flibjq.so.1 HTTP/1.1" 200 961 "-" "Mozilla/5.0 AppleWebKit/537.36 (KHTML, like Gecko; compatible; ClaudeBot/1.0; +claudebot@anthropic.com)"
207.46.13.153 - - [08/Apr/2025:11:02:21 -0400] "GET /products/nonscripta25058540.shtml HTTP/1.1" 200 25124 "-" "Mozilla/5.0 AppleWebKit/537.36 (KHTML, like Gecko; compatible; bingbot/2.0; +http://www.bing.com/bingbot.htm) Chrome/116.0.1938.76 Safari/537.36"
18.189.188.15 - - [08/Apr/2025:11:02:24 -0400] "GET /ad917/?path=%2Fhome%2F.%2Fservlmvm%2Fwww%2Fassets%2F..%2Fcgi-bin HTTP/1.1" 200 1546 "-" "Mozilla/5.0 AppleWebKit/537.36 (KHTML, like Gecko; compatible; ClaudeBot/1.0; +claudebot@anthropic.com)"
207.46.13.153 - - [08/Apr/2025:11:02:25 -0400] "GET /entity28358614.shtml HTTP/1.1" 200 27741 "-" "Mozilla/5.0 AppleWebKit/537.36 (KHTML, like Gecko; compatible; bingbot/2.0; +http://www.bing.com/bingbot.htm) Chrome/116.0.1938.76 Safari/537.36"
198.54.116.86 - - [08/Apr/2025:11:02:26 -0400] "POST /wp-cron.php?doing_wp_cron=1744124546.7704470157623291015625 HTTP/1.1" 200 0 "-" "WordPress/6.7.2; https://servethepeopleinc.org"
104.200.18.100 - - [08/Apr/2025:11:02:26 -0400] "POST /xmlrpc.php HTTP/1.1" 200 210 "-" "Mozilla/5.0 (Windows NT 10.0; Win64; x64; rv:95.0) Gecko/20100101 Firefox/95.0"
198.54.116.86 - - [08/Apr/2025:11:02:26 -0400] "POST /wp-admin/admin-ajax.php?action=async_litespeed&nonce=nEM1OyciydHYS2lMzS725Tgt44G9gqCr&litespeed_type=imgoptm HTTP/1.1" 200 21 "-" "WordPress/6.7.2; https://servethepeopleinc.org"
18.189.188.15 - - [08/Apr/2025:11:02:27 -0400] "GET /ad917/?path=%2Fhome%2F.%2F..%2Flib64%2Frsyslog%2F..%2FlibXt.so.6 HTTP/1.1" 200 961 "-" "Mozilla/5.0 AppleWebKit/537.36 (KHTML, like Gecko; compatible; ClaudeBot/1.0; +claudebot@anthropic.com)"
207.46.13.64 - - [08/Apr/2025:11:02:27 -0400] "GET /shopbrand52308694.shtml HTTP/1.1" 200 25821 "-" "Mozilla/5.0 AppleWebKit/537.36 (KHTML, like Gecko; compatible; bingbot/2.0; +http://www.bing.com/bingbot.htm) Chrome/116.0.1938.76 Safari/537.36"
18.189.188.15 - - [08/Apr/2025:11:02:30 -0400] "GET /ad917/?path=%2Fhome%2F.%2F..%2Flib64%2Flibuser%2F..%2Fpulseaudio HTTP/1.1" 200 1556 "-" "Mozilla/5.0 AppleWebKit/537.36 (KHTML, like Gecko; compatible; ClaudeBot/1.0; +claudebot@anthropic.com)"
207.46.13.64 - - [08/Apr/2025:11:02:30 -0400] "GET /entity51903458.shtml HTTP/1.1" 200 25659 "-" "Mozilla/5.0 AppleWebKit/537.36 (KHTML, like Gecko; compatible; bingbot/2.0; +http://www.bing.com/bingbot.htm) Chrome/116.0.1938.76 Safari/537.36"
157.55.39.9 - - [08/Apr/2025:11:02:31 -0400] "GET /detail84269872.shtml HTTP/1.1" 200 27746 "-" "Mozilla/5.0 AppleWebKit/537.36 (KHTML, like Gecko; compatible; bingbot/2.0; +http://www.bing.com/bingbot.htm) Chrome/116.0.1938.76 Safari/537.36"
18.189.188.15 - - [08/Apr/2025:11:02:33 -0400] "GET /ad917/?path=%2Fhome%2F.%2F..%2Flib64%2Frsyslog%2F..%2Fcifs-utils HTTP/1.1" 200 1520 "-" "Mozilla/5.0 AppleWebKit/537.36 (KHTML, like Gecko; compatible; ClaudeBot/1.0; +claudebot@anthropic.com)"
18.189.188.15 - - [08/Apr/2025:11:02:36 -0400] "GET /ad917/?path=%2Fhome%2F.%2F..%2Flib64%2Frsyslog%2F..%2Flibev.so.4 HTTP/1.1" 200 960 "-" "Mozilla/5.0 AppleWebKit/537.36 (KHTML, like Gecko; compatible; ClaudeBot/1.0; +claudebot@anthropic.com)"
66.249.65.104 - - [08/Apr/2025:11:02:36 -0400] "GET /goodscode/q/ichthyomorphic/115102490.shtml HTTP/1.1" 200 25880 "-" "Mozilla/5.0 (Linux; Android 6.0.1; Nexus 5X Build/MMB29P) AppleWebKit/537.36 (KHTML, like Gecko) Chrome/135.0.7049.52 Mobile Safari/537.36 (compatible; GoogleOther)"
207.46.13.64 - - [08/Apr/2025:11:02:36 -0400] "GET /goods/75868800.shtml HTTP/1.1" 200 24941 "-" "Mozilla/5.0 AppleWebKit/537.36 (KHTML, like Gecko; compatible; bingbot/2.0; +http://www.bing.com/bingbot.htm) Chrome/116.0.1938.76 Safari/537.36"
18.189.188.15 - - [08/Apr/2025:11:02:39 -0400] "GET /ad917/?path=%2Fhome%2F.%2F..%2Flib64%2Frsyslog%2F..%2Fld-2.28.so HTTP/1.1" 200 960 "-" "Mozilla/5.0 AppleWebKit/537.36 (KHTML, like Gecko; compatible; ClaudeBot/1.0; +claudebot@anthropic.com)"
157.55.39.9 - - [08/Apr/2025:11:02:39 -0400] "GET /shopping18714860.shtml HTTP/1.1" 200 27502 "-" "Mozilla/5.0 AppleWebKit/537.36 (KHTML, like Gecko; compatible; bingbot/2.0; +http://www.bing.com/bingbot.htm) Chrome/116.0.1938.76 Safari/537.36"
18.189.188.15 - - [08/Apr/2025:11:02:42 -0400] "GET /ad917/?path=%2Fhome%2F.%2F..%2Flib64%2Frsyslog%2F..%2Flibdl.so.2 HTTP/1.1" 200 959 "-" "Mozilla/5.0 AppleWebKit/537.36 (KHTML, like Gecko; compatible; ClaudeBot/1.0; +claudebot@anthropic.com)"
66.249.65.104 - - [08/Apr/2025:11:02:42 -0400] "GET /detail/iii/stillborn/78657730.shtml HTTP/1.1" 200 27298 "-" "Mozilla/5.0 (Linux; Android 6.0.1; Nexus 5X Build/MMB29P) AppleWebKit/537.36 (KHTML, like Gecko) Chrome/135.0.7049.52 Mobile Safari/537.36 (compatible; GoogleOther)"
18.189.188.15 - - [08/Apr/2025:11:02:45 -0400] "GET /ad917/?path=%2Fhome%2F.%2F..%2Fvar%2Fsoftaculous%2Fvue%2Fvue.zip HTTP/1.1" 200 960 "-" "Mozilla/5.0 AppleWebKit/537.36 (KHTML, like Gecko; compatible; ClaudeBot/1.0; +claudebot@anthropic.com)"
18.189.188.15 - - [08/Apr/2025:11:02:48 -0400] "GET /ad917/?path=%2Fhome%2F.%2F..%2Flib64%2Frsyslog%2F..%2Flibmvec.so HTTP/1.1" 200 960 "-" "Mozilla/5.0 AppleWebKit/537.36 (KHTML, like Gecko; compatible; ClaudeBot/1.0; +claudebot@anthropic.com)"
207.46.13.153 - - [08/Apr/2025:11:02:49 -0400] "GET /products20279830.shtml HTTP/1.1" 200 27359 "-" "Mozilla/5.0 AppleWebKit/537.36 (KHTML, like Gecko; compatible; bingbot/2.0; +http://www.bing.com/bingbot.htm) Chrome/116.0.1938.76 Safari/537.36"
18.189.188.15 - - [08/Apr/2025:11:02:51 -0400] "GET /ad917/?path=%2Fhome%2F.%2F..%2Flib64%2Frsyslog%2F..%2Flibkrad.so HTTP/1.1" 200 960 "-" "Mozilla/5.0 AppleWebKit/537.36 (KHTML, like Gecko; compatible; ClaudeBot/1.0; +claudebot@anthropic.com)"
66.249.65.104 - - [08/Apr/2025:11:02:53 -0400] "GET /shopping/zc/sarcobases103930660.shtml HTTP/1.1" 200 26367 "-" "Mozilla/5.0 (Linux; Android 6.0.1; Nexus 5X Build/MMB29P) AppleWebKit/537.36 (KHTML, like Gecko) Chrome/135.0.7049.52 Mobile Safari/537.36 (compatible; GoogleOther)"
18.189.188.15 - - [08/Apr/2025:11:02:54 -0400] "GET /ad917/?path=%2Fhome%2F.%2F..%2Flib64%2Frsyslog%2F..%2Flibkdb5.so HTTP/1.1" 200 960 "-" "Mozilla/5.0 AppleWebKit/537.36 (KHTML, like Gecko; compatible; ClaudeBot/1.0; +claudebot@anthropic.com)"
40.77.167.26 - - [08/Apr/2025:11:02:55 -0400] "GET /shopping69369594.shtml HTTP/1.1" 200 25517 "-" "Mozilla/5.0 AppleWebKit/537.36 (KHTML, like Gecko; compatible; bingbot/2.0; +http://www.bing.com/bingbot.htm) Chrome/116.0.1938.76 Safari/537.36"
18.189.188.15 - - [08/Apr/2025:11:02:57 -0400] "GET /ad917/?path=%2Fhome%2F.%2F..%2Flib64%2Frsyslog%2F..%2Flibgs.so.9 HTTP/1.1" 200 960 "-" "Mozilla/5.0 AppleWebKit/537.36 (KHTML, like Gecko; compatible; ClaudeBot/1.0; +claudebot@anthropic.com)"
207.46.13.151 - - [08/Apr/2025:11:02:59 -0400] "GET /special/mdu/preliminary93830146.shtml HTTP/1.1" 200 28074 "-" "Mozilla/5.0 AppleWebKit/537.36 (KHTML, like Gecko; compatible; bingbot/2.0; +http://www.bing.com/bingbot.htm) Chrome/116.0.1938.76 Safari/537.36"
18.189.188.15 - - [08/Apr/2025:11:03:00 -0400] "GET /ad917/?path=%2Fhome%2F.%2Fservlmvm%2Ftmp%2F..%2Fwww%2Fxmlrpc.php HTTP/1.1" 200 2433 "-" "Mozilla/5.0 AppleWebKit/537.36 (KHTML, like Gecko; compatible; ClaudeBot/1.0; +claudebot@anthropic.com)"
66.249.65.104 - - [08/Apr/2025:11:03:00 -0400] "GET /entity/56990282.shtml HTTP/1.1" 200 28536 "-" "Mozilla/5.0 (Linux; Android 6.0.1; Nexus 5X Build/MMB29P) AppleWebKit/537.36 (KHTML, like Gecko) Chrome/135.0.7049.52 Mobile Safari/537.36 (compatible; GoogleOther)"
66.249.65.104 - - [08/Apr/2025:11:03:01 -0400] "GET /entity/j/teewheep/31766260.shtml HTTP/1.1" 200 25578 "-" "Mozilla/5.0 (Linux; Android 6.0.1; Nexus 5X Build/MMB29P) AppleWebKit/537.36 (KHTML, like Gecko) Chrome/135.0.7049.52 Mobile Safari/537.36 (compatible; GoogleOther)"
18.189.188.15 - - [08/Apr/2025:11:03:03 -0400] "GET /ad917/?path=%2Fhome%2F.%2F..%2Flib64%2Ftd-agent-bit%2F..%2Fguile HTTP/1.1" 200 1453 "-" "Mozilla/5.0 AppleWebKit/537.36 (KHTML, like Gecko; compatible; ClaudeBot/1.0; +claudebot@anthropic.com)"
40.77.167.26 - - [08/Apr/2025:11:03:04 -0400] "GET /goodscode89206534.shtml HTTP/1.1" 200 27910 "-" "Mozilla/5.0 AppleWebKit/537.36 (KHTML, like Gecko; compatible; bingbot/2.0; +http://www.bing.com/bingbot.htm) Chrome/116.0.1938.76 Safari/537.36"
66.249.65.104 - - [08/Apr/2025:11:03:05 -0400] "GET /shopdetail/ocularly102700882.shtml HTTP/1.1" 200 25988 "-" "Mozilla/5.0 (Linux; Android 6.0.1; Nexus 5X Build/MMB29P) AppleWebKit/537.36 (KHTML, like Gecko) Chrome/135.0.7049.52 Mobile Safari/537.36 (compatible; GoogleOther)"
18.189.188.15 - - [08/Apr/2025:11:03:06 -0400] "GET /ad917/?path=%2Fhome%2F.%2Fservlmvm%2F..%2Fservlmvm%2Fwww%2Fad917 HTTP/1.1" 200 1616 "-" "Mozilla/5.0 AppleWebKit/537.36 (KHTML, like Gecko; compatible; ClaudeBot/1.0; +claudebot@anthropic.com)"
66.249.65.104 - - [08/Apr/2025:11:03:08 -0400] "GET /products/g/mitered32644058.shtml HTTP/1.1" 200 24524 "-" "Mozilla/5.0 (Linux; Android 6.0.1; Nexus 5X Build/MMB29P) AppleWebKit/537.36 (KHTML, like Gecko) Chrome/135.0.7049.52 Mobile Safari/537.36 (compatible; GoogleOther)"
18.189.188.15 - - [08/Apr/2025:11:03:09 -0400] "GET /ad917/?path=%2Fhome%2F.%2F..%2Fvar%2Fsoftaculous%2Fforma%2Fphp56 HTTP/1.1" 200 1598 "-" "Mozilla/5.0 AppleWebKit/537.36 (KHTML, like Gecko; compatible; ClaudeBot/1.0; +claudebot@anthropic.com)"
66.249.65.104 - - [08/Apr/2025:11:03:10 -0400] "GET /items/bm/cephalo/67833544.shtml HTTP/1.1" 200 27495 "-" "Mozilla/5.0 (Linux; Android 6.0.1; Nexus 5X Build/MMB29P) AppleWebKit/537.36 (KHTML, like Gecko) Chrome/135.0.7049.52 Mobile Safari/537.36 (compatible; GoogleOther)"
207.46.13.153 - - [08/Apr/2025:11:03:11 -0400] "GET /entity/121992234.shtml HTTP/1.1" 200 26367 "-" "Mozilla/5.0 AppleWebKit/537.36 (KHTML, like Gecko; compatible; bingbot/2.0; +http://www.bing.com/bingbot.htm) Chrome/116.0.1938.76 Safari/537.36"
18.189.188.15 - - [08/Apr/2025:11:03:12 -0400] "GET /ad917/?path=%2Fhome%2F.%2F..%2Fvar%2Fsoftaculous%2Fforma%2Fphp82 HTTP/1.1" 200 1598 "-" "Mozilla/5.0 AppleWebKit/537.36 (KHTML, like Gecko; compatible; ClaudeBot/1.0; +claudebot@anthropic.com)"
52.167.144.203 - - [08/Apr/2025:11:03:14 -0400] "GET /shopdetail/121684022.shtml HTTP/1.1" 200 25704 "-" "Mozilla/5.0 AppleWebKit/537.36 (KHTML, like Gecko; compatible; bingbot/2.0; +http://www.bing.com/bingbot.htm) Chrome/116.0.1938.76 Safari/537.36"
18.189.188.15 - - [08/Apr/2025:11:03:15 -0400] "GET /ad917/?path=%2Fhome%2F.%2F..%2Fvar%2Fsoftaculous%2Fospos%2Fphp71 HTTP/1.1" 200 1661 "-" "Mozilla/5.0 AppleWebKit/537.36 (KHTML, like Gecko; compatible; ClaudeBot/1.0; +claudebot@anthropic.com)"
66.249.65.104 - - [08/Apr/2025:11:03:15 -0400] "GET /products/85012430.shtml HTTP/1.1" 200 25736 "-" "Mozilla/5.0 (compatible; Googlebot/2.1; +http://www.google.com/bot.html)"
18.189.188.15 - - [08/Apr/2025:11:03:18 -0400] "GET /ad917/?path=%2Fhome%2F.%2F..%2Fvar%2Fsoftaculous%2Fphppoll%2Fmd5 HTTP/1.1" 200 1703 "-" "Mozilla/5.0 AppleWebKit/537.36 (KHTML, like Gecko; compatible; ClaudeBot/1.0; +claudebot@anthropic.com)"
66.249.65.104 - - [08/Apr/2025:11:03:18 -0400] "GET /shopbrand/kq/spectabilis/31768506.shtml HTTP/1.1" 200 26977 "-" "Mozilla/5.0 (Linux; Android 6.0.1; Nexus 5X Build/MMB29P) AppleWebKit/537.36 (KHTML, like Gecko) Chrome/135.0.7049.52 Mobile Safari/537.36 (compatible; GoogleOther)"
18.189.188.15 - - [08/Apr/2025:11:03:21 -0400] "GET /ad917/?path=%2Fhome%2F.%2F..%2Fvar%2Fsoftaculous%2Fpluck%2Fphp82 HTTP/1.1" 200 1574 "-" "Mozilla/5.0 AppleWebKit/537.36 (KHTML, like Gecko; compatible; ClaudeBot/1.0; +claudebot@anthropic.com)"
66.249.65.104 - - [08/Apr/2025:11:03:21 -0400] "GET /goodscode/pem/mentalistic/57530004.shtml HTTP/1.1" 200 25725 "-" "Mozilla/5.0 (Linux; Android 6.0.1; Nexus 5X Build/MMB29P) AppleWebKit/537.36 (KHTML, like Gecko) Chrome/135.0.7049.52 Mobile Safari/537.36 (compatible; GoogleOther)"
207.46.13.153 - - [08/Apr/2025:11:03:21 -0400] "GET /info62438728.shtml HTTP/1.1" 200 27193 "-" "Mozilla/5.0 AppleWebKit/537.36 (KHTML, like Gecko; compatible; bingbot/2.0; +http://www.bing.com/bingbot.htm) Chrome/116.0.1938.76 Safari/537.36"
207.46.13.153 - - [08/Apr/2025:11:03:30 -0400] "GET /items/zealless/ HTTP/1.1" 200 27504 "-" "Mozilla/5.0 AppleWebKit/537.36 (KHTML, like Gecko; compatible; bingbot/2.0; +http://www.bing.com/bingbot.htm) Chrome/116.0.1938.76 Safari/537.36"
207.46.13.153 - - [08/Apr/2025:11:03:33 -0400] "GET /items/limule51158352.shtml HTTP/1.1" 200 25008 "-" "Mozilla/5.0 AppleWebKit/537.36 (KHTML, like Gecko; compatible; bingbot/2.0; +http://www.bing.com/bingbot.htm) Chrome/116.0.1938.76 Safari/537.36"
207.46.13.78 - - [08/Apr/2025:11:03:36 -0400] "GET /products/y/scotfree/12767122.shtml HTTP/1.1" 200 27276 "-" "Mozilla/5.0 AppleWebKit/537.36 (KHTML, like Gecko; compatible; bingbot/2.0; +http://www.bing.com/bingbot.htm) Chrome/116.0.1938.76 Safari/537.36"
66.249.65.104 - - [08/Apr/2025:11:03:38 -0400] "GET /products/t/declamation/115106964.shtml HTTP/1.1" 200 28129 "-" "Mozilla/5.0 (Linux; Android 6.0.1; Nexus 5X Build/MMB29P) AppleWebKit/537.36 (KHTML, like Gecko) Chrome/135.0.7049.52 Mobile Safari/537.36 (compatible; GoogleOther)"
207.46.13.64 - - [08/Apr/2025:11:03:41 -0400] "GET /items/ju/friability49420560.shtml HTTP/1.1" 200 27512 "-" "Mozilla/5.0 AppleWebKit/537.36 (KHTML, like Gecko; compatible; bingbot/2.0; +http://www.bing.com/bingbot.htm) Chrome/116.0.1938.76 Safari/537.36"
207.46.13.153 - - [08/Apr/2025:11:03:42 -0400] "GET /item83314560.shtml HTTP/1.1" 200 26837 "-" "Mozilla/5.0 AppleWebKit/537.36 (KHTML, like Gecko; compatible; bingbot/2.0; +http://www.bing.com/bingbot.htm) Chrome/116.0.1938.76 Safari/537.36"
40.77.167.26 - - [08/Apr/2025:11:03:45 -0400] "GET /special/26972614.shtml HTTP/1.1" 200 25771 "-" "Mozilla/5.0 AppleWebKit/537.36 (KHTML, like Gecko; compatible; bingbot/2.0; +http://www.bing.com/bingbot.htm) Chrome/116.0.1938.76 Safari/537.36"
3.145.50.71 - - [08/Apr/2025:11:03:47 -0400] "GET /ad917/?path=%2Fhome%2F.%2F..%2Flib64%2Flibuser%2F..%2Fliblz4.so.1 HTTP/1.1" 200 964 "-" "Mozilla/5.0 AppleWebKit/537.36 (KHTML, like Gecko; compatible; ClaudeBot/1.0; +claudebot@anthropic.com)"
3.145.50.71 - - [08/Apr/2025:11:03:49 -0400] "GET /ad917/?path=%2Fhome%2F.%2F..%2Flib64%2Fapache2%2Fbuild%2Fltlib.mk HTTP/1.1" 200 1461 "-" "Mozilla/5.0 AppleWebKit/537.36 (KHTML, like Gecko; compatible; ClaudeBot/1.0; +claudebot@anthropic.com)"
3.145.50.71 - - [08/Apr/2025:11:03:52 -0400] "GET /ad917/?path=%2Fhome%2F.%2F..%2Flib64%2Flibuser%2F..%2Flibsmi.so.2 HTTP/1.1" 200 963 "-" "Mozilla/5.0 AppleWebKit/537.36 (KHTML, like Gecko; compatible; ClaudeBot/1.0; +claudebot@anthropic.com)"
66.249.65.104 - - [08/Apr/2025:11:03:52 -0400] "GET /product/circumundulate117133274.shtml HTTP/1.1" 200 25820 "-" "Mozilla/5.0 (Linux; Android 6.0.1; Nexus 5X Build/MMB29P) AppleWebKit/537.36 (KHTML, like Gecko) Chrome/135.0.7049.52 Mobile Safari/537.36 (compatible; GoogleOther)"
3.145.50.71 - - [08/Apr/2025:11:03:55 -0400] "GET /ad917/?path=%2Fhome%2F.%2F..%2F.%2Flib64%2Faspell-0.60%2Fnone.amf HTTP/1.1" 200 1016 "-" "Mozilla/5.0 AppleWebKit/537.36 (KHTML, like Gecko; compatible; ClaudeBot/1.0; +claudebot@anthropic.com)"
66.249.65.104 - - [08/Apr/2025:11:03:55 -0400] "GET /entity/sc/marshalship82368782.shtml HTTP/1.1" 200 26710 "-" "Mozilla/5.0 (Linux; Android 6.0.1; Nexus 5X Build/MMB29P) AppleWebKit/537.36 (KHTML, like Gecko) Chrome/135.0.7049.52 Mobile Safari/537.36 (compatible; GoogleOther)"
66.249.65.105 - - [08/Apr/2025:11:03:58 -0400] "GET /entity/j/practicable/62501644.shtml HTTP/1.1" 200 26299 "-" "Mozilla/5.0 (Linux; Android 6.0.1; Nexus 5X Build/MMB29P) AppleWebKit/537.36 (KHTML, like Gecko) Chrome/135.0.7049.52 Mobile Safari/537.36 (compatible; GoogleOther)"
3.145.50.71 - - [08/Apr/2025:11:03:58 -0400] "GET /ad917/?path=%2Fhome%2F.%2F..%2Flib64%2Frsyslog%2F..%2Fliblz4.so.1 HTTP/1.1" 200 958 "-" "Mozilla/5.0 AppleWebKit/537.36 (KHTML, like Gecko; compatible; ClaudeBot/1.0; +claudebot@anthropic.com)"
207.46.13.153 - - [08/Apr/2025:11:03:59 -0400] "GET /detail92490904.shtml HTTP/1.1" 200 27822 "-" "Mozilla/5.0 AppleWebKit/537.36 (KHTML, like Gecko; compatible; bingbot/2.0; +http://www.bing.com/bingbot.htm) Chrome/116.0.1938.76 Safari/537.36"
3.145.50.71 - - [08/Apr/2025:11:04:01 -0400] "GET /ad917/?path=%2Fhome%2F.%2F..%2Flib64%2Flibuser%2F..%2FlibXau.so.6 HTTP/1.1" 200 965 "-" "Mozilla/5.0 AppleWebKit/537.36 (KHTML, like Gecko; compatible; ClaudeBot/1.0; +claudebot@anthropic.com)"
3.145.50.71 - - [08/Apr/2025:11:04:04 -0400] "GET /ad917/?path=%2Fhome%2F.%2F..%2Fvar%2Fsoftaculous%2Fiwp%2Finfo.xml HTTP/1.1" 200 1952 "-" "Mozilla/5.0 AppleWebKit/537.36 (KHTML, like Gecko; compatible; ClaudeBot/1.0; +claudebot@anthropic.com)"
207.46.13.130 - - [08/Apr/2025:11:04:06 -0400] "GET /goods51599246.shtml HTTP/1.1" 200 25280 "-" "Mozilla/5.0 AppleWebKit/537.36 (KHTML, like Gecko; compatible; bingbot/2.0; +http://www.bing.com/bingbot.htm) Chrome/116.0.1938.76 Safari/537.36"
3.145.50.71 - - [08/Apr/2025:11:04:07 -0400] "GET /ad917/?path=%2Fhome%2F.%2F..%2Flib64%2Frsyslog%2F..%2Flibexslt.so HTTP/1.1" 200 959 "-" "Mozilla/5.0 AppleWebKit/537.36 (KHTML, like Gecko; compatible; ClaudeBot/1.0; +claudebot@anthropic.com)"
66.249.65.105 - - [08/Apr/2025:11:04:07 -0400] "GET /shopdetail/flags/77043540.shtml HTTP/1.1" 200 26434 "-" "Mozilla/5.0 (Linux; Android 6.0.1; Nexus 5X Build/MMB29P) AppleWebKit/537.36 (KHTML, like Gecko) Chrome/135.0.7049.52 Mobile Safari/537.36 (compatible; GoogleOther)"
207.46.13.130 - - [08/Apr/2025:11:04:08 -0400] "GET /shopbrand/q/ossific52717670.shtml HTTP/1.1" 200 25577 "-" "Mozilla/5.0 AppleWebKit/537.36 (KHTML, like Gecko; compatible; bingbot/2.0; +http://www.bing.com/bingbot.htm) Chrome/116.0.1938.76 Safari/537.36"
66.249.65.96 - - [08/Apr/2025:11:04:08 -0400] "GET /goodscode/a/superfinical/85414754.shtml HTTP/1.1" 200 27246 "-" "Mozilla/5.0 (Linux; Android 6.0.1; Nexus 5X Build/MMB29P) AppleWebKit/537.36 (KHTML, like Gecko) Chrome/135.0.7049.52 Mobile Safari/537.36 (compatible; GoogleOther)"
3.145.50.71 - - [08/Apr/2025:11:04:10 -0400] "GET /ad917/?path=%2Fhome%2F.%2F..%2Fvar%2Fsoftaculous%2Fowa%2Fedit.php HTTP/1.1" 200 4062 "-" "Mozilla/5.0 AppleWebKit/537.36 (KHTML, like Gecko; compatible; ClaudeBot/1.0; +claudebot@anthropic.com)"
66.249.65.105 - - [08/Apr/2025:11:04:12 -0400] "GET /item/f/achaean/43223308.shtml HTTP/1.1" 200 25004 "-" "Mozilla/5.0 (Linux; Android 6.0.1; Nexus 5X Build/MMB29P) AppleWebKit/537.36 (KHTML, like Gecko) Chrome/135.0.7049.52 Mobile Safari/537.36 (compatible; GoogleOther)"
3.145.50.71 - - [08/Apr/2025:11:04:13 -0400] "GET /ad917/?path=%2Fhome%2F.%2F..%2Flib64%2Flibuser%2F..%2Flibefa.so.1 HTTP/1.1" 200 963 "-" "Mozilla/5.0 AppleWebKit/537.36 (KHTML, like Gecko; compatible; ClaudeBot/1.0; +claudebot@anthropic.com)"
40.77.167.26 - - [08/Apr/2025:11:04:14 -0400] "GET /special/54023424.shtml HTTP/1.1" 200 25983 "-" "Mozilla/5.0 AppleWebKit/537.36 (KHTML, like Gecko; compatible; bingbot/2.0; +http://www.bing.com/bingbot.htm) Chrome/116.0.1938.76 Safari/537.36"
3.145.50.71 - - [08/Apr/2025:11:04:16 -0400] "GET /ad917/?path=%2Fhome%2F.%2F..%2Flib64%2Fengines-1.1%2F.%2Fafalg.so HTTP/1.1" 200 955 "-" "Mozilla/5.0 AppleWebKit/537.36 (KHTML, like Gecko; compatible; ClaudeBot/1.0; +claudebot@anthropic.com)"
40.77.167.26 - - [08/Apr/2025:11:04:19 -0400] "GET /products71821658.shtml HTTP/1.1" 200 25491 "-" "Mozilla/5.0 AppleWebKit/537.36 (KHTML, like Gecko; compatible; bingbot/2.0; +http://www.bing.com/bingbot.htm) Chrome/116.0.1938.76 Safari/537.36"
3.145.50.71 - - [08/Apr/2025:11:04:19 -0400] "GET /ad917/?path=%2Fhome%2F.%2F..%2Flib64%2Frsyslog%2F..%2Frpm-plugins HTTP/1.1" 200 1537 "-" "Mozilla/5.0 AppleWebKit/537.36 (KHTML, like Gecko; compatible; ClaudeBot/1.0; +claudebot@anthropic.com)"
3.145.50.71 - - [08/Apr/2025:11:04:22 -0400] "GET /ad917/?path=%2Fhome%2F.%2F..%2Flib64%2Flibuser%2F..%2Flibmcheck.a HTTP/1.1" 200 964 "-" "Mozilla/5.0 AppleWebKit/537.36 (KHTML, like Gecko; compatible; ClaudeBot/1.0; +claudebot@anthropic.com)"
3.145.50.71 - - [08/Apr/2025:11:04:25 -0400] "GET /ad917/?path=%2Fhome%2F.%2F..%2Flib64%2Flibuser%2F..%2Flibtk8.6.so HTTP/1.1" 200 963 "-" "Mozilla/5.0 AppleWebKit/537.36 (KHTML, like Gecko; compatible; ClaudeBot/1.0; +claudebot@anthropic.com)"
66.249.65.104 - - [08/Apr/2025:11:04:27 -0400] "GET /goodscode/sc/inexpiableness64215374.shtml HTTP/1.1" 200 25965 "-" "Mozilla/5.0 (Linux; Android 6.0.1; Nexus 5X Build/MMB29P) AppleWebKit/537.36 (KHTML, like Gecko) Chrome/135.0.7049.52 Mobile Safari/537.36 (compatible; GoogleOther)"
3.145.50.71 - - [08/Apr/2025:11:04:28 -0400] "GET /ad917/?path=%2Fhome%2F.%2Fservlmvm%2Fwww%2Fimages%2F..%2Fwp-admin HTTP/1.1" 200 4168 "-" "Mozilla/5.0 AppleWebKit/537.36 (KHTML, like Gecko; compatible; ClaudeBot/1.0; +claudebot@anthropic.com)"
3.145.50.71 - - [08/Apr/2025:11:04:31 -0400] "GET /ad917/?path=%2Fhome%2F.%2Fservlmvm%2Fssl%2F..%2Fwww%2Fwp-includes HTTP/1.1" 200 9556 "-" "Mozilla/5.0 AppleWebKit/537.36 (KHTML, like Gecko; compatible; ClaudeBot/1.0; +claudebot@anthropic.com)"
66.249.65.104 - - [08/Apr/2025:11:04:33 -0400] "GET /items/desight/110608240.shtml HTTP/1.1" 200 25575 "-" "Mozilla/5.0 (Linux; Android 6.0.1; Nexus 5X Build/MMB29P) AppleWebKit/537.36 (KHTML, like Gecko) Chrome/135.0.7049.52 Mobile Safari/537.36 (compatible; GoogleOther)"
3.145.50.71 - - [08/Apr/2025:11:04:34 -0400] "GET /ad917/?path=%2Fhome%2F.%2Fservlmvm%2Fssl%2F..%2Fwww%2Fwp-mail.php HTTP/1.1" 200 4115 "-" "Mozilla/5.0 AppleWebKit/537.36 (KHTML, like Gecko; compatible; ClaudeBot/1.0; +claudebot@anthropic.com)"
3.145.50.71 - - [08/Apr/2025:11:04:37 -0400] "GET /ad917/?path=%2Fhome%2F.%2F..%2Flib64%2Flibuser%2F..%2Flibpsl.so.5 HTTP/1.1" 200 964 "-" "Mozilla/5.0 AppleWebKit/537.36 (KHTML, like Gecko; compatible; ClaudeBot/1.0; +claudebot@anthropic.com)"
66.249.65.104 - - [08/Apr/2025:11:04:39 -0400] "GET /item/aam/ambrosia/115102974.shtml HTTP/1.1" 200 27681 "-" "Mozilla/5.0 (Linux; Android 6.0.1; Nexus 5X Build/MMB29P) AppleWebKit/537.36 (KHTML, like Gecko) Chrome/135.0.7049.52 Mobile Safari/537.36 (compatible; GoogleOther)"
3.145.50.71 - - [08/Apr/2025:11:04:40 -0400] "GET /ad917/?path=%2Fhome%2F.%2Fservlmvm%2Ftmp%2F..%2Fwww%2Flicense.txt HTTP/1.1" 200 8298 "-" "Mozilla/5.0 AppleWebKit/537.36 (KHTML, like Gecko; compatible; ClaudeBot/1.0; +claudebot@anthropic.com)"
3.145.50.71 - - [08/Apr/2025:11:04:43 -0400] "GET /ad917/?path=%2Fhome%2F.%2F..%2Flib64%2Flibuser%2F..%2Flibmnl.so.0 HTTP/1.1" 200 964 "-" "Mozilla/5.0 AppleWebKit/537.36 (KHTML, like Gecko; compatible; ClaudeBot/1.0; +claudebot@anthropic.com)"
40.77.167.26 - - [08/Apr/2025:11:04:45 -0400] "GET /special/oppilating/28366124.shtml HTTP/1.1" 200 26400 "-" "Mozilla/5.0 AppleWebKit/537.36 (KHTML, like Gecko; compatible; bingbot/2.0; +http://www.bing.com/bingbot.htm) Chrome/116.0.1938.76 Safari/537.36"
3.145.50.71 - - [08/Apr/2025:11:04:46 -0400] "GET /ad917/?path=%2Fhome%2F.%2F..%2Flib64%2Frsyslog%2F..%2Flibsasl2.so HTTP/1.1" 200 959 "-" "Mozilla/5.0 AppleWebKit/537.36 (KHTML, like Gecko; compatible; ClaudeBot/1.0; +claudebot@anthropic.com)"
40.77.167.26 - - [08/Apr/2025:11:04:49 -0400] "GET /product/ctg/forelend44794574.shtml HTTP/1.1" 200 26082 "-" "Mozilla/5.0 AppleWebKit/537.36 (KHTML, like Gecko; compatible; bingbot/2.0; +http://www.bing.com/bingbot.htm) Chrome/116.0.1938.76 Safari/537.36"
3.145.50.71 - - [08/Apr/2025:11:04:49 -0400] "GET /ad917/?path=%2Fhome%2F.%2F..%2Fusr%2Finclude%2Fncurses%2Functrl.h HTTP/1.1" 200 2208 "-" "Mozilla/5.0 AppleWebKit/537.36 (KHTML, like Gecko; compatible; ClaudeBot/1.0; +claudebot@anthropic.com)"
3.145.50.71 - - [08/Apr/2025:11:04:52 -0400] "GET /ad917/?path=%2Fhome%2F.%2F..%2Flib64%2Frsyslog%2F..%2Flibacl.so.1 HTTP/1.1" 200 959 "-" "Mozilla/5.0 AppleWebKit/537.36 (KHTML, like Gecko; compatible; ClaudeBot/1.0; +claudebot@anthropic.com)"
3.145.50.71 - - [08/Apr/2025:11:04:55 -0400] "GET /ad917/?path=%2Fhome%2F.%2F..%2Flib64%2Flibuser%2F..%2Flibisccc.so HTTP/1.1" 200 964 "-" "Mozilla/5.0 AppleWebKit/537.36 (KHTML, like Gecko; compatible; ClaudeBot/1.0; +claudebot@anthropic.com)"
3.145.50.71 - - [08/Apr/2025:11:04:58 -0400] "GET /ad917/?path=%2Fhome%2F.%2F..%2Flib64%2Fapache2%2Fbuild%2Frules.mk HTTP/1.1" 200 3500 "-" "Mozilla/5.0 AppleWebKit/537.36 (KHTML, like Gecko; compatible; ClaudeBot/1.0; +claudebot@anthropic.com)"
66.249.65.104 - - [08/Apr/2025:11:04:59 -0400] "GET /entity/fatiloquist58943666.shtml HTTP/1.1" 200 25800 "-" "Mozilla/5.0 (Linux; Android 6.0.1; Nexus 5X Build/MMB29P) AppleWebKit/537.36 (KHTML, like Gecko) Chrome/135.0.7049.52 Mobile Safari/537.36 (compatible; GoogleOther)"
66.249.65.104 - - [08/Apr/2025:11:05:00 -0400] "GET /shopbrand71427614.shtml HTTP/1.1" 200 27900 "-" "Mozilla/5.0 (Linux; Android 6.0.1; Nexus 5X Build/MMB29P) AppleWebKit/537.36 (KHTML, like Gecko) Chrome/135.0.7049.52 Mobile Safari/537.36 (compatible; GoogleOther)"
3.145.50.71 - - [08/Apr/2025:11:05:01 -0400] "GET /ad917/?path=%2Fhome%2F.%2F..%2Fusr%2Finclude%2Fncurses%2Fcurses.h HTTP/1.1" 200 21216 "-" "Mozilla/5.0 AppleWebKit/537.36 (KHTML, like Gecko; compatible; ClaudeBot/1.0; +claudebot@anthropic.com)"
66.249.65.104 - - [08/Apr/2025:11:05:01 -0400] "GET /entity/t/threequarter/31766696.shtml HTTP/1.1" 200 25247 "-" "Mozilla/5.0 (Linux; Android 6.0.1; Nexus 5X Build/MMB29P) AppleWebKit/537.36 (KHTML, like Gecko) Chrome/135.0.7049.52 Mobile Safari/537.36 (compatible; GoogleOther)"
207.46.13.151 - - [08/Apr/2025:11:05:02 -0400] "GET /detail30114756.shtml HTTP/1.1" 200 25060 "-" "Mozilla/5.0 AppleWebKit/537.36 (KHTML, like Gecko; compatible; bingbot/2.0; +http://www.bing.com/bingbot.htm) Chrome/116.0.1938.76 Safari/537.36"
66.249.65.104 - - [08/Apr/2025:11:05:04 -0400] "GET /items/hoa/explanatoriness/58917664.shtml HTTP/1.1" 200 26849 "-" "Mozilla/5.0 (Linux; Android 6.0.1; Nexus 5X Build/MMB29P) AppleWebKit/537.36 (KHTML, like Gecko) Chrome/135.0.7049.52 Mobile Safari/537.36 (compatible; GoogleOther)"
3.145.50.71 - - [08/Apr/2025:11:05:04 -0400] "GET /ad917/?path=%2Fhome%2F.%2F..%2Flib64%2Flibuser%2F..%2Flibanl.so.1 HTTP/1.1" 200 963 "-" "Mozilla/5.0 AppleWebKit/537.36 (KHTML, like Gecko; compatible; ClaudeBot/1.0; +claudebot@anthropic.com)"
3.145.50.71 - - [08/Apr/2025:11:05:07 -0400] "GET /ad917/?path=%2Fhome%2F.%2F..%2Flib64%2Flibuser%2F..%2FlibXmu.so.6 HTTP/1.1" 200 965 "-" "Mozilla/5.0 AppleWebKit/537.36 (KHTML, like Gecko; compatible; ClaudeBot/1.0; +claudebot@anthropic.com)"
66.249.65.104 - - [08/Apr/2025:11:05:09 -0400] "GET /product/t/resorted/108132376.shtml HTTP/1.1" 200 26509 "-" "Mozilla/5.0 (Linux; Android 6.0.1; Nexus 5X Build/MMB29P) AppleWebKit/537.36 (KHTML, like Gecko) Chrome/135.0.7049.52 Mobile Safari/537.36 (compatible; GoogleOther)"
207.46.13.151 - - [08/Apr/2025:11:05:10 -0400] "GET /shopdetail63807050.shtml HTTP/1.1" 200 25190 "-" "Mozilla/5.0 AppleWebKit/537.36 (KHTML, like Gecko; compatible; bingbot/2.0; +http://www.bing.com/bingbot.htm) Chrome/116.0.1938.76 Safari/537.36"
3.145.50.71 - - [08/Apr/2025:11:05:10 -0400] "GET /ad917/?path=%2Fhome%2F.%2F..%2Fvar%2Fsoftaculous%2Funa%2Finfo.xml HTTP/1.1" 200 2577 "-" "Mozilla/5.0 AppleWebKit/537.36 (KHTML, like Gecko; compatible; ClaudeBot/1.0; +claudebot@anthropic.com)"
20.15.133.184 - - [08/Apr/2025:11:05:11 -0400] "GET /products/octahedral/75681106.shtml HTTP/1.1" 200 27873 "-" "Mozilla/5.0 AppleWebKit/537.36 (KHTML, like Gecko; compatible; bingbot/2.0; +http://www.bing.com/bingbot.htm) Chrome/116.0.1938.76 Safari/537.36"
3.145.50.71 - - [08/Apr/2025:11:05:13 -0400] "GET /ad917/?path=%2Fhome%2F.%2F..%2Flib64%2Frsyslog%2F..%2Flibmnl.so.0 HTTP/1.1" 200 959 "-" "Mozilla/5.0 AppleWebKit/537.36 (KHTML, like Gecko; compatible; ClaudeBot/1.0; +claudebot@anthropic.com)"
3.145.50.71 - - [08/Apr/2025:11:05:16 -0400] "GET /ad917/?path=%2Fhome%2F.%2F..%2Flib64%2Frsyslog%2F..%2Flibpanel.so HTTP/1.1" 200 959 "-" "Mozilla/5.0 AppleWebKit/537.36 (KHTML, like Gecko; compatible; ClaudeBot/1.0; +claudebot@anthropic.com)"
207.46.13.64 - - [08/Apr/2025:11:05:19 -0400] "GET /special/lakin/10300664.shtml HTTP/1.1" 200 25823 "-" "Mozilla/5.0 AppleWebKit/537.36 (KHTML, like Gecko; compatible; bingbot/2.0; +http://www.bing.com/bingbot.htm) Chrome/116.0.1938.76 Safari/537.36"
3.145.50.71 - - [08/Apr/2025:11:05:19 -0400] "GET /ad917/?path=%2Fhome%2F.%2F..%2Flib64%2Flibuser%2F..%2Fliblwres.so HTTP/1.1" 200 964 "-" "Mozilla/5.0 AppleWebKit/537.36 (KHTML, like Gecko; compatible; ClaudeBot/1.0; +claudebot@anthropic.com)"
66.249.65.104 - - [08/Apr/2025:11:05:19 -0400] "GET /special/z/disentitle/119207692.shtml HTTP/1.1" 200 28252 "-" "Mozilla/5.0 (Linux; Android 6.0.1; Nexus 5X Build/MMB29P) AppleWebKit/537.36 (KHTML, like Gecko) Chrome/135.0.7049.52 Mobile Safari/537.36 (compatible; GoogleOther)"
