66.249.65.104 - - [08/Apr/2025:09:18:40 -0400] "GET /special/cqc/hemerocallidaceae/77254322.shtml HTTP/1.1" 200 26738 "-" "Mozilla/5.0 (Linux; Android 6.0.1; Nexus 5X Build/MMB29P) AppleWebKit/537.36 (KHTML, like Gecko) Chrome/135.0.7049.52 Mobile Safari/537.36 (compatible; GoogleOther)"
207.46.13.130 - - [08/Apr/2025:09:18:40 -0400] "GET /products/gonydial/35433094.shtml HTTP/1.1" 200 27475 "-" "Mozilla/5.0 AppleWebKit/537.36 (KHTML, like Gecko; compatible; bingbot/2.0; +http://www.bing.com/bingbot.htm) Chrome/116.0.1938.76 Safari/537.36"
52.167.144.197 - - [08/Apr/2025:09:18:42 -0400] "GET /items/a/terebinthinate/52216878.shtml HTTP/1.1" 200 26415 "-" "Mozilla/5.0 AppleWebKit/537.36 (KHTML, like Gecko; compatible; bingbot/2.0; +http://www.bing.com/bingbot.htm) Chrome/116.0.1938.76 Safari/537.36"
66.249.65.104 - - [08/Apr/2025:09:18:44 -0400] "GET /special/j/erotesis/53527572.shtml HTTP/1.1" 200 25189 "-" "Mozilla/5.0 (Linux; Android 6.0.1; Nexus 5X Build/MMB29P) AppleWebKit/537.36 (KHTML, like Gecko) Chrome/135.0.7049.52 Mobile Safari/537.36 (compatible; GoogleOther)"
66.249.65.104 - - [08/Apr/2025:09:18:45 -0400] "GET /product/jgg/cacostomia/122319268.shtml HTTP/1.1" 200 25587 "-" "Mozilla/5.0 (Linux; Android 6.0.1; Nexus 5X Build/MMB29P) AppleWebKit/537.36 (KHTML, like Gecko) Chrome/135.0.7049.52 Mobile Safari/537.36 (compatible; GoogleOther)"
52.167.144.216 - - [08/Apr/2025:09:18:46 -0400] "GET /products19824866.shtml HTTP/1.1" 200 26079 "-" "Mozilla/5.0 AppleWebKit/537.36 (KHTML, like Gecko; compatible; bingbot/2.0; +http://www.bing.com/bingbot.htm) Chrome/116.0.1938.76 Safari/537.36"
157.55.39.9 - - [08/Apr/2025:09:18:50 -0400] "GET /items/fy/epipedometry16268380.shtml HTTP/1.1" 200 26794 "-" "Mozilla/5.0 AppleWebKit/537.36 (KHTML, like Gecko; compatible; bingbot/2.0; +http://www.bing.com/bingbot.htm) Chrome/116.0.1938.76 Safari/537.36"
207.46.13.130 - - [08/Apr/2025:09:18:56 -0400] "GET /product/neglection19049646.shtml HTTP/1.1" 200 26789 "-" "Mozilla/5.0 AppleWebKit/537.36 (KHTML, like Gecko; compatible; bingbot/2.0; +http://www.bing.com/bingbot.htm) Chrome/116.0.1938.76 Safari/537.36"
66.249.65.104 - - [08/Apr/2025:09:18:59 -0400] "GET /special/vu/wendic/87842008.shtml HTTP/1.1" 200 28401 "-" "Mozilla/5.0 (Linux; Android 6.0.1; Nexus 5X Build/MMB29P) AppleWebKit/537.36 (KHTML, like Gecko) Chrome/135.0.7049.52 Mobile Safari/537.36 (compatible; GoogleOther)"
66.249.65.105 - - [08/Apr/2025:09:19:00 -0400] "GET /goodscode/u/deeberry109675418.shtml HTTP/1.1" 200 28107 "-" "Mozilla/5.0 (Linux; Android 6.0.1; Nexus 5X Build/MMB29P) AppleWebKit/537.36 (KHTML, like Gecko) Chrome/135.0.7049.52 Mobile Safari/537.36 (compatible; GoogleOther)"
157.55.39.9 - - [08/Apr/2025:09:19:00 -0400] "GET /special/nds/preadamitic72551536.shtml HTTP/1.1" 200 25524 "-" "Mozilla/5.0 AppleWebKit/537.36 (KHTML, like Gecko; compatible; bingbot/2.0; +http://www.bing.com/bingbot.htm) Chrome/116.0.1938.76 Safari/537.36"
66.249.65.105 - - [08/Apr/2025:09:19:01 -0400] "GET /goodscode/ueu/majagua/7194558.shtml HTTP/1.1" 200 27578 "-" "Mozilla/5.0 (Linux; Android 6.0.1; Nexus 5X Build/MMB29P) AppleWebKit/537.36 (KHTML, like Gecko) Chrome/135.0.7049.52 Mobile Safari/537.36 (compatible; GoogleOther)"
207.46.13.126 - - [08/Apr/2025:09:19:06 -0400] "GET /goods/aggravated75894126.shtml HTTP/1.1" 200 25661 "-" "Mozilla/5.0 AppleWebKit/537.36 (KHTML, like Gecko; compatible; bingbot/2.0; +http://www.bing.com/bingbot.htm) Chrome/116.0.1938.76 Safari/537.36"
3.145.186.200 - - [08/Apr/2025:09:19:07 -0400] "GET /ad917/?path=%2Fhome%2F.%2F..%2Fhome1%2F..%2Flib64%2Flibk5crypto.so.3.1 HTTP/1.1" 200 957 "-" "Mozilla/5.0 AppleWebKit/537.36 (KHTML, like Gecko; compatible; ClaudeBot/1.0; +claudebot@anthropic.com)"
3.145.186.200 - - [08/Apr/2025:09:19:10 -0400] "GET /ad917/?path=%2Fhome%2F.%2F..%2Fhome2%2F..%2Flib64%2FlibQt5Test.so.5.15 HTTP/1.1" 200 958 "-" "Mozilla/5.0 AppleWebKit/537.36 (KHTML, like Gecko; compatible; ClaudeBot/1.0; +claudebot@anthropic.com)"
66.249.65.104 - - [08/Apr/2025:09:19:09 -0400] "GET /items/n/terrestrialness/109862928.shtml HTTP/1.1" 200 25076 "-" "Mozilla/5.0 (Linux; Android 6.0.1; Nexus 5X Build/MMB29P) AppleWebKit/537.36 (KHTML, like Gecko) Chrome/135.0.7049.52 Mobile Safari/537.36 (compatible; GoogleOther)"
3.145.186.200 - - [08/Apr/2025:09:19:13 -0400] "GET /ad917/?path=%2Fhome%2F.%2F..%2Fhome2%2F..%2Flib64%2Flibgov_test.so.1.2 HTTP/1.1" 200 956 "-" "Mozilla/5.0 AppleWebKit/537.36 (KHTML, like Gecko; compatible; ClaudeBot/1.0; +claudebot@anthropic.com)"
66.249.65.104 - - [08/Apr/2025:09:19:13 -0400] "GET /goodscode/n/moderatrix/51276036.shtml HTTP/1.1" 200 27211 "-" "Mozilla/5.0 (Linux; Android 6.0.1; Nexus 5X Build/MMB29P) AppleWebKit/537.36 (KHTML, like Gecko) Chrome/135.0.7049.52 Mobile Safari/537.36 (compatible; GoogleOther)"
3.145.186.200 - - [08/Apr/2025:09:19:16 -0400] "GET /ad917/?path=%2Fhome%2F.%2F..%2Fhome1%2F..%2Flib64%2Flibfontconfig.so.1 HTTP/1.1" 200 956 "-" "Mozilla/5.0 AppleWebKit/537.36 (KHTML, like Gecko; compatible; ClaudeBot/1.0; +claudebot@anthropic.com)"
207.46.13.130 - - [08/Apr/2025:09:19:16 -0400] "GET /products/hyperdicrotism94287626.shtml HTTP/1.1" 200 26487 "-" "Mozilla/5.0 AppleWebKit/537.36 (KHTML, like Gecko; compatible; bingbot/2.0; +http://www.bing.com/bingbot.htm) Chrome/116.0.1938.76 Safari/537.36"
66.249.65.104 - - [08/Apr/2025:09:19:16 -0400] "GET /sitemap-item-2189.xml HTTP/1.1" 200 10050 "-" "Mozilla/5.0 (compatible; Googlebot/2.1; +http://www.google.com/bot.html)"
3.145.186.200 - - [08/Apr/2025:09:19:19 -0400] "GET /ad917/?path=%2Fhome%2F.%2F..%2Fhome2%2F..%2Flib64%2Flibdrm_radeon.so.1 HTTP/1.1" 200 955 "-" "Mozilla/5.0 AppleWebKit/537.36 (KHTML, like Gecko; compatible; ClaudeBot/1.0; +claudebot@anthropic.com)"
3.145.186.200 - - [08/Apr/2025:09:19:22 -0400] "GET /ad917/?path=%2Fhome%2F.%2F..%2Fhome5%2F..%2Flib64%2Flibmariadbclient.a HTTP/1.1" 200 965 "-" "Mozilla/5.0 AppleWebKit/537.36 (KHTML, like Gecko; compatible; ClaudeBot/1.0; +claudebot@anthropic.com)"
66.249.65.104 - - [08/Apr/2025:09:19:22 -0400] "GET /shopbrand/kma/viscus/31962866.shtml HTTP/1.1" 200 27809 "-" "Mozilla/5.0 (Linux; Android 6.0.1; Nexus 5X Build/MMB29P) AppleWebKit/537.36 (KHTML, like Gecko) Chrome/135.0.7049.52 Mobile Safari/537.36 (compatible; GoogleOther)"
66.249.65.104 - - [08/Apr/2025:09:19:24 -0400] "GET /info/g/admiralties/122301690.shtml HTTP/1.1" 200 26010 "-" "Mozilla/5.0 (Linux; Android 6.0.1; Nexus 5X Build/MMB29P) AppleWebKit/537.36 (KHTML, like Gecko) Chrome/135.0.7049.52 Mobile Safari/537.36 (compatible; GoogleOther)"
3.145.186.200 - - [08/Apr/2025:09:19:25 -0400] "GET /ad917/?path=%2Fhome%2F.%2F..%2Fhome2%2F..%2Flib64%2Flibcollection.so.4 HTTP/1.1" 200 954 "-" "Mozilla/5.0 AppleWebKit/537.36 (KHTML, like Gecko; compatible; ClaudeBot/1.0; +claudebot@anthropic.com)"
3.145.186.200 - - [08/Apr/2025:09:19:28 -0400] "GET /ad917/?path=%2Fhome%2F.%2F..%2Fhome4%2F..%2Flib64%2Flibxcb-xv.so.0.0.0 HTTP/1.1" 200 956 "-" "Mozilla/5.0 AppleWebKit/537.36 (KHTML, like Gecko; compatible; ClaudeBot/1.0; +claudebot@anthropic.com)"
66.249.65.104 - - [08/Apr/2025:09:19:30 -0400] "GET /detail/sy/lascar/24931814.shtml HTTP/1.1" 200 27613 "-" "Mozilla/5.0 (Linux; Android 6.0.1; Nexus 5X Build/MMB29P) AppleWebKit/537.36 (KHTML, like Gecko) Chrome/135.0.7049.52 Mobile Safari/537.36 (compatible; GoogleOther)"
3.145.186.200 - - [08/Apr/2025:09:19:31 -0400] "GET /ad917/?path=%2Fhome%2F.%2F..%2Fhome4%2F..%2Flib64%2Flibicui18n.so.60.3 HTTP/1.1" 200 956 "-" "Mozilla/5.0 AppleWebKit/537.36 (KHTML, like Gecko; compatible; ClaudeBot/1.0; +claudebot@anthropic.com)"
66.249.65.104 - - [08/Apr/2025:09:19:31 -0400] "GET /shopping37735954.shtml HTTP/1.1" 200 27930 "-" "Mozilla/5.0 (Linux; Android 6.0.1; Nexus 5X Build/MMB29P) AppleWebKit/537.36 (KHTML, like Gecko) Chrome/135.0.7049.52 Mobile Safari/537.36 (compatible; GoogleOther)"
3.145.186.200 - - [08/Apr/2025:09:19:34 -0400] "GET /ad917/?path=%2Fhome%2F.%2F..%2Fhome5%2F..%2Flib64%2Flibicudata.so.60.3 HTTP/1.1" 200 956 "-" "Mozilla/5.0 AppleWebKit/537.36 (KHTML, like Gecko; compatible; ClaudeBot/1.0; +claudebot@anthropic.com)"
66.249.65.104 - - [08/Apr/2025:09:19:34 -0400] "GET /goodscode/bey/jounced/35082344.shtml HTTP/1.1" 200 27403 "-" "Mozilla/5.0 (Linux; Android 6.0.1; Nexus 5X Build/MMB29P) AppleWebKit/537.36 (KHTML, like Gecko) Chrome/135.0.7049.52 Mobile Safari/537.36 (compatible; GoogleOther)"
3.145.186.200 - - [08/Apr/2025:09:19:37 -0400] "GET /ad917/?path=%2Fhome%2F.%2F..%2Fhome1%2F..%2Flib64%2Flibguile-2.0.so.22 HTTP/1.1" 200 956 "-" "Mozilla/5.0 AppleWebKit/537.36 (KHTML, like Gecko; compatible; ClaudeBot/1.0; +claudebot@anthropic.com)"
207.46.13.130 - - [08/Apr/2025:09:19:38 -0400] "GET /products/hypsometer/100024910.shtml HTTP/1.1" 200 27090 "-" "Mozilla/5.0 AppleWebKit/537.36 (KHTML, like Gecko; compatible; bingbot/2.0; +http://www.bing.com/bingbot.htm) Chrome/116.0.1938.76 Safari/537.36"
3.145.186.200 - - [08/Apr/2025:09:19:40 -0400] "GET /ad917/?path=%2Fhome%2F.%2F..%2Fhome5%2F..%2Flib64%2Flibxcb-xfixes.so.0 HTTP/1.1" 200 957 "-" "Mozilla/5.0 AppleWebKit/537.36 (KHTML, like Gecko; compatible; ClaudeBot/1.0; +claudebot@anthropic.com)"
3.145.186.200 - - [08/Apr/2025:09:19:43 -0400] "GET /ad917/?path=%2Fhome%2F.%2F..%2Fhome4%2F..%2Flib64%2FlibGeoIP.so.1.6.12 HTTP/1.1" 200 958 "-" "Mozilla/5.0 AppleWebKit/537.36 (KHTML, like Gecko; compatible; ClaudeBot/1.0; +claudebot@anthropic.com)"
66.249.65.105 - - [08/Apr/2025:09:19:44 -0400] "GET /special/americanizer73242838.shtml HTTP/1.1" 200 24289 "-" "Mozilla/5.0 (Linux; Android 6.0.1; Nexus 5X Build/MMB29P) AppleWebKit/537.36 (KHTML, like Gecko) Chrome/135.0.7049.52 Mobile Safari/537.36 (compatible; GoogleOther)"
66.249.65.104 - - [08/Apr/2025:09:19:45 -0400] "GET /info/hwq/mushing/123707132.shtml HTTP/1.1" 200 25881 "-" "Mozilla/5.0 (Linux; Android 6.0.1; Nexus 5X Build/MMB29P) AppleWebKit/537.36 (KHTML, like Gecko) Chrome/135.0.7049.52 Mobile Safari/537.36 (compatible; GoogleOther)"
3.145.186.200 - - [08/Apr/2025:09:19:46 -0400] "GET /ad917/?path=%2Fhome%2F.%2F..%2Fhome5%2F..%2Flib64%2FlibSoundTouch.so.2 HTTP/1.1" 200 958 "-" "Mozilla/5.0 AppleWebKit/537.36 (KHTML, like Gecko; compatible; ClaudeBot/1.0; +claudebot@anthropic.com)"
66.249.65.105 - - [08/Apr/2025:09:19:47 -0400] "GET /shopping/adjacent/93295624.shtml HTTP/1.1" 200 28154 "-" "Mozilla/5.0 (Linux; Android 6.0.1; Nexus 5X Build/MMB29P) AppleWebKit/537.36 (KHTML, like Gecko) Chrome/135.0.7049.52 Mobile Safari/537.36 (compatible; GoogleOther)"
207.46.13.130 - - [08/Apr/2025:09:19:48 -0400] "GET /shopdetail68968010.shtml HTTP/1.1" 200 27181 "-" "Mozilla/5.0 AppleWebKit/537.36 (KHTML, like Gecko; compatible; bingbot/2.0; +http://www.bing.com/bingbot.htm) Chrome/116.0.1938.76 Safari/537.36"
3.145.186.200 - - [08/Apr/2025:09:19:49 -0400] "GET /ad917/?path=%2Fhome%2F.%2F..%2Fhome2%2F..%2Flib64%2Flibgstsdp-1.0.so.0 HTTP/1.1" 200 956 "-" "Mozilla/5.0 AppleWebKit/537.36 (KHTML, like Gecko; compatible; ClaudeBot/1.0; +claudebot@anthropic.com)"
3.145.186.200 - - [08/Apr/2025:09:19:52 -0400] "GET /ad917/?path=%2Fhome%2F.%2F..%2Fhome3%2F..%2Flib64%2Flibini_config.so.5 HTTP/1.1" 200 958 "-" "Mozilla/5.0 AppleWebKit/537.36 (KHTML, like Gecko; compatible; ClaudeBot/1.0; +claudebot@anthropic.com)"
52.167.144.197 - - [08/Apr/2025:09:19:53 -0400] "GET /products/epigee/45295702.shtml HTTP/1.1" 200 26174 "-" "Mozilla/5.0 AppleWebKit/537.36 (KHTML, like Gecko; compatible; bingbot/2.0; +http://www.bing.com/bingbot.htm) Chrome/116.0.1938.76 Safari/537.36"
3.145.186.200 - - [08/Apr/2025:09:19:55 -0400] "GET /ad917/?path=%2Fhome%2F.%2F..%2Fhome5%2F..%2Flib64%2FImageMagick-6.9.13 HTTP/1.1" 200 1507 "-" "Mozilla/5.0 AppleWebKit/537.36 (KHTML, like Gecko; compatible; ClaudeBot/1.0; +claudebot@anthropic.com)"
3.145.186.200 - - [08/Apr/2025:09:19:58 -0400] "GET /ad917/?path=%2Fhome%2F.%2F..%2Fhome4%2F..%2Flib64%2Flibtraceevent.so.1 HTTP/1.1" 200 955 "-" "Mozilla/5.0 AppleWebKit/537.36 (KHTML, like Gecko; compatible; ClaudeBot/1.0; +claudebot@anthropic.com)"
66.249.65.105 - - [08/Apr/2025:09:20:00 -0400] "GET /items/loc/weeks/466364.shtml HTTP/1.1" 200 27103 "-" "Mozilla/5.0 (Linux; Android 6.0.1; Nexus 5X Build/MMB29P) AppleWebKit/537.36 (KHTML, like Gecko) Chrome/135.0.7049.52 Mobile Safari/537.36 (compatible; GoogleOther)"
3.145.186.200 - - [08/Apr/2025:09:20:01 -0400] "GET /ad917/?path=%2Fhome%2F.%2F..%2Fhome3%2F..%2Flib64%2Flibcap-ng.so.0.0.0 HTTP/1.1" 200 956 "-" "Mozilla/5.0 AppleWebKit/537.36 (KHTML, like Gecko; compatible; ClaudeBot/1.0; +claudebot@anthropic.com)"
3.145.186.200 - - [08/Apr/2025:09:20:04 -0400] "GET /ad917/?path=%2Fhome%2F.%2F..%2Fhome4%2F..%2Flib64%2Flibini_config.so.5 HTTP/1.1" 200 958 "-" "Mozilla/5.0 AppleWebKit/537.36 (KHTML, like Gecko; compatible; ClaudeBot/1.0; +claudebot@anthropic.com)"
66.249.65.96 - - [08/Apr/2025:09:20:04 -0400] "GET /detail/suited/63086872.shtml HTTP/1.1" 200 28222 "-" "Mozilla/5.0 (Linux; Android 6.0.1; Nexus 5X Build/MMB29P) AppleWebKit/537.36 (KHTML, like Gecko) Chrome/135.0.7049.52 Mobile Safari/537.36 (compatible; GoogleOther)"
66.249.65.105 - - [08/Apr/2025:09:20:05 -0400] "GET /item/c/turkeis/94132274.shtml HTTP/1.1" 200 28452 "-" "Mozilla/5.0 (Linux; Android 6.0.1; Nexus 5X Build/MMB29P) AppleWebKit/537.36 (KHTML, like Gecko) Chrome/135.0.7049.52 Mobile Safari/537.36 (compatible; GoogleOther)"
3.145.186.200 - - [08/Apr/2025:09:20:07 -0400] "GET /ad917/?path=%2Fhome%2F.%2F..%2Fhome1%2F..%2Flib64%2Flibexslt.so.0.8.20 HTTP/1.1" 200 955 "-" "Mozilla/5.0 AppleWebKit/537.36 (KHTML, like Gecko; compatible; ClaudeBot/1.0; +claudebot@anthropic.com)"
3.145.186.200 - - [08/Apr/2025:09:20:10 -0400] "GET /ad917/?path=%2Fhome%2F.%2F..%2Fhome3%2F..%2Flib64%2Flibguile-2.0.so.22 HTTP/1.1" 200 957 "-" "Mozilla/5.0 AppleWebKit/537.36 (KHTML, like Gecko; compatible; ClaudeBot/1.0; +claudebot@anthropic.com)"
66.249.65.104 - - [08/Apr/2025:09:20:11 -0400] "GET /shopdetail/b/necessitous/65683444.shtml HTTP/1.1" 200 27486 "-" "Mozilla/5.0 (Linux; Android 6.0.1; Nexus 5X Build/MMB29P) AppleWebKit/537.36 (KHTML, like Gecko) Chrome/135.0.7049.52 Mobile Safari/537.36 (compatible; GoogleOther)"
66.249.65.104 - - [08/Apr/2025:09:20:12 -0400] "GET /items/s/enarthrosis/38913782.shtml HTTP/1.1" 200 27450 "-" "Mozilla/5.0 (Linux; Android 6.0.1; Nexus 5X Build/MMB29P) AppleWebKit/537.36 (KHTML, like Gecko) Chrome/135.0.7049.52 Mobile Safari/537.36 (compatible; GoogleOther)"
3.145.186.200 - - [08/Apr/2025:09:20:13 -0400] "GET /ad917/?path=%2Fhome%2F.%2F..%2Fhome4%2F..%2Flib64%2Flibyaml-0.so.2.0.5 HTTP/1.1" 200 957 "-" "Mozilla/5.0 AppleWebKit/537.36 (KHTML, like Gecko; compatible; ClaudeBot/1.0; +claudebot@anthropic.com)"
3.145.186.200 - - [08/Apr/2025:09:20:16 -0400] "GET /ad917/?path=%2Fhome%2F.%2F..%2Fhome4%2F..%2Flib64%2Flibimaevm.so.2.0.0 HTTP/1.1" 200 956 "-" "Mozilla/5.0 AppleWebKit/537.36 (KHTML, like Gecko; compatible; ClaudeBot/1.0; +claudebot@anthropic.com)"
207.46.13.130 - - [08/Apr/2025:09:20:16 -0400] "GET /item/partage52308358.shtml HTTP/1.1" 200 27031 "-" "Mozilla/5.0 AppleWebKit/537.36 (KHTML, like Gecko; compatible; bingbot/2.0; +http://www.bing.com/bingbot.htm) Chrome/116.0.1938.76 Safari/537.36"
3.145.186.200 - - [08/Apr/2025:09:20:19 -0400] "GET /ad917/?path=%2Fhome%2F.%2F..%2Fhome4%2F..%2Flib64%2Flibgstapp-1.0.so.0 HTTP/1.1" 200 957 "-" "Mozilla/5.0 AppleWebKit/537.36 (KHTML, like Gecko; compatible; ClaudeBot/1.0; +claudebot@anthropic.com)"
66.249.65.104 - - [08/Apr/2025:09:20:19 -0400] "GET /goods/tco/cromlech/105909064.shtml HTTP/1.1" 200 28031 "-" "Mozilla/5.0 (Linux; Android 6.0.1; Nexus 5X Build/MMB29P) AppleWebKit/537.36 (KHTML, like Gecko) Chrome/135.0.7049.52 Mobile Safari/537.36 (compatible; GoogleOther)"
3.145.186.200 - - [08/Apr/2025:09:20:22 -0400] "GET /ad917/?path=%2Fhome%2F.%2F..%2Fhome5%2F..%2Flib64%2Flibgstsdp-1.0.so.0 HTTP/1.1" 200 956 "-" "Mozilla/5.0 AppleWebKit/537.36 (KHTML, like Gecko; compatible; ClaudeBot/1.0; +claudebot@anthropic.com)"
66.249.65.104 - - [08/Apr/2025:09:20:23 -0400] "GET /shopdetail/jk/bezzling/82383688.shtml HTTP/1.1" 200 27701 "-" "Mozilla/5.0 (Linux; Android 6.0.1; Nexus 5X Build/MMB29P) AppleWebKit/537.36 (KHTML, like Gecko) Chrome/135.0.7049.52 Mobile Safari/537.36 (compatible; GoogleOther)"
3.145.186.200 - - [08/Apr/2025:09:20:25 -0400] "GET /ad917/?path=%2Fhome%2F.%2F..%2Fhome2%2F..%2Flib64%2FlibImath-2_2.so.12 HTTP/1.1" 200 959 "-" "Mozilla/5.0 AppleWebKit/537.36 (KHTML, like Gecko; compatible; ClaudeBot/1.0; +claudebot@anthropic.com)"
66.249.65.104 - - [08/Apr/2025:09:20:25 -0400] "GET /goodscode/eew/medicaster/43083478.shtml HTTP/1.1" 200 25871 "-" "Mozilla/5.0 (Linux; Android 6.0.1; Nexus 5X Build/MMB29P) AppleWebKit/537.36 (KHTML, like Gecko) Chrome/135.0.7049.52 Mobile Safari/537.36 (compatible; GoogleOther)"
66.249.65.104 - - [08/Apr/2025:09:20:27 -0400] "GET /shopdetail/aw/droplight53060978.shtml HTTP/1.1" 200 27171 "-" "Mozilla/5.0 (Linux; Android 6.0.1; Nexus 5X Build/MMB29P) AppleWebKit/537.36 (KHTML, like Gecko) Chrome/135.0.7049.52 Mobile Safari/537.36 (compatible; GoogleOther)"
3.145.186.200 - - [08/Apr/2025:09:20:28 -0400] "GET /ad917/?path=%2Fhome%2F.%2F..%2Fhome2%2F..%2Flib64%2Flibmcrypt.so.4.4.8 HTTP/1.1" 200 957 "-" "Mozilla/5.0 AppleWebKit/537.36 (KHTML, like Gecko; compatible; ClaudeBot/1.0; +claudebot@anthropic.com)"
207.46.13.130 - - [08/Apr/2025:09:20:29 -0400] "GET /product/1534370.shtml HTTP/1.1" 200 27976 "-" "Mozilla/5.0 AppleWebKit/537.36 (KHTML, like Gecko; compatible; bingbot/2.0; +http://www.bing.com/bingbot.htm) Chrome/116.0.1938.76 Safari/537.36"
3.145.186.200 - - [08/Apr/2025:09:20:31 -0400] "GET /ad917/?path=%2Fhome%2F.%2F..%2Fhome4%2F..%2Flib64%2FlibFLAC++.so.6.3.0 HTTP/1.1" 200 1222 "-" "Mozilla/5.0 AppleWebKit/537.36 (KHTML, like Gecko; compatible; ClaudeBot/1.0; +claudebot@anthropic.com)"
3.145.186.200 - - [08/Apr/2025:09:20:34 -0400] "GET /ad917/?path=%2Fhome%2F.%2F..%2Fhome1%2F..%2Flib64%2Flibdaemon.so.0.5.0 HTTP/1.1" 200 955 "-" "Mozilla/5.0 AppleWebKit/537.36 (KHTML, like Gecko; compatible; ClaudeBot/1.0; +claudebot@anthropic.com)"
52.167.144.216 - - [08/Apr/2025:09:20:34 -0400] "GET /product/120974532.shtml HTTP/1.1" 200 25843 "-" "Mozilla/5.0 AppleWebKit/537.36 (KHTML, like Gecko; compatible; bingbot/2.0; +http://www.bing.com/bingbot.htm) Chrome/116.0.1938.76 Safari/537.36"
198.54.116.86 - - [08/Apr/2025:09:20:36 -0400] "POST /wp-cron.php?doing_wp_cron=1744118436.0479819774627685546875 HTTP/1.1" 200 0 "-" "WordPress/6.7.2; https://servethepeopleinc.org"
209.141.44.35 - - [08/Apr/2025:09:20:35 -0400] "GET / HTTP/1.1" 200 28294 "https://servethepeopleinc.org/login" "Mozilla/5.0 (X11; Linux x86_64) AppleWebKit/537.36 (KHTML, like Gecko) Chrome/59.0.3071.115 Safari/537.36"
198.54.116.86 - - [08/Apr/2025:09:20:36 -0400] "POST /wp-admin/admin-ajax.php?action=async_litespeed&nonce=4cHAWQ7KBhufYX2KNFElYMl5vjUpSeI0&litespeed_type=imgoptm HTTP/1.1" 200 21 "-" "WordPress/6.7.2; https://servethepeopleinc.org"
66.249.65.104 - - [08/Apr/2025:09:20:36 -0400] "GET /shopdetail/gauding/88046044.shtml HTTP/1.1" 200 27919 "-" "Mozilla/5.0 (Linux; Android 6.0.1; Nexus 5X Build/MMB29P) AppleWebKit/537.36 (KHTML, like Gecko) Chrome/135.0.7049.52 Mobile Safari/537.36 (compatible; GoogleOther)"
209.141.44.35 - - [08/Apr/2025:09:20:37 -0400] "GET /wp-login.php HTTP/1.1" 200 1798 "https://servethepeopleinc.org/login" "Mozilla/5.0 (X11; Linux x86_64) AppleWebKit/537.36 (KHTML, like Gecko) Chrome/59.0.3071.115 Safari/537.36"
3.145.186.200 - - [08/Apr/2025:09:20:37 -0400] "GET /ad917/?path=%2Fhome%2F.%2F..%2Fhome3%2F..%2Flib64%2Flibnss_compat.so.2 HTTP/1.1" 200 956 "-" "Mozilla/5.0 AppleWebKit/537.36 (KHTML, like Gecko; compatible; ClaudeBot/1.0; +claudebot@anthropic.com)"
3.145.186.200 - - [08/Apr/2025:09:20:40 -0400] "GET /ad917/?path=%2Fhome%2F.%2F..%2Fhome4%2F..%2Flib64%2Flibbabeltrace.so.1 HTTP/1.1" 200 955 "-" "Mozilla/5.0 AppleWebKit/537.36 (KHTML, like Gecko; compatible; ClaudeBot/1.0; +claudebot@anthropic.com)"
66.249.65.105 - - [08/Apr/2025:09:20:41 -0400] "GET /special/t/stimulea/75541684.shtml HTTP/1.1" 200 26043 "-" "Mozilla/5.0 (Linux; Android 6.0.1; Nexus 5X Build/MMB29P) AppleWebKit/537.36 (KHTML, like Gecko) Chrome/135.0.7049.52 Mobile Safari/537.36 (compatible; GoogleOther)"
3.145.186.200 - - [08/Apr/2025:09:20:43 -0400] "GET /ad917/?path=%2Fhome%2F.%2F..%2Fhome1%2F..%2Flib64%2Flibxcb-xinput.so.0 HTTP/1.1" 200 953 "-" "Mozilla/5.0 AppleWebKit/537.36 (KHTML, like Gecko; compatible; ClaudeBot/1.0; +claudebot@anthropic.com)"
3.145.186.200 - - [08/Apr/2025:09:20:46 -0400] "GET /ad917/?path=%2Fhome%2F.%2F..%2Fhome1%2F..%2Flib64%2Flibvisual-0.4.so.0 HTTP/1.1" 200 955 "-" "Mozilla/5.0 AppleWebKit/537.36 (KHTML, like Gecko; compatible; ClaudeBot/1.0; +claudebot@anthropic.com)"
66.249.65.105 - - [08/Apr/2025:09:20:46 -0400] "GET /entity/eki/electropuncture/27716918.shtml HTTP/1.1" 200 27117 "-" "Mozilla/5.0 (Linux; Android 6.0.1; Nexus 5X Build/MMB29P) AppleWebKit/537.36 (KHTML, like Gecko) Chrome/135.0.7049.52 Mobile Safari/537.36 (compatible; GoogleOther)"
207.46.13.126 - - [08/Apr/2025:09:20:46 -0400] "GET /entity/do/fracted60781540.shtml HTTP/1.1" 200 27668 "-" "Mozilla/5.0 AppleWebKit/537.36 (KHTML, like Gecko; compatible; bingbot/2.0; +http://www.bing.com/bingbot.htm) Chrome/116.0.1938.76 Safari/537.36"
3.145.186.200 - - [08/Apr/2025:09:20:49 -0400] "GET /ad917/?path=%2Fhome%2F.%2F..%2Fhome5%2F..%2Flib64%2FlibXcomposite.so.1 HTTP/1.1" 200 957 "-" "Mozilla/5.0 AppleWebKit/537.36 (KHTML, like Gecko; compatible; ClaudeBot/1.0; +claudebot@anthropic.com)"
66.249.65.105 - - [08/Apr/2025:09:20:51 -0400] "GET /product/ogq/accompanable/82362062.shtml HTTP/1.1" 200 29022 "-" "Mozilla/5.0 (Linux; Android 6.0.1; Nexus 5X Build/MMB29P) AppleWebKit/537.36 (KHTML, like Gecko) Chrome/135.0.7049.52 Mobile Safari/537.36 (compatible; GoogleOther)"
3.145.186.200 - - [08/Apr/2025:09:20:52 -0400] "GET /ad917/?path=%2Fhome%2F.%2F..%2Fhome3%2F..%2Flib64%2FlibQt5Widgets.so.5 HTTP/1.1" 200 958 "-" "Mozilla/5.0 AppleWebKit/537.36 (KHTML, like Gecko; compatible; ClaudeBot/1.0; +claudebot@anthropic.com)"
66.249.65.105 - - [08/Apr/2025:09:20:52 -0400] "GET /detail/t/mythic34052188.shtml HTTP/1.1" 200 26117 "-" "Mozilla/5.0 (Linux; Android 6.0.1; Nexus 5X Build/MMB29P) AppleWebKit/537.36 (KHTML, like Gecko) Chrome/135.0.7049.52 Mobile Safari/537.36 (compatible; GoogleOther)"
66.249.65.104 - - [08/Apr/2025:09:20:52 -0400] "GET /special119903746.shtml HTTP/1.1" 200 27651 "-" "Mozilla/5.0 (compatible; Googlebot/2.1; +http://www.google.com/bot.html)"
66.249.65.105 - - [08/Apr/2025:09:20:54 -0400] "GET /item/waa/houss/107177070.shtml HTTP/1.1" 200 26574 "-" "Mozilla/5.0 (Linux; Android 6.0.1; Nexus 5X Build/MMB29P) AppleWebKit/537.36 (KHTML, like Gecko) Chrome/135.0.7049.52 Mobile Safari/537.36 (compatible; GoogleOther)"
3.145.186.200 - - [08/Apr/2025:09:20:55 -0400] "GET /ad917/?path=%2Fhome%2F.%2F..%2Fhome1%2F..%2Flib64%2Flibicutest.so.60.3 HTTP/1.1" 200 956 "-" "Mozilla/5.0 AppleWebKit/537.36 (KHTML, like Gecko; compatible; ClaudeBot/1.0; +claudebot@anthropic.com)"
3.145.186.200 - - [08/Apr/2025:09:20:58 -0400] "GET /ad917/?path=%2Fhome%2F.%2F..%2Fhome2%2F..%2Flib64%2Flibparted.so.2.0.1 HTTP/1.1" 200 956 "-" "Mozilla/5.0 AppleWebKit/537.36 (KHTML, like Gecko; compatible; ClaudeBot/1.0; +claudebot@anthropic.com)"
207.46.13.130 - - [08/Apr/2025:09:20:58 -0400] "GET /shopbrand/tonsorial/2545394.shtml HTTP/1.1" 200 29393 "-" "Mozilla/5.0 AppleWebKit/537.36 (KHTML, like Gecko; compatible; bingbot/2.0; +http://www.bing.com/bingbot.htm) Chrome/116.0.1938.76 Safari/537.36"
3.145.186.200 - - [08/Apr/2025:09:21:01 -0400] "GET /ad917/?path=%2Fhome%2F.%2F..%2Fhome1%2F..%2Flib64%2Flibhandle.so.1.0.3 HTTP/1.1" 200 955 "-" "Mozilla/5.0 AppleWebKit/537.36 (KHTML, like Gecko; compatible; ClaudeBot/1.0; +claudebot@anthropic.com)"
207.46.13.126 - - [08/Apr/2025:09:21:02 -0400] "GET /entity/coamings/49458470.shtml HTTP/1.1" 200 30779 "-" "Mozilla/5.0 AppleWebKit/537.36 (KHTML, like Gecko; compatible; bingbot/2.0; +http://www.bing.com/bingbot.htm) Chrome/116.0.1938.76 Safari/537.36"
66.249.65.96 - - [08/Apr/2025:09:21:02 -0400] "GET /info/xwm/confectory/90345020.shtml HTTP/1.1" 200 26646 "-" "Mozilla/5.0 (Linux; Android 6.0.1; Nexus 5X Build/MMB29P) AppleWebKit/537.36 (KHTML, like Gecko) Chrome/135.0.7049.52 Mobile Safari/537.36 (compatible; GoogleOther)"
3.145.186.200 - - [08/Apr/2025:09:21:04 -0400] "GET /ad917/?path=%2Fhome%2F.%2F..%2Fhome3%2F..%2Flib64%2Flibreadline.so.7.0 HTTP/1.1" 200 956 "-" "Mozilla/5.0 AppleWebKit/537.36 (KHTML, like Gecko; compatible; ClaudeBot/1.0; +claudebot@anthropic.com)"
66.249.65.96 - - [08/Apr/2025:09:21:03 -0400] "GET /item/jg/adrian/46507168.shtml HTTP/1.1" 200 25737 "-" "Mozilla/5.0 (Linux; Android 6.0.1; Nexus 5X Build/MMB29P) AppleWebKit/537.36 (KHTML, like Gecko) Chrome/135.0.7049.52 Mobile Safari/537.36 (compatible; GoogleOther)"
207.46.13.130 - - [08/Apr/2025:09:21:08 -0400] "GET /item/y/corrigenda73483414.shtml HTTP/1.1" 200 27517 "-" "Mozilla/5.0 AppleWebKit/537.36 (KHTML, like Gecko; compatible; bingbot/2.0; +http://www.bing.com/bingbot.htm) Chrome/116.0.1938.76 Safari/537.36"
66.249.65.105 - - [08/Apr/2025:09:21:08 -0400] "GET /goodscode/n/whimseys51166900.shtml HTTP/1.1" 200 26649 "-" "Mozilla/5.0 (Linux; Android 6.0.1; Nexus 5X Build/MMB29P) AppleWebKit/537.36 (KHTML, like Gecko) Chrome/135.0.7049.52 Mobile Safari/537.36 (compatible; GoogleOther)"
66.249.65.104 - - [08/Apr/2025:09:21:09 -0400] "GET /item/courb117396784.shtml HTTP/1.1" 200 28367 "-" "Mozilla/5.0 (Linux; Android 6.0.1; Nexus 5X Build/MMB29P) AppleWebKit/537.36 (KHTML, like Gecko) Chrome/135.0.7049.52 Mobile Safari/537.36 (compatible; Googlebot/2.1; +http://www.google.com/bot.html)"
66.249.65.104 - - [08/Apr/2025:09:21:15 -0400] "GET /goodscode/bey/oviposited/47539880.shtml HTTP/1.1" 200 26475 "-" "Mozilla/5.0 (Linux; Android 6.0.1; Nexus 5X Build/MMB29P) AppleWebKit/537.36 (KHTML, like Gecko) Chrome/135.0.7049.52 Mobile Safari/537.36 (compatible; GoogleOther)"
52.167.144.197 - - [08/Apr/2025:09:21:24 -0400] "GET /shopbrand/49000644.shtml HTTP/1.1" 200 27295 "-" "Mozilla/5.0 AppleWebKit/537.36 (KHTML, like Gecko; compatible; bingbot/2.0; +http://www.bing.com/bingbot.htm) Chrome/116.0.1938.76 Safari/537.36"
66.249.65.104 - - [08/Apr/2025:09:21:27 -0400] "GET /products/aw/embillow/3231926.shtml HTTP/1.1" 200 28555 "-" "Mozilla/5.0 (Linux; Android 6.0.1; Nexus 5X Build/MMB29P) AppleWebKit/537.36 (KHTML, like Gecko) Chrome/135.0.7049.52 Mobile Safari/537.36 (compatible; GoogleOther)"
157.55.39.63 - - [08/Apr/2025:09:21:27 -0400] "GET /item/84009656.shtml HTTP/1.1" 200 27998 "-" "Mozilla/5.0 AppleWebKit/537.36 (KHTML, like Gecko; compatible; bingbot/2.0; +http://www.bing.com/bingbot.htm) Chrome/116.0.1938.76 Safari/537.36"
66.249.65.104 - - [08/Apr/2025:09:21:30 -0400] "GET /product/bgw/proxies/40374096.shtml HTTP/1.1" 200 28431 "-" "Mozilla/5.0 (Linux; Android 6.0.1; Nexus 5X Build/MMB29P) AppleWebKit/537.36 (KHTML, like Gecko) Chrome/135.0.7049.52 Mobile Safari/537.36 (compatible; GoogleOther)"
3.145.167.178 - - [08/Apr/2025:09:21:32 -0400] "GET /ad917/?path=%2Fhome%2F.%2F..%2Fhome5%2F..%2Flib64%2Flibisccc.so.161.0.1 HTTP/1.1" 200 959 "-" "Mozilla/5.0 AppleWebKit/537.36 (KHTML, like Gecko; compatible; ClaudeBot/1.0; +claudebot@anthropic.com)"
66.249.65.104 - - [08/Apr/2025:09:21:32 -0400] "GET /products/a/boomorah/94310202.shtml HTTP/1.1" 200 27219 "-" "Mozilla/5.0 (Linux; Android 6.0.1; Nexus 5X Build/MMB29P) AppleWebKit/537.36 (KHTML, like Gecko) Chrome/135.0.7049.52 Mobile Safari/537.36 (compatible; GoogleOther)"
3.145.167.178 - - [08/Apr/2025:09:21:34 -0400] "GET /ad917/?path=%2Fhome%2F.%2F..%2Fhome3%2F..%2Flib64%2Flibcryptsetup.so.12 HTTP/1.1" 200 960 "-" "Mozilla/5.0 AppleWebKit/537.36 (KHTML, like Gecko; compatible; ClaudeBot/1.0; +claudebot@anthropic.com)"
52.167.144.216 - - [08/Apr/2025:09:21:34 -0400] "GET /products/sy/cernuous9000626.shtml HTTP/1.1" 200 26212 "-" "Mozilla/5.0 AppleWebKit/537.36 (KHTML, like Gecko; compatible; bingbot/2.0; +http://www.bing.com/bingbot.htm) Chrome/116.0.1938.76 Safari/537.36"
66.249.65.104 - - [08/Apr/2025:09:21:35 -0400] "GET /products/ahw/wavey53074082.shtml HTTP/1.1" 200 26367 "-" "Mozilla/5.0 (Linux; Android 6.0.1; Nexus 5X Build/MMB29P) AppleWebKit/537.36 (KHTML, like Gecko) Chrome/135.0.7049.52 Mobile Safari/537.36 (compatible; GoogleOther)"
3.145.167.178 - - [08/Apr/2025:09:21:37 -0400] "GET /ad917/?path=%2Fhome%2F.%2F..%2Fhome1%2F..%2Flib64%2Flibtss2-rc.so.0.0.0 HTTP/1.1" 200 959 "-" "Mozilla/5.0 AppleWebKit/537.36 (KHTML, like Gecko; compatible; ClaudeBot/1.0; +claudebot@anthropic.com)"
3.145.167.178 - - [08/Apr/2025:09:21:40 -0400] "GET /ad917/?path=%2Fhome%2F.%2F..%2Fhome2%2F..%2Flib64%2Flibtevent.so.0.16.0 HTTP/1.1" 200 959 "-" "Mozilla/5.0 AppleWebKit/537.36 (KHTML, like Gecko; compatible; ClaudeBot/1.0; +claudebot@anthropic.com)"
66.249.65.105 - - [08/Apr/2025:09:21:40 -0400] "GET /items/em/cadels92243150.shtml HTTP/1.1" 200 26035 "-" "Mozilla/5.0 (Linux; Android 6.0.1; Nexus 5X Build/MMB29P) AppleWebKit/537.36 (KHTML, like Gecko) Chrome/135.0.7049.52 Mobile Safari/537.36 (compatible; GoogleOther)"
3.145.167.178 - - [08/Apr/2025:09:21:43 -0400] "GET /ad917/?path=%2Fhome%2F.%2F..%2Fhome3%2F..%2Flib64%2Flibfontenc.so.1.0.0 HTTP/1.1" 200 957 "-" "Mozilla/5.0 AppleWebKit/537.36 (KHTML, like Gecko; compatible; ClaudeBot/1.0; +claudebot@anthropic.com)"
3.145.167.178 - - [08/Apr/2025:09:21:46 -0400] "GET /ad917/?path=%2Fhome%2F.%2F..%2Fhome4%2F..%2Flib64%2Flibyaz_icu.so.5.0.0 HTTP/1.1" 200 959 "-" "Mozilla/5.0 AppleWebKit/537.36 (KHTML, like Gecko; compatible; ClaudeBot/1.0; +claudebot@anthropic.com)"
66.249.65.105 - - [08/Apr/2025:09:21:47 -0400] "GET /shopdetail/tlo/bepuffed121254940.shtml HTTP/1.1" 200 28064 "-" "Mozilla/5.0 (Linux; Android 6.0.1; Nexus 5X Build/MMB29P) AppleWebKit/537.36 (KHTML, like Gecko) Chrome/135.0.7049.52 Mobile Safari/537.36 (compatible; GoogleOther)"
157.55.39.63 - - [08/Apr/2025:09:21:48 -0400] "GET /shopdetail/42378866.shtml HTTP/1.1" 200 26638 "-" "Mozilla/5.0 AppleWebKit/537.36 (KHTML, like Gecko; compatible; bingbot/2.0; +http://www.bing.com/bingbot.htm) Chrome/116.0.1938.76 Safari/537.36"
3.145.167.178 - - [08/Apr/2025:09:21:49 -0400] "GET /ad917/?path=%2Fhome%2F.%2F..%2Fhome2%2F..%2Flib64%2FlibX11-xcb.so.1.0.0 HTTP/1.1" 200 960 "-" "Mozilla/5.0 AppleWebKit/537.36 (KHTML, like Gecko; compatible; ClaudeBot/1.0; +claudebot@anthropic.com)"
3.145.167.178 - - [08/Apr/2025:09:21:52 -0400] "GET /ad917/?path=%2Fhome%2F.%2F..%2Fhome3%2F..%2Flib64%2Fliblwres.so.161.0.4 HTTP/1.1" 200 959 "-" "Mozilla/5.0 AppleWebKit/537.36 (KHTML, like Gecko; compatible; ClaudeBot/1.0; +claudebot@anthropic.com)"
66.249.65.105 - - [08/Apr/2025:09:21:52 -0400] "GET /shopdetail/primitias/35073890.shtml HTTP/1.1" 200 24716 "-" "Mozilla/5.0 (Linux; Android 6.0.1; Nexus 5X Build/MMB29P) AppleWebKit/537.36 (KHTML, like Gecko) Chrome/135.0.7049.52 Mobile Safari/537.36 (compatible; GoogleOther)"
66.249.65.104 - - [08/Apr/2025:09:21:53 -0400] "GET /goodscode/res/acouse/106812048.shtml HTTP/1.1" 200 24599 "-" "Mozilla/5.0 (Linux; Android 6.0.1; Nexus 5X Build/MMB29P) AppleWebKit/537.36 (KHTML, like Gecko) Chrome/135.0.7049.52 Mobile Safari/537.36 (compatible; GoogleOther)"
66.249.65.104 - - [08/Apr/2025:09:21:55 -0400] "GET /products/hq/winker41497004.shtml HTTP/1.1" 200 27874 "-" "Mozilla/5.0 (Linux; Android 6.0.1; Nexus 5X Build/MMB29P) AppleWebKit/537.36 (KHTML, like Gecko) Chrome/135.0.7049.52 Mobile Safari/537.36 (compatible; GoogleOther)"
3.145.167.178 - - [08/Apr/2025:09:21:55 -0400] "GET /ad917/?path=%2Fhome%2F.%2F..%2Fhome3%2F..%2Flib64%2Flibdvdread.so.4.2.0 HTTP/1.1" 200 959 "-" "Mozilla/5.0 AppleWebKit/537.36 (KHTML, like Gecko; compatible; ClaudeBot/1.0; +claudebot@anthropic.com)"
3.145.167.178 - - [08/Apr/2025:09:21:58 -0400] "GET /ad917/?path=%2Fhome%2F.%2F..%2Fhome1%2F..%2Flib64%2Flibyaz_icu.so.5.0.0 HTTP/1.1" 200 959 "-" "Mozilla/5.0 AppleWebKit/537.36 (KHTML, like Gecko; compatible; ClaudeBot/1.0; +claudebot@anthropic.com)"
207.46.13.130 - - [08/Apr/2025:09:21:59 -0400] "GET /entity/121692946.shtml HTTP/1.1" 200 26113 "-" "Mozilla/5.0 AppleWebKit/537.36 (KHTML, like Gecko; compatible; bingbot/2.0; +http://www.bing.com/bingbot.htm) Chrome/116.0.1938.76 Safari/537.36"
3.145.167.178 - - [08/Apr/2025:09:22:01 -0400] "GET /ad917/?path=%2Fhome%2F.%2F..%2Fhome5%2F..%2Flib64%2Flibgstbase-1.0.so.0 HTTP/1.1" 200 959 "-" "Mozilla/5.0 AppleWebKit/537.36 (KHTML, like Gecko; compatible; ClaudeBot/1.0; +claudebot@anthropic.com)"
3.145.167.178 - - [08/Apr/2025:09:22:04 -0400] "GET /ad917/?path=%2Fhome%2F.%2F..%2Fhome2%2F..%2Flib64%2Flibpcrecpp.so.0.0.1 HTTP/1.1" 200 958 "-" "Mozilla/5.0 AppleWebKit/537.36 (KHTML, like Gecko; compatible; ClaudeBot/1.0; +claudebot@anthropic.com)"
66.249.65.96 - - [08/Apr/2025:09:22:04 -0400] "GET /item/x/lasagna/118683512.shtml HTTP/1.1" 200 29056 "-" "Mozilla/5.0 (Linux; Android 6.0.1; Nexus 5X Build/MMB29P) AppleWebKit/537.36 (KHTML, like Gecko) Chrome/135.0.7049.52 Mobile Safari/537.36 (compatible; GoogleOther)"
66.249.65.105 - - [08/Apr/2025:09:22:05 -0400] "GET /info/n/utensil/52452200.shtml HTTP/1.1" 200 27791 "-" "Mozilla/5.0 (Linux; Android 6.0.1; Nexus 5X Build/MMB29P) AppleWebKit/537.36 (KHTML, like Gecko) Chrome/135.0.7049.52 Mobile Safari/537.36 (compatible; GoogleOther)"
207.46.13.130 - - [08/Apr/2025:09:22:06 -0400] "GET /items51904062.shtml HTTP/1.1" 200 26045 "-" "Mozilla/5.0 AppleWebKit/537.36 (KHTML, like Gecko; compatible; bingbot/2.0; +http://www.bing.com/bingbot.htm) Chrome/116.0.1938.76 Safari/537.36"
3.145.167.178 - - [08/Apr/2025:09:22:07 -0400] "GET /ad917/?path=%2Fhome%2F.%2F..%2Fhome4%2F..%2Flib64%2Flibsss_certmap.so.0 HTTP/1.1" 200 958 "-" "Mozilla/5.0 AppleWebKit/537.36 (KHTML, like Gecko; compatible; ClaudeBot/1.0; +claudebot@anthropic.com)"
3.145.167.178 - - [08/Apr/2025:09:22:10 -0400] "GET /ad917/?path=%2Fhome%2F.%2F..%2Fhome5%2F..%2Flib64%2Flibsigsegv.so.2.0.4 HTTP/1.1" 200 958 "-" "Mozilla/5.0 AppleWebKit/537.36 (KHTML, like Gecko; compatible; ClaudeBot/1.0; +claudebot@anthropic.com)"
157.55.39.63 - - [08/Apr/2025:09:22:10 -0400] "GET /goods101807660.shtml HTTP/1.1" 200 25229 "-" "Mozilla/5.0 AppleWebKit/537.36 (KHTML, like Gecko; compatible; bingbot/2.0; +http://www.bing.com/bingbot.htm) Chrome/116.0.1938.76 Safari/537.36"
3.145.167.178 - - [08/Apr/2025:09:22:13 -0400] "GET /ad917/?path=%2Fhome%2F.%2F..%2Fhome2%2F..%2Flib64%2Flibyaz_icu.so.5.0.0 HTTP/1.1" 200 959 "-" "Mozilla/5.0 AppleWebKit/537.36 (KHTML, like Gecko; compatible; ClaudeBot/1.0; +claudebot@anthropic.com)"
52.167.144.216 - - [08/Apr/2025:09:22:14 -0400] "GET /special/edi/sister100067378.shtml HTTP/1.1" 200 25297 "-" "Mozilla/5.0 AppleWebKit/537.36 (KHTML, like Gecko; compatible; bingbot/2.0; +http://www.bing.com/bingbot.htm) Chrome/116.0.1938.76 Safari/537.36"
66.249.65.104 - - [08/Apr/2025:09:22:14 -0400] "GET /goodscode/zrs/treadboard74229368.shtml HTTP/1.1" 200 25522 "-" "Mozilla/5.0 (Linux; Android 6.0.1; Nexus 5X Build/MMB29P) AppleWebKit/537.36 (KHTML, like Gecko) Chrome/135.0.7049.52 Mobile Safari/537.36 (compatible; GoogleOther)"
207.46.13.126 - - [08/Apr/2025:09:22:16 -0400] "GET /goodscode2894282.shtml HTTP/1.1" 200 27613 "-" "Mozilla/5.0 AppleWebKit/537.36 (KHTML, like Gecko; compatible; bingbot/2.0; +http://www.bing.com/bingbot.htm) Chrome/116.0.1938.76 Safari/537.36"
3.145.167.178 - - [08/Apr/2025:09:22:16 -0400] "GET /ad917/?path=%2Fhome%2F.%2F..%2Fhome5%2F..%2Flib64%2Flibsqlite3.so.0.8.6 HTTP/1.1" 200 959 "-" "Mozilla/5.0 AppleWebKit/537.36 (KHTML, like Gecko; compatible; ClaudeBot/1.0; +claudebot@anthropic.com)"
66.249.65.104 - - [08/Apr/2025:09:22:18 -0400] "GET /goodscode/wey/uncomfortableness/32652358.shtml HTTP/1.1" 200 27021 "-" "Mozilla/5.0 (Linux; Android 6.0.1; Nexus 5X Build/MMB29P) AppleWebKit/537.36 (KHTML, like Gecko) Chrome/135.0.7049.52 Mobile Safari/537.36 (compatible; GoogleOther)"
66.249.65.105 - - [08/Apr/2025:09:22:18 -0400] "GET / HTTP/1.1" 200 27557 "-" "Mozilla/5.0 (compatible; Googlebot/2.1; +http://www.google.com/bot.html)"
207.46.13.130 - - [08/Apr/2025:09:22:19 -0400] "GET /product70219022.shtml HTTP/1.1" 200 25996 "-" "Mozilla/5.0 AppleWebKit/537.36 (KHTML, like Gecko; compatible; bingbot/2.0; +http://www.bing.com/bingbot.htm) Chrome/116.0.1938.76 Safari/537.36"
3.145.167.178 - - [08/Apr/2025:09:22:19 -0400] "GET /ad917/?path=%2Fhome%2F.%2F..%2Fhome1%2F..%2Flib64%2Flibdrm_nouveau.so.2 HTTP/1.1" 200 959 "-" "Mozilla/5.0 AppleWebKit/537.36 (KHTML, like Gecko; compatible; ClaudeBot/1.0; +claudebot@anthropic.com)"
157.55.39.15 - - [08/Apr/2025:09:22:20 -0400] "GET /products/aerographical52322924.shtml HTTP/1.1" 200 27752 "-" "Mozilla/5.0 AppleWebKit/537.36 (KHTML, like Gecko; compatible; bingbot/2.0; +http://www.bing.com/bingbot.htm) Chrome/116.0.1938.76 Safari/537.36"
3.145.167.178 - - [08/Apr/2025:09:22:22 -0400] "GET /ad917/?path=%2Fhome%2F.%2F..%2Fhome1%2F..%2Flib64%2Flibnss_systemd.so.2 HTTP/1.1" 200 958 "-" "Mozilla/5.0 AppleWebKit/537.36 (KHTML, like Gecko; compatible; ClaudeBot/1.0; +claudebot@anthropic.com)"
66.249.65.104 - - [08/Apr/2025:09:22:22 -0400] "GET /shopdetail/k/cernium/80537162.shtml HTTP/1.1" 200 26906 "-" "Mozilla/5.0 (Linux; Android 6.0.1; Nexus 5X Build/MMB29P) AppleWebKit/537.36 (KHTML, like Gecko) Chrome/135.0.7049.52 Mobile Safari/537.36 (compatible; GoogleOther)"
66.249.65.104 - - [08/Apr/2025:09:22:24 -0400] "GET /goodscode/vee/perishably/90828612.shtml HTTP/1.1" 200 27153 "-" "Mozilla/5.0 (Linux; Android 6.0.1; Nexus 5X Build/MMB29P) AppleWebKit/537.36 (KHTML, like Gecko) Chrome/135.0.7049.52 Mobile Safari/537.36 (compatible; GoogleOther)"
3.145.167.178 - - [08/Apr/2025:09:22:25 -0400] "GET /ad917/?path=%2Fhome%2F.%2F..%2Fhome3%2F..%2Flib64%2Flibxcb-res.so.0.0.0 HTTP/1.1" 200 959 "-" "Mozilla/5.0 AppleWebKit/537.36 (KHTML, like Gecko; compatible; ClaudeBot/1.0; +claudebot@anthropic.com)"
66.249.65.104 - - [08/Apr/2025:09:22:25 -0400] "GET /entity/p/brakeman68558176.shtml HTTP/1.1" 200 26955 "-" "Mozilla/5.0 (Linux; Android 6.0.1; Nexus 5X Build/MMB29P) AppleWebKit/537.36 (KHTML, like Gecko) Chrome/135.0.7049.52 Mobile Safari/537.36 (compatible; GoogleOther)"
3.145.167.178 - - [08/Apr/2025:09:22:28 -0400] "GET /ad917/?path=%2Fhome%2F.%2F..%2Fhome4%2F..%2Flib64%2Flibxcb-composite.so HTTP/1.1" 200 959 "-" "Mozilla/5.0 AppleWebKit/537.36 (KHTML, like Gecko; compatible; ClaudeBot/1.0; +claudebot@anthropic.com)"
66.249.65.104 - - [08/Apr/2025:09:22:30 -0400] "GET /items/p/invisible114991044.shtml HTTP/1.1" 200 35677 "-" "Mozilla/5.0 (Linux; Android 6.0.1; Nexus 5X Build/MMB29P) AppleWebKit/537.36 (KHTML, like Gecko) Chrome/135.0.7049.52 Mobile Safari/537.36 (compatible; GoogleOther)"
3.145.167.178 - - [08/Apr/2025:09:22:31 -0400] "GET /ad917/?path=%2Fhome%2F.%2F..%2Fhome4%2F..%2Flib64%2Flibxcb-res.so.0.0.0 HTTP/1.1" 200 959 "-" "Mozilla/5.0 AppleWebKit/537.36 (KHTML, like Gecko; compatible; ClaudeBot/1.0; +claudebot@anthropic.com)"
3.145.167.178 - - [08/Apr/2025:09:22:34 -0400] "GET /ad917/?path=%2Fhome%2F.%2F..%2Fhome5%2F..%2Flib64%2Flibgcrypt.so.20.2.5 HTTP/1.1" 200 960 "-" "Mozilla/5.0 AppleWebKit/537.36 (KHTML, like Gecko; compatible; ClaudeBot/1.0; +claudebot@anthropic.com)"
66.249.65.105 - - [08/Apr/2025:09:22:35 -0400] "GET /detail/h/odizing/68135172.shtml HTTP/1.1" 200 27865 "-" "Mozilla/5.0 (Linux; Android 6.0.1; Nexus 5X Build/MMB29P) AppleWebKit/537.36 (KHTML, like Gecko) Chrome/135.0.7049.52 Mobile Safari/537.36 (compatible; GoogleOther)"
3.145.167.178 - - [08/Apr/2025:09:22:37 -0400] "GET /ad917/?path=%2Fhome%2F.%2F..%2Fhome3%2F..%2Flib64%2Flibtss2-rc.so.0.0.0 HTTP/1.1" 200 959 "-" "Mozilla/5.0 AppleWebKit/537.36 (KHTML, like Gecko; compatible; ClaudeBot/1.0; +claudebot@anthropic.com)"
157.55.39.15 - - [08/Apr/2025:09:22:38 -0400] "GET /shopbrand68274460.shtml HTTP/1.1" 200 25942 "-" "Mozilla/5.0 AppleWebKit/537.36 (KHTML, like Gecko; compatible; bingbot/2.0; +http://www.bing.com/bingbot.htm) Chrome/116.0.1938.76 Safari/537.36"
3.145.167.178 - - [08/Apr/2025:09:22:40 -0400] "GET /ad917/?path=%2Fhome%2F.%2F..%2Fhome5%2F..%2Flib64%2Flibwebpdecoder.so.3 HTTP/1.1" 200 959 "-" "Mozilla/5.0 AppleWebKit/537.36 (KHTML, like Gecko; compatible; ClaudeBot/1.0; +claudebot@anthropic.com)"
3.145.167.178 - - [08/Apr/2025:09:22:43 -0400] "GET /ad917/?path=%2Fhome%2F.%2F..%2Fhome5%2F..%2Flib64%2Flibpng16.so.16.34.0 HTTP/1.1" 200 960 "-" "Mozilla/5.0 AppleWebKit/537.36 (KHTML, like Gecko; compatible; ClaudeBot/1.0; +claudebot@anthropic.com)"
3.145.167.178 - - [08/Apr/2025:09:22:46 -0400] "GET /ad917/?path=%2Fhome%2F.%2F..%2Fhome4%2F..%2Flib64%2Flibxcb-xf86dri.so.0 HTTP/1.1" 200 960 "-" "Mozilla/5.0 AppleWebKit/537.36 (KHTML, like Gecko; compatible; ClaudeBot/1.0; +claudebot@anthropic.com)"
66.249.65.104 - - [08/Apr/2025:09:22:46 -0400] "GET /info/unsophisticate/47442124.shtml HTTP/1.1" 200 25450 "-" "Mozilla/5.0 (Linux; Android 6.0.1; Nexus 5X Build/MMB29P) AppleWebKit/537.36 (KHTML, like Gecko) Chrome/135.0.7049.52 Mobile Safari/537.36 (compatible; GoogleOther)"
66.249.65.105 - - [08/Apr/2025:09:22:48 -0400] "GET /products/b/zingaro/79521268.shtml HTTP/1.1" 200 28017 "-" "Mozilla/5.0 (Linux; Android 6.0.1; Nexus 5X Build/MMB29P) AppleWebKit/537.36 (KHTML, like Gecko) Chrome/135.0.7049.52 Mobile Safari/537.36 (compatible; GoogleOther)"
3.145.167.178 - - [08/Apr/2025:09:22:49 -0400] "GET /ad917/?path=%2Fhome%2F.%2F..%2Fhome3%2F..%2Flib64%2Flibsss_certmap.so.0 HTTP/1.1" 200 958 "-" "Mozilla/5.0 AppleWebKit/537.36 (KHTML, like Gecko; compatible; ClaudeBot/1.0; +claudebot@anthropic.com)"
66.249.65.105 - - [08/Apr/2025:09:22:49 -0400] "GET /items/soudan/7196596.shtml HTTP/1.1" 200 28314 "-" "Mozilla/5.0 (Linux; Android 6.0.1; Nexus 5X Build/MMB29P) AppleWebKit/537.36 (KHTML, like Gecko) Chrome/135.0.7049.52 Mobile Safari/537.36 (compatible; GoogleOther)"
66.249.65.105 - - [08/Apr/2025:09:22:52 -0400] "GET /goodscode/astrometer/111642998.shtml HTTP/1.1" 200 27426 "-" "Mozilla/5.0 (Linux; Android 6.0.1; Nexus 5X Build/MMB29P) AppleWebKit/537.36 (KHTML, like Gecko) Chrome/135.0.7049.52 Mobile Safari/537.36 (compatible; GoogleOther)"
3.145.167.178 - - [08/Apr/2025:09:22:52 -0400] "GET /ad917/?path=%2Fhome%2F.%2F..%2Fhome3%2F..%2Flib64%2Flibaugeas.so.0.24.2 HTTP/1.1" 200 960 "-" "Mozilla/5.0 AppleWebKit/537.36 (KHTML, like Gecko; compatible; ClaudeBot/1.0; +claudebot@anthropic.com)"
3.145.167.178 - - [08/Apr/2025:09:22:55 -0400] "GET /ad917/?path=%2Fhome%2F.%2F..%2Fhome2%2F..%2Flib64%2Flibtommath.so.1.1.0 HTTP/1.1" 200 959 "-" "Mozilla/5.0 AppleWebKit/537.36 (KHTML, like Gecko; compatible; ClaudeBot/1.0; +claudebot@anthropic.com)"
66.249.65.105 - - [08/Apr/2025:09:22:55 -0400] "GET /products/x/omnipresence/83241496.shtml HTTP/1.1" 200 28037 "-" "Mozilla/5.0 (Linux; Android 6.0.1; Nexus 5X Build/MMB29P) AppleWebKit/537.36 (KHTML, like Gecko) Chrome/135.0.7049.52 Mobile Safari/537.36 (compatible; GoogleOther)"
66.249.65.105 - - [08/Apr/2025:09:22:57 -0400] "GET /detail/h/grosgrain/27736648.shtml HTTP/1.1" 200 29272 "-" "Mozilla/5.0 (Linux; Android 6.0.1; Nexus 5X Build/MMB29P) AppleWebKit/537.36 (KHTML, like Gecko) Chrome/135.0.7049.52 Mobile Safari/537.36 (compatible; GoogleOther)"
3.145.167.178 - - [08/Apr/2025:09:22:58 -0400] "GET /ad917/?path=%2Fhome%2F.%2F..%2Fhome2%2F..%2Flib64%2FlibQt5Qml.so.5.15.3 HTTP/1.1" 200 962 "-" "Mozilla/5.0 AppleWebKit/537.36 (KHTML, like Gecko; compatible; ClaudeBot/1.0; +claudebot@anthropic.com)"
207.46.13.130 - - [08/Apr/2025:09:22:59 -0400] "GET /shopbrand12140872.shtml HTTP/1.1" 200 26914 "-" "Mozilla/5.0 AppleWebKit/537.36 (KHTML, like Gecko; compatible; bingbot/2.0; +http://www.bing.com/bingbot.htm) Chrome/116.0.1938.76 Safari/537.36"
3.145.167.178 - - [08/Apr/2025:09:23:01 -0400] "GET /ad917/?path=%2Fhome%2F.%2F..%2Fhome1%2F..%2Flib64%2FlibXrender.so.1.3.0 HTTP/1.1" 200 959 "-" "Mozilla/5.0 AppleWebKit/537.36 (KHTML, like Gecko; compatible; ClaudeBot/1.0; +claudebot@anthropic.com)"
3.145.167.178 - - [08/Apr/2025:09:23:04 -0400] "GET /ad917/?path=%2Fhome%2F.%2F..%2Fhome5%2F..%2Flib64%2Flibpcre2-posix.so.2 HTTP/1.1" 200 960 "-" "Mozilla/5.0 AppleWebKit/537.36 (KHTML, like Gecko; compatible; ClaudeBot/1.0; +claudebot@anthropic.com)"
66.249.65.104 - - [08/Apr/2025:09:23:06 -0400] "GET /shopping/lsq/magnific/22594588.shtml HTTP/1.1" 200 25568 "-" "Mozilla/5.0 (Linux; Android 6.0.1; Nexus 5X Build/MMB29P) AppleWebKit/537.36 (KHTML, like Gecko) Chrome/135.0.7049.52 Mobile Safari/537.36 (compatible; GoogleOther)"
3.145.167.178 - - [08/Apr/2025:09:23:07 -0400] "GET /ad917/?path=%2Fhome%2F.%2F..%2Fhome1%2F..%2Flib64%2Flibncurses++.so.5.9 HTTP/1.1" 200 1218 "-" "Mozilla/5.0 AppleWebKit/537.36 (KHTML, like Gecko; compatible; ClaudeBot/1.0; +claudebot@anthropic.com)"
66.249.65.105 - - [08/Apr/2025:09:23:07 -0400] "GET /shopdetail/h/gypoun/27741016.shtml HTTP/1.1" 200 28998 "-" "Mozilla/5.0 (Linux; Android 6.0.1; Nexus 5X Build/MMB29P) AppleWebKit/537.36 (KHTML, like Gecko) Chrome/135.0.7049.52 Mobile Safari/537.36 (compatible; GoogleOther)"
66.249.65.96 - - [08/Apr/2025:09:23:09 -0400] "GET /product/qgw/disbelieved/114032330.shtml HTTP/1.1" 200 24931 "-" "Mozilla/5.0 (Linux; Android 6.0.1; Nexus 5X Build/MMB29P) AppleWebKit/537.36 (KHTML, like Gecko) Chrome/135.0.7049.52 Mobile Safari/537.36 (compatible; GoogleOther)"
3.145.167.178 - - [08/Apr/2025:09:23:10 -0400] "GET /ad917/?path=%2Fhome%2F.%2F..%2Fhome2%2F..%2Flib64%2Flibenchant.so.1.6.0 HTTP/1.1" 200 959 "-" "Mozilla/5.0 AppleWebKit/537.36 (KHTML, like Gecko; compatible; ClaudeBot/1.0; +claudebot@anthropic.com)"
52.167.144.216 - - [08/Apr/2025:09:23:13 -0400] "GET /entity63783074.shtml HTTP/1.1" 200 27891 "-" "Mozilla/5.0 AppleWebKit/537.36 (KHTML, like Gecko; compatible; bingbot/2.0; +http://www.bing.com/bingbot.htm) Chrome/116.0.1938.76 Safari/537.36"
3.145.167.178 - - [08/Apr/2025:09:23:13 -0400] "GET /ad917/?path=%2Fhome%2F.%2F..%2Fhome4%2F..%2Flib64%2Flibxcb-xkb.so.1.0.0 HTTP/1.1" 200 959 "-" "Mozilla/5.0 AppleWebKit/537.36 (KHTML, like Gecko; compatible; ClaudeBot/1.0; +claudebot@anthropic.com)"
3.145.167.178 - - [08/Apr/2025:09:23:16 -0400] "GET /ad917/?path=%2Fhome%2F.%2F..%2Fhome2%2F..%2Flib64%2Flibpoco-plesk-1.9.0 HTTP/1.1" 200 1679 "-" "Mozilla/5.0 AppleWebKit/537.36 (KHTML, like Gecko; compatible; ClaudeBot/1.0; +claudebot@anthropic.com)"
3.145.167.178 - - [08/Apr/2025:09:23:19 -0400] "GET /ad917/?path=%2Fhome%2F.%2F..%2Fhome4%2F..%2Flib64%2Flibpcre2-8.so.0.7.1 HTTP/1.1" 200 960 "-" "Mozilla/5.0 AppleWebKit/537.36 (KHTML, like Gecko; compatible; ClaudeBot/1.0; +claudebot@anthropic.com)"
3.145.167.178 - - [08/Apr/2025:09:23:22 -0400] "GET /ad917/?path=%2Fhome%2F.%2F..%2Fhome4%2F..%2Flib64%2Flibipmiconsole.so.2 HTTP/1.1" 200 959 "-" "Mozilla/5.0 AppleWebKit/537.36 (KHTML, like Gecko; compatible; ClaudeBot/1.0; +claudebot@anthropic.com)"
66.249.65.105 - - [08/Apr/2025:09:23:22 -0400] "GET /special/z/ionosphere63914256.shtml HTTP/1.1" 200 28328 "-" "Mozilla/5.0 (Linux; Android 6.0.1; Nexus 5X Build/MMB29P) AppleWebKit/537.36 (KHTML, like Gecko) Chrome/135.0.7049.52 Mobile Safari/537.36 (compatible; GoogleOther)"
52.167.144.216 - - [08/Apr/2025:09:23:23 -0400] "GET /product/uzbeks/14277832.shtml HTTP/1.1" 200 29546 "-" "Mozilla/5.0 AppleWebKit/537.36 (KHTML, like Gecko; compatible; bingbot/2.0; +http://www.bing.com/bingbot.htm) Chrome/116.0.1938.76 Safari/537.36"
66.249.65.104 - - [08/Apr/2025:09:23:23 -0400] "GET /goodscode/em/malamic/50890202.shtml HTTP/1.1" 200 28880 "-" "Mozilla/5.0 (Linux; Android 6.0.1; Nexus 5X Build/MMB29P) AppleWebKit/537.36 (KHTML, like Gecko) Chrome/135.0.7049.52 Mobile Safari/537.36 (compatible; GoogleOther)"
3.145.167.178 - - [08/Apr/2025:09:23:25 -0400] "GET /ad917/?path=%2Fhome%2F.%2F..%2Fhome4%2F..%2Flib64%2Flibisccc.so.161.0.1 HTTP/1.1" 200 959 "-" "Mozilla/5.0 AppleWebKit/537.36 (KHTML, like Gecko; compatible; ClaudeBot/1.0; +claudebot@anthropic.com)"
66.249.65.104 - - [08/Apr/2025:09:23:26 -0400] "GET /shopping/jg/heulandite93285172.shtml HTTP/1.1" 200 27559 "-" "Mozilla/5.0 (Linux; Android 6.0.1; Nexus 5X Build/MMB29P) AppleWebKit/537.36 (KHTML, like Gecko) Chrome/135.0.7049.52 Mobile Safari/537.36 (compatible; GoogleOther)"
3.145.167.178 - - [08/Apr/2025:09:23:28 -0400] "GET /ad917/?path=%2Fhome%2F.%2F..%2Fhome1%2F..%2Flib64%2Flibrpmsign.so.8.2.0 HTTP/1.1" 200 959 "-" "Mozilla/5.0 AppleWebKit/537.36 (KHTML, like Gecko; compatible; ClaudeBot/1.0; +claudebot@anthropic.com)"
66.249.65.104 - - [08/Apr/2025:09:23:28 -0400] "GET /entity/vxu/chrismation96136840.shtml HTTP/1.1" 200 28421 "-" "Mozilla/5.0 (Linux; Android 6.0.1; Nexus 5X Build/MMB29P) AppleWebKit/537.36 (KHTML, like Gecko) Chrome/135.0.7049.52 Mobile Safari/537.36 (compatible; GoogleOther)"
66.249.65.104 - - [08/Apr/2025:09:23:33 -0400] "GET /item/26848600.shtml HTTP/1.1" 200 26657 "-" "Mozilla/5.0 (Linux; Android 6.0.1; Nexus 5X Build/MMB29P) AppleWebKit/537.36 (KHTML, like Gecko) Chrome/135.0.7049.52 Mobile Safari/537.36 (compatible; Googlebot/2.1; +http://www.google.com/bot.html)"
66.249.65.104 - - [08/Apr/2025:09:23:33 -0400] "GET /info/t/ligustica/4340024.shtml HTTP/1.1" 200 26334 "-" "Mozilla/5.0 (Linux; Android 6.0.1; Nexus 5X Build/MMB29P) AppleWebKit/537.36 (KHTML, like Gecko) Chrome/135.0.7049.52 Mobile Safari/537.36 (compatible; GoogleOther)"
207.46.13.130 - - [08/Apr/2025:09:23:38 -0400] "GET /special/angriest/35392980.shtml HTTP/1.1" 200 26088 "-" "Mozilla/5.0 AppleWebKit/537.36 (KHTML, like Gecko; compatible; bingbot/2.0; +http://www.bing.com/bingbot.htm) Chrome/116.0.1938.76 Safari/537.36"
66.249.65.104 - - [08/Apr/2025:09:23:45 -0400] "GET /detail/y/dodder/72153374.shtml HTTP/1.1" 200 27515 "-" "Mozilla/5.0 (Linux; Android 6.0.1; Nexus 5X Build/MMB29P) AppleWebKit/537.36 (KHTML, like Gecko) Chrome/135.0.7049.52 Mobile Safari/537.36 (compatible; GoogleOther)"
