66.249.65.104 - - [08/Apr/2025:09:08:54 -0400] "GET /special/xqw/angiospermatous/121096816.shtml HTTP/1.1" 200 26490 "-" "Mozilla/5.0 (Linux; Android 6.0.1; Nexus 5X Build/MMB29P) AppleWebKit/537.36 (KHTML, like Gecko) Chrome/135.0.7049.52 Mobile Safari/537.36 (compatible; GoogleOther)"
3.15.240.39 - - [08/Apr/2025:09:08:57 -0400] "GET /ad917/?path=%2Fhome%2F.%2F..%2Fhome2%2F..%2Flib64%2Flibjbig85.so.2.1 HTTP/1.1" 200 959 "-" "Mozilla/5.0 AppleWebKit/537.36 (KHTML, like Gecko; compatible; ClaudeBot/1.0; +claudebot@anthropic.com)"
66.249.65.104 - - [08/Apr/2025:09:08:56 -0400] "GET /item/k/pisolitic/83225714.shtml HTTP/1.1" 200 27600 "-" "Mozilla/5.0 (Linux; Android 6.0.1; Nexus 5X Build/MMB29P) AppleWebKit/537.36 (KHTML, like Gecko) Chrome/135.0.7049.52 Mobile Safari/537.36 (compatible; GoogleOther)"
66.249.65.105 - - [08/Apr/2025:09:08:58 -0400] "GET /shopbrand/ethmotrubinal/67777442.shtml HTTP/1.1" 200 25803 "-" "Mozilla/5.0 (Linux; Android 6.0.1; Nexus 5X Build/MMB29P) AppleWebKit/537.36 (KHTML, like Gecko) Chrome/135.0.7049.52 Mobile Safari/537.36 (compatible; GoogleOther)"
3.15.240.39 - - [08/Apr/2025:09:09:00 -0400] "GET /ad917/?path=%2Fhome%2F.%2F..%2Fhome1%2F..%2Flib64%2FlibXinerama.so.1 HTTP/1.1" 200 960 "-" "Mozilla/5.0 AppleWebKit/537.36 (KHTML, like Gecko; compatible; ClaudeBot/1.0; +claudebot@anthropic.com)"
3.15.240.39 - - [08/Apr/2025:09:09:03 -0400] "GET /ad917/?path=%2Fhome%2F.%2F..%2Fhome5%2F..%2Flib64%2Flibgssrpc.so.4.2 HTTP/1.1" 200 958 "-" "Mozilla/5.0 AppleWebKit/537.36 (KHTML, like Gecko; compatible; ClaudeBot/1.0; +claudebot@anthropic.com)"
52.167.144.197 - - [08/Apr/2025:09:09:03 -0400] "GET /products/d/preexistimation8507516.shtml HTTP/1.1" 200 27730 "-" "Mozilla/5.0 AppleWebKit/537.36 (KHTML, like Gecko; compatible; bingbot/2.0; +http://www.bing.com/bingbot.htm) Chrome/116.0.1938.76 Safari/537.36"
3.15.240.39 - - [08/Apr/2025:09:09:06 -0400] "GET /ad917/?path=%2Fhome%2F.%2F..%2Fhome4%2F..%2Flib64%2Flibnfsidmap.so.1 HTTP/1.1" 200 959 "-" "Mozilla/5.0 AppleWebKit/537.36 (KHTML, like Gecko; compatible; ClaudeBot/1.0; +claudebot@anthropic.com)"
66.249.65.105 - - [08/Apr/2025:09:09:07 -0400] "GET /entity/j/treefuls/122630504.shtml HTTP/1.1" 200 26688 "-" "Mozilla/5.0 (Linux; Android 6.0.1; Nexus 5X Build/MMB29P) AppleWebKit/537.36 (KHTML, like Gecko) Chrome/135.0.7049.52 Mobile Safari/537.36 (compatible; GoogleOther)"
3.15.240.39 - - [08/Apr/2025:09:09:09 -0400] "GET /ad917/?path=%2Fhome%2F.%2F..%2Fhome1%2F..%2Flib64%2Flibxcb-dri2.so.0 HTTP/1.1" 200 958 "-" "Mozilla/5.0 AppleWebKit/537.36 (KHTML, like Gecko; compatible; ClaudeBot/1.0; +claudebot@anthropic.com)"
66.249.65.104 - - [08/Apr/2025:09:09:08 -0400] "GET /shopping/dismayed/89812190.shtml HTTP/1.1" 200 25959 "-" "Mozilla/5.0 (Linux; Android 6.0.1; Nexus 5X Build/MMB29P) AppleWebKit/537.36 (KHTML, like Gecko) Chrome/135.0.7049.52 Mobile Safari/537.36 (compatible; GoogleOther)"
66.249.65.104 - - [08/Apr/2025:09:09:10 -0400] "GET /special/y/zonule/95300482.shtml HTTP/1.1" 200 26224 "-" "Mozilla/5.0 (Linux; Android 6.0.1; Nexus 5X Build/MMB29P) AppleWebKit/537.36 (KHTML, like Gecko) Chrome/135.0.7049.52 Mobile Safari/537.36 (compatible; GoogleOther)"
3.15.240.39 - - [08/Apr/2025:09:09:12 -0400] "GET /ad917/?path=%2Fhome%2F.%2F..%2Fhome1%2F..%2Flib64%2Flibxcb-ewmh.so.2 HTTP/1.1" 200 958 "-" "Mozilla/5.0 AppleWebKit/537.36 (KHTML, like Gecko; compatible; ClaudeBot/1.0; +claudebot@anthropic.com)"
3.15.240.39 - - [08/Apr/2025:09:09:15 -0400] "GET /ad917/?path=%2Fhome%2F.%2F..%2Fhome3%2F..%2Flib64%2Flibicutu.so.60.3 HTTP/1.1" 200 958 "-" "Mozilla/5.0 AppleWebKit/537.36 (KHTML, like Gecko; compatible; ClaudeBot/1.0; +claudebot@anthropic.com)"
3.15.240.39 - - [08/Apr/2025:09:09:18 -0400] "GET /ad917/?path=%2Fhome%2F.%2F..%2Fhome5%2F..%2Flib64%2Flibldap-2.4.so.2 HTTP/1.1" 200 958 "-" "Mozilla/5.0 AppleWebKit/537.36 (KHTML, like Gecko; compatible; ClaudeBot/1.0; +claudebot@anthropic.com)"
207.46.13.157 - - [08/Apr/2025:09:09:18 -0400] "GET /item95019246.shtml HTTP/1.1" 200 26393 "-" "Mozilla/5.0 AppleWebKit/537.36 (KHTML, like Gecko; compatible; bingbot/2.0; +http://www.bing.com/bingbot.htm) Chrome/116.0.1938.76 Safari/537.36"
66.249.65.105 - - [08/Apr/2025:09:09:20 -0400] "GET /product/kgo/zoosporic/28180114.shtml HTTP/1.1" 200 27689 "-" "Mozilla/5.0 (Linux; Android 6.0.1; Nexus 5X Build/MMB29P) AppleWebKit/537.36 (KHTML, like Gecko) Chrome/135.0.7049.52 Mobile Safari/537.36 (compatible; GoogleOther)"
3.15.240.39 - - [08/Apr/2025:09:09:21 -0400] "GET /ad917/?path=%2Fhome%2F.%2F..%2Fhome3%2F..%2Flib64%2Flibnettle.so.6.5 HTTP/1.1" 200 957 "-" "Mozilla/5.0 AppleWebKit/537.36 (KHTML, like Gecko; compatible; ClaudeBot/1.0; +claudebot@anthropic.com)"
3.15.240.39 - - [08/Apr/2025:09:09:24 -0400] "GET /ad917/?path=%2Fhome%2F.%2F..%2Fhome1%2F..%2Flib64%2Flibnettle.so.6.5 HTTP/1.1" 200 957 "-" "Mozilla/5.0 AppleWebKit/537.36 (KHTML, like Gecko; compatible; ClaudeBot/1.0; +claudebot@anthropic.com)"
207.46.13.168 - - [08/Apr/2025:09:09:25 -0400] "GET /items/o/preshow/52421590.shtml HTTP/1.1" 200 27631 "-" "Mozilla/5.0 AppleWebKit/537.36 (KHTML, like Gecko; compatible; bingbot/2.0; +http://www.bing.com/bingbot.htm) Chrome/116.0.1938.76 Safari/537.36"
3.15.240.39 - - [08/Apr/2025:09:09:27 -0400] "GET /ad917/?path=%2Fhome%2F.%2F..%2Fhome1%2F..%2Flib64%2Flibgvpr.so.2.0.0 HTTP/1.1" 200 958 "-" "Mozilla/5.0 AppleWebKit/537.36 (KHTML, like Gecko; compatible; ClaudeBot/1.0; +claudebot@anthropic.com)"
3.15.240.39 - - [08/Apr/2025:09:09:30 -0400] "GET /ad917/?path=%2Fhome%2F.%2F..%2Fhome2%2F..%2Flib64%2Flibxcb-dri3.so.0 HTTP/1.1" 200 958 "-" "Mozilla/5.0 AppleWebKit/537.36 (KHTML, like Gecko; compatible; ClaudeBot/1.0; +claudebot@anthropic.com)"
3.15.240.39 - - [08/Apr/2025:09:09:33 -0400] "GET /ad917/?path=%2Fhome%2F.%2F..%2Fhome2%2F..%2Flib64%2Flibtss2-sys.so.0 HTTP/1.1" 200 958 "-" "Mozilla/5.0 AppleWebKit/537.36 (KHTML, like Gecko; compatible; ClaudeBot/1.0; +claudebot@anthropic.com)"
52.167.144.158 - - [08/Apr/2025:09:09:34 -0400] "GET /detail39383274.shtml HTTP/1.1" 200 26926 "-" "Mozilla/5.0 AppleWebKit/537.36 (KHTML, like Gecko; compatible; bingbot/2.0; +http://www.bing.com/bingbot.htm) Chrome/116.0.1938.76 Safari/537.36"
66.249.65.104 - - [08/Apr/2025:09:09:35 -0400] "GET /special/x/jolter/41812108.shtml HTTP/1.1" 200 25259 "-" "Mozilla/5.0 (Linux; Android 6.0.1; Nexus 5X Build/MMB29P) AppleWebKit/537.36 (KHTML, like Gecko) Chrome/135.0.7049.52 Mobile Safari/537.36 (compatible; GoogleOther)"
3.15.240.39 - - [08/Apr/2025:09:09:36 -0400] "GET /ad917/?path=%2Fhome%2F.%2F..%2Fhome2%2F..%2Flib64%2Flibicutu.so.60.3 HTTP/1.1" 200 958 "-" "Mozilla/5.0 AppleWebKit/537.36 (KHTML, like Gecko; compatible; ClaudeBot/1.0; +claudebot@anthropic.com)"
3.15.240.39 - - [08/Apr/2025:09:09:39 -0400] "GET /ad917/?path=%2Fhome%2F.%2F..%2Fhome1%2F..%2Flib64%2Flibarchive.so.13 HTTP/1.1" 200 956 "-" "Mozilla/5.0 AppleWebKit/537.36 (KHTML, like Gecko; compatible; ClaudeBot/1.0; +claudebot@anthropic.com)"
207.46.13.157 - - [08/Apr/2025:09:09:39 -0400] "GET /items95475892.shtml HTTP/1.1" 200 28618 "-" "Mozilla/5.0 AppleWebKit/537.36 (KHTML, like Gecko; compatible; bingbot/2.0; +http://www.bing.com/bingbot.htm) Chrome/116.0.1938.76 Safari/537.36"
66.249.65.104 - - [08/Apr/2025:09:09:41 -0400] "GET /entity/qg/racketed7198678.shtml HTTP/1.1" 200 27451 "-" "Mozilla/5.0 (Linux; Android 6.0.1; Nexus 5X Build/MMB29P) AppleWebKit/537.36 (KHTML, like Gecko) Chrome/135.0.7049.52 Mobile Safari/537.36 (compatible; GoogleOther)"
3.15.240.39 - - [08/Apr/2025:09:09:42 -0400] "GET /ad917/?path=%2Fhome%2F.%2F..%2Fhome5%2F..%2Flib64%2Flibxcb-util.so.1 HTTP/1.1" 200 958 "-" "Mozilla/5.0 AppleWebKit/537.36 (KHTML, like Gecko; compatible; ClaudeBot/1.0; +claudebot@anthropic.com)"
3.15.240.39 - - [08/Apr/2025:09:09:45 -0400] "GET /ad917/?path=%2Fhome%2F.%2F..%2Fhome4%2F..%2Flib64%2Flibonig.so.5.0.0 HTTP/1.1" 200 958 "-" "Mozilla/5.0 AppleWebKit/537.36 (KHTML, like Gecko; compatible; ClaudeBot/1.0; +claudebot@anthropic.com)"
66.249.65.104 - - [08/Apr/2025:09:09:45 -0400] "GET /info/x/rewme/1540224.shtml HTTP/1.1" 200 27278 "-" "Mozilla/5.0 (Linux; Android 6.0.1; Nexus 5X Build/MMB29P) AppleWebKit/537.36 (KHTML, like Gecko) Chrome/135.0.7049.52 Mobile Safari/537.36 (compatible; GoogleOther)"
157.55.39.195 - - [08/Apr/2025:09:09:47 -0400] "GET /product/5766158.shtml HTTP/1.1" 200 25748 "-" "Mozilla/5.0 AppleWebKit/537.36 (KHTML, like Gecko; compatible; bingbot/2.0; +http://www.bing.com/bingbot.htm) Chrome/116.0.1938.76 Safari/537.36"
3.15.240.39 - - [08/Apr/2025:09:09:48 -0400] "GET /ad917/?path=%2Fhome%2F.%2F..%2Fhome2%2F..%2Flib64%2Flibpixman-1.so.0 HTTP/1.1" 200 958 "-" "Mozilla/5.0 AppleWebKit/537.36 (KHTML, like Gecko; compatible; ClaudeBot/1.0; +claudebot@anthropic.com)"
3.15.240.39 - - [08/Apr/2025:09:09:51 -0400] "GET /ad917/?path=%2Fhome%2F.%2F..%2Fhome5%2F..%2Flib64%2Flibprotobuf-c.so HTTP/1.1" 200 959 "-" "Mozilla/5.0 AppleWebKit/537.36 (KHTML, like Gecko; compatible; ClaudeBot/1.0; +claudebot@anthropic.com)"
207.46.13.157 - - [08/Apr/2025:09:09:51 -0400] "GET /item/77866068.shtml HTTP/1.1" 200 28627 "-" "Mozilla/5.0 AppleWebKit/537.36 (KHTML, like Gecko; compatible; bingbot/2.0; +http://www.bing.com/bingbot.htm) Chrome/116.0.1938.76 Safari/537.36"
66.249.65.104 - - [08/Apr/2025:09:09:53 -0400] "GET /entity/c/depolarized43072554.shtml HTTP/1.1" 200 26166 "-" "Mozilla/5.0 (Linux; Android 6.0.1; Nexus 5X Build/MMB29P) AppleWebKit/537.36 (KHTML, like Gecko) Chrome/135.0.7049.52 Mobile Safari/537.36 (compatible; GoogleOther)"
3.15.240.39 - - [08/Apr/2025:09:09:54 -0400] "GET /ad917/?path=%2Fhome%2F.%2F..%2Fhome5%2F..%2Flib64%2Flibk5crypto.so.3 HTTP/1.1" 200 960 "-" "Mozilla/5.0 AppleWebKit/537.36 (KHTML, like Gecko; compatible; ClaudeBot/1.0; +claudebot@anthropic.com)"
3.15.240.39 - - [08/Apr/2025:09:09:57 -0400] "GET /ad917/?path=%2Fhome%2F.%2F..%2Fhome2%2F..%2Flib64%2Flibodbcinst.so.2 HTTP/1.1" 200 959 "-" "Mozilla/5.0 AppleWebKit/537.36 (KHTML, like Gecko; compatible; ClaudeBot/1.0; +claudebot@anthropic.com)"
66.249.65.104 - - [08/Apr/2025:09:09:58 -0400] "GET /info/lq/tribunitian/67685452.shtml HTTP/1.1" 200 25288 "-" "Mozilla/5.0 (Linux; Android 6.0.1; Nexus 5X Build/MMB29P) AppleWebKit/537.36 (KHTML, like Gecko) Chrome/135.0.7049.52 Mobile Safari/537.36 (compatible; GoogleOther)"
66.249.65.104 - - [08/Apr/2025:09:09:59 -0400] "GET /products/photomok/86130370.shtml HTTP/1.1" 200 26812 "-" "Mozilla/5.0 (Linux; Android 6.0.1; Nexus 5X Build/MMB29P) AppleWebKit/537.36 (KHTML, like Gecko) Chrome/135.0.7049.52 Mobile Safari/537.36 (compatible; GoogleOther)"
157.55.39.195 - - [08/Apr/2025:09:09:59 -0400] "GET /items/preteriteness/113434692.shtml HTTP/1.1" 200 25927 "-" "Mozilla/5.0 AppleWebKit/537.36 (KHTML, like Gecko; compatible; bingbot/2.0; +http://www.bing.com/bingbot.htm) Chrome/116.0.1938.76 Safari/537.36"
3.15.240.39 - - [08/Apr/2025:09:10:00 -0400] "GET /ad917/?path=%2Fhome%2F.%2F..%2Fhome2%2F..%2Flib64%2Flibxcb-xinput.so HTTP/1.1" 200 956 "-" "Mozilla/5.0 AppleWebKit/537.36 (KHTML, like Gecko; compatible; ClaudeBot/1.0; +claudebot@anthropic.com)"
66.249.65.104 - - [08/Apr/2025:09:10:00 -0400] "GET /detail/siy/chairing/121048562.shtml HTTP/1.1" 200 28023 "-" "Mozilla/5.0 (Linux; Android 6.0.1; Nexus 5X Build/MMB29P) AppleWebKit/537.36 (KHTML, like Gecko) Chrome/135.0.7049.52 Mobile Safari/537.36 (compatible; GoogleOther)"
3.15.240.39 - - [08/Apr/2025:09:10:03 -0400] "GET /ad917/?path=%2Fhome%2F.%2F..%2Fhome4%2F..%2Flib64%2Flibmcpp.so.0.3.0 HTTP/1.1" 200 959 "-" "Mozilla/5.0 AppleWebKit/537.36 (KHTML, like Gecko; compatible; ClaudeBot/1.0; +claudebot@anthropic.com)"
3.15.240.39 - - [08/Apr/2025:09:10:06 -0400] "GET /ad917/?path=%2Fhome%2F.%2F..%2Fhome4%2F..%2Flib64%2Flibxcb-util.so.1 HTTP/1.1" 200 958 "-" "Mozilla/5.0 AppleWebKit/537.36 (KHTML, like Gecko; compatible; ClaudeBot/1.0; +claudebot@anthropic.com)"
157.55.39.195 - - [08/Apr/2025:09:10:07 -0400] "GET /item51090338.shtml HTTP/1.1" 200 27478 "-" "Mozilla/5.0 AppleWebKit/537.36 (KHTML, like Gecko; compatible; bingbot/2.0; +http://www.bing.com/bingbot.htm) Chrome/116.0.1938.76 Safari/537.36"
66.249.65.104 - - [08/Apr/2025:09:10:08 -0400] "GET /item/ona/ampeloglypter84779734.shtml HTTP/1.1" 200 29457 "-" "Mozilla/5.0 (Linux; Android 6.0.1; Nexus 5X Build/MMB29P) AppleWebKit/537.36 (KHTML, like Gecko) Chrome/135.0.7049.52 Mobile Safari/537.36 (compatible; GoogleOther)"
3.15.240.39 - - [08/Apr/2025:09:10:09 -0400] "GET /ad917/?path=%2Fhome%2F.%2F..%2Fhome3%2F..%2Flib64%2FlibXaw7.so.7.0.0 HTTP/1.1" 200 960 "-" "Mozilla/5.0 AppleWebKit/537.36 (KHTML, like Gecko; compatible; ClaudeBot/1.0; +claudebot@anthropic.com)"
66.249.65.104 - - [08/Apr/2025:09:10:09 -0400] "GET /shopdetail/demoniacal58023382.shtml HTTP/1.1" 200 28478 "-" "Mozilla/5.0 (Linux; Android 6.0.1; Nexus 5X Build/MMB29P) AppleWebKit/537.36 (KHTML, like Gecko) Chrome/135.0.7049.52 Mobile Safari/537.36 (compatible; Googlebot/2.1; +http://www.google.com/bot.html)"
66.249.65.104 - - [08/Apr/2025:09:10:10 -0400] "GET /shopbrand/xma/microseismograph/31974280.shtml HTTP/1.1" 200 27449 "-" "Mozilla/5.0 (Linux; Android 6.0.1; Nexus 5X Build/MMB29P) AppleWebKit/537.36 (KHTML, like Gecko) Chrome/135.0.7049.52 Mobile Safari/537.36 (compatible; GoogleOther)"
157.55.39.195 - - [08/Apr/2025:09:10:11 -0400] "GET /item/protomerite/5856794.shtml HTTP/1.1" 200 26729 "-" "Mozilla/5.0 AppleWebKit/537.36 (KHTML, like Gecko; compatible; bingbot/2.0; +http://www.bing.com/bingbot.htm) Chrome/116.0.1938.76 Safari/537.36"
3.15.240.39 - - [08/Apr/2025:09:10:12 -0400] "GET /ad917/?path=%2Fhome%2F.%2F..%2Flib%2Ffirewalld%2Fhelpers%2FQ.931.xml HTTP/1.1" 200 1062 "-" "Mozilla/5.0 AppleWebKit/537.36 (KHTML, like Gecko; compatible; ClaudeBot/1.0; +claudebot@anthropic.com)"
52.167.144.197 - - [08/Apr/2025:09:10:14 -0400] "GET /product/selfsuspended/83666080.shtml HTTP/1.1" 200 27664 "-" "Mozilla/5.0 AppleWebKit/537.36 (KHTML, like Gecko; compatible; bingbot/2.0; +http://www.bing.com/bingbot.htm) Chrome/116.0.1938.76 Safari/537.36"
3.15.240.39 - - [08/Apr/2025:09:10:15 -0400] "GET /ad917/?path=%2Fhome%2F.%2F..%2Fhome5%2F..%2Flib64%2Flibfontconfig.so HTTP/1.1" 200 960 "-" "Mozilla/5.0 AppleWebKit/537.36 (KHTML, like Gecko; compatible; ClaudeBot/1.0; +claudebot@anthropic.com)"
3.15.240.39 - - [08/Apr/2025:09:10:18 -0400] "GET /ad917/?path=%2Fhome%2F.%2F..%2Fhome2%2F..%2Flib64%2Flibxtables.so.12 HTTP/1.1" 200 957 "-" "Mozilla/5.0 AppleWebKit/537.36 (KHTML, like Gecko; compatible; ClaudeBot/1.0; +claudebot@anthropic.com)"
157.55.39.9 - - [08/Apr/2025:09:10:18 -0400] "GET /products/111990794.shtml HTTP/1.1" 200 25954 "-" "Mozilla/5.0 AppleWebKit/537.36 (KHTML, like Gecko; compatible; bingbot/2.0; +http://www.bing.com/bingbot.htm) Chrome/116.0.1938.76 Safari/537.36"
3.15.240.39 - - [08/Apr/2025:09:10:21 -0400] "GET /ad917/?path=%2Fhome%2F.%2F..%2Fhome1%2F..%2Flib64%2Fliblber-2.4.so.2 HTTP/1.1" 200 958 "-" "Mozilla/5.0 AppleWebKit/537.36 (KHTML, like Gecko; compatible; ClaudeBot/1.0; +claudebot@anthropic.com)"
66.249.65.104 - - [08/Apr/2025:09:10:22 -0400] "GET /shopbrand/kma/wring/443378.shtml HTTP/1.1" 200 25417 "-" "Mozilla/5.0 (Linux; Android 6.0.1; Nexus 5X Build/MMB29P) AppleWebKit/537.36 (KHTML, like Gecko) Chrome/135.0.7049.52 Mobile Safari/537.36 (compatible; GoogleOther)"
66.249.65.104 - - [08/Apr/2025:09:10:27 -0400] "GET /shopdetail/glyconian/121568474.shtml HTTP/1.1" 200 27903 "-" "Mozilla/5.0 (Linux; Android 6.0.1; Nexus 5X Build/MMB29P) AppleWebKit/537.36 (KHTML, like Gecko) Chrome/135.0.7049.52 Mobile Safari/537.36 (compatible; GoogleOther)"
207.46.13.157 - - [08/Apr/2025:09:10:28 -0400] "GET /shopdetail121780.shtml HTTP/1.1" 200 28236 "-" "Mozilla/5.0 AppleWebKit/537.36 (KHTML, like Gecko; compatible; bingbot/2.0; +http://www.bing.com/bingbot.htm) Chrome/116.0.1938.76 Safari/537.36"
66.249.65.104 - - [08/Apr/2025:09:10:29 -0400] "GET /entity/enfilading/46529138.shtml HTTP/1.1" 200 26979 "-" "Mozilla/5.0 (Linux; Android 6.0.1; Nexus 5X Build/MMB29P) AppleWebKit/537.36 (KHTML, like Gecko) Chrome/135.0.7049.52 Mobile Safari/537.36 (compatible; GoogleOther)"
52.167.144.158 - - [08/Apr/2025:09:10:32 -0400] "GET /items31126646.shtml HTTP/1.1" 200 27425 "-" "Mozilla/5.0 AppleWebKit/537.36 (KHTML, like Gecko; compatible; bingbot/2.0; +http://www.bing.com/bingbot.htm) Chrome/116.0.1938.76 Safari/537.36"
157.55.39.15 - - [08/Apr/2025:09:10:35 -0400] "GET /entity/w/graphics/52903514.shtml HTTP/1.1" 200 26933 "-" "Mozilla/5.0 AppleWebKit/537.36 (KHTML, like Gecko; compatible; bingbot/2.0; +http://www.bing.com/bingbot.htm) Chrome/116.0.1938.76 Safari/537.36"
66.249.65.104 - - [08/Apr/2025:09:10:36 -0400] "GET /goodscode/iei/possess/21786370.shtml HTTP/1.1" 200 27059 "-" "Mozilla/5.0 (Linux; Android 6.0.1; Nexus 5X Build/MMB29P) AppleWebKit/537.36 (KHTML, like Gecko) Chrome/135.0.7049.52 Mobile Safari/537.36 (compatible; GoogleOther)"
207.46.13.168 - - [08/Apr/2025:09:10:39 -0400] "GET /goods75983906.shtml HTTP/1.1" 200 28144 "-" "Mozilla/5.0 AppleWebKit/537.36 (KHTML, like Gecko; compatible; bingbot/2.0; +http://www.bing.com/bingbot.htm) Chrome/116.0.1938.76 Safari/537.36"
207.46.13.168 - - [08/Apr/2025:09:10:42 -0400] "GET /shopping/75879678.shtml HTTP/1.1" 200 28036 "-" "Mozilla/5.0 AppleWebKit/537.36 (KHTML, like Gecko; compatible; bingbot/2.0; +http://www.bing.com/bingbot.htm) Chrome/116.0.1938.76 Safari/537.36"
66.249.65.104 - - [08/Apr/2025:09:10:43 -0400] "GET /products/selecting/74630030.shtml HTTP/1.1" 200 25476 "-" "Mozilla/5.0 (Linux; Android 6.0.1; Nexus 5X Build/MMB29P) AppleWebKit/537.36 (KHTML, like Gecko) Chrome/135.0.7049.52 Mobile Safari/537.36 (compatible; GoogleOther)"
52.167.144.197 - - [08/Apr/2025:09:10:45 -0400] "GET /goodscode/delignate51305332.shtml HTTP/1.1" 200 27934 "-" "Mozilla/5.0 AppleWebKit/537.36 (KHTML, like Gecko; compatible; bingbot/2.0; +http://www.bing.com/bingbot.htm) Chrome/116.0.1938.76 Safari/537.36"
18.117.249.37 - - [08/Apr/2025:09:10:47 -0400] "GET /ad917/?path=%2Fhome%2F.%2F..%2F..%2Flib64%2Fpython2.7%2Ffpformat.pyo HTTP/1.1" 200 960 "-" "Mozilla/5.0 AppleWebKit/537.36 (KHTML, like Gecko; compatible; ClaudeBot/1.0; +claudebot@anthropic.com)"
66.249.65.104 - - [08/Apr/2025:09:10:47 -0400] "GET /info/hwo/culminate/52449684.shtml HTTP/1.1" 200 26172 "-" "Mozilla/5.0 (Linux; Android 6.0.1; Nexus 5X Build/MMB29P) AppleWebKit/537.36 (KHTML, like Gecko) Chrome/135.0.7049.52 Mobile Safari/537.36 (compatible; GoogleOther)"
18.117.249.37 - - [08/Apr/2025:09:10:50 -0400] "GET /ad917/?path=%2Fhome%2F.%2F..%2F..%2Flib64%2Fpython2.7%2Foptparse.pyc HTTP/1.1" 200 958 "-" "Mozilla/5.0 AppleWebKit/537.36 (KHTML, like Gecko; compatible; ClaudeBot/1.0; +claudebot@anthropic.com)"
52.167.144.197 - - [08/Apr/2025:09:10:51 -0400] "GET /special/malleoli52415122.shtml HTTP/1.1" 200 27657 "-" "Mozilla/5.0 AppleWebKit/537.36 (KHTML, like Gecko; compatible; bingbot/2.0; +http://www.bing.com/bingbot.htm) Chrome/116.0.1938.76 Safari/537.36"
18.117.249.37 - - [08/Apr/2025:09:10:53 -0400] "GET /ad917/?path=%2Fhome%2F.%2F..%2F..%2Flib64%2Fpython2.7%2FStringIO.pyo HTTP/1.1" 200 962 "-" "Mozilla/5.0 AppleWebKit/537.36 (KHTML, like Gecko; compatible; ClaudeBot/1.0; +claudebot@anthropic.com)"
66.249.65.105 - - [08/Apr/2025:09:10:52 -0400] "GET /entity/demonstration/83415020.shtml HTTP/1.1" 200 26133 "-" "Mozilla/5.0 (Linux; Android 6.0.1; Nexus 5X Build/MMB29P) AppleWebKit/537.36 (KHTML, like Gecko) Chrome/135.0.7049.52 Mobile Safari/537.36 (compatible; GoogleOther)"
66.249.65.105 - - [08/Apr/2025:09:10:54 -0400] "GET /goods/om/spiniform/118399202.shtml HTTP/1.1" 200 27088 "-" "Mozilla/5.0 (Linux; Android 6.0.1; Nexus 5X Build/MMB29P) AppleWebKit/537.36 (KHTML, like Gecko) Chrome/135.0.7049.52 Mobile Safari/537.36 (compatible; GoogleOther)"
52.167.144.158 - - [08/Apr/2025:09:10:54 -0400] "GET /shopbrand/61611170.shtml HTTP/1.1" 200 25726 "-" "Mozilla/5.0 AppleWebKit/537.36 (KHTML, like Gecko; compatible; bingbot/2.0; +http://www.bing.com/bingbot.htm) Chrome/116.0.1938.76 Safari/537.36"
18.117.249.37 - - [08/Apr/2025:09:10:56 -0400] "GET /ad917/?path=%2Fhome%2F.%2F..%2F..%2Flib64%2Fpython2.7%2Ftempfile.pyo HTTP/1.1" 200 959 "-" "Mozilla/5.0 AppleWebKit/537.36 (KHTML, like Gecko; compatible; ClaudeBot/1.0; +claudebot@anthropic.com)"
18.117.249.37 - - [08/Apr/2025:09:10:59 -0400] "GET /ad917/?path=%2Fhome%2F.%2F..%2F..%2Flib64%2Fpython2.7%2F_strptime.py HTTP/1.1" 200 7464 "-" "Mozilla/5.0 AppleWebKit/537.36 (KHTML, like Gecko; compatible; ClaudeBot/1.0; +claudebot@anthropic.com)"
66.249.65.104 - - [08/Apr/2025:09:11:00 -0400] "GET /products/advisably/78061132.shtml HTTP/1.1" 200 29393 "-" "Mozilla/5.0 (Linux; Android 6.0.1; Nexus 5X Build/MMB29P) AppleWebKit/537.36 (KHTML, like Gecko) Chrome/135.0.7049.52 Mobile Safari/537.36 (compatible; GoogleOther)"
18.117.249.37 - - [08/Apr/2025:09:11:02 -0400] "GET /ad917/?path=%2Fhome%2F.%2F..%2F..%2Flib64%2Fpython2.7%2Fwarnings.pyo HTTP/1.1" 200 960 "-" "Mozilla/5.0 AppleWebKit/537.36 (KHTML, like Gecko; compatible; ClaudeBot/1.0; +claudebot@anthropic.com)"
66.249.65.104 - - [08/Apr/2025:09:11:03 -0400] "GET /products/t/evonymus/471004.shtml HTTP/1.1" 200 25747 "-" "Mozilla/5.0 (Linux; Android 6.0.1; Nexus 5X Build/MMB29P) AppleWebKit/537.36 (KHTML, like Gecko) Chrome/135.0.7049.52 Mobile Safari/537.36 (compatible; GoogleOther)"
18.117.249.37 - - [08/Apr/2025:09:11:05 -0400] "GET /ad917/?path=%2Fhome%2F.%2F..%2F..%2Flib64%2Fpython2.7%2Fxmlrpclib.py HTTP/1.1" 200 16244 "-" "Mozilla/5.0 AppleWebKit/537.36 (KHTML, like Gecko; compatible; ClaudeBot/1.0; +claudebot@anthropic.com)"
18.117.249.37 - - [08/Apr/2025:09:11:08 -0400] "GET /ad917/?path=%2Fhome%2F.%2F..%2F..%2Flib64%2Fpython3.6%2Fposixpath.py HTTP/1.1" 200 6225 "-" "Mozilla/5.0 AppleWebKit/537.36 (KHTML, like Gecko; compatible; ClaudeBot/1.0; +claudebot@anthropic.com)"
18.117.249.37 - - [08/Apr/2025:09:11:11 -0400] "GET /ad917/?path=%2Fhome%2F.%2F..%2F..%2Flib64%2Fpython3.6%2Ftelnetlib.py HTTP/1.1" 200 7856 "-" "Mozilla/5.0 AppleWebKit/537.36 (KHTML, like Gecko; compatible; ClaudeBot/1.0; +claudebot@anthropic.com)"
52.167.144.197 - - [08/Apr/2025:09:11:12 -0400] "GET /products56214748.shtml HTTP/1.1" 200 27097 "-" "Mozilla/5.0 AppleWebKit/537.36 (KHTML, like Gecko; compatible; bingbot/2.0; +http://www.bing.com/bingbot.htm) Chrome/116.0.1938.76 Safari/537.36"
18.117.249.37 - - [08/Apr/2025:09:11:14 -0400] "GET /ad917/?path=%2Fhome%2F.%2F..%2F..%2Flib64%2Fpython2.7%2Ffunctools.py HTTP/1.1" 200 2321 "-" "Mozilla/5.0 AppleWebKit/537.36 (KHTML, like Gecko; compatible; ClaudeBot/1.0; +claudebot@anthropic.com)"
66.249.65.104 - - [08/Apr/2025:09:11:16 -0400] "GET /goodscode/eew/forelet/1373446.shtml HTTP/1.1" 200 26949 "-" "Mozilla/5.0 (Linux; Android 6.0.1; Nexus 5X Build/MMB29P) AppleWebKit/537.36 (KHTML, like Gecko) Chrome/135.0.7049.52 Mobile Safari/537.36 (compatible; GoogleOther)"
18.117.249.37 - - [08/Apr/2025:09:11:17 -0400] "GET /ad917/?path=%2Fhome%2F.%2F..%2F..%2Flib64%2Fpython2.7%2Fstringold.py HTTP/1.1" 200 4792 "-" "Mozilla/5.0 AppleWebKit/537.36 (KHTML, like Gecko; compatible; ClaudeBot/1.0; +claudebot@anthropic.com)"
66.249.65.104 - - [08/Apr/2025:09:11:17 -0400] "GET /entity/a/milkwort/75551746.shtml HTTP/1.1" 200 26278 "-" "Mozilla/5.0 (Linux; Android 6.0.1; Nexus 5X Build/MMB29P) AppleWebKit/537.36 (KHTML, like Gecko) Chrome/135.0.7049.52 Mobile Safari/537.36 (compatible; GoogleOther)"
66.249.65.104 - - [08/Apr/2025:09:11:19 -0400] "GET /detail/prehensory/55183338.shtml HTTP/1.1" 200 26598 "-" "Mozilla/5.0 (Linux; Android 6.0.1; Nexus 5X Build/MMB29P) AppleWebKit/537.36 (KHTML, like Gecko) Chrome/135.0.7049.52 Mobile Safari/537.36 (compatible; GoogleOther)"
18.117.249.37 - - [08/Apr/2025:09:11:20 -0400] "GET /ad917/?path=%2Fhome%2F.%2F..%2Fusr%2Flib%2Fsysusers.d%2Fsystemd.conf HTTP/1.1" 200 1152 "-" "Mozilla/5.0 AppleWebKit/537.36 (KHTML, like Gecko; compatible; ClaudeBot/1.0; +claudebot@anthropic.com)"
18.117.249.37 - - [08/Apr/2025:09:11:23 -0400] "GET /ad917/?path=%2Fhome%2F.%2F..%2F..%2Flib64%2Fpython2.7%2Fsre_parse.py HTTP/1.1" 200 7904 "-" "Mozilla/5.0 AppleWebKit/537.36 (KHTML, like Gecko; compatible; ClaudeBot/1.0; +claudebot@anthropic.com)"
66.249.65.104 - - [08/Apr/2025:09:11:25 -0400] "GET /goodscode/des/cognize/122637832.shtml HTTP/1.1" 200 26959 "-" "Mozilla/5.0 (Linux; Android 6.0.1; Nexus 5X Build/MMB29P) AppleWebKit/537.36 (KHTML, like Gecko) Chrome/135.0.7049.52 Mobile Safari/537.36 (compatible; GoogleOther)"
18.117.249.37 - - [08/Apr/2025:09:11:26 -0400] "GET /ad917/?path=%2Fhome%2F.%2F..%2F..%2Flib64%2Fpython3.6%2F_strptime.py HTTP/1.1" 200 8466 "-" "Mozilla/5.0 AppleWebKit/537.36 (KHTML, like Gecko; compatible; ClaudeBot/1.0; +claudebot@anthropic.com)"
207.46.13.157 - - [08/Apr/2025:09:11:25 -0400] "GET /products/sprint3388014.shtml HTTP/1.1" 200 27410 "-" "Mozilla/5.0 AppleWebKit/537.36 (KHTML, like Gecko; compatible; bingbot/2.0; +http://www.bing.com/bingbot.htm) Chrome/116.0.1938.76 Safari/537.36"
66.249.65.104 - - [08/Apr/2025:09:11:28 -0400] "GET /products/luq/matrass/3212680.shtml HTTP/1.1" 200 26386 "-" "Mozilla/5.0 (Linux; Android 6.0.1; Nexus 5X Build/MMB29P) AppleWebKit/537.36 (KHTML, like Gecko) Chrome/135.0.7049.52 Mobile Safari/537.36 (compatible; GoogleOther)"
66.249.65.104 - - [08/Apr/2025:09:11:28 -0400] "GET /product/40467110.shtml HTTP/1.1" 200 27013 "-" "Mozilla/5.0 (Linux; Android 6.0.1; Nexus 5X Build/MMB29P) AppleWebKit/537.36 (KHTML, like Gecko) Chrome/135.0.7049.52 Mobile Safari/537.36 (compatible; Googlebot/2.1; +http://www.google.com/bot.html)"
18.117.249.37 - - [08/Apr/2025:09:11:29 -0400] "GET /ad917/?path=%2Fhome%2F.%2F..%2F..%2Flib64%2Fpython3.6%2Ffractions.py HTTP/1.1" 200 7713 "-" "Mozilla/5.0 AppleWebKit/537.36 (KHTML, like Gecko; compatible; ClaudeBot/1.0; +claudebot@anthropic.com)"
157.55.39.9 - - [08/Apr/2025:09:11:30 -0400] "GET /goods8619892.shtml HTTP/1.1" 200 27827 "-" "Mozilla/5.0 AppleWebKit/537.36 (KHTML, like Gecko; compatible; bingbot/2.0; +http://www.bing.com/bingbot.htm) Chrome/116.0.1938.76 Safari/537.36"
18.117.249.37 - - [08/Apr/2025:09:11:32 -0400] "GET /ad917/?path=%2Fhome%2F.%2F..%2F..%2Flib64%2Fpython3.8%2Ftraceback.py HTTP/1.1" 200 7616 "-" "Mozilla/5.0 AppleWebKit/537.36 (KHTML, like Gecko; compatible; ClaudeBot/1.0; +claudebot@anthropic.com)"
66.249.65.104 - - [08/Apr/2025:09:11:33 -0400] "GET /special/j/repelled/47388364.shtml HTTP/1.1" 200 26738 "-" "Mozilla/5.0 (Linux; Android 6.0.1; Nexus 5X Build/MMB29P) AppleWebKit/537.36 (KHTML, like Gecko) Chrome/135.0.7049.52 Mobile Safari/537.36 (compatible; GoogleOther)"
18.117.249.37 - - [08/Apr/2025:09:11:35 -0400] "GET /ad917/?path=%2Fhome%2F.%2F..%2F..%2Flib64%2Fpython2.7%2Furlparse.pyo HTTP/1.1" 200 958 "-" "Mozilla/5.0 AppleWebKit/537.36 (KHTML, like Gecko; compatible; ClaudeBot/1.0; +claudebot@anthropic.com)"
52.167.144.158 - - [08/Apr/2025:09:11:35 -0400] "GET /goods121911636.shtml HTTP/1.1" 200 29351 "-" "Mozilla/5.0 AppleWebKit/537.36 (KHTML, like Gecko; compatible; bingbot/2.0; +http://www.bing.com/bingbot.htm) Chrome/116.0.1938.76 Safari/537.36"
18.117.249.37 - - [08/Apr/2025:09:11:38 -0400] "GET /ad917/?path=%2Fhome%2F.%2F..%2F..%2Flib64%2Fpython2.7%2Fsunaudio.pyo HTTP/1.1" 200 960 "-" "Mozilla/5.0 AppleWebKit/537.36 (KHTML, like Gecko; compatible; ClaudeBot/1.0; +claudebot@anthropic.com)"
66.249.65.104 - - [08/Apr/2025:09:11:38 -0400] "GET /goodscode/u/egotism/101733350.shtml HTTP/1.1" 200 26462 "-" "Mozilla/5.0 (Linux; Android 6.0.1; Nexus 5X Build/MMB29P) AppleWebKit/537.36 (KHTML, like Gecko) Chrome/135.0.7049.52 Mobile Safari/537.36 (compatible; GoogleOther)"
18.117.249.37 - - [08/Apr/2025:09:11:41 -0400] "GET /ad917/?path=%2Fhome%2F.%2F..%2F..%2Flib64%2Fpython2.7%2Fplatform.pyc HTTP/1.1" 200 956 "-" "Mozilla/5.0 AppleWebKit/537.36 (KHTML, like Gecko; compatible; ClaudeBot/1.0; +claudebot@anthropic.com)"
18.117.249.37 - - [08/Apr/2025:09:11:44 -0400] "GET /ad917/?path=%2Fhome%2F.%2F..%2F..%2Flib64%2Fpkgconfig%2Flibpcre16.pc HTTP/1.1" 200 1126 "-" "Mozilla/5.0 AppleWebKit/537.36 (KHTML, like Gecko; compatible; ClaudeBot/1.0; +claudebot@anthropic.com)"
18.117.249.37 - - [08/Apr/2025:09:11:47 -0400] "GET /ad917/?path=%2Fhome%2F.%2F..%2F..%2Flib64%2Fpython2.7%2FcProfile.pyc HTTP/1.1" 200 961 "-" "Mozilla/5.0 AppleWebKit/537.36 (KHTML, like Gecko; compatible; ClaudeBot/1.0; +claudebot@anthropic.com)"
66.249.65.104 - - [08/Apr/2025:09:11:47 -0400] "GET /entity/aw/tenebrosity/63108470.shtml HTTP/1.1" 200 26905 "-" "Mozilla/5.0 (Linux; Android 6.0.1; Nexus 5X Build/MMB29P) AppleWebKit/537.36 (KHTML, like Gecko) Chrome/135.0.7049.52 Mobile Safari/537.36 (compatible; GoogleOther)"
18.117.249.37 - - [08/Apr/2025:09:11:50 -0400] "GET /ad917/?path=%2Fhome%2F.%2F..%2F..%2Flib64%2Fpython2.7%2Fcommands.pyc HTTP/1.1" 200 960 "-" "Mozilla/5.0 AppleWebKit/537.36 (KHTML, like Gecko; compatible; ClaudeBot/1.0; +claudebot@anthropic.com)"
66.249.65.105 - - [08/Apr/2025:09:11:52 -0400] "GET /goodscode/pc/comaaurea/52408540.shtml HTTP/1.1" 200 27068 "-" "Mozilla/5.0 (Linux; Android 6.0.1; Nexus 5X Build/MMB29P) AppleWebKit/537.36 (KHTML, like Gecko) Chrome/135.0.7049.52 Mobile Safari/537.36 (compatible; GoogleOther)"
18.117.249.37 - - [08/Apr/2025:09:11:53 -0400] "GET /ad917/?path=%2Fhome%2F.%2F..%2F..%2Flib64%2Fpython2.7%2Fdircache.pyo HTTP/1.1" 200 960 "-" "Mozilla/5.0 AppleWebKit/537.36 (KHTML, like Gecko; compatible; ClaudeBot/1.0; +claudebot@anthropic.com)"
66.249.65.104 - - [08/Apr/2025:09:11:53 -0400] "GET /products/sy/tendencies/77614262.shtml HTTP/1.1" 200 26365 "-" "Mozilla/5.0 (Linux; Android 6.0.1; Nexus 5X Build/MMB29P) AppleWebKit/537.36 (KHTML, like Gecko) Chrome/135.0.7049.52 Mobile Safari/537.36 (compatible; GoogleOther)"
66.249.65.105 - - [08/Apr/2025:09:11:54 -0400] "GET /item/nappe/30369272.shtml HTTP/1.1" 200 25786 "-" "Mozilla/5.0 (Linux; Android 6.0.1; Nexus 5X Build/MMB29P) AppleWebKit/537.36 (KHTML, like Gecko) Chrome/135.0.7049.52 Mobile Safari/537.36 (compatible; GoogleOther)"
18.117.249.37 - - [08/Apr/2025:09:11:56 -0400] "GET /ad917/?path=%2Fhome%2F.%2F..%2F..%2Flib64%2Fpython3.8%2Fmimetypes.py HTTP/1.1" 200 6507 "-" "Mozilla/5.0 AppleWebKit/537.36 (KHTML, like Gecko; compatible; ClaudeBot/1.0; +claudebot@anthropic.com)"
66.249.65.105 - - [08/Apr/2025:09:11:56 -0400] "GET /info/o/bickered/69816074.shtml HTTP/1.1" 200 26537 "-" "Mozilla/5.0 (Linux; Android 6.0.1; Nexus 5X Build/MMB29P) AppleWebKit/537.36 (KHTML, like Gecko) Chrome/135.0.7049.52 Mobile Safari/537.36 (compatible; GoogleOther)"
18.117.249.37 - - [08/Apr/2025:09:11:59 -0400] "GET /ad917/?path=%2Fhome%2F.%2F..%2F..%2Flib64%2Fpython2.7%2FcProfile.pyo HTTP/1.1" 200 961 "-" "Mozilla/5.0 AppleWebKit/537.36 (KHTML, like Gecko; compatible; ClaudeBot/1.0; +claudebot@anthropic.com)"
18.117.249.37 - - [08/Apr/2025:09:12:02 -0400] "GET /ad917/?path=%2Fhome%2F.%2F..%2F..%2Flib64%2Fpython2.7%2Ftelnetlib.py HTTP/1.1" 200 8222 "-" "Mozilla/5.0 AppleWebKit/537.36 (KHTML, like Gecko; compatible; ClaudeBot/1.0; +claudebot@anthropic.com)"
66.249.65.105 - - [08/Apr/2025:09:12:03 -0400] "GET /products/q/archivolt/109872950.shtml HTTP/1.1" 200 26951 "-" "Mozilla/5.0 (Linux; Android 6.0.1; Nexus 5X Build/MMB29P) AppleWebKit/537.36 (KHTML, like Gecko) Chrome/135.0.7049.52 Mobile Safari/537.36 (compatible; GoogleOther)"
18.117.249.37 - - [08/Apr/2025:09:12:05 -0400] "GET /ad917/?path=%2Fhome%2F.%2F..%2F..%2Flib64%2Fpython2.7%2Fcolorsys.pyo HTTP/1.1" 200 959 "-" "Mozilla/5.0 AppleWebKit/537.36 (KHTML, like Gecko; compatible; ClaudeBot/1.0; +claudebot@anthropic.com)"
207.46.13.130 - - [08/Apr/2025:09:12:05 -0400] "GET /shopbrand/oxacid/51625334.shtml HTTP/1.1" 200 26856 "-" "Mozilla/5.0 AppleWebKit/537.36 (KHTML, like Gecko; compatible; bingbot/2.0; +http://www.bing.com/bingbot.htm) Chrome/116.0.1938.76 Safari/537.36"
66.249.65.104 - - [08/Apr/2025:09:12:05 -0400] "GET /shopping/h/sinister/44835232.shtml HTTP/1.1" 200 27696 "-" "Mozilla/5.0 (Linux; Android 6.0.1; Nexus 5X Build/MMB29P) AppleWebKit/537.36 (KHTML, like Gecko) Chrome/135.0.7049.52 Mobile Safari/537.36 (compatible; GoogleOther)"
66.249.65.104 - - [08/Apr/2025:09:12:07 -0400] "GET /special/q/overhipped/25803098.shtml HTTP/1.1" 200 27064 "-" "Mozilla/5.0 (Linux; Android 6.0.1; Nexus 5X Build/MMB29P) AppleWebKit/537.36 (KHTML, like Gecko) Chrome/135.0.7049.52 Mobile Safari/537.36 (compatible; GoogleOther)"
18.117.249.37 - - [08/Apr/2025:09:12:08 -0400] "GET /ad917/?path=%2Fhome%2F.%2F..%2F..%2Flib64%2Fpython2.7%2FUserList.pyc HTTP/1.1" 200 962 "-" "Mozilla/5.0 AppleWebKit/537.36 (KHTML, like Gecko; compatible; ClaudeBot/1.0; +claudebot@anthropic.com)"
18.117.249.37 - - [08/Apr/2025:09:12:11 -0400] "GET /ad917/?path=%2Fhome%2F.%2F..%2F..%2Flib64%2Fpython2.7%2FUserDict.pyo HTTP/1.1" 200 962 "-" "Mozilla/5.0 AppleWebKit/537.36 (KHTML, like Gecko; compatible; ClaudeBot/1.0; +claudebot@anthropic.com)"
66.249.65.104 - - [08/Apr/2025:09:12:12 -0400] "GET /sitemap-item-2313.xml HTTP/1.1" 200 10283 "-" "Mozilla/5.0 (compatible; Googlebot/2.1; +http://www.google.com/bot.html)"
18.117.249.37 - - [08/Apr/2025:09:12:14 -0400] "GET /ad917/?path=%2Fhome%2F.%2F..%2F..%2Flib64%2Fpython3.6%2Fmimetypes.py HTTP/1.1" 200 6424 "-" "Mozilla/5.0 AppleWebKit/537.36 (KHTML, like Gecko; compatible; ClaudeBot/1.0; +claudebot@anthropic.com)"
157.55.39.15 - - [08/Apr/2025:09:12:14 -0400] "GET /entity/substituted51905800.shtml HTTP/1.1" 200 26702 "-" "Mozilla/5.0 AppleWebKit/537.36 (KHTML, like Gecko; compatible; bingbot/2.0; +http://www.bing.com/bingbot.htm) Chrome/116.0.1938.76 Safari/537.36"
18.117.249.37 - - [08/Apr/2025:09:12:17 -0400] "GET /ad917/?path=%2Fhome%2F.%2F..%2F..%2Flib64%2Fpython2.7%2Ftempfile.pyc HTTP/1.1" 200 960 "-" "Mozilla/5.0 AppleWebKit/537.36 (KHTML, like Gecko; compatible; ClaudeBot/1.0; +claudebot@anthropic.com)"
198.54.116.86 - - [08/Apr/2025:09:12:17 -0400] "POST /wp-cron.php?doing_wp_cron=1744117937.6656570434570312500000 HTTP/1.1" 200 0 "-" "WordPress/6.7.2; https://servethepeopleinc.org"
51.222.253.10 - - [08/Apr/2025:09:12:17 -0400] "GET /entity/79698676.shtml HTTP/1.1" 404 16704 "-" "Mozilla/5.0 (compatible; AhrefsBot/7.0; +http://ahrefs.com/robot/)"
198.54.116.86 - - [08/Apr/2025:09:12:17 -0400] "POST /wp-admin/admin-ajax.php?action=async_litespeed&nonce=nAcrYwFNjQFVEZKthmE6TrIS9QkVJVBE&litespeed_type=imgoptm HTTP/1.1" 200 21 "-" "WordPress/6.7.2; https://servethepeopleinc.org"
66.249.65.104 - - [08/Apr/2025:09:12:18 -0400] "GET /products/rescriptively/75189470.shtml HTTP/1.1" 200 28434 "-" "Mozilla/5.0 (Linux; Android 6.0.1; Nexus 5X Build/MMB29P) AppleWebKit/537.36 (KHTML, like Gecko) Chrome/135.0.7049.52 Mobile Safari/537.36 (compatible; GoogleOther)"
66.249.65.104 - - [08/Apr/2025:09:12:19 -0400] "GET /product/de/vegetality/32636348.shtml HTTP/1.1" 200 26737 "-" "Mozilla/5.0 (Linux; Android 6.0.1; Nexus 5X Build/MMB29P) AppleWebKit/537.36 (KHTML, like Gecko) Chrome/135.0.7049.52 Mobile Safari/537.36 (compatible; GoogleOther)"
18.117.249.37 - - [08/Apr/2025:09:12:20 -0400] "GET /ad917/?path=%2Fhome%2F.%2F..%2F..%2Flib64%2Fpkgconfig%2Flibpcre32.pc HTTP/1.1" 200 1126 "-" "Mozilla/5.0 AppleWebKit/537.36 (KHTML, like Gecko; compatible; ClaudeBot/1.0; +claudebot@anthropic.com)"
52.167.144.197 - - [08/Apr/2025:09:12:21 -0400] "GET /shopdetail/jewbush51529826.shtml HTTP/1.1" 200 25230 "-" "Mozilla/5.0 AppleWebKit/537.36 (KHTML, like Gecko; compatible; bingbot/2.0; +http://www.bing.com/bingbot.htm) Chrome/116.0.1938.76 Safari/537.36"
18.117.249.37 - - [08/Apr/2025:09:12:23 -0400] "GET /ad917/?path=%2Fhome%2F.%2F..%2F..%2Flib64%2Fpython2.7%2Fsymtable.pyo HTTP/1.1" 200 958 "-" "Mozilla/5.0 AppleWebKit/537.36 (KHTML, like Gecko; compatible; ClaudeBot/1.0; +claudebot@anthropic.com)"
66.249.65.104 - - [08/Apr/2025:09:12:24 -0400] "GET /detail/aceraceae/30707926.shtml HTTP/1.1" 200 25856 "-" "Mozilla/5.0 (Linux; Android 6.0.1; Nexus 5X Build/MMB29P) AppleWebKit/537.36 (KHTML, like Gecko) Chrome/135.0.7049.52 Mobile Safari/537.36 (compatible; GoogleOther)"
18.117.249.37 - - [08/Apr/2025:09:12:26 -0400] "GET /ad917/?path=%2Fhome%2F.%2F..%2F..%2Flib64%2Fpython3.8%2Fipaddress.py HTTP/1.1" 200 15830 "-" "Mozilla/5.0 AppleWebKit/537.36 (KHTML, like Gecko; compatible; ClaudeBot/1.0; +claudebot@anthropic.com)"
157.55.39.9 - - [08/Apr/2025:09:12:27 -0400] "GET /shopping/63809554.shtml HTTP/1.1" 200 29711 "-" "Mozilla/5.0 AppleWebKit/537.36 (KHTML, like Gecko; compatible; bingbot/2.0; +http://www.bing.com/bingbot.htm) Chrome/116.0.1938.76 Safari/537.36"
18.117.249.37 - - [08/Apr/2025:09:12:29 -0400] "GET /ad917/?path=%2Fhome%2F.%2F..%2F..%2Flib64%2Fpkgconfig%2Fxcb-xtest.pc HTTP/1.1" 200 1074 "-" "Mozilla/5.0 AppleWebKit/537.36 (KHTML, like Gecko; compatible; ClaudeBot/1.0; +claudebot@anthropic.com)"
66.249.65.104 - - [08/Apr/2025:09:12:29 -0400] "GET /item/p/seneschalship/82819696.shtml HTTP/1.1" 200 28277 "-" "Mozilla/5.0 (Linux; Android 6.0.1; Nexus 5X Build/MMB29P) AppleWebKit/537.36 (KHTML, like Gecko) Chrome/135.0.7049.52 Mobile Safari/537.36 (compatible; GoogleOther)"
66.249.65.104 - - [08/Apr/2025:09:12:30 -0400] "GET /products/ouq/izzard/52541726.shtml HTTP/1.1" 200 25261 "-" "Mozilla/5.0 (Linux; Android 6.0.1; Nexus 5X Build/MMB29P) AppleWebKit/537.36 (KHTML, like Gecko) Chrome/135.0.7049.52 Mobile Safari/537.36 (compatible; GoogleOther)"
18.117.249.37 - - [08/Apr/2025:09:12:32 -0400] "GET /ad917/?path=%2Fhome%2F.%2F..%2F..%2Flib64%2Fpython2.7%2Fcalendar.pyo HTTP/1.1" 200 956 "-" "Mozilla/5.0 AppleWebKit/537.36 (KHTML, like Gecko; compatible; ClaudeBot/1.0; +claudebot@anthropic.com)"
207.46.13.157 - - [08/Apr/2025:09:12:32 -0400] "GET /special/fewer/4631172.shtml HTTP/1.1" 200 25669 "-" "Mozilla/5.0 AppleWebKit/537.36 (KHTML, like Gecko; compatible; bingbot/2.0; +http://www.bing.com/bingbot.htm) Chrome/116.0.1938.76 Safari/537.36"
18.117.249.37 - - [08/Apr/2025:09:12:35 -0400] "GET /ad917/?path=%2Fhome%2F.%2F..%2F..%2Flib64%2Fpython3.6%2Fformatter.py HTTP/1.1" 200 4823 "-" "Mozilla/5.0 AppleWebKit/537.36 (KHTML, like Gecko; compatible; ClaudeBot/1.0; +claudebot@anthropic.com)"
157.55.39.15 - - [08/Apr/2025:09:12:35 -0400] "GET /products/aua/manubria/75986378.shtml HTTP/1.1" 200 26082 "-" "Mozilla/5.0 AppleWebKit/537.36 (KHTML, like Gecko; compatible; bingbot/2.0; +http://www.bing.com/bingbot.htm) Chrome/116.0.1938.76 Safari/537.36"
66.249.65.104 - - [08/Apr/2025:09:12:35 -0400] "GET /info/flambeau/99112066.shtml HTTP/1.1" 200 25603 "-" "Mozilla/5.0 (Linux; Android 6.0.1; Nexus 5X Build/MMB29P) AppleWebKit/537.36 (KHTML, like Gecko) Chrome/135.0.7049.52 Mobile Safari/537.36 (compatible; Googlebot/2.1; +http://www.google.com/bot.html)"
18.117.249.37 - - [08/Apr/2025:09:12:38 -0400] "GET /ad917/?path=%2Fhome%2F.%2F..%2F..%2Flib64%2Fpython3.8%2Fformatter.py HTTP/1.1" 200 4823 "-" "Mozilla/5.0 AppleWebKit/537.36 (KHTML, like Gecko; compatible; ClaudeBot/1.0; +claudebot@anthropic.com)"
66.249.65.104 - - [08/Apr/2025:09:12:39 -0400] "GET /detail/sy/patripassian/4332326.shtml HTTP/1.1" 200 27843 "-" "Mozilla/5.0 (Linux; Android 6.0.1; Nexus 5X Build/MMB29P) AppleWebKit/537.36 (KHTML, like Gecko) Chrome/135.0.7049.52 Mobile Safari/537.36 (compatible; GoogleOther)"
18.117.249.37 - - [08/Apr/2025:09:12:41 -0400] "GET /ad917/?path=%2Fhome%2F.%2F..%2F..%2Flib64%2Fpython3.8%2Fselectors.py HTTP/1.1" 200 5291 "-" "Mozilla/5.0 AppleWebKit/537.36 (KHTML, like Gecko; compatible; ClaudeBot/1.0; +claudebot@anthropic.com)"
18.117.249.37 - - [08/Apr/2025:09:12:44 -0400] "GET /ad917/?path=%2Fhome%2F.%2F..%2F..%2Flib64%2Fpython2.7%2Fcommands.pyo HTTP/1.1" 200 960 "-" "Mozilla/5.0 AppleWebKit/537.36 (KHTML, like Gecko; compatible; ClaudeBot/1.0; +claudebot@anthropic.com)"
66.249.65.104 - - [08/Apr/2025:09:12:44 -0400] "GET /items/m/tinman/53510230.shtml HTTP/1.1" 200 28715 "-" "Mozilla/5.0 (Linux; Android 6.0.1; Nexus 5X Build/MMB29P) AppleWebKit/537.36 (KHTML, like Gecko) Chrome/135.0.7049.52 Mobile Safari/537.36 (compatible; GoogleOther)"
18.117.249.37 - - [08/Apr/2025:09:12:47 -0400] "GET /ad917/?path=%2Fhome%2F.%2F..%2Fusr%2Flib%2Fsysusers.d%2Fmariadb.conf HTTP/1.1" 200 988 "-" "Mozilla/5.0 AppleWebKit/537.36 (KHTML, like Gecko; compatible; ClaudeBot/1.0; +claudebot@anthropic.com)"
18.117.249.37 - - [08/Apr/2025:09:12:50 -0400] "GET /ad917/?path=%2Fhome%2F.%2F..%2F..%2Flib64%2Fpython3.8%2Ftelnetlib.py HTTP/1.1" 200 7895 "-" "Mozilla/5.0 AppleWebKit/537.36 (KHTML, like Gecko; compatible; ClaudeBot/1.0; +claudebot@anthropic.com)"
18.117.249.37 - - [08/Apr/2025:09:12:53 -0400] "GET /ad917/?path=%2Fhome%2F.%2F..%2F..%2Flib64%2Fpython2.7%2Fposixpath.py HTTP/1.1" 200 6018 "-" "Mozilla/5.0 AppleWebKit/537.36 (KHTML, like Gecko; compatible; ClaudeBot/1.0; +claudebot@anthropic.com)"
66.249.65.105 - - [08/Apr/2025:09:12:54 -0400] "GET /items/dos/associating/49994716.shtml HTTP/1.1" 200 28582 "-" "Mozilla/5.0 (Linux; Android 6.0.1; Nexus 5X Build/MMB29P) AppleWebKit/537.36 (KHTML, like Gecko) Chrome/135.0.7049.52 Mobile Safari/537.36 (compatible; GoogleOther)"
157.55.39.15 - - [08/Apr/2025:09:12:55 -0400] "GET /product52320618.shtml HTTP/1.1" 200 27471 "-" "Mozilla/5.0 AppleWebKit/537.36 (KHTML, like Gecko; compatible; bingbot/2.0; +http://www.bing.com/bingbot.htm) Chrome/116.0.1938.76 Safari/537.36"
18.117.249.37 - - [08/Apr/2025:09:12:56 -0400] "GET /ad917/?path=%2Fhome%2F.%2F..%2F..%2Flib64%2Fpkgconfig%2Flibtiff-4.pc HTTP/1.1" 200 1098 "-" "Mozilla/5.0 AppleWebKit/537.36 (KHTML, like Gecko; compatible; ClaudeBot/1.0; +claudebot@anthropic.com)"
157.55.39.15 - - [08/Apr/2025:09:12:58 -0400] "GET /shopping/cathetus/99094548.shtml HTTP/1.1" 200 27869 "-" "Mozilla/5.0 AppleWebKit/537.36 (KHTML, like Gecko; compatible; bingbot/2.0; +http://www.bing.com/bingbot.htm) Chrome/116.0.1938.76 Safari/537.36"
18.117.249.37 - - [08/Apr/2025:09:12:59 -0400] "GET /ad917/?path=%2Fhome%2F.%2F..%2F..%2Flib64%2Fpython2.7%2Fmultifile.py HTTP/1.1" 200 2553 "-" "Mozilla/5.0 AppleWebKit/537.36 (KHTML, like Gecko; compatible; ClaudeBot/1.0; +claudebot@anthropic.com)"
18.117.249.37 - - [08/Apr/2025:09:13:02 -0400] "GET /ad917/?path=%2Fhome%2F.%2F..%2F..%2Flib64%2Fpython2.7%2Fmimetypes.py HTTP/1.1" 200 6421 "-" "Mozilla/5.0 AppleWebKit/537.36 (KHTML, like Gecko; compatible; ClaudeBot/1.0; +claudebot@anthropic.com)"
18.117.249.37 - - [08/Apr/2025:09:13:05 -0400] "GET /ad917/?path=%2Fhome%2F.%2F..%2F..%2Flib64%2Fpython3.8%2Ffractions.py HTTP/1.1" 200 7893 "-" "Mozilla/5.0 AppleWebKit/537.36 (KHTML, like Gecko; compatible; ClaudeBot/1.0; +claudebot@anthropic.com)"
66.249.65.104 - - [08/Apr/2025:09:13:07 -0400] "GET /shopdetail/fyi/contango/454020.shtml HTTP/1.1" 200 26262 "-" "Mozilla/5.0 (Linux; Android 6.0.1; Nexus 5X Build/MMB29P) AppleWebKit/537.36 (KHTML, like Gecko) Chrome/135.0.7049.52 Mobile Safari/537.36 (compatible; GoogleOther)"
18.117.249.37 - - [08/Apr/2025:09:13:08 -0400] "GET /ad917/?path=%2Fhome%2F.%2F..%2F..%2Flib64%2Fpython2.7%2Furlparse.pyc HTTP/1.1" 200 958 "-" "Mozilla/5.0 AppleWebKit/537.36 (KHTML, like Gecko; compatible; ClaudeBot/1.0; +claudebot@anthropic.com)"
207.46.13.130 - - [08/Apr/2025:09:13:08 -0400] "GET /products/festoony31753994.shtml HTTP/1.1" 200 25554 "-" "Mozilla/5.0 AppleWebKit/537.36 (KHTML, like Gecko; compatible; bingbot/2.0; +http://www.bing.com/bingbot.htm) Chrome/116.0.1938.76 Safari/537.36"
66.249.65.105 - - [08/Apr/2025:09:13:09 -0400] "GET /goodscode/ii/supposure/84302278.shtml HTTP/1.1" 200 29011 "-" "Mozilla/5.0 (Linux; Android 6.0.1; Nexus 5X Build/MMB29P) AppleWebKit/537.36 (KHTML, like Gecko) Chrome/135.0.7049.52 Mobile Safari/537.36 (compatible; GoogleOther)"
18.117.249.37 - - [08/Apr/2025:09:13:11 -0400] "GET /ad917/?path=%2Fhome%2F.%2F..%2F..%2Flib64%2Fpython3.8%2F_strptime.py HTTP/1.1" 200 8529 "-" "Mozilla/5.0 AppleWebKit/537.36 (KHTML, like Gecko; compatible; ClaudeBot/1.0; +claudebot@anthropic.com)"
18.117.249.37 - - [08/Apr/2025:09:13:14 -0400] "GET /ad917/?path=%2Fhome%2F.%2F..%2F..%2Flib64%2Fpython2.7%2Ffpformat.pyc HTTP/1.1" 200 960 "-" "Mozilla/5.0 AppleWebKit/537.36 (KHTML, like Gecko; compatible; ClaudeBot/1.0; +claudebot@anthropic.com)"
66.249.65.104 - - [08/Apr/2025:09:13:14 -0400] "GET /info/wwo/extravagancy/61221278.shtml HTTP/1.1" 200 26365 "-" "Mozilla/5.0 (Linux; Android 6.0.1; Nexus 5X Build/MMB29P) AppleWebKit/537.36 (KHTML, like Gecko) Chrome/135.0.7049.52 Mobile Safari/537.36 (compatible; GoogleOther)"
157.55.39.9 - - [08/Apr/2025:09:13:16 -0400] "GET /items114894742.shtml HTTP/1.1" 200 27828 "-" "Mozilla/5.0 AppleWebKit/537.36 (KHTML, like Gecko; compatible; bingbot/2.0; +http://www.bing.com/bingbot.htm) Chrome/116.0.1938.76 Safari/537.36"
18.117.249.37 - - [08/Apr/2025:09:13:17 -0400] "GET /ad917/?path=%2Fhome%2F.%2F..%2F..%2Flib64%2Fpkgconfig%2Ffreetype2.pc HTTP/1.1" 200 1123 "-" "Mozilla/5.0 AppleWebKit/537.36 (KHTML, like Gecko; compatible; ClaudeBot/1.0; +claudebot@anthropic.com)"
18.117.249.37 - - [08/Apr/2025:09:13:20 -0400] "GET /ad917/?path=%2Fhome%2F.%2F..%2F..%2Flib64%2Fpython3.8%2Flinecache.py HTTP/1.1" 200 2682 "-" "Mozilla/5.0 AppleWebKit/537.36 (KHTML, like Gecko; compatible; ClaudeBot/1.0; +claudebot@anthropic.com)"
207.46.13.130 - - [08/Apr/2025:09:13:20 -0400] "GET /shopping/11698260.shtml HTTP/1.1" 200 26547 "-" "Mozilla/5.0 AppleWebKit/537.36 (KHTML, like Gecko; compatible; bingbot/2.0; +http://www.bing.com/bingbot.htm) Chrome/116.0.1938.76 Safari/537.36"
66.249.65.104 - - [08/Apr/2025:09:13:21 -0400] "GET /detail/ty/tourniquet59511060.shtml HTTP/1.1" 200 27944 "-" "Mozilla/5.0 (Linux; Android 6.0.1; Nexus 5X Build/MMB29P) AppleWebKit/537.36 (KHTML, like Gecko) Chrome/135.0.7049.52 Mobile Safari/537.36 (compatible; GoogleOther)"
18.117.249.37 - - [08/Apr/2025:09:13:23 -0400] "GET /ad917/?path=%2Fhome%2F.%2F..%2F..%2Flib64%2Fpython2.7%2Fposixfile.py HTTP/1.1" 200 3383 "-" "Mozilla/5.0 AppleWebKit/537.36 (KHTML, like Gecko; compatible; ClaudeBot/1.0; +claudebot@anthropic.com)"
66.249.65.104 - - [08/Apr/2025:09:13:23 -0400] "GET /entity/yku/cogitability/118711886.shtml HTTP/1.1" 200 26998 "-" "Mozilla/5.0 (Linux; Android 6.0.1; Nexus 5X Build/MMB29P) AppleWebKit/537.36 (KHTML, like Gecko) Chrome/135.0.7049.52 Mobile Safari/537.36 (compatible; GoogleOther)"
66.249.65.104 - - [08/Apr/2025:09:13:25 -0400] "GET /shopdetail/59319734.shtml HTTP/1.1" 200 27777 "-" "Mozilla/5.0 (Linux; Android 6.0.1; Nexus 5X Build/MMB29P) AppleWebKit/537.36 (KHTML, like Gecko) Chrome/135.0.7049.52 Mobile Safari/537.36 (compatible; Googlebot/2.1; +http://www.google.com/bot.html)"
52.167.144.158 - - [08/Apr/2025:09:13:25 -0400] "GET /shopdetail/79456922.shtml HTTP/1.1" 200 27073 "-" "Mozilla/5.0 AppleWebKit/537.36 (KHTML, like Gecko; compatible; bingbot/2.0; +http://www.bing.com/bingbot.htm) Chrome/116.0.1938.76 Safari/537.36"
18.117.249.37 - - [08/Apr/2025:09:13:26 -0400] "GET /ad917/?path=%2Fhome%2F.%2F..%2F..%2Flib64%2Fpython3.6%2Fipaddress.py HTTP/1.1" 200 16846 "-" "Mozilla/5.0 AppleWebKit/537.36 (KHTML, like Gecko; compatible; ClaudeBot/1.0; +claudebot@anthropic.com)"
66.249.65.104 - - [08/Apr/2025:09:13:26 -0400] "GET /item/terminology/118408480.shtml HTTP/1.1" 200 25456 "-" "Mozilla/5.0 (Linux; Android 6.0.1; Nexus 5X Build/MMB29P) AppleWebKit/537.36 (KHTML, like Gecko) Chrome/135.0.7049.52 Mobile Safari/537.36 (compatible; GoogleOther)"
18.117.249.37 - - [08/Apr/2025:09:13:29 -0400] "GET /ad917/?path=%2Fhome%2F.%2F..%2F..%2Flib64%2Fpython2.7%2Fdircache.pyc HTTP/1.1" 200 960 "-" "Mozilla/5.0 AppleWebKit/537.36 (KHTML, like Gecko; compatible; ClaudeBot/1.0; +claudebot@anthropic.com)"
66.249.65.104 - - [08/Apr/2025:09:13:28 -0400] "GET /special/w/tafferel/98238986.shtml HTTP/1.1" 200 28042 "-" "Mozilla/5.0 (Linux; Android 6.0.1; Nexus 5X Build/MMB29P) AppleWebKit/537.36 (KHTML, like Gecko) Chrome/135.0.7049.52 Mobile Safari/537.36 (compatible; GoogleOther)"
207.46.13.130 - - [08/Apr/2025:09:13:29 -0400] "GET /shopping/1401268.shtml HTTP/1.1" 200 27251 "-" "Mozilla/5.0 AppleWebKit/537.36 (KHTML, like Gecko; compatible; bingbot/2.0; +http://www.bing.com/bingbot.htm) Chrome/116.0.1938.76 Safari/537.36"
18.117.249.37 - - [08/Apr/2025:09:13:32 -0400] "GET /ad917/?path=%2Fhome%2F.%2F..%2F..%2Flib64%2Fpkgconfig%2Flibxcrypt.pc HTTP/1.1" 200 1116 "-" "Mozilla/5.0 AppleWebKit/537.36 (KHTML, like Gecko; compatible; ClaudeBot/1.0; +claudebot@anthropic.com)"
66.249.65.104 - - [08/Apr/2025:09:13:32 -0400] "GET /entity/nks/perceived/38914660.shtml HTTP/1.1" 200 25722 "-" "Mozilla/5.0 (Linux; Android 6.0.1; Nexus 5X Build/MMB29P) AppleWebKit/537.36 (KHTML, like Gecko) Chrome/135.0.7049.52 Mobile Safari/537.36 (compatible; GoogleOther)"
18.117.249.37 - - [08/Apr/2025:09:13:35 -0400] "GET /ad917/?path=%2Fhome%2F.%2F..%2F..%2Flib64%2Fpkgconfig%2Flibcrypto.pc HTTP/1.1" 200 1104 "-" "Mozilla/5.0 AppleWebKit/537.36 (KHTML, like Gecko; compatible; ClaudeBot/1.0; +claudebot@anthropic.com)"
52.167.144.158 - - [08/Apr/2025:09:13:35 -0400] "GET /items/passionary10861684.shtml HTTP/1.1" 200 28584 "-" "Mozilla/5.0 AppleWebKit/537.36 (KHTML, like Gecko; compatible; bingbot/2.0; +http://www.bing.com/bingbot.htm) Chrome/116.0.1938.76 Safari/537.36"
66.249.65.104 - - [08/Apr/2025:09:13:40 -0400] "GET /info/92726840.shtml HTTP/1.1" 200 27559 "-" "Mozilla/5.0 (compatible; Googlebot/2.1; +http://www.google.com/bot.html)"
66.249.65.104 - - [08/Apr/2025:09:13:43 -0400] "GET /goods123252040.shtml HTTP/1.1" 200 25973 "-" "Mozilla/5.0 (Linux; Android 6.0.1; Nexus 5X Build/MMB29P) AppleWebKit/537.36 (KHTML, like Gecko) Chrome/135.0.7049.52 Mobile Safari/537.36 (compatible; GoogleOther)"
66.249.65.104 - - [08/Apr/2025:09:13:44 -0400] "GET /items/q/repletory83247758.shtml HTTP/1.1" 200 28069 "-" "Mozilla/5.0 (Linux; Android 6.0.1; Nexus 5X Build/MMB29P) AppleWebKit/537.36 (KHTML, like Gecko) Chrome/135.0.7049.52 Mobile Safari/537.36 (compatible; GoogleOther)"
207.46.13.130 - - [08/Apr/2025:09:13:45 -0400] "GET /entity/52308610.shtml HTTP/1.1" 200 27839 "-" "Mozilla/5.0 AppleWebKit/537.36 (KHTML, like Gecko; compatible; bingbot/2.0; +http://www.bing.com/bingbot.htm) Chrome/116.0.1938.76 Safari/537.36"
