52.167.144.145 - - [08/Apr/2025:09:32:56 -0400] "GET /goods/lubbers/84535778.shtml HTTP/1.1" 200 25505 "-" "Mozilla/5.0 AppleWebKit/537.36 (KHTML, like Gecko; compatible; bingbot/2.0; +http://www.bing.com/bingbot.htm) Chrome/116.0.1938.76 Safari/537.36"
66.249.65.105 - - [08/Apr/2025:09:32:58 -0400] "GET /info/bm/affeerment/70843096.shtml HTTP/1.1" 200 26735 "-" "Mozilla/5.0 (Linux; Android 6.0.1; Nexus 5X Build/MMB29P) AppleWebKit/537.36 (KHTML, like Gecko) Chrome/135.0.7049.52 Mobile Safari/537.36 (compatible; GoogleOther)"
18.191.200.36 - - [08/Apr/2025:09:32:59 -0400] "GET /ad917/?path=%2Fhome%2F.%2F..%2Fhome5%2F..%2Flib64%2Flibevent_extra-2.1.so.6 HTTP/1.1" 200 961 "-" "Mozilla/5.0 AppleWebKit/537.36 (KHTML, like Gecko; compatible; ClaudeBot/1.0; +claudebot@anthropic.com)"
66.249.65.104 - - [08/Apr/2025:09:33:00 -0400] "GET /items/iy/ruption137486.shtml HTTP/1.1" 200 26553 "-" "Mozilla/5.0 (Linux; Android 6.0.1; Nexus 5X Build/MMB29P) AppleWebKit/537.36 (KHTML, like Gecko) Chrome/135.0.7049.52 Mobile Safari/537.36 (compatible; GoogleOther)"
18.191.200.36 - - [08/Apr/2025:09:33:02 -0400] "GET /ad917/?path=%2Fhome%2F.%2F..%2Fhome4%2F..%2Flib64%2Flibfontconfig.so.1.12.0 HTTP/1.1" 200 962 "-" "Mozilla/5.0 AppleWebKit/537.36 (KHTML, like Gecko; compatible; ClaudeBot/1.0; +claudebot@anthropic.com)"
66.249.65.105 - - [08/Apr/2025:09:33:01 -0400] "GET /entity/yku/heteropoda/117230042.shtml HTTP/1.1" 200 26368 "-" "Mozilla/5.0 (Linux; Android 6.0.1; Nexus 5X Build/MMB29P) AppleWebKit/537.36 (KHTML, like Gecko) Chrome/135.0.7049.52 Mobile Safari/537.36 (compatible; GoogleOther)"
66.249.65.104 - - [08/Apr/2025:09:33:03 -0400] "GET /items/eoy/blandiloquious/100800126.shtml HTTP/1.1" 200 26856 "-" "Mozilla/5.0 (Linux; Android 6.0.1; Nexus 5X Build/MMB29P) AppleWebKit/537.36 (KHTML, like Gecko) Chrome/135.0.7049.52 Mobile Safari/537.36 (compatible; Googlebot/2.1; +http://www.google.com/bot.html)"
18.191.200.36 - - [08/Apr/2025:09:33:05 -0400] "GET /ad917/?path=%2Fhome%2F.%2F..%2Fhome1%2F..%2Flib64%2Flibxmlsec1-openssl.so.1 HTTP/1.1" 200 962 "-" "Mozilla/5.0 AppleWebKit/537.36 (KHTML, like Gecko; compatible; ClaudeBot/1.0; +claudebot@anthropic.com)"
66.249.65.104 - - [08/Apr/2025:09:33:04 -0400] "GET /info/unstock/118691206.shtml HTTP/1.1" 200 27355 "-" "Mozilla/5.0 (Linux; Android 6.0.1; Nexus 5X Build/MMB29P) AppleWebKit/537.36 (KHTML, like Gecko) Chrome/135.0.7049.52 Mobile Safari/537.36 (compatible; GoogleOther)"
18.191.200.36 - - [08/Apr/2025:09:33:08 -0400] "GET /ad917/?path=%2Fhome%2F.%2F..%2Fhome2%2F..%2Flib64%2Flibevent_extra-2.1.so.6 HTTP/1.1" 200 961 "-" "Mozilla/5.0 AppleWebKit/537.36 (KHTML, like Gecko; compatible; ClaudeBot/1.0; +claudebot@anthropic.com)"
18.191.200.36 - - [08/Apr/2025:09:33:11 -0400] "GET /ad917/?path=%2Fhome%2F.%2F..%2Fhome4%2F..%2Flib64%2Flibxcb-keysyms.so.1.0.0 HTTP/1.1" 200 962 "-" "Mozilla/5.0 AppleWebKit/537.36 (KHTML, like Gecko; compatible; ClaudeBot/1.0; +claudebot@anthropic.com)"
66.249.65.104 - - [08/Apr/2025:09:33:10 -0400] "GET /items/b/goodgeon70850788.shtml HTTP/1.1" 200 25286 "-" "Mozilla/5.0 (Linux; Android 6.0.1; Nexus 5X Build/MMB29P) AppleWebKit/537.36 (KHTML, like Gecko) Chrome/135.0.7049.52 Mobile Safari/537.36 (compatible; GoogleOther)"
66.249.65.104 - - [08/Apr/2025:09:33:12 -0400] "GET /item/zac/chrestomathy/70841968.shtml HTTP/1.1" 200 27647 "-" "Mozilla/5.0 (Linux; Android 6.0.1; Nexus 5X Build/MMB29P) AppleWebKit/537.36 (KHTML, like Gecko) Chrome/135.0.7049.52 Mobile Safari/537.36 (compatible; GoogleOther)"
18.191.200.36 - - [08/Apr/2025:09:33:14 -0400] "GET /ad917/?path=%2Fhome%2F.%2F..%2Fhome4%2F..%2Flib64%2Flibtss2-tcti-mssim.so.0 HTTP/1.1" 200 961 "-" "Mozilla/5.0 AppleWebKit/537.36 (KHTML, like Gecko; compatible; ClaudeBot/1.0; +claudebot@anthropic.com)"
18.191.200.36 - - [08/Apr/2025:09:33:17 -0400] "GET /ad917/?path=%2Fhome%2F.%2F..%2Fhome4%2F..%2Flib64%2FlibQt5QuickTest.so.5.15 HTTP/1.1" 200 964 "-" "Mozilla/5.0 AppleWebKit/537.36 (KHTML, like Gecko; compatible; ClaudeBot/1.0; +claudebot@anthropic.com)"
66.249.65.104 - - [08/Apr/2025:09:33:17 -0400] "GET /shopdetail/tronator/139902.shtml HTTP/1.1" 200 25173 "-" "Mozilla/5.0 (Linux; Android 6.0.1; Nexus 5X Build/MMB29P) AppleWebKit/537.36 (KHTML, like Gecko) Chrome/135.0.7049.52 Mobile Safari/537.36 (compatible; GoogleOther)"
18.191.200.36 - - [08/Apr/2025:09:33:20 -0400] "GET /ad917/?path=%2Fhome%2F.%2F..%2Fhome5%2F..%2Flib64%2Flibkadm5srv_mit.so.12.0 HTTP/1.1" 200 963 "-" "Mozilla/5.0 AppleWebKit/537.36 (KHTML, like Gecko; compatible; ClaudeBot/1.0; +claudebot@anthropic.com)"
18.191.200.36 - - [08/Apr/2025:09:33:23 -0400] "GET /ad917/?path=%2Fhome%2F.%2F..%2Fhome5%2F..%2Flib64%2Flibfontconfig.so.1.12.0 HTTP/1.1" 200 962 "-" "Mozilla/5.0 AppleWebKit/537.36 (KHTML, like Gecko; compatible; ClaudeBot/1.0; +claudebot@anthropic.com)"
66.249.65.104 - - [08/Apr/2025:09:33:23 -0400] "GET /goodscode/mek/preaortic/40561310.shtml HTTP/1.1" 200 27065 "-" "Mozilla/5.0 (Linux; Android 6.0.1; Nexus 5X Build/MMB29P) AppleWebKit/537.36 (KHTML, like Gecko) Chrome/135.0.7049.52 Mobile Safari/537.36 (compatible; GoogleOther)"
18.191.200.36 - - [08/Apr/2025:09:33:26 -0400] "GET /ad917/?path=%2Fhome%2F.%2F..%2Fhome2%2F..%2Flib64%2F.libcrypt.so.1.1.0.hmac HTTP/1.1" 200 1018 "-" "Mozilla/5.0 AppleWebKit/537.36 (KHTML, like Gecko; compatible; ClaudeBot/1.0; +claudebot@anthropic.com)"
52.167.144.145 - - [08/Apr/2025:09:33:26 -0400] "GET /info9851650.shtml HTTP/1.1" 200 27990 "-" "Mozilla/5.0 AppleWebKit/537.36 (KHTML, like Gecko; compatible; bingbot/2.0; +http://www.bing.com/bingbot.htm) Chrome/116.0.1938.76 Safari/537.36"
66.249.65.104 - - [08/Apr/2025:09:33:29 -0400] "GET /goods/kco/sanscrit/59019286.shtml HTTP/1.1" 200 29065 "-" "Mozilla/5.0 (Linux; Android 6.0.1; Nexus 5X Build/MMB29P) AppleWebKit/537.36 (KHTML, like Gecko) Chrome/135.0.7049.52 Mobile Safari/537.36 (compatible; GoogleOther)"
66.249.65.104 - - [08/Apr/2025:09:33:39 -0400] "GET /shopbrand/p/inconclusive/70818568.shtml HTTP/1.1" 200 25769 "-" "Mozilla/5.0 (Linux; Android 6.0.1; Nexus 5X Build/MMB29P) AppleWebKit/537.36 (KHTML, like Gecko) Chrome/135.0.7049.52 Mobile Safari/537.36 (compatible; GoogleOther)"
45.227.253.15 - - [08/Apr/2025:09:33:43 -0400] "GET /597e1/597e1/597e1/index.php?of=1 HTTP/1.1" 200 1894 "-" "Mozilla/5.0 (Windows NT 6.2; WOW64) AppleWebKit/535.24 (KHTML, like Gecko) Chrome/80.0.1055.1 Safari/535.24"
45.227.253.15 - - [08/Apr/2025:09:33:43 -0400] "GET /wp-includes/js/jcrop/jcrop/index.php?of=1 HTTP/1.1" 200 9525 "-" "Mozilla/5.0 (Windows NT 6.2; WOW64) AppleWebKit/535.24 (KHTML, like Gecko) Chrome/80.0.1055.1 Safari/535.24"
66.249.65.105 - - [08/Apr/2025:09:33:43 -0400] "GET /shopdetail/faults/40567154.shtml HTTP/1.1" 200 26835 "-" "Mozilla/5.0 (Linux; Android 6.0.1; Nexus 5X Build/MMB29P) AppleWebKit/537.36 (KHTML, like Gecko) Chrome/135.0.7049.52 Mobile Safari/537.36 (compatible; GoogleOther)"
66.249.65.105 - - [08/Apr/2025:09:33:44 -0400] "GET /shopping/w/breakcircuit/123244678.shtml HTTP/1.1" 200 28151 "-" "Mozilla/5.0 (Linux; Android 6.0.1; Nexus 5X Build/MMB29P) AppleWebKit/537.36 (KHTML, like Gecko) Chrome/135.0.7049.52 Mobile Safari/537.36 (compatible; GoogleOther)"
66.249.65.105 - - [08/Apr/2025:09:33:46 -0400] "GET /shopdetail/w/expansion/149042.shtml HTTP/1.1" 200 25272 "-" "Mozilla/5.0 (Linux; Android 6.0.1; Nexus 5X Build/MMB29P) AppleWebKit/537.36 (KHTML, like Gecko) Chrome/135.0.7049.52 Mobile Safari/537.36 (compatible; GoogleOther)"
207.46.13.78 - - [08/Apr/2025:09:33:47 -0400] "GET /goods/copperbottomed75871400.shtml HTTP/1.1" 200 27391 "-" "Mozilla/5.0 AppleWebKit/537.36 (KHTML, like Gecko; compatible; bingbot/2.0; +http://www.bing.com/bingbot.htm) Chrome/116.0.1938.76 Safari/537.36"
66.249.65.104 - - [08/Apr/2025:09:33:48 -0400] "GET /entity/a/dynam/58121322.shtml HTTP/1.1" 200 27556 "-" "Mozilla/5.0 (Linux; Android 6.0.1; Nexus 5X Build/MMB29P) AppleWebKit/537.36 (KHTML, like Gecko) Chrome/135.0.7049.52 Mobile Safari/537.36 (compatible; GoogleOther)"
18.188.228.10 - - [08/Apr/2025:09:33:52 -0400] "GET /ad917/?path=%2Fhome%2F.%2F..%2Fhome1%2F..%2Flib64%2FlibQt5QuickTest.so.5.15.3 HTTP/1.1" 200 967 "-" "Mozilla/5.0 AppleWebKit/537.36 (KHTML, like Gecko; compatible; ClaudeBot/1.0; +claudebot@anthropic.com)"
18.188.228.10 - - [08/Apr/2025:09:33:54 -0400] "GET /ad917/?path=%2Fhome%2F.%2F..%2Fhome2%2F..%2Flib64%2FlibQt5QuickTest.so.5.15.3 HTTP/1.1" 200 967 "-" "Mozilla/5.0 AppleWebKit/537.36 (KHTML, like Gecko; compatible; ClaudeBot/1.0; +claudebot@anthropic.com)"
66.249.65.104 - - [08/Apr/2025:09:33:56 -0400] "GET /shopdetail/rescue/119616.shtml HTTP/1.1" 200 27093 "-" "Mozilla/5.0 (Linux; Android 6.0.1; Nexus 5X Build/MMB29P) AppleWebKit/537.36 (KHTML, like Gecko) Chrome/135.0.7049.52 Mobile Safari/537.36 (compatible; GoogleOther)"
18.188.228.10 - - [08/Apr/2025:09:33:57 -0400] "GET /ad917/?path=%2Fhome%2F.%2F..%2Fhome1%2F..%2Flib64%2Flibgstapp-1.0.so.0.1601.0 HTTP/1.1" 200 962 "-" "Mozilla/5.0 AppleWebKit/537.36 (KHTML, like Gecko; compatible; ClaudeBot/1.0; +claudebot@anthropic.com)"
18.188.228.10 - - [08/Apr/2025:09:34:00 -0400] "GET /ad917/?path=%2Fhome%2F.%2F..%2Fhome5%2F..%2Flib64%2Flibnl-idiag-3.so.200.26.0 HTTP/1.1" 200 963 "-" "Mozilla/5.0 AppleWebKit/537.36 (KHTML, like Gecko; compatible; ClaudeBot/1.0; +claudebot@anthropic.com)"
66.249.65.96 - - [08/Apr/2025:09:34:01 -0400] "GET /shopbrand/iy/trinotatus/59418890.shtml HTTP/1.1" 200 28006 "-" "Mozilla/5.0 (Linux; Android 6.0.1; Nexus 5X Build/MMB29P) AppleWebKit/537.36 (KHTML, like Gecko) Chrome/135.0.7049.52 Mobile Safari/537.36 (compatible; GoogleOther)"
45.227.253.15 - - [08/Apr/2025:09:34:03 -0400] "GET /5275b/5275b/5275b/5275b/index.php?of=1 HTTP/1.1" 200 1872 "-" "Mozilla/5.0 (Windows NT 6.3; WOW64; rv:74.0) Gecko/20100101 Firefox/74.0"
66.249.65.105 - - [08/Apr/2025:09:34:03 -0400] "GET /items/fok/hutted/128684.shtml HTTP/1.1" 200 27058 "-" "Mozilla/5.0 (Linux; Android 6.0.1; Nexus 5X Build/MMB29P) AppleWebKit/537.36 (KHTML, like Gecko) Chrome/135.0.7049.52 Mobile Safari/537.36 (compatible; GoogleOther)"
18.188.228.10 - - [08/Apr/2025:09:34:03 -0400] "GET /ad917/?path=%2Fhome%2F.%2F..%2Fhome3%2F..%2Flib64%2Flibgstnet-1.0.so.0.1601.0 HTTP/1.1" 200 962 "-" "Mozilla/5.0 AppleWebKit/537.36 (KHTML, like Gecko; compatible; ClaudeBot/1.0; +claudebot@anthropic.com)"
66.249.65.105 - - [08/Apr/2025:09:34:04 -0400] "GET /info/jjw/hegari152876.shtml HTTP/1.1" 200 26465 "-" "Mozilla/5.0 (Linux; Android 6.0.1; Nexus 5X Build/MMB29P) AppleWebKit/537.36 (KHTML, like Gecko) Chrome/135.0.7049.52 Mobile Safari/537.36 (compatible; GoogleOther)"
66.249.65.96 - - [08/Apr/2025:09:34:05 -0400] "GET /shopbrand/ty/melanaemia118688724.shtml HTTP/1.1" 200 27705 "-" "Mozilla/5.0 (Linux; Android 6.0.1; Nexus 5X Build/MMB29P) AppleWebKit/537.36 (KHTML, like Gecko) Chrome/135.0.7049.52 Mobile Safari/537.36 (compatible; GoogleOther)"
18.188.228.10 - - [08/Apr/2025:09:34:06 -0400] "GET /ad917/?path=%2Fhome%2F.%2F..%2Fhome1%2F..%2Flib64%2Flibmemcachedutil.so.2.0.0 HTTP/1.1" 200 962 "-" "Mozilla/5.0 AppleWebKit/537.36 (KHTML, like Gecko; compatible; ClaudeBot/1.0; +claudebot@anthropic.com)"
18.188.228.10 - - [08/Apr/2025:09:34:15 -0400] "GET /ad917/?path=%2Fhome%2F.%2F..%2Fhome3%2F..%2Flib64%2Flibgstsdp-1.0.so.0.1601.0 HTTP/1.1" 200 962 "-" "Mozilla/5.0 AppleWebKit/537.36 (KHTML, like Gecko; compatible; ClaudeBot/1.0; +claudebot@anthropic.com)"
40.77.167.150 - - [08/Apr/2025:09:34:17 -0400] "GET /special/48969896.shtml HTTP/1.1" 200 24878 "-" "Mozilla/5.0 AppleWebKit/537.36 (KHTML, like Gecko; compatible; bingbot/2.0; +http://www.bing.com/bingbot.htm) Chrome/116.0.1938.76 Safari/537.36"
18.188.228.10 - - [08/Apr/2025:09:34:18 -0400] "GET /ad917/?path=%2Fhome%2F.%2F..%2Fhome5%2F..%2Flib64%2Fliborc-test-0.4.so.0.28.0 HTTP/1.1" 200 962 "-" "Mozilla/5.0 AppleWebKit/537.36 (KHTML, like Gecko; compatible; ClaudeBot/1.0; +claudebot@anthropic.com)"
207.46.13.150 - - [08/Apr/2025:09:34:18 -0400] "GET /special/stade98140082.shtml HTTP/1.1" 200 25762 "-" "Mozilla/5.0 AppleWebKit/537.36 (KHTML, like Gecko; compatible; bingbot/2.0; +http://www.bing.com/bingbot.htm) Chrome/116.0.1938.76 Safari/537.36"
66.249.65.104 - - [08/Apr/2025:09:34:18 -0400] "GET /products/t/faculty/117230920.shtml HTTP/1.1" 200 28165 "-" "Mozilla/5.0 (Linux; Android 6.0.1; Nexus 5X Build/MMB29P) AppleWebKit/537.36 (KHTML, like Gecko) Chrome/135.0.7049.52 Mobile Safari/537.36 (compatible; GoogleOther)"
66.249.65.104 - - [08/Apr/2025:09:34:20 -0400] "GET /item/jg/spigurnel/117884656.shtml HTTP/1.1" 200 26502 "-" "Mozilla/5.0 (Linux; Android 6.0.1; Nexus 5X Build/MMB29P) AppleWebKit/537.36 (KHTML, like Gecko) Chrome/135.0.7049.52 Mobile Safari/537.36 (compatible; GoogleOther)"
18.188.228.10 - - [08/Apr/2025:09:34:22 -0400] "GET /ad917/?path=%2Fhome%2F.%2F..%2Fhome3%2F..%2Flib64%2FlibOpenIPMIposix.so.0.0.1 HTTP/1.1" 200 966 "-" "Mozilla/5.0 AppleWebKit/537.36 (KHTML, like Gecko; compatible; ClaudeBot/1.0; +claudebot@anthropic.com)"
45.227.253.15 - - [08/Apr/2025:09:34:23 -0400] "GET /wp-content/plugins/revslider/admin/includes/shortcode_generator/divi/includes/modules/RevsliderDivi/images/images/index.php?of=1 HTTP/1.1" 200 9264 "-" "Mozilla/5.0 (iPad; U; CPU OS 4_2_1 like Mac OS X; ja) AppleWebKit/533.17.9 (KHTML, like Gecko) Version/5.0.2 Mobile/8C148 Safari/6533.18.5"
18.188.228.10 - - [08/Apr/2025:09:34:24 -0400] "GET /ad917/?path=%2Fhome%2F.%2F..%2Fhome4%2F..%2Flib64%2FlibQt5QuickTest.so.5.15.3 HTTP/1.1" 200 966 "-" "Mozilla/5.0 AppleWebKit/537.36 (KHTML, like Gecko; compatible; ClaudeBot/1.0; +claudebot@anthropic.com)"
52.167.144.145 - - [08/Apr/2025:09:34:26 -0400] "GET /item84295592.shtml HTTP/1.1" 200 26942 "-" "Mozilla/5.0 AppleWebKit/537.36 (KHTML, like Gecko; compatible; bingbot/2.0; +http://www.bing.com/bingbot.htm) Chrome/116.0.1938.76 Safari/537.36"
18.188.228.10 - - [08/Apr/2025:09:34:27 -0400] "GET /ad917/?path=%2Fhome%2F.%2F..%2Fhome2%2F..%2Flib64%2Flibtokyocabinet.so.9.11.0 HTTP/1.1" 200 963 "-" "Mozilla/5.0 AppleWebKit/537.36 (KHTML, like Gecko; compatible; ClaudeBot/1.0; +claudebot@anthropic.com)"
66.249.65.104 - - [08/Apr/2025:09:34:29 -0400] "GET /detail/kia/orcus/67672358.shtml HTTP/1.1" 200 26993 "-" "Mozilla/5.0 (Linux; Android 6.0.1; Nexus 5X Build/MMB29P) AppleWebKit/537.36 (KHTML, like Gecko) Chrome/135.0.7049.52 Mobile Safari/537.36 (compatible; GoogleOther)"
18.188.228.10 - - [08/Apr/2025:09:34:30 -0400] "GET /ad917/?path=%2Fhome%2F.%2F..%2Fhome1%2F..%2Flib64%2Flibmemcachedprotocol.so.0 HTTP/1.1" 200 963 "-" "Mozilla/5.0 AppleWebKit/537.36 (KHTML, like Gecko; compatible; ClaudeBot/1.0; +claudebot@anthropic.com)"
66.249.65.104 - - [08/Apr/2025:09:34:30 -0400] "GET /info/p/disgracious/70831736.shtml HTTP/1.1" 200 28046 "-" "Mozilla/5.0 (Linux; Android 6.0.1; Nexus 5X Build/MMB29P) AppleWebKit/537.36 (KHTML, like Gecko) Chrome/135.0.7049.52 Mobile Safari/537.36 (compatible; GoogleOther)"
18.188.228.10 - - [08/Apr/2025:09:34:33 -0400] "GET /ad917/?path=%2Fhome%2F.%2F..%2Fhome4%2F..%2Flib64%2Flibgstallocators-1.0.so.0 HTTP/1.1" 200 962 "-" "Mozilla/5.0 AppleWebKit/537.36 (KHTML, like Gecko; compatible; ClaudeBot/1.0; +claudebot@anthropic.com)"
66.249.65.104 - - [08/Apr/2025:09:34:34 -0400] "GET /item/h/guillemot/122216.shtml HTTP/1.1" 200 28995 "-" "Mozilla/5.0 (Linux; Android 6.0.1; Nexus 5X Build/MMB29P) AppleWebKit/537.36 (KHTML, like Gecko) Chrome/135.0.7049.52 Mobile Safari/537.36 (compatible; GoogleOther)"
18.188.228.10 - - [08/Apr/2025:09:34:36 -0400] "GET /ad917/?path=%2Fhome%2F.%2F..%2Fhome2%2F..%2Flib64%2FlibQt5QuickParticles.so.5 HTTP/1.1" 200 962 "-" "Mozilla/5.0 AppleWebKit/537.36 (KHTML, like Gecko; compatible; ClaudeBot/1.0; +claudebot@anthropic.com)"
52.167.144.145 - - [08/Apr/2025:09:34:36 -0400] "GET /items9907444.shtml HTTP/1.1" 200 24522 "-" "Mozilla/5.0 AppleWebKit/537.36 (KHTML, like Gecko; compatible; bingbot/2.0; +http://www.bing.com/bingbot.htm) Chrome/116.0.1938.76 Safari/537.36"
66.249.65.104 - - [08/Apr/2025:09:34:36 -0400] "GET /detail/d/paunchwas/70819140.shtml HTTP/1.1" 200 26742 "-" "Mozilla/5.0 (Linux; Android 6.0.1; Nexus 5X Build/MMB29P) AppleWebKit/537.36 (KHTML, like Gecko) Chrome/135.0.7049.52 Mobile Safari/537.36 (compatible; GoogleOther)"
66.249.79.200 - - [08/Apr/2025:09:34:38 -0400] "GET /shopbrand/lmm/phrygian/59017204.shtml HTTP/1.1" 200 27095 "-" "Mozilla/5.0 (Linux; Android 6.0.1; Nexus 5X Build/MMB29P) AppleWebKit/537.36 (KHTML, like Gecko) Chrome/135.0.7049.52 Mobile Safari/537.36 (compatible; GoogleOther)"
18.188.228.10 - - [08/Apr/2025:09:34:39 -0400] "GET /ad917/?path=%2Fhome%2F.%2F..%2Fhome5%2F..%2Flib64%2Flibgstnet-1.0.so.0.1601.0 HTTP/1.1" 200 962 "-" "Mozilla/5.0 AppleWebKit/537.36 (KHTML, like Gecko; compatible; ClaudeBot/1.0; +claudebot@anthropic.com)"
172.203.190.136 - - [08/Apr/2025:09:34:40 -0400] "GET /robots.txt HTTP/1.1" 200 101 "-" "Mozilla/5.0 (Macintosh; Intel Mac OS X 10_15_7) AppleWebKit/537.36 (KHTML, like Gecko) Chrome/131.0.0.0 Safari/537.36; compatible; OAI-SearchBot/1.0; +https://openai.com/searchbot"
18.188.228.10 - - [08/Apr/2025:09:34:42 -0400] "GET /ad917/?path=%2Fhome%2F.%2F..%2Fhome3%2F..%2Flib64%2FlibOpenIPMIutils.so.0.0.1 HTTP/1.1" 200 965 "-" "Mozilla/5.0 AppleWebKit/537.36 (KHTML, like Gecko; compatible; ClaudeBot/1.0; +claudebot@anthropic.com)"
66.249.65.105 - - [08/Apr/2025:09:34:42 -0400] "GET /detail/aim/armoniak/70823466.shtml HTTP/1.1" 200 26697 "-" "Mozilla/5.0 (Linux; Android 6.0.1; Nexus 5X Build/MMB29P) AppleWebKit/537.36 (KHTML, like Gecko) Chrome/135.0.7049.52 Mobile Safari/537.36 (compatible; GoogleOther)"
66.249.65.104 - - [08/Apr/2025:09:34:43 -0400] "GET /entity/yke/taker/49960642.shtml HTTP/1.1" 200 26564 "-" "Mozilla/5.0 (Linux; Android 6.0.1; Nexus 5X Build/MMB29P) AppleWebKit/537.36 (KHTML, like Gecko) Chrome/135.0.7049.52 Mobile Safari/537.36 (compatible; GoogleOther)"
18.188.228.10 - - [08/Apr/2025:09:34:45 -0400] "GET /ad917/?path=%2Fhome%2F.%2F..%2Fhome2%2F..%2Flib64%2Flibxkbcommon-x11.so.0.0.0 HTTP/1.1" 200 964 "-" "Mozilla/5.0 AppleWebKit/537.36 (KHTML, like Gecko; compatible; ClaudeBot/1.0; +claudebot@anthropic.com)"
52.167.144.145 - - [08/Apr/2025:09:34:46 -0400] "GET /entity/y/affectibility2241398.shtml HTTP/1.1" 200 24946 "-" "Mozilla/5.0 AppleWebKit/537.36 (KHTML, like Gecko; compatible; bingbot/2.0; +http://www.bing.com/bingbot.htm) Chrome/116.0.1938.76 Safari/537.36"
18.188.228.10 - - [08/Apr/2025:09:34:48 -0400] "GET /ad917/?path=%2Fhome%2F.%2F..%2Fhome4%2F..%2Flib64%2Flibbfd-2.30-125.el8_10.so HTTP/1.1" 200 964 "-" "Mozilla/5.0 AppleWebKit/537.36 (KHTML, like Gecko; compatible; ClaudeBot/1.0; +claudebot@anthropic.com)"
157.55.39.55 - - [08/Apr/2025:09:34:51 -0400] "GET /special/cribber98451208.shtml HTTP/1.1" 200 28176 "-" "Mozilla/5.0 AppleWebKit/537.36 (KHTML, like Gecko; compatible; bingbot/2.0; +http://www.bing.com/bingbot.htm) Chrome/116.0.1938.76 Safari/537.36"
18.188.228.10 - - [08/Apr/2025:09:34:51 -0400] "GET /ad917/?path=%2Fhome%2F.%2F..%2Fhome5%2F..%2Flib64%2Flibxcb-composite.so.0.0.0 HTTP/1.1" 200 962 "-" "Mozilla/5.0 AppleWebKit/537.36 (KHTML, like Gecko; compatible; ClaudeBot/1.0; +claudebot@anthropic.com)"
66.249.65.105 - - [08/Apr/2025:09:34:51 -0400] "GET /entity/us/dimension/70837330.shtml HTTP/1.1" 200 27735 "-" "Mozilla/5.0 (Linux; Android 6.0.1; Nexus 5X Build/MMB29P) AppleWebKit/537.36 (KHTML, like Gecko) Chrome/135.0.7049.52 Mobile Safari/537.36 (compatible; GoogleOther)"
66.249.65.105 - - [08/Apr/2025:09:34:52 -0400] "GET /item/a/taboring/153594.shtml HTTP/1.1" 200 27248 "-" "Mozilla/5.0 (Linux; Android 6.0.1; Nexus 5X Build/MMB29P) AppleWebKit/537.36 (KHTML, like Gecko) Chrome/135.0.7049.52 Mobile Safari/537.36 (compatible; GoogleOther)"
18.188.228.10 - - [08/Apr/2025:09:34:54 -0400] "GET /ad917/?path=%2Fhome%2F.%2F..%2Fhome5%2F..%2Flib64%2Flibxkbcommon-x11.so.0.0.0 HTTP/1.1" 200 964 "-" "Mozilla/5.0 AppleWebKit/537.36 (KHTML, like Gecko; compatible; ClaudeBot/1.0; +claudebot@anthropic.com)"
66.249.65.105 - - [08/Apr/2025:09:34:56 -0400] "GET /special/vqq/squawberry/27063520.shtml HTTP/1.1" 200 26385 "-" "Mozilla/5.0 (Linux; Android 6.0.1; Nexus 5X Build/MMB29P) AppleWebKit/537.36 (KHTML, like Gecko) Chrome/135.0.7049.52 Mobile Safari/537.36 (compatible; GoogleOther)"
18.188.228.10 - - [08/Apr/2025:09:34:57 -0400] "GET /ad917/?path=%2Fhome%2F.%2F..%2Fhome1%2F..%2Flib64%2FlibQt5QmlModels.so.5.15.3 HTTP/1.1" 200 966 "-" "Mozilla/5.0 AppleWebKit/537.36 (KHTML, like Gecko; compatible; ClaudeBot/1.0; +claudebot@anthropic.com)"
18.188.228.10 - - [08/Apr/2025:09:35:00 -0400] "GET /ad917/?path=%2Fhome%2F.%2F..%2Fhome4%2F..%2Flib64%2Flibsss_nss_idmap.so.0.6.0 HTTP/1.1" 200 963 "-" "Mozilla/5.0 AppleWebKit/537.36 (KHTML, like Gecko; compatible; ClaudeBot/1.0; +claudebot@anthropic.com)"
66.249.65.96 - - [08/Apr/2025:09:35:00 -0400] "GET /shopdetail/u/picidae/70832962.shtml HTTP/1.1" 200 29021 "-" "Mozilla/5.0 (Linux; Android 6.0.1; Nexus 5X Build/MMB29P) AppleWebKit/537.36 (KHTML, like Gecko) Chrome/135.0.7049.52 Mobile Safari/537.36 (compatible; GoogleOther)"
40.77.167.150 - - [08/Apr/2025:09:35:03 -0400] "GET /goods/admittance/99108996.shtml HTTP/1.1" 200 27485 "-" "Mozilla/5.0 AppleWebKit/537.36 (KHTML, like Gecko; compatible; bingbot/2.0; +http://www.bing.com/bingbot.htm) Chrome/116.0.1938.76 Safari/537.36"
18.188.228.10 - - [08/Apr/2025:09:35:03 -0400] "GET /ad917/?path=%2Fhome%2F.%2F..%2Fhome5%2F..%2Flib64%2Flibfftw3_threads.so.3.5.5 HTTP/1.1" 200 965 "-" "Mozilla/5.0 AppleWebKit/537.36 (KHTML, like Gecko; compatible; ClaudeBot/1.0; +claudebot@anthropic.com)"
66.249.65.104 - - [08/Apr/2025:09:35:03 -0400] "GET /items/iok/equalize/40562298.shtml HTTP/1.1" 200 25529 "-" "Mozilla/5.0 (Linux; Android 6.0.1; Nexus 5X Build/MMB29P) AppleWebKit/537.36 (KHTML, like Gecko) Chrome/135.0.7049.52 Mobile Safari/537.36 (compatible; GoogleOther)"
18.188.228.10 - - [08/Apr/2025:09:35:06 -0400] "GET /ad917/?path=%2Fhome%2F.%2F..%2Fhome3%2F..%2Flib64%2FlibQt5QmlModels.so.5.15.3 HTTP/1.1" 200 965 "-" "Mozilla/5.0 AppleWebKit/537.36 (KHTML, like Gecko; compatible; ClaudeBot/1.0; +claudebot@anthropic.com)"
66.249.65.105 - - [08/Apr/2025:09:35:07 -0400] "GET /products/wo/rifler27062426.shtml HTTP/1.1" 200 25602 "-" "Mozilla/5.0 (Linux; Android 6.0.1; Nexus 5X Build/MMB29P) AppleWebKit/537.36 (KHTML, like Gecko) Chrome/135.0.7049.52 Mobile Safari/537.36 (compatible; GoogleOther)"
18.188.228.10 - - [08/Apr/2025:09:35:09 -0400] "GET /ad917/?path=%2Fhome%2F.%2F..%2Fhome5%2F..%2Flib64%2Flibgsttag-1.0.so.0.1601.0 HTTP/1.1" 200 962 "-" "Mozilla/5.0 AppleWebKit/537.36 (KHTML, like Gecko; compatible; ClaudeBot/1.0; +claudebot@anthropic.com)"
18.188.228.10 - - [08/Apr/2025:09:35:12 -0400] "GET /ad917/?path=%2Fhome%2F.%2F..%2Fhome1%2F..%2Flib64%2Flibtokyocabinet.so.9.11.0 HTTP/1.1" 200 962 "-" "Mozilla/5.0 AppleWebKit/537.36 (KHTML, like Gecko; compatible; ClaudeBot/1.0; +claudebot@anthropic.com)"
40.77.167.150 - - [08/Apr/2025:09:35:13 -0400] "GET /products/sightproof/51825376.shtml HTTP/1.1" 200 26734 "-" "Mozilla/5.0 AppleWebKit/537.36 (KHTML, like Gecko; compatible; bingbot/2.0; +http://www.bing.com/bingbot.htm) Chrome/116.0.1938.76 Safari/537.36"
18.188.228.10 - - [08/Apr/2025:09:35:15 -0400] "GET /ad917/?path=%2Fhome%2F.%2F..%2Fhome4%2F..%2Flib64%2Flibgstsdp-1.0.so.0.1601.0 HTTP/1.1" 200 962 "-" "Mozilla/5.0 AppleWebKit/537.36 (KHTML, like Gecko; compatible; ClaudeBot/1.0; +claudebot@anthropic.com)"
66.249.65.104 - - [08/Apr/2025:09:35:16 -0400] "GET /items/j/regimentals/117888960.shtml HTTP/1.1" 200 26688 "-" "Mozilla/5.0 (Linux; Android 6.0.1; Nexus 5X Build/MMB29P) AppleWebKit/537.36 (KHTML, like Gecko) Chrome/135.0.7049.52 Mobile Safari/537.36 (compatible; GoogleOther)"
66.249.65.104 - - [08/Apr/2025:09:35:17 -0400] "GET /special/loxodromism/70842508.shtml HTTP/1.1" 200 27944 "-" "Mozilla/5.0 (Linux; Android 6.0.1; Nexus 5X Build/MMB29P) AppleWebKit/537.36 (KHTML, like Gecko) Chrome/135.0.7049.52 Mobile Safari/537.36 (compatible; GoogleOther)"
18.188.228.10 - - [08/Apr/2025:09:35:18 -0400] "GET /ad917/?path=%2Fhome%2F.%2F..%2Fhome4%2F..%2Flib64%2Flibfftw3_threads.so.3.5.5 HTTP/1.1" 200 965 "-" "Mozilla/5.0 AppleWebKit/537.36 (KHTML, like Gecko; compatible; ClaudeBot/1.0; +claudebot@anthropic.com)"
157.55.39.203 - - [08/Apr/2025:09:35:20 -0400] "GET /entity32959916.shtml HTTP/1.1" 200 25869 "-" "Mozilla/5.0 AppleWebKit/537.36 (KHTML, like Gecko; compatible; bingbot/2.0; +http://www.bing.com/bingbot.htm) Chrome/116.0.1938.76 Safari/537.36"
18.188.228.10 - - [08/Apr/2025:09:35:21 -0400] "GET /ad917/?path=%2Fhome%2F.%2F..%2Fhome2%2F..%2Flib64%2Flibevent_openssl-2.1.so.6 HTTP/1.1" 200 961 "-" "Mozilla/5.0 AppleWebKit/537.36 (KHTML, like Gecko; compatible; ClaudeBot/1.0; +claudebot@anthropic.com)"
45.227.253.15 - - [08/Apr/2025:09:35:23 -0400] "GET /5275b/5275b/5275b/5275b/index.php?of=1 HTTP/1.1" 200 1872 "-" "Mozilla/5.0 (Windows NT 6.1; Win64; x64) AppleWebKit/537.36 (KHTML, like Gecko) Chrome/86.0.4240.111 Safari/537.36"
18.188.228.10 - - [08/Apr/2025:09:35:24 -0400] "GET /ad917/?path=%2Fhome%2F.%2F..%2Fhome3%2F..%2Flib64%2Flibfftw3_threads.so.3.5.5 HTTP/1.1" 200 965 "-" "Mozilla/5.0 AppleWebKit/537.36 (KHTML, like Gecko; compatible; ClaudeBot/1.0; +claudebot@anthropic.com)"
18.188.228.10 - - [08/Apr/2025:09:35:27 -0400] "GET /ad917/?path=%2Fhome%2F.%2F..%2Fhome3%2F..%2Flib64%2FlibQt5QuickParticles.so.5 HTTP/1.1" 200 963 "-" "Mozilla/5.0 AppleWebKit/537.36 (KHTML, like Gecko; compatible; ClaudeBot/1.0; +claudebot@anthropic.com)"
198.54.116.86 - - [08/Apr/2025:09:35:28 -0400] "POST /wp-cron.php?doing_wp_cron=1744119328.0835618972778320312500 HTTP/1.1" 200 0 "-" "WordPress/6.7.2; https://servethepeopleinc.org"
51.222.253.20 - - [08/Apr/2025:09:35:27 -0400] "GET /entity32986528.shtml HTTP/1.1" 404 16704 "-" "Mozilla/5.0 (compatible; AhrefsBot/7.0; +http://ahrefs.com/robot/)"
198.54.116.86 - - [08/Apr/2025:09:35:28 -0400] "POST /wp-admin/admin-ajax.php?action=async_litespeed&nonce=fecEctSgJpf26HUGkeGxxRKD2rcNMT8a&litespeed_type=imgoptm HTTP/1.1" 200 21 "-" "WordPress/6.7.2; https://servethepeopleinc.org"
66.249.65.104 - - [08/Apr/2025:09:35:28 -0400] "GET /detail/r/dayfly/27193236.shtml HTTP/1.1" 200 26221 "-" "Mozilla/5.0 (Linux; Android 6.0.1; Nexus 5X Build/MMB29P) AppleWebKit/537.36 (KHTML, like Gecko) Chrome/135.0.7049.52 Mobile Safari/537.36 (compatible; GoogleOther)"
66.249.65.104 - - [08/Apr/2025:09:35:29 -0400] "GET /products/s/gabel/58122014.shtml HTTP/1.1" 200 25625 "-" "Mozilla/5.0 (Linux; Android 6.0.1; Nexus 5X Build/MMB29P) AppleWebKit/537.36 (KHTML, like Gecko) Chrome/135.0.7049.52 Mobile Safari/537.36 (compatible; GoogleOther)"
18.188.228.10 - - [08/Apr/2025:09:35:30 -0400] "GET /ad917/?path=%2Fhome%2F.%2F..%2Fhome1%2F..%2Flib64%2FlibOpenIPMIposix.so.0.0.1 HTTP/1.1" 200 965 "-" "Mozilla/5.0 AppleWebKit/537.36 (KHTML, like Gecko; compatible; ClaudeBot/1.0; +claudebot@anthropic.com)"
18.188.228.10 - - [08/Apr/2025:09:35:33 -0400] "GET /ad917/?path=%2Fhome%2F.%2F..%2Fhome4%2F..%2Flib64%2Flibxkbcommon-x11.so.0.0.0 HTTP/1.1" 200 964 "-" "Mozilla/5.0 AppleWebKit/537.36 (KHTML, like Gecko; compatible; ClaudeBot/1.0; +claudebot@anthropic.com)"
18.188.228.10 - - [08/Apr/2025:09:35:36 -0400] "GET /ad917/?path=%2Fhome%2F.%2F..%2Fhome2%2F..%2Flib64%2FlibOpenIPMIposix.so.0.0.1 HTTP/1.1" 200 966 "-" "Mozilla/5.0 AppleWebKit/537.36 (KHTML, like Gecko; compatible; ClaudeBot/1.0; +claudebot@anthropic.com)"
157.55.39.203 - - [08/Apr/2025:09:35:38 -0400] "GET /items6084418.shtml HTTP/1.1" 200 27524 "-" "Mozilla/5.0 AppleWebKit/537.36 (KHTML, like Gecko; compatible; bingbot/2.0; +http://www.bing.com/bingbot.htm) Chrome/116.0.1938.76 Safari/537.36"
18.188.228.10 - - [08/Apr/2025:09:35:39 -0400] "GET /ad917/?path=%2Fhome%2F.%2F..%2Fhome4%2F..%2Flib64%2Flibmemcachedutil.so.2.0.0 HTTP/1.1" 200 962 "-" "Mozilla/5.0 AppleWebKit/537.36 (KHTML, like Gecko; compatible; ClaudeBot/1.0; +claudebot@anthropic.com)"
18.188.228.10 - - [08/Apr/2025:09:35:42 -0400] "GET /ad917/?path=%2Fhome%2F.%2F..%2Fhome1%2F..%2Flib64%2Flibevent_openssl-2.1.so.6 HTTP/1.1" 200 962 "-" "Mozilla/5.0 AppleWebKit/537.36 (KHTML, like Gecko; compatible; ClaudeBot/1.0; +claudebot@anthropic.com)"
45.227.253.15 - - [08/Apr/2025:09:35:43 -0400] "GET /wp-admin/maint/maint/index.php?of=1 HTTP/1.1" 200 8792 "-" "Mozilla/5.0 (iPhone; CPU iPhone OS 13_6 like Mac OS X) AppleWebKit/605.1.15 (KHTML, like Gecko) Version/13.6 Mobile/15E148 Safari/604.1"
66.249.65.104 - - [08/Apr/2025:09:35:44 -0400] "GET /items/jacamar/135492.shtml HTTP/1.1" 200 25867 "-" "Mozilla/5.0 (Linux; Android 6.0.1; Nexus 5X Build/MMB29P) AppleWebKit/537.36 (KHTML, like Gecko) Chrome/135.0.7049.52 Mobile Safari/537.36 (compatible; GoogleOther)"
18.188.228.10 - - [08/Apr/2025:09:35:45 -0400] "GET /ad917/?path=%2Fhome%2F.%2F..%2Fhome1%2F..%2Flib64%2Flibgettextsrc-0.19.8.1.so HTTP/1.1" 200 962 "-" "Mozilla/5.0 AppleWebKit/537.36 (KHTML, like Gecko; compatible; ClaudeBot/1.0; +claudebot@anthropic.com)"
66.249.65.104 - - [08/Apr/2025:09:35:45 -0400] "GET /info/dwe/bereavement/119864.shtml HTTP/1.1" 200 26006 "-" "Mozilla/5.0 (Linux; Android 6.0.1; Nexus 5X Build/MMB29P) AppleWebKit/537.36 (KHTML, like Gecko) Chrome/135.0.7049.52 Mobile Safari/537.36 (compatible; GoogleOther)"
66.249.65.104 - - [08/Apr/2025:09:35:47 -0400] "GET /products/heartlings/146408.shtml HTTP/1.1" 200 27331 "-" "Mozilla/5.0 (Linux; Android 6.0.1; Nexus 5X Build/MMB29P) AppleWebKit/537.36 (KHTML, like Gecko) Chrome/135.0.7049.52 Mobile Safari/537.36 (compatible; GoogleOther)"
18.188.228.10 - - [08/Apr/2025:09:35:48 -0400] "GET /ad917/?path=%2Fhome%2F.%2F..%2Fhome2%2F..%2Flib64%2F.libcrypto.so.1.0.2o.hmac HTTP/1.1" 200 1018 "-" "Mozilla/5.0 AppleWebKit/537.36 (KHTML, like Gecko; compatible; ClaudeBot/1.0; +claudebot@anthropic.com)"
66.249.65.104 - - [08/Apr/2025:09:35:48 -0400] "GET /shopdetail/zys/dentilation/70836524.shtml HTTP/1.1" 200 26916 "-" "Mozilla/5.0 (Linux; Android 6.0.1; Nexus 5X Build/MMB29P) AppleWebKit/537.36 (KHTML, like Gecko) Chrome/135.0.7049.52 Mobile Safari/537.36 (compatible; GoogleOther)"
66.249.65.104 - - [08/Apr/2025:09:35:49 -0400] "GET /shopdetail/b/scalar/43096452.shtml HTTP/1.1" 200 27687 "-" "Mozilla/5.0 (Linux; Android 6.0.1; Nexus 5X Build/MMB29P) AppleWebKit/537.36 (KHTML, like Gecko) Chrome/135.0.7049.52 Mobile Safari/537.36 (compatible; Googlebot/2.1; +http://www.google.com/bot.html)"
18.188.228.10 - - [08/Apr/2025:09:35:51 -0400] "GET /ad917/?path=%2Fhome%2F.%2F..%2Fhome4%2F..%2Flib64%2Flibevent_openssl-2.1.so.6 HTTP/1.1" 200 963 "-" "Mozilla/5.0 AppleWebKit/537.36 (KHTML, like Gecko; compatible; ClaudeBot/1.0; +claudebot@anthropic.com)"
66.249.65.104 - - [08/Apr/2025:09:35:54 -0400] "GET /info/two/objectize/70843852.shtml HTTP/1.1" 200 27597 "-" "Mozilla/5.0 (Linux; Android 6.0.1; Nexus 5X Build/MMB29P) AppleWebKit/537.36 (KHTML, like Gecko) Chrome/135.0.7049.52 Mobile Safari/537.36 (compatible; GoogleOther)"
18.188.228.10 - - [08/Apr/2025:09:35:54 -0400] "GET /ad917/?path=%2Fhome%2F.%2F..%2Fhome2%2F..%2Flib64%2Flibgstcontroller-1.0.so.0 HTTP/1.1" 200 962 "-" "Mozilla/5.0 AppleWebKit/537.36 (KHTML, like Gecko; compatible; ClaudeBot/1.0; +claudebot@anthropic.com)"
52.167.144.145 - - [08/Apr/2025:09:35:55 -0400] "GET /shopping/7436730.shtml HTTP/1.1" 200 27861 "-" "Mozilla/5.0 AppleWebKit/537.36 (KHTML, like Gecko; compatible; bingbot/2.0; +http://www.bing.com/bingbot.htm) Chrome/116.0.1938.76 Safari/537.36"
66.249.65.105 - - [08/Apr/2025:09:35:56 -0400] "GET /item/defrayment/70851170.shtml HTTP/1.1" 200 27304 "-" "Mozilla/5.0 (Linux; Android 6.0.1; Nexus 5X Build/MMB29P) AppleWebKit/537.36 (KHTML, like Gecko) Chrome/135.0.7049.52 Mobile Safari/537.36 (compatible; GoogleOther)"
18.188.228.10 - - [08/Apr/2025:09:35:57 -0400] "GET /ad917/?path=%2Fhome%2F.%2F..%2Fhome5%2F..%2Flib64%2FlibOpenIPMIposix.so.0.0.1 HTTP/1.1" 200 966 "-" "Mozilla/5.0 AppleWebKit/537.36 (KHTML, like Gecko; compatible; ClaudeBot/1.0; +claudebot@anthropic.com)"
66.249.65.104 - - [08/Apr/2025:09:35:57 -0400] "GET /shopdetail/pym/exceed/70825104.shtml HTTP/1.1" 200 26620 "-" "Mozilla/5.0 (Linux; Android 6.0.1; Nexus 5X Build/MMB29P) AppleWebKit/537.36 (KHTML, like Gecko) Chrome/135.0.7049.52 Mobile Safari/537.36 (compatible; GoogleOther)"
66.249.65.105 - - [08/Apr/2025:09:35:58 -0400] "GET /item/vu/millennialist110154844.shtml HTTP/1.1" 200 24830 "-" "Mozilla/5.0 (Linux; Android 6.0.1; Nexus 5X Build/MMB29P) AppleWebKit/537.36 (KHTML, like Gecko) Chrome/135.0.7049.52 Mobile Safari/537.36 (compatible; GoogleOther)"
18.188.228.10 - - [08/Apr/2025:09:36:00 -0400] "GET /ad917/?path=%2Fhome%2F.%2F..%2Fhome4%2F..%2Flib64%2F.libcrypto.so.1.1.1k.hmac HTTP/1.1" 200 1021 "-" "Mozilla/5.0 AppleWebKit/537.36 (KHTML, like Gecko; compatible; ClaudeBot/1.0; +claudebot@anthropic.com)"
18.188.228.10 - - [08/Apr/2025:09:36:03 -0400] "GET /ad917/?path=%2Fhome%2F.%2F..%2Fhome2%2F..%2Flib64%2FlibQt5QuickShapes.so.5.15 HTTP/1.1" 200 967 "-" "Mozilla/5.0 AppleWebKit/537.36 (KHTML, like Gecko; compatible; ClaudeBot/1.0; +claudebot@anthropic.com)"
18.188.228.10 - - [08/Apr/2025:09:36:06 -0400] "GET /ad917/?path=%2Fhome%2F.%2F..%2Fhome1%2F..%2Flib64%2FlibQt5QuickParticles.so.5 HTTP/1.1" 200 963 "-" "Mozilla/5.0 AppleWebKit/537.36 (KHTML, like Gecko; compatible; ClaudeBot/1.0; +claudebot@anthropic.com)"
66.249.65.96 - - [08/Apr/2025:09:36:06 -0400] "GET /special/r/careys/70820820.shtml HTTP/1.1" 200 25830 "-" "Mozilla/5.0 (Linux; Android 6.0.1; Nexus 5X Build/MMB29P) AppleWebKit/537.36 (KHTML, like Gecko) Chrome/135.0.7049.52 Mobile Safari/537.36 (compatible; GoogleOther)"
45.227.253.15 - - [08/Apr/2025:09:36:08 -0400] "GET /5275b/5275b/5275b/index.php?of=1 HTTP/1.1" 200 8901 "-" "Mozilla/5.0 (Macintosh; Intel Mac OS X 10.14; rv:103.0) Gecko/20100101 Firefox/102.0"
45.227.253.15 - - [08/Apr/2025:09:36:08 -0400] "GET /597e1/597e1/597e1/index.php?of=1 HTTP/1.1" 200 1894 "-" "Mozilla/5.0 (Macintosh; Intel Mac OS X 10_15_7) AppleWebKit/537.36 (KHTML, like Gecko) Chrome/86.0.4240.111 Safari/537.36"
45.227.253.15 - - [08/Apr/2025:09:36:08 -0400] "GET /5275b/5275b/5275b/5275b/index.php?of=1 HTTP/1.1" 200 1872 "-" "Mozilla/5.0 (Windows NT 6.2; WOW64) AppleWebKit/535.24 (KHTML, like Gecko) Chrome/82.0.1055.1 Safari/535.24"
66.249.65.105 - - [08/Apr/2025:09:36:08 -0400] "GET /detail59978772.shtml HTTP/1.1" 200 27656 "-" "Mozilla/5.0 (Linux; Android 6.0.1; Nexus 5X Build/MMB29P) AppleWebKit/537.36 (KHTML, like Gecko) Chrome/135.0.7049.52 Mobile Safari/537.36 (compatible; Googlebot/2.1; +http://www.google.com/bot.html)"
66.249.65.105 - - [08/Apr/2025:09:36:15 -0400] "GET /info/iwu/liturgiology/151730.shtml HTTP/1.1" 200 25828 "-" "Mozilla/5.0 (Linux; Android 6.0.1; Nexus 5X Build/MMB29P) AppleWebKit/537.36 (KHTML, like Gecko) Chrome/135.0.7049.52 Mobile Safari/537.36 (compatible; GoogleOther)"
52.167.144.145 - - [08/Apr/2025:09:36:17 -0400] "GET /items83077528.shtml HTTP/1.1" 200 27614 "-" "Mozilla/5.0 AppleWebKit/537.36 (KHTML, like Gecko; compatible; bingbot/2.0; +http://www.bing.com/bingbot.htm) Chrome/116.0.1938.76 Safari/537.36"
66.249.65.104 - - [08/Apr/2025:09:36:20 -0400] "GET /shopbrand/cq/conspicuity/119746.shtml HTTP/1.1" 200 25839 "-" "Mozilla/5.0 (Linux; Android 6.0.1; Nexus 5X Build/MMB29P) AppleWebKit/537.36 (KHTML, like Gecko) Chrome/135.0.7049.52 Mobile Safari/537.36 (compatible; GoogleOther)"
207.46.13.150 - - [08/Apr/2025:09:36:21 -0400] "GET /item/63695246.shtml HTTP/1.1" 200 26404 "-" "Mozilla/5.0 AppleWebKit/537.36 (KHTML, like Gecko; compatible; bingbot/2.0; +http://www.bing.com/bingbot.htm) Chrome/116.0.1938.76 Safari/537.36"
66.249.65.104 - - [08/Apr/2025:09:36:21 -0400] "GET /detail/wa/prodigally58118970.shtml HTTP/1.1" 200 27604 "-" "Mozilla/5.0 (Linux; Android 6.0.1; Nexus 5X Build/MMB29P) AppleWebKit/537.36 (KHTML, like Gecko) Chrome/135.0.7049.52 Mobile Safari/537.36 (compatible; GoogleOther)"
157.55.39.203 - - [08/Apr/2025:09:36:26 -0400] "GET /shopbrand/yokin6497968.shtml HTTP/1.1" 200 24972 "-" "Mozilla/5.0 AppleWebKit/537.36 (KHTML, like Gecko; compatible; bingbot/2.0; +http://www.bing.com/bingbot.htm) Chrome/116.0.1938.76 Safari/537.36"
66.249.65.104 - - [08/Apr/2025:09:36:26 -0400] "GET /categories/1335548?num=33847 HTTP/1.1" 200 26469 "-" "Mozilla/5.0 (Linux; Android 6.0.1; Nexus 5X Build/MMB29P) AppleWebKit/537.36 (KHTML, like Gecko) Chrome/135.0.7049.52 Mobile Safari/537.36 (compatible; GoogleOther)"
45.227.253.15 - - [08/Apr/2025:09:36:30 -0400] "GET /5275b/5275b/5275b/5275b/index.php?of=1 HTTP/1.1" 200 1872 "-" "Mozilla/5.0 (Macintosh; Intel Mac OS X 10.14; rv:103.0) Gecko/20100101 Firefox/101.0"
66.249.65.104 - - [08/Apr/2025:09:36:30 -0400] "GET /product/sgy/machinedriven/117887222.shtml HTTP/1.1" 200 27721 "-" "Mozilla/5.0 (Linux; Android 6.0.1; Nexus 5X Build/MMB29P) AppleWebKit/537.36 (KHTML, like Gecko) Chrome/135.0.7049.52 Mobile Safari/537.36 (compatible; GoogleOther)"
66.249.65.104 - - [08/Apr/2025:09:36:30 -0400] "GET /items/niece49653992.shtml HTTP/1.1" 200 25061 "-" "Mozilla/5.0 (Linux; Android 6.0.1; Nexus 5X Build/MMB29P) AppleWebKit/537.36 (KHTML, like Gecko) Chrome/135.0.7049.52 Mobile Safari/537.36 (compatible; Googlebot/2.1; +http://www.google.com/bot.html)"
66.249.65.104 - - [08/Apr/2025:09:36:31 -0400] "GET /items/x/fluorous/147924.shtml HTTP/1.1" 200 27310 "-" "Mozilla/5.0 (Linux; Android 6.0.1; Nexus 5X Build/MMB29P) AppleWebKit/537.36 (KHTML, like Gecko) Chrome/135.0.7049.52 Mobile Safari/537.36 (compatible; GoogleOther)"
3.144.109.104 - - [08/Apr/2025:09:36:36 -0400] "GET /ad917/?path=%2Fhome%2F.%2F.%2F..%2Flib64%2Fgstreamer-1.0%2Flibgstaudiotestsrc.so HTTP/1.1" 200 966 "-" "Mozilla/5.0 AppleWebKit/537.36 (KHTML, like Gecko; compatible; ClaudeBot/1.0; +claudebot@anthropic.com)"
66.249.65.104 - - [08/Apr/2025:09:36:35 -0400] "GET /info/kwa/laine/125606.shtml HTTP/1.1" 200 27170 "-" "Mozilla/5.0 (Linux; Android 6.0.1; Nexus 5X Build/MMB29P) AppleWebKit/537.36 (KHTML, like Gecko) Chrome/135.0.7049.52 Mobile Safari/537.36 (compatible; GoogleOther)"
3.144.109.104 - - [08/Apr/2025:09:36:38 -0400] "GET /ad917/?path=%2Fhome%2F.%2F.%2F..%2Flib64%2Fgstreamer-1.0%2Flibgstaudioconvert.so HTTP/1.1" 200 965 "-" "Mozilla/5.0 AppleWebKit/537.36 (KHTML, like Gecko; compatible; ClaudeBot/1.0; +claudebot@anthropic.com)"
157.55.39.203 - - [08/Apr/2025:09:36:38 -0400] "GET /special/ko/chalkstone59664658.shtml HTTP/1.1" 200 28986 "-" "Mozilla/5.0 AppleWebKit/537.36 (KHTML, like Gecko; compatible; bingbot/2.0; +http://www.bing.com/bingbot.htm) Chrome/116.0.1938.76 Safari/537.36"
3.144.109.104 - - [08/Apr/2025:09:36:41 -0400] "GET /ad917/?path=%2Fhome%2F.%2F.%2F..%2Flib64%2Fgstreamer-1.0%2Flibgstcoreelements.so HTTP/1.1" 200 964 "-" "Mozilla/5.0 AppleWebKit/537.36 (KHTML, like Gecko; compatible; ClaudeBot/1.0; +claudebot@anthropic.com)"
157.55.39.203 - - [08/Apr/2025:09:36:43 -0400] "GET /items/necrobiosis/46091262.shtml HTTP/1.1" 200 25538 "-" "Mozilla/5.0 AppleWebKit/537.36 (KHTML, like Gecko; compatible; bingbot/2.0; +http://www.bing.com/bingbot.htm) Chrome/116.0.1938.76 Safari/537.36"
66.249.65.104 - - [08/Apr/2025:09:36:44 -0400] "GET /info/t/dartrous/117887276.shtml HTTP/1.1" 200 25050 "-" "Mozilla/5.0 (Linux; Android 6.0.1; Nexus 5X Build/MMB29P) AppleWebKit/537.36 (KHTML, like Gecko) Chrome/135.0.7049.52 Mobile Safari/537.36 (compatible; GoogleOther)"
3.144.109.104 - - [08/Apr/2025:09:36:44 -0400] "GET /ad917/?path=%2Fhome%2F.%2F.%2F..%2Flib64%2Fgstreamer-1.0%2Flibgstcoloreffects.so HTTP/1.1" 200 964 "-" "Mozilla/5.0 AppleWebKit/537.36 (KHTML, like Gecko; compatible; ClaudeBot/1.0; +claudebot@anthropic.com)"
66.249.65.104 - - [08/Apr/2025:09:36:46 -0400] "GET /products/h/coeval/133056.shtml HTTP/1.1" 200 25271 "-" "Mozilla/5.0 (Linux; Android 6.0.1; Nexus 5X Build/MMB29P) AppleWebKit/537.36 (KHTML, like Gecko) Chrome/135.0.7049.52 Mobile Safari/537.36 (compatible; GoogleOther)"
3.144.109.104 - - [08/Apr/2025:09:36:47 -0400] "GET /ad917/?path=%2Fhome%2F.%2F.%2F..%2Flib64%2Fgstreamer-1.0%2Flibgstvideotestsrc.so HTTP/1.1" 200 965 "-" "Mozilla/5.0 AppleWebKit/537.36 (KHTML, like Gecko; compatible; ClaudeBot/1.0; +claudebot@anthropic.com)"
45.227.253.15 - - [08/Apr/2025:09:36:50 -0400] "GET /wp-content/themes/woodmart/js/scripts/header/header/index.php?of=1 HTTP/1.1" 200 9131 "-" "Mozilla/5.0 (Macintosh; Intel Mac OS X 10.11; rv:103.0) Gecko/20100101 Firefox/101.0"
3.144.109.104 - - [08/Apr/2025:09:36:50 -0400] "GET /ad917/?path=%2Fhome%2F.%2F.%2F..%2Flib64%2Fgstreamer-1.0%2Flibgstgaudieffects.so HTTP/1.1" 200 966 "-" "Mozilla/5.0 AppleWebKit/537.36 (KHTML, like Gecko; compatible; ClaudeBot/1.0; +claudebot@anthropic.com)"
157.55.39.203 - - [08/Apr/2025:09:36:51 -0400] "GET /shopping65618154.shtml HTTP/1.1" 200 26818 "-" "Mozilla/5.0 AppleWebKit/537.36 (KHTML, like Gecko; compatible; bingbot/2.0; +http://www.bing.com/bingbot.htm) Chrome/116.0.1938.76 Safari/537.36"
3.144.109.104 - - [08/Apr/2025:09:36:53 -0400] "GET /ad917/?path=%2Fhome%2F.%2F..%2Flib%2Fmodules%2F.%2F4.18.0-513.5.1.lve.el8.x86_64 HTTP/1.1" 200 1447 "-" "Mozilla/5.0 AppleWebKit/537.36 (KHTML, like Gecko; compatible; ClaudeBot/1.0; +claudebot@anthropic.com)"
66.249.65.105 - - [08/Apr/2025:09:36:53 -0400] "GET /detail119143432.shtml HTTP/1.1" 200 26880 "-" "Mozilla/5.0 (compatible; Googlebot/2.1; +http://www.google.com/bot.html)"
3.144.109.104 - - [08/Apr/2025:09:36:56 -0400] "GET /ad917/?path=%2Fhome%2F.%2F..%2Fusr%2Flib64%2F.%2FlibGraphicsMagick-Q16.so.3.24.0 HTTP/1.1" 200 969 "-" "Mozilla/5.0 AppleWebKit/537.36 (KHTML, like Gecko; compatible; ClaudeBot/1.0; +claudebot@anthropic.com)"
3.144.109.104 - - [08/Apr/2025:09:36:59 -0400] "GET /ad917/?path=%2Fhome%2F.%2F..%2Fusr%2Flib64%2F.%2Flibwebrtc_audio_processing.so.1 HTTP/1.1" 200 961 "-" "Mozilla/5.0 AppleWebKit/537.36 (KHTML, like Gecko; compatible; ClaudeBot/1.0; +claudebot@anthropic.com)"
66.249.65.104 - - [08/Apr/2025:09:37:00 -0400] "GET /shopping/kq/firedrake/92322090.shtml HTTP/1.1" 200 26943 "-" "Mozilla/5.0 (Linux; Android 6.0.1; Nexus 5X Build/MMB29P) AppleWebKit/537.36 (KHTML, like Gecko) Chrome/135.0.7049.52 Mobile Safari/537.36 (compatible; GoogleOther)"
157.55.39.203 - - [08/Apr/2025:09:37:00 -0400] "GET /items90614474.shtml HTTP/1.1" 200 27071 "-" "Mozilla/5.0 AppleWebKit/537.36 (KHTML, like Gecko; compatible; bingbot/2.0; +http://www.bing.com/bingbot.htm) Chrome/116.0.1938.76 Safari/537.36"
66.249.65.104 - - [08/Apr/2025:09:37:01 -0400] "GET /items/t/bamboozling/59017476.shtml HTTP/1.1" 200 25355 "-" "Mozilla/5.0 (Linux; Android 6.0.1; Nexus 5X Build/MMB29P) AppleWebKit/537.36 (KHTML, like Gecko) Chrome/135.0.7049.52 Mobile Safari/537.36 (compatible; GoogleOther)"
3.144.109.104 - - [08/Apr/2025:09:37:02 -0400] "GET /ad917/?path=%2Fhome%2F.%2F..%2Fusr%2Flib64%2F.%2FlibQt5MultimediaWidgets.so.5.15 HTTP/1.1" 200 967 "-" "Mozilla/5.0 AppleWebKit/537.36 (KHTML, like Gecko; compatible; ClaudeBot/1.0; +claudebot@anthropic.com)"
66.249.65.105 - - [08/Apr/2025:09:37:02 -0400] "GET /entity/yku/podogynium/128330.shtml HTTP/1.1" 200 27669 "-" "Mozilla/5.0 (Linux; Android 6.0.1; Nexus 5X Build/MMB29P) AppleWebKit/537.36 (KHTML, like Gecko) Chrome/135.0.7049.52 Mobile Safari/537.36 (compatible; GoogleOther)"
157.55.39.203 - - [08/Apr/2025:09:37:03 -0400] "GET /products/88154434.shtml HTTP/1.1" 200 30497 "-" "Mozilla/5.0 AppleWebKit/537.36 (KHTML, like Gecko; compatible; bingbot/2.0; +http://www.bing.com/bingbot.htm) Chrome/116.0.1938.76 Safari/537.36"
66.249.65.105 - - [08/Apr/2025:09:37:03 -0400] "GET /shopping/inthralled/136478.shtml HTTP/1.1" 200 29082 "-" "Mozilla/5.0 (Linux; Android 6.0.1; Nexus 5X Build/MMB29P) AppleWebKit/537.36 (KHTML, like Gecko) Chrome/135.0.7049.52 Mobile Safari/537.36 (compatible; GoogleOther)"
3.144.109.104 - - [08/Apr/2025:09:37:05 -0400] "GET /ad917/?path=%2Fhome%2F.%2F..%2Fusr%2Flib64%2F.%2Flibnetfilter_conntrack.so.3.6.0 HTTP/1.1" 200 965 "-" "Mozilla/5.0 AppleWebKit/537.36 (KHTML, like Gecko; compatible; ClaudeBot/1.0; +claudebot@anthropic.com)"
3.144.109.104 - - [08/Apr/2025:09:37:08 -0400] "GET /ad917/?path=%2Fhome%2F.%2F..%2Fusr%2Flib64%2F.%2Flibgstbasecamerabinsrc-1.0.so.0 HTTP/1.1" 200 964 "-" "Mozilla/5.0 AppleWebKit/537.36 (KHTML, like Gecko; compatible; ClaudeBot/1.0; +claudebot@anthropic.com)"
66.249.65.104 - - [08/Apr/2025:09:37:09 -0400] "GET /entity/t/flingdust/129272.shtml HTTP/1.1" 200 26507 "-" "Mozilla/5.0 (Linux; Android 6.0.1; Nexus 5X Build/MMB29P) AppleWebKit/537.36 (KHTML, like Gecko) Chrome/135.0.7049.52 Mobile Safari/537.36 (compatible; GoogleOther)"
207.46.13.150 - - [08/Apr/2025:09:37:09 -0400] "GET /items/urceolar/118032680.shtml HTTP/1.1" 200 26885 "-" "Mozilla/5.0 AppleWebKit/537.36 (KHTML, like Gecko; compatible; bingbot/2.0; +http://www.bing.com/bingbot.htm) Chrome/116.0.1938.76 Safari/537.36"
3.144.109.104 - - [08/Apr/2025:09:37:11 -0400] "GET /ad917/?path=%2Fhome%2F.%2F..%2Fusr%2Flib64%2F.%2Flibgstinsertbin-1.0.so.0.1601.0 HTTP/1.1" 200 965 "-" "Mozilla/5.0 AppleWebKit/537.36 (KHTML, like Gecko; compatible; ClaudeBot/1.0; +claudebot@anthropic.com)"
3.144.109.104 - - [08/Apr/2025:09:37:14 -0400] "GET /ad917/?path=%2Fhome%2F.%2F..%2Fusr%2Flib64%2F.%2Flibguilereadline-v-18.so.18.0.0 HTTP/1.1" 200 962 "-" "Mozilla/5.0 AppleWebKit/537.36 (KHTML, like Gecko; compatible; ClaudeBot/1.0; +claudebot@anthropic.com)"
66.249.70.104 - - [08/Apr/2025:09:37:15 -0400] "GET /detail/by/billion/70831148.shtml HTTP/1.1" 200 25402 "-" "Mozilla/5.0 (Linux; Android 6.0.1; Nexus 5X Build/MMB29P) AppleWebKit/537.36 (KHTML, like Gecko) Chrome/135.0.7049.52 Mobile Safari/537.36 (compatible; GoogleOther)"
3.144.109.104 - - [08/Apr/2025:09:37:17 -0400] "GET /ad917/?path=%2Fhome%2F.%2F..%2Fusr%2Flib64%2F.%2FlibQt5EglFsKmsSupport.so.5.15.3 HTTP/1.1" 200 969 "-" "Mozilla/5.0 AppleWebKit/537.36 (KHTML, like Gecko; compatible; ClaudeBot/1.0; +claudebot@anthropic.com)"
66.249.65.104 - - [08/Apr/2025:09:37:19 -0400] "GET /special/amphioxidae/141640.shtml HTTP/1.1" 200 27527 "-" "Mozilla/5.0 (Linux; Android 6.0.1; Nexus 5X Build/MMB29P) AppleWebKit/537.36 (KHTML, like Gecko) Chrome/135.0.7049.52 Mobile Safari/537.36 (compatible; GoogleOther)"
3.144.109.104 - - [08/Apr/2025:09:37:20 -0400] "GET /ad917/?path=%2Fhome%2F.%2F..%2Fusr%2Flib64%2F.%2FlibQt5QmlWorkerScript.so.5.15.3 HTTP/1.1" 200 969 "-" "Mozilla/5.0 AppleWebKit/537.36 (KHTML, like Gecko; compatible; ClaudeBot/1.0; +claudebot@anthropic.com)"
66.249.65.104 - - [08/Apr/2025:09:37:21 -0400] "GET /items/n/heroess/40566808.shtml HTTP/1.1" 200 28605 "-" "Mozilla/5.0 (Linux; Android 6.0.1; Nexus 5X Build/MMB29P) AppleWebKit/537.36 (KHTML, like Gecko) Chrome/135.0.7049.52 Mobile Safari/537.36 (compatible; GoogleOther)"
3.144.109.104 - - [08/Apr/2025:09:37:23 -0400] "GET /ad917/?path=%2Fhome%2F.%2F..%2Fusr%2Flib64%2F.%2FlibQt5MultimediaQuick.so.5.15.3 HTTP/1.1" 200 968 "-" "Mozilla/5.0 AppleWebKit/537.36 (KHTML, like Gecko; compatible; ClaudeBot/1.0; +claudebot@anthropic.com)"
157.55.39.63 - - [08/Apr/2025:09:34:07 -0400] "GET /products/zuc/plausible/75891376.shtml HTTP/1.1" 200 26947 "-" "Mozilla/5.0 AppleWebKit/537.36 (KHTML, like Gecko; compatible; bingbot/2.0; +http://www.bing.com/bingbot.htm) Chrome/116.0.1938.76 Safari/537.36"
18.188.228.10 - - [08/Apr/2025:09:34:09 -0400] "GET /ad917/?path=%2Fhome%2F.%2F..%2Fhome2%2F..%2Flib64%2Flibfftw3_threads.so.3.5.5 HTTP/1.1" 200 965 "-" "Mozilla/5.0 AppleWebKit/537.36 (KHTML, like Gecko; compatible; ClaudeBot/1.0; +claudebot@anthropic.com)"
157.55.39.55 - - [08/Apr/2025:09:34:10 -0400] "GET /entity/1467778.shtml HTTP/1.1" 200 27201 "-" "Mozilla/5.0 AppleWebKit/537.36 (KHTML, like Gecko; compatible; bingbot/2.0; +http://www.bing.com/bingbot.htm) Chrome/116.0.1938.76 Safari/537.36"
18.188.228.10 - - [08/Apr/2025:09:34:12 -0400] "GET /ad917/?path=%2Fhome%2F.%2F..%2Fhome5%2F..%2Flib64%2Flibmemcachedutil.so.2.0.0 HTTP/1.1" 200 962 "-" "Mozilla/5.0 AppleWebKit/537.36 (KHTML, like Gecko; compatible; ClaudeBot/1.0; +claudebot@anthropic.com)"
66.249.65.104 - - [08/Apr/2025:09:34:13 -0400] "GET /special/h/treacly/40563264.shtml HTTP/1.1" 200 25832 "-" "Mozilla/5.0 (Linux; Android 6.0.1; Nexus 5X Build/MMB29P) AppleWebKit/537.36 (KHTML, like Gecko) Chrome/135.0.7049.52 Mobile Safari/537.36 (compatible; GoogleOther)"
40.77.167.150 - - [08/Apr/2025:09:37:24 -0400] "GET /entity/t/epipodial46466108.shtml HTTP/1.1" 200 26282 "-" "Mozilla/5.0 AppleWebKit/537.36 (KHTML, like Gecko; compatible; bingbot/2.0; +http://www.bing.com/bingbot.htm) Chrome/116.0.1938.76 Safari/537.36"
3.144.109.104 - - [08/Apr/2025:09:37:26 -0400] "GET /ad917/?path=%2Fhome%2F.%2F..%2Flib%2Ftuned%2Fcloudlinux-latency-performance%2F.. HTTP/1.1" 200 2076 "-" "Mozilla/5.0 AppleWebKit/537.36 (KHTML, like Gecko; compatible; ClaudeBot/1.0; +claudebot@anthropic.com)"
207.46.13.150 - - [08/Apr/2025:09:37:28 -0400] "GET /entity/flinching/34488762.shtml HTTP/1.1" 200 28318 "-" "Mozilla/5.0 AppleWebKit/537.36 (KHTML, like Gecko; compatible; bingbot/2.0; +http://www.bing.com/bingbot.htm) Chrome/116.0.1938.76 Safari/537.36"
157.55.39.203 - - [08/Apr/2025:09:37:28 -0400] "GET /entity/75874512.shtml HTTP/1.1" 200 26213 "-" "Mozilla/5.0 AppleWebKit/537.36 (KHTML, like Gecko; compatible; bingbot/2.0; +http://www.bing.com/bingbot.htm) Chrome/116.0.1938.76 Safari/537.36"
3.144.109.104 - - [08/Apr/2025:09:37:29 -0400] "GET /ad917/?path=%2Fhome%2F.%2F..%2Fusr%2Flib64%2F.%2Flibbabeltrace-ctf-text.so.1.0.0 HTTP/1.1" 200 965 "-" "Mozilla/5.0 AppleWebKit/537.36 (KHTML, like Gecko; compatible; ClaudeBot/1.0; +claudebot@anthropic.com)"
3.144.109.104 - - [08/Apr/2025:09:37:33 -0400] "GET /ad917/?path=%2Fhome%2F.%2F..%2Fusr%2Flib64%2F.%2Flibpulse-mainloop-glib.so.0.0.6 HTTP/1.1" 200 965 "-" "Mozilla/5.0 AppleWebKit/537.36 (KHTML, like Gecko; compatible; ClaudeBot/1.0; +claudebot@anthropic.com)"
66.249.65.104 - - [08/Apr/2025:09:37:34 -0400] "GET /info/u/taupie/148974.shtml HTTP/1.1" 200 26574 "-" "Mozilla/5.0 (Linux; Android 6.0.1; Nexus 5X Build/MMB29P) AppleWebKit/537.36 (KHTML, like Gecko) Chrome/135.0.7049.52 Mobile Safari/537.36 (compatible; GoogleOther)"
