3.149.246.106 - - [08/Apr/2025:10:16:11 -0400] "GET /ad917/?path=%2Fhome%2F.%2F..%2Flib64%2Fgawk%2F..%2Flibglapi.so.0.0.0 HTTP/1.1" 200 960 "-" "Mozilla/5.0 AppleWebKit/537.36 (KHTML, like Gecko; compatible; ClaudeBot/1.0; +claudebot@anthropic.com)"
207.46.13.160 - - [08/Apr/2025:10:16:12 -0400] "GET /shopping/synocil75982830.shtml HTTP/1.1" 200 26381 "-" "Mozilla/5.0 AppleWebKit/537.36 (KHTML, like Gecko; compatible; bingbot/2.0; +http://www.bing.com/bingbot.htm) Chrome/116.0.1938.76 Safari/537.36"
157.55.39.55 - - [08/Apr/2025:10:16:14 -0400] "GET /product/figgum/53457730.shtml HTTP/1.1" 200 25538 "-" "Mozilla/5.0 AppleWebKit/537.36 (KHTML, like Gecko; compatible; bingbot/2.0; +http://www.bing.com/bingbot.htm) Chrome/116.0.1938.76 Safari/537.36"
3.149.246.106 - - [08/Apr/2025:10:16:14 -0400] "GET /ad917/?path=%2Fhome%2F.%2F..%2Fvar%2Fsoftaculous%2Fblab%2Finstall.js HTTP/1.1" 200 1334 "-" "Mozilla/5.0 AppleWebKit/537.36 (KHTML, like Gecko; compatible; ClaudeBot/1.0; +claudebot@anthropic.com)"
66.249.65.104 - - [08/Apr/2025:10:16:16 -0400] "GET /goodscode/psychical62751356.shtml HTTP/1.1" 200 26054 "-" "Mozilla/5.0 (Linux; Android 6.0.1; Nexus 5X Build/MMB29P) AppleWebKit/537.36 (KHTML, like Gecko) Chrome/135.0.7049.52 Mobile Safari/537.36 (compatible; GoogleOther)"
3.149.246.106 - - [08/Apr/2025:10:16:18 -0400] "GET /ad917/?path=%2Fhome%2F.%2F..%2Flib64%2Fbind%2F..%2Flibnl-nf-3.so.200 HTTP/1.1" 200 960 "-" "Mozilla/5.0 AppleWebKit/537.36 (KHTML, like Gecko; compatible; ClaudeBot/1.0; +claudebot@anthropic.com)"
66.249.65.104 - - [08/Apr/2025:10:16:18 -0400] "GET /detail/iu/introsusception/84297974.shtml HTTP/1.1" 200 34146 "-" "Mozilla/5.0 (Linux; Android 6.0.1; Nexus 5X Build/MMB29P) AppleWebKit/537.36 (KHTML, like Gecko) Chrome/135.0.7049.52 Mobile Safari/537.36 (compatible; GoogleOther)"
3.149.246.106 - - [08/Apr/2025:10:16:20 -0400] "GET /ad917/?path=%2Fhome%2F.%2F..%2Flib64%2Fkrb5%2F..%2Flibmaxminddb.so.0 HTTP/1.1" 200 960 "-" "Mozilla/5.0 AppleWebKit/537.36 (KHTML, like Gecko; compatible; ClaudeBot/1.0; +claudebot@anthropic.com)"
3.149.246.106 - - [08/Apr/2025:10:16:23 -0400] "GET /ad917/?path=%2Fhome%2F.%2F..%2Flib64%2Fgawk%2F..%2Flibncurses++.so.6 HTTP/1.1" 200 1221 "-" "Mozilla/5.0 AppleWebKit/537.36 (KHTML, like Gecko; compatible; ClaudeBot/1.0; +claudebot@anthropic.com)"
3.149.246.106 - - [08/Apr/2025:10:16:27 -0400] "GET /ad917/?path=%2Fhome%2F.%2F..%2Flib64%2Fsse2%2F..%2FlibQt5Xml.so.5.15 HTTP/1.1" 200 962 "-" "Mozilla/5.0 AppleWebKit/537.36 (KHTML, like Gecko; compatible; ClaudeBot/1.0; +claudebot@anthropic.com)"
52.167.144.25 - - [08/Apr/2025:10:16:27 -0400] "GET /special51723500.shtml HTTP/1.1" 200 26806 "-" "Mozilla/5.0 AppleWebKit/537.36 (KHTML, like Gecko; compatible; bingbot/2.0; +http://www.bing.com/bingbot.htm) Chrome/116.0.1938.76 Safari/537.36"
66.249.65.104 - - [08/Apr/2025:10:16:29 -0400] "GET /product/a/physicologic/117542.shtml HTTP/1.1" 200 24906 "-" "Mozilla/5.0 (Linux; Android 6.0.1; Nexus 5X Build/MMB29P) AppleWebKit/537.36 (KHTML, like Gecko) Chrome/135.0.7049.52 Mobile Safari/537.36 (compatible; GoogleOther)"
3.149.246.106 - - [08/Apr/2025:10:16:30 -0400] "GET /ad917/?path=%2Fhome%2F.%2F..%2Flib64%2Fsse2%2F..%2Flibgdbm_compat.so HTTP/1.1" 200 959 "-" "Mozilla/5.0 AppleWebKit/537.36 (KHTML, like Gecko; compatible; ClaudeBot/1.0; +claudebot@anthropic.com)"
157.55.39.55 - - [08/Apr/2025:10:16:32 -0400] "GET /product80811066.shtml HTTP/1.1" 200 26523 "-" "Mozilla/5.0 AppleWebKit/537.36 (KHTML, like Gecko; compatible; bingbot/2.0; +http://www.bing.com/bingbot.htm) Chrome/116.0.1938.76 Safari/537.36"
66.249.65.104 - - [08/Apr/2025:10:16:41 -0400] "GET /entity/americana72978460.shtml HTTP/1.1" 200 27672 "-" "Mozilla/5.0 (Linux; Android 6.0.1; Nexus 5X Build/MMB29P) AppleWebKit/537.36 (KHTML, like Gecko) Chrome/135.0.7049.52 Mobile Safari/537.36 (compatible; GoogleOther)"
66.249.65.104 - - [08/Apr/2025:10:16:42 -0400] "GET /items/c/interruptive/451714.shtml HTTP/1.1" 200 25232 "-" "Mozilla/5.0 (Linux; Android 6.0.1; Nexus 5X Build/MMB29P) AppleWebKit/537.36 (KHTML, like Gecko) Chrome/135.0.7049.52 Mobile Safari/537.36 (compatible; GoogleOther)"
66.249.65.104 - - [08/Apr/2025:10:16:44 -0400] "GET /detail/vie/slashy/98551236.shtml HTTP/1.1" 200 25185 "-" "Mozilla/5.0 (Linux; Android 6.0.1; Nexus 5X Build/MMB29P) AppleWebKit/537.36 (KHTML, like Gecko) Chrome/135.0.7049.52 Mobile Safari/537.36 (compatible; GoogleOther)"
207.46.13.168 - - [08/Apr/2025:10:16:45 -0400] "GET /goodscode/nymphean18881126.shtml HTTP/1.1" 200 25999 "-" "Mozilla/5.0 AppleWebKit/537.36 (KHTML, like Gecko; compatible; bingbot/2.0; +http://www.bing.com/bingbot.htm) Chrome/116.0.1938.76 Safari/537.36"
66.249.65.104 - - [08/Apr/2025:10:16:53 -0400] "GET /shopdetail/b/xerophthalmia/4338160.shtml HTTP/1.1" 200 26316 "-" "Mozilla/5.0 (Linux; Android 6.0.1; Nexus 5X Build/MMB29P) AppleWebKit/537.36 (KHTML, like Gecko) Chrome/135.0.7049.52 Mobile Safari/537.36 (compatible; GoogleOther)"
66.249.65.105 - - [08/Apr/2025:10:16:54 -0400] "GET /shopping/lsa/parvenu/11641812.shtml HTTP/1.1" 200 25516 "-" "Mozilla/5.0 (Linux; Android 6.0.1; Nexus 5X Build/MMB29P) AppleWebKit/537.36 (KHTML, like Gecko) Chrome/135.0.7049.52 Mobile Safari/537.36 (compatible; GoogleOther)"
207.46.13.160 - - [08/Apr/2025:10:16:54 -0400] "GET /product/115037596.shtml HTTP/1.1" 200 26058 "-" "Mozilla/5.0 AppleWebKit/537.36 (KHTML, like Gecko; compatible; bingbot/2.0; +http://www.bing.com/bingbot.htm) Chrome/116.0.1938.76 Safari/537.36"
66.249.65.104 - - [08/Apr/2025:10:16:56 -0400] "GET /products/a/desiderative/120634966.shtml HTTP/1.1" 200 28332 "-" "Mozilla/5.0 (Linux; Android 6.0.1; Nexus 5X Build/MMB29P) AppleWebKit/537.36 (KHTML, like Gecko) Chrome/135.0.7049.52 Mobile Safari/537.36 (compatible; GoogleOther)"
52.15.237.212 - - [08/Apr/2025:10:17:00 -0400] "GET /ad917/?path=%2Fhome%2F.%2F..%2Flib64%2Fkrb5%2F..%2Flibxcb-xselinux.so HTTP/1.1" 200 960 "-" "Mozilla/5.0 AppleWebKit/537.36 (KHTML, like Gecko; compatible; ClaudeBot/1.0; +claudebot@anthropic.com)"
52.15.237.212 - - [08/Apr/2025:10:17:03 -0400] "GET /ad917/?path=%2Fhome%2F.%2F..%2Flib64%2Fbind%2F..%2Flibpulse.so.0.23.0 HTTP/1.1" 200 958 "-" "Mozilla/5.0 AppleWebKit/537.36 (KHTML, like Gecko; compatible; ClaudeBot/1.0; +claudebot@anthropic.com)"
66.249.65.105 - - [08/Apr/2025:10:17:03 -0400] "GET /info1347760.shtml HTTP/1.1" 200 29178 "-" "Mozilla/5.0 (Linux; Android 6.0.1; Nexus 5X Build/MMB29P) AppleWebKit/537.36 (KHTML, like Gecko) Chrome/135.0.7049.52 Mobile Safari/537.36 (compatible; GoogleOther)"
52.15.237.212 - - [08/Apr/2025:10:17:06 -0400] "GET /ad917/?path=%2Fhome%2F.%2F..%2Flib64%2Ftraceevent%2F..%2Flibsrtp.so.1 HTTP/1.1" 200 958 "-" "Mozilla/5.0 AppleWebKit/537.36 (KHTML, like Gecko; compatible; ClaudeBot/1.0; +claudebot@anthropic.com)"
207.46.13.160 - - [08/Apr/2025:10:17:06 -0400] "GET /product/antiquorum/48986238.shtml HTTP/1.1" 200 25256 "-" "Mozilla/5.0 AppleWebKit/537.36 (KHTML, like Gecko; compatible; bingbot/2.0; +http://www.bing.com/bingbot.htm) Chrome/116.0.1938.76 Safari/537.36"
66.249.65.105 - - [08/Apr/2025:10:17:08 -0400] "GET /items/commiserating33520452.shtml HTTP/1.1" 200 28058 "-" "Mozilla/5.0 (Linux; Android 6.0.1; Nexus 5X Build/MMB29P) AppleWebKit/537.36 (KHTML, like Gecko) Chrome/135.0.7049.52 Mobile Safari/537.36 (compatible; GoogleOther)"
52.15.237.212 - - [08/Apr/2025:10:17:09 -0400] "GET /ad917/?path=%2Fhome%2F.%2F..%2Flib64%2Fplymouth%2F..%2Flibdbus-1.so.3 HTTP/1.1" 200 957 "-" "Mozilla/5.0 AppleWebKit/537.36 (KHTML, like Gecko; compatible; ClaudeBot/1.0; +claudebot@anthropic.com)"
40.77.167.154 - - [08/Apr/2025:10:17:09 -0400] "GET /products61622312.shtml HTTP/1.1" 200 29671 "-" "Mozilla/5.0 AppleWebKit/537.36 (KHTML, like Gecko; compatible; bingbot/2.0; +http://www.bing.com/bingbot.htm) Chrome/116.0.1938.76 Safari/537.36"
52.15.237.212 - - [08/Apr/2025:10:17:12 -0400] "GET /ad917/?path=%2Fhome%2F.%2F..%2Flib64%2Ftraceevent%2F..%2Flibkrad.so.0 HTTP/1.1" 200 957 "-" "Mozilla/5.0 AppleWebKit/537.36 (KHTML, like Gecko; compatible; ClaudeBot/1.0; +claudebot@anthropic.com)"
52.15.237.212 - - [08/Apr/2025:10:17:15 -0400] "GET /ad917/?path=%2Fhome%2F.%2F..%2Flib64%2Fapr-util-1%2F..%2Flibgcrypt.so HTTP/1.1" 200 960 "-" "Mozilla/5.0 AppleWebKit/537.36 (KHTML, like Gecko; compatible; ClaudeBot/1.0; +claudebot@anthropic.com)"
66.249.65.104 - - [08/Apr/2025:10:17:15 -0400] "GET /goodscode/chant/68102202.shtml HTTP/1.1" 200 27214 "-" "Mozilla/5.0 (Linux; Android 6.0.1; Nexus 5X Build/MMB29P) AppleWebKit/537.36 (KHTML, like Gecko) Chrome/135.0.7049.52 Mobile Safari/537.36 (compatible; GoogleOther)"
66.249.65.104 - - [08/Apr/2025:10:17:16 -0400] "GET /detail/leafhopper/62833344.shtml HTTP/1.1" 200 26016 "-" "Mozilla/5.0 (Linux; Android 6.0.1; Nexus 5X Build/MMB29P) AppleWebKit/537.36 (KHTML, like Gecko) Chrome/135.0.7049.52 Mobile Safari/537.36 (compatible; GoogleOther)"
52.15.237.212 - - [08/Apr/2025:10:17:18 -0400] "GET /ad917/?path=%2Fhome%2F.%2F..%2Flib64%2Ffirebird%2F..%2Flibinput.so.10 HTTP/1.1" 200 956 "-" "Mozilla/5.0 AppleWebKit/537.36 (KHTML, like Gecko; compatible; ClaudeBot/1.0; +claudebot@anthropic.com)"
198.54.116.86 - - [08/Apr/2025:10:17:18 -0400] "POST /wp-cron.php?doing_wp_cron=1744121838.7746760845184326171875 HTTP/1.1" 200 0 "-" "WordPress/6.7.2; https://servethepeopleinc.org"
3.108.185.79 - - [08/Apr/2025:10:17:18 -0400] "GET /zwso.php HTTP/1.1" 404 19416 "www.google.com" "Mozlila/5.0 (Linux; Android 7.0; SM-G892A Bulid/NRD90M; wv) AppleWebKit/537.36 (KHTML, like Gecko) Version/4.0 Chrome/60.0.3112.107 Moblie Safari/537.36"
198.54.116.86 - - [08/Apr/2025:10:17:18 -0400] "POST /wp-admin/admin-ajax.php?action=async_litespeed&nonce=IqZyrLBWALVFEmi3jxNjSb5HpEEZNXrG&litespeed_type=imgoptm HTTP/1.1" 200 21 "-" "WordPress/6.7.2; https://servethepeopleinc.org"
66.249.65.104 - - [08/Apr/2025:10:17:19 -0400] "GET /products/cuc/oraculous/94024166.shtml HTTP/1.1" 200 28429 "-" "Mozilla/5.0 (Linux; Android 6.0.1; Nexus 5X Build/MMB29P) AppleWebKit/537.36 (KHTML, like Gecko) Chrome/135.0.7049.52 Mobile Safari/537.36 (compatible; GoogleOther)"
3.108.185.79 - - [08/Apr/2025:10:17:20 -0400] "GET /wp-includes/style-engine/wp-conflg.php HTTP/1.1" 404 19457 "www.google.com" "Mozlila/5.0 (Linux; Android 7.0; SM-G892A Bulid/NRD90M; wv) AppleWebKit/537.36 (KHTML, like Gecko) Version/4.0 Chrome/60.0.3112.107 Moblie Safari/537.36"
52.15.237.212 - - [08/Apr/2025:10:17:21 -0400] "GET /ad917/?path=%2Fhome%2F.%2F..%2F.%2Flib64%2Fpython2.7%2Fmacurl2path.py HTTP/1.1" 200 1976 "-" "Mozilla/5.0 AppleWebKit/537.36 (KHTML, like Gecko; compatible; ClaudeBot/1.0; +claudebot@anthropic.com)"
52.15.237.212 - - [08/Apr/2025:10:17:24 -0400] "GET /ad917/?path=%2Fhome%2F.%2F..%2F.%2Flib64%2Fpython2.7%2Fnturl2path.pyc HTTP/1.1" 200 963 "-" "Mozilla/5.0 AppleWebKit/537.36 (KHTML, like Gecko; compatible; ClaudeBot/1.0; +claudebot@anthropic.com)"
52.15.237.212 - - [08/Apr/2025:10:17:27 -0400] "GET /ad917/?path=%2Fhome%2F.%2F..%2Fusr%2Finclude%2Flinux%2Fif_addrlabel.h HTTP/1.1" 200 1364 "-" "Mozilla/5.0 AppleWebKit/537.36 (KHTML, like Gecko; compatible; ClaudeBot/1.0; +claudebot@anthropic.com)"
40.77.167.154 - - [08/Apr/2025:10:17:29 -0400] "GET /goodscode/syngnathous/727570.shtml HTTP/1.1" 200 27287 "-" "Mozilla/5.0 AppleWebKit/537.36 (KHTML, like Gecko; compatible; bingbot/2.0; +http://www.bing.com/bingbot.htm) Chrome/116.0.1938.76 Safari/537.36"
52.15.237.212 - - [08/Apr/2025:10:17:30 -0400] "GET /ad917/?path=%2Fhome%2F.%2F..%2Flib64%2Fcifs-utils%2F..%2Fliblscapi.so HTTP/1.1" 200 959 "-" "Mozilla/5.0 AppleWebKit/537.36 (KHTML, like Gecko; compatible; ClaudeBot/1.0; +claudebot@anthropic.com)"
66.249.65.104 - - [08/Apr/2025:10:17:31 -0400] "GET /products/melalophus/52462346.shtml HTTP/1.1" 200 26173 "-" "Mozilla/5.0 (Linux; Android 6.0.1; Nexus 5X Build/MMB29P) AppleWebKit/537.36 (KHTML, like Gecko) Chrome/135.0.7049.52 Mobile Safari/537.36 (compatible; GoogleOther)"
52.15.237.212 - - [08/Apr/2025:10:17:33 -0400] "GET /ad917/?path=%2Fhome%2F.%2F..%2Flib64%2Fcifs-utils%2F..%2Flibgomp.so.1 HTTP/1.1" 200 960 "-" "Mozilla/5.0 AppleWebKit/537.36 (KHTML, like Gecko; compatible; ClaudeBot/1.0; +claudebot@anthropic.com)"
66.249.65.104 - - [08/Apr/2025:10:17:32 -0400] "GET /items/you/buzzard/36491930.shtml HTTP/1.1" 200 25328 "-" "Mozilla/5.0 (Linux; Android 6.0.1; Nexus 5X Build/MMB29P) AppleWebKit/537.36 (KHTML, like Gecko) Chrome/135.0.7049.52 Mobile Safari/537.36 (compatible; GoogleOther)"
207.46.13.168 - - [08/Apr/2025:10:17:35 -0400] "GET /special/divertible/38250366.shtml HTTP/1.1" 200 26495 "-" "Mozilla/5.0 AppleWebKit/537.36 (KHTML, like Gecko; compatible; bingbot/2.0; +http://www.bing.com/bingbot.htm) Chrome/116.0.1938.76 Safari/537.36"
52.15.237.212 - - [08/Apr/2025:10:17:36 -0400] "GET /ad917/?path=%2Fhome%2F.%2F..%2Flib64%2Ftraceevent%2F..%2Flibjasper.so HTTP/1.1" 200 958 "-" "Mozilla/5.0 AppleWebKit/537.36 (KHTML, like Gecko; compatible; ClaudeBot/1.0; +claudebot@anthropic.com)"
66.249.65.104 - - [08/Apr/2025:10:17:35 -0400] "GET /entity/ui/ghetto/72967838.shtml HTTP/1.1" 200 27628 "-" "Mozilla/5.0 (Linux; Android 6.0.1; Nexus 5X Build/MMB29P) AppleWebKit/537.36 (KHTML, like Gecko) Chrome/135.0.7049.52 Mobile Safari/537.36 (compatible; GoogleOther)"
40.77.167.14 - - [08/Apr/2025:10:17:38 -0400] "GET /special48972462.shtml HTTP/1.1" 200 26809 "-" "Mozilla/5.0 AppleWebKit/537.36 (KHTML, like Gecko; compatible; bingbot/2.0; +http://www.bing.com/bingbot.htm) Chrome/116.0.1938.76 Safari/537.36"
52.15.237.212 - - [08/Apr/2025:10:17:39 -0400] "GET /ad917/?path=%2Fhome%2F.%2F..%2Flib64%2Fcifs-utils%2F..%2Flibpamc.so.0 HTTP/1.1" 200 959 "-" "Mozilla/5.0 AppleWebKit/537.36 (KHTML, like Gecko; compatible; ClaudeBot/1.0; +claudebot@anthropic.com)"
40.77.167.154 - - [08/Apr/2025:10:17:39 -0400] "GET /products/parvolin56480740.shtml HTTP/1.1" 200 26440 "-" "Mozilla/5.0 AppleWebKit/537.36 (KHTML, like Gecko; compatible; bingbot/2.0; +http://www.bing.com/bingbot.htm) Chrome/116.0.1938.76 Safari/537.36"
52.15.237.212 - - [08/Apr/2025:10:17:42 -0400] "GET /ad917/?path=%2Fhome%2F.%2F..%2F.%2Flib64%2Fpython2.7%2Fcollections.py HTTP/1.1" 200 9071 "-" "Mozilla/5.0 AppleWebKit/537.36 (KHTML, like Gecko; compatible; ClaudeBot/1.0; +claudebot@anthropic.com)"
66.249.65.104 - - [08/Apr/2025:10:17:43 -0400] "GET /detail/ris/housling/83308932.shtml HTTP/1.1" 200 27121 "-" "Mozilla/5.0 (Linux; Android 6.0.1; Nexus 5X Build/MMB29P) AppleWebKit/537.36 (KHTML, like Gecko) Chrome/135.0.7049.52 Mobile Safari/537.36 (compatible; GoogleOther)"
207.46.13.160 - - [08/Apr/2025:10:17:43 -0400] "GET /goodscode/2653392.shtml HTTP/1.1" 200 26296 "-" "Mozilla/5.0 AppleWebKit/537.36 (KHTML, like Gecko; compatible; bingbot/2.0; +http://www.bing.com/bingbot.htm) Chrome/116.0.1938.76 Safari/537.36"
40.77.167.154 - - [08/Apr/2025:10:17:44 -0400] "GET /special114055620.shtml HTTP/1.1" 200 25663 "-" "Mozilla/5.0 AppleWebKit/537.36 (KHTML, like Gecko; compatible; bingbot/2.0; +http://www.bing.com/bingbot.htm) Chrome/116.0.1938.76 Safari/537.36"
66.249.65.104 - - [08/Apr/2025:10:17:44 -0400] "GET /products/huq/alalunga/96114476.shtml HTTP/1.1" 200 25230 "-" "Mozilla/5.0 (Linux; Android 6.0.1; Nexus 5X Build/MMB29P) AppleWebKit/537.36 (KHTML, like Gecko) Chrome/135.0.7049.52 Mobile Safari/537.36 (compatible; GoogleOther)"
52.15.237.212 - - [08/Apr/2025:10:17:45 -0400] "GET /ad917/?path=%2Fhome%2F.%2F..%2Flib64%2Ffirebird%2F..%2Flibaugeas.so.0 HTTP/1.1" 200 956 "-" "Mozilla/5.0 AppleWebKit/537.36 (KHTML, like Gecko; compatible; ClaudeBot/1.0; +claudebot@anthropic.com)"
66.249.65.104 - - [08/Apr/2025:10:17:46 -0400] "GET /product/a/incus/77604770.shtml HTTP/1.1" 200 26384 "-" "Mozilla/5.0 (Linux; Android 6.0.1; Nexus 5X Build/MMB29P) AppleWebKit/537.36 (KHTML, like Gecko) Chrome/135.0.7049.52 Mobile Safari/537.36 (compatible; GoogleOther)"
52.15.237.212 - - [08/Apr/2025:10:17:48 -0400] "GET /ad917/?path=%2Fhome%2F.%2F..%2Flib64%2Fcifs-utils%2F..%2FlibtdsS.so.2 HTTP/1.1" 200 960 "-" "Mozilla/5.0 AppleWebKit/537.36 (KHTML, like Gecko; compatible; ClaudeBot/1.0; +claudebot@anthropic.com)"
66.249.65.105 - - [08/Apr/2025:10:17:49 -0400] "GET /shopdetail/v/silicofluoride/4329108.shtml HTTP/1.1" 200 27796 "-" "Mozilla/5.0 (Linux; Android 6.0.1; Nexus 5X Build/MMB29P) AppleWebKit/537.36 (KHTML, like Gecko) Chrome/135.0.7049.52 Mobile Safari/537.36 (compatible; GoogleOther)"
207.46.13.168 - - [08/Apr/2025:10:17:49 -0400] "GET /goods/15213686.shtml HTTP/1.1" 200 26342 "-" "Mozilla/5.0 AppleWebKit/537.36 (KHTML, like Gecko; compatible; bingbot/2.0; +http://www.bing.com/bingbot.htm) Chrome/116.0.1938.76 Safari/537.36"
66.249.65.104 - - [08/Apr/2025:10:17:50 -0400] "GET /products/spuriously/61733948.shtml HTTP/1.1" 200 26582 "-" "Mozilla/5.0 (Linux; Android 6.0.1; Nexus 5X Build/MMB29P) AppleWebKit/537.36 (KHTML, like Gecko) Chrome/135.0.7049.52 Mobile Safari/537.36 (compatible; GoogleOther)"
52.15.237.212 - - [08/Apr/2025:10:17:51 -0400] "GET /ad917/?path=%2Fhome%2F.%2F..%2Flib64%2Ftraceevent%2F..%2Flibmvec.so.1 HTTP/1.1" 200 958 "-" "Mozilla/5.0 AppleWebKit/537.36 (KHTML, like Gecko; compatible; ClaudeBot/1.0; +claudebot@anthropic.com)"
66.249.65.105 - - [08/Apr/2025:10:17:51 -0400] "GET /entity/v/breastfast94953112.shtml HTTP/1.1" 200 28074 "-" "Mozilla/5.0 (Linux; Android 6.0.1; Nexus 5X Build/MMB29P) AppleWebKit/537.36 (KHTML, like Gecko) Chrome/135.0.7049.52 Mobile Safari/537.36 (compatible; Googlebot/2.1; +http://www.google.com/bot.html)"
52.15.237.212 - - [08/Apr/2025:10:17:54 -0400] "GET /ad917/?path=%2Fhome%2F.%2F..%2Flib64%2Ffirebird%2F..%2FlibXfixes.so.3 HTTP/1.1" 200 957 "-" "Mozilla/5.0 AppleWebKit/537.36 (KHTML, like Gecko; compatible; ClaudeBot/1.0; +claudebot@anthropic.com)"
40.77.167.154 - - [08/Apr/2025:10:17:54 -0400] "GET /products6832938.shtml HTTP/1.1" 200 25048 "-" "Mozilla/5.0 AppleWebKit/537.36 (KHTML, like Gecko; compatible; bingbot/2.0; +http://www.bing.com/bingbot.htm) Chrome/116.0.1938.76 Safari/537.36"
52.15.237.212 - - [08/Apr/2025:10:17:57 -0400] "GET /ad917/?path=%2Fhome%2F.%2F..%2Flib64%2Ftraceevent%2F..%2Flibwebp.so.7 HTTP/1.1" 200 958 "-" "Mozilla/5.0 AppleWebKit/537.36 (KHTML, like Gecko; compatible; ClaudeBot/1.0; +claudebot@anthropic.com)"
52.15.237.212 - - [08/Apr/2025:10:18:00 -0400] "GET /ad917/?path=%2Fhome%2F.%2F..%2Flib64%2Ffirebird%2F..%2Flibisc.so.1107 HTTP/1.1" 200 956 "-" "Mozilla/5.0 AppleWebKit/537.36 (KHTML, like Gecko; compatible; ClaudeBot/1.0; +claudebot@anthropic.com)"
66.249.65.104 - - [08/Apr/2025:10:18:00 -0400] "GET /shopbrand/f/rcrohr41286084.shtml HTTP/1.1" 200 25450 "-" "Mozilla/5.0 (Linux; Android 6.0.1; Nexus 5X Build/MMB29P) AppleWebKit/537.36 (KHTML, like Gecko) Chrome/135.0.7049.52 Mobile Safari/537.36 (compatible; GoogleOther)"
52.15.237.212 - - [08/Apr/2025:10:18:03 -0400] "GET /ad917/?path=%2Fhome%2F.%2F..%2Flib64%2Fplymouth%2F..%2Flibform.so.6.1 HTTP/1.1" 200 957 "-" "Mozilla/5.0 AppleWebKit/537.36 (KHTML, like Gecko; compatible; ClaudeBot/1.0; +claudebot@anthropic.com)"
207.46.13.168 - - [08/Apr/2025:10:18:04 -0400] "GET /products113982602.shtml HTTP/1.1" 200 30063 "-" "Mozilla/5.0 AppleWebKit/537.36 (KHTML, like Gecko; compatible; bingbot/2.0; +http://www.bing.com/bingbot.htm) Chrome/116.0.1938.76 Safari/537.36"
52.15.237.212 - - [08/Apr/2025:10:18:06 -0400] "GET /ad917/?path=%2Fhome%2F.%2F..%2Flib64%2F.%2Fpython2.7%2Fnturl2path.pyo HTTP/1.1" 200 959 "-" "Mozilla/5.0 AppleWebKit/537.36 (KHTML, like Gecko; compatible; ClaudeBot/1.0; +claudebot@anthropic.com)"
66.249.65.105 - - [08/Apr/2025:10:18:05 -0400] "GET /shopdetail/selfregistering7626928.shtml HTTP/1.1" 200 26989 "-" "Mozilla/5.0 (Linux; Android 6.0.1; Nexus 5X Build/MMB29P) AppleWebKit/537.36 (KHTML, like Gecko) Chrome/135.0.7049.52 Mobile Safari/537.36 (compatible; GoogleOther)"
66.249.65.104 - - [08/Apr/2025:10:18:07 -0400] "GET /item/eay/tuyere/53254446.shtml HTTP/1.1" 200 29812 "-" "Mozilla/5.0 (Linux; Android 6.0.1; Nexus 5X Build/MMB29P) AppleWebKit/537.36 (KHTML, like Gecko) Chrome/135.0.7049.52 Mobile Safari/537.36 (compatible; GoogleOther)"
52.15.237.212 - - [08/Apr/2025:10:18:09 -0400] "GET /ad917/?path=%2Fhome%2F.%2F..%2F.%2Flib64%2Fpython2.7%2FMimeWriter.pyc HTTP/1.1" 200 964 "-" "Mozilla/5.0 AppleWebKit/537.36 (KHTML, like Gecko; compatible; ClaudeBot/1.0; +claudebot@anthropic.com)"
66.249.65.104 - - [08/Apr/2025:10:18:09 -0400] "GET /items/b/oxide/27732092.shtml HTTP/1.1" 200 27279 "-" "Mozilla/5.0 (Linux; Android 6.0.1; Nexus 5X Build/MMB29P) AppleWebKit/537.36 (KHTML, like Gecko) Chrome/135.0.7049.52 Mobile Safari/537.36 (compatible; GoogleOther)"
157.55.39.55 - - [08/Apr/2025:10:18:09 -0400] "GET /shopdetail/puccoon86485182.shtml HTTP/1.1" 200 25358 "-" "Mozilla/5.0 AppleWebKit/537.36 (KHTML, like Gecko; compatible; bingbot/2.0; +http://www.bing.com/bingbot.htm) Chrome/116.0.1938.76 Safari/537.36"
52.15.237.212 - - [08/Apr/2025:10:18:12 -0400] "GET /ad917/?path=%2Fhome%2F.%2F..%2Flib64%2Ffirebird%2F..%2FNetworkManager HTTP/1.1" 200 1485 "-" "Mozilla/5.0 AppleWebKit/537.36 (KHTML, like Gecko; compatible; ClaudeBot/1.0; +claudebot@anthropic.com)"
207.46.13.153 - - [08/Apr/2025:10:18:12 -0400] "GET /item/microgeological/52225530.shtml HTTP/1.1" 200 32078 "-" "Mozilla/5.0 AppleWebKit/537.36 (KHTML, like Gecko; compatible; bingbot/2.0; +http://www.bing.com/bingbot.htm) Chrome/116.0.1938.76 Safari/537.36"
52.15.237.212 - - [08/Apr/2025:10:18:15 -0400] "GET /ad917/?path=%2Fhome%2F.%2F..%2Flib64%2Fplymouth%2F..%2FlibQt5Xml.so.5 HTTP/1.1" 200 959 "-" "Mozilla/5.0 AppleWebKit/537.36 (KHTML, like Gecko; compatible; ClaudeBot/1.0; +claudebot@anthropic.com)"
52.15.237.212 - - [08/Apr/2025:10:18:18 -0400] "GET /ad917/?path=%2Fhome%2F.%2F..%2Flib64%2Fplymouth%2F..%2Flibtevent.so.0 HTTP/1.1" 200 957 "-" "Mozilla/5.0 AppleWebKit/537.36 (KHTML, like Gecko; compatible; ClaudeBot/1.0; +claudebot@anthropic.com)"
40.77.167.154 - - [08/Apr/2025:10:18:19 -0400] "GET /items/47769052.shtml HTTP/1.1" 200 25437 "-" "Mozilla/5.0 AppleWebKit/537.36 (KHTML, like Gecko; compatible; bingbot/2.0; +http://www.bing.com/bingbot.htm) Chrome/116.0.1938.76 Safari/537.36"
52.15.237.212 - - [08/Apr/2025:10:18:21 -0400] "GET /ad917/?path=%2Fhome%2F.%2F..%2Flib64%2Fapr-util-1%2F..%2Flibxcb-xv.so HTTP/1.1" 200 961 "-" "Mozilla/5.0 AppleWebKit/537.36 (KHTML, like Gecko; compatible; ClaudeBot/1.0; +claudebot@anthropic.com)"
52.15.237.212 - - [08/Apr/2025:10:18:24 -0400] "GET /ad917/?path=%2Fhome%2F.%2F..%2Flib64%2Fplymouth%2F..%2Flibmemusage.so HTTP/1.1" 200 957 "-" "Mozilla/5.0 AppleWebKit/537.36 (KHTML, like Gecko; compatible; ClaudeBot/1.0; +claudebot@anthropic.com)"
66.249.65.104 - - [08/Apr/2025:10:18:24 -0400] "GET /info/hwo/idumean/3212496.shtml HTTP/1.1" 200 26048 "-" "Mozilla/5.0 (Linux; Android 6.0.1; Nexus 5X Build/MMB29P) AppleWebKit/537.36 (KHTML, like Gecko) Chrome/135.0.7049.52 Mobile Safari/537.36 (compatible; GoogleOther)"
66.249.65.104 - - [08/Apr/2025:10:18:25 -0400] "GET /items/ko/odorament30780166.shtml HTTP/1.1" 200 27382 "-" "Mozilla/5.0 (Linux; Android 6.0.1; Nexus 5X Build/MMB29P) AppleWebKit/537.36 (KHTML, like Gecko) Chrome/135.0.7049.52 Mobile Safari/537.36 (compatible; GoogleOther)"
52.15.237.212 - - [08/Apr/2025:10:18:27 -0400] "GET /ad917/?path=%2Fhome%2F.%2F..%2Flib64%2Fapr-util-1%2F..%2Flibtcl8.6.so HTTP/1.1" 200 959 "-" "Mozilla/5.0 AppleWebKit/537.36 (KHTML, like Gecko; compatible; ClaudeBot/1.0; +claudebot@anthropic.com)"
40.77.167.154 - - [08/Apr/2025:10:18:29 -0400] "GET /item101931916.shtml HTTP/1.1" 200 25802 "-" "Mozilla/5.0 AppleWebKit/537.36 (KHTML, like Gecko; compatible; bingbot/2.0; +http://www.bing.com/bingbot.htm) Chrome/116.0.1938.76 Safari/537.36"
52.15.237.212 - - [08/Apr/2025:10:18:30 -0400] "GET /ad917/?path=%2Fhome%2F.%2F..%2Flib64%2Fapr-util-1%2F..%2Flibm-2.28.so HTTP/1.1" 200 959 "-" "Mozilla/5.0 AppleWebKit/537.36 (KHTML, like Gecko; compatible; ClaudeBot/1.0; +claudebot@anthropic.com)"
66.249.65.104 - - [08/Apr/2025:10:18:29 -0400] "GET /product/vesperugo13966932.shtml HTTP/1.1" 200 26927 "-" "Mozilla/5.0 (Linux; Android 6.0.1; Nexus 5X Build/MMB29P) AppleWebKit/537.36 (KHTML, like Gecko) Chrome/135.0.7049.52 Mobile Safari/537.36 (compatible; Googlebot/2.1; +http://www.google.com/bot.html)"
52.15.237.212 - - [08/Apr/2025:10:18:33 -0400] "GET /ad917/?path=%2Fhome%2F.%2F..%2Flib64%2Fplymouth%2F..%2FlibXrandr.so.2 HTTP/1.1" 200 958 "-" "Mozilla/5.0 AppleWebKit/537.36 (KHTML, like Gecko; compatible; ClaudeBot/1.0; +claudebot@anthropic.com)"
66.249.65.104 - - [08/Apr/2025:10:18:33 -0400] "GET /goodscode/wrk/leucoplastid72969062.shtml HTTP/1.1" 200 27871 "-" "Mozilla/5.0 (Linux; Android 6.0.1; Nexus 5X Build/MMB29P) AppleWebKit/537.36 (KHTML, like Gecko) Chrome/135.0.7049.52 Mobile Safari/537.36 (compatible; GoogleOther)"
207.46.13.168 - - [08/Apr/2025:10:18:34 -0400] "GET /items/colluctancy/69765002.shtml HTTP/1.1" 200 28975 "-" "Mozilla/5.0 AppleWebKit/537.36 (KHTML, like Gecko; compatible; bingbot/2.0; +http://www.bing.com/bingbot.htm) Chrome/116.0.1938.76 Safari/537.36"
66.249.65.104 - - [08/Apr/2025:10:18:35 -0400] "GET /product/agm/epidemiology/108982314.shtml HTTP/1.1" 200 26885 "-" "Mozilla/5.0 (Linux; Android 6.0.1; Nexus 5X Build/MMB29P) AppleWebKit/537.36 (KHTML, like Gecko) Chrome/135.0.7049.52 Mobile Safari/537.36 (compatible; GoogleOther)"
52.15.237.212 - - [08/Apr/2025:10:18:36 -0400] "GET /ad917/?path=%2Fhome%2F.%2F..%2Flib64%2Fcifs-utils%2F..%2Flibonig.so.5 HTTP/1.1" 200 960 "-" "Mozilla/5.0 AppleWebKit/537.36 (KHTML, like Gecko; compatible; ClaudeBot/1.0; +claudebot@anthropic.com)"
66.249.65.104 - - [08/Apr/2025:10:18:36 -0400] "GET /products/ty/mostwhat/81364164.shtml HTTP/1.1" 200 26586 "-" "Mozilla/5.0 (Linux; Android 6.0.1; Nexus 5X Build/MMB29P) AppleWebKit/537.36 (KHTML, like Gecko) Chrome/135.0.7049.52 Mobile Safari/537.36 (compatible; GoogleOther)"
52.15.237.212 - - [08/Apr/2025:10:18:39 -0400] "GET /ad917/?path=%2Fhome%2F.%2F..%2Flib64%2Ffirebird%2F..%2Flibicutu.so.60 HTTP/1.1" 200 957 "-" "Mozilla/5.0 AppleWebKit/537.36 (KHTML, like Gecko; compatible; ClaudeBot/1.0; +claudebot@anthropic.com)"
52.15.237.212 - - [08/Apr/2025:10:18:42 -0400] "GET /ad917/?path=%2Fhome%2F.%2F..%2F.%2Flib64%2Fpython2.7%2FUserString.pyc HTTP/1.1" 200 966 "-" "Mozilla/5.0 AppleWebKit/537.36 (KHTML, like Gecko; compatible; ClaudeBot/1.0; +claudebot@anthropic.com)"
207.46.13.153 - - [08/Apr/2025:10:18:42 -0400] "GET /entity51903684.shtml HTTP/1.1" 200 27127 "-" "Mozilla/5.0 AppleWebKit/537.36 (KHTML, like Gecko; compatible; bingbot/2.0; +http://www.bing.com/bingbot.htm) Chrome/116.0.1938.76 Safari/537.36"
52.15.237.212 - - [08/Apr/2025:10:18:45 -0400] "GET /ad917/?path=%2Fhome%2F.%2F..%2Flib64%2Ffirebird%2F..%2Flibrsvg-2.so.2 HTTP/1.1" 200 957 "-" "Mozilla/5.0 AppleWebKit/537.36 (KHTML, like Gecko; compatible; ClaudeBot/1.0; +claudebot@anthropic.com)"
66.249.65.104 - - [08/Apr/2025:10:18:44 -0400] "GET /items/soc/intrinsic/72973214.shtml HTTP/1.1" 200 26211 "-" "Mozilla/5.0 (Linux; Android 6.0.1; Nexus 5X Build/MMB29P) AppleWebKit/537.36 (KHTML, like Gecko) Chrome/135.0.7049.52 Mobile Safari/537.36 (compatible; GoogleOther)"
66.249.65.105 - - [08/Apr/2025:10:18:45 -0400] "GET /goodscode/pseudepigraphic/120903300.shtml HTTP/1.1" 200 25784 "-" "Mozilla/5.0 (Linux; Android 6.0.1; Nexus 5X Build/MMB29P) AppleWebKit/537.36 (KHTML, like Gecko) Chrome/135.0.7049.52 Mobile Safari/537.36 (compatible; Googlebot/2.1; +http://www.google.com/bot.html)"
66.249.65.105 - - [08/Apr/2025:10:18:45 -0400] "GET /goods/ccc/adspersus/70824626.shtml HTTP/1.1" 200 26012 "-" "Mozilla/5.0 (Linux; Android 6.0.1; Nexus 5X Build/MMB29P) AppleWebKit/537.36 (KHTML, like Gecko) Chrome/135.0.7049.52 Mobile Safari/537.36 (compatible; GoogleOther)"
66.249.65.104 - - [08/Apr/2025:10:18:47 -0400] "GET /items/toa/esemplastic/36523448.shtml HTTP/1.1" 200 28538 "-" "Mozilla/5.0 (Linux; Android 6.0.1; Nexus 5X Build/MMB29P) AppleWebKit/537.36 (KHTML, like Gecko) Chrome/135.0.7049.52 Mobile Safari/537.36 (compatible; GoogleOther)"
52.15.237.212 - - [08/Apr/2025:10:18:48 -0400] "GET /ad917/?path=%2Fhome%2F.%2F..%2Flib64%2Fplymouth%2F..%2Flibpcre16.so.0 HTTP/1.1" 200 957 "-" "Mozilla/5.0 AppleWebKit/537.36 (KHTML, like Gecko; compatible; ClaudeBot/1.0; +claudebot@anthropic.com)"
207.46.13.160 - - [08/Apr/2025:10:18:47 -0400] "GET /item/46597484.shtml HTTP/1.1" 200 26824 "-" "Mozilla/5.0 AppleWebKit/537.36 (KHTML, like Gecko; compatible; bingbot/2.0; +http://www.bing.com/bingbot.htm) Chrome/116.0.1938.76 Safari/537.36"
52.15.237.212 - - [08/Apr/2025:10:18:51 -0400] "GET /ad917/?path=%2Fhome%2F.%2F..%2Flib64%2F.%2Fpython2.7%2Fsre_compile.py HTTP/1.1" 200 6438 "-" "Mozilla/5.0 AppleWebKit/537.36 (KHTML, like Gecko; compatible; ClaudeBot/1.0; +claudebot@anthropic.com)"
40.77.167.14 - - [08/Apr/2025:10:18:52 -0400] "GET /shopping/tartareous75863550.shtml HTTP/1.1" 200 25057 "-" "Mozilla/5.0 AppleWebKit/537.36 (KHTML, like Gecko; compatible; bingbot/2.0; +http://www.bing.com/bingbot.htm) Chrome/116.0.1938.76 Safari/537.36"
52.15.237.212 - - [08/Apr/2025:10:18:54 -0400] "GET /ad917/?path=%2Fhome%2F.%2F..%2Flib64%2Fapr-util-1%2F..%2Flibtidy.so.5 HTTP/1.1" 200 959 "-" "Mozilla/5.0 AppleWebKit/537.36 (KHTML, like Gecko; compatible; ClaudeBot/1.0; +claudebot@anthropic.com)"
66.249.65.105 - - [08/Apr/2025:10:18:53 -0400] "GET /products/disfavorable/61657470.shtml HTTP/1.1" 200 25870 "-" "Mozilla/5.0 (Linux; Android 6.0.1; Nexus 5X Build/MMB29P) AppleWebKit/537.36 (KHTML, like Gecko) Chrome/135.0.7049.52 Mobile Safari/537.36 (compatible; GoogleOther)"
207.46.13.168 - - [08/Apr/2025:10:18:54 -0400] "GET /goodscode/tettigonia18839852.shtml HTTP/1.1" 200 25339 "-" "Mozilla/5.0 AppleWebKit/537.36 (KHTML, like Gecko; compatible; bingbot/2.0; +http://www.bing.com/bingbot.htm) Chrome/116.0.1938.76 Safari/537.36"
66.249.65.104 - - [08/Apr/2025:10:18:55 -0400] "GET /items/q/imbuement32635742.shtml HTTP/1.1" 200 26474 "-" "Mozilla/5.0 (Linux; Android 6.0.1; Nexus 5X Build/MMB29P) AppleWebKit/537.36 (KHTML, like Gecko) Chrome/135.0.7049.52 Mobile Safari/537.36 (compatible; GoogleOther)"
40.77.167.14 - - [08/Apr/2025:10:18:59 -0400] "GET /item/24463094.shtml HTTP/1.1" 200 25662 "-" "Mozilla/5.0 AppleWebKit/537.36 (KHTML, like Gecko; compatible; bingbot/2.0; +http://www.bing.com/bingbot.htm) Chrome/116.0.1938.76 Safari/537.36"
66.249.65.105 - - [08/Apr/2025:10:18:59 -0400] "GET /entity/ak/aggressor/80535634.shtml HTTP/1.1" 200 25292 "-" "Mozilla/5.0 (Linux; Android 6.0.1; Nexus 5X Build/MMB29P) AppleWebKit/537.36 (KHTML, like Gecko) Chrome/135.0.7049.52 Mobile Safari/537.36 (compatible; GoogleOther)"
207.46.13.150 - - [08/Apr/2025:10:19:03 -0400] "GET /entity/vxu/hauls14019532.shtml HTTP/1.1" 200 27017 "-" "Mozilla/5.0 AppleWebKit/537.36 (KHTML, like Gecko; compatible; bingbot/2.0; +http://www.bing.com/bingbot.htm) Chrome/116.0.1938.76 Safari/537.36"
66.249.65.104 - - [08/Apr/2025:10:19:09 -0400] "GET /items/rejectamenta22136546.shtml HTTP/1.1" 200 25897 "-" "Mozilla/5.0 (Linux; Android 6.0.1; Nexus 5X Build/MMB29P) AppleWebKit/537.36 (KHTML, like Gecko) Chrome/135.0.7049.52 Mobile Safari/537.36 (compatible; Googlebot/2.1; +http://www.google.com/bot.html)"
66.249.65.104 - - [08/Apr/2025:10:19:10 -0400] "GET /special/filiation/99486572.shtml HTTP/1.1" 200 27842 "-" "Mozilla/5.0 (Linux; Android 6.0.1; Nexus 5X Build/MMB29P) AppleWebKit/537.36 (KHTML, like Gecko) Chrome/135.0.7049.52 Mobile Safari/537.36 (compatible; GoogleOther)"
66.249.65.104 - - [08/Apr/2025:10:19:12 -0400] "GET /info/owq/ebulliate/35570954.shtml HTTP/1.1" 200 25176 "-" "Mozilla/5.0 (Linux; Android 6.0.1; Nexus 5X Build/MMB29P) AppleWebKit/537.36 (KHTML, like Gecko) Chrome/135.0.7049.52 Mobile Safari/537.36 (compatible; GoogleOther)"
207.46.13.150 - - [08/Apr/2025:10:19:14 -0400] "GET /product44375096.shtml HTTP/1.1" 200 26747 "-" "Mozilla/5.0 AppleWebKit/537.36 (KHTML, like Gecko; compatible; bingbot/2.0; +http://www.bing.com/bingbot.htm) Chrome/116.0.1938.76 Safari/537.36"
66.249.65.104 - - [08/Apr/2025:10:19:15 -0400] "GET /special/sm/onomatologist93294226.shtml HTTP/1.1" 200 27818 "-" "Mozilla/5.0 (Linux; Android 6.0.1; Nexus 5X Build/MMB29P) AppleWebKit/537.36 (KHTML, like Gecko) Chrome/135.0.7049.52 Mobile Safari/537.36 (compatible; GoogleOther)"
66.249.65.104 - - [08/Apr/2025:10:19:24 -0400] "GET /special/t/pseudometallic/93289976.shtml HTTP/1.1" 200 27053 "-" "Mozilla/5.0 (Linux; Android 6.0.1; Nexus 5X Build/MMB29P) AppleWebKit/537.36 (KHTML, like Gecko) Chrome/135.0.7049.52 Mobile Safari/537.36 (compatible; GoogleOther)"
3.145.48.156 - - [08/Apr/2025:10:19:25 -0400] "GET /ad917/?path=%2Fhome%2F.%2F..%2Flib64%2Fcifs-utils%2F..%2Flibfftw3.so.3 HTTP/1.1" 200 961 "-" "Mozilla/5.0 AppleWebKit/537.36 (KHTML, like Gecko; compatible; ClaudeBot/1.0; +claudebot@anthropic.com)"
66.249.65.104 - - [08/Apr/2025:10:19:26 -0400] "GET /item/fy/ladyinwaiting/34612888.shtml HTTP/1.1" 200 26460 "-" "Mozilla/5.0 (Linux; Android 6.0.1; Nexus 5X Build/MMB29P) AppleWebKit/537.36 (KHTML, like Gecko) Chrome/135.0.7049.52 Mobile Safari/537.36 (compatible; GoogleOther)"
3.145.48.156 - - [08/Apr/2025:10:19:28 -0400] "GET /ad917/?path=%2Fhome%2F.%2F..%2Flib64%2Ffirebird%2F..%2Flibffi.so.6.0.2 HTTP/1.1" 200 957 "-" "Mozilla/5.0 AppleWebKit/537.36 (KHTML, like Gecko; compatible; ClaudeBot/1.0; +claudebot@anthropic.com)"
3.145.48.156 - - [08/Apr/2025:10:19:31 -0400] "GET /ad917/?path=%2Fhome%2F.%2F..%2Flib64%2Ffirebird%2F..%2Flibcdt.so.5.0.0 HTTP/1.1" 200 957 "-" "Mozilla/5.0 AppleWebKit/537.36 (KHTML, like Gecko; compatible; ClaudeBot/1.0; +claudebot@anthropic.com)"
66.249.65.104 - - [08/Apr/2025:10:19:31 -0400] "GET /entity/oka/heemrad/72967570.shtml HTTP/1.1" 200 25549 "-" "Mozilla/5.0 (Linux; Android 6.0.1; Nexus 5X Build/MMB29P) AppleWebKit/537.36 (KHTML, like Gecko) Chrome/135.0.7049.52 Mobile Safari/537.36 (compatible; GoogleOther)"
207.46.13.160 - - [08/Apr/2025:10:19:32 -0400] "GET /entity/p/madness52027496.shtml HTTP/1.1" 200 27887 "-" "Mozilla/5.0 AppleWebKit/537.36 (KHTML, like Gecko; compatible; bingbot/2.0; +http://www.bing.com/bingbot.htm) Chrome/116.0.1938.76 Safari/537.36"
3.145.48.156 - - [08/Apr/2025:10:19:34 -0400] "GET /ad917/?path=%2Fhome%2F.%2F..%2Flib64%2Ftraceevent%2F..%2Flibtirpc.so.3 HTTP/1.1" 200 959 "-" "Mozilla/5.0 AppleWebKit/537.36 (KHTML, like Gecko; compatible; ClaudeBot/1.0; +claudebot@anthropic.com)"
3.145.48.156 - - [08/Apr/2025:10:19:37 -0400] "GET /ad917/?path=%2Fhome%2F.%2F..%2Flib64%2Ftraceevent%2F..%2Flibpq.so.5.13 HTTP/1.1" 200 960 "-" "Mozilla/5.0 AppleWebKit/537.36 (KHTML, like Gecko; compatible; ClaudeBot/1.0; +claudebot@anthropic.com)"
40.77.167.14 - - [08/Apr/2025:10:19:39 -0400] "GET /shopping/coordinative/93932374.shtml HTTP/1.1" 200 27497 "-" "Mozilla/5.0 AppleWebKit/537.36 (KHTML, like Gecko; compatible; bingbot/2.0; +http://www.bing.com/bingbot.htm) Chrome/116.0.1938.76 Safari/537.36"
3.145.48.156 - - [08/Apr/2025:10:19:40 -0400] "GET /ad917/?path=%2Fhome%2F.%2F..%2Flib64%2Fplymouth%2F..%2Fliblz4.so.1.8.3 HTTP/1.1" 200 957 "-" "Mozilla/5.0 AppleWebKit/537.36 (KHTML, like Gecko; compatible; ClaudeBot/1.0; +claudebot@anthropic.com)"
66.249.65.104 - - [08/Apr/2025:10:19:41 -0400] "GET /items/q/countersigned/94010510.shtml HTTP/1.1" 200 28411 "-" "Mozilla/5.0 (Linux; Android 6.0.1; Nexus 5X Build/MMB29P) AppleWebKit/537.36 (KHTML, like Gecko) Chrome/135.0.7049.52 Mobile Safari/537.36 (compatible; GoogleOther)"
3.145.48.156 - - [08/Apr/2025:10:19:43 -0400] "GET /ad917/?path=%2Fhome%2F.%2F..%2F.%2Flib64%2Fpython2.7%2Frobotparser.pyc HTTP/1.1" 200 962 "-" "Mozilla/5.0 AppleWebKit/537.36 (KHTML, like Gecko; compatible; ClaudeBot/1.0; +claudebot@anthropic.com)"
66.249.65.104 - - [08/Apr/2025:10:19:43 -0400] "GET /detail/eightieth/98446132.shtml HTTP/1.1" 200 26491 "-" "Mozilla/5.0 (Linux; Android 6.0.1; Nexus 5X Build/MMB29P) AppleWebKit/537.36 (KHTML, like Gecko) Chrome/135.0.7049.52 Mobile Safari/537.36 (compatible; GoogleOther)"
3.145.48.156 - - [08/Apr/2025:10:19:46 -0400] "GET /ad917/?path=%2Fhome%2F.%2F..%2Flib64%2Ffirebird%2F..%2Flibsoftokn3.chk HTTP/1.1" 200 957 "-" "Mozilla/5.0 AppleWebKit/537.36 (KHTML, like Gecko; compatible; ClaudeBot/1.0; +claudebot@anthropic.com)"
40.77.167.14 - - [08/Apr/2025:10:19:48 -0400] "GET /item/47051886.shtml HTTP/1.1" 200 27261 "-" "Mozilla/5.0 AppleWebKit/537.36 (KHTML, like Gecko; compatible; bingbot/2.0; +http://www.bing.com/bingbot.htm) Chrome/116.0.1938.76 Safari/537.36"
3.145.48.156 - - [08/Apr/2025:10:19:49 -0400] "GET /ad917/?path=%2Fhome%2F.%2F..%2Flib64%2Ffirebird%2F..%2Flibogg.so.0.8.2 HTTP/1.1" 200 957 "-" "Mozilla/5.0 AppleWebKit/537.36 (KHTML, like Gecko; compatible; ClaudeBot/1.0; +claudebot@anthropic.com)"
40.77.167.154 - - [08/Apr/2025:10:19:49 -0400] "GET /product/d/surikate/68069564.shtml HTTP/1.1" 200 29529 "-" "Mozilla/5.0 AppleWebKit/537.36 (KHTML, like Gecko; compatible; bingbot/2.0; +http://www.bing.com/bingbot.htm) Chrome/116.0.1938.76 Safari/537.36"
66.249.65.105 - - [08/Apr/2025:10:19:50 -0400] "GET /product/t/depilate/118387332.shtml HTTP/1.1" 200 25730 "-" "Mozilla/5.0 (Linux; Android 6.0.1; Nexus 5X Build/MMB29P) AppleWebKit/537.36 (KHTML, like Gecko) Chrome/135.0.7049.52 Mobile Safari/537.36 (compatible; GoogleOther)"
3.145.48.156 - - [08/Apr/2025:10:19:52 -0400] "GET /ad917/?path=%2Fhome%2F.%2F..%2Flib64%2Ftraceevent%2F..%2Flibmenuw.so.6 HTTP/1.1" 200 960 "-" "Mozilla/5.0 AppleWebKit/537.36 (KHTML, like Gecko; compatible; ClaudeBot/1.0; +claudebot@anthropic.com)"
66.249.65.105 - - [08/Apr/2025:10:19:51 -0400] "GET /products/sm/noter/29464642.shtml HTTP/1.1" 200 28042 "-" "Mozilla/5.0 (Linux; Android 6.0.1; Nexus 5X Build/MMB29P) AppleWebKit/537.36 (KHTML, like Gecko) Chrome/135.0.7049.52 Mobile Safari/537.36 (compatible; GoogleOther)"
3.145.48.156 - - [08/Apr/2025:10:19:55 -0400] "GET /ad917/?path=%2Fhome%2F.%2F..%2Flib64%2F.%2Fpython2.7%2Fantigravity.pyo HTTP/1.1" 200 963 "-" "Mozilla/5.0 AppleWebKit/537.36 (KHTML, like Gecko; compatible; ClaudeBot/1.0; +claudebot@anthropic.com)"
3.145.48.156 - - [08/Apr/2025:10:19:58 -0400] "GET /ad917/?path=%2Fhome%2F.%2F..%2Flib64%2Ffirebird%2F..%2Flibdhcpctl.so.0 HTTP/1.1" 200 957 "-" "Mozilla/5.0 AppleWebKit/537.36 (KHTML, like Gecko; compatible; ClaudeBot/1.0; +claudebot@anthropic.com)"
3.145.48.156 - - [08/Apr/2025:10:20:01 -0400] "GET /ad917/?path=%2Fhome%2F.%2F..%2Fusr%2Finclude%2Flinux%2Fhw_breakpoint.h HTTP/1.1" 200 1252 "-" "Mozilla/5.0 AppleWebKit/537.36 (KHTML, like Gecko; compatible; ClaudeBot/1.0; +claudebot@anthropic.com)"
66.249.65.105 - - [08/Apr/2025:10:20:01 -0400] "GET /special/g/trimmer/21761170.shtml HTTP/1.1" 200 26283 "-" "Mozilla/5.0 (Linux; Android 6.0.1; Nexus 5X Build/MMB29P) AppleWebKit/537.36 (KHTML, like Gecko) Chrome/135.0.7049.52 Mobile Safari/537.36 (compatible; GoogleOther)"
66.249.65.105 - - [08/Apr/2025:10:20:02 -0400] "GET /shopdetail/qyi/tameness/71690094.shtml HTTP/1.1" 200 26599 "-" "Mozilla/5.0 (Linux; Android 6.0.1; Nexus 5X Build/MMB29P) AppleWebKit/537.36 (KHTML, like Gecko) Chrome/135.0.7049.52 Mobile Safari/537.36 (compatible; GoogleOther)"
3.145.48.156 - - [08/Apr/2025:10:20:04 -0400] "GET /ad917/?path=%2Fhome%2F.%2F..%2Flib64%2Ffirebird%2F..%2FlibX11.so.6.3.0 HTTP/1.1" 200 959 "-" "Mozilla/5.0 AppleWebKit/537.36 (KHTML, like Gecko; compatible; ClaudeBot/1.0; +claudebot@anthropic.com)"
66.249.65.96 - - [08/Apr/2025:10:20:04 -0400] "GET /goodscode/i/eyries/93299266.shtml HTTP/1.1" 200 26540 "-" "Mozilla/5.0 (Linux; Android 6.0.1; Nexus 5X Build/MMB29P) AppleWebKit/537.36 (KHTML, like Gecko) Chrome/135.0.7049.52 Mobile Safari/537.36 (compatible; GoogleOther)"
3.145.48.156 - - [08/Apr/2025:10:20:07 -0400] "GET /ad917/?path=%2Fhome%2F.%2F..%2Flib64%2Ffirebird%2F..%2Flibperl.so.5.26 HTTP/1.1" 200 957 "-" "Mozilla/5.0 AppleWebKit/537.36 (KHTML, like Gecko; compatible; ClaudeBot/1.0; +claudebot@anthropic.com)"
40.77.167.14 - - [08/Apr/2025:10:20:07 -0400] "GET /special/zdc/nitrogenized51600928.shtml HTTP/1.1" 200 26526 "-" "Mozilla/5.0 AppleWebKit/537.36 (KHTML, like Gecko; compatible; bingbot/2.0; +http://www.bing.com/bingbot.htm) Chrome/116.0.1938.76 Safari/537.36"
40.77.167.154 - - [08/Apr/2025:10:20:09 -0400] "GET /special/111589024.shtml HTTP/1.1" 200 25144 "-" "Mozilla/5.0 AppleWebKit/537.36 (KHTML, like Gecko; compatible; bingbot/2.0; +http://www.bing.com/bingbot.htm) Chrome/116.0.1938.76 Safari/537.36"
3.145.48.156 - - [08/Apr/2025:10:20:10 -0400] "GET /ad917/?path=%2Fhome%2F.%2F..%2Flib64%2Fplymouth%2F..%2Flibnewt.so.0.52 HTTP/1.1" 200 957 "-" "Mozilla/5.0 AppleWebKit/537.36 (KHTML, like Gecko; compatible; ClaudeBot/1.0; +claudebot@anthropic.com)"
40.77.167.14 - - [08/Apr/2025:10:20:10 -0400] "GET /shopping/re/saccharinate52203376.shtml HTTP/1.1" 200 25873 "-" "Mozilla/5.0 AppleWebKit/537.36 (KHTML, like Gecko; compatible; bingbot/2.0; +http://www.bing.com/bingbot.htm) Chrome/116.0.1938.76 Safari/537.36"
3.145.48.156 - - [08/Apr/2025:10:20:13 -0400] "GET /ad917/?path=%2Fhome%2F.%2F..%2Flib64%2Ftraceevent%2F..%2FlibGeoIP.so.1 HTTP/1.1" 200 961 "-" "Mozilla/5.0 AppleWebKit/537.36 (KHTML, like Gecko; compatible; ClaudeBot/1.0; +claudebot@anthropic.com)"
40.77.167.14 - - [08/Apr/2025:10:20:13 -0400] "GET /shopping/campbellite/52917438.shtml HTTP/1.1" 200 26441 "-" "Mozilla/5.0 AppleWebKit/537.36 (KHTML, like Gecko; compatible; bingbot/2.0; +http://www.bing.com/bingbot.htm) Chrome/116.0.1938.76 Safari/537.36"
207.46.13.168 - - [08/Apr/2025:10:20:14 -0400] "GET /special/sedition122482394.shtml HTTP/1.1" 200 25456 "-" "Mozilla/5.0 AppleWebKit/537.36 (KHTML, like Gecko; compatible; bingbot/2.0; +http://www.bing.com/bingbot.htm) Chrome/116.0.1938.76 Safari/537.36"
3.145.48.156 - - [08/Apr/2025:10:20:16 -0400] "GET /ad917/?path=%2Fhome%2F.%2F..%2Flib64%2Ftraceevent%2F..%2Flibvpx.so.5.0 HTTP/1.1" 200 960 "-" "Mozilla/5.0 AppleWebKit/537.36 (KHTML, like Gecko; compatible; ClaudeBot/1.0; +claudebot@anthropic.com)"
157.55.39.52 - - [08/Apr/2025:10:20:16 -0400] "GET /shopdetail99101062.shtml HTTP/1.1" 200 27269 "-" "Mozilla/5.0 AppleWebKit/537.36 (KHTML, like Gecko; compatible; bingbot/2.0; +http://www.bing.com/bingbot.htm) Chrome/116.0.1938.76 Safari/537.36"
66.249.65.105 - - [08/Apr/2025:10:20:18 -0400] "GET /special/i/spadefish/94032014.shtml HTTP/1.1" 200 26178 "-" "Mozilla/5.0 (Linux; Android 6.0.1; Nexus 5X Build/MMB29P) AppleWebKit/537.36 (KHTML, like Gecko) Chrome/135.0.7049.52 Mobile Safari/537.36 (compatible; GoogleOther)"
3.145.48.156 - - [08/Apr/2025:10:20:19 -0400] "GET /ad917/?path=%2Fhome%2F.%2F..%2Flib64%2Ftraceevent%2F..%2Flibtinfo.so.5 HTTP/1.1" 200 960 "-" "Mozilla/5.0 AppleWebKit/537.36 (KHTML, like Gecko; compatible; ClaudeBot/1.0; +claudebot@anthropic.com)"
66.249.65.104 - - [08/Apr/2025:10:20:19 -0400] "GET /products/stalagmitically/32647016.shtml HTTP/1.1" 200 26149 "-" "Mozilla/5.0 (Linux; Android 6.0.1; Nexus 5X Build/MMB29P) AppleWebKit/537.36 (KHTML, like Gecko) Chrome/135.0.7049.52 Mobile Safari/537.36 (compatible; GoogleOther)"
66.249.65.104 - - [08/Apr/2025:10:20:20 -0400] "GET /entity/a/milkwort/75551746.shtml HTTP/1.1" 200 26278 "-" "Mozilla/5.0 (Linux; Android 6.0.1; Nexus 5X Build/MMB29P) AppleWebKit/537.36 (KHTML, like Gecko) Chrome/135.0.7049.52 Mobile Safari/537.36 (compatible; GoogleOther)"
3.145.48.156 - - [08/Apr/2025:10:20:22 -0400] "GET /ad917/?path=%2Fhome%2F.%2F..%2Flib64%2Ftraceevent%2F..%2Flibnssdbm3.so HTTP/1.1" 200 959 "-" "Mozilla/5.0 AppleWebKit/537.36 (KHTML, like Gecko; compatible; ClaudeBot/1.0; +claudebot@anthropic.com)"
3.145.48.156 - - [08/Apr/2025:10:20:25 -0400] "GET /ad917/?path=%2Fhome%2F.%2F..%2F.%2Flib64%2Fpkgconfig%2Flibpcreposix.pc HTTP/1.1" 200 1106 "-" "Mozilla/5.0 AppleWebKit/537.36 (KHTML, like Gecko; compatible; ClaudeBot/1.0; +claudebot@anthropic.com)"
3.145.48.156 - - [08/Apr/2025:10:20:28 -0400] "GET /ad917/?path=%2Fhome%2F.%2F..%2Flib64%2Fplymouth%2F..%2Flibbz2.so.1.0.6 HTTP/1.1" 200 957 "-" "Mozilla/5.0 AppleWebKit/537.36 (KHTML, like Gecko; compatible; ClaudeBot/1.0; +claudebot@anthropic.com)"
207.46.13.150 - - [08/Apr/2025:10:20:28 -0400] "GET /special/p/bryophyte/18638504.shtml HTTP/1.1" 200 25216 "-" "Mozilla/5.0 AppleWebKit/537.36 (KHTML, like Gecko; compatible; bingbot/2.0; +http://www.bing.com/bingbot.htm) Chrome/116.0.1938.76 Safari/537.36"
66.249.65.104 - - [08/Apr/2025:10:20:30 -0400] "GET /entity/tkk/ectasia/53067232.shtml HTTP/1.1" 200 25220 "-" "Mozilla/5.0 (Linux; Android 6.0.1; Nexus 5X Build/MMB29P) AppleWebKit/537.36 (KHTML, like Gecko) Chrome/135.0.7049.52 Mobile Safari/537.36 (compatible; GoogleOther)"
3.145.48.156 - - [08/Apr/2025:10:20:31 -0400] "GET /ad917/?path=%2Fhome%2F.%2F..%2Flib64%2Fapr-util-1%2F..%2Flibxcb-shm.so HTTP/1.1" 200 961 "-" "Mozilla/5.0 AppleWebKit/537.36 (KHTML, like Gecko; compatible; ClaudeBot/1.0; +claudebot@anthropic.com)"
66.249.65.104 - - [08/Apr/2025:10:20:31 -0400] "GET /item/t/fugle/65332576.shtml HTTP/1.1" 200 25117 "-" "Mozilla/5.0 (Linux; Android 6.0.1; Nexus 5X Build/MMB29P) AppleWebKit/537.36 (KHTML, like Gecko) Chrome/135.0.7049.52 Mobile Safari/537.36 (compatible; GoogleOther)"
157.55.39.52 - - [08/Apr/2025:10:20:31 -0400] "GET /shopping/msw/egotized/52917354.shtml HTTP/1.1" 200 27047 "-" "Mozilla/5.0 AppleWebKit/537.36 (KHTML, like Gecko; compatible; bingbot/2.0; +http://www.bing.com/bingbot.htm) Chrome/116.0.1938.76 Safari/537.36"
3.145.48.156 - - [08/Apr/2025:10:20:34 -0400] "GET /ad917/?path=%2Fhome%2F.%2F..%2Flib64%2Fplymouth%2F..%2Flibxcb-shm.so.0 HTTP/1.1" 200 958 "-" "Mozilla/5.0 AppleWebKit/537.36 (KHTML, like Gecko; compatible; ClaudeBot/1.0; +claudebot@anthropic.com)"
3.145.48.156 - - [08/Apr/2025:10:20:37 -0400] "GET /ad917/?path=%2Fhome%2F.%2F..%2Flib64%2Ffirebird%2F..%2Flibncurses.so.5 HTTP/1.1" 200 957 "-" "Mozilla/5.0 AppleWebKit/537.36 (KHTML, like Gecko; compatible; ClaudeBot/1.0; +claudebot@anthropic.com)"
3.145.48.156 - - [08/Apr/2025:10:20:40 -0400] "GET /ad917/?path=%2Fhome%2F.%2F..%2Flib64%2Fplymouth%2F..%2Flibgvc.so.6.0.0 HTTP/1.1" 200 957 "-" "Mozilla/5.0 AppleWebKit/537.36 (KHTML, like Gecko; compatible; ClaudeBot/1.0; +claudebot@anthropic.com)"
66.249.65.104 - - [08/Apr/2025:10:20:41 -0400] "GET /shopping/quoted/94186996.shtml HTTP/1.1" 200 25887 "-" "Mozilla/5.0 (Linux; Android 6.0.1; Nexus 5X Build/MMB29P) AppleWebKit/537.36 (KHTML, like Gecko) Chrome/135.0.7049.52 Mobile Safari/537.36 (compatible; GoogleOther)"
66.249.65.104 - - [08/Apr/2025:10:20:42 -0400] "GET /items/poy/assignor/53533348.shtml HTTP/1.1" 200 26681 "-" "Mozilla/5.0 (Linux; Android 6.0.1; Nexus 5X Build/MMB29P) AppleWebKit/537.36 (KHTML, like Gecko) Chrome/135.0.7049.52 Mobile Safari/537.36 (compatible; GoogleOther)"
3.145.48.156 - - [08/Apr/2025:10:20:43 -0400] "GET /ad917/?path=%2Fhome%2F.%2F..%2Fusr%2Finclude%2Fsepol%2Fmodule_to_cil.h HTTP/1.1" 200 1071 "-" "Mozilla/5.0 AppleWebKit/537.36 (KHTML, like Gecko; compatible; ClaudeBot/1.0; +claudebot@anthropic.com)"
66.249.65.104 - - [08/Apr/2025:10:20:43 -0400] "GET /products/branched/30461844.shtml HTTP/1.1" 200 26543 "-" "Mozilla/5.0 (Linux; Android 6.0.1; Nexus 5X Build/MMB29P) AppleWebKit/537.36 (KHTML, like Gecko) Chrome/135.0.7049.52 Mobile Safari/537.36 (compatible; GoogleOther)"
3.145.48.156 - - [08/Apr/2025:10:20:46 -0400] "GET /ad917/?path=%2Fhome%2F.%2F..%2Flib64%2Fplymouth%2F..%2Flibogg.so.0.8.2 HTTP/1.1" 200 957 "-" "Mozilla/5.0 AppleWebKit/537.36 (KHTML, like Gecko; compatible; ClaudeBot/1.0; +claudebot@anthropic.com)"
3.145.48.156 - - [08/Apr/2025:10:20:49 -0400] "GET /ad917/?path=%2Fhome%2F.%2F..%2Fusr%2Finclude%2Flinux%2Fvirtio_crypto.h HTTP/1.1" 200 4451 "-" "Mozilla/5.0 AppleWebKit/537.36 (KHTML, like Gecko; compatible; ClaudeBot/1.0; +claudebot@anthropic.com)"
3.145.48.156 - - [08/Apr/2025:10:20:52 -0400] "GET /ad917/?path=%2Fhome%2F.%2F..%2Flib64%2Fcifs-utils%2F..%2Flibcrack.so.2 HTTP/1.1" 200 961 "-" "Mozilla/5.0 AppleWebKit/537.36 (KHTML, like Gecko; compatible; ClaudeBot/1.0; +claudebot@anthropic.com)"
66.249.65.105 - - [08/Apr/2025:10:20:52 -0400] "GET /products/b/particulate/52457140.shtml HTTP/1.1" 200 26815 "-" "Mozilla/5.0 (Linux; Android 6.0.1; Nexus 5X Build/MMB29P) AppleWebKit/537.36 (KHTML, like Gecko) Chrome/135.0.7049.52 Mobile Safari/537.36 (compatible; GoogleOther)"
3.145.48.156 - - [08/Apr/2025:10:20:55 -0400] "GET /ad917/?path=%2Fhome%2F.%2F..%2Flib64%2Ffirebird%2F..%2Flibasm-0.190.so HTTP/1.1" 200 958 "-" "Mozilla/5.0 AppleWebKit/537.36 (KHTML, like Gecko; compatible; ClaudeBot/1.0; +claudebot@anthropic.com)"
207.46.13.168 - - [08/Apr/2025:10:20:55 -0400] "GET /product/blastodermic60465300.shtml HTTP/1.1" 200 26546 "-" "Mozilla/5.0 AppleWebKit/537.36 (KHTML, like Gecko; compatible; bingbot/2.0; +http://www.bing.com/bingbot.htm) Chrome/116.0.1938.76 Safari/537.36"
3.145.48.156 - - [08/Apr/2025:10:20:58 -0400] "GET /ad917/?path=%2Fhome%2F.%2F..%2Flib64%2Ftraceevent%2F..%2Fliblua-5.1.so HTTP/1.1" 200 959 "-" "Mozilla/5.0 AppleWebKit/537.36 (KHTML, like Gecko; compatible; ClaudeBot/1.0; +claudebot@anthropic.com)"
207.46.13.150 - - [08/Apr/2025:10:20:59 -0400] "GET /detail87837250.shtml HTTP/1.1" 200 27631 "-" "Mozilla/5.0 AppleWebKit/537.36 (KHTML, like Gecko; compatible; bingbot/2.0; +http://www.bing.com/bingbot.htm) Chrome/116.0.1938.76 Safari/537.36"
66.249.65.105 - - [08/Apr/2025:10:20:59 -0400] "GET /item/pc/gorgoneion/62750872.shtml HTTP/1.1" 200 26234 "-" "Mozilla/5.0 (Linux; Android 6.0.1; Nexus 5X Build/MMB29P) AppleWebKit/537.36 (KHTML, like Gecko) Chrome/135.0.7049.52 Mobile Safari/537.36 (compatible; GoogleOther)"
3.145.48.156 - - [08/Apr/2025:10:21:01 -0400] "GET /ad917/?path=%2Fhome%2F.%2F..%2Flib64%2Fcifs-utils%2F..%2Flibblkid.so.1 HTTP/1.1" 200 961 "-" "Mozilla/5.0 AppleWebKit/537.36 (KHTML, like Gecko; compatible; ClaudeBot/1.0; +claudebot@anthropic.com)"
3.145.48.156 - - [08/Apr/2025:10:21:04 -0400] "GET /ad917/?path=%2Fhome%2F.%2F..%2Flib64%2Fplymouth%2F..%2Flibenchant.so.1 HTTP/1.1" 200 957 "-" "Mozilla/5.0 AppleWebKit/537.36 (KHTML, like Gecko; compatible; ClaudeBot/1.0; +claudebot@anthropic.com)"
