40.77.167.7 - - [08/Apr/2025:08:44:49 -0400] "GET /items/detractive14440550.shtml HTTP/1.1" 200 25430 "-" "Mozilla/5.0 AppleWebKit/537.36 (KHTML, like Gecko; compatible; bingbot/2.0; +http://www.bing.com/bingbot.htm) Chrome/116.0.1938.76 Safari/537.36"
66.249.65.105 - - [08/Apr/2025:08:44:51 -0400] "GET /info/iwk/sinha/43219134.shtml HTTP/1.1" 200 27870 "-" "Mozilla/5.0 (Linux; Android 6.0.1; Nexus 5X Build/MMB29P) AppleWebKit/537.36 (KHTML, like Gecko) Chrome/135.0.7049.52 Mobile Safari/537.36 (compatible; GoogleOther)"
3.141.244.88 - - [08/Apr/2025:08:44:53 -0400] "GET /ad917/?path=%2Fhome%2F.%2F..%2Fhome3%2F..%2Flib64%2Flibmenu.so HTTP/1.1" 200 950 "-" "Mozilla/5.0 AppleWebKit/537.36 (KHTML, like Gecko; compatible; ClaudeBot/1.0; +claudebot@anthropic.com)"
157.55.39.52 - - [08/Apr/2025:08:44:53 -0400] "GET /goodscode54123346.shtml HTTP/1.1" 200 24828 "-" "Mozilla/5.0 AppleWebKit/537.36 (KHTML, like Gecko; compatible; bingbot/2.0; +http://www.bing.com/bingbot.htm) Chrome/116.0.1938.76 Safari/537.36"
157.55.39.63 - - [08/Apr/2025:08:44:53 -0400] "GET /item/99107294.shtml HTTP/1.1" 200 26270 "-" "Mozilla/5.0 AppleWebKit/537.36 (KHTML, like Gecko; compatible; bingbot/2.0; +http://www.bing.com/bingbot.htm) Chrome/116.0.1938.76 Safari/537.36"
3.141.244.88 - - [08/Apr/2025:08:44:56 -0400] "GET /ad917/?path=%2Fhome%2F.%2F..%2Fhome5%2F..%2Flib64%2Flibnn.so.2 HTTP/1.1" 200 950 "-" "Mozilla/5.0 AppleWebKit/537.36 (KHTML, like Gecko; compatible; ClaudeBot/1.0; +claudebot@anthropic.com)"
3.141.244.88 - - [08/Apr/2025:08:44:59 -0400] "GET /ad917/?path=%2Fhome%2F.%2F..%2Fhome4%2F..%2Flib64%2Flibss.so.2 HTTP/1.1" 200 947 "-" "Mozilla/5.0 AppleWebKit/537.36 (KHTML, like Gecko; compatible; ClaudeBot/1.0; +claudebot@anthropic.com)"
52.167.144.140 - - [08/Apr/2025:08:44:58 -0400] "GET /items52325212.shtml HTTP/1.1" 200 26353 "-" "Mozilla/5.0 AppleWebKit/537.36 (KHTML, like Gecko; compatible; bingbot/2.0; +http://www.bing.com/bingbot.htm) Chrome/116.0.1938.76 Safari/537.36"
3.141.244.88 - - [08/Apr/2025:08:45:02 -0400] "GET /ad917/?path=%2Fhome%2F.%2F..%2Fhome2%2F..%2Flib64%2FlibtdsS.so HTTP/1.1" 200 952 "-" "Mozilla/5.0 AppleWebKit/537.36 (KHTML, like Gecko; compatible; ClaudeBot/1.0; +claudebot@anthropic.com)"
3.141.244.88 - - [08/Apr/2025:08:45:05 -0400] "GET /ad917/?path=%2Fhome%2F.%2F..%2Fhome5%2F..%2Flib64%2Fld-2.28.so HTTP/1.1" 200 950 "-" "Mozilla/5.0 AppleWebKit/537.36 (KHTML, like Gecko; compatible; ClaudeBot/1.0; +claudebot@anthropic.com)"
66.249.65.105 - - [08/Apr/2025:08:45:05 -0400] "GET /products/po/commissariat/67670396.shtml HTTP/1.1" 200 25836 "-" "Mozilla/5.0 (Linux; Android 6.0.1; Nexus 5X Build/MMB29P) AppleWebKit/537.36 (KHTML, like Gecko) Chrome/135.0.7049.52 Mobile Safari/537.36 (compatible; GoogleOther)"
66.249.65.105 - - [08/Apr/2025:08:45:06 -0400] "GET /info/iwk/landowning/95700654.shtml HTTP/1.1" 200 27744 "-" "Mozilla/5.0 (Linux; Android 6.0.1; Nexus 5X Build/MMB29P) AppleWebKit/537.36 (KHTML, like Gecko) Chrome/135.0.7049.52 Mobile Safari/537.36 (compatible; GoogleOther)"
3.141.244.88 - - [08/Apr/2025:08:45:08 -0400] "GET /ad917/?path=%2Fhome%2F.%2F..%2Fhome2%2F..%2Flib64%2Flibgdbm.so HTTP/1.1" 200 951 "-" "Mozilla/5.0 AppleWebKit/537.36 (KHTML, like Gecko; compatible; ClaudeBot/1.0; +claudebot@anthropic.com)"
66.249.65.105 - - [08/Apr/2025:08:45:08 -0400] "GET /items/coq/quietest/4806610.shtml HTTP/1.1" 200 30904 "-" "Mozilla/5.0 (Linux; Android 6.0.1; Nexus 5X Build/MMB29P) AppleWebKit/537.36 (KHTML, like Gecko) Chrome/135.0.7049.52 Mobile Safari/537.36 (compatible; GoogleOther)"
3.141.244.88 - - [08/Apr/2025:08:45:11 -0400] "GET /ad917/?path=%2Fhome%2F.%2F..%2Fhome4%2F..%2Flib64%2FlibXi.so.6 HTTP/1.1" 200 952 "-" "Mozilla/5.0 AppleWebKit/537.36 (KHTML, like Gecko; compatible; ClaudeBot/1.0; +claudebot@anthropic.com)"
3.141.244.88 - - [08/Apr/2025:08:45:14 -0400] "GET /ad917/?path=%2Fhome%2F.%2F..%2Fhome2%2F..%2Flib64%2Flibpcre.so HTTP/1.1" 200 951 "-" "Mozilla/5.0 AppleWebKit/537.36 (KHTML, like Gecko; compatible; ClaudeBot/1.0; +claudebot@anthropic.com)"
3.141.244.88 - - [08/Apr/2025:08:45:17 -0400] "GET /ad917/?path=%2Fhome%2F.%2F..%2Fhome1%2F..%2Flib64%2FlibSM.so.6 HTTP/1.1" 200 951 "-" "Mozilla/5.0 AppleWebKit/537.36 (KHTML, like Gecko; compatible; ClaudeBot/1.0; +claudebot@anthropic.com)"
66.249.65.104 - - [08/Apr/2025:08:45:17 -0400] "GET /products/buw/sickerness/44707152.shtml HTTP/1.1" 200 26228 "-" "Mozilla/5.0 (Linux; Android 6.0.1; Nexus 5X Build/MMB29P) AppleWebKit/537.36 (KHTML, like Gecko) Chrome/135.0.7049.52 Mobile Safari/537.36 (compatible; GoogleOther)"
66.249.65.105 - - [08/Apr/2025:08:45:19 -0400] "GET /goodscode/o/raged109196918.shtml HTTP/1.1" 200 27144 "-" "Mozilla/5.0 (Linux; Android 6.0.1; Nexus 5X Build/MMB29P) AppleWebKit/537.36 (KHTML, like Gecko) Chrome/135.0.7049.52 Mobile Safari/537.36 (compatible; GoogleOther)"
40.77.167.116 - - [08/Apr/2025:08:45:22 -0400] "GET /product/bustling71161970.shtml HTTP/1.1" 200 26068 "-" "Mozilla/5.0 AppleWebKit/537.36 (KHTML, like Gecko; compatible; bingbot/2.0; +http://www.bing.com/bingbot.htm) Chrome/116.0.1938.76 Safari/537.36"
157.55.39.58 - - [08/Apr/2025:08:45:22 -0400] "GET /goods/aca/hoopskirt/75987470.shtml HTTP/1.1" 200 26699 "-" "Mozilla/5.0 AppleWebKit/537.36 (KHTML, like Gecko; compatible; bingbot/2.0; +http://www.bing.com/bingbot.htm) Chrome/116.0.1938.76 Safari/537.36"
66.249.65.104 - - [08/Apr/2025:08:45:24 -0400] "GET /detail/dis/enkindling/43088908.shtml HTTP/1.1" 200 25504 "-" "Mozilla/5.0 (Linux; Android 6.0.1; Nexus 5X Build/MMB29P) AppleWebKit/537.36 (KHTML, like Gecko) Chrome/135.0.7049.52 Mobile Safari/537.36 (compatible; GoogleOther)"
66.249.65.104 - - [08/Apr/2025:08:45:29 -0400] "GET /goodscode/neg/consolidant/46523652.shtml HTTP/1.1" 200 27793 "-" "Mozilla/5.0 (Linux; Android 6.0.1; Nexus 5X Build/MMB29P) AppleWebKit/537.36 (KHTML, like Gecko) Chrome/135.0.7049.52 Mobile Safari/537.36 (compatible; GoogleOther)"
66.249.65.104 - - [08/Apr/2025:08:45:30 -0400] "GET /special/xw/actinolitic/33174436.shtml HTTP/1.1" 200 27567 "-" "Mozilla/5.0 (Linux; Android 6.0.1; Nexus 5X Build/MMB29P) AppleWebKit/537.36 (KHTML, like Gecko) Chrome/135.0.7049.52 Mobile Safari/537.36 (compatible; GoogleOther)"
52.167.144.140 - - [08/Apr/2025:08:45:29 -0400] "GET /shopping/f/scopula/75875248.shtml HTTP/1.1" 200 27588 "-" "Mozilla/5.0 AppleWebKit/537.36 (KHTML, like Gecko; compatible; bingbot/2.0; +http://www.bing.com/bingbot.htm) Chrome/116.0.1938.76 Safari/537.36"
52.167.144.140 - - [08/Apr/2025:08:45:34 -0400] "GET /goodscode/2797998.shtml HTTP/1.1" 200 28963 "-" "Mozilla/5.0 AppleWebKit/537.36 (KHTML, like Gecko; compatible; bingbot/2.0; +http://www.bing.com/bingbot.htm) Chrome/116.0.1938.76 Safari/537.36"
157.55.39.52 - - [08/Apr/2025:08:45:35 -0400] "GET /product/102905776.shtml HTTP/1.1" 200 27553 "-" "Mozilla/5.0 AppleWebKit/537.36 (KHTML, like Gecko; compatible; bingbot/2.0; +http://www.bing.com/bingbot.htm) Chrome/116.0.1938.76 Safari/537.36"
66.249.65.104 - - [08/Apr/2025:08:45:41 -0400] "GET /entity/coadjuvant/31151968.shtml HTTP/1.1" 200 25650 "-" "Mozilla/5.0 (Linux; Android 6.0.1; Nexus 5X Build/MMB29P) AppleWebKit/537.36 (KHTML, like Gecko) Chrome/135.0.7049.52 Mobile Safari/537.36 (compatible; GoogleOther)"
66.249.65.104 - - [08/Apr/2025:08:45:43 -0400] "GET /shopbrand/b/conveying/63107432.shtml HTTP/1.1" 200 28021 "-" "Mozilla/5.0 (Linux; Android 6.0.1; Nexus 5X Build/MMB29P) AppleWebKit/537.36 (KHTML, like Gecko) Chrome/135.0.7049.52 Mobile Safari/537.36 (compatible; GoogleOther)"
3.19.255.50 - - [08/Apr/2025:08:45:44 -0400] "GET /ad917/?path=%2Fhome%2F.%2F..%2Fhome1%2F..%2Flib64%2Flibndp.so.0 HTTP/1.1" 200 949 "-" "Mozilla/5.0 AppleWebKit/537.36 (KHTML, like Gecko; compatible; ClaudeBot/1.0; +claudebot@anthropic.com)"
3.19.255.50 - - [08/Apr/2025:08:45:47 -0400] "GET /ad917/?path=%2Fhome%2F.%2F..%2Fhome2%2F..%2Flib64%2Flibyaz.so.5 HTTP/1.1" 200 949 "-" "Mozilla/5.0 AppleWebKit/537.36 (KHTML, like Gecko; compatible; ClaudeBot/1.0; +claudebot@anthropic.com)"
3.19.255.50 - - [08/Apr/2025:08:45:50 -0400] "GET /ad917/?path=%2Fhome%2F.%2F..%2Fhome%2Fservlmvm%2F.%2F.htpasswds HTTP/1.1" 403 1242 "-" "Mozilla/5.0 AppleWebKit/537.36 (KHTML, like Gecko; compatible; ClaudeBot/1.0; +claudebot@anthropic.com)"
157.55.39.58 - - [08/Apr/2025:08:45:52 -0400] "GET /items/52217944.shtml HTTP/1.1" 200 28151 "-" "Mozilla/5.0 AppleWebKit/537.36 (KHTML, like Gecko; compatible; bingbot/2.0; +http://www.bing.com/bingbot.htm) Chrome/116.0.1938.76 Safari/537.36"
3.19.255.50 - - [08/Apr/2025:08:45:53 -0400] "GET /ad917/?path=%2Fhome%2F.%2F..%2Fhome4%2F..%2Flib64%2Fliblz4.so.1 HTTP/1.1" 200 949 "-" "Mozilla/5.0 AppleWebKit/537.36 (KHTML, like Gecko; compatible; ClaudeBot/1.0; +claudebot@anthropic.com)"
157.55.39.52 - - [08/Apr/2025:08:45:54 -0400] "GET /items63454398.shtml HTTP/1.1" 200 26522 "-" "Mozilla/5.0 AppleWebKit/537.36 (KHTML, like Gecko; compatible; bingbot/2.0; +http://www.bing.com/bingbot.htm) Chrome/116.0.1938.76 Safari/537.36"
66.249.65.105 - - [08/Apr/2025:08:45:54 -0400] "GET /items/patrol35080478.shtml HTTP/1.1" 200 26680 "-" "Mozilla/5.0 (Linux; Android 6.0.1; Nexus 5X Build/MMB29P) AppleWebKit/537.36 (KHTML, like Gecko) Chrome/135.0.7049.52 Mobile Safari/537.36 (compatible; GoogleOther)"
3.19.255.50 - - [08/Apr/2025:08:45:56 -0400] "GET /ad917/?path=%2Fhome%2F.%2F..%2Fhome5%2F..%2Flib64%2Flibbind9.so HTTP/1.1" 200 949 "-" "Mozilla/5.0 AppleWebKit/537.36 (KHTML, like Gecko; compatible; ClaudeBot/1.0; +claudebot@anthropic.com)"
66.249.65.104 - - [08/Apr/2025:08:45:56 -0400] "GET /shopdetail/b/scalar/43096452.shtml HTTP/1.1" 200 27687 "-" "Mozilla/5.0 (Linux; Android 6.0.1; Nexus 5X Build/MMB29P) AppleWebKit/537.36 (KHTML, like Gecko) Chrome/135.0.7049.52 Mobile Safari/537.36 (compatible; GoogleOther)"
66.249.65.105 - - [08/Apr/2025:08:45:57 -0400] "GET /products/v/scavenging/52440460.shtml HTTP/1.1" 200 26692 "-" "Mozilla/5.0 (Linux; Android 6.0.1; Nexus 5X Build/MMB29P) AppleWebKit/537.36 (KHTML, like Gecko) Chrome/135.0.7049.52 Mobile Safari/537.36 (compatible; GoogleOther)"
52.167.144.140 - - [08/Apr/2025:08:45:58 -0400] "GET /special/99218242.shtml HTTP/1.1" 200 28108 "-" "Mozilla/5.0 AppleWebKit/537.36 (KHTML, like Gecko; compatible; bingbot/2.0; +http://www.bing.com/bingbot.htm) Chrome/116.0.1938.76 Safari/537.36"
3.19.255.50 - - [08/Apr/2025:08:45:59 -0400] "GET /ad917/?path=%2Fhome%2F.%2F..%2Fhome3%2F..%2Flib64%2Flibefa.so.1 HTTP/1.1" 200 950 "-" "Mozilla/5.0 AppleWebKit/537.36 (KHTML, like Gecko; compatible; ClaudeBot/1.0; +claudebot@anthropic.com)"
3.19.255.50 - - [08/Apr/2025:08:46:02 -0400] "GET /ad917/?path=%2Fhome%2F.%2F..%2Fhome3%2F..%2Flib64%2Flibrrd.so.8 HTTP/1.1" 200 949 "-" "Mozilla/5.0 AppleWebKit/537.36 (KHTML, like Gecko; compatible; ClaudeBot/1.0; +claudebot@anthropic.com)"
207.46.13.18 - - [08/Apr/2025:08:46:03 -0400] "GET /items/68999746.shtml HTTP/1.1" 200 26597 "-" "Mozilla/5.0 AppleWebKit/537.36 (KHTML, like Gecko; compatible; bingbot/2.0; +http://www.bing.com/bingbot.htm) Chrome/116.0.1938.76 Safari/537.36"
157.55.39.63 - - [08/Apr/2025:08:46:04 -0400] "GET /shopdetail99126846.shtml HTTP/1.1" 200 25551 "-" "Mozilla/5.0 AppleWebKit/537.36 (KHTML, like Gecko; compatible; bingbot/2.0; +http://www.bing.com/bingbot.htm) Chrome/116.0.1938.76 Safari/537.36"
3.19.255.50 - - [08/Apr/2025:08:46:05 -0400] "GET /ad917/?path=%2Fhome%2F.%2F..%2Fhome2%2F..%2Flib64%2Flibpsx.so.2 HTTP/1.1" 200 951 "-" "Mozilla/5.0 AppleWebKit/537.36 (KHTML, like Gecko; compatible; ClaudeBot/1.0; +claudebot@anthropic.com)"
66.249.65.105 - - [08/Apr/2025:08:46:05 -0400] "GET /shopdetail/z/moyle/84300804.shtml HTTP/1.1" 200 28087 "-" "Mozilla/5.0 (Linux; Android 6.0.1; Nexus 5X Build/MMB29P) AppleWebKit/537.36 (KHTML, like Gecko) Chrome/135.0.7049.52 Mobile Safari/537.36 (compatible; GoogleOther)"
66.249.65.104 - - [08/Apr/2025:08:46:07 -0400] "GET /shopbrand/t/foaming/84300568.shtml HTTP/1.1" 200 25744 "-" "Mozilla/5.0 (Linux; Android 6.0.1; Nexus 5X Build/MMB29P) AppleWebKit/537.36 (KHTML, like Gecko) Chrome/135.0.7049.52 Mobile Safari/537.36 (compatible; GoogleOther)"
3.19.255.50 - - [08/Apr/2025:08:46:08 -0400] "GET /ad917/?path=%2Fhome%2F.%2F..%2Fhome4%2F..%2Flib64%2Flibtic.so.6 HTTP/1.1" 200 949 "-" "Mozilla/5.0 AppleWebKit/537.36 (KHTML, like Gecko; compatible; ClaudeBot/1.0; +claudebot@anthropic.com)"
40.77.167.116 - - [08/Apr/2025:08:46:09 -0400] "GET /products61796390.shtml HTTP/1.1" 200 28505 "-" "Mozilla/5.0 AppleWebKit/537.36 (KHTML, like Gecko; compatible; bingbot/2.0; +http://www.bing.com/bingbot.htm) Chrome/116.0.1938.76 Safari/537.36"
52.167.144.140 - - [08/Apr/2025:08:46:10 -0400] "GET /product/puffinus/16757512.shtml HTTP/1.1" 200 25958 "-" "Mozilla/5.0 AppleWebKit/537.36 (KHTML, like Gecko; compatible; bingbot/2.0; +http://www.bing.com/bingbot.htm) Chrome/116.0.1938.76 Safari/537.36"
3.19.255.50 - - [08/Apr/2025:08:46:11 -0400] "GET /ad917/?path=%2Fhome%2F.%2F..%2Fhome5%2F..%2Flib64%2Flibnspr4.so HTTP/1.1" 200 949 "-" "Mozilla/5.0 AppleWebKit/537.36 (KHTML, like Gecko; compatible; ClaudeBot/1.0; +claudebot@anthropic.com)"
3.19.255.50 - - [08/Apr/2025:08:46:14 -0400] "GET /ad917/?path=%2Fhome%2F.%2F..%2Fhome5%2F..%2Flib64%2Flibverto.so HTTP/1.1" 200 949 "-" "Mozilla/5.0 AppleWebKit/537.36 (KHTML, like Gecko; compatible; ClaudeBot/1.0; +claudebot@anthropic.com)"
40.77.167.116 - - [08/Apr/2025:08:46:14 -0400] "GET /goodscode/21876772.shtml HTTP/1.1" 200 26669 "-" "Mozilla/5.0 AppleWebKit/537.36 (KHTML, like Gecko; compatible; bingbot/2.0; +http://www.bing.com/bingbot.htm) Chrome/116.0.1938.76 Safari/537.36"
157.55.39.58 - - [08/Apr/2025:08:46:15 -0400] "GET /items99218932.shtml HTTP/1.1" 200 29093 "-" "Mozilla/5.0 AppleWebKit/537.36 (KHTML, like Gecko; compatible; bingbot/2.0; +http://www.bing.com/bingbot.htm) Chrome/116.0.1938.76 Safari/537.36"
3.19.255.50 - - [08/Apr/2025:08:46:17 -0400] "GET /ad917/?path=%2Fhome%2F.%2F..%2Fhome1%2F..%2Flib64%2FlibXau.so.6 HTTP/1.1" 200 952 "-" "Mozilla/5.0 AppleWebKit/537.36 (KHTML, like Gecko; compatible; ClaudeBot/1.0; +claudebot@anthropic.com)"
66.249.65.105 - - [08/Apr/2025:08:46:19 -0400] "GET /goodscode/b/alicant/38933812.shtml HTTP/1.1" 200 28011 "-" "Mozilla/5.0 (Linux; Android 6.0.1; Nexus 5X Build/MMB29P) AppleWebKit/537.36 (KHTML, like Gecko) Chrome/135.0.7049.52 Mobile Safari/537.36 (compatible; GoogleOther)"
198.54.116.86 - - [08/Apr/2025:08:46:20 -0400] "POST /wp-cron.php?doing_wp_cron=1744116380.6183080673217773437500 HTTP/1.1" 200 0 "-" "WordPress/6.7.2; https://servethepeopleinc.org"
198.54.114.58 - - [08/Apr/2025:08:46:20 -0400] "POST /xmlrpc.php HTTP/1.1" 200 210 "https://servethepeopleinc.org" "Mozilla/5.0 (Windows NT 10.0; Win64; x64) AppleWebKit/537.36 (KHTML, like Gecko) Chrome/113.0.5672.126 Safari/537.36 Edg/113.0.1774.50"
3.19.255.50 - - [08/Apr/2025:08:46:21 -0400] "GET /ad917/?path=%2Fhome%2F.%2F..%2Fhome1%2F..%2Flib64%2Flibbpf.so.0 HTTP/1.1" 200 950 "-" "Mozilla/5.0 AppleWebKit/537.36 (KHTML, like Gecko; compatible; ClaudeBot/1.0; +claudebot@anthropic.com)"
198.54.116.86 - - [08/Apr/2025:08:46:21 -0400] "POST /wp-admin/admin-ajax.php?action=async_litespeed&nonce=ACdgN8OMYAN9ANMD6F395uGHo6UgcNb6&litespeed_type=imgoptm HTTP/1.1" 200 21 "-" "WordPress/6.7.2; https://servethepeopleinc.org"
66.249.65.104 - - [08/Apr/2025:08:46:21 -0400] "GET /item/ultrage/42419206.shtml HTTP/1.1" 200 26248 "-" "Mozilla/5.0 (Linux; Android 6.0.1; Nexus 5X Build/MMB29P) AppleWebKit/537.36 (KHTML, like Gecko) Chrome/135.0.7049.52 Mobile Safari/537.36 (compatible; GoogleOther)"
40.77.167.116 - - [08/Apr/2025:08:46:21 -0400] "GET /items120417108.shtml HTTP/1.1" 200 27025 "-" "Mozilla/5.0 AppleWebKit/537.36 (KHTML, like Gecko; compatible; bingbot/2.0; +http://www.bing.com/bingbot.htm) Chrome/116.0.1938.76 Safari/537.36"
66.249.65.105 - - [08/Apr/2025:08:46:22 -0400] "GET /items/banningorder/38933512.shtml HTTP/1.1" 200 26088 "-" "Mozilla/5.0 (Linux; Android 6.0.1; Nexus 5X Build/MMB29P) AppleWebKit/537.36 (KHTML, like Gecko) Chrome/135.0.7049.52 Mobile Safari/537.36 (compatible; GoogleOther)"
3.19.255.50 - - [08/Apr/2025:08:46:23 -0400] "GET /ad917/?path=%2Fhome%2F.%2F..%2Fhome1%2F..%2Flib64%2Fxml2Conf.sh HTTP/1.1" 200 1099 "-" "Mozilla/5.0 AppleWebKit/537.36 (KHTML, like Gecko; compatible; ClaudeBot/1.0; +claudebot@anthropic.com)"
40.77.167.116 - - [08/Apr/2025:08:46:25 -0400] "GET /goodscode/palpifer/75935660.shtml HTTP/1.1" 200 26840 "-" "Mozilla/5.0 AppleWebKit/537.36 (KHTML, like Gecko; compatible; bingbot/2.0; +http://www.bing.com/bingbot.htm) Chrome/116.0.1938.76 Safari/537.36"
3.19.255.50 - - [08/Apr/2025:08:46:26 -0400] "GET /ad917/?path=%2Fhome%2F.%2F..%2Fhome4%2F..%2Flib64%2Flibelf.so.1 HTTP/1.1" 200 950 "-" "Mozilla/5.0 AppleWebKit/537.36 (KHTML, like Gecko; compatible; ClaudeBot/1.0; +claudebot@anthropic.com)"
3.19.255.50 - - [08/Apr/2025:08:46:29 -0400] "GET /ad917/?path=%2Fhome%2F.%2F..%2Fhome2%2F..%2Flib64%2Flibbsock.so HTTP/1.1" 200 949 "-" "Mozilla/5.0 AppleWebKit/537.36 (KHTML, like Gecko; compatible; ClaudeBot/1.0; +claudebot@anthropic.com)"
66.249.65.104 - - [08/Apr/2025:08:46:31 -0400] "GET /goodscode/j/dinning/43077148.shtml HTTP/1.1" 200 25788 "-" "Mozilla/5.0 (Linux; Android 6.0.1; Nexus 5X Build/MMB29P) AppleWebKit/537.36 (KHTML, like Gecko) Chrome/135.0.7049.52 Mobile Safari/537.36 (compatible; GoogleOther)"
3.19.255.50 - - [08/Apr/2025:08:46:32 -0400] "GET /ad917/?path=%2Fhome%2F.%2F..%2Fhome5%2F..%2Flib64%2FlibXpm.so.4 HTTP/1.1" 200 951 "-" "Mozilla/5.0 AppleWebKit/537.36 (KHTML, like Gecko; compatible; ClaudeBot/1.0; +claudebot@anthropic.com)"
40.77.167.116 - - [08/Apr/2025:08:46:32 -0400] "GET /info49597632.shtml HTTP/1.1" 200 29586 "-" "Mozilla/5.0 AppleWebKit/537.36 (KHTML, like Gecko; compatible; bingbot/2.0; +http://www.bing.com/bingbot.htm) Chrome/116.0.1938.76 Safari/537.36"
3.19.255.50 - - [08/Apr/2025:08:46:35 -0400] "GET /ad917/?path=%2Fhome%2F.%2F..%2Fhome1%2F..%2Flib64%2Flibtk8.6.so HTTP/1.1" 200 949 "-" "Mozilla/5.0 AppleWebKit/537.36 (KHTML, like Gecko; compatible; ClaudeBot/1.0; +claudebot@anthropic.com)"
157.55.39.58 - - [08/Apr/2025:08:46:35 -0400] "GET /goods/24564772.shtml HTTP/1.1" 200 27222 "-" "Mozilla/5.0 AppleWebKit/537.36 (KHTML, like Gecko; compatible; bingbot/2.0; +http://www.bing.com/bingbot.htm) Chrome/116.0.1938.76 Safari/537.36"
66.249.65.104 - - [08/Apr/2025:08:46:35 -0400] "GET /products/xa/scrapingly25688728.shtml HTTP/1.1" 200 29913 "-" "Mozilla/5.0 (Linux; Android 6.0.1; Nexus 5X Build/MMB29P) AppleWebKit/537.36 (KHTML, like Gecko) Chrome/135.0.7049.52 Mobile Safari/537.36 (compatible; GoogleOther)"
207.46.13.18 - - [08/Apr/2025:08:46:38 -0400] "GET /items91177358.shtml HTTP/1.1" 200 27494 "-" "Mozilla/5.0 AppleWebKit/537.36 (KHTML, like Gecko; compatible; bingbot/2.0; +http://www.bing.com/bingbot.htm) Chrome/116.0.1938.76 Safari/537.36"
3.19.255.50 - - [08/Apr/2025:08:46:38 -0400] "GET /ad917/?path=%2Fhome%2F.%2F..%2Fhome5%2F..%2Flib64%2Flibrpm.so.8 HTTP/1.1" 200 949 "-" "Mozilla/5.0 AppleWebKit/537.36 (KHTML, like Gecko; compatible; ClaudeBot/1.0; +claudebot@anthropic.com)"
3.19.255.50 - - [08/Apr/2025:08:46:41 -0400] "GET /ad917/?path=%2Fhome%2F.%2F..%2Fhome4%2F..%2Flib64%2FlibGLX.so.0 HTTP/1.1" 200 953 "-" "Mozilla/5.0 AppleWebKit/537.36 (KHTML, like Gecko; compatible; ClaudeBot/1.0; +claudebot@anthropic.com)"
3.19.255.50 - - [08/Apr/2025:08:46:44 -0400] "GET /ad917/?path=%2Fhome%2F.%2F..%2Fhome5%2F..%2Flib64%2Flibefa.so.1 HTTP/1.1" 200 950 "-" "Mozilla/5.0 AppleWebKit/537.36 (KHTML, like Gecko; compatible; ClaudeBot/1.0; +claudebot@anthropic.com)"
157.55.39.52 - - [08/Apr/2025:08:46:46 -0400] "GET /special/shunning35636496.shtml HTTP/1.1" 200 29083 "-" "Mozilla/5.0 AppleWebKit/537.36 (KHTML, like Gecko; compatible; bingbot/2.0; +http://www.bing.com/bingbot.htm) Chrome/116.0.1938.76 Safari/537.36"
3.19.255.50 - - [08/Apr/2025:08:46:47 -0400] "GET /ad917/?path=%2Fhome%2F.%2F..%2Fhome5%2F..%2Flib64%2Flibnet.so.1 HTTP/1.1" 200 949 "-" "Mozilla/5.0 AppleWebKit/537.36 (KHTML, like Gecko; compatible; ClaudeBot/1.0; +claudebot@anthropic.com)"
66.249.65.104 - - [08/Apr/2025:08:46:48 -0400] "GET /shopdetail/vyg/heresiarch/62726072.shtml HTTP/1.1" 200 27568 "-" "Mozilla/5.0 (Linux; Android 6.0.1; Nexus 5X Build/MMB29P) AppleWebKit/537.36 (KHTML, like Gecko) Chrome/135.0.7049.52 Mobile Safari/537.36 (compatible; GoogleOther)"
66.249.65.104 - - [08/Apr/2025:08:46:49 -0400] "GET /items/retistene/77598570.shtml HTTP/1.1" 200 26139 "-" "Mozilla/5.0 (Linux; Android 6.0.1; Nexus 5X Build/MMB29P) AppleWebKit/537.36 (KHTML, like Gecko) Chrome/135.0.7049.52 Mobile Safari/537.36 (compatible; GoogleOther)"
3.19.255.50 - - [08/Apr/2025:08:46:50 -0400] "GET /ad917/?path=%2Fhome%2F.%2F..%2Fhome2%2F..%2Flib64%2Flibffi.so.6 HTTP/1.1" 200 950 "-" "Mozilla/5.0 AppleWebKit/537.36 (KHTML, like Gecko; compatible; ClaudeBot/1.0; +claudebot@anthropic.com)"
66.249.65.104 - - [08/Apr/2025:08:46:52 -0400] "GET /shopping/ysu/tumulose/44700494.shtml HTTP/1.1" 200 24474 "-" "Mozilla/5.0 (Linux; Android 6.0.1; Nexus 5X Build/MMB29P) AppleWebKit/537.36 (KHTML, like Gecko) Chrome/135.0.7049.52 Mobile Safari/537.36 (compatible; GoogleOther)"
3.19.255.50 - - [08/Apr/2025:08:46:53 -0400] "GET /ad917/?path=%2Fhome%2F.%2F..%2Fhome1%2F..%2Flib64%2Fengines-1.1 HTTP/1.1" 200 1601 "-" "Mozilla/5.0 AppleWebKit/537.36 (KHTML, like Gecko; compatible; ClaudeBot/1.0; +claudebot@anthropic.com)"
3.19.255.50 - - [08/Apr/2025:08:46:56 -0400] "GET /ad917/?path=%2Fhome%2F.%2F..%2Fhome5%2F..%2Flib64%2Flibdrm.so.2 HTTP/1.1" 200 949 "-" "Mozilla/5.0 AppleWebKit/537.36 (KHTML, like Gecko; compatible; ClaudeBot/1.0; +claudebot@anthropic.com)"
66.249.65.105 - - [08/Apr/2025:08:46:57 -0400] "GET /products/j/excorticate/57013300.shtml HTTP/1.1" 200 25477 "-" "Mozilla/5.0 (Linux; Android 6.0.1; Nexus 5X Build/MMB29P) AppleWebKit/537.36 (KHTML, like Gecko) Chrome/135.0.7049.52 Mobile Safari/537.36 (compatible; GoogleOther)"
3.19.255.50 - - [08/Apr/2025:08:46:59 -0400] "GET /ad917/?path=%2Fhome%2F.%2F..%2Fhome4%2F..%2Flib64%2Flibmysqld.a HTTP/1.1" 200 951 "-" "Mozilla/5.0 AppleWebKit/537.36 (KHTML, like Gecko; compatible; ClaudeBot/1.0; +claudebot@anthropic.com)"
40.77.167.116 - - [08/Apr/2025:08:47:01 -0400] "GET /products73324120.shtml HTTP/1.1" 200 26168 "-" "Mozilla/5.0 AppleWebKit/537.36 (KHTML, like Gecko; compatible; bingbot/2.0; +http://www.bing.com/bingbot.htm) Chrome/116.0.1938.76 Safari/537.36"
3.19.255.50 - - [08/Apr/2025:08:47:02 -0400] "GET /ad917/?path=%2Fhome%2F.%2F..%2Fhome3%2F..%2Flib64%2Flibcrypt.so HTTP/1.1" 200 950 "-" "Mozilla/5.0 AppleWebKit/537.36 (KHTML, like Gecko; compatible; ClaudeBot/1.0; +claudebot@anthropic.com)"
66.249.65.96 - - [08/Apr/2025:08:47:02 -0400] "GET /info/saintliest/39630134.shtml HTTP/1.1" 200 27769 "-" "Mozilla/5.0 (Linux; Android 6.0.1; Nexus 5X Build/MMB29P) AppleWebKit/537.36 (KHTML, like Gecko) Chrome/135.0.7049.52 Mobile Safari/537.36 (compatible; GoogleOther)"
3.19.255.50 - - [08/Apr/2025:08:47:05 -0400] "GET /ad917/?path=%2Fhome%2F.%2F..%2Fhome4%2F..%2Flib64%2Flibcap.so.2 HTTP/1.1" 200 949 "-" "Mozilla/5.0 AppleWebKit/537.36 (KHTML, like Gecko; compatible; ClaudeBot/1.0; +claudebot@anthropic.com)"
198.54.116.86 - - [08/Apr/2025:08:47:06 -0400] "POST /wp-cron.php?doing_wp_cron=1744116426.0818240642547607421875 HTTP/1.1" 200 0 "-" "WordPress/6.7.2; https://servethepeopleinc.org"
157.55.39.63 - - [08/Apr/2025:08:47:05 -0400] "GET /item/warded/52309430.shtml HTTP/1.1" 200 25827 "-" "Mozilla/5.0 AppleWebKit/537.36 (KHTML, like Gecko; compatible; bingbot/2.0; +http://www.bing.com/bingbot.htm) Chrome/116.0.1938.76 Safari/537.36"
51.222.253.11 - - [08/Apr/2025:08:47:05 -0400] "GET /detail90021456.shtml HTTP/1.1" 404 16703 "-" "Mozilla/5.0 (compatible; AhrefsBot/7.0; +http://ahrefs.com/robot/)"
198.54.116.86 - - [08/Apr/2025:08:47:06 -0400] "POST /wp-admin/admin-ajax.php?action=async_litespeed&nonce=BGsCfDrNo3duTNtz8AfEQPEaoBr1H9e4&litespeed_type=imgoptm HTTP/1.1" 200 21 "-" "WordPress/6.7.2; https://servethepeopleinc.org"
3.19.255.50 - - [08/Apr/2025:08:47:08 -0400] "GET /ad917/?path=%2Fhome%2F.%2F..%2Fhome5%2F..%2Flib64%2Fliblve.so.0 HTTP/1.1" 200 949 "-" "Mozilla/5.0 AppleWebKit/537.36 (KHTML, like Gecko; compatible; ClaudeBot/1.0; +claudebot@anthropic.com)"
3.19.255.50 - - [08/Apr/2025:08:47:11 -0400] "GET /ad917/?path=%2Fhome%2F.%2F..%2Fhome1%2F..%2Flib64%2Flibmcheck.a HTTP/1.1" 200 950 "-" "Mozilla/5.0 AppleWebKit/537.36 (KHTML, like Gecko; compatible; ClaudeBot/1.0; +claudebot@anthropic.com)"
66.249.65.104 - - [08/Apr/2025:08:47:11 -0400] "GET /goodscode/laundries/112934976.shtml HTTP/1.1" 200 27161 "-" "Mozilla/5.0 (Linux; Android 6.0.1; Nexus 5X Build/MMB29P) AppleWebKit/537.36 (KHTML, like Gecko) Chrome/135.0.7049.52 Mobile Safari/537.36 (compatible; GoogleOther)"
157.55.39.63 - - [08/Apr/2025:08:47:12 -0400] "GET /entity/99104392.shtml HTTP/1.1" 200 30819 "-" "Mozilla/5.0 AppleWebKit/537.36 (KHTML, like Gecko; compatible; bingbot/2.0; +http://www.bing.com/bingbot.htm) Chrome/116.0.1938.76 Safari/537.36"
66.249.65.105 - - [08/Apr/2025:08:47:13 -0400] "GET /products/duo/potentize/58178212.shtml HTTP/1.1" 200 26420 "-" "Mozilla/5.0 (Linux; Android 6.0.1; Nexus 5X Build/MMB29P) AppleWebKit/537.36 (KHTML, like Gecko) Chrome/135.0.7049.52 Mobile Safari/537.36 (compatible; GoogleOther)"
3.19.255.50 - - [08/Apr/2025:08:47:14 -0400] "GET /ad917/?path=%2Fhome%2F.%2F..%2Fhome4%2F..%2Flib64%2Flibply.so.5 HTTP/1.1" 200 950 "-" "Mozilla/5.0 AppleWebKit/537.36 (KHTML, like Gecko; compatible; ClaudeBot/1.0; +claudebot@anthropic.com)"
66.249.65.104 - - [08/Apr/2025:08:47:14 -0400] "GET /goodscode/p/coralligena92240332.shtml HTTP/1.1" 200 26017 "-" "Mozilla/5.0 (Linux; Android 6.0.1; Nexus 5X Build/MMB29P) AppleWebKit/537.36 (KHTML, like Gecko) Chrome/135.0.7049.52 Mobile Safari/537.36 (compatible; GoogleOther)"
157.55.39.52 - - [08/Apr/2025:08:47:15 -0400] "GET /goods112623164.shtml HTTP/1.1" 200 25366 "-" "Mozilla/5.0 AppleWebKit/537.36 (KHTML, like Gecko; compatible; bingbot/2.0; +http://www.bing.com/bingbot.htm) Chrome/116.0.1938.76 Safari/537.36"
157.55.39.63 - - [08/Apr/2025:08:47:15 -0400] "GET /goodscode52200872.shtml HTTP/1.1" 200 27193 "-" "Mozilla/5.0 AppleWebKit/537.36 (KHTML, like Gecko; compatible; bingbot/2.0; +http://www.bing.com/bingbot.htm) Chrome/116.0.1938.76 Safari/537.36"
3.19.255.50 - - [08/Apr/2025:08:47:17 -0400] "GET /ad917/?path=%2Fhome%2F.%2F..%2Fhome1%2F..%2Flib64%2Flibpci.so.3 HTTP/1.1" 200 949 "-" "Mozilla/5.0 AppleWebKit/537.36 (KHTML, like Gecko; compatible; ClaudeBot/1.0; +claudebot@anthropic.com)"
157.55.39.63 - - [08/Apr/2025:08:47:17 -0400] "GET /items/y/coelodont/12737702.shtml HTTP/1.1" 200 26133 "-" "Mozilla/5.0 AppleWebKit/537.36 (KHTML, like Gecko; compatible; bingbot/2.0; +http://www.bing.com/bingbot.htm) Chrome/116.0.1938.76 Safari/537.36"
66.249.65.104 - - [08/Apr/2025:08:47:19 -0400] "GET /entity/qxi/presagement25707066.shtml HTTP/1.1" 200 26780 "-" "Mozilla/5.0 (Linux; Android 6.0.1; Nexus 5X Build/MMB29P) AppleWebKit/537.36 (KHTML, like Gecko) Chrome/135.0.7049.52 Mobile Safari/537.36 (compatible; GoogleOther)"
3.19.255.50 - - [08/Apr/2025:08:47:20 -0400] "GET /ad917/?path=%2Fhome%2F.%2F..%2Fhome3%2F..%2Flib64%2Flibnsl.so.2 HTTP/1.1" 200 949 "-" "Mozilla/5.0 AppleWebKit/537.36 (KHTML, like Gecko; compatible; ClaudeBot/1.0; +claudebot@anthropic.com)"
66.249.65.104 - - [08/Apr/2025:08:47:20 -0400] "GET /info/o/lonesomeness60388822.shtml HTTP/1.1" 200 27059 "-" "Mozilla/5.0 (Linux; Android 6.0.1; Nexus 5X Build/MMB29P) AppleWebKit/537.36 (KHTML, like Gecko) Chrome/135.0.7049.52 Mobile Safari/537.36 (compatible; GoogleOther)"
66.249.65.104 - - [08/Apr/2025:08:47:22 -0400] "GET /shopbrand/em/cannot/114035102.shtml HTTP/1.1" 200 26741 "-" "Mozilla/5.0 (Linux; Android 6.0.1; Nexus 5X Build/MMB29P) AppleWebKit/537.36 (KHTML, like Gecko) Chrome/135.0.7049.52 Mobile Safari/537.36 (compatible; GoogleOther)"
52.167.144.140 - - [08/Apr/2025:08:47:22 -0400] "GET /goods51402482.shtml HTTP/1.1" 200 25842 "-" "Mozilla/5.0 AppleWebKit/537.36 (KHTML, like Gecko; compatible; bingbot/2.0; +http://www.bing.com/bingbot.htm) Chrome/116.0.1938.76 Safari/537.36"
3.19.255.50 - - [08/Apr/2025:08:47:23 -0400] "GET /ad917/?path=%2Fhome%2F.%2F..%2Fhome1%2F..%2Flib64%2Flibtdb.so.1 HTTP/1.1" 200 948 "-" "Mozilla/5.0 AppleWebKit/537.36 (KHTML, like Gecko; compatible; ClaudeBot/1.0; +claudebot@anthropic.com)"
66.249.65.104 - - [08/Apr/2025:08:47:25 -0400] "GET /info/vwe/palpate/30379860.shtml HTTP/1.1" 200 27567 "-" "Mozilla/5.0 (Linux; Android 6.0.1; Nexus 5X Build/MMB29P) AppleWebKit/537.36 (KHTML, like Gecko) Chrome/135.0.7049.52 Mobile Safari/537.36 (compatible; GoogleOther)"
52.167.144.140 - - [08/Apr/2025:08:47:26 -0400] "GET /shopbrand/chitin52902318.shtml HTTP/1.1" 200 25480 "-" "Mozilla/5.0 AppleWebKit/537.36 (KHTML, like Gecko; compatible; bingbot/2.0; +http://www.bing.com/bingbot.htm) Chrome/116.0.1938.76 Safari/537.36"
3.19.255.50 - - [08/Apr/2025:08:47:26 -0400] "GET /ad917/?path=%2Fhome%2F.%2F..%2Fhome1%2F..%2Flib64%2Flibanl.so.1 HTTP/1.1" 200 948 "-" "Mozilla/5.0 AppleWebKit/537.36 (KHTML, like Gecko; compatible; ClaudeBot/1.0; +claudebot@anthropic.com)"
3.19.255.50 - - [08/Apr/2025:08:47:29 -0400] "GET /ad917/?path=%2Fhome%2F.%2F..%2Fhome3%2F..%2Flib64%2FlibXpm.so.4 HTTP/1.1" 200 951 "-" "Mozilla/5.0 AppleWebKit/537.36 (KHTML, like Gecko; compatible; ClaudeBot/1.0; +claudebot@anthropic.com)"
3.19.255.50 - - [08/Apr/2025:08:47:32 -0400] "GET /ad917/?path=%2Fhome%2F.%2F..%2Fhome1%2F..%2Flib64%2Flibtic.so.5 HTTP/1.1" 200 949 "-" "Mozilla/5.0 AppleWebKit/537.36 (KHTML, like Gecko; compatible; ClaudeBot/1.0; +claudebot@anthropic.com)"
66.249.65.104 - - [08/Apr/2025:08:47:34 -0400] "GET /product/muddying/75540524.shtml HTTP/1.1" 200 26012 "-" "Mozilla/5.0 (Linux; Android 6.0.1; Nexus 5X Build/MMB29P) AppleWebKit/537.36 (KHTML, like Gecko) Chrome/135.0.7049.52 Mobile Safari/537.36 (compatible; GoogleOther)"
3.19.255.50 - - [08/Apr/2025:08:47:35 -0400] "GET /ad917/?path=%2Fhome%2F.%2F..%2Fhome4%2F..%2Flib64%2Flibformw.so HTTP/1.1" 200 951 "-" "Mozilla/5.0 AppleWebKit/537.36 (KHTML, like Gecko; compatible; ClaudeBot/1.0; +claudebot@anthropic.com)"
66.249.65.104 - - [08/Apr/2025:08:47:35 -0400] "GET /entity/occupied/121571398.shtml HTTP/1.1" 200 28931 "-" "Mozilla/5.0 (Linux; Android 6.0.1; Nexus 5X Build/MMB29P) AppleWebKit/537.36 (KHTML, like Gecko) Chrome/135.0.7049.52 Mobile Safari/537.36 (compatible; GoogleOther)"
3.19.255.50 - - [08/Apr/2025:08:47:38 -0400] "GET /ad917/?path=%2Fhome%2F.%2F..%2Fhome5%2F..%2Flib64%2Flibtic.so.6 HTTP/1.1" 200 949 "-" "Mozilla/5.0 AppleWebKit/537.36 (KHTML, like Gecko; compatible; ClaudeBot/1.0; +claudebot@anthropic.com)"
3.19.255.50 - - [08/Apr/2025:08:47:41 -0400] "GET /ad917/?path=%2Fhome%2F.%2F..%2Fhome2%2F..%2Flib64%2Flibmcheck.a HTTP/1.1" 200 950 "-" "Mozilla/5.0 AppleWebKit/537.36 (KHTML, like Gecko; compatible; ClaudeBot/1.0; +claudebot@anthropic.com)"
66.249.65.104 - - [08/Apr/2025:08:47:48 -0400] "GET /goodscode/eey/euphonon/94178238.shtml HTTP/1.1" 200 25250 "-" "Mozilla/5.0 (Linux; Android 6.0.1; Nexus 5X Build/MMB29P) AppleWebKit/537.36 (KHTML, like Gecko) Chrome/135.0.7049.52 Mobile Safari/537.36 (compatible; GoogleOther)"
66.249.65.104 - - [08/Apr/2025:08:47:49 -0400] "GET /info/t/legement/80528784.shtml HTTP/1.1" 200 26661 "-" "Mozilla/5.0 (Linux; Android 6.0.1; Nexus 5X Build/MMB29P) AppleWebKit/537.36 (KHTML, like Gecko) Chrome/135.0.7049.52 Mobile Safari/537.36 (compatible; GoogleOther)"
207.46.13.18 - - [08/Apr/2025:08:47:54 -0400] "GET /product/semivitrification103467882.shtml HTTP/1.1" 200 27679 "-" "Mozilla/5.0 AppleWebKit/537.36 (KHTML, like Gecko; compatible; bingbot/2.0; +http://www.bing.com/bingbot.htm) Chrome/116.0.1938.76 Safari/537.36"
66.249.65.105 - - [08/Apr/2025:08:47:59 -0400] "GET /detail/bm/contradistinguished31947148.shtml HTTP/1.1" 200 28345 "-" "Mozilla/5.0 (Linux; Android 6.0.1; Nexus 5X Build/MMB29P) AppleWebKit/537.36 (KHTML, like Gecko) Chrome/135.0.7049.52 Mobile Safari/537.36 (compatible; GoogleOther)"
66.249.65.104 - - [08/Apr/2025:08:48:01 -0400] "GET /items/uou/curvinervate/49612206.shtml HTTP/1.1" 200 26356 "-" "Mozilla/5.0 (Linux; Android 6.0.1; Nexus 5X Build/MMB29P) AppleWebKit/537.36 (KHTML, like Gecko) Chrome/135.0.7049.52 Mobile Safari/537.36 (compatible; GoogleOther)"
157.55.39.52 - - [08/Apr/2025:08:48:03 -0400] "GET /product/fiveling24533774.shtml HTTP/1.1" 200 27146 "-" "Mozilla/5.0 AppleWebKit/537.36 (KHTML, like Gecko; compatible; bingbot/2.0; +http://www.bing.com/bingbot.htm) Chrome/116.0.1938.76 Safari/537.36"
66.249.65.104 - - [08/Apr/2025:08:48:07 -0400] "GET /special/mw/arable/94016958.shtml HTTP/1.1" 200 26029 "-" "Mozilla/5.0 (Linux; Android 6.0.1; Nexus 5X Build/MMB29P) AppleWebKit/537.36 (KHTML, like Gecko) Chrome/135.0.7049.52 Mobile Safari/537.36 (compatible; GoogleOther)"
40.77.167.116 - - [08/Apr/2025:08:48:10 -0400] "GET /special/misspender/10542420.shtml HTTP/1.1" 200 26864 "-" "Mozilla/5.0 AppleWebKit/537.36 (KHTML, like Gecko; compatible; bingbot/2.0; +http://www.bing.com/bingbot.htm) Chrome/116.0.1938.76 Safari/537.36"
3.12.34.113 - - [08/Apr/2025:08:48:13 -0400] "GET /ad917/?path=%2Fhome%2F.%2F..%2Fhome%2Fservlmvm%2Fwww%2F.htaccess HTTP/1.1" 403 1242 "-" "Mozilla/5.0 AppleWebKit/537.36 (KHTML, like Gecko; compatible; ClaudeBot/1.0; +claudebot@anthropic.com)"
66.249.65.104 - - [08/Apr/2025:08:48:13 -0400] "GET /product/dge/boogiewoogie/52431032.shtml HTTP/1.1" 200 26112 "-" "Mozilla/5.0 (Linux; Android 6.0.1; Nexus 5X Build/MMB29P) AppleWebKit/537.36 (KHTML, like Gecko) Chrome/135.0.7049.52 Mobile Safari/537.36 (compatible; GoogleOther)"
66.249.65.104 - - [08/Apr/2025:08:48:14 -0400] "GET /special/uqu/sagittary/123697854.shtml HTTP/1.1" 200 25723 "-" "Mozilla/5.0 (Linux; Android 6.0.1; Nexus 5X Build/MMB29P) AppleWebKit/537.36 (KHTML, like Gecko) Chrome/135.0.7049.52 Mobile Safari/537.36 (compatible; GoogleOther)"
40.77.167.116 - - [08/Apr/2025:08:48:15 -0400] "GET /products/materialization121326660.shtml HTTP/1.1" 200 27213 "-" "Mozilla/5.0 AppleWebKit/537.36 (KHTML, like Gecko; compatible; bingbot/2.0; +http://www.bing.com/bingbot.htm) Chrome/116.0.1938.76 Safari/537.36"
3.12.34.113 - - [08/Apr/2025:08:48:16 -0400] "GET /ad917/?path=%2Fhome%2F.%2F..%2Flib%2Fgrub%2Fi386-pc%2Fcrypto.lst HTTP/1.1" 200 1327 "-" "Mozilla/5.0 AppleWebKit/537.36 (KHTML, like Gecko; compatible; ClaudeBot/1.0; +claudebot@anthropic.com)"
3.12.34.113 - - [08/Apr/2025:08:48:19 -0400] "GET /ad917/?path=%2Fhome%2F.%2F..%2Flib%2Fgrub%2Fi386-pc%2Flsmmap.mod HTTP/1.1" 200 959 "-" "Mozilla/5.0 AppleWebKit/537.36 (KHTML, like Gecko; compatible; ClaudeBot/1.0; +claudebot@anthropic.com)"
3.12.34.113 - - [08/Apr/2025:08:48:22 -0400] "GET /ad917/?path=%2Fhome%2F.%2F..%2Flib%2Fgrub%2Fi386-pc%2Fnormal.mod HTTP/1.1" 200 957 "-" "Mozilla/5.0 AppleWebKit/537.36 (KHTML, like Gecko; compatible; ClaudeBot/1.0; +claudebot@anthropic.com)"
40.77.167.116 - - [08/Apr/2025:08:48:21 -0400] "GET /products/nhw/upcurl118174156.shtml HTTP/1.1" 200 26946 "-" "Mozilla/5.0 AppleWebKit/537.36 (KHTML, like Gecko; compatible; bingbot/2.0; +http://www.bing.com/bingbot.htm) Chrome/116.0.1938.76 Safari/537.36"
66.249.65.104 - - [08/Apr/2025:08:48:23 -0400] "GET /entity/vku/sward/9773836.shtml HTTP/1.1" 200 27897 "-" "Mozilla/5.0 (Linux; Android 6.0.1; Nexus 5X Build/MMB29P) AppleWebKit/537.36 (KHTML, like Gecko) Chrome/135.0.7049.52 Mobile Safari/537.36 (compatible; GoogleOther)"
3.12.34.113 - - [08/Apr/2025:08:48:25 -0400] "GET /ad917/?path=%2Fhome%2F.%2F..%2Flib%2Fgrub%2Fi386-pc%2Fserial.mod HTTP/1.1" 200 958 "-" "Mozilla/5.0 AppleWebKit/537.36 (KHTML, like Gecko; compatible; ClaudeBot/1.0; +claudebot@anthropic.com)"
66.249.65.104 - - [08/Apr/2025:08:48:24 -0400] "GET /shopbrand/q/alloxantin/53527886.shtml HTTP/1.1" 200 26999 "-" "Mozilla/5.0 (Linux; Android 6.0.1; Nexus 5X Build/MMB29P) AppleWebKit/537.36 (KHTML, like Gecko) Chrome/135.0.7049.52 Mobile Safari/537.36 (compatible; GoogleOther)"
157.55.39.52 - - [08/Apr/2025:08:48:26 -0400] "GET /goodscode122490422.shtml HTTP/1.1" 200 27665 "-" "Mozilla/5.0 AppleWebKit/537.36 (KHTML, like Gecko; compatible; bingbot/2.0; +http://www.bing.com/bingbot.htm) Chrome/116.0.1938.76 Safari/537.36"
3.12.34.113 - - [08/Apr/2025:08:48:28 -0400] "GET /ad917/?path=%2Fhome%2F.%2F..%2Flib%2Fgrub%2Fi386-pc%2Fregexp.mod HTTP/1.1" 200 960 "-" "Mozilla/5.0 AppleWebKit/537.36 (KHTML, like Gecko; compatible; ClaudeBot/1.0; +claudebot@anthropic.com)"
3.12.34.113 - - [08/Apr/2025:08:48:31 -0400] "GET /ad917/?path=%2Fhome%2F.%2F.%2Fservlmvm%2F.%2F.softaculous%2Ftmp HTTP/1.1" 200 1440 "-" "Mozilla/5.0 AppleWebKit/537.36 (KHTML, like Gecko; compatible; ClaudeBot/1.0; +claudebot@anthropic.com)"
66.249.65.104 - - [08/Apr/2025:08:48:31 -0400] "GET /shopbrand/ume/mainprising/118681190.shtml HTTP/1.1" 200 27239 "-" "Mozilla/5.0 (Linux; Android 6.0.1; Nexus 5X Build/MMB29P) AppleWebKit/537.36 (KHTML, like Gecko) Chrome/135.0.7049.52 Mobile Safari/537.36 (compatible; GoogleOther)"
40.77.167.116 - - [08/Apr/2025:08:48:31 -0400] "GET /products58258116.shtml HTTP/1.1" 200 25620 "-" "Mozilla/5.0 AppleWebKit/537.36 (KHTML, like Gecko; compatible; bingbot/2.0; +http://www.bing.com/bingbot.htm) Chrome/116.0.1938.76 Safari/537.36"
3.12.34.113 - - [08/Apr/2025:08:48:34 -0400] "GET /ad917/?path=%2Fhome%2F.%2F.%2Fservlmvm%2F.%2F.spamassassin%2F.. HTTP/1.1" 200 2438 "-" "Mozilla/5.0 AppleWebKit/537.36 (KHTML, like Gecko; compatible; ClaudeBot/1.0; +claudebot@anthropic.com)"
66.249.70.104 - - [08/Apr/2025:08:48:33 -0400] "GET /entity/f/hemitone/39639412.shtml HTTP/1.1" 200 25902 "-" "Mozilla/5.0 (Linux; Android 6.0.1; Nexus 5X Build/MMB29P) AppleWebKit/537.36 (KHTML, like Gecko) Chrome/135.0.7049.52 Mobile Safari/537.36 (compatible; GoogleOther)"
157.55.39.52 - - [08/Apr/2025:08:48:36 -0400] "GET /shopping/pm/invagination73493952.shtml HTTP/1.1" 200 25332 "-" "Mozilla/5.0 AppleWebKit/537.36 (KHTML, like Gecko; compatible; bingbot/2.0; +http://www.bing.com/bingbot.htm) Chrome/116.0.1938.76 Safari/537.36"
3.12.34.113 - - [08/Apr/2025:08:48:37 -0400] "GET /ad917/?path=%2Fhome%2F.%2F..%2Fhome4%2F..%2Ftmp%2F.s.PGSQL.5432 HTTP/1.1" 200 1203 "-" "Mozilla/5.0 AppleWebKit/537.36 (KHTML, like Gecko; compatible; ClaudeBot/1.0; +claudebot@anthropic.com)"
66.249.65.104 - - [08/Apr/2025:08:48:37 -0400] "GET /special/p/paeon/114019244.shtml HTTP/1.1" 200 27648 "-" "Mozilla/5.0 (Linux; Android 6.0.1; Nexus 5X Build/MMB29P) AppleWebKit/537.36 (KHTML, like Gecko) Chrome/135.0.7049.52 Mobile Safari/537.36 (compatible; GoogleOther)"
157.55.39.52 - - [08/Apr/2025:08:48:39 -0400] "GET /special/jerid/60127264.shtml HTTP/1.1" 200 28869 "-" "Mozilla/5.0 AppleWebKit/537.36 (KHTML, like Gecko; compatible; bingbot/2.0; +http://www.bing.com/bingbot.htm) Chrome/116.0.1938.76 Safari/537.36"
3.12.34.113 - - [08/Apr/2025:08:48:40 -0400] "GET /ad917/?path=%2Fhome%2F.%2F.%2Fservlmvm%2Fwww%2F.%2F.htaccess.bk HTTP/1.1" 403 1242 "-" "Mozilla/5.0 AppleWebKit/537.36 (KHTML, like Gecko; compatible; ClaudeBot/1.0; +claudebot@anthropic.com)"
3.12.34.113 - - [08/Apr/2025:08:48:43 -0400] "GET /ad917/?path=%2Fhome%2F.%2F..%2Fhome4%2F..%2Fbin%2Fmariadb-check HTTP/1.1" 200 951 "-" "Mozilla/5.0 AppleWebKit/537.36 (KHTML, like Gecko; compatible; ClaudeBot/1.0; +claudebot@anthropic.com)"
40.77.167.116 - - [08/Apr/2025:08:48:42 -0400] "GET /special62989862.shtml HTTP/1.1" 200 26860 "-" "Mozilla/5.0 AppleWebKit/537.36 (KHTML, like Gecko; compatible; bingbot/2.0; +http://www.bing.com/bingbot.htm) Chrome/116.0.1938.76 Safari/537.36"
157.55.39.58 - - [08/Apr/2025:08:48:44 -0400] "GET /items8499204.shtml HTTP/1.1" 200 25846 "-" "Mozilla/5.0 AppleWebKit/537.36 (KHTML, like Gecko; compatible; bingbot/2.0; +http://www.bing.com/bingbot.htm) Chrome/116.0.1938.76 Safari/537.36"
3.12.34.113 - - [08/Apr/2025:08:48:46 -0400] "GET /ad917/?path=%2Fhome%2F.%2F..%2Flib%2Fdracut%2F..%2Fnode_modules HTTP/1.1" 200 1453 "-" "Mozilla/5.0 AppleWebKit/537.36 (KHTML, like Gecko; compatible; ClaudeBot/1.0; +claudebot@anthropic.com)"
45.227.253.15 - - [08/Apr/2025:08:48:47 -0400] "GET /images/images/images/index.php?of=1 HTTP/1.1" 200 9582 "-" "Mozilla/5.0 (Windows NT 10.0; Win64; x64) AppleWebKit/537.36 (KHTML, like Gecko) Chrome/78.0.3790 Safari/537.36 Edg/78.0.142.6"
66.249.65.104 - - [08/Apr/2025:08:48:47 -0400] "GET /goodscode/zec/inaugurator/104546548.shtml HTTP/1.1" 200 24889 "-" "Mozilla/5.0 (Linux; Android 6.0.1; Nexus 5X Build/MMB29P) AppleWebKit/537.36 (KHTML, like Gecko) Chrome/135.0.7049.52 Mobile Safari/537.36 (compatible; GoogleOther)"
3.12.34.113 - - [08/Apr/2025:08:48:49 -0400] "GET /ad917/?path=%2Fhome%2F.%2F..%2Fhome4%2F..%2Fbin%2Fenchant-lsmod HTTP/1.1" 200 949 "-" "Mozilla/5.0 AppleWebKit/537.36 (KHTML, like Gecko; compatible; ClaudeBot/1.0; +claudebot@anthropic.com)"
66.249.65.104 - - [08/Apr/2025:08:48:48 -0400] "GET /info/opinion/11785414.shtml HTTP/1.1" 200 27669 "-" "Mozilla/5.0 (Linux; Android 6.0.1; Nexus 5X Build/MMB29P) AppleWebKit/537.36 (KHTML, like Gecko) Chrome/135.0.7049.52 Mobile Safari/537.36 (compatible; GoogleOther)"
66.249.65.104 - - [08/Apr/2025:08:48:49 -0400] "GET /shopping/fu/hexicology/24922528.shtml HTTP/1.1" 200 27764 "-" "Mozilla/5.0 (Linux; Android 6.0.1; Nexus 5X Build/MMB29P) AppleWebKit/537.36 (KHTML, like Gecko) Chrome/135.0.7049.52 Mobile Safari/537.36 (compatible; GoogleOther)"
40.77.167.116 - - [08/Apr/2025:08:48:51 -0400] "GET /special/dietetics44282108.shtml HTTP/1.1" 200 27941 "-" "Mozilla/5.0 AppleWebKit/537.36 (KHTML, like Gecko; compatible; bingbot/2.0; +http://www.bing.com/bingbot.htm) Chrome/116.0.1938.76 Safari/537.36"
66.249.65.105 - - [08/Apr/2025:08:48:51 -0400] "GET /info/pwc/tridecemlineatus/120631240.shtml HTTP/1.1" 200 26604 "-" "Mozilla/5.0 (Linux; Android 6.0.1; Nexus 5X Build/MMB29P) AppleWebKit/537.36 (KHTML, like Gecko) Chrome/135.0.7049.52 Mobile Safari/537.36 (compatible; GoogleOther)"
3.12.34.113 - - [08/Apr/2025:08:48:52 -0400] "GET /ad917/?path=%2Fhome%2F.%2F..%2Flib%2Fmotd.d%2F..%2Fnode_modules HTTP/1.1" 200 1453 "-" "Mozilla/5.0 AppleWebKit/537.36 (KHTML, like Gecko; compatible; ClaudeBot/1.0; +claudebot@anthropic.com)"
3.12.34.113 - - [08/Apr/2025:08:48:55 -0400] "GET /ad917/?path=%2Fhome%2F.%2F..%2Fhome5%2F..%2Ftmp%2F.s.PGSQL.5432 HTTP/1.1" 200 1203 "-" "Mozilla/5.0 AppleWebKit/537.36 (KHTML, like Gecko; compatible; ClaudeBot/1.0; +claudebot@anthropic.com)"
157.55.39.63 - - [08/Apr/2025:08:48:55 -0400] "GET /product/83804632.shtml HTTP/1.1" 200 29360 "-" "Mozilla/5.0 AppleWebKit/537.36 (KHTML, like Gecko; compatible; bingbot/2.0; +http://www.bing.com/bingbot.htm) Chrome/116.0.1938.76 Safari/537.36"
3.12.34.113 - - [08/Apr/2025:08:48:58 -0400] "GET /ad917/?path=%2Fhome%2F.%2F..%2Fhome4%2F..%2Fbin%2Fautomake-1.16 HTTP/1.1" 200 81441 "-" "Mozilla/5.0 AppleWebKit/537.36 (KHTML, like Gecko; compatible; ClaudeBot/1.0; +claudebot@anthropic.com)"
3.12.34.113 - - [08/Apr/2025:08:49:01 -0400] "GET /ad917/?path=%2Fhome%2F.%2F..%2Fhome5%2F..%2Fbin%2Fautomake-1.16 HTTP/1.1" 200 81441 "-" "Mozilla/5.0 AppleWebKit/537.36 (KHTML, like Gecko; compatible; ClaudeBot/1.0; +claudebot@anthropic.com)"
157.55.39.63 - - [08/Apr/2025:08:49:03 -0400] "GET /shopping/vilipend/52224664.shtml HTTP/1.1" 200 24959 "-" "Mozilla/5.0 AppleWebKit/537.36 (KHTML, like Gecko; compatible; bingbot/2.0; +http://www.bing.com/bingbot.htm) Chrome/116.0.1938.76 Safari/537.36"
3.12.34.113 - - [08/Apr/2025:08:49:04 -0400] "GET /ad917/?path=%2Fhome%2F.%2F..%2Fhome4%2F..%2Fetc%2Fbackupmxhosts HTTP/1.1" 403 1242 "-" "Mozilla/5.0 AppleWebKit/537.36 (KHTML, like Gecko; compatible; ClaudeBot/1.0; +claudebot@anthropic.com)"
66.249.65.96 - - [08/Apr/2025:08:49:04 -0400] "GET /detail/o/aphanitic52107094.shtml HTTP/1.1" 200 26879 "-" "Mozilla/5.0 (Linux; Android 6.0.1; Nexus 5X Build/MMB29P) AppleWebKit/537.36 (KHTML, like Gecko) Chrome/135.0.7049.52 Mobile Safari/537.36 (compatible; GoogleOther)"
66.249.65.96 - - [08/Apr/2025:08:49:06 -0400] "GET /shopbrand/j/tarsel/92240064.shtml HTTP/1.1" 200 25881 "-" "Mozilla/5.0 (Linux; Android 6.0.1; Nexus 5X Build/MMB29P) AppleWebKit/537.36 (KHTML, like Gecko) Chrome/135.0.7049.52 Mobile Safari/537.36 (compatible; GoogleOther)"
3.12.34.113 - - [08/Apr/2025:08:49:07 -0400] "GET /ad917/?path=%2Fhome%2F.%2F..%2Fhome4%2F..%2Fbin%2Fmysql_waitpid HTTP/1.1" 200 949 "-" "Mozilla/5.0 AppleWebKit/537.36 (KHTML, like Gecko; compatible; ClaudeBot/1.0; +claudebot@anthropic.com)"
66.249.65.96 - - [08/Apr/2025:08:49:07 -0400] "GET /item/paraguensis/92100200.shtml HTTP/1.1" 200 28399 "-" "Mozilla/5.0 (Linux; Android 6.0.1; Nexus 5X Build/MMB29P) AppleWebKit/537.36 (KHTML, like Gecko) Chrome/135.0.7049.52 Mobile Safari/537.36 (compatible; GoogleOther)"
66.249.65.104 - - [08/Apr/2025:08:49:08 -0400] "GET /special/cdq/cassine108415570.shtml HTTP/1.1" 200 27245 "-" "Mozilla/5.0 (Linux; Android 6.0.1; Nexus 5X Build/MMB29P) AppleWebKit/537.36 (KHTML, like Gecko) Chrome/135.0.7049.52 Mobile Safari/537.36 (compatible; GoogleOther)"
3.12.34.113 - - [08/Apr/2025:08:49:10 -0400] "GET /ad917/?path=%2Fhome%2F.%2F..%2Fhome5%2F..%2Fbin%2Fenchant-lsmod HTTP/1.1" 200 949 "-" "Mozilla/5.0 AppleWebKit/537.36 (KHTML, like Gecko; compatible; ClaudeBot/1.0; +claudebot@anthropic.com)"
3.12.34.113 - - [08/Apr/2025:08:49:13 -0400] "GET /ad917/?path=%2Fhome%2F.%2F..%2Fhome5%2F..%2Flib%2Fenvironment.d HTTP/1.1" 200 1496 "-" "Mozilla/5.0 AppleWebKit/537.36 (KHTML, like Gecko; compatible; ClaudeBot/1.0; +claudebot@anthropic.com)"
3.12.34.113 - - [08/Apr/2025:08:49:16 -0400] "GET /ad917/?path=%2Fhome%2F.%2F..%2Fhome4%2F..%2Fetc%2Flynx-site.cfg HTTP/1.1" 403 1242 "-" "Mozilla/5.0 AppleWebKit/537.36 (KHTML, like Gecko; compatible; ClaudeBot/1.0; +claudebot@anthropic.com)"
66.249.65.104 - - [08/Apr/2025:08:49:17 -0400] "GET /entity/p/erythric/122331484.shtml HTTP/1.1" 200 27422 "-" "Mozilla/5.0 (Linux; Android 6.0.1; Nexus 5X Build/MMB29P) AppleWebKit/537.36 (KHTML, like Gecko) Chrome/135.0.7049.52 Mobile Safari/537.36 (compatible; GoogleOther)"
3.12.34.113 - - [08/Apr/2025:08:49:19 -0400] "GET /ad917/?path=%2Fhome%2F.%2F..%2Fhome4%2F..%2Fbin%2Fmariadb-admin HTTP/1.1" 200 949 "-" "Mozilla/5.0 AppleWebKit/537.36 (KHTML, like Gecko; compatible; ClaudeBot/1.0; +claudebot@anthropic.com)"
66.249.65.104 - - [08/Apr/2025:08:49:19 -0400] "GET /detail/l/uraniscorrhaphy/121551628.shtml HTTP/1.1" 200 27931 "-" "Mozilla/5.0 (Linux; Android 6.0.1; Nexus 5X Build/MMB29P) AppleWebKit/537.36 (KHTML, like Gecko) Chrome/135.0.7049.52 Mobile Safari/537.36 (compatible; GoogleOther)"
3.12.34.113 - - [08/Apr/2025:08:49:22 -0400] "GET /ad917/?path=%2Fhome%2F.%2F.%2Fservlmvm%2Fssl%2F.%2Fssl.db.cache HTTP/1.1" 200 3427 "-" "Mozilla/5.0 AppleWebKit/537.36 (KHTML, like Gecko; compatible; ClaudeBot/1.0; +claudebot@anthropic.com)"
198.54.116.86 - - [08/Apr/2025:08:49:23 -0400] "POST /wp-cron.php?doing_wp_cron=1744116563.8302719593048095703125 HTTP/1.1" 200 0 "-" "WordPress/6.7.2; https://servethepeopleinc.org"
87.106.236.14 - - [08/Apr/2025:08:49:23 -0400] "POST /xmlrpc.php HTTP/1.1" 200 210 "-" "Mozilla/5.0 (Windows NT 10.0; Win64; x64; rv:51.0) Gecko/20100101 Firefox/51.0"
157.55.39.52 - - [08/Apr/2025:08:49:23 -0400] "GET /shopping/heliconia65179358.shtml HTTP/1.1" 200 25038 "-" "Mozilla/5.0 AppleWebKit/537.36 (KHTML, like Gecko; compatible; bingbot/2.0; +http://www.bing.com/bingbot.htm) Chrome/116.0.1938.76 Safari/537.36"
198.54.116.86 - - [08/Apr/2025:08:49:24 -0400] "POST /wp-admin/admin-ajax.php?action=async_litespeed&nonce=H2JMHB1cB5EmJalxOiIGCnOOcNc5yJly&litespeed_type=imgoptm HTTP/1.1" 200 21 "-" "WordPress/6.7.2; https://servethepeopleinc.org"
3.12.34.113 - - [08/Apr/2025:08:49:25 -0400] "GET /ad917/?path=%2Fhome%2F.%2F..%2Flib%2Flocale%2F..%2Fnode_modules HTTP/1.1" 200 1453 "-" "Mozilla/5.0 AppleWebKit/537.36 (KHTML, like Gecko; compatible; ClaudeBot/1.0; +claudebot@anthropic.com)"
3.12.34.113 - - [08/Apr/2025:08:49:28 -0400] "GET /ad917/?path=%2Fhome%2F.%2F..%2Fproc%2Fkcare%2F..%2Fpagetypeinfo HTTP/1.1" 200 948 "-" "Mozilla/5.0 AppleWebKit/537.36 (KHTML, like Gecko; compatible; ClaudeBot/1.0; +claudebot@anthropic.com)"
66.249.65.104 - - [08/Apr/2025:08:49:30 -0400] "GET /products/uuu/telotrochae/3224046.shtml HTTP/1.1" 200 25944 "-" "Mozilla/5.0 (Linux; Android 6.0.1; Nexus 5X Build/MMB29P) AppleWebKit/537.36 (KHTML, like Gecko) Chrome/135.0.7049.52 Mobile Safari/537.36 (compatible; GoogleOther)"
3.12.34.113 - - [08/Apr/2025:08:49:31 -0400] "GET /ad917/?path=%2Fhome%2F.%2F..%2Fhome5%2F..%2Fbin%2Fmariadb-admin HTTP/1.1" 200 950 "-" "Mozilla/5.0 AppleWebKit/537.36 (KHTML, like Gecko; compatible; ClaudeBot/1.0; +claudebot@anthropic.com)"
157.55.39.59 - - [08/Apr/2025:08:49:33 -0400] "GET /goodscode75990138.shtml HTTP/1.1" 200 26328 "-" "Mozilla/5.0 AppleWebKit/537.36 (KHTML, like Gecko; compatible; bingbot/2.0; +http://www.bing.com/bingbot.htm) Chrome/116.0.1938.76 Safari/537.36"
3.12.34.113 - - [08/Apr/2025:08:49:34 -0400] "GET /ad917/?path=%2Fhome%2F.%2F..%2Fhome4%2F..%2Fetc%2Fnsswitch.conf HTTP/1.1" 403 1242 "-" "Mozilla/5.0 AppleWebKit/537.36 (KHTML, like Gecko; compatible; ClaudeBot/1.0; +claudebot@anthropic.com)"
157.55.39.52 - - [08/Apr/2025:08:49:33 -0400] "GET /detail93442250.shtml HTTP/1.1" 200 27520 "-" "Mozilla/5.0 AppleWebKit/537.36 (KHTML, like Gecko; compatible; bingbot/2.0; +http://www.bing.com/bingbot.htm) Chrome/116.0.1938.76 Safari/537.36"
66.249.65.104 - - [08/Apr/2025:08:49:35 -0400] "GET /info/hwe/interpolating/62750536.shtml HTTP/1.1" 200 26826 "-" "Mozilla/5.0 (Linux; Android 6.0.1; Nexus 5X Build/MMB29P) AppleWebKit/537.36 (KHTML, like Gecko) Chrome/135.0.7049.52 Mobile Safari/537.36 (compatible; GoogleOther)"
3.12.34.113 - - [08/Apr/2025:08:49:37 -0400] "GET /ad917/?path=%2Fhome%2F.%2F..%2Fhome5%2F..%2Fbin%2Fmysql_waitpid HTTP/1.1" 200 949 "-" "Mozilla/5.0 AppleWebKit/537.36 (KHTML, like Gecko; compatible; ClaudeBot/1.0; +claudebot@anthropic.com)"
