207.46.13.92 - - [08/Apr/2025:11:15:47 -0400] "GET /product/countrywide/75989618.shtml HTTP/1.1" 200 25746 "-" "Mozilla/5.0 AppleWebKit/537.36 (KHTML, like Gecko; compatible; bingbot/2.0; +http://www.bing.com/bingbot.htm) Chrome/116.0.1938.76 Safari/537.36"
18.118.126.159 - - [08/Apr/2025:11:15:49 -0400] "GET /ad917/?path=%2Fhome%2F.%2Fservlmvm%2Fwww%2Fwp-admin%2F..%2Fwp-content HTTP/1.1" 200 1774 "-" "Mozilla/5.0 AppleWebKit/537.36 (KHTML, like Gecko; compatible; ClaudeBot/1.0; +claudebot@anthropic.com)"
66.249.65.104 - - [08/Apr/2025:11:15:50 -0400] "GET /shopping/t/rubicon/29714764.shtml HTTP/1.1" 200 26835 "-" "Mozilla/5.0 (Linux; Android 6.0.1; Nexus 5X Build/MMB29P) AppleWebKit/537.36 (KHTML, like Gecko) Chrome/135.0.7049.52 Mobile Safari/537.36 (compatible; GoogleOther)"
207.46.13.153 - - [08/Apr/2025:11:15:51 -0400] "GET /shopbrand/ramadzan2896232.shtml HTTP/1.1" 200 28049 "-" "Mozilla/5.0 AppleWebKit/537.36 (KHTML, like Gecko; compatible; bingbot/2.0; +http://www.bing.com/bingbot.htm) Chrome/116.0.1938.76 Safari/537.36"
18.118.126.159 - - [08/Apr/2025:11:15:52 -0400] "GET /ad917/?path=%2Fhome%2F.%2F..%2Flib64%2Ftd-agent-bit%2F..%2Flibkrb5.so HTTP/1.1" 200 957 "-" "Mozilla/5.0 AppleWebKit/537.36 (KHTML, like Gecko; compatible; ClaudeBot/1.0; +claudebot@anthropic.com)"
18.118.126.159 - - [08/Apr/2025:11:15:55 -0400] "GET /ad917/?path=%2Fhome%2F.%2F..%2Fvar%2Fsoftaculous%2Ffusio%2Finstall.js HTTP/1.1" 200 1332 "-" "Mozilla/5.0 AppleWebKit/537.36 (KHTML, like Gecko; compatible; ClaudeBot/1.0; +claudebot@anthropic.com)"
66.249.65.104 - - [08/Apr/2025:11:15:56 -0400] "GET /products/puy/emissaryship/53536624.shtml HTTP/1.1" 200 25663 "-" "Mozilla/5.0 (Linux; Android 6.0.1; Nexus 5X Build/MMB29P) AppleWebKit/537.36 (KHTML, like Gecko) Chrome/135.0.7049.52 Mobile Safari/537.36 (compatible; GoogleOther)"
18.118.126.159 - - [08/Apr/2025:11:15:58 -0400] "GET /ad917/?path=%2Fhome%2F.%2F..%2Flib64%2Ftd-agent-bit%2F..%2Flibnss3.so HTTP/1.1" 200 958 "-" "Mozilla/5.0 AppleWebKit/537.36 (KHTML, like Gecko; compatible; ClaudeBot/1.0; +claudebot@anthropic.com)"
18.118.126.159 - - [08/Apr/2025:11:16:01 -0400] "GET /ad917/?path=%2Fhome%2F.%2F..%2Flib64%2Ftd-agent-bit%2F..%2Flibss.so.2 HTTP/1.1" 200 956 "-" "Mozilla/5.0 AppleWebKit/537.36 (KHTML, like Gecko; compatible; ClaudeBot/1.0; +claudebot@anthropic.com)"
18.118.126.159 - - [08/Apr/2025:11:16:04 -0400] "GET /ad917/?path=%2Fhome%2F.%2F..%2Fvar%2Fsoftaculous%2Fphppoll%2Fedit.php HTTP/1.1" 200 3475 "-" "Mozilla/5.0 AppleWebKit/537.36 (KHTML, like Gecko; compatible; ClaudeBot/1.0; +claudebot@anthropic.com)"
157.55.39.15 - - [08/Apr/2025:11:16:04 -0400] "GET /special/do/lectionary71181748.shtml HTTP/1.1" 200 26981 "-" "Mozilla/5.0 AppleWebKit/537.36 (KHTML, like Gecko; compatible; bingbot/2.0; +http://www.bing.com/bingbot.htm) Chrome/116.0.1938.76 Safari/537.36"
18.118.126.159 - - [08/Apr/2025:11:16:07 -0400] "GET /ad917/?path=%2Fhome%2F.%2F..%2Flib64%2Ftd-agent-bit%2F..%2Fliblber.so HTTP/1.1" 200 957 "-" "Mozilla/5.0 AppleWebKit/537.36 (KHTML, like Gecko; compatible; ClaudeBot/1.0; +claudebot@anthropic.com)"
66.249.65.104 - - [08/Apr/2025:11:16:07 -0400] "GET /shopdetail/trappings/101561560.shtml HTTP/1.1" 200 26605 "-" "Mozilla/5.0 (Linux; Android 6.0.1; Nexus 5X Build/MMB29P) AppleWebKit/537.36 (KHTML, like Gecko) Chrome/135.0.7049.52 Mobile Safari/537.36 (compatible; GoogleOther)"
157.55.39.15 - - [08/Apr/2025:11:16:08 -0400] "GET /shopdetail30217672.shtml HTTP/1.1" 200 25275 "-" "Mozilla/5.0 AppleWebKit/537.36 (KHTML, like Gecko; compatible; bingbot/2.0; +http://www.bing.com/bingbot.htm) Chrome/116.0.1938.76 Safari/537.36"
66.249.65.96 - - [08/Apr/2025:11:16:08 -0400] "GET /entity/v/pteroglossus9939884.shtml HTTP/1.1" 200 25855 "-" "Mozilla/5.0 (Linux; Android 6.0.1; Nexus 5X Build/MMB29P) AppleWebKit/537.36 (KHTML, like Gecko) Chrome/135.0.7049.52 Mobile Safari/537.36 (compatible; GoogleOther)"
18.118.126.159 - - [08/Apr/2025:11:16:10 -0400] "GET /ad917/?path=%2Fhome%2F.%2F..%2Fvar%2Fsoftaculous%2Fospos%2Fextend.php HTTP/1.1" 200 8004 "-" "Mozilla/5.0 AppleWebKit/537.36 (KHTML, like Gecko; compatible; ClaudeBot/1.0; +claudebot@anthropic.com)"
66.249.65.105 - - [08/Apr/2025:11:16:12 -0400] "GET /special/i/planetoids/52448654.shtml HTTP/1.1" 200 27352 "-" "Mozilla/5.0 (Linux; Android 6.0.1; Nexus 5X Build/MMB29P) AppleWebKit/537.36 (KHTML, like Gecko) Chrome/135.0.7049.52 Mobile Safari/537.36 (compatible; GoogleOther)"
18.118.126.159 - - [08/Apr/2025:11:16:13 -0400] "GET /ad917/?path=%2Fhome%2F.%2F..%2Flib64%2Ftd-agent-bit%2F..%2Flibssl3.so HTTP/1.1" 200 956 "-" "Mozilla/5.0 AppleWebKit/537.36 (KHTML, like Gecko; compatible; ClaudeBot/1.0; +claudebot@anthropic.com)"
66.249.65.104 - - [08/Apr/2025:11:16:13 -0400] "GET /shopbrand/ik/chaldaic/83404734.shtml HTTP/1.1" 200 28094 "-" "Mozilla/5.0 (Linux; Android 6.0.1; Nexus 5X Build/MMB29P) AppleWebKit/537.36 (KHTML, like Gecko) Chrome/135.0.7049.52 Mobile Safari/537.36 (compatible; GoogleOther)"
18.118.126.159 - - [08/Apr/2025:11:16:16 -0400] "GET /ad917/?path=%2Fhome%2F.%2F..%2Flib64%2Ftd-agent-bit%2F..%2Flibibverbs HTTP/1.1" 200 1886 "-" "Mozilla/5.0 AppleWebKit/537.36 (KHTML, like Gecko; compatible; ClaudeBot/1.0; +claudebot@anthropic.com)"
66.249.65.104 - - [08/Apr/2025:11:16:17 -0400] "GET /goods10810060.shtml HTTP/1.1" 200 26743 "-" "Mozilla/5.0 (Linux; Android 6.0.1; Nexus 5X Build/MMB29P) AppleWebKit/537.36 (KHTML, like Gecko) Chrome/135.0.7049.52 Mobile Safari/537.36 (compatible; GoogleOther)"
66.249.65.104 - - [08/Apr/2025:11:16:17 -0400] "GET /goods/xcm/disturbance/119592056.shtml HTTP/1.1" 200 27014 "-" "Mozilla/5.0 (Linux; Android 6.0.1; Nexus 5X Build/MMB29P) AppleWebKit/537.36 (KHTML, like Gecko) Chrome/135.0.7049.52 Mobile Safari/537.36 (compatible; Googlebot/2.1; +http://www.google.com/bot.html)"
18.118.126.159 - - [08/Apr/2025:11:16:19 -0400] "GET /ad917/?path=%2Fhome%2F.%2F..%2Fvar%2Fsoftaculous%2Focart23%2Finfo.xml HTTP/1.1" 200 2047 "-" "Mozilla/5.0 AppleWebKit/537.36 (KHTML, like Gecko; compatible; ClaudeBot/1.0; +claudebot@anthropic.com)"
18.118.126.159 - - [08/Apr/2025:11:16:22 -0400] "GET /ad917/?path=%2Fhome%2F.%2F..%2Fvar%2Fsoftaculous%2Fgeeklog%2Finfo.xml HTTP/1.1" 200 2646 "-" "Mozilla/5.0 AppleWebKit/537.36 (KHTML, like Gecko; compatible; ClaudeBot/1.0; +claudebot@anthropic.com)"
66.249.65.104 - - [08/Apr/2025:11:16:22 -0400] "GET /shopdetail/internationale/45909554.shtml HTTP/1.1" 200 26577 "-" "Mozilla/5.0 (Linux; Android 6.0.1; Nexus 5X Build/MMB29P) AppleWebKit/537.36 (KHTML, like Gecko) Chrome/135.0.7049.52 Mobile Safari/537.36 (compatible; GoogleOther)"
18.118.126.159 - - [08/Apr/2025:11:16:25 -0400] "GET /ad917/?path=%2Fhome%2F.%2Fservlmvm%2F.%2Fpublic_html%2F.%2Frobots.txt HTTP/1.1" 200 1026 "-" "Mozilla/5.0 AppleWebKit/537.36 (KHTML, like Gecko; compatible; ClaudeBot/1.0; +claudebot@anthropic.com)"
157.55.39.15 - - [08/Apr/2025:11:16:25 -0400] "GET /shopdetail/21476154.shtml HTTP/1.1" 200 26878 "-" "Mozilla/5.0 AppleWebKit/537.36 (KHTML, like Gecko; compatible; bingbot/2.0; +http://www.bing.com/bingbot.htm) Chrome/116.0.1938.76 Safari/537.36"
66.249.65.104 - - [08/Apr/2025:11:16:27 -0400] "GET /shopdetail/tyk/antibiotic/68377072.shtml HTTP/1.1" 200 26455 "-" "Mozilla/5.0 (Linux; Android 6.0.1; Nexus 5X Build/MMB29P) AppleWebKit/537.36 (KHTML, like Gecko) Chrome/135.0.7049.52 Mobile Safari/537.36 (compatible; GoogleOther)"
18.118.126.159 - - [08/Apr/2025:11:16:28 -0400] "GET /ad917/?path=%2Fhome%2F.%2Fservlmvm%2Fwww%2Fwp-admin%2Fjs%2Fcomment.js HTTP/1.1" 200 2045 "-" "Mozilla/5.0 AppleWebKit/537.36 (KHTML, like Gecko; compatible; ClaudeBot/1.0; +claudebot@anthropic.com)"
18.118.126.159 - - [08/Apr/2025:11:16:31 -0400] "GET /ad917/?path=%2Fhome%2F.%2F..%2Flib64%2Ftd-agent-bit%2F..%2Flibgdbm.so HTTP/1.1" 200 958 "-" "Mozilla/5.0 AppleWebKit/537.36 (KHTML, like Gecko; compatible; ClaudeBot/1.0; +claudebot@anthropic.com)"
66.249.65.104 - - [08/Apr/2025:11:16:33 -0400] "GET /items/a/pledget/123228530.shtml HTTP/1.1" 200 25977 "-" "Mozilla/5.0 (Linux; Android 6.0.1; Nexus 5X Build/MMB29P) AppleWebKit/537.36 (KHTML, like Gecko) Chrome/135.0.7049.52 Mobile Safari/537.36 (compatible; GoogleOther)"
18.118.126.159 - - [08/Apr/2025:11:16:34 -0400] "GET /ad917/?path=%2Fhome%2F.%2F..%2Fvar%2Fsoftaculous%2Ftiki15%2Flocal.php HTTP/1.1" 200 1370 "-" "Mozilla/5.0 AppleWebKit/537.36 (KHTML, like Gecko; compatible; ClaudeBot/1.0; +claudebot@anthropic.com)"
18.118.126.159 - - [08/Apr/2025:11:16:37 -0400] "GET /ad917/?path=%2Fhome%2F.%2F..%2Flib64%2Ftd-agent-bit%2F..%2FlibXi.so.6 HTTP/1.1" 200 959 "-" "Mozilla/5.0 AppleWebKit/537.36 (KHTML, like Gecko; compatible; ClaudeBot/1.0; +claudebot@anthropic.com)"
207.46.13.92 - - [08/Apr/2025:11:16:37 -0400] "GET /special99127942.shtml HTTP/1.1" 200 29194 "-" "Mozilla/5.0 AppleWebKit/537.36 (KHTML, like Gecko; compatible; bingbot/2.0; +http://www.bing.com/bingbot.htm) Chrome/116.0.1938.76 Safari/537.36"
18.118.126.159 - - [08/Apr/2025:11:16:40 -0400] "GET /ad917/?path=%2Fhome%2F.%2F..%2Flib64%2Ftd-agent-bit%2F..%2FlibtdsS.so HTTP/1.1" 200 959 "-" "Mozilla/5.0 AppleWebKit/537.36 (KHTML, like Gecko; compatible; ClaudeBot/1.0; +claudebot@anthropic.com)"
207.46.13.153 - - [08/Apr/2025:11:16:42 -0400] "GET /goods/ccs/batidaceae/51826026.shtml HTTP/1.1" 200 29019 "-" "Mozilla/5.0 AppleWebKit/537.36 (KHTML, like Gecko; compatible; bingbot/2.0; +http://www.bing.com/bingbot.htm) Chrome/116.0.1938.76 Safari/537.36"
18.118.126.159 - - [08/Apr/2025:11:16:43 -0400] "GET /ad917/?path=%2Fhome%2F.%2F..%2Flib64%2Ftd-agent-bit%2F..%2FlibSM.so.6 HTTP/1.1" 200 960 "-" "Mozilla/5.0 AppleWebKit/537.36 (KHTML, like Gecko; compatible; ClaudeBot/1.0; +claudebot@anthropic.com)"
18.118.126.159 - - [08/Apr/2025:11:16:46 -0400] "GET /ad917/?path=%2Fhome%2F.%2F..%2Flib64%2Ftd-agent-bit%2F..%2Flibrt.so.1 HTTP/1.1" 200 957 "-" "Mozilla/5.0 AppleWebKit/537.36 (KHTML, like Gecko; compatible; ClaudeBot/1.0; +claudebot@anthropic.com)"
52.167.144.204 - - [08/Apr/2025:11:16:46 -0400] "GET /entity52804206.shtml HTTP/1.1" 200 26180 "-" "Mozilla/5.0 AppleWebKit/537.36 (KHTML, like Gecko; compatible; bingbot/2.0; +http://www.bing.com/bingbot.htm) Chrome/116.0.1938.76 Safari/537.36"
66.249.65.104 - - [08/Apr/2025:11:16:47 -0400] "GET /item/103282116.shtml HTTP/1.1" 200 26006 "-" "Mozilla/5.0 (Linux; Android 6.0.1; Nexus 5X Build/MMB29P) AppleWebKit/537.36 (KHTML, like Gecko) Chrome/135.0.7049.52 Mobile Safari/537.36 (compatible; GoogleOther)"
52.167.144.204 - - [08/Apr/2025:11:16:47 -0400] "GET /product/couchant/52803676.shtml HTTP/1.1" 200 27200 "-" "Mozilla/5.0 AppleWebKit/537.36 (KHTML, like Gecko; compatible; bingbot/2.0; +http://www.bing.com/bingbot.htm) Chrome/116.0.1938.76 Safari/537.36"
157.55.39.15 - - [08/Apr/2025:11:16:47 -0400] "GET /products/ihy/systematism65447822.shtml HTTP/1.1" 200 28321 "-" "Mozilla/5.0 AppleWebKit/537.36 (KHTML, like Gecko; compatible; bingbot/2.0; +http://www.bing.com/bingbot.htm) Chrome/116.0.1938.76 Safari/537.36"
18.118.126.159 - - [08/Apr/2025:11:16:49 -0400] "GET /ad917/?path=%2Fhome%2F.%2F..%2Flib64%2Ftd-agent-bit%2F..%2Flibuuid.so HTTP/1.1" 200 958 "-" "Mozilla/5.0 AppleWebKit/537.36 (KHTML, like Gecko; compatible; ClaudeBot/1.0; +claudebot@anthropic.com)"
52.167.144.204 - - [08/Apr/2025:11:16:50 -0400] "GET /special/utmost/50429044.shtml HTTP/1.1" 200 26076 "-" "Mozilla/5.0 AppleWebKit/537.36 (KHTML, like Gecko; compatible; bingbot/2.0; +http://www.bing.com/bingbot.htm) Chrome/116.0.1938.76 Safari/537.36"
18.118.126.159 - - [08/Apr/2025:11:16:52 -0400] "GET /ad917/?path=%2Fhome%2F.%2F..%2Fvar%2Fsoftaculous%2Fhizup%2Fconfig.ini HTTP/1.1" 200 2930 "-" "Mozilla/5.0 AppleWebKit/537.36 (KHTML, like Gecko; compatible; ClaudeBot/1.0; +claudebot@anthropic.com)"
157.55.39.195 - - [08/Apr/2025:11:16:52 -0400] "GET /items/ros/thegn/ HTTP/1.1" 200 27053 "-" "Mozilla/5.0 AppleWebKit/537.36 (KHTML, like Gecko; compatible; bingbot/2.0; +http://www.bing.com/bingbot.htm) Chrome/116.0.1938.76 Safari/537.36"
207.46.13.153 - - [08/Apr/2025:11:16:53 -0400] "GET /shopbrand/114999628.shtml HTTP/1.1" 200 26241 "-" "Mozilla/5.0 AppleWebKit/537.36 (KHTML, like Gecko; compatible; bingbot/2.0; +http://www.bing.com/bingbot.htm) Chrome/116.0.1938.76 Safari/537.36"
18.118.126.159 - - [08/Apr/2025:11:16:55 -0400] "GET /ad917/?path=%2Fhome%2F.%2F..%2Fvar%2Fsoftaculous%2Fospos%2Finstall.js HTTP/1.1" 200 1330 "-" "Mozilla/5.0 AppleWebKit/537.36 (KHTML, like Gecko; compatible; ClaudeBot/1.0; +claudebot@anthropic.com)"
40.77.167.144 - - [08/Apr/2025:11:16:57 -0400] "GET /items/ebw/midwifery19075858.shtml HTTP/1.1" 200 27578 "-" "Mozilla/5.0 AppleWebKit/537.36 (KHTML, like Gecko; compatible; bingbot/2.0; +http://www.bing.com/bingbot.htm) Chrome/116.0.1938.76 Safari/537.36"
66.249.65.104 - - [08/Apr/2025:11:16:57 -0400] "GET /info/lwm/selfconcern/28020784.shtml HTTP/1.1" 200 27023 "-" "Mozilla/5.0 (Linux; Android 6.0.1; Nexus 5X Build/MMB29P) AppleWebKit/537.36 (KHTML, like Gecko) Chrome/135.0.7049.52 Mobile Safari/537.36 (compatible; GoogleOther)"
18.118.126.159 - - [08/Apr/2025:11:16:58 -0400] "GET /ad917/?path=%2Fhome%2F.%2F..%2Flib64%2Ftd-agent-bit%2F..%2Flibdw.so.1 HTTP/1.1" 200 958 "-" "Mozilla/5.0 AppleWebKit/537.36 (KHTML, like Gecko; compatible; ClaudeBot/1.0; +claudebot@anthropic.com)"
18.118.126.159 - - [08/Apr/2025:11:17:01 -0400] "GET /ad917/?path=%2Fhome%2F.%2F..%2Fvar%2Fsoftaculous%2Fpluxml%2Fclone.php HTTP/1.1" 200 3176 "-" "Mozilla/5.0 AppleWebKit/537.36 (KHTML, like Gecko; compatible; ClaudeBot/1.0; +claudebot@anthropic.com)"
157.55.39.195 - - [08/Apr/2025:11:17:02 -0400] "GET /shopping/floury/4607882.shtml HTTP/1.1" 200 26022 "-" "Mozilla/5.0 AppleWebKit/537.36 (KHTML, like Gecko; compatible; bingbot/2.0; +http://www.bing.com/bingbot.htm) Chrome/116.0.1938.76 Safari/537.36"
18.118.126.159 - - [08/Apr/2025:11:17:04 -0400] "GET /ad917/?path=%2Fhome%2F.%2F..%2Flib64%2Ftd-agent-bit%2F..%2Flibmenu.so HTTP/1.1" 200 958 "-" "Mozilla/5.0 AppleWebKit/537.36 (KHTML, like Gecko; compatible; ClaudeBot/1.0; +claudebot@anthropic.com)"
66.249.65.96 - - [08/Apr/2025:11:17:05 -0400] "GET /entity/kke/loring/36526286.shtml HTTP/1.1" 200 27382 "-" "Mozilla/5.0 (Linux; Android 6.0.1; Nexus 5X Build/MMB29P) AppleWebKit/537.36 (KHTML, like Gecko) Chrome/135.0.7049.52 Mobile Safari/537.36 (compatible; GoogleOther)"
18.118.126.159 - - [08/Apr/2025:11:17:07 -0400] "GET /ad917/?path=%2Fhome%2F.%2Fservlmvm%2F.%2Fpublic_html%2F.%2Fxmlrpc.php HTTP/1.1" 200 2427 "-" "Mozilla/5.0 AppleWebKit/537.36 (KHTML, like Gecko; compatible; ClaudeBot/1.0; +claudebot@anthropic.com)"
157.55.39.15 - - [08/Apr/2025:11:17:07 -0400] "GET /shopdetail119188356.shtml HTTP/1.1" 200 27216 "-" "Mozilla/5.0 AppleWebKit/537.36 (KHTML, like Gecko; compatible; bingbot/2.0; +http://www.bing.com/bingbot.htm) Chrome/116.0.1938.76 Safari/537.36"
18.118.126.159 - - [08/Apr/2025:11:17:10 -0400] "GET /ad917/?path=%2Fhome%2F.%2F..%2Fvar%2Fsoftaculous%2Ffaveo%2Fextend.php HTTP/1.1" 200 7605 "-" "Mozilla/5.0 AppleWebKit/537.36 (KHTML, like Gecko; compatible; ClaudeBot/1.0; +claudebot@anthropic.com)"
18.118.126.159 - - [08/Apr/2025:11:17:13 -0400] "GET /ad917/?path=%2Fhome%2F.%2F..%2Fvar%2Fsoftaculous%2Fweberp%2Fnotes.txt HTTP/1.1" 200 1217 "-" "Mozilla/5.0 AppleWebKit/537.36 (KHTML, like Gecko; compatible; ClaudeBot/1.0; +claudebot@anthropic.com)"
157.55.39.15 - - [08/Apr/2025:11:17:13 -0400] "GET /entity/m/placentation101405414.shtml HTTP/1.1" 200 25971 "-" "Mozilla/5.0 AppleWebKit/537.36 (KHTML, like Gecko; compatible; bingbot/2.0; +http://www.bing.com/bingbot.htm) Chrome/116.0.1938.76 Safari/537.36"
18.118.126.159 - - [08/Apr/2025:11:17:16 -0400] "GET /ad917/?path=%2Fhome%2F.%2F..%2Fvar%2Fsoftaculous%2Fphppoll%2Finfo.xml HTTP/1.1" 200 1901 "-" "Mozilla/5.0 AppleWebKit/537.36 (KHTML, like Gecko; compatible; ClaudeBot/1.0; +claudebot@anthropic.com)"
66.249.65.104 - - [08/Apr/2025:11:17:18 -0400] "GET /goodscode/kee/umbra/121003406.shtml HTTP/1.1" 200 25473 "-" "Mozilla/5.0 (Linux; Android 6.0.1; Nexus 5X Build/MMB29P) AppleWebKit/537.36 (KHTML, like Gecko) Chrome/135.0.7049.52 Mobile Safari/537.36 (compatible; GoogleOther)"
18.118.126.159 - - [08/Apr/2025:11:17:19 -0400] "GET /ad917/?path=%2Fhome%2F.%2F..%2Fvar%2Fsoftaculous%2Fbludit%2Fclone.php HTTP/1.1" 200 4493 "-" "Mozilla/5.0 AppleWebKit/537.36 (KHTML, like Gecko; compatible; ClaudeBot/1.0; +claudebot@anthropic.com)"
66.249.65.104 - - [08/Apr/2025:11:17:19 -0400] "GET /items/67701916.shtml HTTP/1.1" 200 25586 "-" "Mozilla/5.0 (Linux; Android 6.0.1; Nexus 5X Build/MMB29P) AppleWebKit/537.36 (KHTML, like Gecko) Chrome/135.0.7049.52 Mobile Safari/537.36 (compatible; GoogleOther)"
18.118.126.159 - - [08/Apr/2025:11:17:22 -0400] "GET /ad917/?path=%2Fhome%2F.%2F..%2Fvar%2Fsoftaculous%2Ffaveo%2Fimport.php HTTP/1.1" 200 3942 "-" "Mozilla/5.0 AppleWebKit/537.36 (KHTML, like Gecko; compatible; ClaudeBot/1.0; +claudebot@anthropic.com)"
18.118.126.159 - - [08/Apr/2025:11:17:25 -0400] "GET /ad917/?path=%2Fhome%2F.%2F..%2Flib64%2Ftd-agent-bit%2F..%2Flibpamc.so HTTP/1.1" 200 958 "-" "Mozilla/5.0 AppleWebKit/537.36 (KHTML, like Gecko; compatible; ClaudeBot/1.0; +claudebot@anthropic.com)"
40.77.167.144 - - [08/Apr/2025:11:17:25 -0400] "GET /special/3776246.shtml HTTP/1.1" 200 24902 "-" "Mozilla/5.0 AppleWebKit/537.36 (KHTML, like Gecko; compatible; bingbot/2.0; +http://www.bing.com/bingbot.htm) Chrome/116.0.1938.76 Safari/537.36"
66.249.65.104 - - [08/Apr/2025:11:17:25 -0400] "GET /goodscode/teo/pansy/104528776.shtml HTTP/1.1" 200 29017 "-" "Mozilla/5.0 (Linux; Android 6.0.1; Nexus 5X Build/MMB29P) AppleWebKit/537.36 (KHTML, like Gecko) Chrome/135.0.7049.52 Mobile Safari/537.36 (compatible; GoogleOther)"
18.118.126.159 - - [08/Apr/2025:11:17:28 -0400] "GET /ad917/?path=%2Fhome%2F.%2F..%2Fvar%2Fsoftaculous%2Fdrupal9%2Finfo.xml HTTP/1.1" 200 2607 "-" "Mozilla/5.0 AppleWebKit/537.36 (KHTML, like Gecko; compatible; ClaudeBot/1.0; +claudebot@anthropic.com)"
18.118.126.159 - - [08/Apr/2025:11:17:31 -0400] "GET /ad917/?path=%2Fhome%2F.%2F..%2Fvar%2Fsoftaculous%2Fpluxml%2Fnotes.txt HTTP/1.1" 200 1065 "-" "Mozilla/5.0 AppleWebKit/537.36 (KHTML, like Gecko; compatible; ClaudeBot/1.0; +claudebot@anthropic.com)"
66.249.65.104 - - [08/Apr/2025:11:17:37 -0400] "GET /shopdetail/gs/melanorrhoea/43071566.shtml HTTP/1.1" 200 28763 "-" "Mozilla/5.0 (Linux; Android 6.0.1; Nexus 5X Build/MMB29P) AppleWebKit/537.36 (KHTML, like Gecko) Chrome/135.0.7049.52 Mobile Safari/537.36 (compatible; GoogleOther)"
66.249.65.104 - - [08/Apr/2025:11:17:38 -0400] "GET /products/a/herpagophytum/83234046.shtml HTTP/1.1" 200 25150 "-" "Mozilla/5.0 (Linux; Android 6.0.1; Nexus 5X Build/MMB29P) AppleWebKit/537.36 (KHTML, like Gecko) Chrome/135.0.7049.52 Mobile Safari/537.36 (compatible; GoogleOther)"
66.249.65.104 - - [08/Apr/2025:11:17:39 -0400] "GET /goodscode/wa/harshness/462462.shtml HTTP/1.1" 200 26143 "-" "Mozilla/5.0 (Linux; Android 6.0.1; Nexus 5X Build/MMB29P) AppleWebKit/537.36 (KHTML, like Gecko) Chrome/135.0.7049.52 Mobile Safari/537.36 (compatible; GoogleOther)"
66.249.65.104 - - [08/Apr/2025:11:17:41 -0400] "GET /products/eremitish/95315220.shtml HTTP/1.1" 200 28839 "-" "Mozilla/5.0 (Linux; Android 6.0.1; Nexus 5X Build/MMB29P) AppleWebKit/537.36 (KHTML, like Gecko) Chrome/135.0.7049.52 Mobile Safari/537.36 (compatible; GoogleOther)"
52.167.144.204 - - [08/Apr/2025:11:17:45 -0400] "GET /special/88583560.shtml HTTP/1.1" 200 27021 "-" "Mozilla/5.0 AppleWebKit/537.36 (KHTML, like Gecko; compatible; bingbot/2.0; +http://www.bing.com/bingbot.htm) Chrome/116.0.1938.76 Safari/537.36"
157.55.39.195 - - [08/Apr/2025:11:17:50 -0400] "GET /products/astronautical/ HTTP/1.1" 200 27877 "-" "Mozilla/5.0 AppleWebKit/537.36 (KHTML, like Gecko; compatible; bingbot/2.0; +http://www.bing.com/bingbot.htm) Chrome/116.0.1938.76 Safari/537.36"
66.249.65.104 - - [08/Apr/2025:11:17:56 -0400] "GET /entity/oka/commissionaire/442390.shtml HTTP/1.1" 200 31199 "-" "Mozilla/5.0 (Linux; Android 6.0.1; Nexus 5X Build/MMB29P) AppleWebKit/537.36 (KHTML, like Gecko) Chrome/135.0.7049.52 Mobile Safari/537.36 (compatible; GoogleOther)"
40.77.167.144 - - [08/Apr/2025:11:17:56 -0400] "GET /product/indiscrimination/30469954.shtml HTTP/1.1" 200 25904 "-" "Mozilla/5.0 AppleWebKit/537.36 (KHTML, like Gecko; compatible; bingbot/2.0; +http://www.bing.com/bingbot.htm) Chrome/116.0.1938.76 Safari/537.36"
66.249.65.104 - - [08/Apr/2025:11:17:57 -0400] "GET /product59349486.shtml HTTP/1.1" 200 28345 "-" "Mozilla/5.0 (Linux; Android 6.0.1; Nexus 5X Build/MMB29P) AppleWebKit/537.36 (KHTML, like Gecko) Chrome/135.0.7049.52 Mobile Safari/537.36 (compatible; GoogleOther)"
40.77.167.144 - - [08/Apr/2025:11:17:59 -0400] "GET /special/sacella/65741066.shtml HTTP/1.1" 200 25709 "-" "Mozilla/5.0 AppleWebKit/537.36 (KHTML, like Gecko; compatible; bingbot/2.0; +http://www.bing.com/bingbot.htm) Chrome/116.0.1938.76 Safari/537.36"
18.190.176.26 - - [08/Apr/2025:11:18:00 -0400] "GET /ad917/?path=%2Fhome%2F.%2F..%2Flib64%2Frsyslog%2F..%2FlibICE.so.6.3.0 HTTP/1.1" 200 961 "-" "Mozilla/5.0 AppleWebKit/537.36 (KHTML, like Gecko; compatible; ClaudeBot/1.0; +claudebot@anthropic.com)"
18.190.176.26 - - [08/Apr/2025:11:18:03 -0400] "GET /ad917/?path=%2Fhome%2F.%2F..%2Flib64%2Flibuser%2F..%2Flibjansson.so.4 HTTP/1.1" 200 961 "-" "Mozilla/5.0 AppleWebKit/537.36 (KHTML, like Gecko; compatible; ClaudeBot/1.0; +claudebot@anthropic.com)"
66.249.65.96 - - [08/Apr/2025:11:18:02 -0400] "GET /shopping/succinct41714126.shtml HTTP/1.1" 200 31573 "-" "Mozilla/5.0 (Linux; Android 6.0.1; Nexus 5X Build/MMB29P) AppleWebKit/537.36 (KHTML, like Gecko) Chrome/135.0.7049.52 Mobile Safari/537.36 (compatible; GoogleOther)"
66.249.65.105 - - [08/Apr/2025:11:18:04 -0400] "GET /goodscode/eem/pharyngopneusta/24927902.shtml HTTP/1.1" 200 26799 "-" "Mozilla/5.0 (Linux; Android 6.0.1; Nexus 5X Build/MMB29P) AppleWebKit/537.36 (KHTML, like Gecko) Chrome/135.0.7049.52 Mobile Safari/537.36 (compatible; GoogleOther)"
40.77.167.144 - - [08/Apr/2025:11:18:05 -0400] "GET /product/n/bountifully/96364796.shtml HTTP/1.1" 200 27346 "-" "Mozilla/5.0 AppleWebKit/537.36 (KHTML, like Gecko; compatible; bingbot/2.0; +http://www.bing.com/bingbot.htm) Chrome/116.0.1938.76 Safari/537.36"
18.190.176.26 - - [08/Apr/2025:11:18:06 -0400] "GET /ad917/?path=%2Fhome%2F.%2F..%2Flib64%2Frsyslog%2F..%2FlibGLX.so.0.0.0 HTTP/1.1" 200 962 "-" "Mozilla/5.0 AppleWebKit/537.36 (KHTML, like Gecko; compatible; ClaudeBot/1.0; +claudebot@anthropic.com)"
18.190.176.26 - - [08/Apr/2025:11:18:09 -0400] "GET /ad917/?path=%2Fhome%2F.%2F..%2Flib64%2Flibuser%2F..%2Flibmariadb.so.3 HTTP/1.1" 200 962 "-" "Mozilla/5.0 AppleWebKit/537.36 (KHTML, like Gecko; compatible; ClaudeBot/1.0; +claudebot@anthropic.com)"
18.190.176.26 - - [08/Apr/2025:11:18:12 -0400] "GET /ad917/?path=%2Fhome%2F.%2F..%2Flib64%2Frsyslog%2F..%2Flibsensors.so.4 HTTP/1.1" 200 957 "-" "Mozilla/5.0 AppleWebKit/537.36 (KHTML, like Gecko; compatible; ClaudeBot/1.0; +claudebot@anthropic.com)"
18.190.176.26 - - [08/Apr/2025:11:18:15 -0400] "GET /ad917/?path=%2Fhome%2F.%2F..%2Flib64%2Flibuser%2F..%2Flibpanel.so.6.1 HTTP/1.1" 200 962 "-" "Mozilla/5.0 AppleWebKit/537.36 (KHTML, like Gecko; compatible; ClaudeBot/1.0; +claudebot@anthropic.com)"
40.77.167.144 - - [08/Apr/2025:11:18:16 -0400] "GET /product/54094384.shtml HTTP/1.1" 200 26111 "-" "Mozilla/5.0 AppleWebKit/537.36 (KHTML, like Gecko; compatible; bingbot/2.0; +http://www.bing.com/bingbot.htm) Chrome/116.0.1938.76 Safari/537.36"
18.190.176.26 - - [08/Apr/2025:11:18:18 -0400] "GET /ad917/?path=%2Fhome%2F.%2F..%2Flib64%2Flibuser%2F..%2Flibwebpdemux.so HTTP/1.1" 200 963 "-" "Mozilla/5.0 AppleWebKit/537.36 (KHTML, like Gecko; compatible; ClaudeBot/1.0; +claudebot@anthropic.com)"
207.46.13.153 - - [08/Apr/2025:11:18:19 -0400] "GET /shopbrand/imprisoning29909754.shtml HTTP/1.1" 200 29372 "-" "Mozilla/5.0 AppleWebKit/537.36 (KHTML, like Gecko; compatible; bingbot/2.0; +http://www.bing.com/bingbot.htm) Chrome/116.0.1938.76 Safari/537.36"
66.249.65.105 - - [08/Apr/2025:11:18:19 -0400] "GET /product/xgm/moneran/53421224.shtml HTTP/1.1" 200 26488 "-" "Mozilla/5.0 (Linux; Android 6.0.1; Nexus 5X Build/MMB29P) AppleWebKit/537.36 (KHTML, like Gecko) Chrome/135.0.7049.52 Mobile Safari/537.36 (compatible; GoogleOther)"
18.190.176.26 - - [08/Apr/2025:11:18:21 -0400] "GET /ad917/?path=%2Fhome%2F.%2F..%2Flib64%2Flibuser%2F..%2Flibsodium.so.23 HTTP/1.1" 200 961 "-" "Mozilla/5.0 AppleWebKit/537.36 (KHTML, like Gecko; compatible; ClaudeBot/1.0; +claudebot@anthropic.com)"
18.190.176.26 - - [08/Apr/2025:11:18:24 -0400] "GET /ad917/?path=%2Fhome%2F.%2F..%2Flib64%2Flibuser%2F..%2Flibpspell.so.15 HTTP/1.1" 200 962 "-" "Mozilla/5.0 AppleWebKit/537.36 (KHTML, like Gecko; compatible; ClaudeBot/1.0; +claudebot@anthropic.com)"
18.190.176.26 - - [08/Apr/2025:11:18:27 -0400] "GET /ad917/?path=%2Fhome%2F.%2F..%2Flib64%2Flibuser%2F..%2Flibxslt-plugins HTTP/1.1" 200 1444 "-" "Mozilla/5.0 AppleWebKit/537.36 (KHTML, like Gecko; compatible; ClaudeBot/1.0; +claudebot@anthropic.com)"
66.249.65.104 - - [08/Apr/2025:11:18:28 -0400] "GET /items/25278288.shtml HTTP/1.1" 200 27721 "-" "Mozilla/5.0 (Linux; Android 6.0.1; Nexus 5X Build/MMB29P) AppleWebKit/537.36 (KHTML, like Gecko) Chrome/135.0.7049.52 Mobile Safari/537.36 (compatible; GoogleOther)"
18.190.176.26 - - [08/Apr/2025:11:18:30 -0400] "GET /ad917/?path=%2Fhome%2F.%2F..%2Flib64%2Flibuser%2F..%2Flibsqlite3.so.0 HTTP/1.1" 200 962 "-" "Mozilla/5.0 AppleWebKit/537.36 (KHTML, like Gecko; compatible; ClaudeBot/1.0; +claudebot@anthropic.com)"
18.190.176.26 - - [08/Apr/2025:11:18:33 -0400] "GET /ad917/?path=%2Fhome%2F.%2F..%2Flib64%2Frsyslog%2F..%2Flibxcb-xkb.so.1 HTTP/1.1" 200 959 "-" "Mozilla/5.0 AppleWebKit/537.36 (KHTML, like Gecko; compatible; ClaudeBot/1.0; +claudebot@anthropic.com)"
66.249.65.104 - - [08/Apr/2025:11:18:33 -0400] "GET /special/toolrest/47871814.shtml HTTP/1.1" 200 26588 "-" "Mozilla/5.0 (Linux; Android 6.0.1; Nexus 5X Build/MMB29P) AppleWebKit/537.36 (KHTML, like Gecko) Chrome/135.0.7049.52 Mobile Safari/537.36 (compatible; GoogleOther)"
18.190.176.26 - - [08/Apr/2025:11:18:36 -0400] "GET /ad917/?path=%2Fhome%2F.%2F..%2Flib64%2Frsyslog%2F..%2Flibcdt.so.5.0.0 HTTP/1.1" 200 959 "-" "Mozilla/5.0 AppleWebKit/537.36 (KHTML, like Gecko; compatible; ClaudeBot/1.0; +claudebot@anthropic.com)"
66.249.65.104 - - [08/Apr/2025:11:18:35 -0400] "GET /detail/fu/leopardwood4812256.shtml HTTP/1.1" 200 27374 "-" "Mozilla/5.0 (Linux; Android 6.0.1; Nexus 5X Build/MMB29P) AppleWebKit/537.36 (KHTML, like Gecko) Chrome/135.0.7049.52 Mobile Safari/537.36 (compatible; Googlebot/2.1; +http://www.google.com/bot.html)"
66.249.65.104 - - [08/Apr/2025:11:18:36 -0400] "GET /goodscode/x/meeting101137256.shtml HTTP/1.1" 200 26921 "-" "Mozilla/5.0 (Linux; Android 6.0.1; Nexus 5X Build/MMB29P) AppleWebKit/537.36 (KHTML, like Gecko) Chrome/135.0.7049.52 Mobile Safari/537.36 (compatible; GoogleOther)"
66.249.65.104 - - [08/Apr/2025:11:18:38 -0400] "GET /item/67142066.shtml HTTP/1.1" 200 25906 "-" "Mozilla/5.0 (Linux; Android 6.0.1; Nexus 5X Build/MMB29P) AppleWebKit/537.36 (KHTML, like Gecko) Chrome/135.0.7049.52 Mobile Safari/537.36 (compatible; GoogleOther)"
18.190.176.26 - - [08/Apr/2025:11:18:39 -0400] "GET /ad917/?path=%2Fhome%2F.%2F..%2Flib64%2Flibuser%2F..%2Flibopenjp2.so.7 HTTP/1.1" 200 962 "-" "Mozilla/5.0 AppleWebKit/537.36 (KHTML, like Gecko; compatible; ClaudeBot/1.0; +claudebot@anthropic.com)"
157.55.39.15 - - [08/Apr/2025:11:18:40 -0400] "GET /goods/93045854.shtml HTTP/1.1" 200 25895 "-" "Mozilla/5.0 AppleWebKit/537.36 (KHTML, like Gecko; compatible; bingbot/2.0; +http://www.bing.com/bingbot.htm) Chrome/116.0.1938.76 Safari/537.36"
66.249.65.104 - - [08/Apr/2025:11:18:41 -0400] "GET /item/e/plagiotremata/28031414.shtml HTTP/1.1" 200 26096 "-" "Mozilla/5.0 (compatible; Googlebot/2.1; +http://www.google.com/bot.html)"
18.190.176.26 - - [08/Apr/2025:11:18:42 -0400] "GET /ad917/?path=%2Fhome%2F.%2F..%2Flib64%2Frsyslog%2F..%2FlibQt5DBus.so.5 HTTP/1.1" 200 961 "-" "Mozilla/5.0 AppleWebKit/537.36 (KHTML, like Gecko; compatible; ClaudeBot/1.0; +claudebot@anthropic.com)"
207.46.13.92 - - [08/Apr/2025:11:18:41 -0400] "GET /items/marsupiate46784976.shtml HTTP/1.1" 200 26037 "-" "Mozilla/5.0 AppleWebKit/537.36 (KHTML, like Gecko; compatible; bingbot/2.0; +http://www.bing.com/bingbot.htm) Chrome/116.0.1938.76 Safari/537.36"
66.249.65.104 - - [08/Apr/2025:11:18:43 -0400] "GET /product74416272.shtml HTTP/1.1" 200 26917 "-" "Mozilla/5.0 (Linux; Android 6.0.1; Nexus 5X Build/MMB29P) AppleWebKit/537.36 (KHTML, like Gecko) Chrome/135.0.7049.52 Mobile Safari/537.36 (compatible; GoogleOther)"
18.190.176.26 - - [08/Apr/2025:11:18:45 -0400] "GET /ad917/?path=%2Fhome%2F.%2F..%2Flib64%2Flibuser%2F..%2Flibffi.so.6.0.2 HTTP/1.1" 200 961 "-" "Mozilla/5.0 AppleWebKit/537.36 (KHTML, like Gecko; compatible; ClaudeBot/1.0; +claudebot@anthropic.com)"
52.167.144.204 - - [08/Apr/2025:11:18:46 -0400] "GET /shopbrand63205022.shtml HTTP/1.1" 200 26158 "-" "Mozilla/5.0 AppleWebKit/537.36 (KHTML, like Gecko; compatible; bingbot/2.0; +http://www.bing.com/bingbot.htm) Chrome/116.0.1938.76 Safari/537.36"
18.190.176.26 - - [08/Apr/2025:11:18:48 -0400] "GET /ad917/?path=%2Fhome%2F.%2F..%2Flib64%2Flibuser%2F..%2Flibsystemd.so.0 HTTP/1.1" 200 961 "-" "Mozilla/5.0 AppleWebKit/537.36 (KHTML, like Gecko; compatible; ClaudeBot/1.0; +claudebot@anthropic.com)"
18.190.176.26 - - [08/Apr/2025:11:18:51 -0400] "GET /ad917/?path=%2Fhome%2F.%2Fservlmvm%2Fwww%2Fimages%2F..%2F.htaccess.bk HTTP/1.1" 403 1242 "-" "Mozilla/5.0 AppleWebKit/537.36 (KHTML, like Gecko; compatible; ClaudeBot/1.0; +claudebot@anthropic.com)"
18.190.176.26 - - [08/Apr/2025:11:18:54 -0400] "GET /ad917/?path=%2Fhome%2F.%2F..%2Flib64%2Frsyslog%2F..%2Flibdvdread.so.4 HTTP/1.1" 200 958 "-" "Mozilla/5.0 AppleWebKit/537.36 (KHTML, like Gecko; compatible; ClaudeBot/1.0; +claudebot@anthropic.com)"
18.190.176.26 - - [08/Apr/2025:11:18:57 -0400] "GET /ad917/?path=%2Fhome%2F.%2F..%2Flib64%2Frsyslog%2F..%2Flibdrm.so.2.4.0 HTTP/1.1" 200 958 "-" "Mozilla/5.0 AppleWebKit/537.36 (KHTML, like Gecko; compatible; ClaudeBot/1.0; +claudebot@anthropic.com)"
207.46.13.92 - - [08/Apr/2025:11:18:58 -0400] "GET /goods/gavelkind/52201480.shtml HTTP/1.1" 200 25785 "-" "Mozilla/5.0 AppleWebKit/537.36 (KHTML, like Gecko; compatible; bingbot/2.0; +http://www.bing.com/bingbot.htm) Chrome/116.0.1938.76 Safari/537.36"
66.249.65.105 - - [08/Apr/2025:11:18:59 -0400] "GET /items/f/lancepesade/243264.shtml HTTP/1.1" 200 25887 "-" "Mozilla/5.0 (Linux; Android 6.0.1; Nexus 5X Build/MMB29P) AppleWebKit/537.36 (KHTML, like Gecko) Chrome/135.0.7049.52 Mobile Safari/537.36 (compatible; GoogleOther)"
18.190.176.26 - - [08/Apr/2025:11:19:00 -0400] "GET /ad917/?path=%2Fhome%2F.%2F..%2Flib64%2Flibuser%2F..%2Flibatk-1.0.so.0 HTTP/1.1" 200 962 "-" "Mozilla/5.0 AppleWebKit/537.36 (KHTML, like Gecko; compatible; ClaudeBot/1.0; +claudebot@anthropic.com)"
66.249.65.105 - - [08/Apr/2025:11:19:00 -0400] "GET /goodscode/t/infestans/116515660.shtml HTTP/1.1" 200 26733 "-" "Mozilla/5.0 (Linux; Android 6.0.1; Nexus 5X Build/MMB29P) AppleWebKit/537.36 (KHTML, like Gecko) Chrome/135.0.7049.52 Mobile Safari/537.36 (compatible; GoogleOther)"
18.190.176.26 - - [08/Apr/2025:11:19:03 -0400] "GET /ad917/?path=%2Fhome%2F.%2F..%2Flib64%2Frsyslog%2F..%2Flibkdb5.so.10.0 HTTP/1.1" 200 960 "-" "Mozilla/5.0 AppleWebKit/537.36 (KHTML, like Gecko; compatible; ClaudeBot/1.0; +claudebot@anthropic.com)"
18.190.176.26 - - [08/Apr/2025:11:19:06 -0400] "GET /ad917/?path=%2Fhome%2F.%2F..%2Flib64%2Flibuser%2F..%2Flibtdb.so.1.4.9 HTTP/1.1" 200 962 "-" "Mozilla/5.0 AppleWebKit/537.36 (KHTML, like Gecko; compatible; ClaudeBot/1.0; +claudebot@anthropic.com)"
66.249.65.104 - - [08/Apr/2025:11:19:06 -0400] "GET /shopdetail/farrago62406602.shtml HTTP/1.1" 200 26286 "-" "Mozilla/5.0 (Linux; Android 6.0.1; Nexus 5X Build/MMB29P) AppleWebKit/537.36 (KHTML, like Gecko) Chrome/135.0.7049.52 Mobile Safari/537.36 (compatible; GoogleOther)"
66.249.65.104 - - [08/Apr/2025:11:19:07 -0400] "GET /entity/z/unicelled/7212172.shtml HTTP/1.1" 200 26374 "-" "Mozilla/5.0 (Linux; Android 6.0.1; Nexus 5X Build/MMB29P) AppleWebKit/537.36 (KHTML, like Gecko) Chrome/135.0.7049.52 Mobile Safari/537.36 (compatible; GoogleOther)"
66.249.65.104 - - [08/Apr/2025:11:19:07 -0400] "GET /shopdetail/halflattice/113899238.shtml HTTP/1.1" 200 27153 "-" "Mozilla/5.0 (compatible; Googlebot/2.1; +http://www.google.com/bot.html)"
18.190.176.26 - - [08/Apr/2025:11:19:09 -0400] "GET /ad917/?path=%2Fhome%2F.%2F..%2Flib64%2Frsyslog%2F..%2Flibselinux.so.1 HTTP/1.1" 200 958 "-" "Mozilla/5.0 AppleWebKit/537.36 (KHTML, like Gecko; compatible; ClaudeBot/1.0; +claudebot@anthropic.com)"
18.190.176.26 - - [08/Apr/2025:11:19:12 -0400] "GET /ad917/?path=%2Fhome%2F.%2F..%2Flib64%2Flibuser%2F..%2Flibaom.so.3.6.1 HTTP/1.1" 200 962 "-" "Mozilla/5.0 AppleWebKit/537.36 (KHTML, like Gecko; compatible; ClaudeBot/1.0; +claudebot@anthropic.com)"
18.190.176.26 - - [08/Apr/2025:11:19:15 -0400] "GET /ad917/?path=%2Fhome%2F.%2F..%2Flib64%2Flibuser%2F..%2Fliblz4.so.1.8.3 HTTP/1.1" 200 962 "-" "Mozilla/5.0 AppleWebKit/537.36 (KHTML, like Gecko; compatible; ClaudeBot/1.0; +claudebot@anthropic.com)"
40.77.167.28 - - [08/Apr/2025:11:19:15 -0400] "GET /goodscode108837724.shtml HTTP/1.1" 200 26911 "-" "Mozilla/5.0 AppleWebKit/537.36 (KHTML, like Gecko; compatible; bingbot/2.0; +http://www.bing.com/bingbot.htm) Chrome/116.0.1938.76 Safari/537.36"
66.249.65.104 - - [08/Apr/2025:11:19:16 -0400] "GET /products/hostile72153244.shtml HTTP/1.1" 200 27614 "-" "Mozilla/5.0 (Linux; Android 6.0.1; Nexus 5X Build/MMB29P) AppleWebKit/537.36 (KHTML, like Gecko) Chrome/135.0.7049.52 Mobile Safari/537.36 (compatible; GoogleOther)"
18.190.176.26 - - [08/Apr/2025:11:19:18 -0400] "GET /ad917/?path=%2Fhome%2F.%2F..%2Flib64%2Flibuser%2F..%2Flibpcrecpp.so.0 HTTP/1.1" 200 962 "-" "Mozilla/5.0 AppleWebKit/537.36 (KHTML, like Gecko; compatible; ClaudeBot/1.0; +claudebot@anthropic.com)"
66.249.65.104 - - [08/Apr/2025:11:19:17 -0400] "GET /products/oua/guggle/82381702.shtml HTTP/1.1" 200 26910 "-" "Mozilla/5.0 (Linux; Android 6.0.1; Nexus 5X Build/MMB29P) AppleWebKit/537.36 (KHTML, like Gecko) Chrome/135.0.7049.52 Mobile Safari/537.36 (compatible; GoogleOther)"
18.190.176.26 - - [08/Apr/2025:11:19:21 -0400] "GET /ad917/?path=%2Fhome%2F.%2F..%2Flib64%2Flibuser%2F..%2Flibelf-0.190.so HTTP/1.1" 200 961 "-" "Mozilla/5.0 AppleWebKit/537.36 (KHTML, like Gecko; compatible; ClaudeBot/1.0; +claudebot@anthropic.com)"
157.55.39.195 - - [08/Apr/2025:11:19:21 -0400] "GET /products/neutrally45895648.shtml HTTP/1.1" 200 25099 "-" "Mozilla/5.0 AppleWebKit/537.36 (KHTML, like Gecko; compatible; bingbot/2.0; +http://www.bing.com/bingbot.htm) Chrome/116.0.1938.76 Safari/537.36"
66.249.65.104 - - [08/Apr/2025:11:19:21 -0400] "GET /item29909288.shtml HTTP/1.1" 200 26031 "-" "Mozilla/5.0 (Linux; Android 6.0.1; Nexus 5X Build/MMB29P) AppleWebKit/537.36 (KHTML, like Gecko) Chrome/135.0.7049.52 Mobile Safari/537.36 (compatible; GoogleOther)"
18.190.176.26 - - [08/Apr/2025:11:19:24 -0400] "GET /ad917/?path=%2Fhome%2F.%2F..%2Flib64%2Flibuser%2F..%2Flibdrm.so.2.4.0 HTTP/1.1" 200 962 "-" "Mozilla/5.0 AppleWebKit/537.36 (KHTML, like Gecko; compatible; ClaudeBot/1.0; +claudebot@anthropic.com)"
66.249.65.104 - - [08/Apr/2025:11:19:24 -0400] "GET /entity5563064.shtml HTTP/1.1" 200 26050 "-" "Mozilla/5.0 (Linux; Android 6.0.1; Nexus 5X Build/MMB29P) AppleWebKit/537.36 (KHTML, like Gecko) Chrome/135.0.7049.52 Mobile Safari/537.36 (compatible; Googlebot/2.1; +http://www.google.com/bot.html)"
18.190.176.26 - - [08/Apr/2025:11:19:27 -0400] "GET /ad917/?path=%2Fhome%2F.%2F..%2Flib64%2Frsyslog%2F..%2Flibrpmsign.so.8 HTTP/1.1" 200 960 "-" "Mozilla/5.0 AppleWebKit/537.36 (KHTML, like Gecko; compatible; ClaudeBot/1.0; +claudebot@anthropic.com)"
18.190.176.26 - - [08/Apr/2025:11:19:30 -0400] "GET /ad917/?path=%2Fhome%2F.%2F..%2Flib64%2Flibuser%2F..%2Flibkdb5.so.10.0 HTTP/1.1" 200 962 "-" "Mozilla/5.0 AppleWebKit/537.36 (KHTML, like Gecko; compatible; ClaudeBot/1.0; +claudebot@anthropic.com)"
66.249.65.104 - - [08/Apr/2025:11:19:32 -0400] "GET /item/a/highoctane54188950.shtml HTTP/1.1" 200 26650 "-" "Mozilla/5.0 (Linux; Android 6.0.1; Nexus 5X Build/MMB29P) AppleWebKit/537.36 (KHTML, like Gecko) Chrome/135.0.7049.52 Mobile Safari/537.36 (compatible; GoogleOther)"
18.190.176.26 - - [08/Apr/2025:11:19:33 -0400] "GET /ad917/?path=%2Fhome%2F.%2F..%2Flib64%2Frsyslog%2F..%2Flibpcre2-8.so.0 HTTP/1.1" 200 959 "-" "Mozilla/5.0 AppleWebKit/537.36 (KHTML, like Gecko; compatible; ClaudeBot/1.0; +claudebot@anthropic.com)"
157.55.39.15 - - [08/Apr/2025:11:19:32 -0400] "GET /special/selfdevised/98167718.shtml HTTP/1.1" 200 27357 "-" "Mozilla/5.0 AppleWebKit/537.36 (KHTML, like Gecko; compatible; bingbot/2.0; +http://www.bing.com/bingbot.htm) Chrome/116.0.1938.76 Safari/537.36"
207.46.13.92 - - [08/Apr/2025:11:19:33 -0400] "GET /goodscode/49439560.shtml HTTP/1.1" 200 25714 "-" "Mozilla/5.0 AppleWebKit/537.36 (KHTML, like Gecko; compatible; bingbot/2.0; +http://www.bing.com/bingbot.htm) Chrome/116.0.1938.76 Safari/537.36"
18.190.176.26 - - [08/Apr/2025:11:19:36 -0400] "GET /ad917/?path=%2Fhome%2F.%2F..%2Flib64%2Frsyslog%2F..%2Flibatk-1.0.so.0 HTTP/1.1" 200 959 "-" "Mozilla/5.0 AppleWebKit/537.36 (KHTML, like Gecko; compatible; ClaudeBot/1.0; +claudebot@anthropic.com)"
157.55.39.15 - - [08/Apr/2025:11:19:37 -0400] "GET /products/ik/intravenous99457134.shtml HTTP/1.1" 200 26018 "-" "Mozilla/5.0 AppleWebKit/537.36 (KHTML, like Gecko; compatible; bingbot/2.0; +http://www.bing.com/bingbot.htm) Chrome/116.0.1938.76 Safari/537.36"
18.190.176.26 - - [08/Apr/2025:11:19:39 -0400] "GET /ad917/?path=%2Fhome%2F.%2F..%2Flib64%2Flibuser%2F..%2Flibxcb-res.so.0 HTTP/1.1" 200 962 "-" "Mozilla/5.0 AppleWebKit/537.36 (KHTML, like Gecko; compatible; ClaudeBot/1.0; +claudebot@anthropic.com)"
18.190.176.26 - - [08/Apr/2025:11:19:42 -0400] "GET /ad917/?path=%2Fhome%2F.%2Fservlmvm%2F.%2F.cphorde%2F..%2F.softaculous HTTP/1.1" 200 1632 "-" "Mozilla/5.0 AppleWebKit/537.36 (KHTML, like Gecko; compatible; ClaudeBot/1.0; +claudebot@anthropic.com)"
66.249.65.104 - - [08/Apr/2025:11:19:42 -0400] "GET /entity/superterrestrial29872228.shtml HTTP/1.1" 200 28729 "-" "Mozilla/5.0 (Linux; Android 6.0.1; Nexus 5X Build/MMB29P) AppleWebKit/537.36 (KHTML, like Gecko) Chrome/135.0.7049.52 Mobile Safari/537.36 (compatible; GoogleOther)"
66.249.65.104 - - [08/Apr/2025:11:19:43 -0400] "GET /info/n/pouff/41319196.shtml HTTP/1.1" 200 27842 "-" "Mozilla/5.0 (Linux; Android 6.0.1; Nexus 5X Build/MMB29P) AppleWebKit/537.36 (KHTML, like Gecko) Chrome/135.0.7049.52 Mobile Safari/537.36 (compatible; GoogleOther)"
18.190.176.26 - - [08/Apr/2025:11:19:45 -0400] "GET /ad917/?path=%2Fhome%2F.%2F..%2Flib64%2Frsyslog%2F..%2Flibpanel.so.5.9 HTTP/1.1" 200 959 "-" "Mozilla/5.0 AppleWebKit/537.36 (KHTML, like Gecko; compatible; ClaudeBot/1.0; +claudebot@anthropic.com)"
18.190.176.26 - - [08/Apr/2025:11:19:48 -0400] "GET /ad917/?path=%2Fhome%2F.%2F..%2Flib64%2Frsyslog%2F..%2Flibusb-1.0.so.0 HTTP/1.1" 200 959 "-" "Mozilla/5.0 AppleWebKit/537.36 (KHTML, like Gecko; compatible; ClaudeBot/1.0; +claudebot@anthropic.com)"
18.190.176.26 - - [08/Apr/2025:11:19:51 -0400] "GET /ad917/?path=%2Fhome%2F.%2F..%2Flib64%2Flibuser%2F..%2Flibxcb-xkb.so.1 HTTP/1.1" 200 964 "-" "Mozilla/5.0 AppleWebKit/537.36 (KHTML, like Gecko; compatible; ClaudeBot/1.0; +claudebot@anthropic.com)"
157.55.39.195 - - [08/Apr/2025:11:19:50 -0400] "GET /special/91623080.shtml HTTP/1.1" 200 25187 "-" "Mozilla/5.0 AppleWebKit/537.36 (KHTML, like Gecko; compatible; bingbot/2.0; +http://www.bing.com/bingbot.htm) Chrome/116.0.1938.76 Safari/537.36"
18.190.176.26 - - [08/Apr/2025:11:19:54 -0400] "GET /ad917/?path=%2Fhome%2F.%2F..%2F.%2Flib64%2Faspell-0.60%2Fstandard.kbd HTTP/1.1" 200 1034 "-" "Mozilla/5.0 AppleWebKit/537.36 (KHTML, like Gecko; compatible; ClaudeBot/1.0; +claudebot@anthropic.com)"
18.190.176.26 - - [08/Apr/2025:11:19:57 -0400] "GET /ad917/?path=%2Fhome%2F.%2F..%2Flib64%2Flibuser%2F..%2Flibleveldb.so.1 HTTP/1.1" 200 961 "-" "Mozilla/5.0 AppleWebKit/537.36 (KHTML, like Gecko; compatible; ClaudeBot/1.0; +claudebot@anthropic.com)"
66.249.65.105 - - [08/Apr/2025:11:19:57 -0400] "GET /info/i/releasing/62726558.shtml HTTP/1.1" 200 30661 "-" "Mozilla/5.0 (Linux; Android 6.0.1; Nexus 5X Build/MMB29P) AppleWebKit/537.36 (KHTML, like Gecko) Chrome/135.0.7049.52 Mobile Safari/537.36 (compatible; GoogleOther)"
18.190.176.26 - - [08/Apr/2025:11:20:00 -0400] "GET /ad917/?path=%2Fhome%2F.%2F..%2Flib64%2Flibuser%2F..%2Flibthread_db.so HTTP/1.1" 200 962 "-" "Mozilla/5.0 AppleWebKit/537.36 (KHTML, like Gecko; compatible; ClaudeBot/1.0; +claudebot@anthropic.com)"
18.190.176.26 - - [08/Apr/2025:11:20:03 -0400] "GET /ad917/?path=%2Fhome%2F.%2F..%2Flib64%2Frsyslog%2F..%2Flibbpf.so.0.5.0 HTTP/1.1" 200 960 "-" "Mozilla/5.0 AppleWebKit/537.36 (KHTML, like Gecko; compatible; ClaudeBot/1.0; +claudebot@anthropic.com)"
52.167.144.204 - - [08/Apr/2025:11:20:03 -0400] "GET /shopdetail/to/schislaceus51833224.shtml HTTP/1.1" 200 27796 "-" "Mozilla/5.0 AppleWebKit/537.36 (KHTML, like Gecko; compatible; bingbot/2.0; +http://www.bing.com/bingbot.htm) Chrome/116.0.1938.76 Safari/537.36"
66.249.65.105 - - [08/Apr/2025:11:20:04 -0400] "GET /item/j/asteroidal/52455244.shtml HTTP/1.1" 200 28349 "-" "Mozilla/5.0 (Linux; Android 6.0.1; Nexus 5X Build/MMB29P) AppleWebKit/537.36 (KHTML, like Gecko) Chrome/135.0.7049.52 Mobile Safari/537.36 (compatible; GoogleOther)"
40.77.167.28 - - [08/Apr/2025:11:20:05 -0400] "GET /product77332058.shtml HTTP/1.1" 200 30033 "-" "Mozilla/5.0 AppleWebKit/537.36 (KHTML, like Gecko; compatible; bingbot/2.0; +http://www.bing.com/bingbot.htm) Chrome/116.0.1938.76 Safari/537.36"
18.190.176.26 - - [08/Apr/2025:11:20:06 -0400] "GET /ad917/?path=%2Fhome%2F.%2F..%2Flib64%2Flibuser%2F..%2Flibndp.so.0.1.1 HTTP/1.1" 200 962 "-" "Mozilla/5.0 AppleWebKit/537.36 (KHTML, like Gecko; compatible; ClaudeBot/1.0; +claudebot@anthropic.com)"
18.190.176.26 - - [08/Apr/2025:11:20:09 -0400] "GET /ad917/?path=%2Fhome%2F.%2F..%2Flib64%2Frsyslog%2F..%2FlibEGL.so.1.1.0 HTTP/1.1" 200 960 "-" "Mozilla/5.0 AppleWebKit/537.36 (KHTML, like Gecko; compatible; ClaudeBot/1.0; +claudebot@anthropic.com)"
66.249.65.105 - - [08/Apr/2025:11:20:11 -0400] "GET /entity/c/scoffed/114031806.shtml HTTP/1.1" 200 26023 "-" "Mozilla/5.0 (Linux; Android 6.0.1; Nexus 5X Build/MMB29P) AppleWebKit/537.36 (KHTML, like Gecko) Chrome/135.0.7049.52 Mobile Safari/537.36 (compatible; GoogleOther)"
18.190.176.26 - - [08/Apr/2025:11:20:12 -0400] "GET /ad917/?path=%2Fhome%2F.%2F..%2Flib64%2Flibuser%2F..%2Flibseccomp.so.2 HTTP/1.1" 200 962 "-" "Mozilla/5.0 AppleWebKit/537.36 (KHTML, like Gecko; compatible; ClaudeBot/1.0; +claudebot@anthropic.com)"
207.46.13.153 - - [08/Apr/2025:11:20:11 -0400] "GET /entity/68447568.shtml HTTP/1.1" 200 24926 "-" "Mozilla/5.0 AppleWebKit/537.36 (KHTML, like Gecko; compatible; bingbot/2.0; +http://www.bing.com/bingbot.htm) Chrome/116.0.1938.76 Safari/537.36"
157.55.39.195 - - [08/Apr/2025:11:20:11 -0400] "GET /product/120416902.shtml HTTP/1.1" 200 27608 "-" "Mozilla/5.0 AppleWebKit/537.36 (KHTML, like Gecko; compatible; bingbot/2.0; +http://www.bing.com/bingbot.htm) Chrome/116.0.1938.76 Safari/537.36"
66.249.65.104 - - [08/Apr/2025:11:20:13 -0400] "GET /product/74006414.shtml HTTP/1.1" 200 27164 "-" "Mozilla/5.0 (Linux; Android 6.0.1; Nexus 5X Build/MMB29P) AppleWebKit/537.36 (KHTML, like Gecko) Chrome/135.0.7049.52 Mobile Safari/537.36 (compatible; GoogleOther)"
18.190.176.26 - - [08/Apr/2025:11:20:15 -0400] "GET /ad917/?path=%2Fhome%2F.%2F..%2Flib64%2Flibuser%2F..%2Flibncurses.so.6 HTTP/1.1" 200 962 "-" "Mozilla/5.0 AppleWebKit/537.36 (KHTML, like Gecko; compatible; ClaudeBot/1.0; +claudebot@anthropic.com)"
66.249.65.104 - - [08/Apr/2025:11:20:15 -0400] "GET /shopdetail/s/grossularia99006494.shtml HTTP/1.1" 200 26453 "-" "Mozilla/5.0 (Linux; Android 6.0.1; Nexus 5X Build/MMB29P) AppleWebKit/537.36 (KHTML, like Gecko) Chrome/135.0.7049.52 Mobile Safari/537.36 (compatible; GoogleOther)"
18.190.176.26 - - [08/Apr/2025:11:20:18 -0400] "GET /ad917/?path=%2Fhome%2F.%2F..%2Flib64%2Flibuser%2F..%2Flibhiredis.so.0 HTTP/1.1" 200 962 "-" "Mozilla/5.0 AppleWebKit/537.36 (KHTML, like Gecko; compatible; ClaudeBot/1.0; +claudebot@anthropic.com)"
66.249.65.104 - - [08/Apr/2025:11:20:18 -0400] "GET /goodscode/a/ruttishness82821190.shtml HTTP/1.1" 200 26183 "-" "Mozilla/5.0 (Linux; Android 6.0.1; Nexus 5X Build/MMB29P) AppleWebKit/537.36 (KHTML, like Gecko) Chrome/135.0.7049.52 Mobile Safari/537.36 (compatible; GoogleOther)"
207.46.13.153 - - [08/Apr/2025:11:20:18 -0400] "GET /item/52915444.shtml HTTP/1.1" 200 27084 "-" "Mozilla/5.0 AppleWebKit/537.36 (KHTML, like Gecko; compatible; bingbot/2.0; +http://www.bing.com/bingbot.htm) Chrome/116.0.1938.76 Safari/537.36"
66.249.65.104 - - [08/Apr/2025:11:20:20 -0400] "GET /products/widest/82422186.shtml HTTP/1.1" 200 25149 "-" "Mozilla/5.0 (Linux; Android 6.0.1; Nexus 5X Build/MMB29P) AppleWebKit/537.36 (KHTML, like Gecko) Chrome/135.0.7049.52 Mobile Safari/537.36 (compatible; GoogleOther)"
18.190.176.26 - - [08/Apr/2025:11:20:21 -0400] "GET /ad917/?path=%2Fhome%2F.%2F..%2Flib64%2Flibuser%2F..%2Flibsolvext.so.1 HTTP/1.1" 200 961 "-" "Mozilla/5.0 AppleWebKit/537.36 (KHTML, like Gecko; compatible; ClaudeBot/1.0; +claudebot@anthropic.com)"
157.55.39.15 - - [08/Apr/2025:11:20:21 -0400] "GET /shopping/delectate106833866.shtml HTTP/1.1" 200 27949 "-" "Mozilla/5.0 AppleWebKit/537.36 (KHTML, like Gecko; compatible; bingbot/2.0; +http://www.bing.com/bingbot.htm) Chrome/116.0.1938.76 Safari/537.36"
207.46.13.153 - - [08/Apr/2025:11:20:22 -0400] "GET /shopdetail/29923672.shtml HTTP/1.1" 200 26854 "-" "Mozilla/5.0 AppleWebKit/537.36 (KHTML, like Gecko; compatible; bingbot/2.0; +http://www.bing.com/bingbot.htm) Chrome/116.0.1938.76 Safari/537.36"
18.190.176.26 - - [08/Apr/2025:11:20:24 -0400] "GET /ad917/?path=%2Fhome%2F.%2F..%2Flib64%2Flibuser%2F..%2FlibXrender.so.1 HTTP/1.1" 200 962 "-" "Mozilla/5.0 AppleWebKit/537.36 (KHTML, like Gecko; compatible; ClaudeBot/1.0; +claudebot@anthropic.com)"
66.249.65.104 - - [08/Apr/2025:11:20:25 -0400] "GET /item/ynq/counterponderate60366374.shtml HTTP/1.1" 200 24792 "-" "Mozilla/5.0 (Linux; Android 6.0.1; Nexus 5X Build/MMB29P) AppleWebKit/537.36 (KHTML, like Gecko) Chrome/135.0.7049.52 Mobile Safari/537.36 (compatible; GoogleOther)"
157.55.39.195 - - [08/Apr/2025:11:20:26 -0400] "GET /items/67591100.shtml HTTP/1.1" 200 25672 "-" "Mozilla/5.0 AppleWebKit/537.36 (KHTML, like Gecko; compatible; bingbot/2.0; +http://www.bing.com/bingbot.htm) Chrome/116.0.1938.76 Safari/537.36"
18.190.176.26 - - [08/Apr/2025:11:20:27 -0400] "GET /ad917/?path=%2Fhome%2F.%2F..%2Flib64%2Flibuser%2F..%2Flibgettextpo.so HTTP/1.1" 200 962 "-" "Mozilla/5.0 AppleWebKit/537.36 (KHTML, like Gecko; compatible; ClaudeBot/1.0; +claudebot@anthropic.com)"
18.190.176.26 - - [08/Apr/2025:11:20:30 -0400] "GET /ad917/?path=%2Fhome%2F.%2F..%2Flib64%2Frsyslog%2F..%2Flibtss2-rc.so.0 HTTP/1.1" 200 960 "-" "Mozilla/5.0 AppleWebKit/537.36 (KHTML, like Gecko; compatible; ClaudeBot/1.0; +claudebot@anthropic.com)"
18.190.176.26 - - [08/Apr/2025:11:20:33 -0400] "GET /ad917/?path=%2Fhome%2F.%2F..%2Flib64%2Flibuser%2F..%2Flibbz2.so.1.0.6 HTTP/1.1" 200 962 "-" "Mozilla/5.0 AppleWebKit/537.36 (KHTML, like Gecko; compatible; ClaudeBot/1.0; +claudebot@anthropic.com)"
198.54.116.86 - - [08/Apr/2025:11:20:33 -0400] "POST /wp-cron.php?doing_wp_cron=1744125633.4712870121002197265625 HTTP/1.1" 200 0 "-" "WordPress/6.7.2; https://servethepeopleinc.org"
20.197.226.217 - - [08/Apr/2025:11:20:33 -0400] "POST /xmlrpc.php HTTP/1.1" 200 210 "-" "Mozilla/5.0 (Windows NT 10.0; Win64; x64; rv:90.0) Gecko/20100101 Firefox/90.0"
198.54.116.86 - - [08/Apr/2025:11:20:33 -0400] "POST /wp-admin/admin-ajax.php?action=async_litespeed&nonce=x2WlDnDKUDESzMBZp7LixJ3hdO7CNfKr&litespeed_type=imgoptm HTTP/1.1" 200 21 "-" "WordPress/6.7.2; https://servethepeopleinc.org"
66.249.65.104 - - [08/Apr/2025:11:20:35 -0400] "GET /special/tumble33755632.shtml HTTP/1.1" 200 28875 "-" "Mozilla/5.0 (Linux; Android 6.0.1; Nexus 5X Build/MMB29P) AppleWebKit/537.36 (KHTML, like Gecko) Chrome/135.0.7049.52 Mobile Safari/537.36 (compatible; GoogleOther)"
18.190.176.26 - - [08/Apr/2025:11:20:36 -0400] "GET /ad917/?path=%2Fhome%2F.%2F..%2Flib64%2Fhmaccalc%2F.%2Fsha224hmac.hmac HTTP/1.1" 200 1061 "-" "Mozilla/5.0 AppleWebKit/537.36 (KHTML, like Gecko; compatible; ClaudeBot/1.0; +claudebot@anthropic.com)"
40.77.167.28 - - [08/Apr/2025:11:20:35 -0400] "GET /goods18923768.shtml HTTP/1.1" 200 26468 "-" "Mozilla/5.0 AppleWebKit/537.36 (KHTML, like Gecko; compatible; bingbot/2.0; +http://www.bing.com/bingbot.htm) Chrome/116.0.1938.76 Safari/537.36"
194.38.23.16 - - [08/Apr/2025:11:20:37 -0400] "GET /server/php/index.php?file=tf2rghf.jpg HTTP/1.1" 301 0 "-" "ALittle Client"
18.190.176.26 - - [08/Apr/2025:11:20:39 -0400] "GET /ad917/?path=%2Fhome%2F.%2F..%2Flib64%2Flibuser%2F..%2Flibxcb-randr.so HTTP/1.1" 200 962 "-" "Mozilla/5.0 AppleWebKit/537.36 (KHTML, like Gecko; compatible; ClaudeBot/1.0; +claudebot@anthropic.com)"
18.190.176.26 - - [08/Apr/2025:11:20:42 -0400] "GET /ad917/?path=%2Fhome%2F.%2F..%2Flib64%2Frsyslog%2F..%2Flibxcb-shm.so.0 HTTP/1.1" 200 959 "-" "Mozilla/5.0 AppleWebKit/537.36 (KHTML, like Gecko; compatible; ClaudeBot/1.0; +claudebot@anthropic.com)"
66.249.65.104 - - [08/Apr/2025:11:20:42 -0400] "GET /info/bwy/cutback/43228664.shtml HTTP/1.1" 200 29124 "-" "Mozilla/5.0 (Linux; Android 6.0.1; Nexus 5X Build/MMB29P) AppleWebKit/537.36 (KHTML, like Gecko) Chrome/135.0.7049.52 Mobile Safari/537.36 (compatible; GoogleOther)"
18.190.176.26 - - [08/Apr/2025:11:20:45 -0400] "GET /ad917/?path=%2Fhome%2F.%2F..%2Fusr%2Finclude%2Fapache2%2Fmod_status.h HTTP/1.1" 200 1960 "-" "Mozilla/5.0 AppleWebKit/537.36 (KHTML, like Gecko; compatible; ClaudeBot/1.0; +claudebot@anthropic.com)"
