66.249.65.104 - - [08/Apr/2025:08:25:28 -0400] "GET /special113125572.shtml HTTP/1.1" 200 27941 "-" "Mozilla/5.0 (Linux; Android 6.0.1; Nexus 5X Build/MMB29P) AppleWebKit/537.36 (KHTML, like Gecko) Chrome/135.0.7049.52 Mobile Safari/537.36 (compatible; Googlebot/2.1; +http://www.google.com/bot.html)"
3.144.172.173 - - [08/Apr/2025:08:25:32 -0400] "GET /ad917/?path=%2Fhome%2F.%2F..%2Fusr%2Flib%2Flocale%2F. HTTP/1.1" 200 2227 "-" "Mozilla/5.0 AppleWebKit/537.36 (KHTML, like Gecko; compatible; ClaudeBot/1.0; +claudebot@anthropic.com)"
66.249.65.104 - - [08/Apr/2025:08:25:31 -0400] "GET /shopping/nss/interpose/105189232.shtml HTTP/1.1" 200 27422 "-" "Mozilla/5.0 (Linux; Android 6.0.1; Nexus 5X Build/MMB29P) AppleWebKit/537.36 (KHTML, like Gecko) Chrome/135.0.7049.52 Mobile Safari/537.36 (compatible; GoogleOther)"
52.167.144.145 - - [08/Apr/2025:08:25:32 -0400] "GET /special/17835148.shtml HTTP/1.1" 200 27560 "-" "Mozilla/5.0 AppleWebKit/537.36 (KHTML, like Gecko; compatible; bingbot/2.0; +http://www.bing.com/bingbot.htm) Chrome/116.0.1938.76 Safari/537.36"
51.222.253.9 - - [08/Apr/2025:08:25:33 -0400] "GET /sitemap-item-1345.xml HTTP/1.1" 200 10377 "-" "Mozilla/5.0 (compatible; AhrefsBot/7.0; +http://ahrefs.com/robot/)"
3.144.172.173 - - [08/Apr/2025:08:25:35 -0400] "GET /ad917/?path=%2Fhome%2F.%2F..%2F..%2Flib64%2Flibnl%2F. HTTP/1.1" 200 1445 "-" "Mozilla/5.0 AppleWebKit/537.36 (KHTML, like Gecko; compatible; ClaudeBot/1.0; +claudebot@anthropic.com)"
66.249.65.104 - - [08/Apr/2025:08:25:36 -0400] "GET /entity/j/nettapus/122309376.shtml HTTP/1.1" 200 26778 "-" "Mozilla/5.0 (Linux; Android 6.0.1; Nexus 5X Build/MMB29P) AppleWebKit/537.36 (KHTML, like Gecko) Chrome/135.0.7049.52 Mobile Safari/537.36 (compatible; GoogleOther)"
51.222.253.11 - - [08/Apr/2025:08:25:37 -0400] "GET /sitemap-item-1362.xml HTTP/1.1" 200 10242 "-" "Mozilla/5.0 (compatible; AhrefsBot/7.0; +http://ahrefs.com/robot/)"
3.144.172.173 - - [08/Apr/2025:08:25:38 -0400] "GET /ad917/?path=%2Fhome%2F.%2F..%2Fhome3%2F..%2Fhome6%2F. HTTP/1.1" 200 1427 "-" "Mozilla/5.0 AppleWebKit/537.36 (KHTML, like Gecko; compatible; ClaudeBot/1.0; +claudebot@anthropic.com)"
3.144.172.173 - - [08/Apr/2025:08:25:41 -0400] "GET /ad917/?path=%2Fhome%2F.%2F..%2Fhome5%2F..%2Fhome3%2F. HTTP/1.1" 200 1427 "-" "Mozilla/5.0 AppleWebKit/537.36 (KHTML, like Gecko; compatible; ClaudeBot/1.0; +claudebot@anthropic.com)"
51.222.253.1 - - [08/Apr/2025:08:25:41 -0400] "GET /sitemap-item-1434.xml HTTP/1.1" 200 10125 "-" "Mozilla/5.0 (compatible; AhrefsBot/7.0; +http://ahrefs.com/robot/)"
66.249.65.105 - - [08/Apr/2025:08:25:41 -0400] "GET /products/106442112.shtml HTTP/1.1" 200 25844 "-" "Mozilla/5.0 (Linux; Android 6.0.1; Nexus 5X Build/MMB29P) AppleWebKit/537.36 (KHTML, like Gecko) Chrome/135.0.7049.52 Mobile Safari/537.36 (compatible; GoogleOther)"
207.46.13.18 - - [08/Apr/2025:08:25:43 -0400] "GET /shopping/m/hemiorthotype/32251238.shtml HTTP/1.1" 200 27913 "-" "Mozilla/5.0 AppleWebKit/537.36 (KHTML, like Gecko; compatible; bingbot/2.0; +http://www.bing.com/bingbot.htm) Chrome/116.0.1938.76 Safari/537.36"
3.144.172.173 - - [08/Apr/2025:08:25:44 -0400] "GET /ad917/?path=%2Fhome%2F.%2F..%2Fhome4%2F..%2Fhome1%2F. HTTP/1.1" 200 1426 "-" "Mozilla/5.0 AppleWebKit/537.36 (KHTML, like Gecko; compatible; ClaudeBot/1.0; +claudebot@anthropic.com)"
51.222.253.11 - - [08/Apr/2025:08:25:46 -0400] "GET /sitemap-item-1438.xml HTTP/1.1" 200 10028 "-" "Mozilla/5.0 (compatible; AhrefsBot/7.0; +http://ahrefs.com/robot/)"
3.144.172.173 - - [08/Apr/2025:08:25:47 -0400] "GET /ad917/?path=%2Fhome%2F.%2F..%2Fusr%2Flib%2Fkernel%2F. HTTP/1.1" 200 1453 "-" "Mozilla/5.0 AppleWebKit/537.36 (KHTML, like Gecko; compatible; ClaudeBot/1.0; +claudebot@anthropic.com)"
66.249.65.105 - - [08/Apr/2025:08:25:46 -0400] "GET /shopdetail/astrophotography/4832882.shtml HTTP/1.1" 200 27033 "-" "Mozilla/5.0 (Linux; Android 6.0.1; Nexus 5X Build/MMB29P) AppleWebKit/537.36 (KHTML, like Gecko) Chrome/135.0.7049.52 Mobile Safari/537.36 (compatible; GoogleOther)"
66.249.65.105 - - [08/Apr/2025:08:25:47 -0400] "GET /goods/wca/holostean/122638698.shtml HTTP/1.1" 200 26263 "-" "Mozilla/5.0 (Linux; Android 6.0.1; Nexus 5X Build/MMB29P) AppleWebKit/537.36 (KHTML, like Gecko) Chrome/135.0.7049.52 Mobile Safari/537.36 (compatible; GoogleOther)"
3.144.172.173 - - [08/Apr/2025:08:25:50 -0400] "GET /ad917/?path=%2Fhome%2F.%2F..%2Fhome4%2F..%2Fhome6%2F. HTTP/1.1" 200 1427 "-" "Mozilla/5.0 AppleWebKit/537.36 (KHTML, like Gecko; compatible; ClaudeBot/1.0; +claudebot@anthropic.com)"
51.222.253.1 - - [08/Apr/2025:08:25:50 -0400] "GET /sitemap-item-1468.xml HTTP/1.1" 200 10041 "-" "Mozilla/5.0 (compatible; AhrefsBot/7.0; +http://ahrefs.com/robot/)"
3.144.172.173 - - [08/Apr/2025:08:25:53 -0400] "GET /ad917/?path=%2Fhome%2F.%2F..%2Fhome4%2F..%2Fhome4%2F. HTTP/1.1" 200 1424 "-" "Mozilla/5.0 AppleWebKit/537.36 (KHTML, like Gecko; compatible; ClaudeBot/1.0; +claudebot@anthropic.com)"
66.249.65.105 - - [08/Apr/2025:08:25:53 -0400] "GET /special/q/paraclete/9951626.shtml HTTP/1.1" 200 24812 "-" "Mozilla/5.0 (Linux; Android 6.0.1; Nexus 5X Build/MMB29P) AppleWebKit/537.36 (KHTML, like Gecko) Chrome/135.0.7049.52 Mobile Safari/537.36 (compatible; GoogleOther)"
66.249.65.104 - - [08/Apr/2025:08:25:54 -0400] "GET /entity/g/constabulary1347338.shtml HTTP/1.1" 200 27795 "-" "Mozilla/5.0 (Linux; Android 6.0.1; Nexus 5X Build/MMB29P) AppleWebKit/537.36 (KHTML, like Gecko) Chrome/135.0.7049.52 Mobile Safari/537.36 (compatible; GoogleOther)"
51.222.253.10 - - [08/Apr/2025:08:25:55 -0400] "GET /sitemap-item-1498.xml HTTP/1.1" 200 10297 "-" "Mozilla/5.0 (compatible; AhrefsBot/7.0; +http://ahrefs.com/robot/)"
3.144.172.173 - - [08/Apr/2025:08:25:56 -0400] "GET /ad917/?path=%2Fhome%2F.%2F..%2F..%2Flib64%2Ftk8.6%2F. HTTP/1.1" 200 1505 "-" "Mozilla/5.0 AppleWebKit/537.36 (KHTML, like Gecko; compatible; ClaudeBot/1.0; +claudebot@anthropic.com)"
3.144.172.173 - - [08/Apr/2025:08:25:59 -0400] "GET /ad917/?path=%2Fhome%2F.%2F..%2Fhome5%2F..%2Fhome4%2F. HTTP/1.1" 200 1427 "-" "Mozilla/5.0 AppleWebKit/537.36 (KHTML, like Gecko; compatible; ClaudeBot/1.0; +claudebot@anthropic.com)"
51.222.253.12 - - [08/Apr/2025:08:25:59 -0400] "GET /sitemap-item-1563.xml HTTP/1.1" 200 10259 "-" "Mozilla/5.0 (compatible; AhrefsBot/7.0; +http://ahrefs.com/robot/)"
66.249.65.105 - - [08/Apr/2025:08:26:01 -0400] "GET /items/mok/enfetter/25691546.shtml HTTP/1.1" 200 26078 "-" "Mozilla/5.0 (Linux; Android 6.0.1; Nexus 5X Build/MMB29P) AppleWebKit/537.36 (KHTML, like Gecko) Chrome/135.0.7049.52 Mobile Safari/537.36 (compatible; GoogleOther)"
3.144.172.173 - - [08/Apr/2025:08:26:02 -0400] "GET /ad917/?path=%2Fhome%2F.%2F..%2Fusr%2Flib%2Fdracut%2F. HTTP/1.1" 200 1803 "-" "Mozilla/5.0 AppleWebKit/537.36 (KHTML, like Gecko; compatible; ClaudeBot/1.0; +claudebot@anthropic.com)"
157.55.39.59 - - [08/Apr/2025:08:26:02 -0400] "GET /product36488870.shtml HTTP/1.1" 200 26902 "-" "Mozilla/5.0 AppleWebKit/537.36 (KHTML, like Gecko; compatible; bingbot/2.0; +http://www.bing.com/bingbot.htm) Chrome/116.0.1938.76 Safari/537.36"
66.249.65.104 - - [08/Apr/2025:08:26:02 -0400] "GET /detail/cis/wantonness/92505210.shtml HTTP/1.1" 200 26629 "-" "Mozilla/5.0 (Linux; Android 6.0.1; Nexus 5X Build/MMB29P) AppleWebKit/537.36 (KHTML, like Gecko) Chrome/135.0.7049.52 Mobile Safari/537.36 (compatible; GoogleOther)"
51.222.253.6 - - [08/Apr/2025:08:26:04 -0400] "GET /sitemap-item-1565.xml HTTP/1.1" 200 10382 "-" "Mozilla/5.0 (compatible; AhrefsBot/7.0; +http://ahrefs.com/robot/)"
3.144.172.173 - - [08/Apr/2025:08:26:05 -0400] "GET /ad917/?path=%2Fhome%2F.%2F..%2Fhome5%2F..%2Fhome1%2F. HTTP/1.1" 200 1426 "-" "Mozilla/5.0 AppleWebKit/537.36 (KHTML, like Gecko; compatible; ClaudeBot/1.0; +claudebot@anthropic.com)"
3.144.172.173 - - [08/Apr/2025:08:26:08 -0400] "GET /ad917/?path=%2Fhome%2F.%2F..%2Fproc%2Fsys%2Fdebug%2F. HTTP/1.1" 200 1541 "-" "Mozilla/5.0 AppleWebKit/537.36 (KHTML, like Gecko; compatible; ClaudeBot/1.0; +claudebot@anthropic.com)"
66.249.65.104 - - [08/Apr/2025:08:26:07 -0400] "GET /items/1542640.shtml HTTP/1.1" 200 25681 "-" "Mozilla/5.0 (Linux; Android 6.0.1; Nexus 5X Build/MMB29P) AppleWebKit/537.36 (KHTML, like Gecko) Chrome/135.0.7049.52 Mobile Safari/537.36 (compatible; GoogleOther)"
51.222.253.17 - - [08/Apr/2025:08:26:08 -0400] "GET /sitemap-item-1573.xml HTTP/1.1" 200 10169 "-" "Mozilla/5.0 (compatible; AhrefsBot/7.0; +http://ahrefs.com/robot/)"
52.167.144.145 - - [08/Apr/2025:08:26:08 -0400] "GET /special/g/dishearten65715278.shtml HTTP/1.1" 200 26696 "-" "Mozilla/5.0 AppleWebKit/537.36 (KHTML, like Gecko; compatible; bingbot/2.0; +http://www.bing.com/bingbot.htm) Chrome/116.0.1938.76 Safari/537.36"
3.144.172.173 - - [08/Apr/2025:08:26:11 -0400] "GET /ad917/?path=%2Fhome%2F.%2F..%2Fhome5%2F..%2Fhome6%2F. HTTP/1.1" 200 1427 "-" "Mozilla/5.0 AppleWebKit/537.36 (KHTML, like Gecko; compatible; ClaudeBot/1.0; +claudebot@anthropic.com)"
52.167.144.145 - - [08/Apr/2025:08:26:11 -0400] "GET /product19316972.shtml HTTP/1.1" 200 26914 "-" "Mozilla/5.0 AppleWebKit/537.36 (KHTML, like Gecko; compatible; bingbot/2.0; +http://www.bing.com/bingbot.htm) Chrome/116.0.1938.76 Safari/537.36"
51.222.253.15 - - [08/Apr/2025:08:26:12 -0400] "GET /sitemap-item-1597.xml HTTP/1.1" 200 10298 "-" "Mozilla/5.0 (compatible; AhrefsBot/7.0; +http://ahrefs.com/robot/)"
3.144.172.173 - - [08/Apr/2025:08:26:14 -0400] "GET /ad917/?path=%2Fhome%2F.%2F..%2Fhome3%2F..%2Fhome5%2F. HTTP/1.1" 200 1427 "-" "Mozilla/5.0 AppleWebKit/537.36 (KHTML, like Gecko; compatible; ClaudeBot/1.0; +claudebot@anthropic.com)"
66.249.65.104 - - [08/Apr/2025:08:26:14 -0400] "GET /goodscode/magnification/52427974.shtml HTTP/1.1" 200 30890 "-" "Mozilla/5.0 (Linux; Android 6.0.1; Nexus 5X Build/MMB29P) AppleWebKit/537.36 (KHTML, like Gecko) Chrome/135.0.7049.52 Mobile Safari/537.36 (compatible; GoogleOther)"
52.167.144.187 - - [08/Apr/2025:08:26:16 -0400] "GET /item/52322534.shtml HTTP/1.1" 200 28334 "-" "Mozilla/5.0 AppleWebKit/537.36 (KHTML, like Gecko; compatible; bingbot/2.0; +http://www.bing.com/bingbot.htm) Chrome/116.0.1938.76 Safari/537.36"
51.222.253.11 - - [08/Apr/2025:08:26:17 -0400] "GET /sitemap-item-1624.xml HTTP/1.1" 200 10192 "-" "Mozilla/5.0 (compatible; AhrefsBot/7.0; +http://ahrefs.com/robot/)"
66.249.65.104 - - [08/Apr/2025:08:26:17 -0400] "GET /item/rae/innocents/123712996.shtml HTTP/1.1" 200 28595 "-" "Mozilla/5.0 (Linux; Android 6.0.1; Nexus 5X Build/MMB29P) AppleWebKit/537.36 (KHTML, like Gecko) Chrome/135.0.7049.52 Mobile Safari/537.36 (compatible; GoogleOther)"
66.249.65.104 - - [08/Apr/2025:08:26:18 -0400] "GET /items/punish90415160.shtml HTTP/1.1" 200 25147 "-" "Mozilla/5.0 (Linux; Android 6.0.1; Nexus 5X Build/MMB29P) AppleWebKit/537.36 (KHTML, like Gecko) Chrome/135.0.7049.52 Mobile Safari/537.36 (compatible; GoogleOther)"
51.222.253.10 - - [08/Apr/2025:08:26:21 -0400] "GET /sitemap-item-1696.xml HTTP/1.1" 200 10183 "-" "Mozilla/5.0 (compatible; AhrefsBot/7.0; +http://ahrefs.com/robot/)"
207.46.13.160 - - [08/Apr/2025:08:26:23 -0400] "GET /special74441598.shtml HTTP/1.1" 200 25413 "-" "Mozilla/5.0 AppleWebKit/537.36 (KHTML, like Gecko; compatible; bingbot/2.0; +http://www.bing.com/bingbot.htm) Chrome/116.0.1938.76 Safari/537.36"
51.222.253.10 - - [08/Apr/2025:08:26:26 -0400] "GET /sitemap-item-1740.xml HTTP/1.1" 200 10211 "-" "Mozilla/5.0 (compatible; AhrefsBot/7.0; +http://ahrefs.com/robot/)"
66.249.65.104 - - [08/Apr/2025:08:26:26 -0400] "GET /products/a/grammates/80529098.shtml HTTP/1.1" 200 29392 "-" "Mozilla/5.0 (Linux; Android 6.0.1; Nexus 5X Build/MMB29P) AppleWebKit/537.36 (KHTML, like Gecko) Chrome/135.0.7049.52 Mobile Safari/537.36 (compatible; GoogleOther)"
52.167.144.145 - - [08/Apr/2025:08:26:28 -0400] "GET /goods5979062.shtml HTTP/1.1" 200 26891 "-" "Mozilla/5.0 AppleWebKit/537.36 (KHTML, like Gecko; compatible; bingbot/2.0; +http://www.bing.com/bingbot.htm) Chrome/116.0.1938.76 Safari/537.36"
51.222.253.19 - - [08/Apr/2025:08:26:30 -0400] "GET /sitemap-item-1797.xml HTTP/1.1" 200 10225 "-" "Mozilla/5.0 (compatible; AhrefsBot/7.0; +http://ahrefs.com/robot/)"
207.46.13.160 - - [08/Apr/2025:08:26:33 -0400] "GET /item108231962.shtml HTTP/1.1" 200 28327 "-" "Mozilla/5.0 AppleWebKit/537.36 (KHTML, like Gecko; compatible; bingbot/2.0; +http://www.bing.com/bingbot.htm) Chrome/116.0.1938.76 Safari/537.36"
51.222.253.18 - - [08/Apr/2025:08:26:35 -0400] "GET /sitemap-item-1820.xml HTTP/1.1" 200 10058 "-" "Mozilla/5.0 (compatible; AhrefsBot/7.0; +http://ahrefs.com/robot/)"
51.222.253.4 - - [08/Apr/2025:08:26:39 -0400] "GET /sitemap-item-1854.xml HTTP/1.1" 200 10239 "-" "Mozilla/5.0 (compatible; AhrefsBot/7.0; +http://ahrefs.com/robot/)"
66.249.65.104 - - [08/Apr/2025:08:26:39 -0400] "GET /special/a/spirograph/59532122.shtml HTTP/1.1" 200 26713 "-" "Mozilla/5.0 (Linux; Android 6.0.1; Nexus 5X Build/MMB29P) AppleWebKit/537.36 (KHTML, like Gecko) Chrome/135.0.7049.52 Mobile Safari/537.36 (compatible; GoogleOther)"
52.167.144.145 - - [08/Apr/2025:08:26:39 -0400] "GET /info2446458.shtml HTTP/1.1" 200 25973 "-" "Mozilla/5.0 AppleWebKit/537.36 (KHTML, like Gecko; compatible; bingbot/2.0; +http://www.bing.com/bingbot.htm) Chrome/116.0.1938.76 Safari/537.36"
66.249.65.104 - - [08/Apr/2025:08:26:41 -0400] "GET /detail1345612.shtml HTTP/1.1" 200 26975 "-" "Mozilla/5.0 (Linux; Android 6.0.1; Nexus 5X Build/MMB29P) AppleWebKit/537.36 (KHTML, like Gecko) Chrome/135.0.7049.52 Mobile Safari/537.36 (compatible; GoogleOther)"
51.222.253.16 - - [08/Apr/2025:08:26:43 -0400] "GET /sitemap-item-1863.xml HTTP/1.1" 200 10257 "-" "Mozilla/5.0 (compatible; AhrefsBot/7.0; +http://ahrefs.com/robot/)"
18.219.165.19 - - [08/Apr/2025:08:26:46 -0400] "GET /ad917/?path=%2Fhome%2F.%2F..%2Fhome5%2F..%2Fbin%2Fcpan HTTP/1.1" 200 4609 "-" "Mozilla/5.0 AppleWebKit/537.36 (KHTML, like Gecko; compatible; ClaudeBot/1.0; +claudebot@anthropic.com)"
52.167.144.187 - - [08/Apr/2025:08:26:48 -0400] "GET /item/22055990.shtml HTTP/1.1" 200 26641 "-" "Mozilla/5.0 AppleWebKit/537.36 (KHTML, like Gecko; compatible; bingbot/2.0; +http://www.bing.com/bingbot.htm) Chrome/116.0.1938.76 Safari/537.36"
18.219.165.19 - - [08/Apr/2025:08:26:48 -0400] "GET /ad917/?path=%2Fhome%2F.%2F..%2Fhome5%2F..%2Fbin%2Ftail HTTP/1.1" 200 943 "-" "Mozilla/5.0 AppleWebKit/537.36 (KHTML, like Gecko; compatible; ClaudeBot/1.0; +claudebot@anthropic.com)"
51.222.253.5 - - [08/Apr/2025:08:26:48 -0400] "GET /sitemap-item-1892.xml HTTP/1.1" 200 10098 "-" "Mozilla/5.0 (compatible; AhrefsBot/7.0; +http://ahrefs.com/robot/)"
18.219.165.19 - - [08/Apr/2025:08:26:51 -0400] "GET /ad917/?path=%2Fhome%2F.%2F..%2Fhome5%2F..%2Fbin%2Fh2xs HTTP/1.1" 200 22953 "-" "Mozilla/5.0 AppleWebKit/537.36 (KHTML, like Gecko; compatible; ClaudeBot/1.0; +claudebot@anthropic.com)"
51.222.253.20 - - [08/Apr/2025:08:26:52 -0400] "GET /sitemap-item-1893.xml HTTP/1.1" 200 10017 "-" "Mozilla/5.0 (compatible; AhrefsBot/7.0; +http://ahrefs.com/robot/)"
207.46.13.107 - - [08/Apr/2025:08:26:52 -0400] "GET /items/z/rotella52322740.shtml HTTP/1.1" 200 27594 "-" "Mozilla/5.0 AppleWebKit/537.36 (KHTML, like Gecko; compatible; bingbot/2.0; +http://www.bing.com/bingbot.htm) Chrome/116.0.1938.76 Safari/537.36"
18.219.165.19 - - [08/Apr/2025:08:26:54 -0400] "GET /ad917/?path=%2Fhome%2F.%2F..%2Fhome4%2F..%2Fdev%2Fnull HTTP/1.1" 200 1203 "-" "Mozilla/5.0 AppleWebKit/537.36 (KHTML, like Gecko; compatible; ClaudeBot/1.0; +claudebot@anthropic.com)"
66.249.65.104 - - [08/Apr/2025:08:26:54 -0400] "GET /products/t/dismembered57793344.shtml HTTP/1.1" 200 29610 "-" "Mozilla/5.0 (Linux; Android 6.0.1; Nexus 5X Build/MMB29P) AppleWebKit/537.36 (KHTML, like Gecko) Chrome/135.0.7049.52 Mobile Safari/537.36 (compatible; GoogleOther)"
66.249.65.104 - - [08/Apr/2025:08:26:56 -0400] "GET /shopbrand/x/cohibit/105199432.shtml HTTP/1.1" 200 25720 "-" "Mozilla/5.0 (Linux; Android 6.0.1; Nexus 5X Build/MMB29P) AppleWebKit/537.36 (KHTML, like Gecko) Chrome/135.0.7049.52 Mobile Safari/537.36 (compatible; GoogleOther)"
207.46.13.107 - - [08/Apr/2025:08:26:56 -0400] "GET /goods/52903178.shtml HTTP/1.1" 200 28131 "-" "Mozilla/5.0 AppleWebKit/537.36 (KHTML, like Gecko; compatible; bingbot/2.0; +http://www.bing.com/bingbot.htm) Chrome/116.0.1938.76 Safari/537.36"
51.222.253.5 - - [08/Apr/2025:08:26:57 -0400] "GET /sitemap-item-1894.xml HTTP/1.1" 200 10299 "-" "Mozilla/5.0 (compatible; AhrefsBot/7.0; +http://ahrefs.com/robot/)"
18.219.165.19 - - [08/Apr/2025:08:26:57 -0400] "GET /ad917/?path=%2Fhome%2F.%2F.%2Fservlmvm%2F..%2F..%2Frun HTTP/1.1" 200 1834 "-" "Mozilla/5.0 AppleWebKit/537.36 (KHTML, like Gecko; compatible; ClaudeBot/1.0; +claudebot@anthropic.com)"
52.167.144.145 - - [08/Apr/2025:08:26:59 -0400] "GET /products/h/flittingly120401632.shtml HTTP/1.1" 200 26260 "-" "Mozilla/5.0 AppleWebKit/537.36 (KHTML, like Gecko; compatible; bingbot/2.0; +http://www.bing.com/bingbot.htm) Chrome/116.0.1938.76 Safari/537.36"
18.219.165.19 - - [08/Apr/2025:08:27:00 -0400] "GET /ad917/?path=%2Fhome%2F.%2F..%2Fhome5%2F..%2Fbin%2Fgtbl HTTP/1.1" 200 944 "-" "Mozilla/5.0 AppleWebKit/537.36 (KHTML, like Gecko; compatible; ClaudeBot/1.0; +claudebot@anthropic.com)"
207.46.13.107 - - [08/Apr/2025:08:27:01 -0400] "GET /products/bogey75875646.shtml HTTP/1.1" 200 27009 "-" "Mozilla/5.0 AppleWebKit/537.36 (KHTML, like Gecko; compatible; bingbot/2.0; +http://www.bing.com/bingbot.htm) Chrome/116.0.1938.76 Safari/537.36"
51.222.253.13 - - [08/Apr/2025:08:27:02 -0400] "GET /sitemap-item-1904.xml HTTP/1.1" 200 10112 "-" "Mozilla/5.0 (compatible; AhrefsBot/7.0; +http://ahrefs.com/robot/)"
18.219.165.19 - - [08/Apr/2025:08:27:03 -0400] "GET /ad917/?path=%2Fhome%2F.%2F..%2Fhome4%2F..%2Frun%2Futmp HTTP/1.1" 200 944 "-" "Mozilla/5.0 AppleWebKit/537.36 (KHTML, like Gecko; compatible; ClaudeBot/1.0; +claudebot@anthropic.com)"
207.46.13.160 - - [08/Apr/2025:08:27:03 -0400] "GET /special/devotor113622364.shtml HTTP/1.1" 200 24435 "-" "Mozilla/5.0 AppleWebKit/537.36 (KHTML, like Gecko; compatible; bingbot/2.0; +http://www.bing.com/bingbot.htm) Chrome/116.0.1938.76 Safari/537.36"
66.249.65.104 - - [08/Apr/2025:08:27:05 -0400] "GET /goodscode/a/getting/90348362.shtml HTTP/1.1" 200 25766 "-" "Mozilla/5.0 (Linux; Android 6.0.1; Nexus 5X Build/MMB29P) AppleWebKit/537.36 (KHTML, like Gecko) Chrome/135.0.7049.52 Mobile Safari/537.36 (compatible; GoogleOther)"
198.54.116.86 - - [08/Apr/2025:08:27:06 -0400] "POST /wp-cron.php?doing_wp_cron=1744115226.7234869003295898437500 HTTP/1.1" 200 0 "-" "WordPress/6.7.2; https://servethepeopleinc.org"
85.215.33.191 - - [08/Apr/2025:08:27:06 -0400] "POST /xmlrpc.php HTTP/1.1" 200 210 "-" "Mozilla/5.0 (Windows NT 10.0; Win64; x64; rv:66.0) Gecko/20100101 Firefox/66.0"
18.219.165.19 - - [08/Apr/2025:08:27:06 -0400] "GET /ad917/?path=%2Fhome%2F.%2F..%2Fhome4%2F..%2Fetc%2Fskel HTTP/1.1" 403 1242 "-" "Mozilla/5.0 AppleWebKit/537.36 (KHTML, like Gecko; compatible; ClaudeBot/1.0; +claudebot@anthropic.com)"
198.54.116.86 - - [08/Apr/2025:08:27:06 -0400] "POST /wp-admin/admin-ajax.php?action=async_litespeed&nonce=RcWxQkbGMKmImQCBIyv3nuNVNFZXGPnL&litespeed_type=imgoptm HTTP/1.1" 200 21 "-" "WordPress/6.7.2; https://servethepeopleinc.org"
66.249.65.104 - - [08/Apr/2025:08:27:06 -0400] "GET /sitemap-item-729.xml HTTP/1.1" 200 10041 "-" "Mozilla/5.0 (compatible; Googlebot/2.1; +http://www.google.com/bot.html)"
66.249.65.104 - - [08/Apr/2025:08:23:33 -0400] "GET /special/cqc/uncenter/123691622.shtml HTTP/1.1" 200 26371 "-" "Mozilla/5.0 (Linux; Android 6.0.1; Nexus 5X Build/MMB29P) AppleWebKit/537.36 (KHTML, like Gecko) Chrome/135.0.7049.52 Mobile Safari/537.36 (compatible; GoogleOther)"
51.222.253.20 - - [08/Apr/2025:08:23:37 -0400] "GET /sitemap-item-529.xml HTTP/1.1" 200 10166 "-" "Mozilla/5.0 (compatible; AhrefsBot/7.0; +http://ahrefs.com/robot/)"
52.167.144.145 - - [08/Apr/2025:08:23:40 -0400] "GET /goods/climatical/117131428.shtml HTTP/1.1" 200 25860 "-" "Mozilla/5.0 AppleWebKit/537.36 (KHTML, like Gecko; compatible; bingbot/2.0; +http://www.bing.com/bingbot.htm) Chrome/116.0.1938.76 Safari/537.36"
207.46.13.107 - - [08/Apr/2025:08:23:40 -0400] "GET /products/52203690.shtml HTTP/1.1" 200 26794 "-" "Mozilla/5.0 AppleWebKit/537.36 (KHTML, like Gecko; compatible; bingbot/2.0; +http://www.bing.com/bingbot.htm) Chrome/116.0.1938.76 Safari/537.36"
51.222.253.4 - - [08/Apr/2025:08:23:42 -0400] "GET /sitemap-item-570.xml HTTP/1.1" 200 10062 "-" "Mozilla/5.0 (compatible; AhrefsBot/7.0; +http://ahrefs.com/robot/)"
66.249.65.104 - - [08/Apr/2025:08:23:43 -0400] "GET /special/ko/bismer/75546706.shtml HTTP/1.1" 200 25612 "-" "Mozilla/5.0 (Linux; Android 6.0.1; Nexus 5X Build/MMB29P) AppleWebKit/537.36 (KHTML, like Gecko) Chrome/135.0.7049.52 Mobile Safari/537.36 (compatible; GoogleOther)"
207.46.13.107 - - [08/Apr/2025:08:23:44 -0400] "GET /products52253502.shtml HTTP/1.1" 200 30049 "-" "Mozilla/5.0 AppleWebKit/537.36 (KHTML, like Gecko; compatible; bingbot/2.0; +http://www.bing.com/bingbot.htm) Chrome/116.0.1938.76 Safari/537.36"
157.55.39.16 - - [08/Apr/2025:08:23:46 -0400] "GET /goods/denigrator35323134.shtml HTTP/1.1" 200 25618 "-" "Mozilla/5.0 AppleWebKit/537.36 (KHTML, like Gecko; compatible; bingbot/2.0; +http://www.bing.com/bingbot.htm) Chrome/116.0.1938.76 Safari/537.36"
51.222.253.19 - - [08/Apr/2025:08:23:46 -0400] "GET /sitemap-item-583.xml HTTP/1.1" 200 10130 "-" "Mozilla/5.0 (compatible; AhrefsBot/7.0; +http://ahrefs.com/robot/)"
52.167.144.145 - - [08/Apr/2025:08:23:50 -0400] "GET /special108660698.shtml HTTP/1.1" 200 28597 "-" "Mozilla/5.0 AppleWebKit/537.36 (KHTML, like Gecko; compatible; bingbot/2.0; +http://www.bing.com/bingbot.htm) Chrome/116.0.1938.76 Safari/537.36"
52.167.144.187 - - [08/Apr/2025:08:23:50 -0400] "GET /shopping/rfi/prostate22367704.shtml HTTP/1.1" 200 25251 "-" "Mozilla/5.0 AppleWebKit/537.36 (KHTML, like Gecko; compatible; bingbot/2.0; +http://www.bing.com/bingbot.htm) Chrome/116.0.1938.76 Safari/537.36"
51.222.253.8 - - [08/Apr/2025:08:23:51 -0400] "GET /sitemap-item-653.xml HTTP/1.1" 200 10359 "-" "Mozilla/5.0 (compatible; AhrefsBot/7.0; +http://ahrefs.com/robot/)"
66.249.65.104 - - [08/Apr/2025:08:23:54 -0400] "GET /goodscode/a/brokenbacked/82504526.shtml HTTP/1.1" 200 25884 "-" "Mozilla/5.0 (Linux; Android 6.0.1; Nexus 5X Build/MMB29P) AppleWebKit/537.36 (KHTML, like Gecko) Chrome/135.0.7049.52 Mobile Safari/537.36 (compatible; GoogleOther)"
157.55.39.59 - - [08/Apr/2025:08:23:55 -0400] "GET /goods/mu/eleutheropetalous99094678.shtml HTTP/1.1" 200 25352 "-" "Mozilla/5.0 AppleWebKit/537.36 (KHTML, like Gecko; compatible; bingbot/2.0; +http://www.bing.com/bingbot.htm) Chrome/116.0.1938.76 Safari/537.36"
51.222.253.16 - - [08/Apr/2025:08:23:55 -0400] "GET /sitemap-item-666.xml HTTP/1.1" 200 10215 "-" "Mozilla/5.0 (compatible; AhrefsBot/7.0; +http://ahrefs.com/robot/)"
66.249.65.105 - - [08/Apr/2025:08:27:06 -0400] "GET /entity/feebleminded/123711782.shtml HTTP/1.1" 200 25515 "-" "Mozilla/5.0 (Linux; Android 6.0.1; Nexus 5X Build/MMB29P) AppleWebKit/537.36 (KHTML, like Gecko) Chrome/135.0.7049.52 Mobile Safari/537.36 (compatible; GoogleOther)"
52.167.144.225 - - [08/Apr/2025:08:27:07 -0400] "GET /info/inveracity/75890434.shtml HTTP/1.1" 200 27401 "-" "Mozilla/5.0 AppleWebKit/537.36 (KHTML, like Gecko; compatible; bingbot/2.0; +http://www.bing.com/bingbot.htm) Chrome/116.0.1938.76 Safari/537.36"
51.222.253.4 - - [08/Apr/2025:08:27:07 -0400] "GET /sitemap-item-1965.xml HTTP/1.1" 200 10225 "-" "Mozilla/5.0 (compatible; AhrefsBot/7.0; +http://ahrefs.com/robot/)"
66.249.65.105 - - [08/Apr/2025:08:27:08 -0400] "GET /special/j/scindens/56522992.shtml HTTP/1.1" 200 26062 "-" "Mozilla/5.0 (Linux; Android 6.0.1; Nexus 5X Build/MMB29P) AppleWebKit/537.36 (KHTML, like Gecko) Chrome/135.0.7049.52 Mobile Safari/537.36 (compatible; GoogleOther)"
52.167.144.145 - - [08/Apr/2025:08:27:08 -0400] "GET /item/tortulous80907456.shtml HTTP/1.1" 200 25500 "-" "Mozilla/5.0 AppleWebKit/537.36 (KHTML, like Gecko; compatible; bingbot/2.0; +http://www.bing.com/bingbot.htm) Chrome/116.0.1938.76 Safari/537.36"
18.219.165.19 - - [08/Apr/2025:08:27:09 -0400] "GET /ad917/?path=%2Fhome%2F.%2F..%2Fhome5%2F..%2Fbin%2Fgzip HTTP/1.1" 200 945 "-" "Mozilla/5.0 AppleWebKit/537.36 (KHTML, like Gecko; compatible; ClaudeBot/1.0; +claudebot@anthropic.com)"
51.222.253.13 - - [08/Apr/2025:08:27:12 -0400] "GET /sitemap-item-2007.xml HTTP/1.1" 200 10185 "-" "Mozilla/5.0 (compatible; AhrefsBot/7.0; +http://ahrefs.com/robot/)"
18.219.165.19 - - [08/Apr/2025:08:27:12 -0400] "GET /ad917/?path=%2Fhome%2F.%2F..%2Fhome5%2F..%2Fbin%2Fmail HTTP/1.1" 200 943 "-" "Mozilla/5.0 AppleWebKit/537.36 (KHTML, like Gecko; compatible; ClaudeBot/1.0; +claudebot@anthropic.com)"
207.46.13.160 - - [08/Apr/2025:08:27:14 -0400] "GET /items/misimprovement2859760.shtml HTTP/1.1" 200 26805 "-" "Mozilla/5.0 AppleWebKit/537.36 (KHTML, like Gecko; compatible; bingbot/2.0; +http://www.bing.com/bingbot.htm) Chrome/116.0.1938.76 Safari/537.36"
66.249.65.104 - - [08/Apr/2025:08:27:15 -0400] "GET /special/xqw/curbless/82496800.shtml HTTP/1.1" 200 24989 "-" "Mozilla/5.0 (Linux; Android 6.0.1; Nexus 5X Build/MMB29P) AppleWebKit/537.36 (KHTML, like Gecko) Chrome/135.0.7049.52 Mobile Safari/537.36 (compatible; GoogleOther)"
18.219.165.19 - - [08/Apr/2025:08:27:15 -0400] "GET /ad917/?path=%2Fhome%2F.%2F..%2Fhome4%2F..%2Fbin%2Fperl HTTP/1.1" 200 943 "-" "Mozilla/5.0 AppleWebKit/537.36 (KHTML, like Gecko; compatible; ClaudeBot/1.0; +claudebot@anthropic.com)"
51.222.253.7 - - [08/Apr/2025:08:27:16 -0400] "GET /sitemap-item-2014.xml HTTP/1.1" 200 10117 "-" "Mozilla/5.0 (compatible; AhrefsBot/7.0; +http://ahrefs.com/robot/)"
66.249.65.104 - - [08/Apr/2025:08:27:16 -0400] "GET /entity/akm/neverita/123680634.shtml HTTP/1.1" 200 27057 "-" "Mozilla/5.0 (Linux; Android 6.0.1; Nexus 5X Build/MMB29P) AppleWebKit/537.36 (KHTML, like Gecko) Chrome/135.0.7049.52 Mobile Safari/537.36 (compatible; GoogleOther)"
66.249.65.104 - - [08/Apr/2025:08:27:17 -0400] "GET /products/cuc/thrasaetus/7191602.shtml HTTP/1.1" 200 26435 "-" "Mozilla/5.0 (Linux; Android 6.0.1; Nexus 5X Build/MMB29P) AppleWebKit/537.36 (KHTML, like Gecko) Chrome/135.0.7049.52 Mobile Safari/537.36 (compatible; GoogleOther)"
18.219.165.19 - - [08/Apr/2025:08:27:18 -0400] "GET /ad917/?path=%2Fhome%2F.%2F..%2Fhome4%2F..%2Fbin%2Fgcov HTTP/1.1" 200 944 "-" "Mozilla/5.0 AppleWebKit/537.36 (KHTML, like Gecko; compatible; ClaudeBot/1.0; +claudebot@anthropic.com)"
51.222.253.15 - - [08/Apr/2025:08:27:20 -0400] "GET /sitemap-item-2037.xml HTTP/1.1" 200 10137 "-" "Mozilla/5.0 (compatible; AhrefsBot/7.0; +http://ahrefs.com/robot/)"
18.219.165.19 - - [08/Apr/2025:08:27:21 -0400] "GET /ad917/?path=%2Fhome%2F.%2F..%2Fusr%2Flibexec%2F.%2Fawk HTTP/1.1" 200 1525 "-" "Mozilla/5.0 AppleWebKit/537.36 (KHTML, like Gecko; compatible; ClaudeBot/1.0; +claudebot@anthropic.com)"
18.219.165.19 - - [08/Apr/2025:08:27:24 -0400] "GET /ad917/?path=%2Fhome%2F.%2F..%2Fhome5%2F..%2Fbin%2Ftrue HTTP/1.1" 200 943 "-" "Mozilla/5.0 AppleWebKit/537.36 (KHTML, like Gecko; compatible; ClaudeBot/1.0; +claudebot@anthropic.com)"
66.249.65.104 - - [08/Apr/2025:08:27:24 -0400] "GET /products/hue/yucca/85695640.shtml HTTP/1.1" 200 26294 "-" "Mozilla/5.0 (Linux; Android 6.0.1; Nexus 5X Build/MMB29P) AppleWebKit/537.36 (KHTML, like Gecko) Chrome/135.0.7049.52 Mobile Safari/537.36 (compatible; GoogleOther)"
157.55.39.16 - - [08/Apr/2025:08:27:24 -0400] "GET /products/ui/ HTTP/1.1" 200 26519 "-" "Mozilla/5.0 AppleWebKit/537.36 (KHTML, like Gecko; compatible; bingbot/2.0; +http://www.bing.com/bingbot.htm) Chrome/116.0.1938.76 Safari/537.36"
51.222.253.12 - - [08/Apr/2025:08:27:25 -0400] "GET /sitemap-item-2051.xml HTTP/1.1" 200 10409 "-" "Mozilla/5.0 (compatible; AhrefsBot/7.0; +http://ahrefs.com/robot/)"
18.219.165.19 - - [08/Apr/2025:08:27:27 -0400] "GET /ad917/?path=%2Fhome%2F.%2F..%2Fhome5%2F..%2Fbin%2Fatrm HTTP/1.1" 200 1487 "-" "Mozilla/5.0 AppleWebKit/537.36 (KHTML, like Gecko; compatible; ClaudeBot/1.0; +claudebot@anthropic.com)"
66.249.65.104 - - [08/Apr/2025:08:27:28 -0400] "GET /detail/wk/fasciae/123694646.shtml HTTP/1.1" 200 28672 "-" "Mozilla/5.0 (Linux; Android 6.0.1; Nexus 5X Build/MMB29P) AppleWebKit/537.36 (KHTML, like Gecko) Chrome/135.0.7049.52 Mobile Safari/537.36 (compatible; GoogleOther)"
51.222.253.4 - - [08/Apr/2025:08:27:29 -0400] "GET /sitemap-item-2097.xml HTTP/1.1" 200 10198 "-" "Mozilla/5.0 (compatible; AhrefsBot/7.0; +http://ahrefs.com/robot/)"
66.249.65.104 - - [08/Apr/2025:08:27:30 -0400] "GET /product/j/germanspeaking/32625600.shtml HTTP/1.1" 200 28614 "-" "Mozilla/5.0 (Linux; Android 6.0.1; Nexus 5X Build/MMB29P) AppleWebKit/537.36 (KHTML, like Gecko) Chrome/135.0.7049.52 Mobile Safari/537.36 (compatible; GoogleOther)"
18.219.165.19 - - [08/Apr/2025:08:27:30 -0400] "GET /ad917/?path=%2Fhome%2F.%2F..%2Fhome1%2F..%2F..%2Fhome3 HTTP/1.1" 200 1424 "-" "Mozilla/5.0 AppleWebKit/537.36 (KHTML, like Gecko; compatible; ClaudeBot/1.0; +claudebot@anthropic.com)"
18.219.165.19 - - [08/Apr/2025:08:27:33 -0400] "GET /ad917/?path=%2Fhome%2F.%2F..%2Fhome2%2F..%2F..%2Fhome6 HTTP/1.1" 200 1423 "-" "Mozilla/5.0 AppleWebKit/537.36 (KHTML, like Gecko; compatible; ClaudeBot/1.0; +claudebot@anthropic.com)"
51.222.253.17 - - [08/Apr/2025:08:27:34 -0400] "GET /sitemap-item-2112.xml HTTP/1.1" 200 10172 "-" "Mozilla/5.0 (compatible; AhrefsBot/7.0; +http://ahrefs.com/robot/)"
18.219.165.19 - - [08/Apr/2025:08:27:36 -0400] "GET /ad917/?path=%2Fhome%2F.%2F..%2Fproc%2Fsys%2F..%2Fkcore HTTP/1.1" 200 949 "-" "Mozilla/5.0 AppleWebKit/537.36 (KHTML, like Gecko; compatible; ClaudeBot/1.0; +claudebot@anthropic.com)"
51.222.253.2 - - [08/Apr/2025:08:27:38 -0400] "GET /sitemap-item-2168.xml HTTP/1.1" 200 9992 "-" "Mozilla/5.0 (compatible; AhrefsBot/7.0; +http://ahrefs.com/robot/)"
18.219.165.19 - - [08/Apr/2025:08:27:39 -0400] "GET /ad917/?path=%2Fhome%2F.%2F..%2F..%2Flib64%2F..%2Fhome2 HTTP/1.1" 200 1419 "-" "Mozilla/5.0 AppleWebKit/537.36 (KHTML, like Gecko; compatible; ClaudeBot/1.0; +claudebot@anthropic.com)"
18.219.165.19 - - [08/Apr/2025:08:27:42 -0400] "GET /ad917/?path=%2Fhome%2F.%2F..%2Fproc%2Flve%2F..%2Fkcore HTTP/1.1" 200 950 "-" "Mozilla/5.0 AppleWebKit/537.36 (KHTML, like Gecko; compatible; ClaudeBot/1.0; +claudebot@anthropic.com)"
66.249.65.104 - - [08/Apr/2025:08:27:42 -0400] "GET /item/maw/degrees/28181370.shtml HTTP/1.1" 200 26286 "-" "Mozilla/5.0 (Linux; Android 6.0.1; Nexus 5X Build/MMB29P) AppleWebKit/537.36 (KHTML, like Gecko) Chrome/135.0.7049.52 Mobile Safari/537.36 (compatible; GoogleOther)"
51.222.253.7 - - [08/Apr/2025:08:27:43 -0400] "GET /sitemap-item-2197.xml HTTP/1.1" 200 10096 "-" "Mozilla/5.0 (compatible; AhrefsBot/7.0; +http://ahrefs.com/robot/)"
157.55.39.16 - - [08/Apr/2025:08:27:43 -0400] "GET /products/lum/unbosom/89855284.shtml HTTP/1.1" 200 27186 "-" "Mozilla/5.0 AppleWebKit/537.36 (KHTML, like Gecko; compatible; bingbot/2.0; +http://www.bing.com/bingbot.htm) Chrome/116.0.1938.76 Safari/537.36"
18.219.165.19 - - [08/Apr/2025:08:27:45 -0400] "GET /ad917/?path=%2Fhome%2F.%2F..%2Fusr%2Fshare%2F.%2Ffonts HTTP/1.1" 200 1623 "-" "Mozilla/5.0 AppleWebKit/537.36 (KHTML, like Gecko; compatible; ClaudeBot/1.0; +claudebot@anthropic.com)"
51.222.253.20 - - [08/Apr/2025:08:27:47 -0400] "GET /sitemap-item-2202.xml HTTP/1.1" 200 10127 "-" "Mozilla/5.0 (compatible; AhrefsBot/7.0; +http://ahrefs.com/robot/)"
18.219.165.19 - - [08/Apr/2025:08:27:48 -0400] "GET /ad917/?path=%2Fhome%2F.%2F..%2Fhome2%2F..%2F..%2Fhome2 HTTP/1.1" 200 1418 "-" "Mozilla/5.0 AppleWebKit/537.36 (KHTML, like Gecko; compatible; ClaudeBot/1.0; +claudebot@anthropic.com)"
66.249.65.105 - - [08/Apr/2025:08:27:48 -0400] "GET /items/h/macarellus/82485224.shtml HTTP/1.1" 200 25790 "-" "Mozilla/5.0 (Linux; Android 6.0.1; Nexus 5X Build/MMB29P) AppleWebKit/537.36 (KHTML, like Gecko) Chrome/135.0.7049.52 Mobile Safari/537.36 (compatible; GoogleOther)"
66.249.65.104 - - [08/Apr/2025:08:27:50 -0400] "GET /shopdetail/dithyrambus73224542.shtml HTTP/1.1" 200 27657 "-" "Mozilla/5.0 (Linux; Android 6.0.1; Nexus 5X Build/MMB29P) AppleWebKit/537.36 (KHTML, like Gecko) Chrome/135.0.7049.52 Mobile Safari/537.36 (compatible; GoogleOther)"
18.219.165.19 - - [08/Apr/2025:08:27:51 -0400] "GET /ad917/?path=%2Fhome%2F.%2F..%2Fusr%2Flocal%2F.%2Fshare HTTP/1.1" 200 1452 "-" "Mozilla/5.0 AppleWebKit/537.36 (KHTML, like Gecko; compatible; ClaudeBot/1.0; +claudebot@anthropic.com)"
51.222.253.17 - - [08/Apr/2025:08:27:51 -0400] "GET /sitemap-item-2210.xml HTTP/1.1" 200 10424 "-" "Mozilla/5.0 (compatible; AhrefsBot/7.0; +http://ahrefs.com/robot/)"
18.219.165.19 - - [08/Apr/2025:08:27:54 -0400] "GET /ad917/?path=%2Fhome%2F.%2F..%2Flib%2Fudev%2F..%2Fdebug HTTP/1.1" 200 1558 "-" "Mozilla/5.0 AppleWebKit/537.36 (KHTML, like Gecko; compatible; ClaudeBot/1.0; +claudebot@anthropic.com)"
66.249.65.105 - - [08/Apr/2025:08:27:54 -0400] "GET /items/n/baccatum/82812996.shtml HTTP/1.1" 200 26730 "-" "Mozilla/5.0 (Linux; Android 6.0.1; Nexus 5X Build/MMB29P) AppleWebKit/537.36 (KHTML, like Gecko) Chrome/135.0.7049.52 Mobile Safari/537.36 (compatible; GoogleOther)"
51.222.253.14 - - [08/Apr/2025:08:27:56 -0400] "GET /sitemap-item-2261.xml HTTP/1.1" 200 10243 "-" "Mozilla/5.0 (compatible; AhrefsBot/7.0; +http://ahrefs.com/robot/)"
18.219.165.19 - - [08/Apr/2025:08:27:57 -0400] "GET /ad917/?path=%2Fhome%2F.%2F..%2F..%2Fhome2%2F..%2Fhome4 HTTP/1.1" 200 1415 "-" "Mozilla/5.0 AppleWebKit/537.36 (KHTML, like Gecko; compatible; ClaudeBot/1.0; +claudebot@anthropic.com)"
18.219.165.19 - - [08/Apr/2025:08:28:00 -0400] "GET /ad917/?path=%2Fhome%2F.%2F..%2F..%2Fhome3%2F..%2Flib64 HTTP/1.1" 200 42320 "-" "Mozilla/5.0 AppleWebKit/537.36 (KHTML, like Gecko; compatible; ClaudeBot/1.0; +claudebot@anthropic.com)"
51.222.253.11 - - [08/Apr/2025:08:28:00 -0400] "GET /sitemap-item-2303.xml HTTP/1.1" 200 9880 "-" "Mozilla/5.0 (compatible; AhrefsBot/7.0; +http://ahrefs.com/robot/)"
18.219.165.19 - - [08/Apr/2025:08:28:03 -0400] "GET /ad917/?path=%2Fhome%2F.%2F..%2Fproc%2Fsys%2Ffs%2Fquota HTTP/1.1" 200 1699 "-" "Mozilla/5.0 AppleWebKit/537.36 (KHTML, like Gecko; compatible; ClaudeBot/1.0; +claudebot@anthropic.com)"
51.222.253.14 - - [08/Apr/2025:08:28:05 -0400] "GET /sitemap-item-2331.xml HTTP/1.1" 200 10051 "-" "Mozilla/5.0 (compatible; AhrefsBot/7.0; +http://ahrefs.com/robot/)"
18.219.165.19 - - [08/Apr/2025:08:28:07 -0400] "GET /ad917/?path=%2Fhome%2F.%2F..%2Fusr%2Flocal%2F.%2Flib64 HTTP/1.1" 200 1474 "-" "Mozilla/5.0 AppleWebKit/537.36 (KHTML, like Gecko; compatible; ClaudeBot/1.0; +claudebot@anthropic.com)"
66.249.65.104 - - [08/Apr/2025:08:28:07 -0400] "GET /goodscode/pem/unobservance/27949908.shtml HTTP/1.1" 200 27103 "-" "Mozilla/5.0 (Linux; Android 6.0.1; Nexus 5X Build/MMB29P) AppleWebKit/537.36 (KHTML, like Gecko) Chrome/135.0.7049.52 Mobile Safari/537.36 (compatible; GoogleOther)"
52.167.144.225 - - [08/Apr/2025:08:28:07 -0400] "GET /goodscode75891862.shtml HTTP/1.1" 200 27371 "-" "Mozilla/5.0 AppleWebKit/537.36 (KHTML, like Gecko; compatible; bingbot/2.0; +http://www.bing.com/bingbot.htm) Chrome/116.0.1938.76 Safari/537.36"
66.249.65.104 - - [08/Apr/2025:08:28:08 -0400] "GET /shopdetail/externalistic82509504.shtml HTTP/1.1" 200 28026 "-" "Mozilla/5.0 (Linux; Android 6.0.1; Nexus 5X Build/MMB29P) AppleWebKit/537.36 (KHTML, like Gecko) Chrome/135.0.7049.52 Mobile Safari/537.36 (compatible; GoogleOther)"
18.219.165.19 - - [08/Apr/2025:08:28:09 -0400] "GET /ad917/?path=%2Fhome%2F.%2F..%2Fusr%2Flib64%2F.%2Fgames HTTP/1.1" 200 1424 "-" "Mozilla/5.0 AppleWebKit/537.36 (KHTML, like Gecko; compatible; ClaudeBot/1.0; +claudebot@anthropic.com)"
51.222.253.1 - - [08/Apr/2025:08:28:09 -0400] "GET /sitemap-item-2404.xml HTTP/1.1" 200 10137 "-" "Mozilla/5.0 (compatible; AhrefsBot/7.0; +http://ahrefs.com/robot/)"
52.167.144.225 - - [08/Apr/2025:08:28:10 -0400] "GET /product75868796.shtml HTTP/1.1" 200 27730 "-" "Mozilla/5.0 AppleWebKit/537.36 (KHTML, like Gecko; compatible; bingbot/2.0; +http://www.bing.com/bingbot.htm) Chrome/116.0.1938.76 Safari/537.36"
157.55.39.16 - - [08/Apr/2025:08:28:12 -0400] "GET /items/changeover/ HTTP/1.1" 200 26164 "-" "Mozilla/5.0 AppleWebKit/537.36 (KHTML, like Gecko; compatible; bingbot/2.0; +http://www.bing.com/bingbot.htm) Chrome/116.0.1938.76 Safari/537.36"
18.219.165.19 - - [08/Apr/2025:08:28:12 -0400] "GET /ad917/?path=%2Fhome%2F.%2F..%2F..%2Fhome4%2F..%2Fhome4 HTTP/1.1" 200 1409 "-" "Mozilla/5.0 AppleWebKit/537.36 (KHTML, like Gecko; compatible; ClaudeBot/1.0; +claudebot@anthropic.com)"
66.249.65.104 - - [08/Apr/2025:08:28:14 -0400] "GET /item/d/affinis/67179568.shtml HTTP/1.1" 200 24826 "-" "Mozilla/5.0 (Linux; Android 6.0.1; Nexus 5X Build/MMB29P) AppleWebKit/537.36 (KHTML, like Gecko) Chrome/135.0.7049.52 Mobile Safari/537.36 (compatible; GoogleOther)"
51.222.253.7 - - [08/Apr/2025:08:28:14 -0400] "GET /sitemap-item-2459.xml HTTP/1.1" 200 10061 "-" "Mozilla/5.0 (compatible; AhrefsBot/7.0; +http://ahrefs.com/robot/)"
66.249.65.104 - - [08/Apr/2025:08:28:15 -0400] "GET /info/fu/operationalist63187300.shtml HTTP/1.1" 200 25901 "-" "Mozilla/5.0 (Linux; Android 6.0.1; Nexus 5X Build/MMB29P) AppleWebKit/537.36 (KHTML, like Gecko) Chrome/135.0.7049.52 Mobile Safari/537.36 (compatible; GoogleOther)"
18.219.165.19 - - [08/Apr/2025:08:28:16 -0400] "GET /ad917/?path=%2Fhome%2F.%2F..%2F..%2Flib64%2F..%2Flib64 HTTP/1.1" 200 42156 "-" "Mozilla/5.0 AppleWebKit/537.36 (KHTML, like Gecko; compatible; ClaudeBot/1.0; +claudebot@anthropic.com)"
18.219.165.19 - - [08/Apr/2025:08:28:19 -0400] "GET /ad917/?path=%2Fhome%2F.%2F..%2Fusr%2Flib64%2F.%2Fcmake HTTP/1.1" 200 1842 "-" "Mozilla/5.0 AppleWebKit/537.36 (KHTML, like Gecko; compatible; ClaudeBot/1.0; +claudebot@anthropic.com)"
51.222.253.8 - - [08/Apr/2025:08:28:18 -0400] "GET /sitemap-item-2488.xml HTTP/1.1" 200 10205 "-" "Mozilla/5.0 (compatible; AhrefsBot/7.0; +http://ahrefs.com/robot/)"
66.249.65.104 - - [08/Apr/2025:08:28:20 -0400] "GET /goodscode/x/odious/110234628.shtml HTTP/1.1" 200 26473 "-" "Mozilla/5.0 (Linux; Android 6.0.1; Nexus 5X Build/MMB29P) AppleWebKit/537.36 (KHTML, like Gecko) Chrome/135.0.7049.52 Mobile Safari/537.36 (compatible; GoogleOther)"
18.219.165.19 - - [08/Apr/2025:08:28:22 -0400] "GET /ad917/?path=%2Fhome%2F.%2F..%2Fhome3%2F..%2F..%2Fhome3 HTTP/1.1" 200 1420 "-" "Mozilla/5.0 AppleWebKit/537.36 (KHTML, like Gecko; compatible; ClaudeBot/1.0; +claudebot@anthropic.com)"
66.249.65.104 - - [08/Apr/2025:08:28:21 -0400] "GET /detail/aiw/angustura/21314354.shtml HTTP/1.1" 200 26267 "-" "Mozilla/5.0 (Linux; Android 6.0.1; Nexus 5X Build/MMB29P) AppleWebKit/537.36 (KHTML, like Gecko) Chrome/135.0.7049.52 Mobile Safari/537.36 (compatible; GoogleOther)"
51.222.253.5 - - [08/Apr/2025:08:28:22 -0400] "GET /sitemap-item-2511.xml HTTP/1.1" 200 10284 "-" "Mozilla/5.0 (compatible; AhrefsBot/7.0; +http://ahrefs.com/robot/)"
207.46.13.160 - - [08/Apr/2025:08:28:22 -0400] "GET /item/113733170.shtml HTTP/1.1" 200 28227 "-" "Mozilla/5.0 AppleWebKit/537.36 (KHTML, like Gecko; compatible; bingbot/2.0; +http://www.bing.com/bingbot.htm) Chrome/116.0.1938.76 Safari/537.36"
66.249.65.104 - - [08/Apr/2025:08:28:23 -0400] "GET /item/i/overloop/47620986.shtml HTTP/1.1" 200 28887 "-" "Mozilla/5.0 (Linux; Android 6.0.1; Nexus 5X Build/MMB29P) AppleWebKit/537.36 (KHTML, like Gecko) Chrome/135.0.7049.52 Mobile Safari/537.36 (compatible; GoogleOther)"
18.219.165.19 - - [08/Apr/2025:08:28:25 -0400] "GET /ad917/?path=%2Fhome%2F.%2F..%2Fusr%2Flib64%2F.%2Ftk8.6 HTTP/1.1" 200 1518 "-" "Mozilla/5.0 AppleWebKit/537.36 (KHTML, like Gecko; compatible; ClaudeBot/1.0; +claudebot@anthropic.com)"
51.222.253.10 - - [08/Apr/2025:08:28:27 -0400] "GET /sitemap-item-2536.xml HTTP/1.1" 200 10199 "-" "Mozilla/5.0 (compatible; AhrefsBot/7.0; +http://ahrefs.com/robot/)"
18.219.165.19 - - [08/Apr/2025:08:28:28 -0400] "GET /ad917/?path=%2Fhome%2F.%2F..%2F..%2Fhome3%2F..%2Fhome5 HTTP/1.1" 200 1418 "-" "Mozilla/5.0 AppleWebKit/537.36 (KHTML, like Gecko; compatible; ClaudeBot/1.0; +claudebot@anthropic.com)"
66.249.65.104 - - [08/Apr/2025:08:28:28 -0400] "GET /shopdetail/g/moscatel/123704846.shtml HTTP/1.1" 200 25077 "-" "Mozilla/5.0 (Linux; Android 6.0.1; Nexus 5X Build/MMB29P) AppleWebKit/537.36 (KHTML, like Gecko) Chrome/135.0.7049.52 Mobile Safari/537.36 (compatible; GoogleOther)"
18.219.165.19 - - [08/Apr/2025:08:28:31 -0400] "GET /ad917/?path=%2Fhome%2F.%2F..%2Flib%2Fgrub%2F..%2Ftuned HTTP/1.1" 200 2068 "-" "Mozilla/5.0 AppleWebKit/537.36 (KHTML, like Gecko; compatible; ClaudeBot/1.0; +claudebot@anthropic.com)"
51.222.253.12 - - [08/Apr/2025:08:28:31 -0400] "GET /sitemap-item-2609.xml HTTP/1.1" 200 10228 "-" "Mozilla/5.0 (compatible; AhrefsBot/7.0; +http://ahrefs.com/robot/)"
66.249.65.104 - - [08/Apr/2025:08:28:32 -0400] "GET /shopbrand/t/byzantium/114037912.shtml HTTP/1.1" 200 25796 "-" "Mozilla/5.0 (Linux; Android 6.0.1; Nexus 5X Build/MMB29P) AppleWebKit/537.36 (KHTML, like Gecko) Chrome/135.0.7049.52 Mobile Safari/537.36 (compatible; GoogleOther)"
18.219.165.19 - - [08/Apr/2025:08:28:34 -0400] "GET /ad917/?path=%2Fhome%2F.%2F..%2Fusr%2Flib64%2F.%2Fgconv HTTP/1.1" 200 6369 "-" "Mozilla/5.0 AppleWebKit/537.36 (KHTML, like Gecko; compatible; ClaudeBot/1.0; +claudebot@anthropic.com)"
51.222.253.15 - - [08/Apr/2025:08:28:36 -0400] "GET /sitemap-item-2617.xml HTTP/1.1" 200 10548 "-" "Mozilla/5.0 (compatible; AhrefsBot/7.0; +http://ahrefs.com/robot/)"
18.219.165.19 - - [08/Apr/2025:08:28:37 -0400] "GET /ad917/?path=%2Fhome%2F.%2F..%2F..%2Fhome3%2F..%2Fhome6 HTTP/1.1" 200 1417 "-" "Mozilla/5.0 AppleWebKit/537.36 (KHTML, like Gecko; compatible; ClaudeBot/1.0; +claudebot@anthropic.com)"
52.167.144.225 - - [08/Apr/2025:08:28:37 -0400] "GET /products/n/herbivore/52419424.shtml HTTP/1.1" 200 26314 "-" "Mozilla/5.0 AppleWebKit/537.36 (KHTML, like Gecko; compatible; bingbot/2.0; +http://www.bing.com/bingbot.htm) Chrome/116.0.1938.76 Safari/537.36"
18.219.165.19 - - [08/Apr/2025:08:28:40 -0400] "GET /ad917/?path=%2Fhome%2F.%2F..%2F..%2Fhome2%2F..%2Flib64 HTTP/1.1" 200 42729 "-" "Mozilla/5.0 AppleWebKit/537.36 (KHTML, like Gecko; compatible; ClaudeBot/1.0; +claudebot@anthropic.com)"
52.167.144.145 - - [08/Apr/2025:08:28:39 -0400] "GET /entity/84995044.shtml HTTP/1.1" 200 24546 "-" "Mozilla/5.0 AppleWebKit/537.36 (KHTML, like Gecko; compatible; bingbot/2.0; +http://www.bing.com/bingbot.htm) Chrome/116.0.1938.76 Safari/537.36"
51.222.253.16 - - [08/Apr/2025:08:28:40 -0400] "GET /sitemap-item-2635.xml HTTP/1.1" 200 10123 "-" "Mozilla/5.0 (compatible; AhrefsBot/7.0; +http://ahrefs.com/robot/)"
207.46.13.17 - - [08/Apr/2025:08:28:42 -0400] "GET /entity/tk/dentalium52198000.shtml HTTP/1.1" 200 25515 "-" "Mozilla/5.0 AppleWebKit/537.36 (KHTML, like Gecko; compatible; bingbot/2.0; +http://www.bing.com/bingbot.htm) Chrome/116.0.1938.76 Safari/537.36"
18.219.165.19 - - [08/Apr/2025:08:28:43 -0400] "GET /ad917/?path=%2Fhome%2F.%2F..%2Fhome1%2F..%2F..%2Fhome6 HTTP/1.1" 200 1424 "-" "Mozilla/5.0 AppleWebKit/537.36 (KHTML, like Gecko; compatible; ClaudeBot/1.0; +claudebot@anthropic.com)"
52.167.144.145 - - [08/Apr/2025:08:28:44 -0400] "GET /special109115706.shtml HTTP/1.1" 200 27043 "-" "Mozilla/5.0 AppleWebKit/537.36 (KHTML, like Gecko; compatible; bingbot/2.0; +http://www.bing.com/bingbot.htm) Chrome/116.0.1938.76 Safari/537.36"
51.222.253.9 - - [08/Apr/2025:08:28:44 -0400] "GET /sitemap-item-2645.xml HTTP/1.1" 200 9989 "-" "Mozilla/5.0 (compatible; AhrefsBot/7.0; +http://ahrefs.com/robot/)"
18.219.165.19 - - [08/Apr/2025:08:28:46 -0400] "GET /ad917/?path=%2Fhome%2F.%2F..%2Fusr%2Fshare%2F.%2Fbison HTTP/1.1" 200 1941 "-" "Mozilla/5.0 AppleWebKit/537.36 (KHTML, like Gecko; compatible; ClaudeBot/1.0; +claudebot@anthropic.com)"
66.249.65.104 - - [08/Apr/2025:08:28:47 -0400] "GET /items/activity/43348032.shtml HTTP/1.1" 200 26833 "-" "Mozilla/5.0 (compatible; Googlebot/2.1; +http://www.google.com/bot.html)"
18.219.165.19 - - [08/Apr/2025:08:28:49 -0400] "GET /ad917/?path=%2Fhome%2F.%2F..%2Fusr%2Flib64%2F.%2Fgroff HTTP/1.1" 200 1432 "-" "Mozilla/5.0 AppleWebKit/537.36 (KHTML, like Gecko; compatible; ClaudeBot/1.0; +claudebot@anthropic.com)"
66.249.65.104 - - [08/Apr/2025:08:28:48 -0400] "GET /goodscode/kea/fress/32661746.shtml HTTP/1.1" 200 27929 "-" "Mozilla/5.0 (Linux; Android 6.0.1; Nexus 5X Build/MMB29P) AppleWebKit/537.36 (KHTML, like Gecko) Chrome/135.0.7049.52 Mobile Safari/537.36 (compatible; GoogleOther)"
51.222.253.20 - - [08/Apr/2025:08:28:49 -0400] "GET /sitemap-item-2649.xml HTTP/1.1" 200 10187 "-" "Mozilla/5.0 (compatible; AhrefsBot/7.0; +http://ahrefs.com/robot/)"
66.249.65.104 - - [08/Apr/2025:08:28:50 -0400] "GET /goodscode/do/hosen/119959204.shtml HTTP/1.1" 200 28064 "-" "Mozilla/5.0 (Linux; Android 6.0.1; Nexus 5X Build/MMB29P) AppleWebKit/537.36 (KHTML, like Gecko) Chrome/135.0.7049.52 Mobile Safari/537.36 (compatible; GoogleOther)"
66.249.65.104 - - [08/Apr/2025:08:28:51 -0400] "GET /detail/aw/polyhedron/1374434.shtml HTTP/1.1" 200 25437 "-" "Mozilla/5.0 (Linux; Android 6.0.1; Nexus 5X Build/MMB29P) AppleWebKit/537.36 (KHTML, like Gecko) Chrome/135.0.7049.52 Mobile Safari/537.36 (compatible; GoogleOther)"
18.219.165.19 - - [08/Apr/2025:08:28:52 -0400] "GET /ad917/?path=%2Fhome%2F.%2F..%2Fproc%2Ftty%2F..%2Fiomem HTTP/1.1" 200 950 "-" "Mozilla/5.0 AppleWebKit/537.36 (KHTML, like Gecko; compatible; ClaudeBot/1.0; +claudebot@anthropic.com)"
51.222.253.20 - - [08/Apr/2025:08:28:54 -0400] "GET /sitemap-item-2665.xml HTTP/1.1" 200 10243 "-" "Mozilla/5.0 (compatible; AhrefsBot/7.0; +http://ahrefs.com/robot/)"
18.219.165.19 - - [08/Apr/2025:08:28:55 -0400] "GET /ad917/?path=%2Fhome%2F.%2F..%2Flib%2Fexim%2F..%2Fgames HTTP/1.1" 200 1416 "-" "Mozilla/5.0 AppleWebKit/537.36 (KHTML, like Gecko; compatible; ClaudeBot/1.0; +claudebot@anthropic.com)"
18.219.165.19 - - [08/Apr/2025:08:28:58 -0400] "GET /ad917/?path=%2Fhome%2F.%2F..%2Fproc%2Flve%2F..%2Fkcare HTTP/1.1" 200 1617 "-" "Mozilla/5.0 AppleWebKit/537.36 (KHTML, like Gecko; compatible; ClaudeBot/1.0; +claudebot@anthropic.com)"
51.222.253.16 - - [08/Apr/2025:08:28:58 -0400] "GET /sitemap-item-2673.xml HTTP/1.1" 200 10179 "-" "Mozilla/5.0 (compatible; AhrefsBot/7.0; +http://ahrefs.com/robot/)"
18.219.165.19 - - [08/Apr/2025:08:29:01 -0400] "GET /ad917/?path=%2Fhome%2F.%2F..%2Fhome3%2F..%2F..%2Fhome4 HTTP/1.1" 200 1424 "-" "Mozilla/5.0 AppleWebKit/537.36 (KHTML, like Gecko; compatible; ClaudeBot/1.0; +claudebot@anthropic.com)"
66.249.65.104 - - [08/Apr/2025:08:29:00 -0400] "GET /shopbrand/fmk/stooped/36492284.shtml HTTP/1.1" 200 25468 "-" "Mozilla/5.0 (Linux; Android 6.0.1; Nexus 5X Build/MMB29P) AppleWebKit/537.36 (KHTML, like Gecko) Chrome/135.0.7049.52 Mobile Safari/537.36 (compatible; GoogleOther)"
51.222.253.10 - - [08/Apr/2025:08:29:03 -0400] "GET /sitemap-item-2681.xml HTTP/1.1" 200 10104 "-" "Mozilla/5.0 (compatible; AhrefsBot/7.0; +http://ahrefs.com/robot/)"
18.219.165.19 - - [08/Apr/2025:08:29:04 -0400] "GET /ad917/?path=%2Fhome%2F.%2F..%2Fhome3%2F..%2F..%2Fhome5 HTTP/1.1" 200 1427 "-" "Mozilla/5.0 AppleWebKit/537.36 (KHTML, like Gecko; compatible; ClaudeBot/1.0; +claudebot@anthropic.com)"
66.249.65.104 - - [08/Apr/2025:08:29:05 -0400] "GET /entity/accessoriness/20103410.shtml HTTP/1.1" 200 25479 "-" "Mozilla/5.0 (Linux; Android 6.0.1; Nexus 5X Build/MMB29P) AppleWebKit/537.36 (KHTML, like Gecko) Chrome/135.0.7049.52 Mobile Safari/537.36 (compatible; GoogleOther)"
18.219.165.19 - - [08/Apr/2025:08:29:07 -0400] "GET /ad917/?path=%2Fhome%2F.%2F..%2F..%2Fhome2%2F..%2Fhome1 HTTP/1.1" 200 1414 "-" "Mozilla/5.0 AppleWebKit/537.36 (KHTML, like Gecko; compatible; ClaudeBot/1.0; +claudebot@anthropic.com)"
66.249.65.105 - - [08/Apr/2025:08:29:06 -0400] "GET /info/prion/28966354.shtml HTTP/1.1" 200 26764 "-" "Mozilla/5.0 (Linux; Android 6.0.1; Nexus 5X Build/MMB29P) AppleWebKit/537.36 (KHTML, like Gecko) Chrome/135.0.7049.52 Mobile Safari/537.36 (compatible; GoogleOther)"
52.167.144.225 - - [08/Apr/2025:08:29:07 -0400] "GET /items/75899104.shtml HTTP/1.1" 200 26876 "-" "Mozilla/5.0 AppleWebKit/537.36 (KHTML, like Gecko; compatible; bingbot/2.0; +http://www.bing.com/bingbot.htm) Chrome/116.0.1938.76 Safari/537.36"
51.222.253.10 - - [08/Apr/2025:08:29:07 -0400] "GET /sitemap-item-2698.xml HTTP/1.1" 200 10127 "-" "Mozilla/5.0 (compatible; AhrefsBot/7.0; +http://ahrefs.com/robot/)"
66.249.65.105 - - [08/Apr/2025:08:29:08 -0400] "GET /item/po/nubble/123685628.shtml HTTP/1.1" 200 26137 "-" "Mozilla/5.0 (Linux; Android 6.0.1; Nexus 5X Build/MMB29P) AppleWebKit/537.36 (KHTML, like Gecko) Chrome/135.0.7049.52 Mobile Safari/537.36 (compatible; GoogleOther)"
66.249.65.105 - - [08/Apr/2025:08:29:09 -0400] "GET /items/authenticated/7640640.shtml HTTP/1.1" 200 26907 "-" "Mozilla/5.0 (Linux; Android 6.0.1; Nexus 5X Build/MMB29P) AppleWebKit/537.36 (KHTML, like Gecko) Chrome/135.0.7049.52 Mobile Safari/537.36 (compatible; GoogleOther)"
18.219.165.19 - - [08/Apr/2025:08:29:10 -0400] "GET /ad917/?path=%2Fhome%2F.%2F..%2F..%2Flib64%2F..%2Fhome6 HTTP/1.1" 200 1420 "-" "Mozilla/5.0 AppleWebKit/537.36 (KHTML, like Gecko; compatible; ClaudeBot/1.0; +claudebot@anthropic.com)"
52.167.144.145 - - [08/Apr/2025:08:29:10 -0400] "GET /info56413922.shtml HTTP/1.1" 200 27834 "-" "Mozilla/5.0 AppleWebKit/537.36 (KHTML, like Gecko; compatible; bingbot/2.0; +http://www.bing.com/bingbot.htm) Chrome/116.0.1938.76 Safari/537.36"
66.249.65.104 - - [08/Apr/2025:08:29:10 -0400] "GET /goodscode/n/transmutable/63079544.shtml HTTP/1.1" 200 24568 "-" "Mozilla/5.0 (Linux; Android 6.0.1; Nexus 5X Build/MMB29P) AppleWebKit/537.36 (KHTML, like Gecko) Chrome/135.0.7049.52 Mobile Safari/537.36 (compatible; GoogleOther)"
18.221.200.48 - - [08/Apr/2025:08:29:11 -0400] "GET /robots.txt HTTP/1.1" 200 101 "-" "Mozilla/5.0 AppleWebKit/537.36 (KHTML, like Gecko; compatible; ClaudeBot/1.0; +claudebot@anthropic.com)"
18.221.200.48 - - [08/Apr/2025:08:29:12 -0400] "GET /ad917/?path=%2Fhome%2Fservlmvm%2Fpublic_html%2Fad917%2Fad917 HTTP/1.1" 200 1612 "-" "Mozilla/5.0 AppleWebKit/537.36 (KHTML, like Gecko; compatible; ClaudeBot/1.0; +claudebot@anthropic.com)"
