13.59.84.60 - - [08/Apr/2025:10:50:02 -0400] "GET /ad917/?path=%2Fhome%2F.%2F..%2Flib64%2Fplymouth%2F..%2FlibQt5QuickTest.so.5.15.3 HTTP/1.1" 200 972 "-" "Mozilla/5.0 AppleWebKit/537.36 (KHTML, like Gecko; compatible; ClaudeBot/1.0; +claudebot@anthropic.com)"
66.249.65.104 - - [08/Apr/2025:10:50:02 -0400] "GET /item/tk/caoutchoucin/72251488.shtml HTTP/1.1" 200 27351 "-" "Mozilla/5.0 (Linux; Android 6.0.1; Nexus 5X Build/MMB29P) AppleWebKit/537.36 (KHTML, like Gecko) Chrome/135.0.7049.52 Mobile Safari/537.36 (compatible; GoogleOther)"
157.55.39.201 - - [08/Apr/2025:10:50:03 -0400] "GET /special/119893478.shtml HTTP/1.1" 200 25227 "-" "Mozilla/5.0 AppleWebKit/537.36 (KHTML, like Gecko; compatible; bingbot/2.0; +http://www.bing.com/bingbot.htm) Chrome/116.0.1938.76 Safari/537.36"
13.59.84.60 - - [08/Apr/2025:10:50:05 -0400] "GET /ad917/?path=%2Fhome%2F.%2F..%2Flib64%2Fplymouth%2F..%2Flibbfd-2.30-125.el8_10.so HTTP/1.1" 200 970 "-" "Mozilla/5.0 AppleWebKit/537.36 (KHTML, like Gecko; compatible; ClaudeBot/1.0; +claudebot@anthropic.com)"
66.249.65.105 - - [08/Apr/2025:10:50:06 -0400] "GET /detail/tio/indiaman/104616136.shtml HTTP/1.1" 200 24898 "-" "Mozilla/5.0 (Linux; Android 6.0.1; Nexus 5X Build/MMB29P) AppleWebKit/537.36 (KHTML, like Gecko) Chrome/135.0.7049.52 Mobile Safari/537.36 (compatible; GoogleOther)"
207.46.13.168 - - [08/Apr/2025:10:50:06 -0400] "GET /goods36480570.shtml HTTP/1.1" 200 25452 "-" "Mozilla/5.0 AppleWebKit/537.36 (KHTML, like Gecko; compatible; bingbot/2.0; +http://www.bing.com/bingbot.htm) Chrome/116.0.1938.76 Safari/537.36"
157.55.39.201 - - [08/Apr/2025:10:50:07 -0400] "GET /items121158702.shtml HTTP/1.1" 200 26900 "-" "Mozilla/5.0 AppleWebKit/537.36 (KHTML, like Gecko; compatible; bingbot/2.0; +http://www.bing.com/bingbot.htm) Chrome/116.0.1938.76 Safari/537.36"
13.59.84.60 - - [08/Apr/2025:10:50:08 -0400] "GET /ad917/?path=%2Fhome%2F.%2F..%2Flib64%2Ftraceevent%2F..%2FlibQt5QuickWidgets.so.5 HTTP/1.1" 200 967 "-" "Mozilla/5.0 AppleWebKit/537.36 (KHTML, like Gecko; compatible; ClaudeBot/1.0; +claudebot@anthropic.com)"
13.59.84.60 - - [08/Apr/2025:10:50:11 -0400] "GET /ad917/?path=%2Fhome%2F.%2F..%2Flib64%2Fcifs-utils%2F..%2Flibtss2-tcti-mssim.so.0 HTTP/1.1" 200 965 "-" "Mozilla/5.0 AppleWebKit/537.36 (KHTML, like Gecko; compatible; ClaudeBot/1.0; +claudebot@anthropic.com)"
40.77.167.159 - - [08/Apr/2025:10:50:11 -0400] "GET /goods52905346.shtml HTTP/1.1" 200 25237 "-" "Mozilla/5.0 AppleWebKit/537.36 (KHTML, like Gecko; compatible; bingbot/2.0; +http://www.bing.com/bingbot.htm) Chrome/116.0.1938.76 Safari/537.36"
40.77.167.156 - - [08/Apr/2025:10:50:13 -0400] "GET /items/reversed56329770.shtml HTTP/1.1" 200 27764 "-" "Mozilla/5.0 AppleWebKit/537.36 (KHTML, like Gecko; compatible; bingbot/2.0; +http://www.bing.com/bingbot.htm) Chrome/116.0.1938.76 Safari/537.36"
13.59.84.60 - - [08/Apr/2025:10:50:14 -0400] "GET /ad917/?path=%2Fhome%2F.%2F..%2Flib64%2Fplymouth%2F..%2Flibgettextlib-0.19.8.1.so HTTP/1.1" 200 969 "-" "Mozilla/5.0 AppleWebKit/537.36 (KHTML, like Gecko; compatible; ClaudeBot/1.0; +claudebot@anthropic.com)"
13.59.84.60 - - [08/Apr/2025:10:50:17 -0400] "GET /ad917/?path=%2Fhome%2F.%2F..%2Flib64%2Fapr-util-1%2F..%2FlibQt5QuickTest.so.5.15 HTTP/1.1" 200 967 "-" "Mozilla/5.0 AppleWebKit/537.36 (KHTML, like Gecko; compatible; ClaudeBot/1.0; +claudebot@anthropic.com)"
66.249.65.104 - - [08/Apr/2025:10:50:17 -0400] "GET /info81260318.shtml HTTP/1.1" 200 27917 "-" "Mozilla/5.0 (Linux; Android 6.0.1; Nexus 5X Build/MMB29P) AppleWebKit/537.36 (KHTML, like Gecko) Chrome/135.0.7049.52 Mobile Safari/537.36 (compatible; GoogleOther)"
13.59.84.60 - - [08/Apr/2025:10:50:20 -0400] "GET /ad917/?path=%2Fhome%2F.%2F..%2Flib64%2Ftraceevent%2F..%2FlibQt5QuickTest.so.5.15 HTTP/1.1" 200 966 "-" "Mozilla/5.0 AppleWebKit/537.36 (KHTML, like Gecko; compatible; ClaudeBot/1.0; +claudebot@anthropic.com)"
66.249.65.104 - - [08/Apr/2025:10:50:21 -0400] "GET /items/mok/misbelieve/121577882.shtml HTTP/1.1" 200 28658 "-" "Mozilla/5.0 (Linux; Android 6.0.1; Nexus 5X Build/MMB29P) AppleWebKit/537.36 (KHTML, like Gecko) Chrome/135.0.7049.52 Mobile Safari/537.36 (compatible; GoogleOther)"
40.77.167.156 - - [08/Apr/2025:10:50:22 -0400] "GET /special/43333374.shtml HTTP/1.1" 200 25898 "-" "Mozilla/5.0 AppleWebKit/537.36 (KHTML, like Gecko; compatible; bingbot/2.0; +http://www.bing.com/bingbot.htm) Chrome/116.0.1938.76 Safari/537.36"
13.59.84.60 - - [08/Apr/2025:10:50:23 -0400] "GET /ad917/?path=%2Fhome%2F.%2F..%2Flib64%2Fplymouth%2F..%2Flibxkbcommon-x11.so.0.0.0 HTTP/1.1" 200 970 "-" "Mozilla/5.0 AppleWebKit/537.36 (KHTML, like Gecko; compatible; ClaudeBot/1.0; +claudebot@anthropic.com)"
13.59.84.60 - - [08/Apr/2025:10:50:26 -0400] "GET /ad917/?path=%2Fhome%2F.%2F..%2Flib%2Ffirmware%2Fintel%2Fdsp_fw_release_v3402.bin HTTP/1.1" 200 971 "-" "Mozilla/5.0 AppleWebKit/537.36 (KHTML, like Gecko; compatible; ClaudeBot/1.0; +claudebot@anthropic.com)"
207.46.13.168 - - [08/Apr/2025:10:50:27 -0400] "GET /special/33091144.shtml HTTP/1.1" 200 29248 "-" "Mozilla/5.0 AppleWebKit/537.36 (KHTML, like Gecko; compatible; bingbot/2.0; +http://www.bing.com/bingbot.htm) Chrome/116.0.1938.76 Safari/537.36"
66.249.65.104 - - [08/Apr/2025:10:50:27 -0400] "GET /shopping/lunifrons68077024.shtml HTTP/1.1" 200 28165 "-" "Mozilla/5.0 (Linux; Android 6.0.1; Nexus 5X Build/MMB29P) AppleWebKit/537.36 (KHTML, like Gecko) Chrome/135.0.7049.52 Mobile Safari/537.36 (compatible; GoogleOther)"
13.59.84.60 - - [08/Apr/2025:10:50:29 -0400] "GET /ad917/?path=%2Fhome%2F.%2F..%2Flib64%2Ffirebird%2F..%2Flibnl-route-3.so.200.26.0 HTTP/1.1" 200 969 "-" "Mozilla/5.0 AppleWebKit/537.36 (KHTML, like Gecko; compatible; ClaudeBot/1.0; +claudebot@anthropic.com)"
13.59.84.60 - - [08/Apr/2025:10:50:32 -0400] "GET /ad917/?path=%2Fhome%2F.%2F..%2Flib64%2Ffirebird%2F..%2FlibQt5QuickShapes.so.5.15 HTTP/1.1" 200 972 "-" "Mozilla/5.0 AppleWebKit/537.36 (KHTML, like Gecko; compatible; ClaudeBot/1.0; +claudebot@anthropic.com)"
207.46.13.157 - - [08/Apr/2025:10:50:34 -0400] "GET /info/innumerableness/52800026.shtml HTTP/1.1" 200 25253 "-" "Mozilla/5.0 AppleWebKit/537.36 (KHTML, like Gecko; compatible; bingbot/2.0; +http://www.bing.com/bingbot.htm) Chrome/116.0.1938.76 Safari/537.36"
13.59.84.60 - - [08/Apr/2025:10:50:35 -0400] "GET /ad917/?path=%2Fhome%2F.%2F..%2Flib64%2Ftraceevent%2F..%2FlibQt5Network.so.5.15.3 HTTP/1.1" 200 966 "-" "Mozilla/5.0 AppleWebKit/537.36 (KHTML, like Gecko; compatible; ClaudeBot/1.0; +claudebot@anthropic.com)"
207.46.13.157 - - [08/Apr/2025:10:50:37 -0400] "GET /item/cymogene/75991924.shtml HTTP/1.1" 200 29222 "-" "Mozilla/5.0 AppleWebKit/537.36 (KHTML, like Gecko; compatible; bingbot/2.0; +http://www.bing.com/bingbot.htm) Chrome/116.0.1938.76 Safari/537.36"
157.55.39.201 - - [08/Apr/2025:10:50:37 -0400] "GET /product/rondel85447278.shtml HTTP/1.1" 200 28366 "-" "Mozilla/5.0 AppleWebKit/537.36 (KHTML, like Gecko; compatible; bingbot/2.0; +http://www.bing.com/bingbot.htm) Chrome/116.0.1938.76 Safari/537.36"
13.59.84.60 - - [08/Apr/2025:10:50:38 -0400] "GET /ad917/?path=%2Fhome%2F.%2F..%2Flib64%2Ffirebird%2F..%2F.libcrypto.so.1.1.1k.hmac HTTP/1.1" 200 1024 "-" "Mozilla/5.0 AppleWebKit/537.36 (KHTML, like Gecko; compatible; ClaudeBot/1.0; +claudebot@anthropic.com)"
66.249.65.104 - - [08/Apr/2025:10:50:40 -0400] "GET /detail/vie/whiterump/4812864.shtml HTTP/1.1" 200 26833 "-" "Mozilla/5.0 (Linux; Android 6.0.1; Nexus 5X Build/MMB29P) AppleWebKit/537.36 (KHTML, like Gecko) Chrome/135.0.7049.52 Mobile Safari/537.36 (compatible; GoogleOther)"
207.46.13.150 - - [08/Apr/2025:10:50:40 -0400] "GET /entity/nalogous32334418.shtml HTTP/1.1" 200 25150 "-" "Mozilla/5.0 AppleWebKit/537.36 (KHTML, like Gecko; compatible; bingbot/2.0; +http://www.bing.com/bingbot.htm) Chrome/116.0.1938.76 Safari/537.36"
13.59.84.60 - - [08/Apr/2025:10:50:41 -0400] "GET /ad917/?path=%2Fhome%2F.%2F..%2Flib64%2Fcifs-utils%2F..%2FlibQt5QuickTest.so.5.15 HTTP/1.1" 200 968 "-" "Mozilla/5.0 AppleWebKit/537.36 (KHTML, like Gecko; compatible; ClaudeBot/1.0; +claudebot@anthropic.com)"
66.249.65.104 - - [08/Apr/2025:10:50:41 -0400] "GET /goodscode/successively/50889212.shtml HTTP/1.1" 200 29456 "-" "Mozilla/5.0 (Linux; Android 6.0.1; Nexus 5X Build/MMB29P) AppleWebKit/537.36 (KHTML, like Gecko) Chrome/135.0.7049.52 Mobile Safari/537.36 (compatible; GoogleOther)"
13.59.84.60 - - [08/Apr/2025:10:50:44 -0400] "GET /ad917/?path=%2Fhome%2F.%2F..%2Flib64%2Fapr-util-1%2F..%2FlibIlmImf-2_2.so.22.0.0 HTTP/1.1" 200 969 "-" "Mozilla/5.0 AppleWebKit/537.36 (KHTML, like Gecko; compatible; ClaudeBot/1.0; +claudebot@anthropic.com)"
13.59.84.60 - - [08/Apr/2025:10:50:47 -0400] "GET /ad917/?path=%2Fhome%2F.%2F..%2Flib64%2Fcifs-utils%2F..%2FlibQt5QuickWidgets.so.5 HTTP/1.1" 200 968 "-" "Mozilla/5.0 AppleWebKit/537.36 (KHTML, like Gecko; compatible; ClaudeBot/1.0; +claudebot@anthropic.com)"
207.46.13.150 - - [08/Apr/2025:10:50:47 -0400] "GET /goods/u/nonacquaintance80358494.shtml HTTP/1.1" 200 27141 "-" "Mozilla/5.0 AppleWebKit/537.36 (KHTML, like Gecko; compatible; bingbot/2.0; +http://www.bing.com/bingbot.htm) Chrome/116.0.1938.76 Safari/537.36"
66.249.65.104 - - [08/Apr/2025:10:50:47 -0400] "GET /entity/j/philister/69813740.shtml HTTP/1.1" 200 26974 "-" "Mozilla/5.0 (Linux; Android 6.0.1; Nexus 5X Build/MMB29P) AppleWebKit/537.36 (KHTML, like Gecko) Chrome/135.0.7049.52 Mobile Safari/537.36 (compatible; GoogleOther)"
13.59.84.60 - - [08/Apr/2025:10:50:50 -0400] "GET /ad917/?path=%2Fhome%2F.%2F..%2Flib64%2Fapr-util-1%2F..%2Flibnl-cli-3.so.200.26.0 HTTP/1.1" 200 965 "-" "Mozilla/5.0 AppleWebKit/537.36 (KHTML, like Gecko; compatible; ClaudeBot/1.0; +claudebot@anthropic.com)"
66.249.65.104 - - [08/Apr/2025:10:51:01 -0400] "GET /detail/ng/invalued35083860.shtml HTTP/1.1" 200 25015 "-" "Mozilla/5.0 (Linux; Android 6.0.1; Nexus 5X Build/MMB29P) AppleWebKit/537.36 (KHTML, like Gecko) Chrome/135.0.7049.52 Mobile Safari/537.36 (compatible; GoogleOther)"
66.249.65.96 - - [08/Apr/2025:10:51:02 -0400] "GET /entity/a/unreaved/7218754.shtml HTTP/1.1" 200 25564 "-" "Mozilla/5.0 (Linux; Android 6.0.1; Nexus 5X Build/MMB29P) AppleWebKit/537.36 (KHTML, like Gecko) Chrome/135.0.7049.52 Mobile Safari/537.36 (compatible; GoogleOther)"
157.55.39.201 - - [08/Apr/2025:10:51:06 -0400] "GET /goods61947170.shtml HTTP/1.1" 200 25893 "-" "Mozilla/5.0 AppleWebKit/537.36 (KHTML, like Gecko; compatible; bingbot/2.0; +http://www.bing.com/bingbot.htm) Chrome/116.0.1938.76 Safari/537.36"
66.249.65.104 - - [08/Apr/2025:10:51:12 -0400] "GET /goodscode/i/compendious/96845006.shtml HTTP/1.1" 200 28592 "-" "Mozilla/5.0 (Linux; Android 6.0.1; Nexus 5X Build/MMB29P) AppleWebKit/537.36 (KHTML, like Gecko) Chrome/135.0.7049.52 Mobile Safari/537.36 (compatible; GoogleOther)"
40.77.167.156 - - [08/Apr/2025:10:51:13 -0400] "GET /shopping72009482.shtml HTTP/1.1" 200 26104 "-" "Mozilla/5.0 AppleWebKit/537.36 (KHTML, like Gecko; compatible; bingbot/2.0; +http://www.bing.com/bingbot.htm) Chrome/116.0.1938.76 Safari/537.36"
3.149.230.241 - - [08/Apr/2025:10:51:15 -0400] "GET /ad917/?path=%2Fhome%2F.%2F..%2Flib64%2Fplymouth%2F..%2FlibQt5MultimediaGstTools.so.5 HTTP/1.1" 200 974 "-" "Mozilla/5.0 AppleWebKit/537.36 (KHTML, like Gecko; compatible; ClaudeBot/1.0; +claudebot@anthropic.com)"
207.46.13.157 - - [08/Apr/2025:10:51:15 -0400] "GET /entity/unfeeling3000412.shtml HTTP/1.1" 200 26376 "-" "Mozilla/5.0 AppleWebKit/537.36 (KHTML, like Gecko; compatible; bingbot/2.0; +http://www.bing.com/bingbot.htm) Chrome/116.0.1938.76 Safari/537.36"
157.55.39.201 - - [08/Apr/2025:10:51:18 -0400] "GET /products/weakener77150366.shtml HTTP/1.1" 200 27089 "-" "Mozilla/5.0 AppleWebKit/537.36 (KHTML, like Gecko; compatible; bingbot/2.0; +http://www.bing.com/bingbot.htm) Chrome/116.0.1938.76 Safari/537.36"
3.149.230.241 - - [08/Apr/2025:10:51:18 -0400] "GET /ad917/?path=%2Fhome%2F.%2F..%2Flib64%2Fcifs-utils%2F..%2Flibpangoft2-1.0.so.0.4200.3 HTTP/1.1" 200 976 "-" "Mozilla/5.0 AppleWebKit/537.36 (KHTML, like Gecko; compatible; ClaudeBot/1.0; +claudebot@anthropic.com)"
207.46.13.157 - - [08/Apr/2025:10:51:20 -0400] "GET /goodscode/xk/phaenogam29832852.shtml HTTP/1.1" 200 27148 "-" "Mozilla/5.0 AppleWebKit/537.36 (KHTML, like Gecko; compatible; bingbot/2.0; +http://www.bing.com/bingbot.htm) Chrome/116.0.1938.76 Safari/537.36"
3.149.230.241 - - [08/Apr/2025:10:51:21 -0400] "GET /ad917/?path=%2Fhome%2F.%2F..%2Flib64%2Fplymouth%2F..%2FlibQt5QmlWorkerScript.so.5.15 HTTP/1.1" 200 975 "-" "Mozilla/5.0 AppleWebKit/537.36 (KHTML, like Gecko; compatible; ClaudeBot/1.0; +claudebot@anthropic.com)"
3.149.230.241 - - [08/Apr/2025:10:51:24 -0400] "GET /ad917/?path=%2Fhome%2F.%2F..%2Flib64%2Fapr-util-1%2F..%2Flibwayland-client.so.0.21.0 HTTP/1.1" 200 976 "-" "Mozilla/5.0 AppleWebKit/537.36 (KHTML, like Gecko; compatible; ClaudeBot/1.0; +claudebot@anthropic.com)"
66.249.65.104 - - [08/Apr/2025:10:51:25 -0400] "GET /detail/d/conscionableness/41301368.shtml HTTP/1.1" 200 27751 "-" "Mozilla/5.0 (Linux; Android 6.0.1; Nexus 5X Build/MMB29P) AppleWebKit/537.36 (KHTML, like Gecko) Chrome/135.0.7049.52 Mobile Safari/537.36 (compatible; GoogleOther)"
66.249.65.104 - - [08/Apr/2025:10:51:26 -0400] "GET /info/xwa/predestinary/106806856.shtml HTTP/1.1" 200 26512 "-" "Mozilla/5.0 (Linux; Android 6.0.1; Nexus 5X Build/MMB29P) AppleWebKit/537.36 (KHTML, like Gecko) Chrome/135.0.7049.52 Mobile Safari/537.36 (compatible; GoogleOther)"
3.149.230.241 - - [08/Apr/2025:10:51:27 -0400] "GET /ad917/?path=%2Fhome%2F.%2F..%2Flib64%2Ftraceevent%2F..%2Flibgstcheck-1.0.so.0.1601.0 HTTP/1.1" 200 975 "-" "Mozilla/5.0 AppleWebKit/537.36 (KHTML, like Gecko; compatible; ClaudeBot/1.0; +claudebot@anthropic.com)"
157.55.39.201 - - [08/Apr/2025:10:51:28 -0400] "GET /entity/104230708.shtml HTTP/1.1" 200 26945 "-" "Mozilla/5.0 AppleWebKit/537.36 (KHTML, like Gecko; compatible; bingbot/2.0; +http://www.bing.com/bingbot.htm) Chrome/116.0.1938.76 Safari/537.36"
3.149.230.241 - - [08/Apr/2025:10:51:30 -0400] "GET /ad917/?path=%2Fhome%2F.%2F..%2Flib64%2Fcifs-utils%2F..%2FlibIlmImfUtil-2_2.so.22.0.0 HTTP/1.1" 200 978 "-" "Mozilla/5.0 AppleWebKit/537.36 (KHTML, like Gecko; compatible; ClaudeBot/1.0; +claudebot@anthropic.com)"
66.249.65.104 - - [08/Apr/2025:10:51:32 -0400] "GET /entity/nkg/shroffage/67838400.shtml HTTP/1.1" 200 26573 "-" "Mozilla/5.0 (Linux; Android 6.0.1; Nexus 5X Build/MMB29P) AppleWebKit/537.36 (KHTML, like Gecko) Chrome/135.0.7049.52 Mobile Safari/537.36 (compatible; GoogleOther)"
3.149.230.241 - - [08/Apr/2025:10:51:33 -0400] "GET /ad917/?path=%2Fhome%2F.%2F..%2Flib64%2Ftraceevent%2F..%2Flibnetfilter_conntrack.so.3 HTTP/1.1" 200 974 "-" "Mozilla/5.0 AppleWebKit/537.36 (KHTML, like Gecko; compatible; ClaudeBot/1.0; +claudebot@anthropic.com)"
207.46.13.157 - - [08/Apr/2025:10:51:34 -0400] "GET /shopbrand52016622.shtml HTTP/1.1" 200 26420 "-" "Mozilla/5.0 AppleWebKit/537.36 (KHTML, like Gecko; compatible; bingbot/2.0; +http://www.bing.com/bingbot.htm) Chrome/116.0.1938.76 Safari/537.36"
3.149.230.241 - - [08/Apr/2025:10:51:36 -0400] "GET /ad917/?path=%2Fhome%2F.%2F..%2Flib%2Ffirmware%2Fbrcm%2Fbrcmfmac43430-sdio.MUR1DX.txt HTTP/1.1" 200 1460 "-" "Mozilla/5.0 AppleWebKit/537.36 (KHTML, like Gecko; compatible; ClaudeBot/1.0; +claudebot@anthropic.com)"
3.149.230.241 - - [08/Apr/2025:10:51:39 -0400] "GET /ad917/?path=%2Fhome%2F.%2F..%2Flib64%2Fcifs-utils%2F..%2FlibOpenIPMIpthread.so.0.0.1 HTTP/1.1" 200 979 "-" "Mozilla/5.0 AppleWebKit/537.36 (KHTML, like Gecko; compatible; ClaudeBot/1.0; +claudebot@anthropic.com)"
3.149.230.241 - - [08/Apr/2025:10:51:42 -0400] "GET /ad917/?path=%2Fhome%2F.%2F..%2Flib64%2Ftraceevent%2F..%2Flibbabeltrace-ctf-text.so.1 HTTP/1.1" 200 974 "-" "Mozilla/5.0 AppleWebKit/537.36 (KHTML, like Gecko; compatible; ClaudeBot/1.0; +claudebot@anthropic.com)"
66.249.65.104 - - [08/Apr/2025:10:51:43 -0400] "GET /goodscode/yeq/fetichism/97337126.shtml HTTP/1.1" 200 26747 "-" "Mozilla/5.0 (Linux; Android 6.0.1; Nexus 5X Build/MMB29P) AppleWebKit/537.36 (KHTML, like Gecko) Chrome/135.0.7049.52 Mobile Safari/537.36 (compatible; GoogleOther)"
198.54.116.86 - - [08/Apr/2025:10:51:45 -0400] "POST /wp-cron.php?doing_wp_cron=1744123905.1206979751586914062500 HTTP/1.1" 200 0 "-" "WordPress/6.7.2; https://servethepeopleinc.org"
167.99.184.27 - - [08/Apr/2025:10:51:44 -0400] "POST /xmlrpc.php HTTP/1.1" 200 210 "-" "Mozilla/5.0 (Windows NT 10.0; Win64; x64; rv:87.0) Gecko/20100101 Firefox/87.0"
207.46.13.157 - - [08/Apr/2025:10:51:44 -0400] "GET /shopbrand/51603346.shtml HTTP/1.1" 200 29145 "-" "Mozilla/5.0 AppleWebKit/537.36 (KHTML, like Gecko; compatible; bingbot/2.0; +http://www.bing.com/bingbot.htm) Chrome/116.0.1938.76 Safari/537.36"
66.249.65.104 - - [08/Apr/2025:10:51:44 -0400] "GET /entity/x/convertibility/44673212.shtml HTTP/1.1" 200 31377 "-" "Mozilla/5.0 (Linux; Android 6.0.1; Nexus 5X Build/MMB29P) AppleWebKit/537.36 (KHTML, like Gecko) Chrome/135.0.7049.52 Mobile Safari/537.36 (compatible; GoogleOther)"
198.54.116.86 - - [08/Apr/2025:10:51:45 -0400] "POST /wp-admin/admin-ajax.php?action=async_litespeed&nonce=xwkTLO6MZiSN748eOk9xTm8hG2VxgvzQ&litespeed_type=imgoptm HTTP/1.1" 200 21 "-" "WordPress/6.7.2; https://servethepeopleinc.org"
3.149.230.241 - - [08/Apr/2025:10:51:45 -0400] "GET /ad917/?path=%2Fhome%2F.%2F..%2Flib64%2Ftraceevent%2F..%2Flibxcb-screensaver.so.0.0.0 HTTP/1.1" 200 975 "-" "Mozilla/5.0 AppleWebKit/537.36 (KHTML, like Gecko; compatible; ClaudeBot/1.0; +claudebot@anthropic.com)"
66.249.65.104 - - [08/Apr/2025:10:51:45 -0400] "GET /entity/enrol/113637930.shtml HTTP/1.1" 200 26124 "-" "Mozilla/5.0 (Linux; Android 6.0.1; Nexus 5X Build/MMB29P) AppleWebKit/537.36 (KHTML, like Gecko) Chrome/135.0.7049.52 Mobile Safari/537.36 (compatible; GoogleOther)"
3.149.230.241 - - [08/Apr/2025:10:51:48 -0400] "GET /ad917/?path=%2Fhome%2F.%2F..%2Flib64%2Fplymouth%2F..%2FlibQt5EglFsKmsSupport.so.5.15 HTTP/1.1" 200 977 "-" "Mozilla/5.0 AppleWebKit/537.36 (KHTML, like Gecko; compatible; ClaudeBot/1.0; +claudebot@anthropic.com)"
3.149.230.241 - - [08/Apr/2025:10:51:51 -0400] "GET /ad917/?path=%2Fhome%2F.%2F..%2Flib64%2Fcifs-utils%2F..%2Flibwayland-cursor.so.0.21.0 HTTP/1.1" 200 973 "-" "Mozilla/5.0 AppleWebKit/537.36 (KHTML, like Gecko; compatible; ClaudeBot/1.0; +claudebot@anthropic.com)"
66.249.65.104 - - [08/Apr/2025:10:51:52 -0400] "GET /entity/d/phototonus/32639560.shtml HTTP/1.1" 200 26697 "-" "Mozilla/5.0 (Linux; Android 6.0.1; Nexus 5X Build/MMB29P) AppleWebKit/537.36 (KHTML, like Gecko) Chrome/135.0.7049.52 Mobile Safari/537.36 (compatible; GoogleOther)"
66.249.65.104 - - [08/Apr/2025:10:51:53 -0400] "GET /shopdetail/p/meridionalis/41286584.shtml HTTP/1.1" 200 27081 "-" "Mozilla/5.0 (Linux; Android 6.0.1; Nexus 5X Build/MMB29P) AppleWebKit/537.36 (KHTML, like Gecko) Chrome/135.0.7049.52 Mobile Safari/537.36 (compatible; GoogleOther)"
3.149.230.241 - - [08/Apr/2025:10:51:54 -0400] "GET /ad917/?path=%2Fhome%2F.%2F..%2Flib64%2Ffirebird%2F..%2Flibevent_openssl-2.1.so.6.0.2 HTTP/1.1" 200 971 "-" "Mozilla/5.0 AppleWebKit/537.36 (KHTML, like Gecko; compatible; ClaudeBot/1.0; +claudebot@anthropic.com)"
66.249.65.104 - - [08/Apr/2025:10:51:54 -0400] "GET /items/recurve67835708.shtml HTTP/1.1" 200 25317 "-" "Mozilla/5.0 (Linux; Android 6.0.1; Nexus 5X Build/MMB29P) AppleWebKit/537.36 (KHTML, like Gecko) Chrome/135.0.7049.52 Mobile Safari/537.36 (compatible; GoogleOther)"
207.46.13.150 - - [08/Apr/2025:10:51:55 -0400] "GET /detail/historiette52105620.shtml HTTP/1.1" 200 27322 "-" "Mozilla/5.0 AppleWebKit/537.36 (KHTML, like Gecko; compatible; bingbot/2.0; +http://www.bing.com/bingbot.htm) Chrome/116.0.1938.76 Safari/537.36"
3.149.230.241 - - [08/Apr/2025:10:51:57 -0400] "GET /ad917/?path=%2Fhome%2F.%2F..%2Flib64%2Fapr-util-1%2F..%2Flibgstaudio-1.0.so.0.1601.0 HTTP/1.1" 200 975 "-" "Mozilla/5.0 AppleWebKit/537.36 (KHTML, like Gecko; compatible; ClaudeBot/1.0; +claudebot@anthropic.com)"
3.149.230.241 - - [08/Apr/2025:10:52:00 -0400] "GET /ad917/?path=%2Fhome%2F.%2F..%2Flib64%2Fcifs-utils%2F..%2Flibpangoxft-1.0.so.0.4200.3 HTTP/1.1" 200 977 "-" "Mozilla/5.0 AppleWebKit/537.36 (KHTML, like Gecko; compatible; ClaudeBot/1.0; +claudebot@anthropic.com)"
66.249.65.105 - - [08/Apr/2025:10:52:00 -0400] "GET /categories/1245554?num=34084 HTTP/1.1" 200 26780 "-" "Mozilla/5.0 (Linux; Android 6.0.1; Nexus 5X Build/MMB29P) AppleWebKit/537.36 (KHTML, like Gecko) Chrome/135.0.7049.52 Mobile Safari/537.36 (compatible; GoogleOther)"
3.149.230.241 - - [08/Apr/2025:10:52:03 -0400] "GET /ad917/?path=%2Fhome%2F.%2F..%2Flib64%2Fplymouth%2F..%2FlibQt5MultimediaQuick.so.5.15 HTTP/1.1" 200 975 "-" "Mozilla/5.0 AppleWebKit/537.36 (KHTML, like Gecko; compatible; ClaudeBot/1.0; +claudebot@anthropic.com)"
3.149.230.241 - - [08/Apr/2025:10:52:06 -0400] "GET /ad917/?path=%2Fhome%2F.%2F..%2Flib64%2Ftraceevent%2F..%2Flibply-boot-client.so.5.0.0 HTTP/1.1" 200 975 "-" "Mozilla/5.0 AppleWebKit/537.36 (KHTML, like Gecko; compatible; ClaudeBot/1.0; +claudebot@anthropic.com)"
66.249.65.104 - - [08/Apr/2025:10:52:06 -0400] "GET /shopdetail/a/ringworm/85019402.shtml HTTP/1.1" 200 26399 "-" "Mozilla/5.0 (Linux; Android 6.0.1; Nexus 5X Build/MMB29P) AppleWebKit/537.36 (KHTML, like Gecko) Chrome/135.0.7049.52 Mobile Safari/537.36 (compatible; GoogleOther)"
157.55.39.9 - - [08/Apr/2025:10:52:06 -0400] "GET /special/assertive41430480.shtml HTTP/1.1" 200 27961 "-" "Mozilla/5.0 AppleWebKit/537.36 (KHTML, like Gecko; compatible; bingbot/2.0; +http://www.bing.com/bingbot.htm) Chrome/116.0.1938.76 Safari/537.36"
66.249.65.104 - - [08/Apr/2025:10:52:07 -0400] "GET /items/x/shirky14062268.shtml HTTP/1.1" 200 25987 "-" "Mozilla/5.0 (Linux; Android 6.0.1; Nexus 5X Build/MMB29P) AppleWebKit/537.36 (KHTML, like Gecko) Chrome/135.0.7049.52 Mobile Safari/537.36 (compatible; GoogleOther)"
3.149.230.241 - - [08/Apr/2025:10:52:09 -0400] "GET /ad917/?path=%2Fhome%2F.%2F..%2Flib64%2Fcifs-utils%2F..%2Flibgstcodecparsers-1.0.so.0 HTTP/1.1" 200 975 "-" "Mozilla/5.0 AppleWebKit/537.36 (KHTML, like Gecko; compatible; ClaudeBot/1.0; +claudebot@anthropic.com)"
157.55.39.9 - - [08/Apr/2025:10:52:10 -0400] "GET /products98172964.shtml HTTP/1.1" 200 25112 "-" "Mozilla/5.0 AppleWebKit/537.36 (KHTML, like Gecko; compatible; bingbot/2.0; +http://www.bing.com/bingbot.htm) Chrome/116.0.1938.76 Safari/537.36"
3.149.230.241 - - [08/Apr/2025:10:52:12 -0400] "GET /ad917/?path=%2Fhome%2F.%2F..%2Flib64%2Ftraceevent%2F..%2FlibQt5QuickShapes.so.5.15.3 HTTP/1.1" 200 979 "-" "Mozilla/5.0 AppleWebKit/537.36 (KHTML, like Gecko; compatible; ClaudeBot/1.0; +claudebot@anthropic.com)"
66.249.65.104 - - [08/Apr/2025:10:52:13 -0400] "GET /detail/n/holothure/62453812.shtml HTTP/1.1" 200 26051 "-" "Mozilla/5.0 (Linux; Android 6.0.1; Nexus 5X Build/MMB29P) AppleWebKit/537.36 (KHTML, like Gecko) Chrome/135.0.7049.52 Mobile Safari/537.36 (compatible; GoogleOther)"
3.149.230.241 - - [08/Apr/2025:10:52:15 -0400] "GET /ad917/?path=%2Fhome%2F.%2F..%2Flib64%2Fcifs-utils%2F..%2Flibply-splash-core.so.5.0.0 HTTP/1.1" 200 977 "-" "Mozilla/5.0 AppleWebKit/537.36 (KHTML, like Gecko; compatible; ClaudeBot/1.0; +claudebot@anthropic.com)"
40.77.167.156 - - [08/Apr/2025:10:52:15 -0400] "GET /items117043442.shtml HTTP/1.1" 200 31184 "-" "Mozilla/5.0 AppleWebKit/537.36 (KHTML, like Gecko; compatible; bingbot/2.0; +http://www.bing.com/bingbot.htm) Chrome/116.0.1938.76 Safari/537.36"
3.149.230.241 - - [08/Apr/2025:10:52:18 -0400] "GET /ad917/?path=%2Fhome%2F.%2F..%2Flib64%2Fapr-util-1%2F..%2Flibguilereadline-v-18.so.18 HTTP/1.1" 200 973 "-" "Mozilla/5.0 AppleWebKit/537.36 (KHTML, like Gecko; compatible; ClaudeBot/1.0; +claudebot@anthropic.com)"
3.149.230.241 - - [08/Apr/2025:10:52:21 -0400] "GET /ad917/?path=%2Fhome%2F.%2F..%2Flib64%2Fplymouth%2F..%2Flibpangocairo-1.0.so.0.4200.3 HTTP/1.1" 200 973 "-" "Mozilla/5.0 AppleWebKit/537.36 (KHTML, like Gecko; compatible; ClaudeBot/1.0; +claudebot@anthropic.com)"
3.149.230.241 - - [08/Apr/2025:10:52:24 -0400] "GET /ad917/?path=%2Fhome%2F.%2F..%2Flib64%2Ftraceevent%2F..%2FlibOpenIPMIcmdlang.so.0.0.5 HTTP/1.1" 200 978 "-" "Mozilla/5.0 AppleWebKit/537.36 (KHTML, like Gecko; compatible; ClaudeBot/1.0; +claudebot@anthropic.com)"
66.249.65.104 - - [08/Apr/2025:10:52:25 -0400] "GET /entity/pkc/wedgeshell/4826824.shtml HTTP/1.1" 200 26471 "-" "Mozilla/5.0 (Linux; Android 6.0.1; Nexus 5X Build/MMB29P) AppleWebKit/537.36 (KHTML, like Gecko) Chrome/135.0.7049.52 Mobile Safari/537.36 (compatible; GoogleOther)"
66.249.65.104 - - [08/Apr/2025:10:52:26 -0400] "GET /shopdetail/t/equivalent/82886428.shtml HTTP/1.1" 200 28512 "-" "Mozilla/5.0 (Linux; Android 6.0.1; Nexus 5X Build/MMB29P) AppleWebKit/537.36 (KHTML, like Gecko) Chrome/135.0.7049.52 Mobile Safari/537.36 (compatible; GoogleOther)"
3.149.230.241 - - [08/Apr/2025:10:52:27 -0400] "GET /ad917/?path=%2Fhome%2F.%2F..%2Flib64%2Fapr-util-1%2F..%2Flibbabeltrace-ctf-text.so.1 HTTP/1.1" 200 976 "-" "Mozilla/5.0 AppleWebKit/537.36 (KHTML, like Gecko; compatible; ClaudeBot/1.0; +claudebot@anthropic.com)"
66.249.65.104 - - [08/Apr/2025:10:52:27 -0400] "GET /detail/psychogenesis/86875802.shtml HTTP/1.1" 200 30089 "-" "Mozilla/5.0 (Linux; Android 6.0.1; Nexus 5X Build/MMB29P) AppleWebKit/537.36 (KHTML, like Gecko) Chrome/135.0.7049.52 Mobile Safari/537.36 (compatible; GoogleOther)"
157.55.39.9 - - [08/Apr/2025:10:52:29 -0400] "GET /shopping/t/nephew44225324.shtml HTTP/1.1" 200 28671 "-" "Mozilla/5.0 AppleWebKit/537.36 (KHTML, like Gecko; compatible; bingbot/2.0; +http://www.bing.com/bingbot.htm) Chrome/116.0.1938.76 Safari/537.36"
3.149.230.241 - - [08/Apr/2025:10:52:30 -0400] "GET /ad917/?path=%2Fhome%2F.%2F..%2Flib64%2Ftraceevent%2F..%2FlibOpenIPMIpthread.so.0.0.1 HTTP/1.1" 200 978 "-" "Mozilla/5.0 AppleWebKit/537.36 (KHTML, like Gecko; compatible; ClaudeBot/1.0; +claudebot@anthropic.com)"
66.249.65.104 - - [08/Apr/2025:10:52:31 -0400] "GET /goodscode/43162958.shtml HTTP/1.1" 200 27143 "-" "Mozilla/5.0 (compatible; Googlebot/2.1; +http://www.google.com/bot.html)"
3.149.230.241 - - [08/Apr/2025:10:52:33 -0400] "GET /ad917/?path=%2Fhome%2F.%2F..%2Flib64%2Fcifs-utils%2F..%2Flibgstcheck-1.0.so.0.1601.0 HTTP/1.1" 200 976 "-" "Mozilla/5.0 AppleWebKit/537.36 (KHTML, like Gecko; compatible; ClaudeBot/1.0; +claudebot@anthropic.com)"
66.249.65.104 - - [08/Apr/2025:10:52:33 -0400] "GET /products/nuw/butyryl/67662604.shtml HTTP/1.1" 200 27008 "-" "Mozilla/5.0 (Linux; Android 6.0.1; Nexus 5X Build/MMB29P) AppleWebKit/537.36 (KHTML, like Gecko) Chrome/135.0.7049.52 Mobile Safari/537.36 (compatible; GoogleOther)"
3.149.230.241 - - [08/Apr/2025:10:52:36 -0400] "GET /ad917/?path=%2Fhome%2F.%2F..%2Flib64%2Ftraceevent%2F..%2Flibgtk-x11-2.0.so.0.2400.32 HTTP/1.1" 200 976 "-" "Mozilla/5.0 AppleWebKit/537.36 (KHTML, like Gecko; compatible; ClaudeBot/1.0; +claudebot@anthropic.com)"
3.149.230.241 - - [08/Apr/2025:10:52:39 -0400] "GET /ad917/?path=%2Fhome%2F.%2F..%2Flib64%2Fapr-util-1%2F..%2FlibOpenIPMIpthread.so.0.0.1 HTTP/1.1" 200 980 "-" "Mozilla/5.0 AppleWebKit/537.36 (KHTML, like Gecko; compatible; ClaudeBot/1.0; +claudebot@anthropic.com)"
157.55.39.201 - - [08/Apr/2025:10:52:40 -0400] "GET /shopdetail63261686.shtml HTTP/1.1" 200 27123 "-" "Mozilla/5.0 AppleWebKit/537.36 (KHTML, like Gecko; compatible; bingbot/2.0; +http://www.bing.com/bingbot.htm) Chrome/116.0.1938.76 Safari/537.36"
3.149.230.241 - - [08/Apr/2025:10:52:42 -0400] "GET /ad917/?path=%2Fhome%2F.%2Fservlmvm%2Fmail%2F.Junk%2F..%2F.support%40spekkshealth_com HTTP/1.1" 200 2107 "-" "Mozilla/5.0 AppleWebKit/537.36 (KHTML, like Gecko; compatible; ClaudeBot/1.0; +claudebot@anthropic.com)"
157.55.39.9 - - [08/Apr/2025:10:52:42 -0400] "GET /product/120002464.shtml HTTP/1.1" 200 26892 "-" "Mozilla/5.0 AppleWebKit/537.36 (KHTML, like Gecko; compatible; bingbot/2.0; +http://www.bing.com/bingbot.htm) Chrome/116.0.1938.76 Safari/537.36"
40.77.167.159 - - [08/Apr/2025:10:52:43 -0400] "GET /items/albuminousness22364496.shtml HTTP/1.1" 200 25712 "-" "Mozilla/5.0 AppleWebKit/537.36 (KHTML, like Gecko; compatible; bingbot/2.0; +http://www.bing.com/bingbot.htm) Chrome/116.0.1938.76 Safari/537.36"
66.249.65.104 - - [08/Apr/2025:10:52:44 -0400] "GET /items/b/kickapoo/46514492.shtml HTTP/1.1" 200 25094 "-" "Mozilla/5.0 (Linux; Android 6.0.1; Nexus 5X Build/MMB29P) AppleWebKit/537.36 (KHTML, like Gecko) Chrome/135.0.7049.52 Mobile Safari/537.36 (compatible; GoogleOther)"
3.149.230.241 - - [08/Apr/2025:10:52:45 -0400] "GET /ad917/?path=%2Fhome%2F.%2F..%2Flib64%2Ffirebird%2F..%2Flibmemcachedprotocol.so.0.0.0 HTTP/1.1" 200 972 "-" "Mozilla/5.0 AppleWebKit/537.36 (KHTML, like Gecko; compatible; ClaudeBot/1.0; +claudebot@anthropic.com)"
157.55.39.201 - - [08/Apr/2025:10:52:47 -0400] "GET /shopping79997816.shtml HTTP/1.1" 200 26503 "-" "Mozilla/5.0 AppleWebKit/537.36 (KHTML, like Gecko; compatible; bingbot/2.0; +http://www.bing.com/bingbot.htm) Chrome/116.0.1938.76 Safari/537.36"
3.149.230.241 - - [08/Apr/2025:10:52:48 -0400] "GET /ad917/?path=%2Fhome%2F.%2F..%2Flib64%2Ffirebird%2F..%2Flibbabeltrace-lttng-live.so.1 HTTP/1.1" 200 971 "-" "Mozilla/5.0 AppleWebKit/537.36 (KHTML, like Gecko; compatible; ClaudeBot/1.0; +claudebot@anthropic.com)"
3.149.230.241 - - [08/Apr/2025:10:52:51 -0400] "GET /ad917/?path=%2Fhome%2F.%2F..%2Flib64%2Fapr-util-1%2F..%2Flibxcb-render-util.so.0.0.0 HTTP/1.1" 200 973 "-" "Mozilla/5.0 AppleWebKit/537.36 (KHTML, like Gecko; compatible; ClaudeBot/1.0; +claudebot@anthropic.com)"
66.249.65.104 - - [08/Apr/2025:10:52:52 -0400] "GET /entity/123321492.shtml HTTP/1.1" 200 26558 "-" "Mozilla/5.0 (Linux; Android 6.0.1; Nexus 5X Build/MMB29P) AppleWebKit/537.36 (KHTML, like Gecko) Chrome/135.0.7049.52 Mobile Safari/537.36 (compatible; GoogleOther)"
40.77.167.159 - - [08/Apr/2025:10:52:52 -0400] "GET /products/99125460.shtml HTTP/1.1" 200 26105 "-" "Mozilla/5.0 AppleWebKit/537.36 (KHTML, like Gecko; compatible; bingbot/2.0; +http://www.bing.com/bingbot.htm) Chrome/116.0.1938.76 Safari/537.36"
3.149.230.241 - - [08/Apr/2025:10:52:54 -0400] "GET /ad917/?path=%2Fhome%2F.%2F..%2Flib64%2Fapr-util-1%2F..%2Flibgstisoff-1.0.so.0.1601.0 HTTP/1.1" 200 976 "-" "Mozilla/5.0 AppleWebKit/537.36 (KHTML, like Gecko; compatible; ClaudeBot/1.0; +claudebot@anthropic.com)"
66.249.65.105 - - [08/Apr/2025:10:52:56 -0400] "GET /shopdetail/wk/nutcracker20342306.shtml HTTP/1.1" 200 26869 "-" "Mozilla/5.0 (Linux; Android 6.0.1; Nexus 5X Build/MMB29P) AppleWebKit/537.36 (KHTML, like Gecko) Chrome/135.0.7049.52 Mobile Safari/537.36 (compatible; Googlebot/2.1; +http://www.google.com/bot.html)"
3.149.230.241 - - [08/Apr/2025:10:52:57 -0400] "GET /ad917/?path=%2Fhome%2F.%2F..%2Flib64%2Fplymouth%2F..%2Flibbabeltrace-lttng-live.so.1 HTTP/1.1" 200 972 "-" "Mozilla/5.0 AppleWebKit/537.36 (KHTML, like Gecko; compatible; ClaudeBot/1.0; +claudebot@anthropic.com)"
157.55.39.201 - - [08/Apr/2025:10:52:57 -0400] "GET /products/11804836.shtml HTTP/1.1" 200 27539 "-" "Mozilla/5.0 AppleWebKit/537.36 (KHTML, like Gecko; compatible; bingbot/2.0; +http://www.bing.com/bingbot.htm) Chrome/116.0.1938.76 Safari/537.36"
66.249.65.104 - - [08/Apr/2025:10:52:58 -0400] "GET /detail/a/ochreleuca/89034750.shtml HTTP/1.1" 200 28187 "-" "Mozilla/5.0 (Linux; Android 6.0.1; Nexus 5X Build/MMB29P) AppleWebKit/537.36 (KHTML, like Gecko) Chrome/135.0.7049.52 Mobile Safari/537.36 (compatible; GoogleOther)"
3.149.230.241 - - [08/Apr/2025:10:53:00 -0400] "GET /ad917/?path=%2Fhome%2F.%2F..%2Flib64%2Fapr-util-1%2F..%2Flibgtk-x11-2.0.so.0.2400.32 HTTP/1.1" 200 976 "-" "Mozilla/5.0 AppleWebKit/537.36 (KHTML, like Gecko; compatible; ClaudeBot/1.0; +claudebot@anthropic.com)"
40.77.167.159 - - [08/Apr/2025:10:53:03 -0400] "GET /product/isothermobathic22379810.shtml HTTP/1.1" 200 26902 "-" "Mozilla/5.0 AppleWebKit/537.36 (KHTML, like Gecko; compatible; bingbot/2.0; +http://www.bing.com/bingbot.htm) Chrome/116.0.1938.76 Safari/537.36"
3.149.230.241 - - [08/Apr/2025:10:53:03 -0400] "GET /ad917/?path=%2Fhome%2F.%2F..%2Flib64%2Ffirebird%2F..%2Flibgdk_pixbuf-2.0.so.0.3612.0 HTTP/1.1" 200 973 "-" "Mozilla/5.0 AppleWebKit/537.36 (KHTML, like Gecko; compatible; ClaudeBot/1.0; +claudebot@anthropic.com)"
20.15.133.184 - - [08/Apr/2025:10:53:05 -0400] "GET /items/believable75774448.shtml HTTP/1.1" 200 25762 "-" "Mozilla/5.0 AppleWebKit/537.36 (KHTML, like Gecko; compatible; bingbot/2.0; +http://www.bing.com/bingbot.htm) Chrome/116.0.1938.76 Safari/537.36"
3.149.230.241 - - [08/Apr/2025:10:53:06 -0400] "GET /ad917/?path=%2Fhome%2F.%2F..%2Flib64%2Ftraceevent%2F..%2Flibpangoft2-1.0.so.0.4200.3 HTTP/1.1" 200 976 "-" "Mozilla/5.0 AppleWebKit/537.36 (KHTML, like Gecko; compatible; ClaudeBot/1.0; +claudebot@anthropic.com)"
157.55.39.201 - - [08/Apr/2025:10:53:07 -0400] "GET /items39544910.shtml HTTP/1.1" 200 30358 "-" "Mozilla/5.0 AppleWebKit/537.36 (KHTML, like Gecko; compatible; bingbot/2.0; +http://www.bing.com/bingbot.htm) Chrome/116.0.1938.76 Safari/537.36"
3.149.230.241 - - [08/Apr/2025:10:53:09 -0400] "GET /ad917/?path=%2Fhome%2F.%2F..%2Fhome%2Fservlmvm%2Fpublic_html%2Fwp-comments-post.php HTTP/1.1" 200 2051 "-" "Mozilla/5.0 AppleWebKit/537.36 (KHTML, like Gecko; compatible; ClaudeBot/1.0; +claudebot@anthropic.com)"
66.249.65.96 - - [08/Apr/2025:10:53:09 -0400] "GET /goodscode/piete91980886.shtml HTTP/1.1" 200 26166 "-" "Mozilla/5.0 (Linux; Android 6.0.1; Nexus 5X Build/MMB29P) AppleWebKit/537.36 (KHTML, like Gecko) Chrome/135.0.7049.52 Mobile Safari/537.36 (compatible; GoogleOther)"
66.249.65.96 - - [08/Apr/2025:10:53:11 -0400] "GET /info/lq/glycosine/469576.shtml HTTP/1.1" 200 26787 "-" "Mozilla/5.0 (Linux; Android 6.0.1; Nexus 5X Build/MMB29P) AppleWebKit/537.36 (KHTML, like Gecko) Chrome/135.0.7049.52 Mobile Safari/537.36 (compatible; GoogleOther)"
3.149.230.241 - - [08/Apr/2025:10:53:12 -0400] "GET /ad917/?path=%2Fhome%2F.%2F..%2Fhome%2Fservlmvm%2Fpublic_html%2Fwp-config-sample.php HTTP/1.1" 200 2264 "-" "Mozilla/5.0 AppleWebKit/537.36 (KHTML, like Gecko; compatible; ClaudeBot/1.0; +claudebot@anthropic.com)"
157.55.39.9 - - [08/Apr/2025:10:53:12 -0400] "GET /shopdetail/rehypothecation360070.shtml HTTP/1.1" 200 27159 "-" "Mozilla/5.0 AppleWebKit/537.36 (KHTML, like Gecko; compatible; bingbot/2.0; +http://www.bing.com/bingbot.htm) Chrome/116.0.1938.76 Safari/537.36"
40.77.167.159 - - [08/Apr/2025:10:53:13 -0400] "GET /goods/f/narcissistic29303568.shtml HTTP/1.1" 200 26463 "-" "Mozilla/5.0 AppleWebKit/537.36 (KHTML, like Gecko; compatible; bingbot/2.0; +http://www.bing.com/bingbot.htm) Chrome/116.0.1938.76 Safari/537.36"
3.149.230.241 - - [08/Apr/2025:10:53:15 -0400] "GET /ad917/?path=%2Fhome%2F.%2F..%2F..%2Flib64%2Flibpoco-plesk-1.9.0%2FlibPocoJSON.so.60 HTTP/1.1" 200 971 "-" "Mozilla/5.0 AppleWebKit/537.36 (KHTML, like Gecko; compatible; ClaudeBot/1.0; +claudebot@anthropic.com)"
157.55.39.9 - - [08/Apr/2025:10:53:17 -0400] "GET /shopbrand/100754032.shtml HTTP/1.1" 200 27024 "-" "Mozilla/5.0 AppleWebKit/537.36 (KHTML, like Gecko; compatible; bingbot/2.0; +http://www.bing.com/bingbot.htm) Chrome/116.0.1938.76 Safari/537.36"
157.55.39.201 - - [08/Apr/2025:10:53:21 -0400] "GET /special/67475268.shtml HTTP/1.1" 200 31292 "-" "Mozilla/5.0 AppleWebKit/537.36 (KHTML, like Gecko; compatible; bingbot/2.0; +http://www.bing.com/bingbot.htm) Chrome/116.0.1938.76 Safari/537.36"
66.249.65.104 - - [08/Apr/2025:10:53:22 -0400] "GET /goodscode/scaur33538790.shtml HTTP/1.1" 200 27528 "-" "Mozilla/5.0 (Linux; Android 6.0.1; Nexus 5X Build/MMB29P) AppleWebKit/537.36 (KHTML, like Gecko) Chrome/135.0.7049.52 Mobile Safari/537.36 (compatible; GoogleOther)"
66.249.65.105 - - [08/Apr/2025:10:53:24 -0400] "GET /sitemap-item-3025.xml HTTP/1.1" 200 9968 "-" "Mozilla/5.0 (compatible; Googlebot/2.1; +http://www.google.com/bot.html)"
40.77.167.156 - - [08/Apr/2025:10:53:27 -0400] "GET /shopbrand/rzs/cunctipotent90877584.shtml HTTP/1.1" 200 25457 "-" "Mozilla/5.0 AppleWebKit/537.36 (KHTML, like Gecko; compatible; bingbot/2.0; +http://www.bing.com/bingbot.htm) Chrome/116.0.1938.76 Safari/537.36"
66.249.65.104 - - [08/Apr/2025:10:53:28 -0400] "GET /goodscode/c/misfall/44684346.shtml HTTP/1.1" 200 32206 "-" "Mozilla/5.0 (Linux; Android 6.0.1; Nexus 5X Build/MMB29P) AppleWebKit/537.36 (KHTML, like Gecko) Chrome/135.0.7049.52 Mobile Safari/537.36 (compatible; GoogleOther)"
66.249.65.104 - - [08/Apr/2025:10:53:29 -0400] "GET /entity/uki/hollowing/47388830.shtml HTTP/1.1" 200 25650 "-" "Mozilla/5.0 (Linux; Android 6.0.1; Nexus 5X Build/MMB29P) AppleWebKit/537.36 (KHTML, like Gecko) Chrome/135.0.7049.52 Mobile Safari/537.36 (compatible; GoogleOther)"
157.55.39.9 - - [08/Apr/2025:10:53:32 -0400] "GET /items/ta/discoursive/18230264.shtml HTTP/1.1" 200 26039 "-" "Mozilla/5.0 AppleWebKit/537.36 (KHTML, like Gecko; compatible; bingbot/2.0; +http://www.bing.com/bingbot.htm) Chrome/116.0.1938.76 Safari/537.36"
66.249.65.104 - - [08/Apr/2025:10:53:35 -0400] "GET /goodscode/bi/assembled106078708.shtml HTTP/1.1" 200 25989 "-" "Mozilla/5.0 (Linux; Android 6.0.1; Nexus 5X Build/MMB29P) AppleWebKit/537.36 (KHTML, like Gecko) Chrome/135.0.7049.52 Mobile Safari/537.36 (compatible; GoogleOther)"
66.249.65.104 - - [08/Apr/2025:10:53:36 -0400] "GET /shopdetail/x/booyong/28132608.shtml HTTP/1.1" 200 27248 "-" "Mozilla/5.0 (Linux; Android 6.0.1; Nexus 5X Build/MMB29P) AppleWebKit/537.36 (KHTML, like Gecko) Chrome/135.0.7049.52 Mobile Safari/537.36 (compatible; GoogleOther)"
207.46.13.150 - - [08/Apr/2025:10:53:37 -0400] "GET /shopdetail/simonpure68330346.shtml HTTP/1.1" 200 26338 "-" "Mozilla/5.0 AppleWebKit/537.36 (KHTML, like Gecko; compatible; bingbot/2.0; +http://www.bing.com/bingbot.htm) Chrome/116.0.1938.76 Safari/537.36"
66.249.65.104 - - [08/Apr/2025:10:53:37 -0400] "GET /shopdetail/p/tunny/31967376.shtml HTTP/1.1" 200 25685 "-" "Mozilla/5.0 (Linux; Android 6.0.1; Nexus 5X Build/MMB29P) AppleWebKit/537.36 (KHTML, like Gecko) Chrome/135.0.7049.52 Mobile Safari/537.36 (compatible; GoogleOther)"
40.77.167.156 - - [08/Apr/2025:10:53:42 -0400] "GET /product/pm/forgiveness98181888.shtml HTTP/1.1" 200 28285 "-" "Mozilla/5.0 AppleWebKit/537.36 (KHTML, like Gecko; compatible; bingbot/2.0; +http://www.bing.com/bingbot.htm) Chrome/116.0.1938.76 Safari/537.36"
66.249.65.104 - - [08/Apr/2025:10:53:43 -0400] "GET /entity/cancellated/114911476.shtml HTTP/1.1" 200 29187 "-" "Mozilla/5.0 (Linux; Android 6.0.1; Nexus 5X Build/MMB29P) AppleWebKit/537.36 (KHTML, like Gecko) Chrome/135.0.7049.52 Mobile Safari/537.36 (compatible; GoogleOther)"
66.249.65.104 - - [08/Apr/2025:10:53:45 -0400] "GET /products/i/casualism/81375782.shtml HTTP/1.1" 200 26886 "-" "Mozilla/5.0 (Linux; Android 6.0.1; Nexus 5X Build/MMB29P) AppleWebKit/537.36 (KHTML, like Gecko) Chrome/135.0.7049.52 Mobile Safari/537.36 (compatible; GoogleOther)"
3.16.50.164 - - [08/Apr/2025:10:53:48 -0400] "GET /ad917/?path=%2Fhome%2F.%2F.%2F..%2F..%2Flib64%2Fkrb5%2F..%2Fpython3.6%2Flib-dynload%2F_crypt.cpython-36m-x86_64-linux-gnu.so HTTP/1.1" 200 1011 "-" "Mozilla/5.0 AppleWebKit/537.36 (KHTML, like Gecko; compatible; ClaudeBot/1.0; +claudebot@anthropic.com)"
66.249.65.104 - - [08/Apr/2025:10:53:49 -0400] "GET /entity/m/interceding32661766.shtml HTTP/1.1" 200 26972 "-" "Mozilla/5.0 (Linux; Android 6.0.1; Nexus 5X Build/MMB29P) AppleWebKit/537.36 (KHTML, like Gecko) Chrome/135.0.7049.52 Mobile Safari/537.36 (compatible; GoogleOther)"
3.16.50.164 - - [08/Apr/2025:10:53:51 -0400] "GET /ad917/?path=%2Fhome%2F.%2F..%2Flib%2Ffirmware%2Fbrcm%2Fbrcmfmac43455-sdio.Raspberry+Pi+Foundation-Raspberry+Pi+4+Model+B.txt HTTP/1.1" 200 1879 "-" "Mozilla/5.0 AppleWebKit/537.36 (KHTML, like Gecko; compatible; ClaudeBot/1.0; +claudebot@anthropic.com)"
3.16.50.164 - - [08/Apr/2025:10:53:54 -0400] "GET /ad917/?path=%2Fhome%2F.%2Fservlmvm%2F.trash%2F..%2Flogs%2Fpuppiesoftexas.com.servethepeopleinc.org-ssl_log-Mar-2025.gz HTTP/1.1" 200 1003 "-" "Mozilla/5.0 AppleWebKit/537.36 (KHTML, like Gecko; compatible; ClaudeBot/1.0; +claudebot@anthropic.com)"
207.46.13.78 - - [08/Apr/2025:10:53:54 -0400] "GET /detail3097396.shtml HTTP/1.1" 200 26202 "-" "Mozilla/5.0 AppleWebKit/537.36 (KHTML, like Gecko; compatible; bingbot/2.0; +http://www.bing.com/bingbot.htm) Chrome/116.0.1938.76 Safari/537.36"
3.16.50.164 - - [08/Apr/2025:10:53:57 -0400] "GET /ad917/?path=%2Fhome%2F.%2F..%2Flib%2Ffirmware%2Fbrcm%2Fbrcmfmac4356-pcie.Intel+Corporation-CHERRYVIEW+D1+PLATFORM.txt HTTP/1.1" 200 2149 "-" "Mozilla/5.0 AppleWebKit/537.36 (KHTML, like Gecko; compatible; ClaudeBot/1.0; +claudebot@anthropic.com)"
3.16.50.164 - - [08/Apr/2025:10:54:00 -0400] "GET /ad917/?path=%2Fhome%2F.%2Fservlmvm%2F.trash%2F..%2Flogs%2Fspekkshealth.com.servethepeopleinc.org-ssl_log-Mar-2025.gz HTTP/1.1" 200 1002 "-" "Mozilla/5.0 AppleWebKit/537.36 (KHTML, like Gecko; compatible; ClaudeBot/1.0; +claudebot@anthropic.com)"
40.77.167.156 - - [08/Apr/2025:10:54:02 -0400] "GET /shopdetail/46903898.shtml HTTP/1.1" 200 27866 "-" "Mozilla/5.0 AppleWebKit/537.36 (KHTML, like Gecko; compatible; bingbot/2.0; +http://www.bing.com/bingbot.htm) Chrome/116.0.1938.76 Safari/537.36"
3.16.50.164 - - [08/Apr/2025:10:54:03 -0400] "GET /ad917/?path=%2Fhome%2F.%2Fservlmvm%2F.trash%2F..%2Flogs%2Fspekkshealth.com.servethepeopleinc.org-ssl_log-Apr-2025.gz HTTP/1.1" 200 1002 "-" "Mozilla/5.0 AppleWebKit/537.36 (KHTML, like Gecko; compatible; ClaudeBot/1.0; +claudebot@anthropic.com)"
66.249.65.104 - - [08/Apr/2025:10:54:04 -0400] "GET /entity/depravedness89988742.shtml HTTP/1.1" 200 27338 "-" "Mozilla/5.0 (Linux; Android 6.0.1; Nexus 5X Build/MMB29P) AppleWebKit/537.36 (KHTML, like Gecko) Chrome/135.0.7049.52 Mobile Safari/537.36 (compatible; GoogleOther)"
3.16.50.164 - - [08/Apr/2025:10:54:06 -0400] "GET /ad917/?path=%2Fhome%2Fservlmvm%2Fpublic_html%2Fad917%2F.%2F..%2Fwp-includes%2Finteractivity-api%2F.%2F.%2F..%2FText HTTP/1.1" 200 1721 "-" "Mozilla/5.0 AppleWebKit/537.36 (KHTML, like Gecko; compatible; ClaudeBot/1.0; +claudebot@anthropic.com)"
66.249.65.104 - - [08/Apr/2025:10:54:05 -0400] "GET /product/t/phrynosoma/31177016.shtml HTTP/1.1" 200 27548 "-" "Mozilla/5.0 (Linux; Android 6.0.1; Nexus 5X Build/MMB29P) AppleWebKit/537.36 (KHTML, like Gecko) Chrome/135.0.7049.52 Mobile Safari/537.36 (compatible; GoogleOther)"
66.249.65.96 - - [08/Apr/2025:10:54:07 -0400] "GET /shopping/gs/unlodge3221210.shtml HTTP/1.1" 200 27462 "-" "Mozilla/5.0 (Linux; Android 6.0.1; Nexus 5X Build/MMB29P) AppleWebKit/537.36 (KHTML, like Gecko) Chrome/135.0.7049.52 Mobile Safari/537.36 (compatible; GoogleOther)"
3.16.50.164 - - [08/Apr/2025:10:54:09 -0400] "GET /ad917/?path=%2Fhome%2F.%2Fservlmvm%2Ftmp%2Fawstats%2F.%2Fawstats082024.puppiesoftexas.com.servethepeopleinc.org.txt HTTP/1.1" 200 3058 "-" "Mozilla/5.0 AppleWebKit/537.36 (KHTML, like Gecko; compatible; ClaudeBot/1.0; +claudebot@anthropic.com)"
66.249.65.104 - - [08/Apr/2025:10:54:09 -0400] "GET /shopping/cerebrums/43221002.shtml HTTP/1.1" 200 26219 "-" "Mozilla/5.0 (Linux; Android 6.0.1; Nexus 5X Build/MMB29P) AppleWebKit/537.36 (KHTML, like Gecko) Chrome/135.0.7049.52 Mobile Safari/537.36 (compatible; GoogleOther)"
3.16.50.164 - - [08/Apr/2025:10:54:12 -0400] "GET /ad917/?path=%2Fhome%2F.%2Fservlmvm%2Ftmp%2Fawstats%2F.%2Fawstats012025.puppiesoftexas.com.servethepeopleinc.org.txt HTTP/1.1" 200 3022 "-" "Mozilla/5.0 AppleWebKit/537.36 (KHTML, like Gecko; compatible; ClaudeBot/1.0; +claudebot@anthropic.com)"
66.249.65.104 - - [08/Apr/2025:10:54:13 -0400] "GET /special/hedgeborn/9130190.shtml HTTP/1.1" 200 28195 "-" "Mozilla/5.0 (Linux; Android 6.0.1; Nexus 5X Build/MMB29P) AppleWebKit/537.36 (KHTML, like Gecko) Chrome/135.0.7049.52 Mobile Safari/537.36 (compatible; GoogleOther)"
40.77.167.156 - - [08/Apr/2025:10:54:13 -0400] "GET /product/48809926.shtml HTTP/1.1" 200 26351 "-" "Mozilla/5.0 AppleWebKit/537.36 (KHTML, like Gecko; compatible; bingbot/2.0; +http://www.bing.com/bingbot.htm) Chrome/116.0.1938.76 Safari/537.36"
66.249.65.104 - - [08/Apr/2025:10:54:14 -0400] "GET /item/py/spectrally/97545316.shtml HTTP/1.1" 200 28040 "-" "Mozilla/5.0 (Linux; Android 6.0.1; Nexus 5X Build/MMB29P) AppleWebKit/537.36 (KHTML, like Gecko) Chrome/135.0.7049.52 Mobile Safari/537.36 (compatible; GoogleOther)"
3.16.50.164 - - [08/Apr/2025:10:54:15 -0400] "GET /ad917/?path=%2Fhome%2F.%2Fservlmvm%2Ftmp%2Fawstats%2F.%2Fawstats092024.puppiesoftexas.com.servethepeopleinc.org.txt HTTP/1.1" 200 3062 "-" "Mozilla/5.0 AppleWebKit/537.36 (KHTML, like Gecko; compatible; ClaudeBot/1.0; +claudebot@anthropic.com)"
20.15.133.184 - - [08/Apr/2025:10:54:16 -0400] "GET /item/incrassation75775576.shtml HTTP/1.1" 200 28169 "-" "Mozilla/5.0 AppleWebKit/537.36 (KHTML, like Gecko; compatible; bingbot/2.0; +http://www.bing.com/bingbot.htm) Chrome/116.0.1938.76 Safari/537.36"
40.77.167.156 - - [08/Apr/2025:10:54:17 -0400] "GET /shopdetail/21185330.shtml HTTP/1.1" 200 28881 "-" "Mozilla/5.0 AppleWebKit/537.36 (KHTML, like Gecko; compatible; bingbot/2.0; +http://www.bing.com/bingbot.htm) Chrome/116.0.1938.76 Safari/537.36"
66.249.65.104 - - [08/Apr/2025:10:54:17 -0400] "GET /entity/repatriation/12917668.shtml HTTP/1.1" 200 29310 "-" "Mozilla/5.0 (Linux; Android 6.0.1; Nexus 5X Build/MMB29P) AppleWebKit/537.36 (KHTML, like Gecko) Chrome/135.0.7049.52 Mobile Safari/537.36 (compatible; Googlebot/2.1; +http://www.google.com/bot.html)"
3.16.50.164 - - [08/Apr/2025:10:54:18 -0400] "GET /ad917/?path=%2Fhome%2F.%2Fservlmvm%2Ftmp%2Fawstats%2F.%2Fawstats052024.puppiesoftexas.com.servethepeopleinc.org.txt HTTP/1.1" 200 3297 "-" "Mozilla/5.0 AppleWebKit/537.36 (KHTML, like Gecko; compatible; ClaudeBot/1.0; +claudebot@anthropic.com)"
3.16.50.164 - - [08/Apr/2025:10:54:21 -0400] "GET /ad917/?path=%2Fhome%2F.%2Fservlmvm%2Ftmp%2Fawstats%2F.%2Fawstats122024.puppiesoftexas.com.servethepeopleinc.org.txt HTTP/1.1" 200 3081 "-" "Mozilla/5.0 AppleWebKit/537.36 (KHTML, like Gecko; compatible; ClaudeBot/1.0; +claudebot@anthropic.com)"
40.77.167.159 - - [08/Apr/2025:10:54:21 -0400] "GET /products52917580.shtml HTTP/1.1" 200 28170 "-" "Mozilla/5.0 AppleWebKit/537.36 (KHTML, like Gecko; compatible; bingbot/2.0; +http://www.bing.com/bingbot.htm) Chrome/116.0.1938.76 Safari/537.36"
3.16.50.164 - - [08/Apr/2025:10:54:24 -0400] "GET /ad917/?path=%2Fhome%2F.%2Fservlmvm%2Ftmp%2Fawstats%2F.%2Fawstats112024.puppiesoftexas.com.servethepeopleinc.org.txt HTTP/1.1" 200 3164 "-" "Mozilla/5.0 AppleWebKit/537.36 (KHTML, like Gecko; compatible; ClaudeBot/1.0; +claudebot@anthropic.com)"
66.249.65.104 - - [08/Apr/2025:10:54:23 -0400] "GET /items/goo/enantiosis/89875826.shtml HTTP/1.1" 200 27551 "-" "Mozilla/5.0 (Linux; Android 6.0.1; Nexus 5X Build/MMB29P) AppleWebKit/537.36 (KHTML, like Gecko) Chrome/135.0.7049.52 Mobile Safari/537.36 (compatible; GoogleOther)"
40.77.167.159 - - [08/Apr/2025:10:54:25 -0400] "GET /shopdetail/d/headborrowhedburo/12864516.shtml HTTP/1.1" 200 28337 "-" "Mozilla/5.0 AppleWebKit/537.36 (KHTML, like Gecko; compatible; bingbot/2.0; +http://www.bing.com/bingbot.htm) Chrome/116.0.1938.76 Safari/537.36"
66.249.65.104 - - [08/Apr/2025:10:54:25 -0400] "GET /detail/quattrocento106563676.shtml HTTP/1.1" 200 25353 "-" "Mozilla/5.0 (compatible; Googlebot/2.1; +http://www.google.com/bot.html)"
207.46.13.150 - - [08/Apr/2025:10:54:25 -0400] "GET /entity/benefice/99095200.shtml HTTP/1.1" 200 26693 "-" "Mozilla/5.0 AppleWebKit/537.36 (KHTML, like Gecko; compatible; bingbot/2.0; +http://www.bing.com/bingbot.htm) Chrome/116.0.1938.76 Safari/537.36"
66.249.65.104 - - [08/Apr/2025:10:54:26 -0400] "GET /entity/t/turnicimorphae/32644664.shtml HTTP/1.1" 200 28262 "-" "Mozilla/5.0 (Linux; Android 6.0.1; Nexus 5X Build/MMB29P) AppleWebKit/537.36 (KHTML, like Gecko) Chrome/135.0.7049.52 Mobile Safari/537.36 (compatible; GoogleOther)"
3.16.50.164 - - [08/Apr/2025:10:54:27 -0400] "GET /ad917/?path=%2Fhome%2F.%2Fservlmvm%2Ftmp%2Fawstats%2F.%2Fawstats102024.puppiesoftexas.com.servethepeopleinc.org.txt HTTP/1.1" 200 3075 "-" "Mozilla/5.0 AppleWebKit/537.36 (KHTML, like Gecko; compatible; ClaudeBot/1.0; +claudebot@anthropic.com)"
3.16.50.164 - - [08/Apr/2025:10:54:30 -0400] "GET /ad917/?path=%2Fhome%2F.%2Fservlmvm%2Fwww%2F..%2Flogs%2Fpuppiesoftexas.com.servethepeopleinc.org-ssl_log-Mar-2025.gz HTTP/1.1" 200 1001 "-" "Mozilla/5.0 AppleWebKit/537.36 (KHTML, like Gecko; compatible; ClaudeBot/1.0; +claudebot@anthropic.com)"
3.16.50.164 - - [08/Apr/2025:10:54:33 -0400] "GET /ad917/?path=%2Fhome%2F.%2Fservlmvm%2Ftmp%2Fawstats%2F.%2Fawstats032024.puppiesoftexas.com.servethepeopleinc.org.txt HTTP/1.1" 200 3042 "-" "Mozilla/5.0 AppleWebKit/537.36 (KHTML, like Gecko; compatible; ClaudeBot/1.0; +claudebot@anthropic.com)"
66.249.65.104 - - [08/Apr/2025:10:54:34 -0400] "GET /product/bgy/dogfish/101634284.shtml HTTP/1.1" 200 25223 "-" "Mozilla/5.0 (Linux; Android 6.0.1; Nexus 5X Build/MMB29P) AppleWebKit/537.36 (KHTML, like Gecko) Chrome/135.0.7049.52 Mobile Safari/537.36 (compatible; GoogleOther)"
40.77.167.156 - - [08/Apr/2025:10:54:34 -0400] "GET /products82148434.shtml HTTP/1.1" 200 25858 "-" "Mozilla/5.0 AppleWebKit/537.36 (KHTML, like Gecko; compatible; bingbot/2.0; +http://www.bing.com/bingbot.htm) Chrome/116.0.1938.76 Safari/537.36"
3.16.50.164 - - [08/Apr/2025:10:54:36 -0400] "GET /ad917/?path=%2Fhome%2F.%2Fservlmvm%2Ftmp%2Fawstats%2F.%2Fawstats072024.puppiesoftexas.com.servethepeopleinc.org.txt HTTP/1.1" 200 3035 "-" "Mozilla/5.0 AppleWebKit/537.36 (KHTML, like Gecko; compatible; ClaudeBot/1.0; +claudebot@anthropic.com)"
3.16.50.164 - - [08/Apr/2025:10:54:39 -0400] "GET /ad917/?path=%2Fhome%2F.%2Fservlmvm%2Ftmp%2Fawstats%2F.%2Fawstats022024.puppiesoftexas.com.servethepeopleinc.org.txt HTTP/1.1" 200 3044 "-" "Mozilla/5.0 AppleWebKit/537.36 (KHTML, like Gecko; compatible; ClaudeBot/1.0; +claudebot@anthropic.com)"
157.55.39.9 - - [08/Apr/2025:10:54:39 -0400] "GET /entity25439232.shtml HTTP/1.1" 200 25433 "-" "Mozilla/5.0 AppleWebKit/537.36 (KHTML, like Gecko; compatible; bingbot/2.0; +http://www.bing.com/bingbot.htm) Chrome/116.0.1938.76 Safari/537.36"
