66.249.65.104 - - [08/Apr/2025:08:29:11 -0400] "GET /shopping/79545244.shtml HTTP/1.1" 200 24549 "-" "Mozilla/5.0 (Linux; Android 6.0.1; Nexus 5X Build/MMB29P) AppleWebKit/537.36 (KHTML, like Gecko) Chrome/135.0.7049.52 Mobile Safari/537.36 (compatible; Googlebot/2.1; +http://www.google.com/bot.html)"
66.249.65.104 - - [08/Apr/2025:08:29:12 -0400] "GET /entity/flushness/82497320.shtml HTTP/1.1" 200 28115 "-" "Mozilla/5.0 (Linux; Android 6.0.1; Nexus 5X Build/MMB29P) AppleWebKit/537.36 (KHTML, like Gecko) Chrome/135.0.7049.52 Mobile Safari/537.36 (compatible; GoogleOther)"
51.222.253.15 - - [08/Apr/2025:08:29:12 -0400] "GET /sitemap-item-2706.xml HTTP/1.1" 200 10201 "-" "Mozilla/5.0 (compatible; AhrefsBot/7.0; +http://ahrefs.com/robot/)"
207.46.13.17 - - [08/Apr/2025:08:29:12 -0400] "GET /shopping/osa/dreggy/52403026.shtml HTTP/1.1" 200 27259 "-" "Mozilla/5.0 AppleWebKit/537.36 (KHTML, like Gecko; compatible; bingbot/2.0; +http://www.bing.com/bingbot.htm) Chrome/116.0.1938.76 Safari/537.36"
18.219.165.19 - - [08/Apr/2025:08:29:13 -0400] "GET /ad917/?path=%2Fhome%2F.%2F..%2F..%2Fhome1%2F..%2Fhome6 HTTP/1.1" 200 1416 "-" "Mozilla/5.0 AppleWebKit/537.36 (KHTML, like Gecko; compatible; ClaudeBot/1.0; +claudebot@anthropic.com)"
207.46.13.160 - - [08/Apr/2025:08:29:14 -0400] "GET /info90082250.shtml HTTP/1.1" 200 25746 "-" "Mozilla/5.0 AppleWebKit/537.36 (KHTML, like Gecko; compatible; bingbot/2.0; +http://www.bing.com/bingbot.htm) Chrome/116.0.1938.76 Safari/537.36"
18.219.165.19 - - [08/Apr/2025:08:29:16 -0400] "GET /ad917/?path=%2Fhome%2F.%2F..%2Fhome2%2F..%2F..%2Fhome5 HTTP/1.1" 200 1426 "-" "Mozilla/5.0 AppleWebKit/537.36 (KHTML, like Gecko; compatible; ClaudeBot/1.0; +claudebot@anthropic.com)"
66.249.65.104 - - [08/Apr/2025:08:29:15 -0400] "GET /items/pusillanimous/82478806.shtml HTTP/1.1" 200 26529 "-" "Mozilla/5.0 (Linux; Android 6.0.1; Nexus 5X Build/MMB29P) AppleWebKit/537.36 (KHTML, like Gecko) Chrome/135.0.7049.52 Mobile Safari/537.36 (compatible; GoogleOther)"
207.46.13.107 - - [08/Apr/2025:08:29:16 -0400] "GET /items/99453926.shtml HTTP/1.1" 200 26615 "-" "Mozilla/5.0 AppleWebKit/537.36 (KHTML, like Gecko; compatible; bingbot/2.0; +http://www.bing.com/bingbot.htm) Chrome/116.0.1938.76 Safari/537.36"
51.222.253.11 - - [08/Apr/2025:08:29:17 -0400] "GET /sitemap-item-2766.xml HTTP/1.1" 200 10236 "-" "Mozilla/5.0 (compatible; AhrefsBot/7.0; +http://ahrefs.com/robot/)"
18.219.165.19 - - [08/Apr/2025:08:29:19 -0400] "GET /ad917/?path=%2Fhome%2F.%2F..%2Fproc%2Fsys%2F..%2Fkcare HTTP/1.1" 200 1618 "-" "Mozilla/5.0 AppleWebKit/537.36 (KHTML, like Gecko; compatible; ClaudeBot/1.0; +claudebot@anthropic.com)"
51.222.253.11 - - [08/Apr/2025:08:29:21 -0400] "GET /sitemap-item-2779.xml HTTP/1.1" 200 10283 "-" "Mozilla/5.0 (compatible; AhrefsBot/7.0; +http://ahrefs.com/robot/)"
18.219.165.19 - - [08/Apr/2025:08:29:22 -0400] "GET /ad917/?path=%2Fhome%2F.%2F..%2Fusr%2Flib64%2F.%2Fperl5 HTTP/1.1" 200 2945 "-" "Mozilla/5.0 AppleWebKit/537.36 (KHTML, like Gecko; compatible; ClaudeBot/1.0; +claudebot@anthropic.com)"
66.249.65.104 - - [08/Apr/2025:08:29:22 -0400] "GET /items/t/pillarist/49633920.shtml HTTP/1.1" 200 27700 "-" "Mozilla/5.0 (Linux; Android 6.0.1; Nexus 5X Build/MMB29P) AppleWebKit/537.36 (KHTML, like Gecko) Chrome/135.0.7049.52 Mobile Safari/537.36 (compatible; GoogleOther)"
18.219.165.19 - - [08/Apr/2025:08:29:25 -0400] "GET /ad917/?path=%2Fhome%2F.%2F..%2Fproc%2Ftty%2F..%2Fkcare HTTP/1.1" 200 1618 "-" "Mozilla/5.0 AppleWebKit/537.36 (KHTML, like Gecko; compatible; ClaudeBot/1.0; +claudebot@anthropic.com)"
51.222.253.14 - - [08/Apr/2025:08:29:25 -0400] "GET /sitemap-item-2792.xml HTTP/1.1" 200 10328 "-" "Mozilla/5.0 (compatible; AhrefsBot/7.0; +http://ahrefs.com/robot/)"
18.219.165.19 - - [08/Apr/2025:08:29:28 -0400] "GET /ad917/?path=%2Fhome%2F.%2F..%2Fusr%2Fshare%2F.%2Fgnupg HTTP/1.1" 200 2029 "-" "Mozilla/5.0 AppleWebKit/537.36 (KHTML, like Gecko; compatible; ClaudeBot/1.0; +claudebot@anthropic.com)"
66.249.65.104 - - [08/Apr/2025:08:29:28 -0400] "GET /detail/expressman/82482624.shtml HTTP/1.1" 200 27193 "-" "Mozilla/5.0 (Linux; Android 6.0.1; Nexus 5X Build/MMB29P) AppleWebKit/537.36 (KHTML, like Gecko) Chrome/135.0.7049.52 Mobile Safari/537.36 (compatible; GoogleOther)"
18.219.165.19 - - [08/Apr/2025:08:29:31 -0400] "GET /ad917/?path=%2Fhome%2F.%2F..%2F..%2Fhome2%2F..%2Fhome3 HTTP/1.1" 200 1415 "-" "Mozilla/5.0 AppleWebKit/537.36 (KHTML, like Gecko; compatible; ClaudeBot/1.0; +claudebot@anthropic.com)"
51.222.253.9 - - [08/Apr/2025:08:29:31 -0400] "GET /sitemap-item-2806.xml HTTP/1.1" 200 10295 "-" "Mozilla/5.0 (compatible; AhrefsBot/7.0; +http://ahrefs.com/robot/)"
207.46.13.160 - - [08/Apr/2025:08:29:32 -0400] "GET /entity45779328.shtml HTTP/1.1" 200 28534 "-" "Mozilla/5.0 AppleWebKit/537.36 (KHTML, like Gecko; compatible; bingbot/2.0; +http://www.bing.com/bingbot.htm) Chrome/116.0.1938.76 Safari/537.36"
18.219.165.19 - - [08/Apr/2025:08:29:34 -0400] "GET /ad917/?path=%2Fhome%2F.%2F..%2Fproc%2Firq%2F..%2Fkcare HTTP/1.1" 200 1618 "-" "Mozilla/5.0 AppleWebKit/537.36 (KHTML, like Gecko; compatible; ClaudeBot/1.0; +claudebot@anthropic.com)"
66.249.65.104 - - [08/Apr/2025:08:29:35 -0400] "GET /items/n/cobaltous/30090208.shtml HTTP/1.1" 200 28058 "-" "Mozilla/5.0 (Linux; Android 6.0.1; Nexus 5X Build/MMB29P) AppleWebKit/537.36 (KHTML, like Gecko) Chrome/135.0.7049.52 Mobile Safari/537.36 (compatible; GoogleOther)"
51.222.253.5 - - [08/Apr/2025:08:29:35 -0400] "GET /sitemap-item-2855.xml HTTP/1.1" 200 10116 "-" "Mozilla/5.0 (compatible; AhrefsBot/7.0; +http://ahrefs.com/robot/)"
66.249.65.105 - - [08/Apr/2025:08:29:36 -0400] "GET /shopbrand/ymq/heapy/78170342.shtml HTTP/1.1" 200 25717 "-" "Mozilla/5.0 (Linux; Android 6.0.1; Nexus 5X Build/MMB29P) AppleWebKit/537.36 (KHTML, like Gecko) Chrome/135.0.7049.52 Mobile Safari/537.36 (compatible; GoogleOther)"
18.219.165.19 - - [08/Apr/2025:08:29:37 -0400] "GET /ad917/?path=%2Fhome%2F.%2F..%2Fhome2%2F..%2F..%2Fhome1 HTTP/1.1" 200 1424 "-" "Mozilla/5.0 AppleWebKit/537.36 (KHTML, like Gecko; compatible; ClaudeBot/1.0; +claudebot@anthropic.com)"
18.219.165.19 - - [08/Apr/2025:08:29:40 -0400] "GET /ad917/?path=%2Fhome%2F.%2F..%2Fhome2%2F..%2F..%2Flib64 HTTP/1.1" 200 42113 "-" "Mozilla/5.0 AppleWebKit/537.36 (KHTML, like Gecko; compatible; ClaudeBot/1.0; +claudebot@anthropic.com)"
51.222.253.5 - - [08/Apr/2025:08:29:39 -0400] "GET /sitemap-item-3063.xml HTTP/1.1" 200 10186 "-" "Mozilla/5.0 (compatible; AhrefsBot/7.0; +http://ahrefs.com/robot/)"
66.249.65.104 - - [08/Apr/2025:08:29:40 -0400] "GET /item/77125298.shtml HTTP/1.1" 200 28647 "-" "Mozilla/5.0 (Linux; Android 6.0.1; Nexus 5X Build/MMB29P) AppleWebKit/537.36 (KHTML, like Gecko) Chrome/135.0.7049.52 Mobile Safari/537.36 (compatible; Googlebot/2.1; +http://www.google.com/bot.html)"
18.219.165.19 - - [08/Apr/2025:08:29:43 -0400] "GET /ad917/?path=%2Fhome%2F.%2F..%2Fusr%2Fshare%2F.%2Fmysql HTTP/1.1" 200 2700 "-" "Mozilla/5.0 AppleWebKit/537.36 (KHTML, like Gecko; compatible; ClaudeBot/1.0; +claudebot@anthropic.com)"
207.46.13.160 - - [08/Apr/2025:08:29:43 -0400] "GET /special59082366.shtml HTTP/1.1" 200 26645 "-" "Mozilla/5.0 AppleWebKit/537.36 (KHTML, like Gecko; compatible; bingbot/2.0; +http://www.bing.com/bingbot.htm) Chrome/116.0.1938.76 Safari/537.36"
51.222.253.12 - - [08/Apr/2025:08:29:44 -0400] "GET /sitemap-item-3069.xml HTTP/1.1" 200 10133 "-" "Mozilla/5.0 (compatible; AhrefsBot/7.0; +http://ahrefs.com/robot/)"
18.219.165.19 - - [08/Apr/2025:08:29:46 -0400] "GET /ad917/?path=%2Fhome%2F.%2F..%2F..%2Fhome3%2F..%2Fhome1 HTTP/1.1" 200 1416 "-" "Mozilla/5.0 AppleWebKit/537.36 (KHTML, like Gecko; compatible; ClaudeBot/1.0; +claudebot@anthropic.com)"
66.249.65.105 - - [08/Apr/2025:08:29:47 -0400] "GET /shopbrand/j/carnallite/1544004.shtml HTTP/1.1" 200 26363 "-" "Mozilla/5.0 (Linux; Android 6.0.1; Nexus 5X Build/MMB29P) AppleWebKit/537.36 (KHTML, like Gecko) Chrome/135.0.7049.52 Mobile Safari/537.36 (compatible; GoogleOther)"
18.219.165.19 - - [08/Apr/2025:08:29:49 -0400] "GET /ad917/?path=%2Fhome%2F.%2F..%2Fproc%2Fbus%2F..%2Fiomem HTTP/1.1" 200 950 "-" "Mozilla/5.0 AppleWebKit/537.36 (KHTML, like Gecko; compatible; ClaudeBot/1.0; +claudebot@anthropic.com)"
66.249.65.105 - - [08/Apr/2025:08:29:50 -0400] "GET /items/84266632.shtml HTTP/1.1" 200 28784 "-" "Mozilla/5.0 (Linux; Android 6.0.1; Nexus 5X Build/MMB29P) AppleWebKit/537.36 (KHTML, like Gecko) Chrome/135.0.7049.52 Mobile Safari/537.36 (compatible; Googlebot/2.1; +http://www.google.com/bot.html)"
66.249.65.105 - - [08/Apr/2025:08:29:54 -0400] "GET /special/sc/anguineal/86141642.shtml HTTP/1.1" 200 27756 "-" "Mozilla/5.0 (Linux; Android 6.0.1; Nexus 5X Build/MMB29P) AppleWebKit/537.36 (KHTML, like Gecko) Chrome/135.0.7049.52 Mobile Safari/537.36 (compatible; GoogleOther)"
52.167.144.145 - - [08/Apr/2025:08:29:59 -0400] "GET /shopbrand/indagator/46345488.shtml HTTP/1.1" 200 26158 "-" "Mozilla/5.0 AppleWebKit/537.36 (KHTML, like Gecko; compatible; bingbot/2.0; +http://www.bing.com/bingbot.htm) Chrome/116.0.1938.76 Safari/537.36"
66.249.65.96 - - [08/Apr/2025:08:30:00 -0400] "GET /products/iui/despiteful/118407622.shtml HTTP/1.1" 200 26343 "-" "Mozilla/5.0 (Linux; Android 6.0.1; Nexus 5X Build/MMB29P) AppleWebKit/537.36 (KHTML, like Gecko) Chrome/135.0.7049.52 Mobile Safari/537.36 (compatible; GoogleOther)"
66.249.65.105 - - [08/Apr/2025:08:30:07 -0400] "GET /shopping/vsu/imbowment/90336136.shtml HTTP/1.1" 200 28036 "-" "Mozilla/5.0 (Linux; Android 6.0.1; Nexus 5X Build/MMB29P) AppleWebKit/537.36 (KHTML, like Gecko) Chrome/135.0.7049.52 Mobile Safari/537.36 (compatible; GoogleOther)"
66.249.65.105 - - [08/Apr/2025:08:30:09 -0400] "GET /goodscode/lec/homestretch/123241016.shtml HTTP/1.1" 200 29342 "-" "Mozilla/5.0 (Linux; Android 6.0.1; Nexus 5X Build/MMB29P) AppleWebKit/537.36 (KHTML, like Gecko) Chrome/135.0.7049.52 Mobile Safari/537.36 (compatible; GoogleOther)"
66.249.65.105 - - [08/Apr/2025:08:30:10 -0400] "GET /shopbrand/u/barndoor73319446.shtml HTTP/1.1" 200 26438 "-" "Mozilla/5.0 (Linux; Android 6.0.1; Nexus 5X Build/MMB29P) AppleWebKit/537.36 (KHTML, like Gecko) Chrome/135.0.7049.52 Mobile Safari/537.36 (compatible; GoogleOther)"
66.249.65.104 - - [08/Apr/2025:08:30:12 -0400] "GET /shopbrand/h/erratum/122618408.shtml HTTP/1.1" 200 29140 "-" "Mozilla/5.0 (Linux; Android 6.0.1; Nexus 5X Build/MMB29P) AppleWebKit/537.36 (KHTML, like Gecko) Chrome/135.0.7049.52 Mobile Safari/537.36 (compatible; GoogleOther)"
18.224.30.216 - - [08/Apr/2025:08:30:16 -0400] "GET /ad917/?path=%2Fhome%2F.%2F..%2Fhome4%2F..%2Fbin%2Fprove HTTP/1.1" 200 6327 "-" "Mozilla/5.0 AppleWebKit/537.36 (KHTML, like Gecko; compatible; ClaudeBot/1.0; +claudebot@anthropic.com)"
18.224.30.216 - - [08/Apr/2025:08:30:19 -0400] "GET /ad917/?path=%2Fhome%2F.%2F..%2Fhome5%2F..%2Fbin%2Fps2ps HTTP/1.1" 200 1341 "-" "Mozilla/5.0 AppleWebKit/537.36 (KHTML, like Gecko; compatible; ClaudeBot/1.0; +claudebot@anthropic.com)"
52.167.144.145 - - [08/Apr/2025:08:30:20 -0400] "GET /items93619008.shtml HTTP/1.1" 200 27029 "-" "Mozilla/5.0 AppleWebKit/537.36 (KHTML, like Gecko; compatible; bingbot/2.0; +http://www.bing.com/bingbot.htm) Chrome/116.0.1938.76 Safari/537.36"
18.224.30.216 - - [08/Apr/2025:08:30:22 -0400] "GET /ad917/?path=%2Fhome%2F.%2F..%2Fhome5%2F..%2Fusr%2Flib64 HTTP/1.1" 200 40720 "-" "Mozilla/5.0 AppleWebKit/537.36 (KHTML, like Gecko; compatible; ClaudeBot/1.0; +claudebot@anthropic.com)"
18.224.30.216 - - [08/Apr/2025:08:30:25 -0400] "GET /ad917/?path=%2Fhome%2F.%2F..%2Fusr%2Fshare%2Fman%2Fman5 HTTP/1.1" 200 10213 "-" "Mozilla/5.0 AppleWebKit/537.36 (KHTML, like Gecko; compatible; ClaudeBot/1.0; +claudebot@anthropic.com)"
66.249.65.104 - - [08/Apr/2025:08:30:25 -0400] "GET /detail/dis/unpurely/38410780.shtml HTTP/1.1" 200 25923 "-" "Mozilla/5.0 (Linux; Android 6.0.1; Nexus 5X Build/MMB29P) AppleWebKit/537.36 (KHTML, like Gecko) Chrome/135.0.7049.52 Mobile Safari/537.36 (compatible; GoogleOther)"
66.249.65.104 - - [08/Apr/2025:08:30:26 -0400] "GET /item/k/problem/122621798.shtml HTTP/1.1" 200 25289 "-" "Mozilla/5.0 (Linux; Android 6.0.1; Nexus 5X Build/MMB29P) AppleWebKit/537.36 (KHTML, like Gecko) Chrome/135.0.7049.52 Mobile Safari/537.36 (compatible; GoogleOther)"
66.249.65.104 - - [08/Apr/2025:08:30:27 -0400] "GET /shopdetail/h/pannade41288416.shtml HTTP/1.1" 200 27000 "-" "Mozilla/5.0 (Linux; Android 6.0.1; Nexus 5X Build/MMB29P) AppleWebKit/537.36 (KHTML, like Gecko) Chrome/135.0.7049.52 Mobile Safari/537.36 (compatible; GoogleOther)"
18.224.30.216 - - [08/Apr/2025:08:30:28 -0400] "GET /ad917/?path=%2Fhome%2F.%2F..%2Fhome4%2F..%2Fbin%2Fchgrp HTTP/1.1" 200 948 "-" "Mozilla/5.0 AppleWebKit/537.36 (KHTML, like Gecko; compatible; ClaudeBot/1.0; +claudebot@anthropic.com)"
52.167.144.145 - - [08/Apr/2025:08:30:29 -0400] "GET /product47240252.shtml HTTP/1.1" 200 27765 "-" "Mozilla/5.0 AppleWebKit/537.36 (KHTML, like Gecko; compatible; bingbot/2.0; +http://www.bing.com/bingbot.htm) Chrome/116.0.1938.76 Safari/537.36"
18.224.30.216 - - [08/Apr/2025:08:30:31 -0400] "GET /ad917/?path=%2Fhome%2F.%2F..%2Fhome5%2F..%2Fdev%2Fstdin HTTP/1.1" 200 1197 "-" "Mozilla/5.0 AppleWebKit/537.36 (KHTML, like Gecko; compatible; ClaudeBot/1.0; +claudebot@anthropic.com)"
18.224.30.216 - - [08/Apr/2025:08:30:34 -0400] "GET /ad917/?path=%2Fhome%2F.%2F..%2Fhome5%2F..%2Fbin%2Fnohup HTTP/1.1" 200 948 "-" "Mozilla/5.0 AppleWebKit/537.36 (KHTML, like Gecko; compatible; ClaudeBot/1.0; +claudebot@anthropic.com)"
18.224.30.216 - - [08/Apr/2025:08:30:37 -0400] "GET /ad917/?path=%2Fhome%2F.%2F..%2Fhome4%2F..%2Fbin%2Fchcon HTTP/1.1" 200 947 "-" "Mozilla/5.0 AppleWebKit/537.36 (KHTML, like Gecko; compatible; ClaudeBot/1.0; +claudebot@anthropic.com)"
66.249.65.104 - - [08/Apr/2025:08:30:37 -0400] "GET /shopbrand/imu/disallowableness/12920486.shtml HTTP/1.1" 200 27743 "-" "Mozilla/5.0 (Linux; Android 6.0.1; Nexus 5X Build/MMB29P) AppleWebKit/537.36 (KHTML, like Gecko) Chrome/135.0.7049.52 Mobile Safari/537.36 (compatible; GoogleOther)"
18.224.30.216 - - [08/Apr/2025:08:30:40 -0400] "GET /ad917/?path=%2Fhome%2F.%2F..%2Fhome4%2F..%2Fbin%2Funame HTTP/1.1" 200 948 "-" "Mozilla/5.0 AppleWebKit/537.36 (KHTML, like Gecko; compatible; ClaudeBot/1.0; +claudebot@anthropic.com)"
66.249.65.104 - - [08/Apr/2025:08:30:41 -0400] "GET /products/equipment/109892774.shtml HTTP/1.1" 200 25540 "-" "Mozilla/5.0 (Linux; Android 6.0.1; Nexus 5X Build/MMB29P) AppleWebKit/537.36 (KHTML, like Gecko) Chrome/135.0.7049.52 Mobile Safari/537.36 (compatible; GoogleOther)"
18.224.30.216 - - [08/Apr/2025:08:30:43 -0400] "GET /ad917/?path=%2Fhome%2F.%2F..%2Fhome4%2F..%2Fbin%2Ftsort HTTP/1.1" 200 948 "-" "Mozilla/5.0 AppleWebKit/537.36 (KHTML, like Gecko; compatible; ClaudeBot/1.0; +claudebot@anthropic.com)"
207.46.13.160 - - [08/Apr/2025:08:30:43 -0400] "GET /goods/112743604.shtml HTTP/1.1" 200 26048 "-" "Mozilla/5.0 AppleWebKit/537.36 (KHTML, like Gecko; compatible; bingbot/2.0; +http://www.bing.com/bingbot.htm) Chrome/116.0.1938.76 Safari/537.36"
66.249.65.105 - - [08/Apr/2025:08:30:44 -0400] "GET /goods/kpo/moribund97858450.shtml HTTP/1.1" 200 27800 "-" "Mozilla/5.0 (Linux; Android 6.0.1; Nexus 5X Build/MMB29P) AppleWebKit/537.36 (KHTML, like Gecko) Chrome/135.0.7049.52 Mobile Safari/537.36 (compatible; Googlebot/2.1; +http://www.google.com/bot.html)"
18.224.30.216 - - [08/Apr/2025:08:30:46 -0400] "GET /ad917/?path=%2Fhome%2F.%2F..%2Fhome4%2F..%2Fbin%2Fgrops HTTP/1.1" 200 948 "-" "Mozilla/5.0 AppleWebKit/537.36 (KHTML, like Gecko; compatible; ClaudeBot/1.0; +claudebot@anthropic.com)"
157.55.39.56 - - [08/Apr/2025:08:30:48 -0400] "GET /shopdetail112892572.shtml HTTP/1.1" 200 26179 "-" "Mozilla/5.0 AppleWebKit/537.36 (KHTML, like Gecko; compatible; bingbot/2.0; +http://www.bing.com/bingbot.htm) Chrome/116.0.1938.76 Safari/537.36"
18.224.30.216 - - [08/Apr/2025:08:30:49 -0400] "GET /ad917/?path=%2Fhome%2F.%2F..%2Fhome5%2F..%2Fbin%2Fcksum HTTP/1.1" 200 948 "-" "Mozilla/5.0 AppleWebKit/537.36 (KHTML, like Gecko; compatible; ClaudeBot/1.0; +claudebot@anthropic.com)"
66.249.65.105 - - [08/Apr/2025:08:30:51 -0400] "GET /product/iy/conglutinative/38946074.shtml HTTP/1.1" 200 27474 "-" "Mozilla/5.0 (Linux; Android 6.0.1; Nexus 5X Build/MMB29P) AppleWebKit/537.36 (KHTML, like Gecko) Chrome/135.0.7049.52 Mobile Safari/537.36 (compatible; GoogleOther)"
18.224.30.216 - - [08/Apr/2025:08:30:52 -0400] "GET /ad917/?path=%2Fhome%2F.%2F..%2Fhome4%2F..%2Fbin%2Frmdir HTTP/1.1" 200 947 "-" "Mozilla/5.0 AppleWebKit/537.36 (KHTML, like Gecko; compatible; ClaudeBot/1.0; +claudebot@anthropic.com)"
207.46.13.160 - - [08/Apr/2025:08:30:52 -0400] "GET /shopdetail/90305354.shtml HTTP/1.1" 200 32565 "-" "Mozilla/5.0 AppleWebKit/537.36 (KHTML, like Gecko; compatible; bingbot/2.0; +http://www.bing.com/bingbot.htm) Chrome/116.0.1938.76 Safari/537.36"
18.224.30.216 - - [08/Apr/2025:08:30:55 -0400] "GET /ad917/?path=%2Fhome%2F.%2F..%2Fhome4%2F..%2Fbin%2Fwatch HTTP/1.1" 200 947 "-" "Mozilla/5.0 AppleWebKit/537.36 (KHTML, like Gecko; compatible; ClaudeBot/1.0; +claudebot@anthropic.com)"
18.224.30.216 - - [08/Apr/2025:08:30:58 -0400] "GET /ad917/?path=%2Fhome%2F.%2F..%2Fhome5%2F..%2Fbin%2Fflock HTTP/1.1" 200 949 "-" "Mozilla/5.0 AppleWebKit/537.36 (KHTML, like Gecko; compatible; ClaudeBot/1.0; +claudebot@anthropic.com)"
157.55.39.56 - - [08/Apr/2025:08:30:58 -0400] "GET /products/l/vascularities9335508.shtml HTTP/1.1" 200 26573 "-" "Mozilla/5.0 AppleWebKit/537.36 (KHTML, like Gecko; compatible; bingbot/2.0; +http://www.bing.com/bingbot.htm) Chrome/116.0.1938.76 Safari/537.36"
66.249.65.96 - - [08/Apr/2025:08:31:00 -0400] "GET /products/xua/tycoon/34421452.shtml HTTP/1.1" 200 24906 "-" "Mozilla/5.0 (Linux; Android 6.0.1; Nexus 5X Build/MMB29P) AppleWebKit/537.36 (KHTML, like Gecko) Chrome/135.0.7049.52 Mobile Safari/537.36 (compatible; GoogleOther)"
18.224.30.216 - - [08/Apr/2025:08:31:01 -0400] "GET /ad917/?path=%2Fhome%2F.%2F..%2Fhome5%2F..%2Fbin%2Fwhich HTTP/1.1" 200 948 "-" "Mozilla/5.0 AppleWebKit/537.36 (KHTML, like Gecko; compatible; ClaudeBot/1.0; +claudebot@anthropic.com)"
207.46.13.64 - - [08/Apr/2025:08:31:02 -0400] "GET /goodscode/96954338.shtml HTTP/1.1" 200 25729 "-" "Mozilla/5.0 AppleWebKit/537.36 (KHTML, like Gecko; compatible; bingbot/2.0; +http://www.bing.com/bingbot.htm) Chrome/116.0.1938.76 Safari/537.36"
66.249.65.104 - - [08/Apr/2025:08:31:02 -0400] "GET /products/t/kitte/11631244.shtml HTTP/1.1" 200 26901 "-" "Mozilla/5.0 (Linux; Android 6.0.1; Nexus 5X Build/MMB29P) AppleWebKit/537.36 (KHTML, like Gecko) Chrome/135.0.7049.52 Mobile Safari/537.36 (compatible; GoogleOther)"
18.224.30.216 - - [08/Apr/2025:08:31:04 -0400] "GET /ad917/?path=%2Fhome%2F.%2F..%2Fhome4%2F..%2Fbin%2Fps2ps HTTP/1.1" 200 1341 "-" "Mozilla/5.0 AppleWebKit/537.36 (KHTML, like Gecko; compatible; ClaudeBot/1.0; +claudebot@anthropic.com)"
66.249.65.104 - - [08/Apr/2025:08:31:05 -0400] "GET /shopping/40936892.shtml HTTP/1.1" 200 25821 "-" "Mozilla/5.0 (Linux; Android 6.0.1; Nexus 5X Build/MMB29P) AppleWebKit/537.36 (KHTML, like Gecko) Chrome/135.0.7049.52 Mobile Safari/537.36 (compatible; Googlebot/2.1; +http://www.google.com/bot.html)"
18.224.30.216 - - [08/Apr/2025:08:31:07 -0400] "GET /ad917/?path=%2Fhome%2F.%2F..%2Fhome4%2F..%2Fbin%2Fstrip HTTP/1.1" 200 947 "-" "Mozilla/5.0 AppleWebKit/537.36 (KHTML, like Gecko; compatible; ClaudeBot/1.0; +claudebot@anthropic.com)"
66.249.65.105 - - [08/Apr/2025:08:31:07 -0400] "GET /item/i/chippeway/105205422.shtml HTTP/1.1" 200 25082 "-" "Mozilla/5.0 (Linux; Android 6.0.1; Nexus 5X Build/MMB29P) AppleWebKit/537.36 (KHTML, like Gecko) Chrome/135.0.7049.52 Mobile Safari/537.36 (compatible; GoogleOther)"
66.249.65.105 - - [08/Apr/2025:08:31:08 -0400] "GET /entity/verticality/123711902.shtml HTTP/1.1" 200 25472 "-" "Mozilla/5.0 (Linux; Android 6.0.1; Nexus 5X Build/MMB29P) AppleWebKit/537.36 (KHTML, like Gecko) Chrome/135.0.7049.52 Mobile Safari/537.36 (compatible; GoogleOther)"
18.224.30.216 - - [08/Apr/2025:08:31:10 -0400] "GET /ad917/?path=%2Fhome%2F.%2F..%2Fhome4%2F..%2Fbin%2Frsync HTTP/1.1" 200 948 "-" "Mozilla/5.0 AppleWebKit/537.36 (KHTML, like Gecko; compatible; ClaudeBot/1.0; +claudebot@anthropic.com)"
207.46.13.64 - - [08/Apr/2025:08:31:11 -0400] "GET /products/fhi/dactylonomy46789764.shtml HTTP/1.1" 200 26476 "-" "Mozilla/5.0 AppleWebKit/537.36 (KHTML, like Gecko; compatible; bingbot/2.0; +http://www.bing.com/bingbot.htm) Chrome/116.0.1938.76 Safari/537.36"
207.46.13.160 - - [08/Apr/2025:08:31:12 -0400] "GET /shopdetail/k/reductibility/69696942.shtml HTTP/1.1" 200 26591 "-" "Mozilla/5.0 AppleWebKit/537.36 (KHTML, like Gecko; compatible; bingbot/2.0; +http://www.bing.com/bingbot.htm) Chrome/116.0.1938.76 Safari/537.36"
18.224.30.216 - - [08/Apr/2025:08:31:13 -0400] "GET /ad917/?path=%2Fhome%2F.%2F..%2Fhome4%2F..%2Fbin%2Fzdiff HTTP/1.1" 200 2945 "-" "Mozilla/5.0 AppleWebKit/537.36 (KHTML, like Gecko; compatible; ClaudeBot/1.0; +claudebot@anthropic.com)"
66.249.65.104 - - [08/Apr/2025:08:31:14 -0400] "GET /shopdetail/bi/tentifly9960868.shtml HTTP/1.1" 200 27421 "-" "Mozilla/5.0 (Linux; Android 6.0.1; Nexus 5X Build/MMB29P) AppleWebKit/537.36 (KHTML, like Gecko) Chrome/135.0.7049.52 Mobile Safari/537.36 (compatible; GoogleOther)"
66.249.65.104 - - [08/Apr/2025:08:31:15 -0400] "GET /goodscode/wey/nidget/123698950.shtml HTTP/1.1" 200 29735 "-" "Mozilla/5.0 (Linux; Android 6.0.1; Nexus 5X Build/MMB29P) AppleWebKit/537.36 (KHTML, like Gecko) Chrome/135.0.7049.52 Mobile Safari/537.36 (compatible; GoogleOther)"
18.224.30.216 - - [08/Apr/2025:08:31:16 -0400] "GET /ad917/?path=%2Fhome%2F.%2F..%2Fhome4%2F..%2Fbin%2Fcksum HTTP/1.1" 200 948 "-" "Mozilla/5.0 AppleWebKit/537.36 (KHTML, like Gecko; compatible; ClaudeBot/1.0; +claudebot@anthropic.com)"
207.46.13.17 - - [08/Apr/2025:08:31:16 -0400] "GET /special/f/adnubilated/61742536.shtml HTTP/1.1" 200 26759 "-" "Mozilla/5.0 AppleWebKit/537.36 (KHTML, like Gecko; compatible; bingbot/2.0; +http://www.bing.com/bingbot.htm) Chrome/116.0.1938.76 Safari/537.36"
207.46.13.160 - - [08/Apr/2025:08:31:16 -0400] "GET /special/33090754.shtml HTTP/1.1" 200 26501 "-" "Mozilla/5.0 AppleWebKit/537.36 (KHTML, like Gecko; compatible; bingbot/2.0; +http://www.bing.com/bingbot.htm) Chrome/116.0.1938.76 Safari/537.36"
18.224.30.216 - - [08/Apr/2025:08:31:19 -0400] "GET /ad917/?path=%2Fhome%2F.%2F..%2Fhome4%2F..%2Fbin%2Fclear HTTP/1.1" 200 947 "-" "Mozilla/5.0 AppleWebKit/537.36 (KHTML, like Gecko; compatible; ClaudeBot/1.0; +claudebot@anthropic.com)"
52.167.144.145 - - [08/Apr/2025:08:31:21 -0400] "GET /info101745210.shtml HTTP/1.1" 200 25300 "-" "Mozilla/5.0 AppleWebKit/537.36 (KHTML, like Gecko; compatible; bingbot/2.0; +http://www.bing.com/bingbot.htm) Chrome/116.0.1938.76 Safari/537.36"
18.224.30.216 - - [08/Apr/2025:08:31:22 -0400] "GET /ad917/?path=%2Fhome%2F.%2F..%2Fhome4%2F..%2Fbin%2Fshred HTTP/1.1" 200 947 "-" "Mozilla/5.0 AppleWebKit/537.36 (KHTML, like Gecko; compatible; ClaudeBot/1.0; +claudebot@anthropic.com)"
207.46.13.17 - - [08/Apr/2025:08:31:23 -0400] "GET /special/mucivore/32328954.shtml HTTP/1.1" 200 25397 "-" "Mozilla/5.0 AppleWebKit/537.36 (KHTML, like Gecko; compatible; bingbot/2.0; +http://www.bing.com/bingbot.htm) Chrome/116.0.1938.76 Safari/537.36"
18.224.30.216 - - [08/Apr/2025:08:31:25 -0400] "GET /ad917/?path=%2Fhome%2F.%2F..%2Flib%2Fmotd.d%2F..%2Fgrub HTTP/1.1" 200 1458 "-" "Mozilla/5.0 AppleWebKit/537.36 (KHTML, like Gecko; compatible; ClaudeBot/1.0; +claudebot@anthropic.com)"
66.249.65.104 - - [08/Apr/2025:08:31:27 -0400] "GET /product/ngw/burble/32634520.shtml HTTP/1.1" 200 26965 "-" "Mozilla/5.0 (Linux; Android 6.0.1; Nexus 5X Build/MMB29P) AppleWebKit/537.36 (KHTML, like Gecko) Chrome/135.0.7049.52 Mobile Safari/537.36 (compatible; GoogleOther)"
18.224.30.216 - - [08/Apr/2025:08:31:28 -0400] "GET /ad917/?path=%2Fhome%2F.%2F..%2Fhome4%2F..%2Fbin%2Frnano HTTP/1.1" 200 947 "-" "Mozilla/5.0 AppleWebKit/537.36 (KHTML, like Gecko; compatible; ClaudeBot/1.0; +claudebot@anthropic.com)"
66.249.65.104 - - [08/Apr/2025:08:31:28 -0400] "GET /products/j/obbligato/109875944.shtml HTTP/1.1" 200 27456 "-" "Mozilla/5.0 (Linux; Android 6.0.1; Nexus 5X Build/MMB29P) AppleWebKit/537.36 (KHTML, like Gecko) Chrome/135.0.7049.52 Mobile Safari/537.36 (compatible; GoogleOther)"
18.224.30.216 - - [08/Apr/2025:08:31:31 -0400] "GET /ad917/?path=%2Fhome%2F.%2F..%2Fhome4%2F..%2Fbin%2Fpatch HTTP/1.1" 200 948 "-" "Mozilla/5.0 AppleWebKit/537.36 (KHTML, like Gecko; compatible; ClaudeBot/1.0; +claudebot@anthropic.com)"
18.224.30.216 - - [08/Apr/2025:08:31:34 -0400] "GET /ad917/?path=%2Fhome%2F.%2F..%2Flib%2Flocale%2F..%2Fexim HTTP/1.1" 200 1454 "-" "Mozilla/5.0 AppleWebKit/537.36 (KHTML, like Gecko; compatible; ClaudeBot/1.0; +claudebot@anthropic.com)"
18.224.30.216 - - [08/Apr/2025:08:31:37 -0400] "GET /ad917/?path=%2Fhome%2F.%2F..%2Fhome4%2F..%2Fbin%2Funzip HTTP/1.1" 200 948 "-" "Mozilla/5.0 AppleWebKit/537.36 (KHTML, like Gecko; compatible; ClaudeBot/1.0; +claudebot@anthropic.com)"
18.224.30.216 - - [08/Apr/2025:08:31:40 -0400] "GET /ad917/?path=%2Fhome%2F.%2F..%2Fhome5%2F..%2Fbin%2Freset HTTP/1.1" 200 947 "-" "Mozilla/5.0 AppleWebKit/537.36 (KHTML, like Gecko; compatible; ClaudeBot/1.0; +claudebot@anthropic.com)"
66.249.65.104 - - [08/Apr/2025:08:31:40 -0400] "GET /shopbrand/mmw/progeneration/82799934.shtml HTTP/1.1" 200 26747 "-" "Mozilla/5.0 (Linux; Android 6.0.1; Nexus 5X Build/MMB29P) AppleWebKit/537.36 (KHTML, like Gecko) Chrome/135.0.7049.52 Mobile Safari/537.36 (compatible; GoogleOther)"
18.224.30.216 - - [08/Apr/2025:08:31:43 -0400] "GET /ad917/?path=%2Fhome%2F.%2F..%2Fhome4%2F..%2Fbin%2Ficonv HTTP/1.1" 200 948 "-" "Mozilla/5.0 AppleWebKit/537.36 (KHTML, like Gecko; compatible; ClaudeBot/1.0; +claudebot@anthropic.com)"
18.224.30.216 - - [08/Apr/2025:08:31:46 -0400] "GET /ad917/?path=%2Fhome%2F.%2F..%2Fhome4%2F..%2Fbin%2Fgneqn HTTP/1.1" 200 1479 "-" "Mozilla/5.0 AppleWebKit/537.36 (KHTML, like Gecko; compatible; ClaudeBot/1.0; +claudebot@anthropic.com)"
18.224.30.216 - - [08/Apr/2025:08:31:49 -0400] "GET /ad917/?path=%2Fhome%2F.%2F..%2Fhome5%2F..%2Flib%2Ftuned HTTP/1.1" 200 2025 "-" "Mozilla/5.0 AppleWebKit/537.36 (KHTML, like Gecko; compatible; ClaudeBot/1.0; +claudebot@anthropic.com)"
18.224.30.216 - - [08/Apr/2025:08:31:52 -0400] "GET /ad917/?path=%2Fhome%2F.%2F..%2Fhome4%2F..%2Flib%2Fgames HTTP/1.1" 200 1428 "-" "Mozilla/5.0 AppleWebKit/537.36 (KHTML, like Gecko; compatible; ClaudeBot/1.0; +claudebot@anthropic.com)"
66.249.65.105 - - [08/Apr/2025:08:31:52 -0400] "GET /detail/cupelling/105901702.shtml HTTP/1.1" 200 27380 "-" "Mozilla/5.0 (Linux; Android 6.0.1; Nexus 5X Build/MMB29P) AppleWebKit/537.36 (KHTML, like Gecko) Chrome/135.0.7049.52 Mobile Safari/537.36 (compatible; GoogleOther)"
66.249.65.104 - - [08/Apr/2025:08:31:53 -0400] "GET /products/u/badtempered/39606194.shtml HTTP/1.1" 200 26292 "-" "Mozilla/5.0 (Linux; Android 6.0.1; Nexus 5X Build/MMB29P) AppleWebKit/537.36 (KHTML, like Gecko) Chrome/135.0.7049.52 Mobile Safari/537.36 (compatible; GoogleOther)"
18.224.30.216 - - [08/Apr/2025:08:31:55 -0400] "GET /ad917/?path=%2Fhome%2F.%2F..%2Flib%2Fdracut%2F..%2Fsse2 HTTP/1.1" 200 1423 "-" "Mozilla/5.0 AppleWebKit/537.36 (KHTML, like Gecko; compatible; ClaudeBot/1.0; +claudebot@anthropic.com)"
52.167.144.225 - - [08/Apr/2025:08:31:57 -0400] "GET /goods/jagghery/75989844.shtml HTTP/1.1" 200 28301 "-" "Mozilla/5.0 AppleWebKit/537.36 (KHTML, like Gecko; compatible; bingbot/2.0; +http://www.bing.com/bingbot.htm) Chrome/116.0.1938.76 Safari/537.36"
18.224.30.216 - - [08/Apr/2025:08:31:58 -0400] "GET /ad917/?path=%2Fhome%2F.%2F..%2Fhome5%2F..%2Fbin%2Fsplit HTTP/1.1" 200 948 "-" "Mozilla/5.0 AppleWebKit/537.36 (KHTML, like Gecko; compatible; ClaudeBot/1.0; +claudebot@anthropic.com)"
18.224.30.216 - - [08/Apr/2025:08:32:01 -0400] "GET /ad917/?path=%2Fhome%2F.%2F..%2Fhome4%2F..%2Fbin%2Fbzcat HTTP/1.1" 200 948 "-" "Mozilla/5.0 AppleWebKit/537.36 (KHTML, like Gecko; compatible; ClaudeBot/1.0; +claudebot@anthropic.com)"
207.46.13.64 - - [08/Apr/2025:08:32:01 -0400] "GET /items/remade/2898400.shtml HTTP/1.1" 200 27910 "-" "Mozilla/5.0 AppleWebKit/537.36 (KHTML, like Gecko; compatible; bingbot/2.0; +http://www.bing.com/bingbot.htm) Chrome/116.0.1938.76 Safari/537.36"
157.55.39.56 - - [08/Apr/2025:08:32:02 -0400] "GET /items13068110.shtml HTTP/1.1" 200 27828 "-" "Mozilla/5.0 AppleWebKit/537.36 (KHTML, like Gecko; compatible; bingbot/2.0; +http://www.bing.com/bingbot.htm) Chrome/116.0.1938.76 Safari/537.36"
66.249.65.105 - - [08/Apr/2025:08:32:03 -0400] "GET /detail/rupicapra/32643198.shtml HTTP/1.1" 200 25839 "-" "Mozilla/5.0 (Linux; Android 6.0.1; Nexus 5X Build/MMB29P) AppleWebKit/537.36 (KHTML, like Gecko) Chrome/135.0.7049.52 Mobile Safari/537.36 (compatible; GoogleOther)"
18.224.30.216 - - [08/Apr/2025:08:32:04 -0400] "GET /ad917/?path=%2Fhome%2F.%2F..%2Fhome5%2F..%2Fbin%2Fpip-3 HTTP/1.1" 200 1198 "-" "Mozilla/5.0 AppleWebKit/537.36 (KHTML, like Gecko; compatible; ClaudeBot/1.0; +claudebot@anthropic.com)"
66.249.65.105 - - [08/Apr/2025:08:32:06 -0400] "GET /goodscode/r/houhere/24925216.shtml HTTP/1.1" 200 26803 "-" "Mozilla/5.0 (Linux; Android 6.0.1; Nexus 5X Build/MMB29P) AppleWebKit/537.36 (KHTML, like Gecko) Chrome/135.0.7049.52 Mobile Safari/537.36 (compatible; GoogleOther)"
18.224.30.216 - - [08/Apr/2025:08:32:07 -0400] "GET /ad917/?path=%2Fhome%2F.%2F..%2Fhome5%2F..%2Fbin%2Fskill HTTP/1.1" 200 947 "-" "Mozilla/5.0 AppleWebKit/537.36 (KHTML, like Gecko; compatible; ClaudeBot/1.0; +claudebot@anthropic.com)"
66.249.65.104 - - [08/Apr/2025:08:32:07 -0400] "GET /detail27817418.shtml HTTP/1.1" 200 27004 "-" "Mozilla/5.0 (Linux; Android 6.0.1; Nexus 5X Build/MMB29P) AppleWebKit/537.36 (KHTML, like Gecko) Chrome/135.0.7049.52 Mobile Safari/537.36 (compatible; GoogleOther)"
18.224.30.216 - - [08/Apr/2025:08:32:10 -0400] "GET /ad917/?path=%2Fhome%2F.%2F..%2Fhome4%2F..%2Fbin%2Ffalse HTTP/1.1" 200 948 "-" "Mozilla/5.0 AppleWebKit/537.36 (KHTML, like Gecko; compatible; ClaudeBot/1.0; +claudebot@anthropic.com)"
18.224.30.216 - - [08/Apr/2025:08:32:13 -0400] "GET /ad917/?path=%2Fhome%2F.%2F..%2Fhome4%2F..%2Fopt%2Fsuphp HTTP/1.1" 200 1455 "-" "Mozilla/5.0 AppleWebKit/537.36 (KHTML, like Gecko; compatible; ClaudeBot/1.0; +claudebot@anthropic.com)"
66.249.65.104 - - [08/Apr/2025:08:32:19 -0400] "GET /items/vou/metamorphosic/82824268.shtml HTTP/1.1" 200 25210 "-" "Mozilla/5.0 (Linux; Android 6.0.1; Nexus 5X Build/MMB29P) AppleWebKit/537.36 (KHTML, like Gecko) Chrome/135.0.7049.52 Mobile Safari/537.36 (compatible; GoogleOther)"
207.46.13.17 - - [08/Apr/2025:08:32:23 -0400] "GET /entity/49428016.shtml HTTP/1.1" 200 25832 "-" "Mozilla/5.0 AppleWebKit/537.36 (KHTML, like Gecko; compatible; bingbot/2.0; +http://www.bing.com/bingbot.htm) Chrome/116.0.1938.76 Safari/537.36"
66.249.65.104 - - [08/Apr/2025:08:32:24 -0400] "GET /products/iy/argonautidae77607242.shtml HTTP/1.1" 200 25784 "-" "Mozilla/5.0 (Linux; Android 6.0.1; Nexus 5X Build/MMB29P) AppleWebKit/537.36 (KHTML, like Gecko) Chrome/135.0.7049.52 Mobile Safari/537.36 (compatible; GoogleOther)"
66.249.65.104 - - [08/Apr/2025:08:32:33 -0400] "GET /item/h/acclaim/77621376.shtml HTTP/1.1" 200 27024 "-" "Mozilla/5.0 (Linux; Android 6.0.1; Nexus 5X Build/MMB29P) AppleWebKit/537.36 (KHTML, like Gecko) Chrome/135.0.7049.52 Mobile Safari/537.36 (compatible; GoogleOther)"
207.46.13.160 - - [08/Apr/2025:08:32:34 -0400] "GET /items44235470.shtml HTTP/1.1" 200 27187 "-" "Mozilla/5.0 AppleWebKit/537.36 (KHTML, like Gecko; compatible; bingbot/2.0; +http://www.bing.com/bingbot.htm) Chrome/116.0.1938.76 Safari/537.36"
66.249.65.104 - - [08/Apr/2025:08:32:35 -0400] "GET /product/qgw/uxoricide/451226.shtml HTTP/1.1" 200 24933 "-" "Mozilla/5.0 (Linux; Android 6.0.1; Nexus 5X Build/MMB29P) AppleWebKit/537.36 (KHTML, like Gecko) Chrome/135.0.7049.52 Mobile Safari/537.36 (compatible; GoogleOther)"
18.218.67.48 - - [08/Apr/2025:08:32:40 -0400] "GET /ad917/?path=%2Fhome%2F.%2F..%2Fhome3%2F..%2Flib64%2Fperl5 HTTP/1.1" 200 2957 "-" "Mozilla/5.0 AppleWebKit/537.36 (KHTML, like Gecko; compatible; ClaudeBot/1.0; +claudebot@anthropic.com)"
18.218.67.48 - - [08/Apr/2025:08:32:43 -0400] "GET /ad917/?path=%2Fhome%2F.%2F..%2Fhome2%2F..%2Flib64%2Fperl5 HTTP/1.1" 200 2941 "-" "Mozilla/5.0 AppleWebKit/537.36 (KHTML, like Gecko; compatible; ClaudeBot/1.0; +claudebot@anthropic.com)"
207.46.13.64 - - [08/Apr/2025:08:32:44 -0400] "GET /item/gas/compend/50536478.shtml HTTP/1.1" 200 26175 "-" "Mozilla/5.0 AppleWebKit/537.36 (KHTML, like Gecko; compatible; bingbot/2.0; +http://www.bing.com/bingbot.htm) Chrome/116.0.1938.76 Safari/537.36"
18.218.67.48 - - [08/Apr/2025:08:32:46 -0400] "GET /ad917/?path=%2Fhome%2F.%2F..%2Fhome1%2F..%2Flib64%2Flibnl HTTP/1.1" 200 1459 "-" "Mozilla/5.0 AppleWebKit/537.36 (KHTML, like Gecko; compatible; ClaudeBot/1.0; +claudebot@anthropic.com)"
66.249.65.104 - - [08/Apr/2025:08:32:46 -0400] "GET /items/ri/klipspringer/53538844.shtml HTTP/1.1" 200 27769 "-" "Mozilla/5.0 (Linux; Android 6.0.1; Nexus 5X Build/MMB29P) AppleWebKit/537.36 (KHTML, like Gecko) Chrome/135.0.7049.52 Mobile Safari/537.36 (compatible; GoogleOther)"
66.249.65.104 - - [08/Apr/2025:08:32:47 -0400] "GET /goods/f/asthenia/45867024.shtml HTTP/1.1" 200 27118 "-" "Mozilla/5.0 (Linux; Android 6.0.1; Nexus 5X Build/MMB29P) AppleWebKit/537.36 (KHTML, like Gecko) Chrome/135.0.7049.52 Mobile Safari/537.36 (compatible; Googlebot/2.1; +http://www.google.com/bot.html)"
66.249.65.104 - - [08/Apr/2025:08:32:47 -0400] "GET /shopdetail/q/beefburger28023134.shtml HTTP/1.1" 200 25693 "-" "Mozilla/5.0 (Linux; Android 6.0.1; Nexus 5X Build/MMB29P) AppleWebKit/537.36 (KHTML, like Gecko) Chrome/135.0.7049.52 Mobile Safari/537.36 (compatible; GoogleOther)"
18.218.67.48 - - [08/Apr/2025:08:32:49 -0400] "GET /ad917/?path=%2Fhome%2F.%2F..%2Fhome1%2F..%2Flib64%2Fgconv HTTP/1.1" 200 6398 "-" "Mozilla/5.0 AppleWebKit/537.36 (KHTML, like Gecko; compatible; ClaudeBot/1.0; +claudebot@anthropic.com)"
52.167.144.145 - - [08/Apr/2025:08:32:50 -0400] "GET /entity28628628.shtml HTTP/1.1" 200 26894 "-" "Mozilla/5.0 AppleWebKit/537.36 (KHTML, like Gecko; compatible; bingbot/2.0; +http://www.bing.com/bingbot.htm) Chrome/116.0.1938.76 Safari/537.36"
18.218.67.48 - - [08/Apr/2025:08:32:52 -0400] "GET /ad917/?path=%2Fhome%2F.%2F..%2Fhome3%2F..%2Flib64%2Fpgsql HTTP/1.1" 200 2328 "-" "Mozilla/5.0 AppleWebKit/537.36 (KHTML, like Gecko; compatible; ClaudeBot/1.0; +claudebot@anthropic.com)"
18.218.67.48 - - [08/Apr/2025:08:32:55 -0400] "GET /ad917/?path=%2Fhome%2F.%2F..%2Fhome1%2F..%2Flib64%2Fmysql HTTP/1.1" 200 1691 "-" "Mozilla/5.0 AppleWebKit/537.36 (KHTML, like Gecko; compatible; ClaudeBot/1.0; +claudebot@anthropic.com)"
207.46.13.160 - - [08/Apr/2025:08:32:54 -0400] "GET /special/78351902.shtml HTTP/1.1" 200 25571 "-" "Mozilla/5.0 AppleWebKit/537.36 (KHTML, like Gecko; compatible; bingbot/2.0; +http://www.bing.com/bingbot.htm) Chrome/116.0.1938.76 Safari/537.36"
66.249.65.104 - - [08/Apr/2025:08:32:57 -0400] "GET /products/fhy/idolatries29248984.shtml HTTP/1.1" 200 25298 "-" "Mozilla/5.0 (Linux; Android 6.0.1; Nexus 5X Build/MMB29P) AppleWebKit/537.36 (KHTML, like Gecko) Chrome/135.0.7049.52 Mobile Safari/537.36 (compatible; GoogleOther)"
18.218.67.48 - - [08/Apr/2025:08:32:58 -0400] "GET /ad917/?path=%2Fhome%2F.%2F..%2Fhome2%2F..%2Flib64%2Faudit HTTP/1.1" 200 1506 "-" "Mozilla/5.0 AppleWebKit/537.36 (KHTML, like Gecko; compatible; ClaudeBot/1.0; +claudebot@anthropic.com)"
66.249.65.104 - - [08/Apr/2025:08:32:58 -0400] "GET /goodscode/x/nudiflora/83405344.shtml HTTP/1.1" 200 26850 "-" "Mozilla/5.0 (Linux; Android 6.0.1; Nexus 5X Build/MMB29P) AppleWebKit/537.36 (KHTML, like Gecko) Chrome/135.0.7049.52 Mobile Safari/537.36 (compatible; GoogleOther)"
18.218.67.48 - - [08/Apr/2025:08:33:01 -0400] "GET /ad917/?path=%2Fhome%2F.%2F..%2Fhome1%2F..%2Flib64%2Fguile HTTP/1.1" 200 1459 "-" "Mozilla/5.0 AppleWebKit/537.36 (KHTML, like Gecko; compatible; ClaudeBot/1.0; +claudebot@anthropic.com)"
18.218.67.48 - - [08/Apr/2025:08:33:04 -0400] "GET /ad917/?path=%2Fhome%2F.%2F..%2Fusr%2Flib%2Flocale%2Fen_AG HTTP/1.1" 200 1863 "-" "Mozilla/5.0 AppleWebKit/537.36 (KHTML, like Gecko; compatible; ClaudeBot/1.0; +claudebot@anthropic.com)"
18.218.67.48 - - [08/Apr/2025:08:33:07 -0400] "GET /ad917/?path=%2Fhome%2F.%2F..%2Fhome4%2F..%2Flib64%2Fcmake HTTP/1.1" 200 1821 "-" "Mozilla/5.0 AppleWebKit/537.36 (KHTML, like Gecko; compatible; ClaudeBot/1.0; +claudebot@anthropic.com)"
66.249.65.104 - - [08/Apr/2025:08:33:07 -0400] "GET /shopdetail/n/agapanthus/4335404.shtml HTTP/1.1" 200 26725 "-" "Mozilla/5.0 (Linux; Android 6.0.1; Nexus 5X Build/MMB29P) AppleWebKit/537.36 (KHTML, like Gecko) Chrome/135.0.7049.52 Mobile Safari/537.36 (compatible; GoogleOther)"
66.249.65.104 - - [08/Apr/2025:08:33:09 -0400] "GET /entity/piligerous34046292.shtml HTTP/1.1" 200 26980 "-" "Mozilla/5.0 (Linux; Android 6.0.1; Nexus 5X Build/MMB29P) AppleWebKit/537.36 (KHTML, like Gecko) Chrome/135.0.7049.52 Mobile Safari/537.36 (compatible; GoogleOther)"
18.218.67.48 - - [08/Apr/2025:08:33:10 -0400] "GET /ad917/?path=%2Fhome%2F.%2F..%2Fusr%2Flib%2Flocale%2Fen_US HTTP/1.1" 200 1898 "-" "Mozilla/5.0 AppleWebKit/537.36 (KHTML, like Gecko; compatible; ClaudeBot/1.0; +claudebot@anthropic.com)"
66.249.65.96 - - [08/Apr/2025:08:33:10 -0400] "GET /entity/wkk/louping/33533666.shtml HTTP/1.1" 200 29331 "-" "Mozilla/5.0 (Linux; Android 6.0.1; Nexus 5X Build/MMB29P) AppleWebKit/537.36 (KHTML, like Gecko) Chrome/135.0.7049.52 Mobile Safari/537.36 (compatible; GoogleOther)"
18.218.67.48 - - [08/Apr/2025:08:33:13 -0400] "GET /ad917/?path=%2Fhome%2F.%2F..%2Fhome2%2F..%2Flib64%2Ftk8.6 HTTP/1.1" 200 1515 "-" "Mozilla/5.0 AppleWebKit/537.36 (KHTML, like Gecko; compatible; ClaudeBot/1.0; +claudebot@anthropic.com)"
207.46.13.17 - - [08/Apr/2025:08:33:13 -0400] "GET /special99097802.shtml HTTP/1.1" 200 27144 "-" "Mozilla/5.0 AppleWebKit/537.36 (KHTML, like Gecko; compatible; bingbot/2.0; +http://www.bing.com/bingbot.htm) Chrome/116.0.1938.76 Safari/537.36"
18.218.67.48 - - [08/Apr/2025:08:33:16 -0400] "GET /ad917/?path=%2Fhome%2F.%2F..%2Fusr%2Flib%2Flocale%2Fen_PH HTTP/1.1" 200 1899 "-" "Mozilla/5.0 AppleWebKit/537.36 (KHTML, like Gecko; compatible; ClaudeBot/1.0; +claudebot@anthropic.com)"
18.218.67.48 - - [08/Apr/2025:08:33:19 -0400] "GET /ad917/?path=%2Fhome%2F.%2F..%2Fhome1%2F..%2Flib64%2Fpgsql HTTP/1.1" 200 2327 "-" "Mozilla/5.0 AppleWebKit/537.36 (KHTML, like Gecko; compatible; ClaudeBot/1.0; +claudebot@anthropic.com)"
18.218.67.48 - - [08/Apr/2025:08:33:22 -0400] "GET /ad917/?path=%2Fhome%2F.%2F..%2Fhome3%2F..%2Flib64%2Flibnl HTTP/1.1" 200 1459 "-" "Mozilla/5.0 AppleWebKit/537.36 (KHTML, like Gecko; compatible; ClaudeBot/1.0; +claudebot@anthropic.com)"
66.249.65.105 - - [08/Apr/2025:08:33:21 -0400] "GET /items/122641864.shtml HTTP/1.1" 200 25799 "-" "Mozilla/5.0 (Linux; Android 6.0.1; Nexus 5X Build/MMB29P) AppleWebKit/537.36 (KHTML, like Gecko) Chrome/135.0.7049.52 Mobile Safari/537.36 (compatible; GoogleOther)"
207.46.13.17 - - [08/Apr/2025:08:33:22 -0400] "GET /shopdetail/iyy/rhonchial/61726286.shtml HTTP/1.1" 200 26535 "-" "Mozilla/5.0 AppleWebKit/537.36 (KHTML, like Gecko; compatible; bingbot/2.0; +http://www.bing.com/bingbot.htm) Chrome/116.0.1938.76 Safari/537.36"
157.55.39.56 - - [08/Apr/2025:08:33:23 -0400] "GET /info102851464.shtml HTTP/1.1" 200 27086 "-" "Mozilla/5.0 AppleWebKit/537.36 (KHTML, like Gecko; compatible; bingbot/2.0; +http://www.bing.com/bingbot.htm) Chrome/116.0.1938.76 Safari/537.36"
18.218.67.48 - - [08/Apr/2025:08:33:25 -0400] "GET /ad917/?path=%2Fhome%2F.%2F..%2Fusr%2Flib%2Flocale%2Fen_CA HTTP/1.1" 200 1896 "-" "Mozilla/5.0 AppleWebKit/537.36 (KHTML, like Gecko; compatible; ClaudeBot/1.0; +claudebot@anthropic.com)"
66.249.65.104 - - [08/Apr/2025:08:33:26 -0400] "GET /entity/1347554.shtml HTTP/1.1" 200 27401 "-" "Mozilla/5.0 (Linux; Android 6.0.1; Nexus 5X Build/MMB29P) AppleWebKit/537.36 (KHTML, like Gecko) Chrome/135.0.7049.52 Mobile Safari/537.36 (compatible; GoogleOther)"
18.218.67.48 - - [08/Apr/2025:08:33:28 -0400] "GET /ad917/?path=%2Fhome%2F.%2F..%2Fusr%2Flib%2Flocale%2Fen_NG HTTP/1.1" 200 1865 "-" "Mozilla/5.0 AppleWebKit/537.36 (KHTML, like Gecko; compatible; ClaudeBot/1.0; +claudebot@anthropic.com)"
66.249.65.104 - - [08/Apr/2025:08:33:27 -0400] "GET /products/teleost60150968.shtml HTTP/1.1" 200 25324 "-" "Mozilla/5.0 (Linux; Android 6.0.1; Nexus 5X Build/MMB29P) AppleWebKit/537.36 (KHTML, like Gecko) Chrome/135.0.7049.52 Mobile Safari/537.36 (compatible; GoogleOther)"
66.249.65.104 - - [08/Apr/2025:08:33:29 -0400] "GET /products/i/corymbous/109860554.shtml HTTP/1.1" 200 26987 "-" "Mozilla/5.0 (Linux; Android 6.0.1; Nexus 5X Build/MMB29P) AppleWebKit/537.36 (KHTML, like Gecko) Chrome/135.0.7049.52 Mobile Safari/537.36 (compatible; GoogleOther)"
52.167.144.145 - - [08/Apr/2025:08:33:30 -0400] "GET /goodscode/illuministic12028712.shtml HTTP/1.1" 200 27137 "-" "Mozilla/5.0 AppleWebKit/537.36 (KHTML, like Gecko; compatible; bingbot/2.0; +http://www.bing.com/bingbot.htm) Chrome/116.0.1938.76 Safari/537.36"
18.218.67.48 - - [08/Apr/2025:08:33:31 -0400] "GET /ad917/?path=%2Fhome%2F.%2F..%2Fhome2%2F..%2Flib64%2Fcmake HTTP/1.1" 200 1821 "-" "Mozilla/5.0 AppleWebKit/537.36 (KHTML, like Gecko; compatible; ClaudeBot/1.0; +claudebot@anthropic.com)"
66.249.65.104 - - [08/Apr/2025:08:33:32 -0400] "GET /shopdetail/olm/shading71911670.shtml HTTP/1.1" 200 26264 "-" "Mozilla/5.0 (Linux; Android 6.0.1; Nexus 5X Build/MMB29P) AppleWebKit/537.36 (KHTML, like Gecko) Chrome/135.0.7049.52 Mobile Safari/537.36 (compatible; GoogleOther)"
18.218.67.48 - - [08/Apr/2025:08:33:34 -0400] "GET /ad917/?path=%2Fhome%2F.%2F..%2Fusr%2Flib%2Flocale%2Fen_ZW HTTP/1.1" 200 1898 "-" "Mozilla/5.0 AppleWebKit/537.36 (KHTML, like Gecko; compatible; ClaudeBot/1.0; +claudebot@anthropic.com)"
66.249.65.104 - - [08/Apr/2025:08:33:33 -0400] "GET /shopbrand/p/alcoholometry/11659468.shtml HTTP/1.1" 200 27829 "-" "Mozilla/5.0 (Linux; Android 6.0.1; Nexus 5X Build/MMB29P) AppleWebKit/537.36 (KHTML, like Gecko) Chrome/135.0.7049.52 Mobile Safari/537.36 (compatible; GoogleOther)"
18.218.67.48 - - [08/Apr/2025:08:33:37 -0400] "GET /ad917/?path=%2Fhome%2F.%2F..%2Fusr%2Flib%2Flocale%2Fen_SG HTTP/1.1" 200 1896 "-" "Mozilla/5.0 AppleWebKit/537.36 (KHTML, like Gecko; compatible; ClaudeBot/1.0; +claudebot@anthropic.com)"
52.167.144.145 - - [08/Apr/2025:08:33:39 -0400] "GET /shopping/5444272.shtml HTTP/1.1" 200 26727 "-" "Mozilla/5.0 AppleWebKit/537.36 (KHTML, like Gecko; compatible; bingbot/2.0; +http://www.bing.com/bingbot.htm) Chrome/116.0.1938.76 Safari/537.36"
18.218.67.48 - - [08/Apr/2025:08:33:40 -0400] "GET /ad917/?path=%2Fhome%2F.%2F..%2Fhome4%2F..%2Flib64%2Fpgsql HTTP/1.1" 200 2345 "-" "Mozilla/5.0 AppleWebKit/537.36 (KHTML, like Gecko; compatible; ClaudeBot/1.0; +claudebot@anthropic.com)"
18.218.67.48 - - [08/Apr/2025:08:33:43 -0400] "GET /ad917/?path=%2Fhome%2F.%2F..%2Fhome1%2F..%2Flib64%2Fperl5 HTTP/1.1" 200 2987 "-" "Mozilla/5.0 AppleWebKit/537.36 (KHTML, like Gecko; compatible; ClaudeBot/1.0; +claudebot@anthropic.com)"
66.249.65.104 - - [08/Apr/2025:08:33:42 -0400] "GET /detail/munga/109858896.shtml HTTP/1.1" 200 25836 "-" "Mozilla/5.0 (Linux; Android 6.0.1; Nexus 5X Build/MMB29P) AppleWebKit/537.36 (KHTML, like Gecko) Chrome/135.0.7049.52 Mobile Safari/537.36 (compatible; GoogleOther)"
66.249.65.104 - - [08/Apr/2025:08:33:44 -0400] "GET /shopdetail/d/sperm/41023984.shtml HTTP/1.1" 200 28327 "-" "Mozilla/5.0 (Linux; Android 6.0.1; Nexus 5X Build/MMB29P) AppleWebKit/537.36 (KHTML, like Gecko) Chrome/135.0.7049.52 Mobile Safari/537.36 (compatible; GoogleOther)"
18.218.67.48 - - [08/Apr/2025:08:33:46 -0400] "GET /ad917/?path=%2Fhome%2F.%2F..%2Fhome2%2F..%2Flib64%2Fgconv HTTP/1.1" 200 5974 "-" "Mozilla/5.0 AppleWebKit/537.36 (KHTML, like Gecko; compatible; ClaudeBot/1.0; +claudebot@anthropic.com)"
66.249.65.104 - - [08/Apr/2025:08:33:45 -0400] "GET /detail/sy/meretriciously/110263970.shtml HTTP/1.1" 200 25224 "-" "Mozilla/5.0 (Linux; Android 6.0.1; Nexus 5X Build/MMB29P) AppleWebKit/537.36 (KHTML, like Gecko) Chrome/135.0.7049.52 Mobile Safari/537.36 (compatible; GoogleOther)"
66.249.65.104 - - [08/Apr/2025:08:33:47 -0400] "GET /items/a/scaup/62736098.shtml HTTP/1.1" 200 26000 "-" "Mozilla/5.0 (Linux; Android 6.0.1; Nexus 5X Build/MMB29P) AppleWebKit/537.36 (KHTML, like Gecko) Chrome/135.0.7049.52 Mobile Safari/537.36 (compatible; GoogleOther)"
18.218.67.48 - - [08/Apr/2025:08:33:49 -0400] "GET /ad917/?path=%2Fhome%2F.%2F..%2Fhome3%2F..%2Flib64%2Fmysql HTTP/1.1" 200 1691 "-" "Mozilla/5.0 AppleWebKit/537.36 (KHTML, like Gecko; compatible; ClaudeBot/1.0; +claudebot@anthropic.com)"
18.218.67.48 - - [08/Apr/2025:08:33:52 -0400] "GET /ad917/?path=%2Fhome%2F.%2F..%2Fhome3%2F..%2Flib64%2Fgconv HTTP/1.1" 200 6063 "-" "Mozilla/5.0 AppleWebKit/537.36 (KHTML, like Gecko; compatible; ClaudeBot/1.0; +claudebot@anthropic.com)"
18.218.67.48 - - [08/Apr/2025:08:33:55 -0400] "GET /ad917/?path=%2Fhome%2F.%2F..%2Fhome4%2F..%2Flib64%2Fsasl2 HTTP/1.1" 200 1616 "-" "Mozilla/5.0 AppleWebKit/537.36 (KHTML, like Gecko; compatible; ClaudeBot/1.0; +claudebot@anthropic.com)"
18.218.67.48 - - [08/Apr/2025:08:33:58 -0400] "GET /ad917/?path=%2Fhome%2F.%2F..%2Fhome1%2F..%2Flib64%2Fsasl2 HTTP/1.1" 200 1616 "-" "Mozilla/5.0 AppleWebKit/537.36 (KHTML, like Gecko; compatible; ClaudeBot/1.0; +claudebot@anthropic.com)"
66.249.65.104 - - [08/Apr/2025:08:33:59 -0400] "GET /product/a/precellent/52125086.shtml HTTP/1.1" 200 25345 "-" "Mozilla/5.0 (Linux; Android 6.0.1; Nexus 5X Build/MMB29P) AppleWebKit/537.36 (KHTML, like Gecko) Chrome/135.0.7049.52 Mobile Safari/537.36 (compatible; GoogleOther)"
40.77.167.7 - - [08/Apr/2025:08:33:59 -0400] "GET /detail102216454.shtml HTTP/1.1" 200 27205 "-" "Mozilla/5.0 AppleWebKit/537.36 (KHTML, like Gecko; compatible; bingbot/2.0; +http://www.bing.com/bingbot.htm) Chrome/116.0.1938.76 Safari/537.36"
18.218.67.48 - - [08/Apr/2025:08:34:01 -0400] "GET /ad917/?path=%2Fhome%2F.%2F..%2Fhome5%2F..%2Flib64%2Fpgsql HTTP/1.1" 200 2347 "-" "Mozilla/5.0 AppleWebKit/537.36 (KHTML, like Gecko; compatible; ClaudeBot/1.0; +claudebot@anthropic.com)"
52.167.144.225 - - [08/Apr/2025:08:34:00 -0400] "GET /goods/cayugas93967188.shtml HTTP/1.1" 200 27645 "-" "Mozilla/5.0 AppleWebKit/537.36 (KHTML, like Gecko; compatible; bingbot/2.0; +http://www.bing.com/bingbot.htm) Chrome/116.0.1938.76 Safari/537.36"
18.218.67.48 - - [08/Apr/2025:08:34:04 -0400] "GET /ad917/?path=%2Fhome%2F.%2F..%2Fhome5%2F..%2Flib64%2Fgroff HTTP/1.1" 200 1432 "-" "Mozilla/5.0 AppleWebKit/537.36 (KHTML, like Gecko; compatible; ClaudeBot/1.0; +claudebot@anthropic.com)"
66.249.65.105 - - [08/Apr/2025:08:34:04 -0400] "GET /products/corolliflorous/46030652.shtml HTTP/1.1" 200 29409 "-" "Mozilla/5.0 (Linux; Android 6.0.1; Nexus 5X Build/MMB29P) AppleWebKit/537.36 (KHTML, like Gecko) Chrome/135.0.7049.52 Mobile Safari/537.36 (compatible; GoogleOther)"
207.46.13.64 - - [08/Apr/2025:08:34:05 -0400] "GET /entity/belikely47180390.shtml HTTP/1.1" 200 26719 "-" "Mozilla/5.0 AppleWebKit/537.36 (KHTML, like Gecko; compatible; bingbot/2.0; +http://www.bing.com/bingbot.htm) Chrome/116.0.1938.76 Safari/537.36"
66.249.65.96 - - [08/Apr/2025:08:34:06 -0400] "GET /entity/sxo/zedoary106807806.shtml HTTP/1.1" 200 27721 "-" "Mozilla/5.0 (Linux; Android 6.0.1; Nexus 5X Build/MMB29P) AppleWebKit/537.36 (KHTML, like Gecko) Chrome/135.0.7049.52 Mobile Safari/537.36 (compatible; GoogleOther)"
18.218.67.48 - - [08/Apr/2025:08:34:07 -0400] "GET /ad917/?path=%2Fhome%2F.%2F..%2Fusr%2Flib%2Ffirmware%2Fcis HTTP/1.1" 200 1985 "-" "Mozilla/5.0 AppleWebKit/537.36 (KHTML, like Gecko; compatible; ClaudeBot/1.0; +claudebot@anthropic.com)"
66.249.65.96 - - [08/Apr/2025:08:34:07 -0400] "GET /shopdetail/ru/dicebox62733548.shtml HTTP/1.1" 200 27018 "-" "Mozilla/5.0 (Linux; Android 6.0.1; Nexus 5X Build/MMB29P) AppleWebKit/537.36 (KHTML, like Gecko) Chrome/135.0.7049.52 Mobile Safari/537.36 (compatible; GoogleOther)"
40.77.167.7 - - [08/Apr/2025:08:34:08 -0400] "GET /items/balsamodendron/13898182.shtml HTTP/1.1" 200 26743 "-" "Mozilla/5.0 AppleWebKit/537.36 (KHTML, like Gecko; compatible; bingbot/2.0; +http://www.bing.com/bingbot.htm) Chrome/116.0.1938.76 Safari/537.36"
18.218.67.48 - - [08/Apr/2025:08:34:10 -0400] "GET /ad917/?path=%2Fhome%2F.%2F..%2Fhome%2Fservlmvm%2Fssl%2F.. HTTP/1.1" 200 2503 "-" "Mozilla/5.0 AppleWebKit/537.36 (KHTML, like Gecko; compatible; ClaudeBot/1.0; +claudebot@anthropic.com)"
66.249.65.104 - - [08/Apr/2025:08:34:11 -0400] "GET /shopbrand/lq/matchlessly/21772312.shtml HTTP/1.1" 200 26845 "-" "Mozilla/5.0 (Linux; Android 6.0.1; Nexus 5X Build/MMB29P) AppleWebKit/537.36 (KHTML, like Gecko) Chrome/135.0.7049.52 Mobile Safari/537.36 (compatible; GoogleOther)"
18.218.67.48 - - [08/Apr/2025:08:34:13 -0400] "GET /ad917/?path=%2Fhome%2F.%2F..%2Fusr%2Flib%2Ffirmware%2Famd HTTP/1.1" 200 1612 "-" "Mozilla/5.0 AppleWebKit/537.36 (KHTML, like Gecko; compatible; ClaudeBot/1.0; +claudebot@anthropic.com)"
18.218.67.48 - - [08/Apr/2025:08:34:16 -0400] "GET /ad917/?path=%2Fhome%2F.%2F.%2Fservlmvm%2Flscache%2Fa%2F.. HTTP/1.1" 200 1715 "-" "Mozilla/5.0 AppleWebKit/537.36 (KHTML, like Gecko; compatible; ClaudeBot/1.0; +claudebot@anthropic.com)"
18.218.67.48 - - [08/Apr/2025:08:34:19 -0400] "GET /ad917/?path=%2Fhome%2F.%2F.%2Fservlmvm%2Flscache%2F7%2F.. HTTP/1.1" 200 1743 "-" "Mozilla/5.0 AppleWebKit/537.36 (KHTML, like Gecko; compatible; ClaudeBot/1.0; +claudebot@anthropic.com)"
18.218.67.48 - - [08/Apr/2025:08:34:22 -0400] "GET /ad917/?path=%2Fhome%2F.%2F.%2Fservlmvm%2F.cagefs%2F.%2F.. HTTP/1.1" 200 2429 "-" "Mozilla/5.0 AppleWebKit/537.36 (KHTML, like Gecko; compatible; ClaudeBot/1.0; +claudebot@anthropic.com)"
207.46.13.64 - - [08/Apr/2025:08:34:21 -0400] "GET /goodscode/peristaltic75984904.shtml HTTP/1.1" 200 26637 "-" "Mozilla/5.0 AppleWebKit/537.36 (KHTML, like Gecko; compatible; bingbot/2.0; +http://www.bing.com/bingbot.htm) Chrome/116.0.1938.76 Safari/537.36"
