52.167.144.161 - - [08/Apr/2025:09:57:20 -0400] "GET /special38238758.shtml HTTP/1.1" 200 29436 "-" "Mozilla/5.0 AppleWebKit/537.36 (KHTML, like Gecko; compatible; bingbot/2.0; +http://www.bing.com/bingbot.htm) Chrome/116.0.1938.76 Safari/537.36"
3.23.104.114 - - [08/Apr/2025:09:57:22 -0400] "GET /ad917/?path=%2Fhome%2F.%2F..%2Flib64%2Ffirebird%2F..%2FlibXi.so.6 HTTP/1.1" 200 956 "-" "Mozilla/5.0 AppleWebKit/537.36 (KHTML, like Gecko; compatible; ClaudeBot/1.0; +claudebot@anthropic.com)"
157.55.39.9 - - [08/Apr/2025:09:57:23 -0400] "GET /goodscode75896416.shtml HTTP/1.1" 200 26252 "-" "Mozilla/5.0 AppleWebKit/537.36 (KHTML, like Gecko; compatible; bingbot/2.0; +http://www.bing.com/bingbot.htm) Chrome/116.0.1938.76 Safari/537.36"
3.23.104.114 - - [08/Apr/2025:09:57:25 -0400] "GET /ad917/?path=%2Fhome%2F.%2F..%2Flib64%2Fplymouth%2F..%2Flibgc.so.1 HTTP/1.1" 200 954 "-" "Mozilla/5.0 AppleWebKit/537.36 (KHTML, like Gecko; compatible; ClaudeBot/1.0; +claudebot@anthropic.com)"
207.46.13.124 - - [08/Apr/2025:09:57:24 -0400] "GET /special/decachord/101373678.shtml HTTP/1.1" 200 25973 "-" "Mozilla/5.0 AppleWebKit/537.36 (KHTML, like Gecko; compatible; bingbot/2.0; +http://www.bing.com/bingbot.htm) Chrome/116.0.1938.76 Safari/537.36"
157.55.39.9 - - [08/Apr/2025:09:57:25 -0400] "GET /entity52217218.shtml HTTP/1.1" 200 26302 "-" "Mozilla/5.0 AppleWebKit/537.36 (KHTML, like Gecko; compatible; bingbot/2.0; +http://www.bing.com/bingbot.htm) Chrome/116.0.1938.76 Safari/537.36"
66.249.65.104 - - [08/Apr/2025:09:57:26 -0400] "GET /shopdetail/hyo/lanyard/25800516.shtml HTTP/1.1" 200 25348 "-" "Mozilla/5.0 (Linux; Android 6.0.1; Nexus 5X Build/MMB29P) AppleWebKit/537.36 (KHTML, like Gecko) Chrome/135.0.7049.52 Mobile Safari/537.36 (compatible; GoogleOther)"
66.249.65.104 - - [08/Apr/2025:09:57:27 -0400] "GET /goodscode/t/preformation/49987728.shtml HTTP/1.1" 200 27045 "-" "Mozilla/5.0 (Linux; Android 6.0.1; Nexus 5X Build/MMB29P) AppleWebKit/537.36 (KHTML, like Gecko) Chrome/135.0.7049.52 Mobile Safari/537.36 (compatible; GoogleOther)"
3.23.104.114 - - [08/Apr/2025:09:57:28 -0400] "GET /ad917/?path=%2Fhome%2F.%2F..%2Flib64%2Ffirebird%2F..%2Flibrt.so.1 HTTP/1.1" 200 954 "-" "Mozilla/5.0 AppleWebKit/537.36 (KHTML, like Gecko; compatible; ClaudeBot/1.0; +claudebot@anthropic.com)"
3.23.104.114 - - [08/Apr/2025:09:57:31 -0400] "GET /ad917/?path=%2Fhome%2F.%2F..%2Flib64%2F.%2Fpython2.7%2Furllib2.py HTTP/1.1" 200 16882 "-" "Mozilla/5.0 AppleWebKit/537.36 (KHTML, like Gecko; compatible; ClaudeBot/1.0; +claudebot@anthropic.com)"
207.46.13.124 - - [08/Apr/2025:09:57:33 -0400] "GET /product/hypsiloid88326420.shtml HTTP/1.1" 200 25388 "-" "Mozilla/5.0 AppleWebKit/537.36 (KHTML, like Gecko; compatible; bingbot/2.0; +http://www.bing.com/bingbot.htm) Chrome/116.0.1938.76 Safari/537.36"
3.23.104.114 - - [08/Apr/2025:09:57:34 -0400] "GET /ad917/?path=%2Fhome%2F.%2F..%2Flib64%2Ffirebird%2F..%2Flibxslt.so HTTP/1.1" 200 954 "-" "Mozilla/5.0 AppleWebKit/537.36 (KHTML, like Gecko; compatible; ClaudeBot/1.0; +claudebot@anthropic.com)"
66.249.65.104 - - [08/Apr/2025:09:57:34 -0400] "GET /info/a/mouton/120903678.shtml HTTP/1.1" 200 28239 "-" "Mozilla/5.0 (compatible; Googlebot/2.1; +http://www.google.com/bot.html)"
3.23.104.114 - - [08/Apr/2025:09:57:37 -0400] "GET /ad917/?path=%2Fhome%2F.%2Fservlmvm%2F.%2F.trash%2F..%2F.htpasswds HTTP/1.1" 403 1242 "-" "Mozilla/5.0 AppleWebKit/537.36 (KHTML, like Gecko; compatible; ClaudeBot/1.0; +claudebot@anthropic.com)"
66.249.65.104 - - [08/Apr/2025:09:57:37 -0400] "GET /products/d/denominate/77711908.shtml HTTP/1.1" 200 25718 "-" "Mozilla/5.0 (Linux; Android 6.0.1; Nexus 5X Build/MMB29P) AppleWebKit/537.36 (KHTML, like Gecko) Chrome/135.0.7049.52 Mobile Safari/537.36 (compatible; GoogleOther)"
52.167.144.161 - - [08/Apr/2025:09:57:39 -0400] "GET /products/buy/needlecase/80043260.shtml HTTP/1.1" 200 27444 "-" "Mozilla/5.0 AppleWebKit/537.36 (KHTML, like Gecko; compatible; bingbot/2.0; +http://www.bing.com/bingbot.htm) Chrome/116.0.1938.76 Safari/537.36"
66.249.65.104 - - [08/Apr/2025:09:57:39 -0400] "GET /items/l/pantograph/72979468.shtml HTTP/1.1" 200 27806 "-" "Mozilla/5.0 (Linux; Android 6.0.1; Nexus 5X Build/MMB29P) AppleWebKit/537.36 (KHTML, like Gecko) Chrome/135.0.7049.52 Mobile Safari/537.36 (compatible; GoogleOther)"
3.23.104.114 - - [08/Apr/2025:09:57:40 -0400] "GET /ad917/?path=%2Fhome%2F.%2F..%2Flib64%2F.%2Fpython2.7%2Fpyclbr.pyc HTTP/1.1" 200 959 "-" "Mozilla/5.0 AppleWebKit/537.36 (KHTML, like Gecko; compatible; ClaudeBot/1.0; +claudebot@anthropic.com)"
3.23.104.114 - - [08/Apr/2025:09:57:43 -0400] "GET /ad917/?path=%2Fhome%2F.%2F..%2Fusr%2Finclude%2Flinux%2Fsmc_diag.h HTTP/1.1" 200 1964 "-" "Mozilla/5.0 AppleWebKit/537.36 (KHTML, like Gecko; compatible; ClaudeBot/1.0; +claudebot@anthropic.com)"
207.46.13.124 - - [08/Apr/2025:09:57:43 -0400] "GET /special103364688.shtml HTTP/1.1" 200 28058 "-" "Mozilla/5.0 AppleWebKit/537.36 (KHTML, like Gecko; compatible; bingbot/2.0; +http://www.bing.com/bingbot.htm) Chrome/116.0.1938.76 Safari/537.36"
66.249.65.104 - - [08/Apr/2025:09:57:45 -0400] "GET /detail/114113790.shtml HTTP/1.1" 200 26921 "-" "Mozilla/5.0 (Linux; Android 6.0.1; Nexus 5X Build/MMB29P) AppleWebKit/537.36 (KHTML, like Gecko) Chrome/135.0.7049.52 Mobile Safari/537.36 (compatible; GoogleOther)"
3.23.104.114 - - [08/Apr/2025:09:57:46 -0400] "GET /ad917/?path=%2Fhome%2F.%2F..%2Flib64%2F.%2Fpython2.7%2Fwhichdb.py HTTP/1.1" 200 2225 "-" "Mozilla/5.0 AppleWebKit/537.36 (KHTML, like Gecko; compatible; ClaudeBot/1.0; +claudebot@anthropic.com)"
3.23.104.114 - - [08/Apr/2025:09:57:49 -0400] "GET /ad917/?path=%2Fhome%2F.%2F..%2Flib64%2F.%2Fpython2.7%2Fsndhdr.pyo HTTP/1.1" 200 959 "-" "Mozilla/5.0 AppleWebKit/537.36 (KHTML, like Gecko; compatible; ClaudeBot/1.0; +claudebot@anthropic.com)"
66.249.65.105 - - [08/Apr/2025:09:57:50 -0400] "GET /items/g/appended/49748038.shtml HTTP/1.1" 200 25961 "-" "Mozilla/5.0 (Linux; Android 6.0.1; Nexus 5X Build/MMB29P) AppleWebKit/537.36 (KHTML, like Gecko) Chrome/135.0.7049.52 Mobile Safari/537.36 (compatible; GoogleOther)"
207.46.13.124 - - [08/Apr/2025:09:57:51 -0400] "GET /shopbrand83301518.shtml HTTP/1.1" 200 26686 "-" "Mozilla/5.0 AppleWebKit/537.36 (KHTML, like Gecko; compatible; bingbot/2.0; +http://www.bing.com/bingbot.htm) Chrome/116.0.1938.76 Safari/537.36"
3.23.104.114 - - [08/Apr/2025:09:57:52 -0400] "GET /ad917/?path=%2Fhome%2F.%2F..%2Flib64%2Fplymouth%2F..%2Flibnss3.so HTTP/1.1" 200 954 "-" "Mozilla/5.0 AppleWebKit/537.36 (KHTML, like Gecko; compatible; ClaudeBot/1.0; +claudebot@anthropic.com)"
157.55.39.63 - - [08/Apr/2025:09:57:52 -0400] "GET /entity/kko/vallary/121708822.shtml HTTP/1.1" 200 27261 "-" "Mozilla/5.0 AppleWebKit/537.36 (KHTML, like Gecko; compatible; bingbot/2.0; +http://www.bing.com/bingbot.htm) Chrome/116.0.1938.76 Safari/537.36"
3.23.104.114 - - [08/Apr/2025:09:57:55 -0400] "GET /ad917/?path=%2Fhome%2F.%2F..%2F.%2Flib64%2Fpython2.7%2Fsndhdr.pyo HTTP/1.1" 200 957 "-" "Mozilla/5.0 AppleWebKit/537.36 (KHTML, like Gecko; compatible; ClaudeBot/1.0; +claudebot@anthropic.com)"
66.249.65.104 - - [08/Apr/2025:09:57:55 -0400] "GET /shopdetail82481678.shtml HTTP/1.1" 200 27236 "-" "Mozilla/5.0 (Linux; Android 6.0.1; Nexus 5X Build/MMB29P) AppleWebKit/537.36 (KHTML, like Gecko) Chrome/135.0.7049.52 Mobile Safari/537.36 (compatible; GoogleOther)"
207.46.13.155 - - [08/Apr/2025:09:57:56 -0400] "GET /shopping69766346.shtml HTTP/1.1" 200 28407 "-" "Mozilla/5.0 AppleWebKit/537.36 (KHTML, like Gecko; compatible; bingbot/2.0; +http://www.bing.com/bingbot.htm) Chrome/116.0.1938.76 Safari/537.36"
66.249.65.104 - - [08/Apr/2025:09:57:56 -0400] "GET /goodscode/oea/derogatorily/72963202.shtml HTTP/1.1" 200 26038 "-" "Mozilla/5.0 (Linux; Android 6.0.1; Nexus 5X Build/MMB29P) AppleWebKit/537.36 (KHTML, like Gecko) Chrome/135.0.7049.52 Mobile Safari/537.36 (compatible; GoogleOther)"
3.23.104.114 - - [08/Apr/2025:09:57:58 -0400] "GET /ad917/?path=%2Fhome%2F.%2F..%2Flib64%2Fplymouth%2F..%2Flibtiff.so HTTP/1.1" 200 954 "-" "Mozilla/5.0 AppleWebKit/537.36 (KHTML, like Gecko; compatible; ClaudeBot/1.0; +claudebot@anthropic.com)"
66.249.65.105 - - [08/Apr/2025:09:57:58 -0400] "GET /item/proboscidial/27285800.shtml HTTP/1.1" 200 26112 "-" "Mozilla/5.0 (Linux; Android 6.0.1; Nexus 5X Build/MMB29P) AppleWebKit/537.36 (KHTML, like Gecko) Chrome/135.0.7049.52 Mobile Safari/537.36 (compatible; GoogleOther)"
157.55.39.52 - - [08/Apr/2025:09:58:00 -0400] "GET /item/epispore99095804.shtml HTTP/1.1" 200 30085 "-" "Mozilla/5.0 AppleWebKit/537.36 (KHTML, like Gecko; compatible; bingbot/2.0; +http://www.bing.com/bingbot.htm) Chrome/116.0.1938.76 Safari/537.36"
3.23.104.114 - - [08/Apr/2025:09:58:01 -0400] "GET /ad917/?path=%2Fhome%2F.%2F..%2Flib64%2Fplymouth%2F..%2Flibgd.so.3 HTTP/1.1" 200 954 "-" "Mozilla/5.0 AppleWebKit/537.36 (KHTML, like Gecko; compatible; ClaudeBot/1.0; +claudebot@anthropic.com)"
3.23.104.114 - - [08/Apr/2025:09:58:04 -0400] "GET /ad917/?path=%2Fhome%2F.%2F..%2Flib64%2Ffirebird%2F..%2Fliblber.so HTTP/1.1" 200 954 "-" "Mozilla/5.0 AppleWebKit/537.36 (KHTML, like Gecko; compatible; ClaudeBot/1.0; +claudebot@anthropic.com)"
207.46.13.124 - - [08/Apr/2025:09:58:03 -0400] "GET /detail104929754.shtml HTTP/1.1" 200 27475 "-" "Mozilla/5.0 AppleWebKit/537.36 (KHTML, like Gecko; compatible; bingbot/2.0; +http://www.bing.com/bingbot.htm) Chrome/116.0.1938.76 Safari/537.36"
66.249.65.104 - - [08/Apr/2025:09:58:04 -0400] "GET /items/x/blueribbon72960380.shtml HTTP/1.1" 200 27248 "-" "Mozilla/5.0 (Linux; Android 6.0.1; Nexus 5X Build/MMB29P) AppleWebKit/537.36 (KHTML, like Gecko) Chrome/135.0.7049.52 Mobile Safari/537.36 (compatible; GoogleOther)"
3.23.104.114 - - [08/Apr/2025:09:58:07 -0400] "GET /ad917/?path=%2Fhome%2F.%2F..%2F.%2Flib64%2Fpython2.7%2Frfc822.pyo HTTP/1.1" 200 957 "-" "Mozilla/5.0 AppleWebKit/537.36 (KHTML, like Gecko; compatible; ClaudeBot/1.0; +claudebot@anthropic.com)"
52.167.144.158 - - [08/Apr/2025:09:58:06 -0400] "GET /goods/bw/propellant/47184900.shtml HTTP/1.1" 200 26258 "-" "Mozilla/5.0 AppleWebKit/537.36 (KHTML, like Gecko; compatible; bingbot/2.0; +http://www.bing.com/bingbot.htm) Chrome/116.0.1938.76 Safari/537.36"
66.249.65.104 - - [08/Apr/2025:09:58:07 -0400] "GET /special74328236.shtml HTTP/1.1" 200 27566 "-" "Mozilla/5.0 (Linux; Android 6.0.1; Nexus 5X Build/MMB29P) AppleWebKit/537.36 (KHTML, like Gecko) Chrome/135.0.7049.52 Mobile Safari/537.36 (compatible; GoogleOther)"
207.46.13.155 - - [08/Apr/2025:09:58:08 -0400] "GET /products6972802.shtml HTTP/1.1" 200 27359 "-" "Mozilla/5.0 AppleWebKit/537.36 (KHTML, like Gecko; compatible; bingbot/2.0; +http://www.bing.com/bingbot.htm) Chrome/116.0.1938.76 Safari/537.36"
3.23.104.114 - - [08/Apr/2025:09:58:10 -0400] "GET /ad917/?path=%2Fhome%2F.%2F..%2F.%2Flib64%2Fpython2.7%2Fstatvfs.py HTTP/1.1" 200 1348 "-" "Mozilla/5.0 AppleWebKit/537.36 (KHTML, like Gecko; compatible; ClaudeBot/1.0; +claudebot@anthropic.com)"
66.249.65.105 - - [08/Apr/2025:09:58:09 -0400] "GET /detail/portoise52745658.shtml HTTP/1.1" 200 25422 "-" "Mozilla/5.0 (Linux; Android 6.0.1; Nexus 5X Build/MMB29P) AppleWebKit/537.36 (KHTML, like Gecko) Chrome/135.0.7049.52 Mobile Safari/537.36 (compatible; GoogleOther)"
157.55.39.63 - - [08/Apr/2025:09:58:11 -0400] "GET /item/uu/cohesively51904314.shtml HTTP/1.1" 200 26857 "-" "Mozilla/5.0 AppleWebKit/537.36 (KHTML, like Gecko; compatible; bingbot/2.0; +http://www.bing.com/bingbot.htm) Chrome/116.0.1938.76 Safari/537.36"
3.23.104.114 - - [08/Apr/2025:09:58:13 -0400] "GET /ad917/?path=%2Fhome%2F.%2F..%2F.%2Flib64%2Fpython2.7%2Fmimify.pyo HTTP/1.1" 200 957 "-" "Mozilla/5.0 AppleWebKit/537.36 (KHTML, like Gecko; compatible; ClaudeBot/1.0; +claudebot@anthropic.com)"
66.249.65.104 - - [08/Apr/2025:09:58:14 -0400] "GET /shopping/x/confiscator72965760.shtml HTTP/1.1" 200 26398 "-" "Mozilla/5.0 (Linux; Android 6.0.1; Nexus 5X Build/MMB29P) AppleWebKit/537.36 (KHTML, like Gecko) Chrome/135.0.7049.52 Mobile Safari/537.36 (compatible; GoogleOther)"
3.23.104.114 - - [08/Apr/2025:09:58:16 -0400] "GET /ad917/?path=%2Fhome%2F.%2F..%2Flib64%2Fplymouth%2F..%2Flibmvec.so HTTP/1.1" 200 954 "-" "Mozilla/5.0 AppleWebKit/537.36 (KHTML, like Gecko; compatible; ClaudeBot/1.0; +claudebot@anthropic.com)"
66.249.65.104 - - [08/Apr/2025:09:58:17 -0400] "GET /special/tqa/idiomatically/72965672.shtml HTTP/1.1" 200 25979 "-" "Mozilla/5.0 (Linux; Android 6.0.1; Nexus 5X Build/MMB29P) AppleWebKit/537.36 (KHTML, like Gecko) Chrome/135.0.7049.52 Mobile Safari/537.36 (compatible; GoogleOther)"
3.23.104.114 - - [08/Apr/2025:09:58:19 -0400] "GET /ad917/?path=%2Fhome%2F.%2F..%2F.%2Flib64%2Fpython2.7%2Fstring.pyc HTTP/1.1" 200 957 "-" "Mozilla/5.0 AppleWebKit/537.36 (KHTML, like Gecko; compatible; ClaudeBot/1.0; +claudebot@anthropic.com)"
52.167.144.161 - - [08/Apr/2025:09:58:18 -0400] "GET /items8788900.shtml HTTP/1.1" 200 27347 "-" "Mozilla/5.0 AppleWebKit/537.36 (KHTML, like Gecko; compatible; bingbot/2.0; +http://www.bing.com/bingbot.htm) Chrome/116.0.1938.76 Safari/537.36"
3.23.104.114 - - [08/Apr/2025:09:58:22 -0400] "GET /ad917/?path=%2Fhome%2F.%2F..%2Flib64%2F.%2Fpython2.7%2Fstring.pyo HTTP/1.1" 200 959 "-" "Mozilla/5.0 AppleWebKit/537.36 (KHTML, like Gecko; compatible; ClaudeBot/1.0; +claudebot@anthropic.com)"
157.55.39.63 - - [08/Apr/2025:09:58:22 -0400] "GET /goods/i/fitting32328618.shtml HTTP/1.1" 200 29558 "-" "Mozilla/5.0 AppleWebKit/537.36 (KHTML, like Gecko; compatible; bingbot/2.0; +http://www.bing.com/bingbot.htm) Chrome/116.0.1938.76 Safari/537.36"
207.46.13.155 - - [08/Apr/2025:09:58:23 -0400] "GET /products48754334.shtml HTTP/1.1" 200 28795 "-" "Mozilla/5.0 AppleWebKit/537.36 (KHTML, like Gecko; compatible; bingbot/2.0; +http://www.bing.com/bingbot.htm) Chrome/116.0.1938.76 Safari/537.36"
157.55.39.63 - - [08/Apr/2025:09:58:24 -0400] "GET /shopdetail/ke/ladyfish16752350.shtml HTTP/1.1" 200 26533 "-" "Mozilla/5.0 AppleWebKit/537.36 (KHTML, like Gecko; compatible; bingbot/2.0; +http://www.bing.com/bingbot.htm) Chrome/116.0.1938.76 Safari/537.36"
3.23.104.114 - - [08/Apr/2025:09:58:25 -0400] "GET /ad917/?path=%2Fhome%2F.%2F..%2Flib64%2F.%2Fpython2.7%2Fgetpass.py HTTP/1.1" 200 3088 "-" "Mozilla/5.0 AppleWebKit/537.36 (KHTML, like Gecko; compatible; ClaudeBot/1.0; +claudebot@anthropic.com)"
66.249.65.104 - - [08/Apr/2025:09:58:25 -0400] "GET /shopping/73361026.shtml HTTP/1.1" 200 26675 "-" "Mozilla/5.0 (Linux; Android 6.0.1; Nexus 5X Build/MMB29P) AppleWebKit/537.36 (KHTML, like Gecko) Chrome/135.0.7049.52 Mobile Safari/537.36 (compatible; GoogleOther)"
207.46.13.155 - - [08/Apr/2025:09:58:26 -0400] "GET /item/ak/manichord69965074.shtml HTTP/1.1" 200 28508 "-" "Mozilla/5.0 AppleWebKit/537.36 (KHTML, like Gecko; compatible; bingbot/2.0; +http://www.bing.com/bingbot.htm) Chrome/116.0.1938.76 Safari/537.36"
157.55.39.63 - - [08/Apr/2025:09:58:27 -0400] "GET /special/extenuated/61757284.shtml HTTP/1.1" 200 24870 "-" "Mozilla/5.0 AppleWebKit/537.36 (KHTML, like Gecko; compatible; bingbot/2.0; +http://www.bing.com/bingbot.htm) Chrome/116.0.1938.76 Safari/537.36"
3.23.104.114 - - [08/Apr/2025:09:58:28 -0400] "GET /ad917/?path=%2Fhome%2F.%2F..%2Flib64%2F.%2Fpython2.7%2Fsocket.pyc HTTP/1.1" 200 959 "-" "Mozilla/5.0 AppleWebKit/537.36 (KHTML, like Gecko; compatible; ClaudeBot/1.0; +claudebot@anthropic.com)"
52.167.144.161 - - [08/Apr/2025:09:58:28 -0400] "GET /items45496480.shtml HTTP/1.1" 200 26755 "-" "Mozilla/5.0 AppleWebKit/537.36 (KHTML, like Gecko; compatible; bingbot/2.0; +http://www.bing.com/bingbot.htm) Chrome/116.0.1938.76 Safari/537.36"
66.249.65.104 - - [08/Apr/2025:09:58:29 -0400] "GET /products/u/calculation/72980942.shtml HTTP/1.1" 200 27109 "-" "Mozilla/5.0 (Linux; Android 6.0.1; Nexus 5X Build/MMB29P) AppleWebKit/537.36 (KHTML, like Gecko) Chrome/135.0.7049.52 Mobile Safari/537.36 (compatible; GoogleOther)"
3.23.104.114 - - [08/Apr/2025:09:58:31 -0400] "GET /ad917/?path=%2Fhome%2F.%2F..%2Flib64%2F.%2Fpython2.7%2Fopcode.pyc HTTP/1.1" 200 959 "-" "Mozilla/5.0 AppleWebKit/537.36 (KHTML, like Gecko; compatible; ClaudeBot/1.0; +claudebot@anthropic.com)"
3.23.104.114 - - [08/Apr/2025:09:58:34 -0400] "GET /ad917/?path=%2Fhome%2F.%2F..%2F.%2Flib64%2Fpython2.7%2Furllib.pyc HTTP/1.1" 200 957 "-" "Mozilla/5.0 AppleWebKit/537.36 (KHTML, like Gecko; compatible; ClaudeBot/1.0; +claudebot@anthropic.com)"
207.46.13.124 - - [08/Apr/2025:09:58:34 -0400] "GET /items/aoa/reciprocation/14542814.shtml HTTP/1.1" 200 25492 "-" "Mozilla/5.0 AppleWebKit/537.36 (KHTML, like Gecko; compatible; bingbot/2.0; +http://www.bing.com/bingbot.htm) Chrome/116.0.1938.76 Safari/537.36"
3.23.104.114 - - [08/Apr/2025:09:58:37 -0400] "GET /ad917/?path=%2Fhome%2F.%2F..%2Fusr%2Finclude%2Flinux%2Fblkzoned.h HTTP/1.1" 200 3235 "-" "Mozilla/5.0 AppleWebKit/537.36 (KHTML, like Gecko; compatible; ClaudeBot/1.0; +claudebot@anthropic.com)"
3.23.104.114 - - [08/Apr/2025:09:58:40 -0400] "GET /ad917/?path=%2Fhome%2F.%2F..%2Fusr%2Finclude%2Flinux%2Fcyclades.h HTTP/1.1" 200 6615 "-" "Mozilla/5.0 AppleWebKit/537.36 (KHTML, like Gecko; compatible; ClaudeBot/1.0; +claudebot@anthropic.com)"
3.23.104.114 - - [08/Apr/2025:09:58:43 -0400] "GET /ad917/?path=%2Fhome%2F.%2F..%2Flib64%2Ftraceevent%2F..%2Flibdl.so HTTP/1.1" 200 955 "-" "Mozilla/5.0 AppleWebKit/537.36 (KHTML, like Gecko; compatible; ClaudeBot/1.0; +claudebot@anthropic.com)"
66.249.65.104 - - [08/Apr/2025:09:58:42 -0400] "GET /goodscode/j/shrewdness/72981616.shtml HTTP/1.1" 200 26792 "-" "Mozilla/5.0 (Linux; Android 6.0.1; Nexus 5X Build/MMB29P) AppleWebKit/537.36 (KHTML, like Gecko) Chrome/135.0.7049.52 Mobile Safari/537.36 (compatible; GoogleOther)"
207.46.13.155 - - [08/Apr/2025:09:58:43 -0400] "GET /shopping/rotund/23137174.shtml HTTP/1.1" 200 27287 "-" "Mozilla/5.0 AppleWebKit/537.36 (KHTML, like Gecko; compatible; bingbot/2.0; +http://www.bing.com/bingbot.htm) Chrome/116.0.1938.76 Safari/537.36"
66.249.65.104 - - [08/Apr/2025:09:58:44 -0400] "GET /products/xm/tracer/49752104.shtml HTTP/1.1" 200 27293 "-" "Mozilla/5.0 (Linux; Android 6.0.1; Nexus 5X Build/MMB29P) AppleWebKit/537.36 (KHTML, like Gecko) Chrome/135.0.7049.52 Mobile Safari/537.36 (compatible; GoogleOther)"
198.54.116.86 - - [08/Apr/2025:09:58:45 -0400] "POST /wp-cron.php?doing_wp_cron=1744120725.9132020473480224609375 HTTP/1.1" 200 0 "-" "WordPress/6.7.2; https://servethepeopleinc.org"
51.222.253.4 - - [08/Apr/2025:09:58:45 -0400] "GET /entity55806304.shtml HTTP/1.1" 404 16704 "-" "Mozilla/5.0 (compatible; AhrefsBot/7.0; +http://ahrefs.com/robot/)"
3.23.104.114 - - [08/Apr/2025:09:58:46 -0400] "GET /ad917/?path=%2Fhome%2F.%2F..%2Flib64%2Fplymouth%2F..%2Fpulseaudio HTTP/1.1" 200 1556 "-" "Mozilla/5.0 AppleWebKit/537.36 (KHTML, like Gecko; compatible; ClaudeBot/1.0; +claudebot@anthropic.com)"
198.54.116.86 - - [08/Apr/2025:09:58:46 -0400] "POST /wp-admin/admin-ajax.php?action=async_litespeed&nonce=WviANjYGI8lkE2dGPb3dcUhc5nWlOuAJ&litespeed_type=imgoptm HTTP/1.1" 200 21 "-" "WordPress/6.7.2; https://servethepeopleinc.org"
66.249.65.104 - - [08/Apr/2025:09:58:45 -0400] "GET /info/hja/exegete42272308.shtml HTTP/1.1" 200 26745 "-" "Mozilla/5.0 (Linux; Android 6.0.1; Nexus 5X Build/MMB29P) AppleWebKit/537.36 (KHTML, like Gecko) Chrome/135.0.7049.52 Mobile Safari/537.36 (compatible; GoogleOther)"
52.167.144.161 - - [08/Apr/2025:09:58:48 -0400] "GET /special/25382696.shtml HTTP/1.1" 200 27540 "-" "Mozilla/5.0 AppleWebKit/537.36 (KHTML, like Gecko; compatible; bingbot/2.0; +http://www.bing.com/bingbot.htm) Chrome/116.0.1938.76 Safari/537.36"
3.23.104.114 - - [08/Apr/2025:09:58:49 -0400] "GET /ad917/?path=%2Fhome%2F.%2F..%2Flib64%2F.%2Fpython2.7%2Fcodeop.pyc HTTP/1.1" 200 959 "-" "Mozilla/5.0 AppleWebKit/537.36 (KHTML, like Gecko; compatible; ClaudeBot/1.0; +claudebot@anthropic.com)"
3.23.104.114 - - [08/Apr/2025:09:58:52 -0400] "GET /ad917/?path=%2Fhome%2F.%2F..%2Fopt%2Ftd-agent-bit%2F..%2FMegaRAID HTTP/1.1" 200 1442 "-" "Mozilla/5.0 AppleWebKit/537.36 (KHTML, like Gecko; compatible; ClaudeBot/1.0; +claudebot@anthropic.com)"
66.249.65.104 - - [08/Apr/2025:09:58:52 -0400] "GET /products/b/endosarc/64269256.shtml HTTP/1.1" 200 27060 "-" "Mozilla/5.0 (Linux; Android 6.0.1; Nexus 5X Build/MMB29P) AppleWebKit/537.36 (KHTML, like Gecko) Chrome/135.0.7049.52 Mobile Safari/537.36 (compatible; GoogleOther)"
66.249.65.104 - - [08/Apr/2025:09:58:54 -0400] "GET /shopbrand/a/noncompliance/72968090.shtml HTTP/1.1" 200 26629 "-" "Mozilla/5.0 (Linux; Android 6.0.1; Nexus 5X Build/MMB29P) AppleWebKit/537.36 (KHTML, like Gecko) Chrome/135.0.7049.52 Mobile Safari/537.36 (compatible; GoogleOther)"
66.249.65.104 - - [08/Apr/2025:09:58:59 -0400] "GET /info/qwi/nonperformance/72981930.shtml HTTP/1.1" 200 27883 "-" "Mozilla/5.0 (Linux; Android 6.0.1; Nexus 5X Build/MMB29P) AppleWebKit/537.36 (KHTML, like Gecko) Chrome/135.0.7049.52 Mobile Safari/537.36 (compatible; GoogleOther)"
207.46.13.155 - - [08/Apr/2025:09:59:02 -0400] "GET /special/c/consensus/16502010.shtml HTTP/1.1" 200 26174 "-" "Mozilla/5.0 AppleWebKit/537.36 (KHTML, like Gecko; compatible; bingbot/2.0; +http://www.bing.com/bingbot.htm) Chrome/116.0.1938.76 Safari/537.36"
66.249.65.104 - - [08/Apr/2025:09:59:05 -0400] "GET /shopdetail/princeling583694.shtml HTTP/1.1" 200 27151 "-" "Mozilla/5.0 (Linux; Android 6.0.1; Nexus 5X Build/MMB29P) AppleWebKit/537.36 (KHTML, like Gecko) Chrome/135.0.7049.52 Mobile Safari/537.36 (compatible; GoogleOther)"
207.46.13.155 - - [08/Apr/2025:09:59:06 -0400] "GET /shopdetail/33188648.shtml HTTP/1.1" 200 26879 "-" "Mozilla/5.0 AppleWebKit/537.36 (KHTML, like Gecko; compatible; bingbot/2.0; +http://www.bing.com/bingbot.htm) Chrome/116.0.1938.76 Safari/537.36"
66.249.65.104 - - [08/Apr/2025:09:59:07 -0400] "GET /goodscode/aek/referrible/72971350.shtml HTTP/1.1" 200 27298 "-" "Mozilla/5.0 (Linux; Android 6.0.1; Nexus 5X Build/MMB29P) AppleWebKit/537.36 (KHTML, like Gecko) Chrome/135.0.7049.52 Mobile Safari/537.36 (compatible; GoogleOther)"
66.249.65.104 - - [08/Apr/2025:09:59:15 -0400] "GET /shopdetail/placodermal102340350.shtml HTTP/1.1" 200 27572 "-" "Mozilla/5.0 (Linux; Android 6.0.1; Nexus 5X Build/MMB29P) AppleWebKit/537.36 (KHTML, like Gecko) Chrome/135.0.7049.52 Mobile Safari/537.36 (compatible; GoogleOther)"
66.249.65.104 - - [08/Apr/2025:09:59:16 -0400] "GET /products/w/brits/19827910.shtml HTTP/1.1" 200 24797 "-" "Mozilla/5.0 (Linux; Android 6.0.1; Nexus 5X Build/MMB29P) AppleWebKit/537.36 (KHTML, like Gecko) Chrome/135.0.7049.52 Mobile Safari/537.36 (compatible; GoogleOther)"
66.249.65.104 - - [08/Apr/2025:09:59:17 -0400] "GET /special/dqe/gotama/62758076.shtml HTTP/1.1" 200 28240 "-" "Mozilla/5.0 (Linux; Android 6.0.1; Nexus 5X Build/MMB29P) AppleWebKit/537.36 (KHTML, like Gecko) Chrome/135.0.7049.52 Mobile Safari/537.36 (compatible; GoogleOther)"
157.55.39.52 - - [08/Apr/2025:09:59:21 -0400] "GET /shopbrand/o/purveance48991618.shtml HTTP/1.1" 200 25952 "-" "Mozilla/5.0 AppleWebKit/537.36 (KHTML, like Gecko; compatible; bingbot/2.0; +http://www.bing.com/bingbot.htm) Chrome/116.0.1938.76 Safari/537.36"
66.249.65.104 - - [08/Apr/2025:09:59:23 -0400] "GET /goodscode/pem/enlive/72957780.shtml HTTP/1.1" 200 24112 "-" "Mozilla/5.0 (Linux; Android 6.0.1; Nexus 5X Build/MMB29P) AppleWebKit/537.36 (KHTML, like Gecko) Chrome/135.0.7049.52 Mobile Safari/537.36 (compatible; GoogleOther)"
18.188.103.74 - - [08/Apr/2025:09:59:23 -0400] "GET /ad917/?path=%2Fhome%2F.%2F..%2Flib64%2F.%2Fgconv%2FISO-2022-CN.so HTTP/1.1" 200 963 "-" "Mozilla/5.0 AppleWebKit/537.36 (KHTML, like Gecko; compatible; ClaudeBot/1.0; +claudebot@anthropic.com)"
18.188.103.74 - - [08/Apr/2025:09:59:26 -0400] "GET /ad917/?path=%2Fhome%2F.%2F..%2Flib64%2Fsse2%2F..%2Flibanl-2.28.so HTTP/1.1" 200 960 "-" "Mozilla/5.0 AppleWebKit/537.36 (KHTML, like Gecko; compatible; ClaudeBot/1.0; +claudebot@anthropic.com)"
66.249.65.104 - - [08/Apr/2025:09:59:28 -0400] "GET /item/hq/dobbin102338876.shtml HTTP/1.1" 200 26142 "-" "Mozilla/5.0 (Linux; Android 6.0.1; Nexus 5X Build/MMB29P) AppleWebKit/537.36 (KHTML, like Gecko) Chrome/135.0.7049.52 Mobile Safari/537.36 (compatible; GoogleOther)"
18.188.103.74 - - [08/Apr/2025:09:59:29 -0400] "GET /ad917/?path=%2Fhome%2F.%2F..%2Flib64%2Fgawk%2F..%2Flibjq.so.1.0.4 HTTP/1.1" 200 960 "-" "Mozilla/5.0 AppleWebKit/537.36 (KHTML, like Gecko; compatible; ClaudeBot/1.0; +claudebot@anthropic.com)"
66.249.65.104 - - [08/Apr/2025:09:59:30 -0400] "GET /goodscode/113455230.shtml HTTP/1.1" 200 26574 "-" "Mozilla/5.0 (Linux; Android 6.0.1; Nexus 5X Build/MMB29P) AppleWebKit/537.36 (KHTML, like Gecko) Chrome/135.0.7049.52 Mobile Safari/537.36 (compatible; Googlebot/2.1; +http://www.google.com/bot.html)"
66.249.65.104 - - [08/Apr/2025:09:59:31 -0400] "GET /special/sy/lagger/43246838.shtml HTTP/1.1" 200 27844 "-" "Mozilla/5.0 (Linux; Android 6.0.1; Nexus 5X Build/MMB29P) AppleWebKit/537.36 (KHTML, like Gecko) Chrome/135.0.7049.52 Mobile Safari/537.36 (compatible; Googlebot/2.1; +http://www.google.com/bot.html)"
18.188.103.74 - - [08/Apr/2025:09:59:32 -0400] "GET /ad917/?path=%2Fhome%2F.%2F..%2Flib64%2Fsse2%2F..%2Flibstdc++.so.6 HTTP/1.1" 200 1217 "-" "Mozilla/5.0 AppleWebKit/537.36 (KHTML, like Gecko; compatible; ClaudeBot/1.0; +claudebot@anthropic.com)"
66.249.65.105 - - [08/Apr/2025:09:59:33 -0400] "GET /products/workless/51931766.shtml HTTP/1.1" 200 26264 "-" "Mozilla/5.0 (Linux; Android 6.0.1; Nexus 5X Build/MMB29P) AppleWebKit/537.36 (KHTML, like Gecko) Chrome/135.0.7049.52 Mobile Safari/537.36 (compatible; GoogleOther)"
207.46.13.155 - - [08/Apr/2025:09:59:33 -0400] "GET /item56241508.shtml HTTP/1.1" 200 26852 "-" "Mozilla/5.0 AppleWebKit/537.36 (KHTML, like Gecko; compatible; bingbot/2.0; +http://www.bing.com/bingbot.htm) Chrome/116.0.1938.76 Safari/537.36"
66.249.65.105 - - [08/Apr/2025:09:59:34 -0400] "GET /goodscode/q/demurring/19828766.shtml HTTP/1.1" 200 25547 "-" "Mozilla/5.0 (Linux; Android 6.0.1; Nexus 5X Build/MMB29P) AppleWebKit/537.36 (KHTML, like Gecko) Chrome/135.0.7049.52 Mobile Safari/537.36 (compatible; GoogleOther)"
18.188.103.74 - - [08/Apr/2025:09:59:35 -0400] "GET /ad917/?path=%2Fhome%2F.%2F..%2Flib64%2Fgawk%2F..%2Flibfreetype.so HTTP/1.1" 200 961 "-" "Mozilla/5.0 AppleWebKit/537.36 (KHTML, like Gecko; compatible; ClaudeBot/1.0; +claudebot@anthropic.com)"
52.167.144.158 - - [08/Apr/2025:09:59:35 -0400] "GET /info/w/aestheticism75683726.shtml HTTP/1.1" 200 26098 "-" "Mozilla/5.0 AppleWebKit/537.36 (KHTML, like Gecko; compatible; bingbot/2.0; +http://www.bing.com/bingbot.htm) Chrome/116.0.1938.76 Safari/537.36"
18.188.103.74 - - [08/Apr/2025:09:59:38 -0400] "GET /ad917/?path=%2Fhome%2F.%2F..%2Flib64%2Fgawk%2F..%2Flibfa.so.1.5.3 HTTP/1.1" 200 960 "-" "Mozilla/5.0 AppleWebKit/537.36 (KHTML, like Gecko; compatible; ClaudeBot/1.0; +claudebot@anthropic.com)"
52.167.144.158 - - [08/Apr/2025:09:59:38 -0400] "GET /shopping/nematocide75683458.shtml HTTP/1.1" 200 26026 "-" "Mozilla/5.0 AppleWebKit/537.36 (KHTML, like Gecko; compatible; bingbot/2.0; +http://www.bing.com/bingbot.htm) Chrome/116.0.1938.76 Safari/537.36"
66.249.65.104 - - [08/Apr/2025:09:59:39 -0400] "GET /shopdetail/jw/cancelling96741368.shtml HTTP/1.1" 200 27654 "-" "Mozilla/5.0 (Linux; Android 6.0.1; Nexus 5X Build/MMB29P) AppleWebKit/537.36 (KHTML, like Gecko) Chrome/135.0.7049.52 Mobile Safari/537.36 (compatible; GoogleOther)"
157.55.39.63 - - [08/Apr/2025:09:59:40 -0400] "GET /detail/wonderous/75683324.shtml HTTP/1.1" 200 27673 "-" "Mozilla/5.0 AppleWebKit/537.36 (KHTML, like Gecko; compatible; bingbot/2.0; +http://www.bing.com/bingbot.htm) Chrome/116.0.1938.76 Safari/537.36"
18.188.103.74 - - [08/Apr/2025:09:59:41 -0400] "GET /ad917/?path=%2Fhome%2F.%2F..%2F.%2Flib64%2Faudit%2Fsotruss-lib.so HTTP/1.1" 200 953 "-" "Mozilla/5.0 AppleWebKit/537.36 (KHTML, like Gecko; compatible; ClaudeBot/1.0; +claudebot@anthropic.com)"
157.55.39.52 - - [08/Apr/2025:09:59:41 -0400] "GET /items/obc/nonlinear75683454.shtml HTTP/1.1" 200 25380 "-" "Mozilla/5.0 AppleWebKit/537.36 (KHTML, like Gecko; compatible; bingbot/2.0; +http://www.bing.com/bingbot.htm) Chrome/116.0.1938.76 Safari/537.36"
3.144.153.204 - - [08/Apr/2025:09:55:00 -0400] "GET /ad917/?path=%2Fhome%2F.%2F..%2Fusr%2Finclude%2Flinux%2Felfcore.h HTTP/1.1" 200 2262 "-" "Mozilla/5.0 AppleWebKit/537.36 (KHTML, like Gecko; compatible; ClaudeBot/1.0; +claudebot@anthropic.com)"
18.188.103.74 - - [08/Apr/2025:09:59:44 -0400] "GET /ad917/?path=%2Fhome%2F.%2F..%2Flib64%2Fgawk%2F..%2Flibcriu.so.1.0 HTTP/1.1" 200 960 "-" "Mozilla/5.0 AppleWebKit/537.36 (KHTML, like Gecko; compatible; ClaudeBot/1.0; +claudebot@anthropic.com)"
157.55.39.52 - - [08/Apr/2025:09:59:44 -0400] "GET /item/iu/albion75684278.shtml HTTP/1.1" 200 27716 "-" "Mozilla/5.0 AppleWebKit/537.36 (KHTML, like Gecko; compatible; bingbot/2.0; +http://www.bing.com/bingbot.htm) Chrome/116.0.1938.76 Safari/537.36"
157.55.39.52 - - [08/Apr/2025:09:59:46 -0400] "GET /products/chc/physoclist75682934.shtml HTTP/1.1" 200 27136 "-" "Mozilla/5.0 AppleWebKit/537.36 (KHTML, like Gecko; compatible; bingbot/2.0; +http://www.bing.com/bingbot.htm) Chrome/116.0.1938.76 Safari/537.36"
18.188.103.74 - - [08/Apr/2025:09:59:47 -0400] "GET /ad917/?path=%2Fhome%2F.%2F..%2Flib64%2Fbind%2F..%2Flibjasper.so.4 HTTP/1.1" 200 959 "-" "Mozilla/5.0 AppleWebKit/537.36 (KHTML, like Gecko; compatible; ClaudeBot/1.0; +claudebot@anthropic.com)"
66.249.65.104 - - [08/Apr/2025:09:59:48 -0400] "GET /items/eoy/presentient/72983610.shtml HTTP/1.1" 200 25209 "-" "Mozilla/5.0 (Linux; Android 6.0.1; Nexus 5X Build/MMB29P) AppleWebKit/537.36 (KHTML, like Gecko) Chrome/135.0.7049.52 Mobile Safari/537.36 (compatible; GoogleOther)"
18.188.103.74 - - [08/Apr/2025:09:59:50 -0400] "GET /ad917/?path=%2Fhome%2F.%2F..%2Flib64%2Fkrb5%2F..%2Flibnn.so.2.0.0 HTTP/1.1" 200 961 "-" "Mozilla/5.0 AppleWebKit/537.36 (KHTML, like Gecko; compatible; ClaudeBot/1.0; +claudebot@anthropic.com)"
66.249.65.105 - - [08/Apr/2025:09:59:50 -0400] "GET /product/z/ordal/51927388.shtml HTTP/1.1" 200 25984 "-" "Mozilla/5.0 (Linux; Android 6.0.1; Nexus 5X Build/MMB29P) AppleWebKit/537.36 (KHTML, like Gecko) Chrome/135.0.7049.52 Mobile Safari/537.36 (compatible; GoogleOther)"
207.46.13.124 - - [08/Apr/2025:09:59:52 -0400] "GET /products46599294.shtml HTTP/1.1" 200 24955 "-" "Mozilla/5.0 AppleWebKit/537.36 (KHTML, like Gecko; compatible; bingbot/2.0; +http://www.bing.com/bingbot.htm) Chrome/116.0.1938.76 Safari/537.36"
18.188.103.74 - - [08/Apr/2025:09:59:53 -0400] "GET /ad917/?path=%2Fhome%2F.%2F..%2Flib64%2Fkrb5%2F..%2Flibtiffxx.so.5 HTTP/1.1" 200 961 "-" "Mozilla/5.0 AppleWebKit/537.36 (KHTML, like Gecko; compatible; ClaudeBot/1.0; +claudebot@anthropic.com)"
18.188.103.74 - - [08/Apr/2025:09:59:56 -0400] "GET /ad917/?path=%2Fhome%2F.%2F..%2Flib64%2Fsse2%2F..%2Flibicuuc.so.60 HTTP/1.1" 200 961 "-" "Mozilla/5.0 AppleWebKit/537.36 (KHTML, like Gecko; compatible; ClaudeBot/1.0; +claudebot@anthropic.com)"
207.46.13.124 - - [08/Apr/2025:09:59:56 -0400] "GET /detail119997738.shtml HTTP/1.1" 200 25321 "-" "Mozilla/5.0 AppleWebKit/537.36 (KHTML, like Gecko; compatible; bingbot/2.0; +http://www.bing.com/bingbot.htm) Chrome/116.0.1938.76 Safari/537.36"
18.188.103.74 - - [08/Apr/2025:09:59:59 -0400] "GET /ad917/?path=%2Fhome%2F.%2F..%2Flib64%2Fgconv%2F.%2FGREEK-CCITT.so HTTP/1.1" 200 965 "-" "Mozilla/5.0 AppleWebKit/537.36 (KHTML, like Gecko; compatible; ClaudeBot/1.0; +claudebot@anthropic.com)"
66.249.65.105 - - [08/Apr/2025:09:59:59 -0400] "GET /info/owm/dryeyed/107794790.shtml HTTP/1.1" 200 26341 "-" "Mozilla/5.0 (Linux; Android 6.0.1; Nexus 5X Build/MMB29P) AppleWebKit/537.36 (KHTML, like Gecko) Chrome/135.0.7049.52 Mobile Safari/537.36 (compatible; GoogleOther)"
18.188.103.74 - - [08/Apr/2025:10:00:02 -0400] "GET /ad917/?path=%2Fhome%2F.%2F..%2Flib64%2Fgawk%2F..%2Flibmenu.so.5.9 HTTP/1.1" 200 961 "-" "Mozilla/5.0 AppleWebKit/537.36 (KHTML, like Gecko; compatible; ClaudeBot/1.0; +claudebot@anthropic.com)"
66.249.65.104 - - [08/Apr/2025:10:00:04 -0400] "GET /goodscode/pem/enlive/72957780.shtml HTTP/1.1" 200 24112 "-" "Mozilla/5.0 (Linux; Android 6.0.1; Nexus 5X Build/MMB29P) AppleWebKit/537.36 (KHTML, like Gecko) Chrome/135.0.7049.52 Mobile Safari/537.36 (compatible; GoogleOther)"
18.188.103.74 - - [08/Apr/2025:10:00:05 -0400] "GET /ad917/?path=%2Fhome%2F.%2F..%2Flib64%2F.%2Fgconv%2FEBCDIC-ES-A.so HTTP/1.1" 200 964 "-" "Mozilla/5.0 AppleWebKit/537.36 (KHTML, like Gecko; compatible; ClaudeBot/1.0; +claudebot@anthropic.com)"
18.188.103.74 - - [08/Apr/2025:10:00:08 -0400] "GET /ad917/?path=%2Fhome%2F.%2F..%2Flib64%2Fgawk%2F..%2Flibsnappy.so.1 HTTP/1.1" 200 960 "-" "Mozilla/5.0 AppleWebKit/537.36 (KHTML, like Gecko; compatible; ClaudeBot/1.0; +claudebot@anthropic.com)"
66.249.65.104 - - [08/Apr/2025:10:00:10 -0400] "GET /item/velvetleaf58222600.shtml HTTP/1.1" 200 25893 "-" "Mozilla/5.0 (Linux; Android 6.0.1; Nexus 5X Build/MMB29P) AppleWebKit/537.36 (KHTML, like Gecko) Chrome/135.0.7049.52 Mobile Safari/537.36 (compatible; GoogleOther)"
18.188.103.74 - - [08/Apr/2025:10:00:11 -0400] "GET /ad917/?path=%2Fhome%2F.%2F..%2Flib64%2Fgawk%2F..%2Flibnssutil3.so HTTP/1.1" 200 961 "-" "Mozilla/5.0 AppleWebKit/537.36 (KHTML, like Gecko; compatible; ClaudeBot/1.0; +claudebot@anthropic.com)"
66.249.65.104 - - [08/Apr/2025:10:00:11 -0400] "GET /entity/astrolatry72957944.shtml HTTP/1.1" 200 24460 "-" "Mozilla/5.0 (Linux; Android 6.0.1; Nexus 5X Build/MMB29P) AppleWebKit/537.36 (KHTML, like Gecko) Chrome/135.0.7049.52 Mobile Safari/537.36 (compatible; GoogleOther)"
18.188.103.74 - - [08/Apr/2025:10:00:14 -0400] "GET /ad917/?path=%2Fhome%2F.%2F..%2Flib64%2Fkrb5%2F..%2Flibvgauth.so.0 HTTP/1.1" 200 961 "-" "Mozilla/5.0 AppleWebKit/537.36 (KHTML, like Gecko; compatible; ClaudeBot/1.0; +claudebot@anthropic.com)"
66.249.65.104 - - [08/Apr/2025:10:00:16 -0400] "GET /special/bdw/insurmountably72973572.shtml HTTP/1.1" 200 27758 "-" "Mozilla/5.0 (Linux; Android 6.0.1; Nexus 5X Build/MMB29P) AppleWebKit/537.36 (KHTML, like Gecko) Chrome/135.0.7049.52 Mobile Safari/537.36 (compatible; GoogleOther)"
18.188.103.74 - - [08/Apr/2025:10:00:17 -0400] "GET /ad917/?path=%2Fhome%2F.%2F..%2Flib64%2Fgconv%2F.%2FISO_11548-1.so HTTP/1.1" 200 963 "-" "Mozilla/5.0 AppleWebKit/537.36 (KHTML, like Gecko; compatible; ClaudeBot/1.0; +claudebot@anthropic.com)"
18.188.103.74 - - [08/Apr/2025:10:00:20 -0400] "GET /ad917/?path=%2Fhome%2F.%2F..%2Flib64%2Fbind%2F..%2Flibpsx.so.2.48 HTTP/1.1" 200 961 "-" "Mozilla/5.0 AppleWebKit/537.36 (KHTML, like Gecko; compatible; ClaudeBot/1.0; +claudebot@anthropic.com)"
66.249.65.104 - - [08/Apr/2025:10:00:21 -0400] "GET /goodscode/gc/oddball/72949762.shtml HTTP/1.1" 200 26500 "-" "Mozilla/5.0 (Linux; Android 6.0.1; Nexus 5X Build/MMB29P) AppleWebKit/537.36 (KHTML, like Gecko) Chrome/135.0.7049.52 Mobile Safari/537.36 (compatible; GoogleOther)"
207.46.13.124 - - [08/Apr/2025:10:00:22 -0400] "GET /item/33098478.shtml HTTP/1.1" 200 27100 "-" "Mozilla/5.0 AppleWebKit/537.36 (KHTML, like Gecko; compatible; bingbot/2.0; +http://www.bing.com/bingbot.htm) Chrome/116.0.1938.76 Safari/537.36"
18.188.103.74 - - [08/Apr/2025:10:00:23 -0400] "GET /ad917/?path=%2Fhome%2F.%2F..%2Flib64%2Fgawk%2F..%2FlibsapdbS.so.2 HTTP/1.1" 200 962 "-" "Mozilla/5.0 AppleWebKit/537.36 (KHTML, like Gecko; compatible; ClaudeBot/1.0; +claudebot@anthropic.com)"
66.249.65.104 - - [08/Apr/2025:10:00:23 -0400] "GET /items/a/hottentot/72965890.shtml HTTP/1.1" 200 25555 "-" "Mozilla/5.0 (Linux; Android 6.0.1; Nexus 5X Build/MMB29P) AppleWebKit/537.36 (KHTML, like Gecko) Chrome/135.0.7049.52 Mobile Safari/537.36 (compatible; GoogleOther)"
18.188.103.74 - - [08/Apr/2025:10:00:26 -0400] "GET /ad917/?path=%2Fhome%2F.%2F..%2Flib64%2Fgconv%2F.%2FISO-2022-JP.so HTTP/1.1" 200 964 "-" "Mozilla/5.0 AppleWebKit/537.36 (KHTML, like Gecko; compatible; ClaudeBot/1.0; +claudebot@anthropic.com)"
207.46.13.155 - - [08/Apr/2025:10:00:26 -0400] "GET /goodscode98174896.shtml HTTP/1.1" 200 28115 "-" "Mozilla/5.0 AppleWebKit/537.36 (KHTML, like Gecko; compatible; bingbot/2.0; +http://www.bing.com/bingbot.htm) Chrome/116.0.1938.76 Safari/537.36"
18.188.103.74 - - [08/Apr/2025:10:00:29 -0400] "GET /ad917/?path=%2Fhome%2F.%2F..%2Flib64%2Fsse2%2F..%2Flibasound.so.2 HTTP/1.1" 200 962 "-" "Mozilla/5.0 AppleWebKit/537.36 (KHTML, like Gecko; compatible; ClaudeBot/1.0; +claudebot@anthropic.com)"
52.167.144.161 - - [08/Apr/2025:10:00:30 -0400] "GET /item/pythagoric/ HTTP/1.1" 200 27310 "-" "Mozilla/5.0 AppleWebKit/537.36 (KHTML, like Gecko; compatible; bingbot/2.0; +http://www.bing.com/bingbot.htm) Chrome/116.0.1938.76 Safari/537.36"
18.188.103.74 - - [08/Apr/2025:10:00:32 -0400] "GET /ad917/?path=%2Fhome%2F.%2F..%2Flib64%2Fkrb5%2F..%2Flibext2fs.so.2 HTTP/1.1" 200 961 "-" "Mozilla/5.0 AppleWebKit/537.36 (KHTML, like Gecko; compatible; ClaudeBot/1.0; +claudebot@anthropic.com)"
18.188.103.74 - - [08/Apr/2025:10:00:35 -0400] "GET /ad917/?path=%2Fhome%2F.%2F..%2Flib64%2Fkrb5%2F..%2Flibnl-3.so.200 HTTP/1.1" 200 961 "-" "Mozilla/5.0 AppleWebKit/537.36 (KHTML, like Gecko; compatible; ClaudeBot/1.0; +claudebot@anthropic.com)"
207.46.13.124 - - [08/Apr/2025:10:00:36 -0400] "GET /shopping/dowagerism/23812740.shtml HTTP/1.1" 200 27917 "-" "Mozilla/5.0 AppleWebKit/537.36 (KHTML, like Gecko; compatible; bingbot/2.0; +http://www.bing.com/bingbot.htm) Chrome/116.0.1938.76 Safari/537.36"
66.249.65.104 - - [08/Apr/2025:10:00:36 -0400] "GET /shopdetail/iyk/determination/107795646.shtml HTTP/1.1" 200 26713 "-" "Mozilla/5.0 (Linux; Android 6.0.1; Nexus 5X Build/MMB29P) AppleWebKit/537.36 (KHTML, like Gecko) Chrome/135.0.7049.52 Mobile Safari/537.36 (compatible; GoogleOther)"
66.249.65.104 - - [08/Apr/2025:10:00:37 -0400] "GET /products/t/homoeothermal/72973300.shtml HTTP/1.1" 200 27603 "-" "Mozilla/5.0 (Linux; Android 6.0.1; Nexus 5X Build/MMB29P) AppleWebKit/537.36 (KHTML, like Gecko) Chrome/135.0.7049.52 Mobile Safari/537.36 (compatible; GoogleOther)"
18.188.103.74 - - [08/Apr/2025:10:00:38 -0400] "GET /ad917/?path=%2Fhome%2F.%2F..%2Flib64%2Fsse2%2F..%2Flibtiffxx.so.5 HTTP/1.1" 200 960 "-" "Mozilla/5.0 AppleWebKit/537.36 (KHTML, like Gecko; compatible; ClaudeBot/1.0; +claudebot@anthropic.com)"
66.249.65.104 - - [08/Apr/2025:10:00:38 -0400] "GET /detail/o/drawrod/72957822.shtml HTTP/1.1" 200 29770 "-" "Mozilla/5.0 (Linux; Android 6.0.1; Nexus 5X Build/MMB29P) AppleWebKit/537.36 (KHTML, like Gecko) Chrome/135.0.7049.52 Mobile Safari/537.36 (compatible; GoogleOther)"
52.167.144.161 - - [08/Apr/2025:10:00:40 -0400] "GET /shopbrand121993750.shtml HTTP/1.1" 200 25787 "-" "Mozilla/5.0 AppleWebKit/537.36 (KHTML, like Gecko; compatible; bingbot/2.0; +http://www.bing.com/bingbot.htm) Chrome/116.0.1938.76 Safari/537.36"
18.188.103.74 - - [08/Apr/2025:10:00:41 -0400] "GET /ad917/?path=%2Fhome%2F.%2F..%2Flib64%2Fkrb5%2F..%2Flibimaevm.so.2 HTTP/1.1" 200 960 "-" "Mozilla/5.0 AppleWebKit/537.36 (KHTML, like Gecko; compatible; ClaudeBot/1.0; +claudebot@anthropic.com)"
157.55.39.63 - - [08/Apr/2025:10:00:42 -0400] "GET /goodscode/cordless/45205708.shtml HTTP/1.1" 200 27570 "-" "Mozilla/5.0 AppleWebKit/537.36 (KHTML, like Gecko; compatible; bingbot/2.0; +http://www.bing.com/bingbot.htm) Chrome/116.0.1938.76 Safari/537.36"
18.188.103.74 - - [08/Apr/2025:10:00:44 -0400] "GET /ad917/?path=%2Fhome%2F.%2F..%2Flib64%2Fsse2%2F..%2Flibxcb-dri2.so HTTP/1.1" 200 961 "-" "Mozilla/5.0 AppleWebKit/537.36 (KHTML, like Gecko; compatible; ClaudeBot/1.0; +claudebot@anthropic.com)"
66.249.65.105 - - [08/Apr/2025:10:00:46 -0400] "GET /shopdetail/rs/waterfall/94023636.shtml HTTP/1.1" 200 27091 "-" "Mozilla/5.0 (compatible; Googlebot/2.1; +http://www.google.com/bot.html)"
157.55.39.52 - - [08/Apr/2025:10:00:46 -0400] "GET /special/phenogamous/93961240.shtml HTTP/1.1" 200 26571 "-" "Mozilla/5.0 AppleWebKit/537.36 (KHTML, like Gecko; compatible; bingbot/2.0; +http://www.bing.com/bingbot.htm) Chrome/116.0.1938.76 Safari/537.36"
18.188.103.74 - - [08/Apr/2025:10:00:47 -0400] "GET /ad917/?path=%2Fhome%2F.%2F..%2Flib64%2Fgawk%2F..%2Flibcap.so.2.48 HTTP/1.1" 200 961 "-" "Mozilla/5.0 AppleWebKit/537.36 (KHTML, like Gecko; compatible; ClaudeBot/1.0; +claudebot@anthropic.com)"
207.46.13.155 - - [08/Apr/2025:10:00:46 -0400] "GET /info99874934.shtml HTTP/1.1" 200 26806 "-" "Mozilla/5.0 AppleWebKit/537.36 (KHTML, like Gecko; compatible; bingbot/2.0; +http://www.bing.com/bingbot.htm) Chrome/116.0.1938.76 Safari/537.36"
66.249.65.105 - - [08/Apr/2025:10:00:49 -0400] "GET /info/ewm/ipecacuanha/107793230.shtml HTTP/1.1" 200 25406 "-" "Mozilla/5.0 (Linux; Android 6.0.1; Nexus 5X Build/MMB29P) AppleWebKit/537.36 (KHTML, like Gecko) Chrome/135.0.7049.52 Mobile Safari/537.36 (compatible; GoogleOther)"
18.188.103.74 - - [08/Apr/2025:10:00:50 -0400] "GET /ad917/?path=%2Fhome%2F.%2F..%2Flib64%2Fgawk%2F..%2Flibtevent.so.0 HTTP/1.1" 200 960 "-" "Mozilla/5.0 AppleWebKit/537.36 (KHTML, like Gecko; compatible; ClaudeBot/1.0; +claudebot@anthropic.com)"
66.249.65.105 - - [08/Apr/2025:10:00:51 -0400] "GET /special29619450.shtml HTTP/1.1" 200 25681 "-" "Mozilla/5.0 (Linux; Android 6.0.1; Nexus 5X Build/MMB29P) AppleWebKit/537.36 (KHTML, like Gecko) Chrome/135.0.7049.52 Mobile Safari/537.36 (compatible; Googlebot/2.1; +http://www.google.com/bot.html)"
66.249.65.105 - - [08/Apr/2025:10:00:51 -0400] "GET /?categories/155166?num=33122 HTTP/1.1" 200 26239 "-" "Mozilla/5.0 (Linux; Android 6.0.1; Nexus 5X Build/MMB29P) AppleWebKit/537.36 (KHTML, like Gecko) Chrome/135.0.7049.52 Mobile Safari/537.36 (compatible; Googlebot/2.1; +http://www.google.com/bot.html)"
66.249.65.105 - - [08/Apr/2025:10:00:52 -0400] "GET /info84891538.shtml HTTP/1.1" 200 26188 "-" "Mozilla/5.0 (Linux; Android 6.0.1; Nexus 5X Build/MMB29P) AppleWebKit/537.36 (KHTML, like Gecko) Chrome/135.0.7049.52 Mobile Safari/537.36 (compatible; Googlebot/2.1; +http://www.google.com/bot.html)"
66.249.65.104 - - [08/Apr/2025:10:00:52 -0400] "GET /detail/oic/sporadial/76015422.shtml HTTP/1.1" 200 26665 "-" "Mozilla/5.0 (Linux; Android 6.0.1; Nexus 5X Build/MMB29P) AppleWebKit/537.36 (KHTML, like Gecko) Chrome/135.0.7049.52 Mobile Safari/537.36 (compatible; GoogleOther)"
18.188.103.74 - - [08/Apr/2025:10:00:53 -0400] "GET /ad917/?path=%2Fhome%2F.%2F..%2Flib64%2F.%2Fsasl2%2Flibsasldb.so.3 HTTP/1.1" 200 956 "-" "Mozilla/5.0 AppleWebKit/537.36 (KHTML, like Gecko; compatible; ClaudeBot/1.0; +claudebot@anthropic.com)"
66.249.65.105 - - [08/Apr/2025:10:00:54 -0400] "GET /item/abjuring/102340438.shtml HTTP/1.1" 200 27687 "-" "Mozilla/5.0 (Linux; Android 6.0.1; Nexus 5X Build/MMB29P) AppleWebKit/537.36 (KHTML, like Gecko) Chrome/135.0.7049.52 Mobile Safari/537.36 (compatible; GoogleOther)"
18.188.103.74 - - [08/Apr/2025:10:00:56 -0400] "GET /ad917/?path=%2Fhome%2F.%2F..%2Flib64%2Fkrb5%2F..%2Flibev.so.4.0.0 HTTP/1.1" 200 960 "-" "Mozilla/5.0 AppleWebKit/537.36 (KHTML, like Gecko; compatible; ClaudeBot/1.0; +claudebot@anthropic.com)"
52.167.144.158 - - [08/Apr/2025:10:00:56 -0400] "GET /products/51524786.shtml HTTP/1.1" 200 27516 "-" "Mozilla/5.0 AppleWebKit/537.36 (KHTML, like Gecko; compatible; bingbot/2.0; +http://www.bing.com/bingbot.htm) Chrome/116.0.1938.76 Safari/537.36"
66.249.65.105 - - [08/Apr/2025:10:00:56 -0400] "GET /info/ewm/ipecacuanha/107793230.shtml HTTP/1.1" 200 25406 "-" "Mozilla/5.0 (Linux; Android 6.0.1; Nexus 5X Build/MMB29P) AppleWebKit/537.36 (KHTML, like Gecko) Chrome/135.0.7049.52 Mobile Safari/537.36 (compatible; GoogleOther)"
52.167.144.161 - - [08/Apr/2025:10:00:58 -0400] "GET /items56284410.shtml HTTP/1.1" 200 27275 "-" "Mozilla/5.0 AppleWebKit/537.36 (KHTML, like Gecko; compatible; bingbot/2.0; +http://www.bing.com/bingbot.htm) Chrome/116.0.1938.76 Safari/537.36"
18.188.103.74 - - [08/Apr/2025:10:00:59 -0400] "GET /ad917/?path=%2Fhome%2F.%2F..%2Flib64%2Fsse2%2F..%2Flibsss_sudo.so HTTP/1.1" 200 957 "-" "Mozilla/5.0 AppleWebKit/537.36 (KHTML, like Gecko; compatible; ClaudeBot/1.0; +claudebot@anthropic.com)"
66.249.65.105 - - [08/Apr/2025:10:01:00 -0400] "GET /shopbrand/umu/equipoise/72972270.shtml HTTP/1.1" 200 26141 "-" "Mozilla/5.0 (Linux; Android 6.0.1; Nexus 5X Build/MMB29P) AppleWebKit/537.36 (KHTML, like Gecko) Chrome/135.0.7049.52 Mobile Safari/537.36 (compatible; GoogleOther)"
18.188.103.74 - - [08/Apr/2025:10:01:02 -0400] "GET /ad917/?path=%2Fhome%2F.%2F..%2Flib64%2F.%2Fgconv%2FANSI_X3.110.so HTTP/1.1" 200 964 "-" "Mozilla/5.0 AppleWebKit/537.36 (KHTML, like Gecko; compatible; ClaudeBot/1.0; +claudebot@anthropic.com)"
66.249.65.104 - - [08/Apr/2025:10:01:04 -0400] "GET /shopdetail/frosted/72975782.shtml HTTP/1.1" 200 25188 "-" "Mozilla/5.0 (Linux; Android 6.0.1; Nexus 5X Build/MMB29P) AppleWebKit/537.36 (KHTML, like Gecko) Chrome/135.0.7049.52 Mobile Safari/537.36 (compatible; GoogleOther)"
18.188.103.74 - - [08/Apr/2025:10:01:05 -0400] "GET /ad917/?path=%2Fhome%2F.%2F..%2Flib64%2Fbind%2F..%2Flibasprintf.so HTTP/1.1" 200 960 "-" "Mozilla/5.0 AppleWebKit/537.36 (KHTML, like Gecko; compatible; ClaudeBot/1.0; +claudebot@anthropic.com)"
157.55.39.52 - - [08/Apr/2025:10:01:05 -0400] "GET /shopdetail2957414.shtml HTTP/1.1" 200 27710 "-" "Mozilla/5.0 AppleWebKit/537.36 (KHTML, like Gecko; compatible; bingbot/2.0; +http://www.bing.com/bingbot.htm) Chrome/116.0.1938.76 Safari/537.36"
18.188.103.74 - - [08/Apr/2025:10:01:08 -0400] "GET /ad917/?path=%2Fhome%2F.%2F..%2Flib64%2Fbind%2F..%2Flibform.so.5.9 HTTP/1.1" 200 960 "-" "Mozilla/5.0 AppleWebKit/537.36 (KHTML, like Gecko; compatible; ClaudeBot/1.0; +claudebot@anthropic.com)"
66.249.65.104 - - [08/Apr/2025:10:01:08 -0400] "GET /info/ausonian/123813442.shtml HTTP/1.1" 200 28139 "-" "Mozilla/5.0 (Linux; Android 6.0.1; Nexus 5X Build/MMB29P) AppleWebKit/537.36 (KHTML, like Gecko) Chrome/135.0.7049.52 Mobile Safari/537.36 (compatible; GoogleOther)"
18.188.103.74 - - [08/Apr/2025:10:01:11 -0400] "GET /ad917/?path=%2Fhome%2F.%2F..%2Flib64%2Fgawk%2F..%2Flibpcre2-32.so HTTP/1.1" 200 961 "-" "Mozilla/5.0 AppleWebKit/537.36 (KHTML, like Gecko; compatible; ClaudeBot/1.0; +claudebot@anthropic.com)"
66.249.65.104 - - [08/Apr/2025:10:01:10 -0400] "GET /shopdetail/t/anglesite/72978712.shtml HTTP/1.1" 200 25714 "-" "Mozilla/5.0 (Linux; Android 6.0.1; Nexus 5X Build/MMB29P) AppleWebKit/537.36 (KHTML, like Gecko) Chrome/135.0.7049.52 Mobile Safari/537.36 (compatible; GoogleOther)"
66.249.65.104 - - [08/Apr/2025:10:01:12 -0400] "GET /items/approached51929514.shtml HTTP/1.1" 200 26728 "-" "Mozilla/5.0 (Linux; Android 6.0.1; Nexus 5X Build/MMB29P) AppleWebKit/537.36 (KHTML, like Gecko) Chrome/135.0.7049.52 Mobile Safari/537.36 (compatible; GoogleOther)"
18.188.103.74 - - [08/Apr/2025:10:01:14 -0400] "GET /ad917/?path=%2Fhome%2F.%2F..%2Flib64%2Fbind%2F..%2Flibgpgme.so.11 HTTP/1.1" 200 960 "-" "Mozilla/5.0 AppleWebKit/537.36 (KHTML, like Gecko; compatible; ClaudeBot/1.0; +claudebot@anthropic.com)"
18.188.103.74 - - [08/Apr/2025:10:01:17 -0400] "GET /ad917/?path=%2Fhome%2F.%2F..%2Flib64%2Fsse2%2F..%2Flibtalloc.so.2 HTTP/1.1" 200 960 "-" "Mozilla/5.0 AppleWebKit/537.36 (KHTML, like Gecko; compatible; ClaudeBot/1.0; +claudebot@anthropic.com)"
18.188.103.74 - - [08/Apr/2025:10:01:20 -0400] "GET /ad917/?path=%2Fhome%2F.%2F..%2Flib64%2Fbind%2F..%2Flibipset.so.13 HTTP/1.1" 200 960 "-" "Mozilla/5.0 AppleWebKit/537.36 (KHTML, like Gecko; compatible; ClaudeBot/1.0; +claudebot@anthropic.com)"
207.46.13.124 - - [08/Apr/2025:10:01:21 -0400] "GET /product55102992.shtml HTTP/1.1" 200 26344 "-" "Mozilla/5.0 AppleWebKit/537.36 (KHTML, like Gecko; compatible; bingbot/2.0; +http://www.bing.com/bingbot.htm) Chrome/116.0.1938.76 Safari/537.36"
18.188.103.74 - - [08/Apr/2025:10:01:23 -0400] "GET /ad917/?path=%2Fhome%2F.%2F..%2Flib64%2Fbind%2F..%2FlibsapdbS.so.2 HTTP/1.1" 200 960 "-" "Mozilla/5.0 AppleWebKit/537.36 (KHTML, like Gecko; compatible; ClaudeBot/1.0; +claudebot@anthropic.com)"
66.249.65.104 - - [08/Apr/2025:10:01:27 -0400] "GET /entity/u/piedmontite/82800206.shtml HTTP/1.1" 200 27722 "-" "Mozilla/5.0 (compatible; Googlebot/2.1; +http://www.google.com/bot.html)"
66.249.65.104 - - [08/Apr/2025:10:01:29 -0400] "GET /product/p/tavernman/72956688.shtml HTTP/1.1" 200 27519 "-" "Mozilla/5.0 (Linux; Android 6.0.1; Nexus 5X Build/MMB29P) AppleWebKit/537.36 (KHTML, like Gecko) Chrome/135.0.7049.52 Mobile Safari/537.36 (compatible; GoogleOther)"
66.249.65.104 - - [08/Apr/2025:10:01:31 -0400] "GET /products/nui/ballistic/52207592.shtml HTTP/1.1" 200 26991 "-" "Mozilla/5.0 (Linux; Android 6.0.1; Nexus 5X Build/MMB29P) AppleWebKit/537.36 (KHTML, like Gecko) Chrome/135.0.7049.52 Mobile Safari/537.36 (compatible; GoogleOther)"
157.55.39.63 - - [08/Apr/2025:10:01:33 -0400] "GET /shopping88023664.shtml HTTP/1.1" 200 25707 "-" "Mozilla/5.0 AppleWebKit/537.36 (KHTML, like Gecko; compatible; bingbot/2.0; +http://www.bing.com/bingbot.htm) Chrome/116.0.1938.76 Safari/537.36"
66.249.65.104 - - [08/Apr/2025:10:01:42 -0400] "GET /products/kua/sutor/72983846.shtml HTTP/1.1" 200 27725 "-" "Mozilla/5.0 (Linux; Android 6.0.1; Nexus 5X Build/MMB29P) AppleWebKit/537.36 (KHTML, like Gecko) Chrome/135.0.7049.52 Mobile Safari/537.36 (compatible; GoogleOther)"
66.249.65.105 - - [08/Apr/2025:10:01:47 -0400] "GET /detail/hia/abrahamic/102339952.shtml HTTP/1.1" 200 27894 "-" "Mozilla/5.0 (Linux; Android 6.0.1; Nexus 5X Build/MMB29P) AppleWebKit/537.36 (KHTML, like Gecko) Chrome/135.0.7049.52 Mobile Safari/537.36 (compatible; GoogleOther)"
52.167.144.161 - - [08/Apr/2025:10:01:47 -0400] "GET /goods2315188.shtml HTTP/1.1" 200 26744 "-" "Mozilla/5.0 AppleWebKit/537.36 (KHTML, like Gecko; compatible; bingbot/2.0; +http://www.bing.com/bingbot.htm) Chrome/116.0.1938.76 Safari/537.36"
66.249.65.105 - - [08/Apr/2025:10:01:52 -0400] "GET /products/o/gentilefalcon/75088314.shtml HTTP/1.1" 200 25414 "-" "Mozilla/5.0 (Linux; Android 6.0.1; Nexus 5X Build/MMB29P) AppleWebKit/537.36 (KHTML, like Gecko) Chrome/135.0.7049.52 Mobile Safari/537.36 (compatible; GoogleOther)"
207.46.13.124 - - [08/Apr/2025:10:01:52 -0400] "GET /shopping/macrophyllum/ HTTP/1.1" 200 27055 "-" "Mozilla/5.0 AppleWebKit/537.36 (KHTML, like Gecko; compatible; bingbot/2.0; +http://www.bing.com/bingbot.htm) Chrome/116.0.1938.76 Safari/537.36"
