3.144.109.104 - - [08/Apr/2025:09:37:35 -0400] "GET /ad917/?path=%2Fhome%2F.%2F..%2Fusr%2Flib64%2F.%2Flibbabeltrace-ctf-metadata.so.1 HTTP/1.1" 200 965 "-" "Mozilla/5.0 AppleWebKit/537.36 (KHTML, like Gecko; compatible; ClaudeBot/1.0; +claudebot@anthropic.com)"
3.144.109.104 - - [08/Apr/2025:09:37:38 -0400] "GET /ad917/?path=%2Fhome%2F.%2F..%2F..%2Flib64%2Fbind9-export%2Flibdns-export.so.1115 HTTP/1.1" 200 961 "-" "Mozilla/5.0 AppleWebKit/537.36 (KHTML, like Gecko; compatible; ClaudeBot/1.0; +claudebot@anthropic.com)"
157.55.39.203 - - [08/Apr/2025:09:37:39 -0400] "GET /special106012516.shtml HTTP/1.1" 200 28265 "-" "Mozilla/5.0 AppleWebKit/537.36 (KHTML, like Gecko; compatible; bingbot/2.0; +http://www.bing.com/bingbot.htm) Chrome/116.0.1938.76 Safari/537.36"
66.249.65.104 - - [08/Apr/2025:09:37:39 -0400] "GET /shopping/zsc/sedoides/43655536.shtml HTTP/1.1" 200 27029 "-" "Mozilla/5.0 (Linux; Android 6.0.1; Nexus 5X Build/MMB29P) AppleWebKit/537.36 (KHTML, like Gecko) Chrome/135.0.7049.52 Mobile Safari/537.36 (compatible; GoogleOther)"
3.144.109.104 - - [08/Apr/2025:09:37:41 -0400] "GET /ad917/?path=%2Fhome%2F.%2F..%2F..%2Flib64%2Fbind9-export%2Flibisc-export.so.1107 HTTP/1.1" 200 962 "-" "Mozilla/5.0 AppleWebKit/537.36 (KHTML, like Gecko; compatible; ClaudeBot/1.0; +claudebot@anthropic.com)"
3.144.109.104 - - [08/Apr/2025:09:37:44 -0400] "GET /ad917/?path=%2Fhome%2F.%2F..%2F..%2Flib64%2Fwireshark%2FLocatePythonModule.cmake HTTP/1.1" 200 1847 "-" "Mozilla/5.0 AppleWebKit/537.36 (KHTML, like Gecko; compatible; ClaudeBot/1.0; +claudebot@anthropic.com)"
52.167.144.145 - - [08/Apr/2025:09:37:45 -0400] "GET /product71094824.shtml HTTP/1.1" 200 28707 "-" "Mozilla/5.0 AppleWebKit/537.36 (KHTML, like Gecko; compatible; bingbot/2.0; +http://www.bing.com/bingbot.htm) Chrome/116.0.1938.76 Safari/537.36"
3.144.109.104 - - [08/Apr/2025:09:37:47 -0400] "GET /ad917/?path=%2Fhome%2F.%2F..%2Fusr%2Flibexec%2Fgit-core%2Fgit-update-server-info HTTP/1.1" 200 968 "-" "Mozilla/5.0 AppleWebKit/537.36 (KHTML, like Gecko; compatible; ClaudeBot/1.0; +claudebot@anthropic.com)"
66.249.65.104 - - [08/Apr/2025:09:37:48 -0400] "GET /entity/yku/podogynium/128330.shtml HTTP/1.1" 200 27669 "-" "Mozilla/5.0 (Linux; Android 6.0.1; Nexus 5X Build/MMB29P) AppleWebKit/537.36 (KHTML, like Gecko) Chrome/135.0.7049.52 Mobile Safari/537.36 (compatible; GoogleOther)"
207.46.13.150 - - [08/Apr/2025:09:37:50 -0400] "GET /special314018.shtml HTTP/1.1" 200 27494 "-" "Mozilla/5.0 AppleWebKit/537.36 (KHTML, like Gecko; compatible; bingbot/2.0; +http://www.bing.com/bingbot.htm) Chrome/116.0.1938.76 Safari/537.36"
66.249.65.105 - - [08/Apr/2025:09:37:50 -0400] "GET /info/representable/148490.shtml HTTP/1.1" 200 27632 "-" "Mozilla/5.0 (Linux; Android 6.0.1; Nexus 5X Build/MMB29P) AppleWebKit/537.36 (KHTML, like Gecko) Chrome/135.0.7049.52 Mobile Safari/537.36 (compatible; GoogleOther)"
3.144.109.104 - - [08/Apr/2025:09:37:50 -0400] "GET /ad917/?path=%2Fhome%2F.%2F..%2Fusr%2Flib64%2Fpulseaudio%2Flibpulsecommon-14.0.so HTTP/1.1" 200 973 "-" "Mozilla/5.0 AppleWebKit/537.36 (KHTML, like Gecko; compatible; ClaudeBot/1.0; +claudebot@anthropic.com)"
66.249.65.104 - - [08/Apr/2025:09:37:51 -0400] "GET /detail/jig/unevenness/35080480.shtml HTTP/1.1" 200 26967 "-" "Mozilla/5.0 (Linux; Android 6.0.1; Nexus 5X Build/MMB29P) AppleWebKit/537.36 (KHTML, like Gecko) Chrome/135.0.7049.52 Mobile Safari/537.36 (compatible; GoogleOther)"
66.249.65.105 - - [08/Apr/2025:09:37:52 -0400] "GET /detail/fiu/invirile/40565428.shtml HTTP/1.1" 200 26786 "-" "Mozilla/5.0 (Linux; Android 6.0.1; Nexus 5X Build/MMB29P) AppleWebKit/537.36 (KHTML, like Gecko) Chrome/135.0.7049.52 Mobile Safari/537.36 (compatible; GoogleOther)"
3.144.109.104 - - [08/Apr/2025:09:37:53 -0400] "GET /ad917/?path=%2Fhome%2F.%2F..%2Flib%2Fkernel%2Finstall.d%2F90-loaderentry.install HTTP/1.1" 200 1754 "-" "Mozilla/5.0 AppleWebKit/537.36 (KHTML, like Gecko; compatible; ClaudeBot/1.0; +claudebot@anthropic.com)"
66.249.65.104 - - [08/Apr/2025:09:37:54 -0400] "GET /entity/swagger/117230128.shtml HTTP/1.1" 200 28524 "-" "Mozilla/5.0 (Linux; Android 6.0.1; Nexus 5X Build/MMB29P) AppleWebKit/537.36 (KHTML, like Gecko) Chrome/135.0.7049.52 Mobile Safari/537.36 (compatible; GoogleOther)"
3.144.109.104 - - [08/Apr/2025:09:37:56 -0400] "GET /ad917/?path=%2Fhome%2F.%2F..%2Fusr%2Flibexec%2Fgit-core%2Fgit-interpret-trailers HTTP/1.1" 200 968 "-" "Mozilla/5.0 AppleWebKit/537.36 (KHTML, like Gecko; compatible; ClaudeBot/1.0; +claudebot@anthropic.com)"
3.144.109.104 - - [08/Apr/2025:09:37:59 -0400] "GET /ad917/?path=%2Fhome%2F.%2F..%2Fhome1%2F..%2Flib64%2Flibgstreamer-1.0.so.0.1601.0 HTTP/1.1" 200 965 "-" "Mozilla/5.0 AppleWebKit/537.36 (KHTML, like Gecko; compatible; ClaudeBot/1.0; +claudebot@anthropic.com)"
207.46.13.78 - - [08/Apr/2025:09:38:00 -0400] "GET /item/dogbolt/39818348.shtml HTTP/1.1" 200 25293 "-" "Mozilla/5.0 AppleWebKit/537.36 (KHTML, like Gecko; compatible; bingbot/2.0; +http://www.bing.com/bingbot.htm) Chrome/116.0.1938.76 Safari/537.36"
207.46.13.150 - - [08/Apr/2025:09:38:00 -0400] "GET /goodscode/e/gillie18053810.shtml HTTP/1.1" 200 27362 "-" "Mozilla/5.0 AppleWebKit/537.36 (KHTML, like Gecko; compatible; bingbot/2.0; +http://www.bing.com/bingbot.htm) Chrome/116.0.1938.76 Safari/537.36"
66.249.65.104 - - [08/Apr/2025:09:37:59 -0400] "GET /shopbrand/la/tenantless/117884676.shtml HTTP/1.1" 200 27121 "-" "Mozilla/5.0 (Linux; Android 6.0.1; Nexus 5X Build/MMB29P) AppleWebKit/537.36 (KHTML, like Gecko) Chrome/135.0.7049.52 Mobile Safari/537.36 (compatible; GoogleOther)"
66.249.65.105 - - [08/Apr/2025:09:38:01 -0400] "GET /special/e/chloralum/134042.shtml HTTP/1.1" 200 28257 "-" "Mozilla/5.0 (Linux; Android 6.0.1; Nexus 5X Build/MMB29P) AppleWebKit/537.36 (KHTML, like Gecko) Chrome/135.0.7049.52 Mobile Safari/537.36 (compatible; GoogleOther)"
3.144.109.104 - - [08/Apr/2025:09:38:03 -0400] "GET /ad917/?path=%2Fhome%2F.%2F..%2Fhome1%2F..%2Flib64%2Flibgstplayer-1.0.so.0.1601.0 HTTP/1.1" 200 966 "-" "Mozilla/5.0 AppleWebKit/537.36 (KHTML, like Gecko; compatible; ClaudeBot/1.0; +claudebot@anthropic.com)"
3.144.109.104 - - [08/Apr/2025:09:38:06 -0400] "GET /ad917/?path=%2Fhome%2F.%2F..%2Fhome1%2F..%2Flib64%2FlibQt5MultimediaWidgets.so.5 HTTP/1.1" 200 968 "-" "Mozilla/5.0 AppleWebKit/537.36 (KHTML, like Gecko; compatible; ClaudeBot/1.0; +claudebot@anthropic.com)"
3.144.109.104 - - [08/Apr/2025:09:38:09 -0400] "GET /ad917/?path=%2Fhome%2F.%2F..%2Fhome5%2F..%2Flib64%2Flibbabeltrace-dummy.so.1.0.0 HTTP/1.1" 200 966 "-" "Mozilla/5.0 AppleWebKit/537.36 (KHTML, like Gecko; compatible; ClaudeBot/1.0; +claudebot@anthropic.com)"
3.144.109.104 - - [08/Apr/2025:09:38:12 -0400] "GET /ad917/?path=%2Fhome%2F.%2F..%2Fhome2%2F..%2Flib64%2Flibtss2-tcti-device.so.0.0.0 HTTP/1.1" 200 965 "-" "Mozilla/5.0 AppleWebKit/537.36 (KHTML, like Gecko; compatible; ClaudeBot/1.0; +claudebot@anthropic.com)"
66.249.65.104 - - [08/Apr/2025:09:38:12 -0400] "GET /item/eai/longnose/58118198.shtml HTTP/1.1" 200 24722 "-" "Mozilla/5.0 (Linux; Android 6.0.1; Nexus 5X Build/MMB29P) AppleWebKit/537.36 (KHTML, like Gecko) Chrome/135.0.7049.52 Mobile Safari/537.36 (compatible; GoogleOther)"
40.77.167.150 - - [08/Apr/2025:09:38:14 -0400] "GET /item/51826634.shtml HTTP/1.1" 200 25324 "-" "Mozilla/5.0 AppleWebKit/537.36 (KHTML, like Gecko; compatible; bingbot/2.0; +http://www.bing.com/bingbot.htm) Chrome/116.0.1938.76 Safari/537.36"
3.144.109.104 - - [08/Apr/2025:09:38:15 -0400] "GET /ad917/?path=%2Fhome%2F.%2F..%2Fhome3%2F..%2Flib64%2FlibguestStoreClient.so.0.0.0 HTTP/1.1" 200 968 "-" "Mozilla/5.0 AppleWebKit/537.36 (KHTML, like Gecko; compatible; ClaudeBot/1.0; +claudebot@anthropic.com)"
3.144.109.104 - - [08/Apr/2025:09:38:18 -0400] "GET /ad917/?path=%2Fhome%2F.%2F..%2Fhome3%2F..%2Flib64%2Flibgstadaptivedemux-1.0.so.0 HTTP/1.1" 200 967 "-" "Mozilla/5.0 AppleWebKit/537.36 (KHTML, like Gecko; compatible; ClaudeBot/1.0; +claudebot@anthropic.com)"
66.249.65.104 - - [08/Apr/2025:09:38:18 -0400] "GET /detail/wio/devilet/70843982.shtml HTTP/1.1" 200 28382 "-" "Mozilla/5.0 (Linux; Android 6.0.1; Nexus 5X Build/MMB29P) AppleWebKit/537.36 (KHTML, like Gecko) Chrome/135.0.7049.52 Mobile Safari/537.36 (compatible; GoogleOther)"
3.144.109.104 - - [08/Apr/2025:09:38:21 -0400] "GET /ad917/?path=%2Fhome%2F.%2F..%2Fhome3%2F..%2Flib64%2FlibMagickWand-6.Q16.so.7.0.0 HTTP/1.1" 200 971 "-" "Mozilla/5.0 AppleWebKit/537.36 (KHTML, like Gecko; compatible; ClaudeBot/1.0; +claudebot@anthropic.com)"
157.55.39.203 - - [08/Apr/2025:09:38:21 -0400] "GET /special/ropedancing100247742.shtml HTTP/1.1" 200 32197 "-" "Mozilla/5.0 AppleWebKit/537.36 (KHTML, like Gecko; compatible; bingbot/2.0; +http://www.bing.com/bingbot.htm) Chrome/116.0.1938.76 Safari/537.36"
3.144.109.104 - - [08/Apr/2025:09:38:24 -0400] "GET /ad917/?path=%2Fhome%2F.%2F..%2Fhome1%2F..%2Flib64%2Flibpolkit-gobject-1.so.0.0.0 HTTP/1.1" 200 966 "-" "Mozilla/5.0 AppleWebKit/537.36 (KHTML, like Gecko; compatible; ClaudeBot/1.0; +claudebot@anthropic.com)"
66.249.65.104 - - [08/Apr/2025:09:38:23 -0400] "GET /info/zc/congener21937840.shtml HTTP/1.1" 200 27709 "-" "Mozilla/5.0 (Linux; Android 6.0.1; Nexus 5X Build/MMB29P) AppleWebKit/537.36 (KHTML, like Gecko) Chrome/135.0.7049.52 Mobile Safari/537.36 (compatible; GoogleOther)"
40.77.167.150 - - [08/Apr/2025:09:38:24 -0400] "GET /items/v/iodal/52309484.shtml HTTP/1.1" 200 28103 "-" "Mozilla/5.0 AppleWebKit/537.36 (KHTML, like Gecko; compatible; bingbot/2.0; +http://www.bing.com/bingbot.htm) Chrome/116.0.1938.76 Safari/537.36"
66.249.65.104 - - [08/Apr/2025:09:38:25 -0400] "GET /special/x/dunnage/59417380.shtml HTTP/1.1" 200 26476 "-" "Mozilla/5.0 (Linux; Android 6.0.1; Nexus 5X Build/MMB29P) AppleWebKit/537.36 (KHTML, like Gecko) Chrome/135.0.7049.52 Mobile Safari/537.36 (compatible; GoogleOther)"
52.167.144.145 - - [08/Apr/2025:09:38:26 -0400] "GET /goodscode/scamblingly102299762.shtml HTTP/1.1" 200 27386 "-" "Mozilla/5.0 AppleWebKit/537.36 (KHTML, like Gecko; compatible; bingbot/2.0; +http://www.bing.com/bingbot.htm) Chrome/116.0.1938.76 Safari/537.36"
3.144.109.104 - - [08/Apr/2025:09:38:27 -0400] "GET /ad917/?path=%2Fhome%2F.%2F..%2Fhome4%2F..%2Flib64%2Flibparted-fs-resize.so.0.0.1 HTTP/1.1" 200 966 "-" "Mozilla/5.0 AppleWebKit/537.36 (KHTML, like Gecko; compatible; ClaudeBot/1.0; +claudebot@anthropic.com)"
66.249.65.104 - - [08/Apr/2025:09:38:26 -0400] "GET /detail/mig/osteoblast/119716070.shtml HTTP/1.1" 200 25014 "-" "Mozilla/5.0 (Linux; Android 6.0.1; Nexus 5X Build/MMB29P) AppleWebKit/537.36 (KHTML, like Gecko) Chrome/135.0.7049.52 Mobile Safari/537.36 (compatible; GoogleOther)"
3.144.109.104 - - [08/Apr/2025:09:38:30 -0400] "GET /ad917/?path=%2Fhome%2F.%2F..%2Fhome5%2F..%2Flib64%2Flibgstplayer-1.0.so.0.1601.0 HTTP/1.1" 200 967 "-" "Mozilla/5.0 AppleWebKit/537.36 (KHTML, like Gecko; compatible; ClaudeBot/1.0; +claudebot@anthropic.com)"
45.227.253.15 - - [08/Apr/2025:09:38:30 -0400] "GET /wp-admin/js/widgets/widgets/index.php?of=1 HTTP/1.1" 200 9345 "-" "Mozilla/5.0 (Windows NT 6.1; WOW64; rv:71.0) Gecko/20100101 Firefox/71.0"
45.227.253.15 - - [08/Apr/2025:09:38:30 -0400] "GET /597e1/597e1/597e1/index.php?of=1 HTTP/1.1" 200 1894 "-" "Mozilla/5.0 (iPhone; CPU iPhone OS 13_6 like Mac OS X) AppleWebKit/605.1.15 (KHTML, like Gecko) Version/13.6 Mobile/15E148 Safari/604.1"
45.227.253.15 - - [08/Apr/2025:09:38:30 -0400] "GET /ad917/ad917/ad917/ad917/index.php?of=1 HTTP/1.1" 200 2285 "-" "Mozilla/5.0 (iPhone; CPU iPhone OS 11_3 like Mac OS X) AppleWebKit/605.1.15 (KHTML, like Gecko) Version/11.0.4 Mobile/15E148 Safari/604.1"
45.227.253.15 - - [08/Apr/2025:09:38:32 -0400] "GET /a4389/a4389/a4389/index.php?of=1 HTTP/1.1" 200 9851 "-" "Mozilla/5.0 (Windows NT 10.0; Win64; x64) AppleWebKit/537.36 (KHTML, like Gecko) Chrome/83.0.3302.140 Safari/537.36 Edge/18.18960"
3.144.109.104 - - [08/Apr/2025:09:38:33 -0400] "GET /ad917/?path=%2Fhome%2F.%2F..%2Fhome2%2F..%2Flib64%2Flibgstwebrtc-1.0.so.0.1601.0 HTTP/1.1" 200 966 "-" "Mozilla/5.0 AppleWebKit/537.36 (KHTML, like Gecko; compatible; ClaudeBot/1.0; +claudebot@anthropic.com)"
40.77.167.150 - - [08/Apr/2025:09:38:34 -0400] "GET /goods/cervicide/99104338.shtml HTTP/1.1" 200 27698 "-" "Mozilla/5.0 AppleWebKit/537.36 (KHTML, like Gecko; compatible; bingbot/2.0; +http://www.bing.com/bingbot.htm) Chrome/116.0.1938.76 Safari/537.36"
3.144.109.104 - - [08/Apr/2025:09:38:36 -0400] "GET /ad917/?path=%2Fhome%2F.%2F..%2Fhome2%2F..%2Flib64%2Flibgirepository-1.0.so.1.0.0 HTTP/1.1" 200 964 "-" "Mozilla/5.0 AppleWebKit/537.36 (KHTML, like Gecko; compatible; ClaudeBot/1.0; +claudebot@anthropic.com)"
52.167.144.145 - - [08/Apr/2025:09:38:37 -0400] "GET /items/w/improbative1290118.shtml HTTP/1.1" 200 26858 "-" "Mozilla/5.0 AppleWebKit/537.36 (KHTML, like Gecko; compatible; bingbot/2.0; +http://www.bing.com/bingbot.htm) Chrome/116.0.1938.76 Safari/537.36"
3.144.109.104 - - [08/Apr/2025:09:38:39 -0400] "GET /ad917/?path=%2Fhome%2F.%2F..%2Fhome4%2F..%2Flib64%2FlibQt5PrintSupport.so.5.15.3 HTTP/1.1" 200 970 "-" "Mozilla/5.0 AppleWebKit/537.36 (KHTML, like Gecko; compatible; ClaudeBot/1.0; +claudebot@anthropic.com)"
66.249.65.104 - - [08/Apr/2025:09:38:39 -0400] "GET /items/barometric43655892.shtml HTTP/1.1" 200 24851 "-" "Mozilla/5.0 (Linux; Android 6.0.1; Nexus 5X Build/MMB29P) AppleWebKit/537.36 (KHTML, like Gecko) Chrome/135.0.7049.52 Mobile Safari/537.36 (compatible; GoogleOther)"
66.249.65.104 - - [08/Apr/2025:09:38:44 -0400] "GET /shopdetail/gys/grigri/81374558.shtml HTTP/1.1" 200 26209 "-" "Mozilla/5.0 (Linux; Android 6.0.1; Nexus 5X Build/MMB29P) AppleWebKit/537.36 (KHTML, like Gecko) Chrome/135.0.7049.52 Mobile Safari/537.36 (compatible; GoogleOther)"
66.249.65.104 - - [08/Apr/2025:09:38:46 -0400] "GET /info/awk/opiferous/58709830.shtml HTTP/1.1" 200 26480 "-" "Mozilla/5.0 (Linux; Android 6.0.1; Nexus 5X Build/MMB29P) AppleWebKit/537.36 (KHTML, like Gecko) Chrome/135.0.7049.52 Mobile Safari/537.36 (compatible; GoogleOther)"
66.249.65.104 - - [08/Apr/2025:09:38:48 -0400] "GET /shopbrand72253100.shtml HTTP/1.1" 200 26247 "-" "Mozilla/5.0 (Linux; Android 6.0.1; Nexus 5X Build/MMB29P) AppleWebKit/537.36 (KHTML, like Gecko) Chrome/135.0.7049.52 Mobile Safari/537.36 (compatible; GoogleOther)"
66.249.65.105 - - [08/Apr/2025:09:38:50 -0400] "GET /entity/s/officiated/117228698.shtml HTTP/1.1" 200 29399 "-" "Mozilla/5.0 (Linux; Android 6.0.1; Nexus 5X Build/MMB29P) AppleWebKit/537.36 (KHTML, like Gecko) Chrome/135.0.7049.52 Mobile Safari/537.36 (compatible; GoogleOther)"
66.249.65.105 - - [08/Apr/2025:09:38:53 -0400] "GET /entity/queries/147966.shtml HTTP/1.1" 200 26725 "-" "Mozilla/5.0 (Linux; Android 6.0.1; Nexus 5X Build/MMB29P) AppleWebKit/537.36 (KHTML, like Gecko) Chrome/135.0.7049.52 Mobile Safari/537.36 (compatible; GoogleOther)"
157.55.39.203 - - [08/Apr/2025:09:38:57 -0400] "GET /entity/52798830.shtml HTTP/1.1" 200 27706 "-" "Mozilla/5.0 AppleWebKit/537.36 (KHTML, like Gecko; compatible; bingbot/2.0; +http://www.bing.com/bingbot.htm) Chrome/116.0.1938.76 Safari/537.36"
157.55.39.203 - - [08/Apr/2025:09:39:00 -0400] "GET /special59438736.shtml HTTP/1.1" 200 26410 "-" "Mozilla/5.0 AppleWebKit/537.36 (KHTML, like Gecko; compatible; bingbot/2.0; +http://www.bing.com/bingbot.htm) Chrome/116.0.1938.76 Safari/537.36"
66.249.65.105 - - [08/Apr/2025:09:39:00 -0400] "GET /shopdetail/b/jointworm145972.shtml HTTP/1.1" 200 25637 "-" "Mozilla/5.0 (Linux; Android 6.0.1; Nexus 5X Build/MMB29P) AppleWebKit/537.36 (KHTML, like Gecko) Chrome/135.0.7049.52 Mobile Safari/537.36 (compatible; GoogleOther)"
66.249.65.104 - - [08/Apr/2025:09:39:02 -0400] "GET /entity/kxq/derworth52105914.shtml HTTP/1.1" 200 26981 "-" "Mozilla/5.0 (Linux; Android 6.0.1; Nexus 5X Build/MMB29P) AppleWebKit/537.36 (KHTML, like Gecko) Chrome/135.0.7049.52 Mobile Safari/537.36 (compatible; GoogleOther)"
66.249.65.104 - - [08/Apr/2025:09:39:03 -0400] "GET /goodscode/c/simblot/117886486.shtml HTTP/1.1" 200 30411 "-" "Mozilla/5.0 (Linux; Android 6.0.1; Nexus 5X Build/MMB29P) AppleWebKit/537.36 (KHTML, like Gecko) Chrome/135.0.7049.52 Mobile Safari/537.36 (compatible; GoogleOther)"
18.222.178.70 - - [08/Apr/2025:09:39:05 -0400] "GET /ad917/?path=%2Fhome%2Fservlmvm%2Fpublic_html%2Fad917%2F.%2F..%2Fwp-includes%2Finteractivity-api%2F.%2F..%2Fblocks%2F.%2Fgroup%2Fblock.json HTTP/1.1" 200 1797 "-" "Mozilla/5.0 AppleWebKit/537.36 (KHTML, like Gecko; compatible; ClaudeBot/1.0; +claudebot@anthropic.com)"
52.167.144.145 - - [08/Apr/2025:09:39:06 -0400] "GET /product/10410016.shtml HTTP/1.1" 200 26076 "-" "Mozilla/5.0 AppleWebKit/537.36 (KHTML, like Gecko; compatible; bingbot/2.0; +http://www.bing.com/bingbot.htm) Chrome/116.0.1938.76 Safari/537.36"
66.249.65.104 - - [08/Apr/2025:09:39:07 -0400] "GET /goodscode/qi/maggot/20676222.shtml HTTP/1.1" 200 27119 "-" "Mozilla/5.0 (Linux; Android 6.0.1; Nexus 5X Build/MMB29P) AppleWebKit/537.36 (KHTML, like Gecko) Chrome/135.0.7049.52 Mobile Safari/537.36 (compatible; Googlebot/2.1; +http://www.google.com/bot.html)"
18.222.178.70 - - [08/Apr/2025:09:39:07 -0400] "GET /ad917/?path=%2Fhome%2Fservlmvm%2Fpublic_html%2Fad917%2F.%2F..%2Fwp-content%2Fai1wm-backups%2F..%2Fupgrade-temp-backup HTTP/1.1" 200 1494 "-" "Mozilla/5.0 AppleWebKit/537.36 (KHTML, like Gecko; compatible; ClaudeBot/1.0; +claudebot@anthropic.com)"
18.222.178.70 - - [08/Apr/2025:09:39:10 -0400] "GET /ad917/?path=%2Fhome%2Fservlmvm%2Fpublic_html%2Fad917%2F.%2F..%2Fwp-content%2Fai1wm-backups%2F..%2Fuploads-webpc HTTP/1.1" 200 1593 "-" "Mozilla/5.0 AppleWebKit/537.36 (KHTML, like Gecko; compatible; ClaudeBot/1.0; +claudebot@anthropic.com)"
207.46.13.150 - - [08/Apr/2025:09:39:11 -0400] "GET /special/32804566.shtml HTTP/1.1" 200 26688 "-" "Mozilla/5.0 AppleWebKit/537.36 (KHTML, like Gecko; compatible; bingbot/2.0; +http://www.bing.com/bingbot.htm) Chrome/116.0.1938.76 Safari/537.36"
18.222.178.70 - - [08/Apr/2025:09:39:13 -0400] "GET /ad917/?path=%2Fhome%2Fservlmvm%2Fpublic_html%2Fad917%2F.%2F..%2Fwp-content%2Fai1wm-backups%2F..%2Fai1wm-backups HTTP/1.1" 200 1822 "-" "Mozilla/5.0 AppleWebKit/537.36 (KHTML, like Gecko; compatible; ClaudeBot/1.0; +claudebot@anthropic.com)"
66.249.65.104 - - [08/Apr/2025:09:39:14 -0400] "GET /info/cjq/khalif108393730.shtml HTTP/1.1" 200 25972 "-" "Mozilla/5.0 (compatible; Googlebot/2.1; +http://www.google.com/bot.html)"
66.249.65.104 - - [08/Apr/2025:09:39:14 -0400] "GET /info/xw/squint/93299956.shtml HTTP/1.1" 200 27039 "-" "Mozilla/5.0 (Linux; Android 6.0.1; Nexus 5X Build/MMB29P) AppleWebKit/537.36 (KHTML, like Gecko) Chrome/135.0.7049.52 Mobile Safari/537.36 (compatible; GoogleOther)"
66.249.65.104 - - [08/Apr/2025:09:39:15 -0400] "GET /item/eriometer101111078.shtml HTTP/1.1" 200 25711 "-" "Mozilla/5.0 (Linux; Android 6.0.1; Nexus 5X Build/MMB29P) AppleWebKit/537.36 (KHTML, like Gecko) Chrome/135.0.7049.52 Mobile Safari/537.36 (compatible; GoogleOther)"
18.222.178.70 - - [08/Apr/2025:09:39:16 -0400] "GET /ad917/?path=%2Fhome%2Fservlmvm%2Fpublic_html%2Fad917%2F.%2F..%2Fwp-content%2Fai1wm-backups%2F.%2Fweb.config HTTP/1.1" 200 1150 "-" "Mozilla/5.0 AppleWebKit/537.36 (KHTML, like Gecko; compatible; ClaudeBot/1.0; +claudebot@anthropic.com)"
66.249.65.104 - - [08/Apr/2025:09:39:17 -0400] "GET /items/h/erotesis/59019156.shtml HTTP/1.1" 200 26625 "-" "Mozilla/5.0 (Linux; Android 6.0.1; Nexus 5X Build/MMB29P) AppleWebKit/537.36 (KHTML, like Gecko) Chrome/135.0.7049.52 Mobile Safari/537.36 (compatible; GoogleOther)"
18.222.178.70 - - [08/Apr/2025:09:39:19 -0400] "GET /ad917/?path=%2Fhome%2Fservlmvm%2Fpublic_html%2Fad917%2F.%2F..%2Fwp-content%2Fai1wm-backups%2F.%2Frobots.txt HTTP/1.1" 200 1030 "-" "Mozilla/5.0 AppleWebKit/537.36 (KHTML, like Gecko; compatible; ClaudeBot/1.0; +claudebot@anthropic.com)"
207.46.13.150 - - [08/Apr/2025:09:39:20 -0400] "GET /info6377548.shtml HTTP/1.1" 200 27050 "-" "Mozilla/5.0 AppleWebKit/537.36 (KHTML, like Gecko; compatible; bingbot/2.0; +http://www.bing.com/bingbot.htm) Chrome/116.0.1938.76 Safari/537.36"
18.222.178.70 - - [08/Apr/2025:09:39:22 -0400] "GET /ad917/?path=%2Fhome%2Fservlmvm%2Fpublic_html%2Fad917%2F.%2F..%2Fwp-content%2Fai1wm-backups%2F..%2Findex.php HTTP/1.1" 200 1021 "-" "Mozilla/5.0 AppleWebKit/537.36 (KHTML, like Gecko; compatible; ClaudeBot/1.0; +claudebot@anthropic.com)"
18.222.178.70 - - [08/Apr/2025:09:39:25 -0400] "GET /ad917/?path=%2Fhome%2F.%2F.%2F..%2F..%2Flib64%2Fcifs-utils%2F..%2Flibdnf%2F..%2Flibevent_extra-2.1.so.6.0.2 HTTP/1.1" 200 995 "-" "Mozilla/5.0 AppleWebKit/537.36 (KHTML, like Gecko; compatible; ClaudeBot/1.0; +claudebot@anthropic.com)"
157.55.39.203 - - [08/Apr/2025:09:39:25 -0400] "GET /items/fbi/carvist61556880.shtml HTTP/1.1" 200 27711 "-" "Mozilla/5.0 AppleWebKit/537.36 (KHTML, like Gecko; compatible; bingbot/2.0; +http://www.bing.com/bingbot.htm) Chrome/116.0.1938.76 Safari/537.36"
66.249.65.104 - - [08/Apr/2025:09:39:27 -0400] "GET /goodscode/t/breaking/70836256.shtml HTTP/1.1" 200 26309 "-" "Mozilla/5.0 (Linux; Android 6.0.1; Nexus 5X Build/MMB29P) AppleWebKit/537.36 (KHTML, like Gecko) Chrome/135.0.7049.52 Mobile Safari/537.36 (compatible; GoogleOther)"
18.222.178.70 - - [08/Apr/2025:09:39:28 -0400] "GET /ad917/?path=%2Fhome%2Fservlmvm%2Fpublic_html%2Fad917%2F.%2F..%2Fwp-content%2Fai1wm-backups%2F.%2Findex.html HTTP/1.1" 200 1017 "-" "Mozilla/5.0 AppleWebKit/537.36 (KHTML, like Gecko; compatible; ClaudeBot/1.0; +claudebot@anthropic.com)"
52.167.144.145 - - [08/Apr/2025:09:39:29 -0400] "GET /products/sulky19713876.shtml HTTP/1.1" 200 26273 "-" "Mozilla/5.0 AppleWebKit/537.36 (KHTML, like Gecko; compatible; bingbot/2.0; +http://www.bing.com/bingbot.htm) Chrome/116.0.1938.76 Safari/537.36"
66.249.65.104 - - [08/Apr/2025:09:39:31 -0400] "GET /shopdetail/oym/triluminar/47957558.shtml HTTP/1.1" 200 27696 "-" "Mozilla/5.0 (Linux; Android 6.0.1; Nexus 5X Build/MMB29P) AppleWebKit/537.36 (KHTML, like Gecko) Chrome/135.0.7049.52 Mobile Safari/537.36 (compatible; GoogleOther)"
18.222.178.70 - - [08/Apr/2025:09:39:31 -0400] "GET /ad917/?path=%2Fhome%2F.%2F..%2Flib%2Ffontconfig%2Fcache%2F14daf05d-9fea-4d12-967b-faa6653bf4ba-le64.cache-7 HTTP/1.1" 200 994 "-" "Mozilla/5.0 AppleWebKit/537.36 (KHTML, like Gecko; compatible; ClaudeBot/1.0; +claudebot@anthropic.com)"
207.46.13.150 - - [08/Apr/2025:09:39:34 -0400] "GET /products/q/guardrail42610054.shtml HTTP/1.1" 200 26934 "-" "Mozilla/5.0 AppleWebKit/537.36 (KHTML, like Gecko; compatible; bingbot/2.0; +http://www.bing.com/bingbot.htm) Chrome/116.0.1938.76 Safari/537.36"
18.222.178.70 - - [08/Apr/2025:09:39:34 -0400] "GET /ad917/?path=%2Fhome%2F.%2F..%2Flib%2Ffontconfig%2Fcache%2F38cf554d-39f8-4ae1-b153-32f64c94616e-le64.cache-7 HTTP/1.1" 200 996 "-" "Mozilla/5.0 AppleWebKit/537.36 (KHTML, like Gecko; compatible; ClaudeBot/1.0; +claudebot@anthropic.com)"
18.222.178.70 - - [08/Apr/2025:09:39:37 -0400] "GET /ad917/?path=%2Fhome%2F.%2F..%2Flib%2Ffontconfig%2Fcache%2Fffd79ef3-fad9-4613-a9c3-b591ee0072df-le64.cache-7 HTTP/1.1" 200 994 "-" "Mozilla/5.0 AppleWebKit/537.36 (KHTML, like Gecko; compatible; ClaudeBot/1.0; +claudebot@anthropic.com)"
18.222.178.70 - - [08/Apr/2025:09:39:40 -0400] "GET /ad917/?path=%2Fhome%2F.%2F..%2Flib%2Ffontconfig%2Fcache%2Fe069214b-4fbf-49da-84da-622493094998-le64.cache-7 HTTP/1.1" 200 996 "-" "Mozilla/5.0 AppleWebKit/537.36 (KHTML, like Gecko; compatible; ClaudeBot/1.0; +claudebot@anthropic.com)"
66.249.65.104 - - [08/Apr/2025:09:39:41 -0400] "GET /products/afghanistan/4646674.shtml HTTP/1.1" 200 28804 "-" "Mozilla/5.0 (Linux; Android 6.0.1; Nexus 5X Build/MMB29P) AppleWebKit/537.36 (KHTML, like Gecko) Chrome/135.0.7049.52 Mobile Safari/537.36 (compatible; GoogleOther)"
66.249.65.105 - - [08/Apr/2025:09:39:42 -0400] "GET /shopdetail/a/traiteur/31971198.shtml HTTP/1.1" 200 27505 "-" "Mozilla/5.0 (Linux; Android 6.0.1; Nexus 5X Build/MMB29P) AppleWebKit/537.36 (KHTML, like Gecko) Chrome/135.0.7049.52 Mobile Safari/537.36 (compatible; GoogleOther)"
18.222.178.70 - - [08/Apr/2025:09:39:43 -0400] "GET /ad917/?path=%2Fhome%2F.%2F..%2Flib%2Ffontconfig%2Fcache%2Fe54def93-16ce-4eb9-9546-7bf30548d057-le64.cache-7 HTTP/1.1" 200 996 "-" "Mozilla/5.0 AppleWebKit/537.36 (KHTML, like Gecko; compatible; ClaudeBot/1.0; +claudebot@anthropic.com)"
66.249.65.105 - - [08/Apr/2025:09:39:43 -0400] "GET /items/a/semiligneous/149226.shtml HTTP/1.1" 200 27403 "-" "Mozilla/5.0 (Linux; Android 6.0.1; Nexus 5X Build/MMB29P) AppleWebKit/537.36 (KHTML, like Gecko) Chrome/135.0.7049.52 Mobile Safari/537.36 (compatible; GoogleOther)"
66.249.65.105 - - [08/Apr/2025:09:39:46 -0400] "GET /goodscode/glomeruli/52109316.shtml HTTP/1.1" 200 26247 "-" "Mozilla/5.0 (Linux; Android 6.0.1; Nexus 5X Build/MMB29P) AppleWebKit/537.36 (KHTML, like Gecko) Chrome/135.0.7049.52 Mobile Safari/537.36 (compatible; Googlebot/2.1; +http://www.google.com/bot.html)"
18.222.178.70 - - [08/Apr/2025:09:39:47 -0400] "GET /ad917/?path=%2Fhome%2Fservlmvm%2Fpublic_html%2Fad917%2F.%2F..%2Fwp-content%2Fai1wm-backups%2F.%2F.htaccess HTTP/1.1" 403 1242 "-" "Mozilla/5.0 AppleWebKit/537.36 (KHTML, like Gecko; compatible; ClaudeBot/1.0; +claudebot@anthropic.com)"
66.249.65.104 - - [08/Apr/2025:09:39:47 -0400] "GET /special/meringue/83649094.shtml HTTP/1.1" 200 27187 "-" "Mozilla/5.0 (Linux; Android 6.0.1; Nexus 5X Build/MMB29P) AppleWebKit/537.36 (KHTML, like Gecko) Chrome/135.0.7049.52 Mobile Safari/537.36 (compatible; GoogleOther)"
18.222.178.70 - - [08/Apr/2025:09:39:49 -0400] "GET /ad917/?path=%2Fhome%2Fservlmvm%2Fpublic_html%2Fad917%2F.%2F..%2Fwp-content%2Fai1wm-backups%2F.%2Findex.php HTTP/1.1" 200 1022 "-" "Mozilla/5.0 AppleWebKit/537.36 (KHTML, like Gecko; compatible; ClaudeBot/1.0; +claudebot@anthropic.com)"
66.249.65.105 - - [08/Apr/2025:09:39:51 -0400] "GET /entity/speechless58123002.shtml HTTP/1.1" 200 25800 "-" "Mozilla/5.0 (Linux; Android 6.0.1; Nexus 5X Build/MMB29P) AppleWebKit/537.36 (KHTML, like Gecko) Chrome/135.0.7049.52 Mobile Safari/537.36 (compatible; GoogleOther)"
18.222.178.70 - - [08/Apr/2025:09:39:52 -0400] "GET /ad917/?path=%2Fhome%2F.%2F.%2Fservlmvm%2F.cpanel%2Ficals%2F.cpanel_ics_import_info%40servethepeopleinc.org HTTP/1.1" 200 987 "-" "Mozilla/5.0 AppleWebKit/537.36 (KHTML, like Gecko; compatible; ClaudeBot/1.0; +claudebot@anthropic.com)"
66.249.65.105 - - [08/Apr/2025:09:39:52 -0400] "GET /goodscode/x/reticulatus/70825504.shtml HTTP/1.1" 200 25537 "-" "Mozilla/5.0 (Linux; Android 6.0.1; Nexus 5X Build/MMB29P) AppleWebKit/537.36 (KHTML, like Gecko) Chrome/135.0.7049.52 Mobile Safari/537.36 (compatible; GoogleOther)"
66.249.65.105 - - [08/Apr/2025:09:39:54 -0400] "GET /entity/o/lasioptera/45366242.shtml HTTP/1.1" 200 26855 "-" "Mozilla/5.0 (Linux; Android 6.0.1; Nexus 5X Build/MMB29P) AppleWebKit/537.36 (KHTML, like Gecko) Chrome/135.0.7049.52 Mobile Safari/537.36 (compatible; GoogleOther)"
18.222.178.70 - - [08/Apr/2025:09:39:55 -0400] "GET /ad917/?path=%2Fhome%2Fservlmvm%2Fpublic_html%2Fad917%2F.%2F..%2Fwp-content%2Fai1wm-backups%2F..%2Fplugins HTTP/1.1" 200 2038 "-" "Mozilla/5.0 AppleWebKit/537.36 (KHTML, like Gecko; compatible; ClaudeBot/1.0; +claudebot@anthropic.com)"
18.222.178.70 - - [08/Apr/2025:09:39:58 -0400] "GET /ad917/?path=%2Fhome%2Fservlmvm%2Fpublic_html%2Fad917%2F.%2F..%2Fwp-content%2Fai1wm-backups%2F..%2Fuploads HTTP/1.1" 200 1813 "-" "Mozilla/5.0 AppleWebKit/537.36 (KHTML, like Gecko; compatible; ClaudeBot/1.0; +claudebot@anthropic.com)"
207.46.13.78 - - [08/Apr/2025:09:39:58 -0400] "GET /goods/pc/lepidodendrales/46690828.shtml HTTP/1.1" 200 26607 "-" "Mozilla/5.0 AppleWebKit/537.36 (KHTML, like Gecko; compatible; bingbot/2.0; +http://www.bing.com/bingbot.htm) Chrome/116.0.1938.76 Safari/537.36"
18.222.178.70 - - [08/Apr/2025:09:40:02 -0400] "GET /ad917/?path=%2Fhome%2Fservlmvm%2Fpublic_html%2Fad917%2F.%2F..%2Fwp-content%2Fai1wm-backups%2F..%2Fthemes HTTP/1.1" 200 1759 "-" "Mozilla/5.0 AppleWebKit/537.36 (KHTML, like Gecko; compatible; ClaudeBot/1.0; +claudebot@anthropic.com)"
207.46.13.78 - - [08/Apr/2025:09:40:03 -0400] "GET /shopdetail/e/subspinosus/114940354.shtml HTTP/1.1" 200 28819 "-" "Mozilla/5.0 AppleWebKit/537.36 (KHTML, like Gecko; compatible; bingbot/2.0; +http://www.bing.com/bingbot.htm) Chrome/116.0.1938.76 Safari/537.36"
18.222.178.70 - - [08/Apr/2025:09:40:05 -0400] "GET /ad917/?path=%2Fhome%2Fservlmvm%2Fpublic_html%2Fad917%2F.%2F..%2Fwp-content%2Fai1wm-backups%2F..%2Fwflogs HTTP/1.1" 200 1892 "-" "Mozilla/5.0 AppleWebKit/537.36 (KHTML, like Gecko; compatible; ClaudeBot/1.0; +claudebot@anthropic.com)"
66.249.65.96 - - [08/Apr/2025:09:40:05 -0400] "GET /entity/yku/heteropoda/117230042.shtml HTTP/1.1" 200 26368 "-" "Mozilla/5.0 (Linux; Android 6.0.1; Nexus 5X Build/MMB29P) AppleWebKit/537.36 (KHTML, like Gecko) Chrome/135.0.7049.52 Mobile Safari/537.36 (compatible; GoogleOther)"
18.222.178.70 - - [08/Apr/2025:09:40:08 -0400] "GET /ad917/?path=%2Fhome%2F.%2F.%2F..%2F..%2Flib64%2Fpkgconfig%2F..%2Fgtk-2.0%2F..%2Flibglib-2.0.so.0.5600.4 HTTP/1.1" 200 989 "-" "Mozilla/5.0 AppleWebKit/537.36 (KHTML, like Gecko; compatible; ClaudeBot/1.0; +claudebot@anthropic.com)"
18.222.178.70 - - [08/Apr/2025:09:40:11 -0400] "GET /ad917/?path=%2Fhome%2F.%2F.%2F..%2F..%2Flib64%2Fpkgconfig%2F..%2Fgtk-2.0%2F..%2Flibtemplate.so.2.0.0 HTTP/1.1" 200 982 "-" "Mozilla/5.0 AppleWebKit/537.36 (KHTML, like Gecko; compatible; ClaudeBot/1.0; +claudebot@anthropic.com)"
18.222.178.70 - - [08/Apr/2025:09:40:14 -0400] "GET /ad917/?path=%2Fhome%2Fservlmvm%2Fpublic_html%2Fad917%2F.%2F..%2Fwp-content%2Fai1wm-backups%2F..%2F.. HTTP/1.1" 200 2480 "-" "Mozilla/5.0 AppleWebKit/537.36 (KHTML, like Gecko; compatible; ClaudeBot/1.0; +claudebot@anthropic.com)"
66.249.65.105 - - [08/Apr/2025:09:40:14 -0400] "GET /shopdetail/a/pseudoscorpionina/39632606.shtml HTTP/1.1" 200 29178 "-" "Mozilla/5.0 (Linux; Android 6.0.1; Nexus 5X Build/MMB29P) AppleWebKit/537.36 (KHTML, like Gecko) Chrome/135.0.7049.52 Mobile Safari/537.36 (compatible; GoogleOther)"
18.222.178.70 - - [08/Apr/2025:09:40:17 -0400] "GET /ad917/?path=%2Fhome%2F.%2F.%2F..%2F..%2Flib64%2Fpkgconfig%2F..%2Fgtk-2.0%2F..%2FlibX11-xcb.so.1.0.0 HTTP/1.1" 200 986 "-" "Mozilla/5.0 AppleWebKit/537.36 (KHTML, like Gecko; compatible; ClaudeBot/1.0; +claudebot@anthropic.com)"
66.249.65.104 - - [08/Apr/2025:09:40:19 -0400] "GET /shopbrand/n/suffocation/130096.shtml HTTP/1.1" 200 25192 "-" "Mozilla/5.0 (Linux; Android 6.0.1; Nexus 5X Build/MMB29P) AppleWebKit/537.36 (KHTML, like Gecko) Chrome/135.0.7049.52 Mobile Safari/537.36 (compatible; GoogleOther)"
18.222.178.70 - - [08/Apr/2025:09:40:20 -0400] "GET /ad917/?path=%2Fhome%2F.%2F.%2F..%2F..%2Flib64%2Fcifs-utils%2F..%2Flibdnf%2F..%2Flibnl-genl-3.so.200 HTTP/1.1" 200 986 "-" "Mozilla/5.0 AppleWebKit/537.36 (KHTML, like Gecko; compatible; ClaudeBot/1.0; +claudebot@anthropic.com)"
18.222.178.70 - - [08/Apr/2025:09:40:23 -0400] "GET /ad917/?path=%2Fhome%2Fservlmvm%2Fpublic_html%2Fad917%2F.%2F..%2Fwp-content%2Fai1wm-backups%2F..%2F. HTTP/1.1" 200 1848 "-" "Mozilla/5.0 AppleWebKit/537.36 (KHTML, like Gecko; compatible; ClaudeBot/1.0; +claudebot@anthropic.com)"
18.222.178.70 - - [08/Apr/2025:09:40:26 -0400] "GET /ad917/?path=%2Fhome%2Fservlmvm%2Fpublic_html%2Fad917%2F.%2F..%2Fwp-content%2Fai1wm-backups%2F.%2F.. HTTP/1.1" 200 1841 "-" "Mozilla/5.0 AppleWebKit/537.36 (KHTML, like Gecko; compatible; ClaudeBot/1.0; +claudebot@anthropic.com)"
18.222.178.70 - - [08/Apr/2025:09:40:29 -0400] "GET /ad917/?path=%2Fhome%2F.%2F..%2F..%2Flib64%2Fpython3.6%2F_sysconfigdata_dm_linux_x86_64-linux-gnu.py HTTP/1.1" 200 8159 "-" "Mozilla/5.0 AppleWebKit/537.36 (KHTML, like Gecko; compatible; ClaudeBot/1.0; +claudebot@anthropic.com)"
66.249.65.104 - - [08/Apr/2025:09:40:28 -0400] "GET /goodscode/i/equilibrating/69809318.shtml HTTP/1.1" 200 25582 "-" "Mozilla/5.0 (Linux; Android 6.0.1; Nexus 5X Build/MMB29P) AppleWebKit/537.36 (KHTML, like Gecko) Chrome/135.0.7049.52 Mobile Safari/537.36 (compatible; GoogleOther)"
66.249.65.104 - - [08/Apr/2025:09:40:30 -0400] "GET /items/zos/vagrantness/123252524.shtml HTTP/1.1" 200 28596 "-" "Mozilla/5.0 (Linux; Android 6.0.1; Nexus 5X Build/MMB29P) AppleWebKit/537.36 (KHTML, like Gecko) Chrome/135.0.7049.52 Mobile Safari/537.36 (compatible; GoogleOther)"
157.55.39.203 - - [08/Apr/2025:09:40:31 -0400] "GET /shopdetail/roulette/73712936.shtml HTTP/1.1" 200 25568 "-" "Mozilla/5.0 AppleWebKit/537.36 (KHTML, like Gecko; compatible; bingbot/2.0; +http://www.bing.com/bingbot.htm) Chrome/116.0.1938.76 Safari/537.36"
18.222.178.70 - - [08/Apr/2025:09:40:32 -0400] "GET /ad917/?path=%2Fhome%2F.%2F.%2F..%2F..%2Flib64%2Fpkgconfig%2F..%2Fgtk-2.0%2F..%2Flibxcb-xinerama.so HTTP/1.1" 200 983 "-" "Mozilla/5.0 AppleWebKit/537.36 (KHTML, like Gecko; compatible; ClaudeBot/1.0; +claudebot@anthropic.com)"
66.249.65.104 - - [08/Apr/2025:09:40:34 -0400] "GET /items/oc/entrick101121594.shtml HTTP/1.1" 200 27139 "-" "Mozilla/5.0 (Linux; Android 6.0.1; Nexus 5X Build/MMB29P) AppleWebKit/537.36 (KHTML, like Gecko) Chrome/135.0.7049.52 Mobile Safari/537.36 (compatible; GoogleOther)"
18.222.178.70 - - [08/Apr/2025:09:40:35 -0400] "GET /ad917/?path=%2Fhome%2Fservlmvm%2Fpublic_html%2Fad917%2F.%2F..%2Fwp-content%2Fai1wm-backups%2F.%2F. HTTP/1.1" 200 1850 "-" "Mozilla/5.0 AppleWebKit/537.36 (KHTML, like Gecko; compatible; ClaudeBot/1.0; +claudebot@anthropic.com)"
66.249.65.104 - - [08/Apr/2025:09:40:36 -0400] "GET /goodscode/grc/selandria115319362.shtml HTTP/1.1" 200 26989 "-" "Mozilla/5.0 (Linux; Android 6.0.1; Nexus 5X Build/MMB29P) AppleWebKit/537.36 (KHTML, like Gecko) Chrome/135.0.7049.52 Mobile Safari/537.36 (compatible; GoogleOther)"
18.222.178.70 - - [08/Apr/2025:09:40:38 -0400] "GET /ad917/?path=%2Fhome%2F.%2F..%2F..%2Flib64%2Fpython3.6%2F_sysconfigdata_m_linux_x86_64-linux-gnu.py HTTP/1.1" 200 8139 "-" "Mozilla/5.0 AppleWebKit/537.36 (KHTML, like Gecko; compatible; ClaudeBot/1.0; +claudebot@anthropic.com)"
18.222.178.70 - - [08/Apr/2025:09:40:41 -0400] "GET /ad917/?path=%2Fhome%2F.%2F..%2F..%2Flib64%2Fpython3.8%2F_sysconfigdata_d_linux_x86_64-linux-gnu.py HTTP/1.1" 200 8775 "-" "Mozilla/5.0 AppleWebKit/537.36 (KHTML, like Gecko; compatible; ClaudeBot/1.0; +claudebot@anthropic.com)"
66.249.65.104 - - [08/Apr/2025:09:40:42 -0400] "GET /products/t/butterandeggsnbot/94168972.shtml HTTP/1.1" 200 26958 "-" "Mozilla/5.0 (Linux; Android 6.0.1; Nexus 5X Build/MMB29P) AppleWebKit/537.36 (KHTML, like Gecko) Chrome/135.0.7049.52 Mobile Safari/537.36 (compatible; GoogleOther)"
18.222.178.70 - - [08/Apr/2025:09:40:44 -0400] "GET /ad917/?path=%2Fhome%2F.%2F.%2F..%2F..%2Flib64%2Fcifs-utils%2F..%2Flibdnf%2F..%2Flibpango-1.0.so.0 HTTP/1.1" 200 984 "-" "Mozilla/5.0 AppleWebKit/537.36 (KHTML, like Gecko; compatible; ClaudeBot/1.0; +claudebot@anthropic.com)"
18.222.178.70 - - [08/Apr/2025:09:40:47 -0400] "GET /ad917/?path=%2Fhome%2F.%2F..%2F..%2Flib64%2Fpython3.8%2F_sysconfigdata__linux_x86_64-linux-gnu.py HTTP/1.1" 200 8812 "-" "Mozilla/5.0 AppleWebKit/537.36 (KHTML, like Gecko; compatible; ClaudeBot/1.0; +claudebot@anthropic.com)"
66.249.65.104 - - [08/Apr/2025:09:40:47 -0400] "GET /detail/117935790.shtml HTTP/1.1" 200 25288 "-" "Mozilla/5.0 (Linux; Android 6.0.1; Nexus 5X Build/MMB29P) AppleWebKit/537.36 (KHTML, like Gecko) Chrome/135.0.7049.52 Mobile Safari/537.36 (compatible; Googlebot/2.1; +http://www.google.com/bot.html)"
52.167.144.136 - - [08/Apr/2025:09:40:47 -0400] "GET /items76611508.shtml HTTP/1.1" 200 25159 "-" "Mozilla/5.0 AppleWebKit/537.36 (KHTML, like Gecko; compatible; bingbot/2.0; +http://www.bing.com/bingbot.htm) Chrome/116.0.1938.76 Safari/537.36"
66.249.65.104 - - [08/Apr/2025:09:40:49 -0400] "GET /entity/wheresoeer/70843832.shtml HTTP/1.1" 200 27237 "-" "Mozilla/5.0 (Linux; Android 6.0.1; Nexus 5X Build/MMB29P) AppleWebKit/537.36 (KHTML, like Gecko) Chrome/135.0.7049.52 Mobile Safari/537.36 (compatible; GoogleOther)"
18.222.178.70 - - [08/Apr/2025:09:40:50 -0400] "GET /ad917/?path=%2Fhome%2F.%2F.%2F..%2F..%2Flib64%2Fpkgconfig%2F..%2Fgtk-2.0%2F..%2Flibtspi.so.1.2.0 HTTP/1.1" 200 983 "-" "Mozilla/5.0 AppleWebKit/537.36 (KHTML, like Gecko; compatible; ClaudeBot/1.0; +claudebot@anthropic.com)"
207.46.13.150 - - [08/Apr/2025:09:40:51 -0400] "GET /special/ge/tooling21576702.shtml HTTP/1.1" 200 25495 "-" "Mozilla/5.0 AppleWebKit/537.36 (KHTML, like Gecko; compatible; bingbot/2.0; +http://www.bing.com/bingbot.htm) Chrome/116.0.1938.76 Safari/537.36"
66.249.65.105 - - [08/Apr/2025:09:40:52 -0400] "GET /special/sm/bidwellii/43656274.shtml HTTP/1.1" 200 29158 "-" "Mozilla/5.0 (Linux; Android 6.0.1; Nexus 5X Build/MMB29P) AppleWebKit/537.36 (KHTML, like Gecko) Chrome/135.0.7049.52 Mobile Safari/537.36 (compatible; GoogleOther)"
18.222.178.70 - - [08/Apr/2025:09:40:53 -0400] "GET /ad917/?path=%2Fhome%2F.%2F..%2F..%2Fvar%2Flog%2F..%2Fsoftaculous%2Fprecurio%2Fphp82%2Fimport.php HTTP/1.1" 200 3340 "-" "Mozilla/5.0 AppleWebKit/537.36 (KHTML, like Gecko; compatible; ClaudeBot/1.0; +claudebot@anthropic.com)"
18.222.178.70 - - [08/Apr/2025:09:40:56 -0400] "GET /ad917/?path=%2Fhome%2F.%2F.%2F..%2F..%2Flib64%2Fpkgconfig%2F..%2Fgtk-2.0%2F..%2Fliblmdb.so.0.0.0 HTTP/1.1" 200 986 "-" "Mozilla/5.0 AppleWebKit/537.36 (KHTML, like Gecko; compatible; ClaudeBot/1.0; +claudebot@anthropic.com)"
18.222.178.70 - - [08/Apr/2025:09:40:59 -0400] "GET /ad917/?path=%2Fhome%2F.%2F.%2Fservlmvm%2F.cpanel%2Ficals%2Finfocamer%40servethepeopleinc.org.ics HTTP/1.1" 200 980 "-" "Mozilla/5.0 AppleWebKit/537.36 (KHTML, like Gecko; compatible; ClaudeBot/1.0; +claudebot@anthropic.com)"
66.249.65.104 - - [08/Apr/2025:09:40:58 -0400] "GET /special/fk/prospering32048936.shtml HTTP/1.1" 200 27219 "-" "Mozilla/5.0 (Linux; Android 6.0.1; Nexus 5X Build/MMB29P) AppleWebKit/537.36 (KHTML, like Gecko) Chrome/135.0.7049.52 Mobile Safari/537.36 (compatible; GoogleOther)"
66.249.65.105 - - [08/Apr/2025:09:41:00 -0400] "GET /goodscode/r/trochili/43082992.shtml HTTP/1.1" 200 27697 "-" "Mozilla/5.0 (Linux; Android 6.0.1; Nexus 5X Build/MMB29P) AppleWebKit/537.36 (KHTML, like Gecko) Chrome/135.0.7049.52 Mobile Safari/537.36 (compatible; GoogleOther)"
207.46.13.150 - - [08/Apr/2025:09:41:00 -0400] "GET /entity/ykq/sarluc/84534518.shtml HTTP/1.1" 200 26747 "-" "Mozilla/5.0 AppleWebKit/537.36 (KHTML, like Gecko; compatible; bingbot/2.0; +http://www.bing.com/bingbot.htm) Chrome/116.0.1938.76 Safari/537.36"
18.222.178.70 - - [08/Apr/2025:09:41:02 -0400] "GET /ad917/?path=%2Fhome%2F.%2F.%2F..%2F..%2Flib64%2Fpkgconfig%2F..%2Fgtk-2.0%2F..%2Flibnet.so.1.7.0 HTTP/1.1" 200 985 "-" "Mozilla/5.0 AppleWebKit/537.36 (KHTML, like Gecko; compatible; ClaudeBot/1.0; +claudebot@anthropic.com)"
66.249.65.104 - - [08/Apr/2025:09:41:01 -0400] "GET /goodscode/pem/pleurocarpic/98920080.shtml HTTP/1.1" 200 25112 "-" "Mozilla/5.0 (Linux; Android 6.0.1; Nexus 5X Build/MMB29P) AppleWebKit/537.36 (KHTML, like Gecko) Chrome/135.0.7049.52 Mobile Safari/537.36 (compatible; GoogleOther)"
52.167.144.136 - - [08/Apr/2025:09:41:06 -0400] "GET /entity9750846.shtml HTTP/1.1" 200 27182 "-" "Mozilla/5.0 AppleWebKit/537.36 (KHTML, like Gecko; compatible; bingbot/2.0; +http://www.bing.com/bingbot.htm) Chrome/116.0.1938.76 Safari/537.36"
66.249.65.104 - - [08/Apr/2025:09:41:07 -0400] "GET /items/b/mammiferous/68542316.shtml HTTP/1.1" 200 26343 "-" "Mozilla/5.0 (Linux; Android 6.0.1; Nexus 5X Build/MMB29P) AppleWebKit/537.36 (KHTML, like Gecko) Chrome/135.0.7049.52 Mobile Safari/537.36 (compatible; GoogleOther)"
66.249.65.104 - - [08/Apr/2025:09:41:09 -0400] "GET /goodscode/xw/apennine/36619696.shtml HTTP/1.1" 200 27156 "-" "Mozilla/5.0 (Linux; Android 6.0.1; Nexus 5X Build/MMB29P) AppleWebKit/537.36 (KHTML, like Gecko) Chrome/135.0.7049.52 Mobile Safari/537.36 (compatible; GoogleOther)"
66.249.65.104 - - [08/Apr/2025:09:41:13 -0400] "GET /entity/sxm/anatomizing123692230.shtml HTTP/1.1" 200 25775 "-" "Mozilla/5.0 (Linux; Android 6.0.1; Nexus 5X Build/MMB29P) AppleWebKit/537.36 (KHTML, like Gecko) Chrome/135.0.7049.52 Mobile Safari/537.36 (compatible; GoogleOther)"
66.249.65.104 - - [08/Apr/2025:09:41:20 -0400] "GET /item/centuries103376578.shtml HTTP/1.1" 200 25502 "-" "Mozilla/5.0 (Linux; Android 6.0.1; Nexus 5X Build/MMB29P) AppleWebKit/537.36 (KHTML, like Gecko) Chrome/135.0.7049.52 Mobile Safari/537.36 (compatible; GoogleOther)"
18.222.57.238 - - [08/Apr/2025:09:41:29 -0400] "GET /ad917/?path=%2Fhome%2F.%2F..%2Flib64%2F.%2Fperl5%2Fmachine HTTP/1.1" 200 1431 "-" "Mozilla/5.0 AppleWebKit/537.36 (KHTML, like Gecko; compatible; ClaudeBot/1.0; +claudebot@anthropic.com)"
18.222.57.238 - - [08/Apr/2025:09:41:32 -0400] "GET /ad917/?path=%2Fhome%2F.%2F..%2Flib64%2Fkrb5%2F..%2Fgtk-2.0 HTTP/1.1" 200 1496 "-" "Mozilla/5.0 AppleWebKit/537.36 (KHTML, like Gecko; compatible; ClaudeBot/1.0; +claudebot@anthropic.com)"
66.249.65.104 - - [08/Apr/2025:09:41:33 -0400] "GET /goodscode/mek/avaricious/3218186.shtml HTTP/1.1" 200 25501 "-" "Mozilla/5.0 (Linux; Android 6.0.1; Nexus 5X Build/MMB29P) AppleWebKit/537.36 (KHTML, like Gecko) Chrome/135.0.7049.52 Mobile Safari/537.36 (compatible; GoogleOther)"
66.249.65.104 - - [08/Apr/2025:09:41:34 -0400] "GET /special/r/antisepsis31149616.shtml HTTP/1.1" 200 27184 "-" "Mozilla/5.0 (Linux; Android 6.0.1; Nexus 5X Build/MMB29P) AppleWebKit/537.36 (KHTML, like Gecko) Chrome/135.0.7049.52 Mobile Safari/537.36 (compatible; GoogleOther)"
18.222.57.238 - - [08/Apr/2025:09:41:35 -0400] "GET /ad917/?path=%2Fhome%2F.%2F..%2Flib64%2Fgawk%2F..%2Frsyslog HTTP/1.1" 200 2372 "-" "Mozilla/5.0 AppleWebKit/537.36 (KHTML, like Gecko; compatible; ClaudeBot/1.0; +claudebot@anthropic.com)"
66.249.65.104 - - [08/Apr/2025:09:41:35 -0400] "GET /goodscode/fry/aristotelean97845148.shtml HTTP/1.1" 200 24952 "-" "Mozilla/5.0 (Linux; Android 6.0.1; Nexus 5X Build/MMB29P) AppleWebKit/537.36 (KHTML, like Gecko) Chrome/135.0.7049.52 Mobile Safari/537.36 (compatible; GoogleOther)"
18.222.57.238 - - [08/Apr/2025:09:41:38 -0400] "GET /ad917/?path=%2Fhome%2F.%2F..%2Flib64%2Fkrb5%2F..%2Fxtables HTTP/1.1" 200 4495 "-" "Mozilla/5.0 AppleWebKit/537.36 (KHTML, like Gecko; compatible; ClaudeBot/1.0; +claudebot@anthropic.com)"
18.222.57.238 - - [08/Apr/2025:09:41:41 -0400] "GET /ad917/?path=%2Fhome%2F.%2F..%2Flib64%2Fsse2%2F..%2Flibuser HTTP/1.1" 200 1564 "-" "Mozilla/5.0 AppleWebKit/537.36 (KHTML, like Gecko; compatible; ClaudeBot/1.0; +claudebot@anthropic.com)"
207.46.13.150 - - [08/Apr/2025:09:41:40 -0400] "GET /entity/molge65074994.shtml HTTP/1.1" 200 26404 "-" "Mozilla/5.0 AppleWebKit/537.36 (KHTML, like Gecko; compatible; bingbot/2.0; +http://www.bing.com/bingbot.htm) Chrome/116.0.1938.76 Safari/537.36"
66.249.65.104 - - [08/Apr/2025:09:41:42 -0400] "GET /entity/d/unaptness/53312196.shtml HTTP/1.1" 200 25529 "-" "Mozilla/5.0 (Linux; Android 6.0.1; Nexus 5X Build/MMB29P) AppleWebKit/537.36 (KHTML, like Gecko) Chrome/135.0.7049.52 Mobile Safari/537.36 (compatible; GoogleOther)"
18.222.57.238 - - [08/Apr/2025:09:41:44 -0400] "GET /ad917/?path=%2Fhome%2F.%2F..%2Flib64%2Fsse2%2F..%2Fgettext HTTP/1.1" 200 1617 "-" "Mozilla/5.0 AppleWebKit/537.36 (KHTML, like Gecko; compatible; ClaudeBot/1.0; +claudebot@anthropic.com)"
66.249.65.104 - - [08/Apr/2025:09:41:45 -0400] "GET /shopbrand/a/expediate/106778578.shtml HTTP/1.1" 200 28192 "-" "Mozilla/5.0 (Linux; Android 6.0.1; Nexus 5X Build/MMB29P) AppleWebKit/537.36 (KHTML, like Gecko) Chrome/135.0.7049.52 Mobile Safari/537.36 (compatible; GoogleOther)"
18.222.57.238 - - [08/Apr/2025:09:41:47 -0400] "GET /ad917/?path=%2Fhome%2F.%2F..%2Fopt%2Fcpanel%2Flibcurl%2F.. HTTP/1.1" 200 2084 "-" "Mozilla/5.0 AppleWebKit/537.36 (KHTML, like Gecko; compatible; ClaudeBot/1.0; +claudebot@anthropic.com)"
66.249.65.104 - - [08/Apr/2025:09:41:47 -0400] "GET /entity/q/isopodiform110241998.shtml HTTP/1.1" 200 25438 "-" "Mozilla/5.0 (Linux; Android 6.0.1; Nexus 5X Build/MMB29P) AppleWebKit/537.36 (KHTML, like Gecko) Chrome/135.0.7049.52 Mobile Safari/537.36 (compatible; GoogleOther)"
18.222.57.238 - - [08/Apr/2025:09:41:50 -0400] "GET /ad917/?path=%2Fhome%2F.%2F..%2Flib64%2Fplymouth%2F..%2Fnss HTTP/1.1" 200 1488 "-" "Mozilla/5.0 AppleWebKit/537.36 (KHTML, like Gecko; compatible; ClaudeBot/1.0; +claudebot@anthropic.com)"
207.46.13.150 - - [08/Apr/2025:09:41:50 -0400] "GET /items121923376.shtml HTTP/1.1" 200 28236 "-" "Mozilla/5.0 AppleWebKit/537.36 (KHTML, like Gecko; compatible; bingbot/2.0; +http://www.bing.com/bingbot.htm) Chrome/116.0.1938.76 Safari/537.36"
66.249.65.104 - - [08/Apr/2025:09:41:51 -0400] "GET /entity/wka/restricted/97990074.shtml HTTP/1.1" 200 26896 "-" "Mozilla/5.0 (Linux; Android 6.0.1; Nexus 5X Build/MMB29P) AppleWebKit/537.36 (KHTML, like Gecko) Chrome/135.0.7049.52 Mobile Safari/537.36 (compatible; GoogleOther)"
18.222.57.238 - - [08/Apr/2025:09:41:53 -0400] "GET /ad917/?path=%2Fhome%2F.%2F..%2Fusr%2Finclude%2Fext2fs%2F.. HTTP/1.1" 200 8785 "-" "Mozilla/5.0 AppleWebKit/537.36 (KHTML, like Gecko; compatible; ClaudeBot/1.0; +claudebot@anthropic.com)"
18.222.57.238 - - [08/Apr/2025:09:41:56 -0400] "GET /ad917/?path=%2Fhome%2F.%2Fservlmvm%2F.%2F.trash%2F..%2Fetc HTTP/1.1" 200 1509 "-" "Mozilla/5.0 AppleWebKit/537.36 (KHTML, like Gecko; compatible; ClaudeBot/1.0; +claudebot@anthropic.com)"
18.222.57.238 - - [08/Apr/2025:09:41:59 -0400] "GET /ad917/?path=%2Fhome%2F.%2Fservlmvm%2F.%2Flscache%2F..%2F.. HTTP/1.1" 200 1460 "-" "Mozilla/5.0 AppleWebKit/537.36 (KHTML, like Gecko; compatible; ClaudeBot/1.0; +claudebot@anthropic.com)"
18.222.57.238 - - [08/Apr/2025:09:42:02 -0400] "GET /ad917/?path=%2Fhome%2F.%2F..%2Fopt%2Fpuppetlabs%2F..%2Falt HTTP/1.1" 200 3158 "-" "Mozilla/5.0 AppleWebKit/537.36 (KHTML, like Gecko; compatible; ClaudeBot/1.0; +claudebot@anthropic.com)"
66.249.65.105 - - [08/Apr/2025:09:42:01 -0400] "GET /products/by/endeavorer/70835516.shtml HTTP/1.1" 200 27083 "-" "Mozilla/5.0 (Linux; Android 6.0.1; Nexus 5X Build/MMB29P) AppleWebKit/537.36 (KHTML, like Gecko) Chrome/135.0.7049.52 Mobile Safari/537.36 (compatible; GoogleOther)"
66.249.65.96 - - [08/Apr/2025:09:42:03 -0400] "GET /info/lavishness/117996748.shtml HTTP/1.1" 200 27718 "-" "Mozilla/5.0 (Linux; Android 6.0.1; Nexus 5X Build/MMB29P) AppleWebKit/537.36 (KHTML, like Gecko) Chrome/135.0.7049.52 Mobile Safari/537.36 (compatible; GoogleOther)"
66.249.65.96 - - [08/Apr/2025:09:42:04 -0400] "GET /special/completeness/114022398.shtml HTTP/1.1" 200 28512 "-" "Mozilla/5.0 (Linux; Android 6.0.1; Nexus 5X Build/MMB29P) AppleWebKit/537.36 (KHTML, like Gecko) Chrome/135.0.7049.52 Mobile Safari/537.36 (compatible; GoogleOther)"
18.222.57.238 - - [08/Apr/2025:09:42:05 -0400] "GET /ad917/?path=%2Fhome%2F.%2F..%2Fopt%2Ftd-agent-bit%2F..%2F. HTTP/1.1" 200 1884 "-" "Mozilla/5.0 AppleWebKit/537.36 (KHTML, like Gecko; compatible; ClaudeBot/1.0; +claudebot@anthropic.com)"
40.77.167.150 - - [08/Apr/2025:09:42:04 -0400] "GET /entity75983082.shtml HTTP/1.1" 200 26223 "-" "Mozilla/5.0 AppleWebKit/537.36 (KHTML, like Gecko; compatible; bingbot/2.0; +http://www.bing.com/bingbot.htm) Chrome/116.0.1938.76 Safari/537.36"
18.222.57.238 - - [08/Apr/2025:09:42:08 -0400] "GET /ad917/?path=%2Fhome%2F.%2F.%2Fservlmvm%2Fmail%2F.Sent%2F.. HTTP/1.1" 200 2281 "-" "Mozilla/5.0 AppleWebKit/537.36 (KHTML, like Gecko; compatible; ClaudeBot/1.0; +claudebot@anthropic.com)"
40.77.167.150 - - [08/Apr/2025:09:42:07 -0400] "GET /entity/taxed/75983288.shtml HTTP/1.1" 200 25864 "-" "Mozilla/5.0 AppleWebKit/537.36 (KHTML, like Gecko; compatible; bingbot/2.0; +http://www.bing.com/bingbot.htm) Chrome/116.0.1938.76 Safari/537.36"
157.55.39.203 - - [08/Apr/2025:09:42:10 -0400] "GET /special/52202682.shtml HTTP/1.1" 200 27770 "-" "Mozilla/5.0 AppleWebKit/537.36 (KHTML, like Gecko; compatible; bingbot/2.0; +http://www.bing.com/bingbot.htm) Chrome/116.0.1938.76 Safari/537.36"
18.222.57.238 - - [08/Apr/2025:09:42:11 -0400] "GET /ad917/?path=%2Fhome%2F.%2F..%2Fopt%2Fcpanel%2Fea-php53%2F. HTTP/1.1" 200 1461 "-" "Mozilla/5.0 AppleWebKit/537.36 (KHTML, like Gecko; compatible; ClaudeBot/1.0; +claudebot@anthropic.com)"
66.249.65.105 - - [08/Apr/2025:09:42:10 -0400] "GET /entity/xkw/stephanite/75561508.shtml HTTP/1.1" 200 28025 "-" "Mozilla/5.0 (Linux; Android 6.0.1; Nexus 5X Build/MMB29P) AppleWebKit/537.36 (KHTML, like Gecko) Chrome/135.0.7049.52 Mobile Safari/537.36 (compatible; GoogleOther)"
66.249.65.104 - - [08/Apr/2025:09:42:13 -0400] "GET /item/mylodontidae/25811520.shtml HTTP/1.1" 200 28216 "-" "Mozilla/5.0 (Linux; Android 6.0.1; Nexus 5X Build/MMB29P) AppleWebKit/537.36 (KHTML, like Gecko) Chrome/135.0.7049.52 Mobile Safari/537.36 (compatible; GoogleOther)"
18.222.57.238 - - [08/Apr/2025:09:42:14 -0400] "GET /ad917/?path=%2Fhome%2F.%2Fservlmvm%2F.%2F.cagefs%2Fopt%2F. HTTP/1.1" 200 1456 "-" "Mozilla/5.0 AppleWebKit/537.36 (KHTML, like Gecko; compatible; ClaudeBot/1.0; +claudebot@anthropic.com)"
18.222.57.238 - - [08/Apr/2025:09:42:17 -0400] "GET /ad917/?path=%2Fhome%2F.%2F..%2Fusr%2Finclude%2Fsepol%2Fcil HTTP/1.1" 200 1508 "-" "Mozilla/5.0 AppleWebKit/537.36 (KHTML, like Gecko; compatible; ClaudeBot/1.0; +claudebot@anthropic.com)"
18.222.57.238 - - [08/Apr/2025:09:42:20 -0400] "GET /ad917/?path=%2Fhome%2F.%2F..%2Fopt%2Fpuppetlabs%2F..%2Fcxs HTTP/1.1" 200 1466 "-" "Mozilla/5.0 AppleWebKit/537.36 (KHTML, like Gecko; compatible; ClaudeBot/1.0; +claudebot@anthropic.com)"
157.55.39.203 - - [08/Apr/2025:09:42:19 -0400] "GET /special/encyclic42317314.shtml HTTP/1.1" 200 25960 "-" "Mozilla/5.0 AppleWebKit/537.36 (KHTML, like Gecko; compatible; bingbot/2.0; +http://www.bing.com/bingbot.htm) Chrome/116.0.1938.76 Safari/537.36"
157.55.39.203 - - [08/Apr/2025:09:42:22 -0400] "GET /items/34096184.shtml HTTP/1.1" 200 27141 "-" "Mozilla/5.0 AppleWebKit/537.36 (KHTML, like Gecko; compatible; bingbot/2.0; +http://www.bing.com/bingbot.htm) Chrome/116.0.1938.76 Safari/537.36"
18.222.57.238 - - [08/Apr/2025:09:42:23 -0400] "GET /ad917/?path=%2Fhome%2F.%2Fservlmvm%2Fmail%2Fcur%2F..%2Fnew HTTP/1.1" 200 47591 "-" "Mozilla/5.0 AppleWebKit/537.36 (KHTML, like Gecko; compatible; ClaudeBot/1.0; +claudebot@anthropic.com)"
