198.54.116.86 - - [16/Apr/2025:08:32:26 -0400] "POST /wp-cron.php?doing_wp_cron=1744806746.9891579151153564453125 HTTP/1.1" 200 0 "-" "WordPress/6.8; https://servethepeopleinc.org"
40.77.167.69 - - [16/Apr/2025:08:32:26 -0400] "GET /detail/heptahedron38150826.shtml HTTP/1.1" 404 16940 "-" "Mozilla/5.0 AppleWebKit/537.36 (KHTML, like Gecko; compatible; bingbot/2.0; +http://www.bing.com/bingbot.htm) Chrome/116.0.1938.76 Safari/537.36"
198.54.116.86 - - [16/Apr/2025:08:32:27 -0400] "POST /wp-admin/admin-ajax.php?action=async_litespeed&nonce=zpJq5lSnA9mg1lulAaBTGiZuqJpYKScf&litespeed_type=imgoptm HTTP/1.1" 200 21 "-" "WordPress/6.8; https://servethepeopleinc.org"
3.18.102.38 - - [16/Apr/2025:08:32:29 -0400] "GET /ad917/?path=%2Fhome%2F.%2F..%2Flib64%2Fengines-1.1%2F.%2F..%2Fpython2.7%2Ftest%2F..%2Fthreading.py HTTP/1.1" 200 13844 "-" "Mozilla/5.0 AppleWebKit/537.36 (KHTML, like Gecko; compatible; ClaudeBot/1.0; +claudebot@anthropic.com)"
52.167.144.159 - - [16/Apr/2025:08:32:31 -0400] "GET /info/hemerobian12323534.shtml HTTP/1.1" 404 16939 "-" "Mozilla/5.0 AppleWebKit/537.36 (KHTML, like Gecko; compatible; bingbot/2.0; +http://www.bing.com/bingbot.htm) Chrome/116.0.1938.76 Safari/537.36"
3.18.102.38 - - [16/Apr/2025:08:32:32 -0400] "GET /ad917/?path=%2Fhome%2F.%2F..%2Flib64%2Fengines-1.1%2F.%2F..%2Fpython2.7%2Ftest%2F..%2Fsunaudio.pyc HTTP/1.1" 200 994 "-" "Mozilla/5.0 AppleWebKit/537.36 (KHTML, like Gecko; compatible; ClaudeBot/1.0; +claudebot@anthropic.com)"
3.18.102.38 - - [16/Apr/2025:08:32:35 -0400] "GET /ad917/?path=%2Fhome%2F.%2F..%2F..%2Flib64%2Flibibverbs%2F..%2Fpython3.6%2Fjson%2F..%2Fthreading.py HTTP/1.1" 200 15279 "-" "Mozilla/5.0 AppleWebKit/537.36 (KHTML, like Gecko; compatible; ClaudeBot/1.0; +claudebot@anthropic.com)"
3.18.102.38 - - [16/Apr/2025:08:32:38 -0400] "GET /ad917/?path=%2Fhome%2F.%2F..%2Flib64%2Fengines-1.1%2F.%2F..%2Fpython2.7%2Ftest%2F..%2Fargparse.pyo HTTP/1.1" 200 995 "-" "Mozilla/5.0 AppleWebKit/537.36 (KHTML, like Gecko; compatible; ClaudeBot/1.0; +claudebot@anthropic.com)"
40.77.167.69 - - [16/Apr/2025:08:32:37 -0400] "GET /detail/pentadactylus121796704.shtml HTTP/1.1" 404 16940 "-" "Mozilla/5.0 AppleWebKit/537.36 (KHTML, like Gecko; compatible; bingbot/2.0; +http://www.bing.com/bingbot.htm) Chrome/116.0.1938.76 Safari/537.36"
40.77.167.69 - - [16/Apr/2025:08:32:40 -0400] "GET /shopbrand/cleeking52699584.shtml HTTP/1.1" 404 16940 "-" "Mozilla/5.0 AppleWebKit/537.36 (KHTML, like Gecko; compatible; bingbot/2.0; +http://www.bing.com/bingbot.htm) Chrome/116.0.1938.76 Safari/537.36"
3.18.102.38 - - [16/Apr/2025:08:32:41 -0400] "GET /ad917/?path=%2Fhome%2F.%2F..%2Flib64%2Fengines-1.1%2F.%2F..%2Fpython2.7%2Ftest%2F..%2FUserList.pyo HTTP/1.1" 200 995 "-" "Mozilla/5.0 AppleWebKit/537.36 (KHTML, like Gecko; compatible; ClaudeBot/1.0; +claudebot@anthropic.com)"
3.18.102.38 - - [16/Apr/2025:08:32:44 -0400] "GET /ad917/?path=%2Fhome%2F.%2F..%2Flib64%2Fengines-1.1%2F.%2F..%2Fpython2.7%2Ftest%2F..%2Fplatform.pyo HTTP/1.1" 200 991 "-" "Mozilla/5.0 AppleWebKit/537.36 (KHTML, like Gecko; compatible; ClaudeBot/1.0; +claudebot@anthropic.com)"
3.18.102.38 - - [16/Apr/2025:08:32:47 -0400] "GET /ad917/?path=%2Fhome%2F.%2F..%2Flib64%2Fengines-1.1%2F.%2F..%2Ftk8.6%2F..%2Fsecurity%2Fpam_umask.so HTTP/1.1" 200 988 "-" "Mozilla/5.0 AppleWebKit/537.36 (KHTML, like Gecko; compatible; ClaudeBot/1.0; +claudebot@anthropic.com)"
40.77.167.136 - - [16/Apr/2025:08:32:58 -0400] "GET /detail/121690060.shtml HTTP/1.1" 301 0 "-" "Mozilla/5.0 AppleWebKit/537.36 (KHTML, like Gecko; compatible; bingbot/2.0; +http://www.bing.com/bingbot.htm) Chrome/116.0.1938.76 Safari/537.36"
18.222.254.99 - - [16/Apr/2025:08:33:22 -0400] "GET /ad917/?path=%2Fhome%2F.%2F..%2F..%2Flib64%2Flibibverbs%2F..%2Fpython3.6%2Flogging%2F..%2Freprlib.py HTTP/1.1" 200 2602 "-" "Mozilla/5.0 AppleWebKit/537.36 (KHTML, like Gecko; compatible; ClaudeBot/1.0; +claudebot@anthropic.com)"
18.222.254.99 - - [16/Apr/2025:08:33:24 -0400] "GET /ad917/?path=%2Fhome%2Fservlmvm%2F.%2F.%2F..%2F..%2F.%2Fusr%2Fselector%2F..%2Finclude%2Fgettext-po.h HTTP/1.1" 200 4969 "-" "Mozilla/5.0 AppleWebKit/537.36 (KHTML, like Gecko; compatible; ClaudeBot/1.0; +claudebot@anthropic.com)"
18.222.254.99 - - [16/Apr/2025:08:33:27 -0400] "GET /ad917/?path=%2Fhome%2Fservlmvm%2F.%2F.%2F..%2F..%2F.%2Fusr%2Finclude%2Fpython2.7%2F.%2Fboolobject.h HTTP/1.1" 200 1449 "-" "Mozilla/5.0 AppleWebKit/537.36 (KHTML, like Gecko; compatible; ClaudeBot/1.0; +claudebot@anthropic.com)"
198.54.116.86 - - [16/Apr/2025:08:33:29 -0400] "POST /wp-cron.php?doing_wp_cron=1744806809.2844340801239013671875 HTTP/1.1" 200 0 "-" "WordPress/6.8; https://servethepeopleinc.org"
40.77.167.67 - - [16/Apr/2025:08:33:29 -0400] "GET /products/equivalved/67912320.shtml HTTP/1.1" 404 16950 "-" "Mozilla/5.0 AppleWebKit/537.36 (KHTML, like Gecko; compatible; bingbot/2.0; +http://www.bing.com/bingbot.htm) Chrome/116.0.1938.76 Safari/537.36"
198.54.116.86 - - [16/Apr/2025:08:33:29 -0400] "POST /wp-admin/admin-ajax.php?action=async_litespeed&nonce=xaZBugOUF63N9AMtGrE5XwcKphUAQHoT&litespeed_type=imgoptm HTTP/1.1" 200 21 "-" "WordPress/6.8; https://servethepeopleinc.org"
18.222.254.99 - - [16/Apr/2025:08:33:30 -0400] "GET /ad917/?path=%2Fhome%2F.%2F..%2F..%2Flib64%2Flibibverbs%2F..%2Fcmake%2F..%2Fpython2.7%2Fxmlrpclib.py HTTP/1.1" 200 16289 "-" "Mozilla/5.0 AppleWebKit/537.36 (KHTML, like Gecko; compatible; ClaudeBot/1.0; +claudebot@anthropic.com)"
18.222.254.99 - - [16/Apr/2025:08:33:33 -0400] "GET /ad917/?path=%2Fhome%2F.%2F..%2Flib64%2Fengines-1.1%2F.%2F..%2Fpython2.7%2Flib2to3%2F..%2Fbase64.pyo HTTP/1.1" 200 1005 "-" "Mozilla/5.0 AppleWebKit/537.36 (KHTML, like Gecko; compatible; ClaudeBot/1.0; +claudebot@anthropic.com)"
18.222.254.99 - - [16/Apr/2025:08:33:36 -0400] "GET /ad917/?path=%2Fhome%2Fservlmvm%2F.%2F.%2F..%2F..%2F.%2Fusr%2Finclude%2Fpython2.7%2F.%2Fiterobject.h HTTP/1.1" 200 1220 "-" "Mozilla/5.0 AppleWebKit/537.36 (KHTML, like Gecko; compatible; ClaudeBot/1.0; +claudebot@anthropic.com)"
18.222.254.99 - - [16/Apr/2025:08:33:39 -0400] "GET /ad917/?path=%2Fhome%2F.%2F..%2Flib64%2Fengines-1.1%2F.%2F..%2Fpython2.7%2Flogging%2F..%2Fgetopt.pyo HTTP/1.1" 200 1002 "-" "Mozilla/5.0 AppleWebKit/537.36 (KHTML, like Gecko; compatible; ClaudeBot/1.0; +claudebot@anthropic.com)"
18.222.254.99 - - [16/Apr/2025:08:33:42 -0400] "GET /ad917/?path=%2Fhome%2F.%2F..%2Flib64%2Fengines-1.1%2F.%2F..%2Fpython2.7%2Flib2to3%2F..%2Fmailbox.py HTTP/1.1" 200 17213 "-" "Mozilla/5.0 AppleWebKit/537.36 (KHTML, like Gecko; compatible; ClaudeBot/1.0; +claudebot@anthropic.com)"
18.222.254.99 - - [16/Apr/2025:08:33:45 -0400] "GET /ad917/?path=%2Fhome%2F.%2Fservlmvm%2Flscache%2F..%2F..%2F..%2Flib64%2Fbind9-export%2F..%2Fpython3.6 HTTP/1.1" 200 6821 "-" "Mozilla/5.0 AppleWebKit/537.36 (KHTML, like Gecko; compatible; ClaudeBot/1.0; +claudebot@anthropic.com)"
18.222.254.99 - - [16/Apr/2025:08:33:48 -0400] "GET /ad917/?path=%2Fhome%2F.%2Fservlmvm%2Flscache%2F..%2F..%2F..%2Flib64%2Frpm-plugins%2F..%2Flibmenu.so HTTP/1.1" 200 993 "-" "Mozilla/5.0 AppleWebKit/537.36 (KHTML, like Gecko; compatible; ClaudeBot/1.0; +claudebot@anthropic.com)"
18.222.254.99 - - [16/Apr/2025:08:33:51 -0400] "GET /ad917/?path=%2Fhome%2F.%2F..%2F..%2Flib64%2Flibibverbs%2F..%2Fcmake%2F..%2Fpython2.7%2FUserDict.pyo HTTP/1.1" 200 993 "-" "Mozilla/5.0 AppleWebKit/537.36 (KHTML, like Gecko; compatible; ClaudeBot/1.0; +claudebot@anthropic.com)"
18.222.254.99 - - [16/Apr/2025:08:33:54 -0400] "GET /ad917/?path=%2Fhome%2F.%2F..%2Flib64%2Fengines-1.1%2F.%2F..%2Fpython2.7%2Flib2to3%2F..%2Fmacpath.py HTTP/1.1" 200 3562 "-" "Mozilla/5.0 AppleWebKit/537.36 (KHTML, like Gecko; compatible; ClaudeBot/1.0; +claudebot@anthropic.com)"
18.222.254.99 - - [16/Apr/2025:08:33:57 -0400] "GET /ad917/?path=%2Fhome%2F.%2F..%2Flib64%2Fengines-1.1%2F.%2F..%2Fpython2.7%2Flogging%2F..%2Ftimeit.pyc HTTP/1.1" 200 1001 "-" "Mozilla/5.0 AppleWebKit/537.36 (KHTML, like Gecko; compatible; ClaudeBot/1.0; +claudebot@anthropic.com)"
18.222.254.99 - - [16/Apr/2025:08:34:00 -0400] "GET /ad917/?path=%2Fhome%2F.%2Fservlmvm%2Flscache%2F..%2F..%2F..%2Flib64%2Frpm-plugins%2F..%2Flibjq.so.1 HTTP/1.1" 200 992 "-" "Mozilla/5.0 AppleWebKit/537.36 (KHTML, like Gecko; compatible; ClaudeBot/1.0; +claudebot@anthropic.com)"
18.222.254.99 - - [16/Apr/2025:08:34:03 -0400] "GET /ad917/?path=%2Fhome%2Fservlmvm%2F.%2F.%2F..%2F..%2F.%2Fusr%2Finclude%2Fpython3.8%2F.%2Fcellobject.h HTTP/1.1" 200 1318 "-" "Mozilla/5.0 AppleWebKit/537.36 (KHTML, like Gecko; compatible; ClaudeBot/1.0; +claudebot@anthropic.com)"
18.222.254.99 - - [16/Apr/2025:08:34:06 -0400] "GET /ad917/?path=%2Fhome%2Fservlmvm%2F..%2F.%2F..%2F.%2F.%2Fusr%2Finclude%2Ffontconfig%2F..%2Fexecinfo.h HTTP/1.1" 200 1721 "-" "Mozilla/5.0 AppleWebKit/537.36 (KHTML, like Gecko; compatible; ClaudeBot/1.0; +claudebot@anthropic.com)"
198.54.116.86 - - [16/Apr/2025:08:34:07 -0400] "POST /wp-cron.php?doing_wp_cron=1744806847.2958059310913085937500 HTTP/1.1" 200 0 "-" "WordPress/6.8; https://servethepeopleinc.org"
52.167.144.159 - - [16/Apr/2025:08:34:07 -0400] "GET /product/kibbutzim30589100.shtml HTTP/1.1" 404 16943 "-" "Mozilla/5.0 AppleWebKit/537.36 (KHTML, like Gecko; compatible; bingbot/2.0; +http://www.bing.com/bingbot.htm) Chrome/116.0.1938.76 Safari/537.36"
198.54.116.86 - - [16/Apr/2025:08:34:07 -0400] "POST /wp-admin/admin-ajax.php?action=async_litespeed&nonce=RwbGDHgmK5uwptpkGLhZoZcZY50sgoIu&litespeed_type=imgoptm HTTP/1.1" 200 21 "-" "WordPress/6.8; https://servethepeopleinc.org"
18.222.254.99 - - [16/Apr/2025:08:34:09 -0400] "GET /ad917/?path=%2Fhome%2F.%2F..%2Flib%2Frpm%2Ffileattrs%2F..%2Fplatform%2Fi386-linux%2F..%2Fi686-linux HTTP/1.1" 200 1547 "-" "Mozilla/5.0 AppleWebKit/537.36 (KHTML, like Gecko; compatible; ClaudeBot/1.0; +claudebot@anthropic.com)"
40.77.167.69 - - [16/Apr/2025:08:34:12 -0400] "GET /detail/pm/syncerus71258628.shtml HTTP/1.1" 404 16950 "-" "Mozilla/5.0 AppleWebKit/537.36 (KHTML, like Gecko; compatible; bingbot/2.0; +http://www.bing.com/bingbot.htm) Chrome/116.0.1938.76 Safari/537.36"
18.222.254.99 - - [16/Apr/2025:08:34:12 -0400] "GET /ad917/?path=%2Fhome%2F.%2F..%2F..%2Flib64%2Flibibverbs%2F..%2Fpython3.6%2Fsqlite3%2F..%2Fpkgutil.py HTTP/1.1" 200 7385 "-" "Mozilla/5.0 AppleWebKit/537.36 (KHTML, like Gecko; compatible; ClaudeBot/1.0; +claudebot@anthropic.com)"
18.222.254.99 - - [16/Apr/2025:08:34:15 -0400] "GET /ad917/?path=%2Fhome%2Fservlmvm%2F.%2F.%2F..%2F..%2F.%2Fusr%2Finclude%2Fpython3.8%2F.%2Fboolobject.h HTTP/1.1" 200 1438 "-" "Mozilla/5.0 AppleWebKit/537.36 (KHTML, like Gecko; compatible; ClaudeBot/1.0; +claudebot@anthropic.com)"
18.222.254.99 - - [16/Apr/2025:08:34:18 -0400] "GET /ad917/?path=%2Fhome%2Fservlmvm%2F..%2F.%2F..%2F.%2F.%2Fusr%2Finclude%2Ffontconfig%2F.%2Ffcprivate.h HTTP/1.1" 200 2563 "-" "Mozilla/5.0 AppleWebKit/537.36 (KHTML, like Gecko; compatible; ClaudeBot/1.0; +claudebot@anthropic.com)"
18.222.254.99 - - [16/Apr/2025:08:34:21 -0400] "GET /ad917/?path=%2Fhome%2F.%2Fservlmvm%2Flscache%2F..%2F..%2F..%2Flib64%2Frpm-plugins%2F..%2Flibcriu.so HTTP/1.1" 200 993 "-" "Mozilla/5.0 AppleWebKit/537.36 (KHTML, like Gecko; compatible; ClaudeBot/1.0; +claudebot@anthropic.com)"
18.222.254.99 - - [16/Apr/2025:08:34:24 -0400] "GET /ad917/?path=%2Fhome%2F.%2F..%2F..%2Flib64%2Flibibverbs%2F..%2Fcmake%2F..%2Fpython2.7%2Fplatform.pyc HTTP/1.1" 200 988 "-" "Mozilla/5.0 AppleWebKit/537.36 (KHTML, like Gecko; compatible; ClaudeBot/1.0; +claudebot@anthropic.com)"
18.222.254.99 - - [16/Apr/2025:08:34:27 -0400] "GET /ad917/?path=%2Fhome%2F.%2F..%2F..%2Flib64%2Flibibverbs%2F..%2Fcmake%2F..%2Fpython2.7%2Fplatform.pyo HTTP/1.1" 200 988 "-" "Mozilla/5.0 AppleWebKit/537.36 (KHTML, like Gecko; compatible; ClaudeBot/1.0; +claudebot@anthropic.com)"
18.222.254.99 - - [16/Apr/2025:08:34:30 -0400] "GET /ad917/?path=%2Fhome%2F.%2F..%2F..%2Flib64%2Flibibverbs%2F..%2Fpython3.6%2Fsqlite3%2F..%2Fzipfile.py HTTP/1.1" 200 21664 "-" "Mozilla/5.0 AppleWebKit/537.36 (KHTML, like Gecko; compatible; ClaudeBot/1.0; +claudebot@anthropic.com)"
18.222.254.99 - - [16/Apr/2025:08:34:33 -0400] "GET /ad917/?path=%2Fhome%2F.%2F..%2Flib64%2Fengines-1.1%2F.%2F..%2Fpython2.7%2Flib2to3%2F..%2Fsndhdr.pyo HTTP/1.1" 200 1004 "-" "Mozilla/5.0 AppleWebKit/537.36 (KHTML, like Gecko; compatible; ClaudeBot/1.0; +claudebot@anthropic.com)"
18.222.254.99 - - [16/Apr/2025:08:34:36 -0400] "GET /ad917/?path=%2Fhome%2F.%2F..%2F..%2Flib64%2Flibibverbs%2F..%2Fcmake%2F..%2Fpython2.7%2Fasyncore.pyo HTTP/1.1" 200 990 "-" "Mozilla/5.0 AppleWebKit/537.36 (KHTML, like Gecko; compatible; ClaudeBot/1.0; +claudebot@anthropic.com)"
18.222.254.99 - - [16/Apr/2025:08:34:39 -0400] "GET /ad917/?path=%2Fhome%2F.%2F..%2F..%2Flib64%2Flibibverbs%2F..%2Fcmake%2F..%2Fpython2.7%2Ftextwrap.pyc HTTP/1.1" 200 991 "-" "Mozilla/5.0 AppleWebKit/537.36 (KHTML, like Gecko; compatible; ClaudeBot/1.0; +claudebot@anthropic.com)"
18.222.254.99 - - [16/Apr/2025:08:34:42 -0400] "GET /ad917/?path=%2Fhome%2F.%2F..%2Flib%2Ffirmware%2Fdsp56k%2F..%2Fath9k_htc%2F..%2Fadvansys%2Fmcode.bin HTTP/1.1" 200 998 "-" "Mozilla/5.0 AppleWebKit/537.36 (KHTML, like Gecko; compatible; ClaudeBot/1.0; +claudebot@anthropic.com)"
18.222.254.99 - - [16/Apr/2025:08:34:45 -0400] "GET /ad917/?path=%2Fhome%2Fservlmvm%2F..%2F.%2F..%2F.%2F.%2Fusr%2Finclude%2Ffontconfig%2F..%2Fkeyutils.h HTTP/1.1" 200 3270 "-" "Mozilla/5.0 AppleWebKit/537.36 (KHTML, like Gecko; compatible; ClaudeBot/1.0; +claudebot@anthropic.com)"
18.222.254.99 - - [16/Apr/2025:08:34:48 -0400] "GET /ad917/?path=%2Fhome%2F.%2Fservlmvm%2Flscache%2F..%2F..%2F..%2Flib64%2Frpm-plugins%2F..%2Flibkrad.so HTTP/1.1" 200 992 "-" "Mozilla/5.0 AppleWebKit/537.36 (KHTML, like Gecko; compatible; ClaudeBot/1.0; +claudebot@anthropic.com)"
18.222.254.99 - - [16/Apr/2025:08:34:51 -0400] "GET /ad917/?path=%2Fhome%2F.%2F..%2Flib64%2Fengines-1.1%2F.%2F..%2Fpython2.7%2Flib2to3%2F..%2FBastion.py HTTP/1.1" 200 3256 "-" "Mozilla/5.0 AppleWebKit/537.36 (KHTML, like Gecko; compatible; ClaudeBot/1.0; +claudebot@anthropic.com)"
18.222.254.99 - - [16/Apr/2025:08:34:54 -0400] "GET /ad917/?path=%2Fhome%2F.%2F..%2F..%2Flib64%2Flibibverbs%2F..%2Fpython3.6%2Fsqlite3%2F..%2Fdoctest.py HTTP/1.1" 200 29461 "-" "Mozilla/5.0 AppleWebKit/537.36 (KHTML, like Gecko; compatible; ClaudeBot/1.0; +claudebot@anthropic.com)"
18.222.254.99 - - [16/Apr/2025:08:34:57 -0400] "GET /ad917/?path=%2Fhome%2F.%2F..%2F..%2Flib64%2Flibibverbs%2F..%2Fcmake%2F..%2Fpython2.7%2Ftempfile.pyc HTTP/1.1" 200 991 "-" "Mozilla/5.0 AppleWebKit/537.36 (KHTML, like Gecko; compatible; ClaudeBot/1.0; +claudebot@anthropic.com)"
18.222.254.99 - - [16/Apr/2025:08:35:00 -0400] "GET /ad917/?path=%2Fhome%2F.%2Fservlmvm%2Flscache%2F..%2F..%2F..%2Flib64%2Fbind9-export%2F..%2Flibe2p.so HTTP/1.1" 200 995 "-" "Mozilla/5.0 AppleWebKit/537.36 (KHTML, like Gecko; compatible; ClaudeBot/1.0; +claudebot@anthropic.com)"
198.54.116.86 - - [16/Apr/2025:08:35:01 -0400] "POST /wp-cron.php?doing_wp_cron=1744806901.8541629314422607421875 HTTP/1.1" 200 0 "-" "WordPress/6.8; https://servethepeopleinc.org"
40.77.167.136 - - [16/Apr/2025:08:35:01 -0400] "GET /items/desertful/66796192.shtml HTTP/1.1" 301 0 "-" "Mozilla/5.0 AppleWebKit/537.36 (KHTML, like Gecko; compatible; bingbot/2.0; +http://www.bing.com/bingbot.htm) Chrome/116.0.1938.76 Safari/537.36"
18.222.254.99 - - [16/Apr/2025:08:35:03 -0400] "GET /ad917/?path=%2Fhome%2Fservlmvm%2F..%2F.%2F..%2F.%2F.%2Fusr%2Fshare%2Fperl5%2Fvendor_perl%2FExtUtils HTTP/1.1" 200 2607 "-" "Mozilla/5.0 AppleWebKit/537.36 (KHTML, like Gecko; compatible; ClaudeBot/1.0; +claudebot@anthropic.com)"
18.222.254.99 - - [16/Apr/2025:08:35:06 -0400] "GET /ad917/?path=%2Fhome%2F.%2F..%2F..%2Flib64%2Flibibverbs%2F..%2Fcmake%2F..%2Fpython2.7%2FcProfile.pyc HTTP/1.1" 200 993 "-" "Mozilla/5.0 AppleWebKit/537.36 (KHTML, like Gecko; compatible; ClaudeBot/1.0; +claudebot@anthropic.com)"
18.222.254.99 - - [16/Apr/2025:08:35:09 -0400] "GET /ad917/?path=%2Fhome%2F.%2F..%2Flib64%2Fengines-1.1%2F.%2F..%2Fpython2.7%2Flib2to3%2F..%2Fbinhex.pyo HTTP/1.1" 200 1004 "-" "Mozilla/5.0 AppleWebKit/537.36 (KHTML, like Gecko; compatible; ClaudeBot/1.0; +claudebot@anthropic.com)"
198.54.116.86 - - [16/Apr/2025:08:35:12 -0400] "POST /wp-cron.php?doing_wp_cron=1744806912.3298408985137939453125 HTTP/1.1" 200 0 "-" "WordPress/6.8; https://servethepeopleinc.org"
66.249.77.42 - - [16/Apr/2025:08:35:12 -0400] "GET /product/pacificable/97013464.shtml HTTP/1.1" 404 16948 "-" "Mozilla/5.0 (Linux; Android 6.0.1; Nexus 5X Build/MMB29P) AppleWebKit/537.36 (KHTML, like Gecko) Chrome/135.0.7049.84 Mobile Safari/537.36 (compatible; GoogleOther)"
198.54.116.86 - - [16/Apr/2025:08:35:12 -0400] "POST /wp-admin/admin-ajax.php?action=async_litespeed&nonce=4mTMrSp1IqMTAjChrZv8LnREDKzifkSr&litespeed_type=imgoptm HTTP/1.1" 200 21 "-" "WordPress/6.8; https://servethepeopleinc.org"
18.222.254.99 - - [16/Apr/2025:08:35:12 -0400] "GET /ad917/?path=%2Fhome%2F.%2Fservlmvm%2Flscache%2F..%2F..%2F..%2Flib64%2Fbind9-export%2F..%2Flibbz2.so HTTP/1.1" 200 996 "-" "Mozilla/5.0 AppleWebKit/537.36 (KHTML, like Gecko; compatible; ClaudeBot/1.0; +claudebot@anthropic.com)"
18.222.254.99 - - [16/Apr/2025:08:35:15 -0400] "GET /ad917/?path=%2Fhome%2F.%2Fservlmvm%2Flscache%2F..%2F..%2F..%2Flib64%2Frpm-plugins%2F..%2Flibplc4.so HTTP/1.1" 200 992 "-" "Mozilla/5.0 AppleWebKit/537.36 (KHTML, like Gecko; compatible; ClaudeBot/1.0; +claudebot@anthropic.com)"
18.222.254.99 - - [16/Apr/2025:08:35:18 -0400] "GET /ad917/?path=%2Fhome%2F.%2F..%2Flib64%2Fengines-1.1%2F.%2F..%2Fpython2.7%2Flogging%2F..%2Frandom.pyc HTTP/1.1" 200 1001 "-" "Mozilla/5.0 AppleWebKit/537.36 (KHTML, like Gecko; compatible; ClaudeBot/1.0; +claudebot@anthropic.com)"
40.77.167.136 - - [16/Apr/2025:08:35:20 -0400] "GET /entity/mu/heracleonite45136774.shtml HTTP/1.1" 301 0 "-" "Mozilla/5.0 AppleWebKit/537.36 (KHTML, like Gecko; compatible; bingbot/2.0; +http://www.bing.com/bingbot.htm) Chrome/116.0.1938.76 Safari/537.36"
18.222.254.99 - - [16/Apr/2025:08:35:21 -0400] "GET /ad917/?path=%2Fhome%2Fservlmvm%2F.%2F.%2F..%2F..%2F.%2Fusr%2Finclude%2Fpython2.7%2F.%2Fpatchlevel.h HTTP/1.1" 200 1662 "-" "Mozilla/5.0 AppleWebKit/537.36 (KHTML, like Gecko; compatible; ClaudeBot/1.0; +claudebot@anthropic.com)"
18.222.254.99 - - [16/Apr/2025:08:35:24 -0400] "GET /ad917/?path=%2Fhome%2F.%2F..%2Flib%2Frpm%2Ffileattrs%2F..%2Fplatform%2Fi386-linux%2F..%2Fi486-linux HTTP/1.1" 200 1547 "-" "Mozilla/5.0 AppleWebKit/537.36 (KHTML, like Gecko; compatible; ClaudeBot/1.0; +claudebot@anthropic.com)"
199.195.249.51 - - [16/Apr/2025:08:35:27 -0400] "GET /wp-login.php HTTP/1.1" 200 6153 "-" "Mozilla/5.0 (Macintosh; Intel Mac OS X 10_9_2) AppleWebKit/537.74.9 (KHTML, like Gecko) Version/7.0.2 Safari/537.74.9"
18.222.254.99 - - [16/Apr/2025:08:35:27 -0400] "GET /ad917/?path=%2Fhome%2F.%2F..%2F..%2Flib64%2Flibibverbs%2F..%2Fpython3.6%2Flogging%2F..%2Fdecimal.py HTTP/1.1" 200 1067 "-" "Mozilla/5.0 AppleWebKit/537.36 (KHTML, like Gecko; compatible; ClaudeBot/1.0; +claudebot@anthropic.com)"
199.195.249.51 - - [16/Apr/2025:08:35:27 -0400] "POST /wp-login.php HTTP/1.1" 200 6672 "-" "Mozilla/5.0 (Macintosh; Intel Mac OS X 10_9_2) AppleWebKit/537.74.9 (KHTML, like Gecko) Version/7.0.2 Safari/537.74.9"
18.222.254.99 - - [16/Apr/2025:08:35:30 -0400] "GET /ad917/?path=%2Fhome%2F.%2F..%2Flib64%2Fengines-1.1%2F.%2F..%2Fpython2.7%2Flib2to3%2F..%2Fwhichdb.py HTTP/1.1" 200 2267 "-" "Mozilla/5.0 AppleWebKit/537.36 (KHTML, like Gecko; compatible; ClaudeBot/1.0; +claudebot@anthropic.com)"
52.167.144.159 - - [16/Apr/2025:08:35:33 -0400] "GET /special/90827032.shtml HTTP/1.1" 404 16940 "-" "Mozilla/5.0 AppleWebKit/537.36 (KHTML, like Gecko; compatible; bingbot/2.0; +http://www.bing.com/bingbot.htm) Chrome/116.0.1938.76 Safari/537.36"
52.167.144.188 - - [16/Apr/2025:08:35:40 -0400] "GET /items/zbg/manducating10322188.shtml HTTP/1.1" 301 0 "-" "Mozilla/5.0 AppleWebKit/537.36 (KHTML, like Gecko; compatible; bingbot/2.0; +http://www.bing.com/bingbot.htm) Chrome/116.0.1938.76 Safari/537.36"
198.54.116.86 - - [16/Apr/2025:08:36:01 -0400] "POST /wp-cron.php?doing_wp_cron=1744806961.7198810577392578125000 HTTP/1.1" 200 0 "-" "WordPress/6.8; https://servethepeopleinc.org"
40.77.167.136 - - [16/Apr/2025:08:36:01 -0400] "GET /shopdetail13859932.shtml HTTP/1.1" 301 0 "-" "Mozilla/5.0 AppleWebKit/537.36 (KHTML, like Gecko; compatible; bingbot/2.0; +http://www.bing.com/bingbot.htm) Chrome/116.0.1938.76 Safari/537.36"
198.54.116.86 - - [16/Apr/2025:08:36:08 -0400] "POST /wp-cron.php?doing_wp_cron=1744806968.4404709339141845703125 HTTP/1.1" 200 0 "-" "WordPress/6.8; https://servethepeopleinc.org"
40.77.167.69 - - [16/Apr/2025:08:36:08 -0400] "GET /product110792908.shtml HTTP/1.1" 404 16942 "-" "Mozilla/5.0 AppleWebKit/537.36 (KHTML, like Gecko; compatible; bingbot/2.0; +http://www.bing.com/bingbot.htm) Chrome/116.0.1938.76 Safari/537.36"
198.54.116.86 - - [16/Apr/2025:08:36:08 -0400] "POST /wp-admin/admin-ajax.php?action=async_litespeed&nonce=hTQdlfYtUMDGCwudTpQYmPa7t7gkfHnC&litespeed_type=imgoptm HTTP/1.1" 200 21 "-" "WordPress/6.8; https://servethepeopleinc.org"
18.118.186.141 - - [16/Apr/2025:08:36:08 -0400] "GET /ad917/?path=%2Fhome%2Fservlmvm%2F..%2F.%2F..%2F.%2F.%2Fusr%2Fshare%2Fperl5%2Fvendor_perl%2FDigest.pm HTTP/1.1" 200 5274 "-" "Mozilla/5.0 AppleWebKit/537.36 (KHTML, like Gecko; compatible; ClaudeBot/1.0; +claudebot@anthropic.com)"
52.167.144.188 - - [16/Apr/2025:08:36:09 -0400] "GET /goods/ccq/macrochemistry/2937106.shtml HTTP/1.1" 301 0 "-" "Mozilla/5.0 AppleWebKit/537.36 (KHTML, like Gecko; compatible; bingbot/2.0; +http://www.bing.com/bingbot.htm) Chrome/116.0.1938.76 Safari/537.36"
18.118.186.141 - - [16/Apr/2025:08:36:11 -0400] "GET /ad917/?path=%2Fhome%2F.%2F..%2F..%2Flib64%2Flibibverbs%2F..%2Fcmake%2F..%2Fpython2.7%2Ftelnetlib.pyo HTTP/1.1" 200 992 "-" "Mozilla/5.0 AppleWebKit/537.36 (KHTML, like Gecko; compatible; ClaudeBot/1.0; +claudebot@anthropic.com)"
18.118.186.141 - - [16/Apr/2025:08:36:14 -0400] "GET /ad917/?path=%2Fhome%2Fservlmvm%2F.%2F.%2F..%2F..%2F.%2Fusr%2Finclude%2Fpython3.8%2F.%2Fbytesobject.h HTTP/1.1" 200 3518 "-" "Mozilla/5.0 AppleWebKit/537.36 (KHTML, like Gecko; compatible; ClaudeBot/1.0; +claudebot@anthropic.com)"
18.118.186.141 - - [16/Apr/2025:08:36:17 -0400] "GET /ad917/?path=%2Fhome%2F.%2Fservlmvm%2Flscache%2F..%2F..%2F..%2Flib64%2Frpm-plugins%2F..%2Flibisccc.so HTTP/1.1" 200 988 "-" "Mozilla/5.0 AppleWebKit/537.36 (KHTML, like Gecko; compatible; ClaudeBot/1.0; +claudebot@anthropic.com)"
18.118.186.141 - - [16/Apr/2025:08:36:20 -0400] "GET /ad917/?path=%2Fhome%2F.%2Fservlmvm%2Flscache%2F..%2F..%2F..%2Flib64%2Frpm-plugins%2F..%2Fliblve.so.1 HTTP/1.1" 200 987 "-" "Mozilla/5.0 AppleWebKit/537.36 (KHTML, like Gecko; compatible; ClaudeBot/1.0; +claudebot@anthropic.com)"
18.118.186.141 - - [16/Apr/2025:08:36:23 -0400] "GET /ad917/?path=%2Fhome%2Fservlmvm%2F..%2F.%2F..%2F.%2F.%2Fusr%2Finclude%2Ffontconfig%2F..%2Fpcreposix.h HTTP/1.1" 200 3158 "-" "Mozilla/5.0 AppleWebKit/537.36 (KHTML, like Gecko; compatible; ClaudeBot/1.0; +claudebot@anthropic.com)"
18.118.186.141 - - [16/Apr/2025:08:36:26 -0400] "GET /ad917/?path=%2Fhome%2F.%2F..%2Flib64%2Fengines-1.1%2F.%2F..%2Fpython2.7%2Flogging%2F..%2Flib-dynload HTTP/1.1" 200 3547 "-" "Mozilla/5.0 AppleWebKit/537.36 (KHTML, like Gecko; compatible; ClaudeBot/1.0; +claudebot@anthropic.com)"
18.118.186.141 - - [16/Apr/2025:08:36:29 -0400] "GET /ad917/?path=%2Fhome%2F.%2F..%2Flib64%2Fengines-1.1%2F.%2F..%2Fpython2.7%2Flib2to3%2F..%2Fgetpass.pyc HTTP/1.1" 200 1002 "-" "Mozilla/5.0 AppleWebKit/537.36 (KHTML, like Gecko; compatible; ClaudeBot/1.0; +claudebot@anthropic.com)"
18.118.186.141 - - [16/Apr/2025:08:36:32 -0400] "GET /ad917/?path=%2Fhome%2F.%2F..%2Flib64%2Fengines-1.1%2F.%2F..%2Fpython2.7%2Flogging%2F..%2Fsgmllib.pyc HTTP/1.1" 200 1000 "-" "Mozilla/5.0 AppleWebKit/537.36 (KHTML, like Gecko; compatible; ClaudeBot/1.0; +claudebot@anthropic.com)"
18.118.186.141 - - [16/Apr/2025:08:36:35 -0400] "GET /ad917/?path=%2Fhome%2F.%2F..%2Flib64%2Fengines-1.1%2F.%2F..%2Fpython2.7%2Flogging%2F..%2Fasynchat.py HTTP/1.1" 200 4913 "-" "Mozilla/5.0 AppleWebKit/537.36 (KHTML, like Gecko; compatible; ClaudeBot/1.0; +claudebot@anthropic.com)"
18.118.186.141 - - [16/Apr/2025:08:36:38 -0400] "GET /ad917/?path=%2Fhome%2F.%2Fservlmvm%2Flscache%2F..%2F..%2F..%2Flib64%2Fbind9-export%2F..%2Flibform.so HTTP/1.1" 200 994 "-" "Mozilla/5.0 AppleWebKit/537.36 (KHTML, like Gecko; compatible; ClaudeBot/1.0; +claudebot@anthropic.com)"
40.77.167.69 - - [16/Apr/2025:08:36:38 -0400] "GET /product/25739678.shtml HTTP/1.1" 404 16940 "-" "Mozilla/5.0 AppleWebKit/537.36 (KHTML, like Gecko; compatible; bingbot/2.0; +http://www.bing.com/bingbot.htm) Chrome/116.0.1938.76 Safari/537.36"
18.118.186.141 - - [16/Apr/2025:08:36:41 -0400] "GET /ad917/?path=%2Fhome%2F.%2F..%2Flib%2Frpm%2Ffileattrs%2F..%2Fplatform%2Fi386-linux%2F..%2Fgeode-linux HTTP/1.1" 200 1556 "-" "Mozilla/5.0 AppleWebKit/537.36 (KHTML, like Gecko; compatible; ClaudeBot/1.0; +claudebot@anthropic.com)"
18.118.186.141 - - [16/Apr/2025:08:36:44 -0400] "GET /ad917/?path=%2Fhome%2F.%2Fservlmvm%2Flscache%2F..%2F..%2F..%2Flib64%2Frpm-plugins%2F..%2Flibmcheck.a HTTP/1.1" 200 989 "-" "Mozilla/5.0 AppleWebKit/537.36 (KHTML, like Gecko; compatible; ClaudeBot/1.0; +claudebot@anthropic.com)"
66.249.77.42 - - [16/Apr/2025:08:36:46 -0400] "GET /products/indulger1475102.shtml HTTP/1.1" 404 16940 "-" "Mozilla/5.0 (Linux; Android 6.0.1; Nexus 5X Build/MMB29P) AppleWebKit/537.36 (KHTML, like Gecko) Chrome/135.0.7049.84 Mobile Safari/537.36 (compatible; GoogleOther)"
18.118.186.141 - - [16/Apr/2025:08:36:47 -0400] "GET /ad917/?path=%2Fhome%2F.%2Fservlmvm%2Flscache%2F..%2F..%2F..%2Flib64%2Frpm-plugins%2F..%2FlibICE.so.6 HTTP/1.1" 200 990 "-" "Mozilla/5.0 AppleWebKit/537.36 (KHTML, like Gecko; compatible; ClaudeBot/1.0; +claudebot@anthropic.com)"
18.118.186.141 - - [16/Apr/2025:08:36:50 -0400] "GET /ad917/?path=%2Fhome%2F.%2F..%2Flib64%2Fengines-1.1%2F.%2F..%2Fpython2.7%2Flogging%2F..%2Ffilecmp.pyc HTTP/1.1" 200 999 "-" "Mozilla/5.0 AppleWebKit/537.36 (KHTML, like Gecko; compatible; ClaudeBot/1.0; +claudebot@anthropic.com)"
51.222.253.20 - - [16/Apr/2025:08:36:53 -0400] "GET /entity/121239594.shtml HTTP/1.1" 404 16942 "-" "Mozilla/5.0 (compatible; AhrefsBot/7.0; +http://ahrefs.com/robot/)"
18.118.186.141 - - [16/Apr/2025:08:36:53 -0400] "GET /ad917/?path=%2Fhome%2F.%2F..%2Flib64%2Fengines-1.1%2F.%2F..%2Fpython2.7%2Flib2to3%2F..%2Fwhichdb.pyo HTTP/1.1" 200 1003 "-" "Mozilla/5.0 AppleWebKit/537.36 (KHTML, like Gecko; compatible; ClaudeBot/1.0; +claudebot@anthropic.com)"
18.118.186.141 - - [16/Apr/2025:08:36:56 -0400] "GET /ad917/?path=%2Fhome%2F.%2Fservlmvm%2Flscache%2F..%2F..%2F..%2Flib64%2Fbind9-export%2F..%2FlibXv.so.1 HTTP/1.1" 200 995 "-" "Mozilla/5.0 AppleWebKit/537.36 (KHTML, like Gecko; compatible; ClaudeBot/1.0; +claudebot@anthropic.com)"
18.118.186.141 - - [16/Apr/2025:08:36:59 -0400] "GET /ad917/?path=%2Fhome%2F.%2F..%2Flib64%2Fengines-1.1%2F.%2F..%2Fpython2.7%2Flib2to3%2F..%2Furllib2.pyc HTTP/1.1" 200 1003 "-" "Mozilla/5.0 AppleWebKit/537.36 (KHTML, like Gecko; compatible; ClaudeBot/1.0; +claudebot@anthropic.com)"
18.118.186.141 - - [16/Apr/2025:08:37:02 -0400] "GET /ad917/?path=%2Fhome%2F.%2Fservlmvm%2Flscache%2F..%2F..%2F..%2Flib64%2Frpm-plugins%2F..%2Fxml2Conf.sh HTTP/1.1" 200 1144 "-" "Mozilla/5.0 AppleWebKit/537.36 (KHTML, like Gecko; compatible; ClaudeBot/1.0; +claudebot@anthropic.com)"
18.118.186.141 - - [16/Apr/2025:08:37:05 -0400] "GET /ad917/?path=%2Fhome%2Fservlmvm%2F.%2F.%2F..%2F..%2F.%2Fusr%2Finclude%2Fpython3.6m%2F.%2Flistobject.h HTTP/1.1" 200 2088 "-" "Mozilla/5.0 AppleWebKit/537.36 (KHTML, like Gecko; compatible; ClaudeBot/1.0; +claudebot@anthropic.com)"
18.118.186.141 - - [16/Apr/2025:08:37:08 -0400] "GET /ad917/?path=%2Fhome%2Fservlmvm%2F.%2F.%2F..%2F..%2F.%2Fusr%2Finclude%2Fpython3.8%2F.%2Fodictobject.h HTTP/1.1" 200 1445 "-" "Mozilla/5.0 AppleWebKit/537.36 (KHTML, like Gecko; compatible; ClaudeBot/1.0; +claudebot@anthropic.com)"
18.118.186.141 - - [16/Apr/2025:08:37:11 -0400] "GET /ad917/?path=%2Fhome%2Fservlmvm%2F.%2F.%2F..%2F..%2F.%2Fusr%2Fselector%2F..%2Finclude%2Ftiffconf-64.h HTTP/1.1" 200 2370 "-" "Mozilla/5.0 AppleWebKit/537.36 (KHTML, like Gecko; compatible; ClaudeBot/1.0; +claudebot@anthropic.com)"
18.118.186.141 - - [16/Apr/2025:08:37:14 -0400] "GET /ad917/?path=%2Fhome%2Fservlmvm%2F.%2F.%2F..%2F..%2F.%2Fusr%2Finclude%2Fprotobuf-c%2F..%2Fcursesapp.h HTTP/1.1" 200 3314 "-" "Mozilla/5.0 AppleWebKit/537.36 (KHTML, like Gecko; compatible; ClaudeBot/1.0; +claudebot@anthropic.com)"
18.118.186.141 - - [16/Apr/2025:08:37:35 -0400] "GET /ad917/?path=%2Fhome%2F.%2F..%2Flib%2Flocale%2F..%2F..%2F.%2Fvar%2Fsoftaculous%2Fwebasyst%2Fapps.php HTTP/1.1" 200 1054 "-" "Mozilla/5.0 AppleWebKit/537.36 (KHTML, like Gecko; compatible; ClaudeBot/1.0; +claudebot@anthropic.com)"
198.54.116.86 - - [16/Apr/2025:08:37:37 -0400] "POST /wp-cron.php?doing_wp_cron=1744807057.4061300754547119140625 HTTP/1.1" 200 0 "-" "WordPress/6.8; https://servethepeopleinc.org"
52.167.144.236 - - [16/Apr/2025:08:37:37 -0400] "GET /info/v/ferri1280308.shtml HTTP/1.1" 404 16948 "-" "Mozilla/5.0 AppleWebKit/537.36 (KHTML, like Gecko; compatible; bingbot/2.0; +http://www.bing.com/bingbot.htm) Chrome/116.0.1938.76 Safari/537.36"
198.54.116.86 - - [16/Apr/2025:08:37:37 -0400] "POST /wp-admin/admin-ajax.php?action=async_litespeed&nonce=3jJ3hBr4iYOOzytBSt9HdnQplqIJEtgg&litespeed_type=imgoptm HTTP/1.1" 200 21 "-" "WordPress/6.8; https://servethepeopleinc.org"
18.118.186.141 - - [16/Apr/2025:08:37:38 -0400] "GET /ad917/?path=%2Fhome%2F.%2F..%2Flib%2Flocale%2F..%2F..%2F.%2Fvar%2Fsoftaculous%2Fwebasyst%2Fedit.php HTTP/1.1" 200 4126 "-" "Mozilla/5.0 AppleWebKit/537.36 (KHTML, like Gecko; compatible; ClaudeBot/1.0; +claudebot@anthropic.com)"
18.118.186.141 - - [16/Apr/2025:08:37:41 -0400] "GET /ad917/?path=%2Fhome%2F.%2F..%2Flib%2Flocale%2F..%2F..%2F.%2Flib64%2Fpython2.7%2Funittest%2Fcase.pyo HTTP/1.1" 200 1000 "-" "Mozilla/5.0 AppleWebKit/537.36 (KHTML, like Gecko; compatible; ClaudeBot/1.0; +claudebot@anthropic.com)"
52.167.144.236 - - [16/Apr/2025:08:37:41 -0400] "GET /items/ecological87600702.shtml HTTP/1.1" 404 16941 "-" "Mozilla/5.0 AppleWebKit/537.36 (KHTML, like Gecko; compatible; bingbot/2.0; +http://www.bing.com/bingbot.htm) Chrome/116.0.1938.76 Safari/537.36"
18.118.186.141 - - [16/Apr/2025:08:37:44 -0400] "GET /ad917/?path=%2Fhome%2F.%2F..%2Flib%2Flocale%2F..%2F..%2F.%2Flib64%2Fpython2.7%2Funittest%2Futil.pyo HTTP/1.1" 200 1000 "-" "Mozilla/5.0 AppleWebKit/537.36 (KHTML, like Gecko; compatible; ClaudeBot/1.0; +claudebot@anthropic.com)"
18.118.186.141 - - [16/Apr/2025:08:37:47 -0400] "GET /ad917/?path=%2Fhome%2F.%2F..%2Flib%2Flocale%2F..%2F..%2F.%2Fvar%2Fsoftaculous%2Fzikula15%2Fedit.php HTTP/1.1" 200 4100 "-" "Mozilla/5.0 AppleWebKit/537.36 (KHTML, like Gecko; compatible; ClaudeBot/1.0; +claudebot@anthropic.com)"
18.118.186.141 - - [16/Apr/2025:08:37:50 -0400] "GET /ad917/?path=%2Fhome%2F.%2F..%2Flib%2Flocale%2F..%2F..%2F.%2Fvar%2Fsoftaculous%2Fwebasyst%2Fwaid.php HTTP/1.1" 200 1090 "-" "Mozilla/5.0 AppleWebKit/537.36 (KHTML, like Gecko; compatible; ClaudeBot/1.0; +claudebot@anthropic.com)"
18.118.186.141 - - [16/Apr/2025:08:37:53 -0400] "GET /ad917/?path=%2Fhome%2F.%2F..%2Flib%2Flocale%2F..%2F..%2F.%2Fvar%2Fsoftaculous%2Fwebasyst%2Fmail.php HTTP/1.1" 200 1060 "-" "Mozilla/5.0 AppleWebKit/537.36 (KHTML, like Gecko; compatible; ClaudeBot/1.0; +claudebot@anthropic.com)"
18.118.186.141 - - [16/Apr/2025:08:37:56 -0400] "GET /ad917/?path=%2Fhome%2F.%2F..%2Flib%2Flocale%2F..%2F..%2F.%2Flib64%2Fpython2.7%2Funittest%2Futil.pyc HTTP/1.1" 200 1000 "-" "Mozilla/5.0 AppleWebKit/537.36 (KHTML, like Gecko; compatible; ClaudeBot/1.0; +claudebot@anthropic.com)"
40.77.167.69 - - [16/Apr/2025:08:37:59 -0400] "GET /info69496980.shtml HTTP/1.1" 404 16940 "-" "Mozilla/5.0 AppleWebKit/537.36 (KHTML, like Gecko; compatible; bingbot/2.0; +http://www.bing.com/bingbot.htm) Chrome/116.0.1938.76 Safari/537.36"
18.118.186.141 - - [16/Apr/2025:08:37:59 -0400] "GET /ad917/?path=%2Fhome%2F.%2F..%2Flib%2Flocale%2F..%2F..%2F.%2Fvar%2Fsoftaculous%2Fzikula15%2Fedit.xml HTTP/1.1" 200 1201 "-" "Mozilla/5.0 AppleWebKit/537.36 (KHTML, like Gecko; compatible; ClaudeBot/1.0; +claudebot@anthropic.com)"
18.118.186.141 - - [16/Apr/2025:08:38:02 -0400] "GET /ad917/?path=%2Fhome%2F.%2F..%2Flib%2Flocale%2F..%2F..%2F.%2Fvar%2Fsoftaculous%2Fwebasyst%2Finfo.xml HTTP/1.1" 200 2379 "-" "Mozilla/5.0 AppleWebKit/537.36 (KHTML, like Gecko; compatible; ClaudeBot/1.0; +claudebot@anthropic.com)"
18.118.186.141 - - [16/Apr/2025:08:38:05 -0400] "GET /ad917/?path=%2Fhome%2F.%2F..%2Flib%2Flocale%2F..%2F..%2F.%2Flib64%2Fpython2.7%2Funittest%2Fmain.pyo HTTP/1.1" 200 1000 "-" "Mozilla/5.0 AppleWebKit/537.36 (KHTML, like Gecko; compatible; ClaudeBot/1.0; +claudebot@anthropic.com)"
198.54.116.86 - - [16/Apr/2025:08:38:06 -0400] "POST /wp-cron.php?doing_wp_cron=1744807086.8638219833374023437500 HTTP/1.1" 200 0 "-" "WordPress/6.8; https://servethepeopleinc.org"
40.77.167.150 - - [16/Apr/2025:08:38:06 -0400] "GET /items/moneron/2597258.shtml HTTP/1.1" 301 0 "-" "Mozilla/5.0 AppleWebKit/537.36 (KHTML, like Gecko; compatible; bingbot/2.0; +http://www.bing.com/bingbot.htm) Chrome/116.0.1938.76 Safari/537.36"
18.118.186.141 - - [16/Apr/2025:08:38:08 -0400] "GET /ad917/?path=%2Fhome%2Fservlmvm%2F.%2Flscache%2F2%2F..%2F..%2Flscache%2F..%2F.cpanel%2F..%2F.cphorde HTTP/1.1" 200 1644 "-" "Mozilla/5.0 AppleWebKit/537.36 (KHTML, like Gecko; compatible; ClaudeBot/1.0; +claudebot@anthropic.com)"
198.54.116.86 - - [16/Apr/2025:08:38:19 -0400] "POST /wp-cron.php?doing_wp_cron=1744807099.1369280815124511718750 HTTP/1.1" 200 0 "-" "WordPress/6.8; https://servethepeopleinc.org"
40.77.167.150 - - [16/Apr/2025:08:38:18 -0400] "GET /products/mg/myristica60804854.shtml HTTP/1.1" 301 0 "-" "Mozilla/5.0 AppleWebKit/537.36 (KHTML, like Gecko; compatible; bingbot/2.0; +http://www.bing.com/bingbot.htm) Chrome/116.0.1938.76 Safari/537.36"
198.54.116.86 - - [16/Apr/2025:08:38:19 -0400] "POST /wp-admin/admin-ajax.php?action=async_litespeed&nonce=3muN3vqqT4RiNN3f61Z0zeWoLmdCRUAA&litespeed_type=imgoptm HTTP/1.1" 200 21 "-" "WordPress/6.8; https://servethepeopleinc.org"
40.77.167.69 - - [16/Apr/2025:08:38:19 -0400] "GET /goods421276.shtml HTTP/1.1" 404 16940 "-" "Mozilla/5.0 AppleWebKit/537.36 (KHTML, like Gecko; compatible; bingbot/2.0; +http://www.bing.com/bingbot.htm) Chrome/116.0.1938.76 Safari/537.36"
18.118.212.28 - - [16/Apr/2025:08:38:36 -0400] "GET /ad917/?path=%2Fhome%2F.%2Fservlmvm%2Flscache%2F..%2F..%2F..%2Flib64%2Fbind9-export%2F..%2FlibGL.so.1 HTTP/1.1" 200 995 "-" "Mozilla/5.0 AppleWebKit/537.36 (KHTML, like Gecko; compatible; ClaudeBot/1.0; +claudebot@anthropic.com)"
18.118.212.28 - - [16/Apr/2025:08:38:39 -0400] "GET /ad917/?path=%2Fhome%2F.%2F..%2Flib%2Frpm%2Ffileattrs%2F..%2Fplatform%2Famd64-linux%2F..%2Fi386-linux HTTP/1.1" 200 1552 "-" "Mozilla/5.0 AppleWebKit/537.36 (KHTML, like Gecko; compatible; ClaudeBot/1.0; +claudebot@anthropic.com)"
18.118.212.28 - - [16/Apr/2025:08:38:42 -0400] "GET /ad917/?path=%2Fhome%2Fservlmvm%2F.%2F.%2F..%2F..%2F.%2Fusr%2Finclude%2Fpython3.8%2F.%2Flongintrepr.h HTTP/1.1" 200 2532 "-" "Mozilla/5.0 AppleWebKit/537.36 (KHTML, like Gecko; compatible; ClaudeBot/1.0; +claudebot@anthropic.com)"
18.118.212.28 - - [16/Apr/2025:08:38:45 -0400] "GET /ad917/?path=%2Fhome%2Fservlmvm%2F.%2F.%2F..%2F..%2F.%2Fusr%2Finclude%2Fpython3.8%2F.%2Fpylifecycle.h HTTP/1.1" 200 1741 "-" "Mozilla/5.0 AppleWebKit/537.36 (KHTML, like Gecko; compatible; ClaudeBot/1.0; +claudebot@anthropic.com)"
18.118.212.28 - - [16/Apr/2025:08:38:48 -0400] "GET /ad917/?path=%2Fhome%2F.%2F..%2Flib64%2Fengines-1.1%2F.%2F..%2Fpython2.7%2Flib2to3%2F..%2Ffnmatch.pyo HTTP/1.1" 200 1002 "-" "Mozilla/5.0 AppleWebKit/537.36 (KHTML, like Gecko; compatible; ClaudeBot/1.0; +claudebot@anthropic.com)"
18.118.212.28 - - [16/Apr/2025:08:38:51 -0400] "GET /ad917/?path=%2Fhome%2F.%2F..%2F..%2Flib64%2Flibibverbs%2F..%2Fpython3.6%2Fsqlite3%2F..%2Foptparse.py HTTP/1.1" 200 17524 "-" "Mozilla/5.0 AppleWebKit/537.36 (KHTML, like Gecko; compatible; ClaudeBot/1.0; +claudebot@anthropic.com)"
52.167.144.211 - - [16/Apr/2025:08:38:51 -0400] "GET /detail/padelle72883436.shtml HTTP/1.1" 301 0 "-" "Mozilla/5.0 AppleWebKit/537.36 (KHTML, like Gecko; compatible; bingbot/2.0; +http://www.bing.com/bingbot.htm) Chrome/116.0.1938.76 Safari/537.36"
18.118.212.28 - - [16/Apr/2025:08:38:54 -0400] "GET /ad917/?path=%2Fhome%2Fservlmvm%2F.%2F.%2F..%2F..%2F.%2Fusr%2Finclude%2Fpython2.7%2F.%2Fpymacconfig.h HTTP/1.1" 200 2004 "-" "Mozilla/5.0 AppleWebKit/537.36 (KHTML, like Gecko; compatible; ClaudeBot/1.0; +claudebot@anthropic.com)"
18.118.212.28 - - [16/Apr/2025:08:38:57 -0400] "GET /ad917/?path=%2Fhome%2F.%2F..%2Flib64%2Fengines-1.1%2F.%2F..%2Fpython2.7%2Flogging%2F..%2Fkeyword.pyo HTTP/1.1" 200 999 "-" "Mozilla/5.0 AppleWebKit/537.36 (KHTML, like Gecko; compatible; ClaudeBot/1.0; +claudebot@anthropic.com)"
18.118.212.28 - - [16/Apr/2025:08:39:00 -0400] "GET /ad917/?path=%2Fhome%2F.%2Fservlmvm%2Flscache%2F..%2F..%2F..%2Flib64%2Frpm-plugins%2F..%2Flibcdt.so.5 HTTP/1.1" 200 988 "-" "Mozilla/5.0 AppleWebKit/537.36 (KHTML, like Gecko; compatible; ClaudeBot/1.0; +claudebot@anthropic.com)"
18.118.212.28 - - [16/Apr/2025:08:39:03 -0400] "GET /ad917/?path=%2Fhome%2F.%2F..%2F..%2Flib64%2Flibibverbs%2F..%2Fpython3.6%2Fsqlite3%2F..%2Ftextwrap.py HTTP/1.1" 200 7277 "-" "Mozilla/5.0 AppleWebKit/537.36 (KHTML, like Gecko; compatible; ClaudeBot/1.0; +claudebot@anthropic.com)"
18.118.212.28 - - [16/Apr/2025:08:39:06 -0400] "GET /ad917/?path=%2Fhome%2F.%2F..%2F..%2Flib64%2Flibibverbs%2F..%2Fpython3.6%2Flogging%2F..%2Flib-dynload HTTP/1.1" 200 3247 "-" "Mozilla/5.0 AppleWebKit/537.36 (KHTML, like Gecko; compatible; ClaudeBot/1.0; +claudebot@anthropic.com)"
18.118.212.28 - - [16/Apr/2025:08:39:09 -0400] "GET /ad917/?path=%2Fhome%2F.%2F..%2Flib64%2Fengines-1.1%2F.%2F..%2Fpython2.7%2Flogging%2F..%2Fmacpath.pyo HTTP/1.1" 200 999 "-" "Mozilla/5.0 AppleWebKit/537.36 (KHTML, like Gecko; compatible; ClaudeBot/1.0; +claudebot@anthropic.com)"
18.118.212.28 - - [16/Apr/2025:08:39:12 -0400] "GET /ad917/?path=%2Fhome%2F.%2F..%2F..%2Flib64%2Flibibverbs%2F..%2Fpython3.6%2Flogging%2F..%2Ftabnanny.py HTTP/1.1" 200 4805 "-" "Mozilla/5.0 AppleWebKit/537.36 (KHTML, like Gecko; compatible; ClaudeBot/1.0; +claudebot@anthropic.com)"
18.118.212.28 - - [16/Apr/2025:08:39:15 -0400] "GET /ad917/?path=%2Fhome%2F.%2F..%2Flib%2Frpm%2Ffileattrs%2F..%2Fplatform%2Fs390x-linux%2F..%2Fsh4a-linux HTTP/1.1" 200 1550 "-" "Mozilla/5.0 AppleWebKit/537.36 (KHTML, like Gecko; compatible; ClaudeBot/1.0; +claudebot@anthropic.com)"
18.118.212.28 - - [16/Apr/2025:08:39:18 -0400] "GET /ad917/?path=%2Fhome%2F.%2F..%2Flib64%2Fengines-1.1%2F.%2F..%2Fpython2.7%2Flogging%2F..%2Fwarnings.py HTTP/1.1" 200 5631 "-" "Mozilla/5.0 AppleWebKit/537.36 (KHTML, like Gecko; compatible; ClaudeBot/1.0; +claudebot@anthropic.com)"
18.118.212.28 - - [16/Apr/2025:08:39:21 -0400] "GET /ad917/?path=%2Fhome%2F.%2F..%2Flib64%2Fengines-1.1%2F.%2F..%2Fpython2.7%2Flib2to3%2F..%2Fdecimal.pyo HTTP/1.1" 200 1002 "-" "Mozilla/5.0 AppleWebKit/537.36 (KHTML, like Gecko; compatible; ClaudeBot/1.0; +claudebot@anthropic.com)"
18.118.212.28 - - [16/Apr/2025:08:39:24 -0400] "GET /ad917/?path=%2Fhome%2Fservlmvm%2F.%2F.%2F..%2F..%2F.%2Fusr%2Finclude%2Fprotobuf-c%2F..%2Fsemaphore.h HTTP/1.1" 200 2019 "-" "Mozilla/5.0 AppleWebKit/537.36 (KHTML, like Gecko; compatible; ClaudeBot/1.0; +claudebot@anthropic.com)"
18.118.212.28 - - [16/Apr/2025:08:39:27 -0400] "GET /ad917/?path=%2Fhome%2F.%2Fservlmvm%2Flscache%2F..%2F..%2F..%2Flib64%2Fbind9-export%2F..%2Flibltdl.so HTTP/1.1" 200 993 "-" "Mozilla/5.0 AppleWebKit/537.36 (KHTML, like Gecko; compatible; ClaudeBot/1.0; +claudebot@anthropic.com)"
18.118.212.28 - - [16/Apr/2025:08:39:30 -0400] "GET /ad917/?path=%2Fhome%2F.%2F..%2Flib%2Frpm%2Ffileattrs%2F..%2Fplatform%2Fm68k-linux%2F..%2Falpha-linux HTTP/1.1" 200 1553 "-" "Mozilla/5.0 AppleWebKit/537.36 (KHTML, like Gecko; compatible; ClaudeBot/1.0; +claudebot@anthropic.com)"
18.118.212.28 - - [16/Apr/2025:08:39:33 -0400] "GET /ad917/?path=%2Fhome%2F.%2Fservlmvm%2Flscache%2F..%2F..%2F..%2Flib64%2Frpm-plugins%2F..%2Flibexslt.so HTTP/1.1" 200 988 "-" "Mozilla/5.0 AppleWebKit/537.36 (KHTML, like Gecko; compatible; ClaudeBot/1.0; +claudebot@anthropic.com)"
18.118.186.141 - - [16/Apr/2025:08:37:17 -0400] "GET /ad917/?path=%2Fhome%2F.%2F..%2F..%2Flib64%2Flibibverbs%2F..%2Fpython3.6%2Fsqlite3%2F..%2Fasyncore.py HTTP/1.1" 200 7240 "-" "Mozilla/5.0 AppleWebKit/537.36 (KHTML, like Gecko; compatible; ClaudeBot/1.0; +claudebot@anthropic.com)"
18.118.186.141 - - [16/Apr/2025:08:37:21 -0400] "GET /ad917/?path=%2Fhome%2F.%2F..%2F..%2Flib64%2Flibibverbs%2F..%2Flibnl%2F..%2Flibbfd-2.30-125.el8_10.so HTTP/1.1" 200 989 "-" "Mozilla/5.0 AppleWebKit/537.36 (KHTML, like Gecko; compatible; ClaudeBot/1.0; +claudebot@anthropic.com)"
18.118.186.141 - - [16/Apr/2025:08:37:23 -0400] "GET /ad917/?path=%2Fhome%2F.%2F..%2Flib%2Flocale%2F..%2F..%2F.%2Flib64%2Fpython2.7%2Funittest%2Fmain.pyc HTTP/1.1" 200 1000 "-" "Mozilla/5.0 AppleWebKit/537.36 (KHTML, like Gecko; compatible; ClaudeBot/1.0; +claudebot@anthropic.com)"
18.118.186.141 - - [16/Apr/2025:08:37:26 -0400] "GET /ad917/?path=%2Fhome%2F.%2F..%2Flib%2Flocale%2F..%2F..%2F.%2Fvar%2Fsoftaculous%2Fzikula15%2Finfo.xml HTTP/1.1" 200 4083 "-" "Mozilla/5.0 AppleWebKit/537.36 (KHTML, like Gecko; compatible; ClaudeBot/1.0; +claudebot@anthropic.com)"
18.118.186.141 - - [16/Apr/2025:08:37:29 -0400] "GET /ad917/?path=%2Fhome%2F.%2F..%2Flib%2Flocale%2F..%2F..%2F.%2Flib64%2Fpython2.7%2Funittest%2Fsuite.py HTTP/1.1" 200 3515 "-" "Mozilla/5.0 AppleWebKit/537.36 (KHTML, like Gecko; compatible; ClaudeBot/1.0; +claudebot@anthropic.com)"
18.118.186.141 - - [16/Apr/2025:08:37:32 -0400] "GET /ad917/?path=%2Fhome%2F.%2F..%2Flib%2Flocale%2F..%2F..%2F.%2Flib64%2Fpython2.7%2Funittest%2Fcase.pyc HTTP/1.1" 200 1000 "-" "Mozilla/5.0 AppleWebKit/537.36 (KHTML, like Gecko; compatible; ClaudeBot/1.0; +claudebot@anthropic.com)"
18.118.212.28 - - [16/Apr/2025:08:39:36 -0400] "GET /ad917/?path=%2Fhome%2F.%2F..%2Flib64%2Fengines-1.1%2F.%2F..%2Fpython2.7%2Flib2to3%2F..%2Fdoctest.pyo HTTP/1.1" 200 1002 "-" "Mozilla/5.0 AppleWebKit/537.36 (KHTML, like Gecko; compatible; ClaudeBot/1.0; +claudebot@anthropic.com)"
18.118.212.28 - - [16/Apr/2025:08:39:39 -0400] "GET /ad917/?path=%2Fhome%2F.%2F..%2F..%2Flib64%2Flibibverbs%2F..%2Ftk8.6%2F..%2Fpython3.6%2Fwebbrowser.py HTTP/1.1" 200 7265 "-" "Mozilla/5.0 AppleWebKit/537.36 (KHTML, like Gecko; compatible; ClaudeBot/1.0; +claudebot@anthropic.com)"
198.54.116.86 - - [16/Apr/2025:08:39:41 -0400] "POST /wp-cron.php?doing_wp_cron=1744807181.0620551109313964843750 HTTP/1.1" 200 0 "-" "WordPress/6.8; https://servethepeopleinc.org"
52.167.144.211 - - [16/Apr/2025:08:39:40 -0400] "GET /item/21939670.shtml HTTP/1.1" 301 0 "-" "Mozilla/5.0 AppleWebKit/537.36 (KHTML, like Gecko; compatible; bingbot/2.0; +http://www.bing.com/bingbot.htm) Chrome/116.0.1938.76 Safari/537.36"
198.54.116.86 - - [16/Apr/2025:08:39:41 -0400] "POST /wp-admin/admin-ajax.php?action=async_litespeed&nonce=p4BKbalkuk46LjMXyPSIhBxlxRXoqYnq&litespeed_type=imgoptm HTTP/1.1" 200 21 "-" "WordPress/6.8; https://servethepeopleinc.org"
18.118.212.28 - - [16/Apr/2025:08:39:42 -0400] "GET /ad917/?path=%2Fhome%2Fservlmvm%2F.%2F.%2F..%2F..%2F.%2Fusr%2Finclude%2Fpython3.6m%2F.%2Fenumobject.h HTTP/1.1" 200 1136 "-" "Mozilla/5.0 AppleWebKit/537.36 (KHTML, like Gecko; compatible; ClaudeBot/1.0; +claudebot@anthropic.com)"
18.118.212.28 - - [16/Apr/2025:08:39:45 -0400] "GET /ad917/?path=%2Fhome%2Fservlmvm%2F..%2F.%2F..%2F.%2F.%2Fusr%2Finclude%2Ffontconfig%2F.%2Ffontconfig.h HTTP/1.1" 200 8488 "-" "Mozilla/5.0 AppleWebKit/537.36 (KHTML, like Gecko; compatible; ClaudeBot/1.0; +claudebot@anthropic.com)"
18.118.212.28 - - [16/Apr/2025:08:39:48 -0400] "GET /ad917/?path=%2Fhome%2F.%2F..%2Flib64%2Fengines-1.1%2F.%2F..%2Fpython2.7%2Flib2to3%2F..%2Fkeyword.pyo HTTP/1.1" 200 1002 "-" "Mozilla/5.0 AppleWebKit/537.36 (KHTML, like Gecko; compatible; ClaudeBot/1.0; +claudebot@anthropic.com)"
18.118.212.28 - - [16/Apr/2025:08:39:51 -0400] "GET /ad917/?path=%2Fhome%2Fservlmvm%2F.%2F.%2F..%2F..%2F.%2Fusr%2Finclude%2Fpython2.7%2F.%2Ffloatobject.h HTTP/1.1" 200 3252 "-" "Mozilla/5.0 AppleWebKit/537.36 (KHTML, like Gecko; compatible; ClaudeBot/1.0; +claudebot@anthropic.com)"
18.118.212.28 - - [16/Apr/2025:08:39:54 -0400] "GET /ad917/?path=%2Fhome%2F.%2F..%2F..%2Flib64%2Flibibverbs%2F..%2Fcmake%2F..%2Fpython2.7%2Ffunctools.pyc HTTP/1.1" 200 989 "-" "Mozilla/5.0 AppleWebKit/537.36 (KHTML, like Gecko; compatible; ClaudeBot/1.0; +claudebot@anthropic.com)"
18.118.212.28 - - [16/Apr/2025:08:39:57 -0400] "GET /ad917/?path=%2Fhome%2F.%2Fservlmvm%2Flscache%2F..%2F..%2F..%2Flib64%2Frpm-plugins%2F..%2FlibX11.so.6 HTTP/1.1" 200 990 "-" "Mozilla/5.0 AppleWebKit/537.36 (KHTML, like Gecko; compatible; ClaudeBot/1.0; +claudebot@anthropic.com)"
52.167.144.236 - - [16/Apr/2025:08:39:58 -0400] "GET /special/yqg/cullises/ HTTP/1.1" 404 16950 "-" "Mozilla/5.0 AppleWebKit/537.36 (KHTML, like Gecko; compatible; bingbot/2.0; +http://www.bing.com/bingbot.htm) Chrome/116.0.1938.76 Safari/537.36"
18.118.212.28 - - [16/Apr/2025:08:40:00 -0400] "GET /ad917/?path=%2Fhome%2Fservlmvm%2F.%2F.%2F..%2F..%2F.%2Fusr%2Finclude%2Fprotobuf-c%2F..%2Fgd_errors.h HTTP/1.1" 200 1563 "-" "Mozilla/5.0 AppleWebKit/537.36 (KHTML, like Gecko; compatible; ClaudeBot/1.0; +claudebot@anthropic.com)"
18.118.212.28 - - [16/Apr/2025:08:40:03 -0400] "GET /ad917/?path=%2Fhome%2F.%2F..%2F..%2Flib64%2Flibibverbs%2F..%2Fpython3.6%2Flogging%2F..%2Fasynchat.py HTTP/1.1" 200 4798 "-" "Mozilla/5.0 AppleWebKit/537.36 (KHTML, like Gecko; compatible; ClaudeBot/1.0; +claudebot@anthropic.com)"
18.118.212.28 - - [16/Apr/2025:08:40:06 -0400] "GET /ad917/?path=%2Fhome%2F.%2F..%2Flib64%2Fengines-1.1%2F.%2F..%2Fpython2.7%2Flib2to3%2F..%2Fhtmllib.pyo HTTP/1.1" 200 1002 "-" "Mozilla/5.0 AppleWebKit/537.36 (KHTML, like Gecko; compatible; ClaudeBot/1.0; +claudebot@anthropic.com)"
18.118.212.28 - - [16/Apr/2025:08:40:09 -0400] "GET /ad917/?path=%2Fhome%2F.%2Fservlmvm%2F.trash%2F..%2Fwww%2F..%2Fpublic_html%2Fimages%2F..%2Frobots.txt HTTP/1.1" 200 1063 "-" "Mozilla/5.0 AppleWebKit/537.36 (KHTML, like Gecko; compatible; ClaudeBot/1.0; +claudebot@anthropic.com)"
198.54.116.86 - - [16/Apr/2025:08:40:09 -0400] "POST /wp-cron.php?doing_wp_cron=1744807209.5164411067962646484375 HTTP/1.1" 200 0 "-" "WordPress/6.8; https://servethepeopleinc.org"
52.167.144.211 - - [16/Apr/2025:08:40:09 -0400] "GET /detail/a/antecursor/51220974.shtml HTTP/1.1" 301 0 "-" "Mozilla/5.0 AppleWebKit/537.36 (KHTML, like Gecko; compatible; bingbot/2.0; +http://www.bing.com/bingbot.htm) Chrome/116.0.1938.76 Safari/537.36"
198.54.116.86 - - [16/Apr/2025:08:40:09 -0400] "POST /wp-admin/admin-ajax.php?action=async_litespeed&nonce=tf7gm6Adkd6wz8nBjV2fuLyTNX3vHueo&litespeed_type=imgoptm HTTP/1.1" 200 21 "-" "WordPress/6.8; https://servethepeopleinc.org"
18.118.212.28 - - [16/Apr/2025:08:40:12 -0400] "GET /ad917/?path=%2Fhome%2F.%2F..%2F..%2Flib64%2Flibibverbs%2F..%2Fcmake%2F..%2Fpython2.7%2Fstringold.pyo HTTP/1.1" 200 989 "-" "Mozilla/5.0 AppleWebKit/537.36 (KHTML, like Gecko; compatible; ClaudeBot/1.0; +claudebot@anthropic.com)"
18.118.212.28 - - [16/Apr/2025:08:40:15 -0400] "GET /ad917/?path=%2Fhome%2Fservlmvm%2F..%2F.%2F..%2F.%2F.%2Fusr%2Fselector%2F..%2Finclude%2Ftiffconf-64.h HTTP/1.1" 200 2365 "-" "Mozilla/5.0 AppleWebKit/537.36 (KHTML, like Gecko; compatible; ClaudeBot/1.0; +claudebot@anthropic.com)"
18.118.212.28 - - [16/Apr/2025:08:40:18 -0400] "GET /ad917/?path=%2Fhome%2Fservlmvm%2F.%2F.%2F..%2F..%2F.%2Fusr%2Fshare%2Fmysql%2Fcharsets%2Fmacroman.xml HTTP/1.1" 200 3284 "-" "Mozilla/5.0 AppleWebKit/537.36 (KHTML, like Gecko; compatible; ClaudeBot/1.0; +claudebot@anthropic.com)"
18.118.212.28 - - [16/Apr/2025:08:40:21 -0400] "GET /ad917/?path=%2Fhome%2F.%2F..%2F..%2Flib64%2Flibibverbs%2F..%2Fcmake%2F..%2Fpython2.7%2Fxmlrpclib.pyo HTTP/1.1" 200 989 "-" "Mozilla/5.0 AppleWebKit/537.36 (KHTML, like Gecko; compatible; ClaudeBot/1.0; +claudebot@anthropic.com)"
18.118.212.28 - - [16/Apr/2025:08:40:24 -0400] "GET /ad917/?path=%2Fhome%2F.%2F..%2F..%2Flib64%2Flibibverbs%2F..%2Fcmake%2F..%2Fpython2.7%2Flinecache.pyc HTTP/1.1" 200 989 "-" "Mozilla/5.0 AppleWebKit/537.36 (KHTML, like Gecko; compatible; ClaudeBot/1.0; +claudebot@anthropic.com)"
18.118.212.28 - - [16/Apr/2025:08:40:27 -0400] "GET /ad917/?path=%2Fhome%2F.%2F..%2Flib64%2Fengines-1.1%2F.%2F..%2Fpython2.7%2Flogging%2F..%2Fdecimal.pyo HTTP/1.1" 200 999 "-" "Mozilla/5.0 AppleWebKit/537.36 (KHTML, like Gecko; compatible; ClaudeBot/1.0; +claudebot@anthropic.com)"
40.77.167.69 - - [16/Apr/2025:08:40:28 -0400] "GET /shopdetail51115222.shtml HTTP/1.1" 404 16942 "-" "Mozilla/5.0 AppleWebKit/537.36 (KHTML, like Gecko; compatible; bingbot/2.0; +http://www.bing.com/bingbot.htm) Chrome/116.0.1938.76 Safari/537.36"
18.118.212.28 - - [16/Apr/2025:08:40:30 -0400] "GET /ad917/?path=%2Fhome%2F.%2F..%2F..%2Flib64%2Flibibverbs%2F..%2Fcmake%2F..%2Fpython2.7%2Fwebbrowser.py HTTP/1.1" 200 7559 "-" "Mozilla/5.0 AppleWebKit/537.36 (KHTML, like Gecko; compatible; ClaudeBot/1.0; +claudebot@anthropic.com)"
18.118.212.28 - - [16/Apr/2025:08:40:33 -0400] "GET /ad917/?path=%2Fhome%2F.%2Fservlmvm%2Flscache%2F..%2F..%2F..%2Flib64%2Fbind9-export%2F..%2Flibdb-5.so HTTP/1.1" 200 993 "-" "Mozilla/5.0 AppleWebKit/537.36 (KHTML, like Gecko; compatible; ClaudeBot/1.0; +claudebot@anthropic.com)"
18.118.1.153 - - [16/Apr/2025:08:41:04 -0400] "GET /robots.txt HTTP/1.1" 200 101 "-" "Mozilla/5.0 AppleWebKit/537.36 (KHTML, like Gecko; compatible; ClaudeBot/1.0; +claudebot@anthropic.com)"
18.118.1.153 - - [16/Apr/2025:08:41:04 -0400] "GET /ad917/?path=%2Fhome%2F.%2F..%2Flib64%2Fengines-1.1%2F.%2F..%2Fpython2.7%2Flogging%2F..%2Furlparse.pyc HTTP/1.1" 200 998 "-" "Mozilla/5.0 AppleWebKit/537.36 (KHTML, like Gecko; compatible; ClaudeBot/1.0; +claudebot@anthropic.com)"
