198.54.116.86 - - [16/Apr/2025:13:34:16 -0400] "POST /wp-cron.php?doing_wp_cron=1744824856.7991209030151367187500 HTTP/1.1" 200 0 "-" "WordPress/6.8; https://servethepeopleinc.org"
52.167.144.171 - - [16/Apr/2025:13:34:16 -0400] "GET /goods/thrilling62550364.shtml HTTP/1.1" 404 16942 "-" "Mozilla/5.0 AppleWebKit/537.36 (KHTML, like Gecko; compatible; bingbot/2.0; +http://www.bing.com/bingbot.htm) Chrome/116.0.1938.76 Safari/537.36"
198.54.116.86 - - [16/Apr/2025:13:34:16 -0400] "POST /wp-admin/admin-ajax.php?action=async_litespeed&nonce=EaUi4JEsgX21O5BtJQxi4zGnY63oGqvr&litespeed_type=imgoptm HTTP/1.1" 200 21 "-" "WordPress/6.8; https://servethepeopleinc.org"
18.117.229.168 - - [16/Apr/2025:13:34:18 -0400] "GET /ad917/?path=%2Fhome%2F..%2Fhome2%2F..%2Flib64%2Fpython3.6%2Fcrypt.py HTTP/1.1" 200 1830 "-" "Mozilla/5.0 AppleWebKit/537.36 (KHTML, like Gecko; compatible; ClaudeBot/1.0; +claudebot@anthropic.com)"
18.117.229.168 - - [16/Apr/2025:13:34:21 -0400] "GET /ad917/?path=%2Fhome%2F..%2Fhome2%2F..%2Flib64%2Fpython3.6%2Fcgitb.py HTTP/1.1" 200 4684 "-" "Mozilla/5.0 AppleWebKit/537.36 (KHTML, like Gecko; compatible; ClaudeBot/1.0; +claudebot@anthropic.com)"
18.117.229.168 - - [16/Apr/2025:13:34:24 -0400] "GET /ad917/?path=%2Fhome%2F..%2Fhome1%2F..%2Flib64%2Fpython3.6%2Fshlex.py HTTP/1.1" 200 4347 "-" "Mozilla/5.0 AppleWebKit/537.36 (KHTML, like Gecko; compatible; ClaudeBot/1.0; +claudebot@anthropic.com)"
18.117.229.168 - - [16/Apr/2025:13:34:27 -0400] "GET /ad917/?path=%2Fhome%2F..%2Fhome1%2F..%2Flib64%2Fpython3.6%2Fsched.py HTTP/1.1" 200 3305 "-" "Mozilla/5.0 AppleWebKit/537.36 (KHTML, like Gecko; compatible; ClaudeBot/1.0; +claudebot@anthropic.com)"
40.77.167.243 - - [16/Apr/2025:13:34:27 -0400] "GET /item52497506.shtml HTTP/1.1" 301 0 "-" "Mozilla/5.0 AppleWebKit/537.36 (KHTML, like Gecko; compatible; bingbot/2.0; +http://www.bing.com/bingbot.htm) Chrome/116.0.1938.76 Safari/537.36"
18.117.229.168 - - [16/Apr/2025:13:34:30 -0400] "GET /ad917/?path=%2Fhome%2F..%2Fhome4%2F..%2Flib64%2Fpkgconfig%2Fmenuw.pc HTTP/1.1" 200 1186 "-" "Mozilla/5.0 AppleWebKit/537.36 (KHTML, like Gecko; compatible; ClaudeBot/1.0; +claudebot@anthropic.com)"
18.117.229.168 - - [16/Apr/2025:13:34:33 -0400] "GET /ad917/?path=%2Fhome%2F..%2Fhome1%2F..%2Flib64%2Fpython3.6%2Fqueue.py HTTP/1.1" 200 3444 "-" "Mozilla/5.0 AppleWebKit/537.36 (KHTML, like Gecko; compatible; ClaudeBot/1.0; +claudebot@anthropic.com)"
18.117.229.168 - - [16/Apr/2025:13:34:36 -0400] "GET /ad917/?path=%2Fhome%2F..%2Fhome2%2F..%2Flib64%2Fpython3.6%2Fpydoc.py HTTP/1.1" 200 29058 "-" "Mozilla/5.0 AppleWebKit/537.36 (KHTML, like Gecko; compatible; ClaudeBot/1.0; +claudebot@anthropic.com)"
18.117.229.168 - - [16/Apr/2025:13:34:39 -0400] "GET /ad917/?path=%2Fhome%2F..%2Fhome1%2F..%2Flib64%2Fpython3.6%2Funittest HTTP/1.1" 200 1838 "-" "Mozilla/5.0 AppleWebKit/537.36 (KHTML, like Gecko; compatible; ClaudeBot/1.0; +claudebot@anthropic.com)"
18.117.229.168 - - [16/Apr/2025:13:34:42 -0400] "GET /ad917/?path=%2Fhome%2F..%2Fhome2%2F..%2Flib64%2Fpython3.6%2Fheapq.py HTTP/1.1" 200 8502 "-" "Mozilla/5.0 AppleWebKit/537.36 (KHTML, like Gecko; compatible; ClaudeBot/1.0; +claudebot@anthropic.com)"
18.117.229.168 - - [16/Apr/2025:13:34:45 -0400] "GET /ad917/?path=%2Fhome%2F..%2Fhome4%2F..%2Flib64%2Fpkgconfig%2Fbzip2.pc HTTP/1.1" 200 1066 "-" "Mozilla/5.0 AppleWebKit/537.36 (KHTML, like Gecko; compatible; ClaudeBot/1.0; +claudebot@anthropic.com)"
18.117.229.168 - - [16/Apr/2025:13:34:48 -0400] "GET /ad917/?path=%2Fhome%2F..%2Fhome2%2F..%2Flib64%2Fpython3.6%2Fpipes.py HTTP/1.1" 200 3774 "-" "Mozilla/5.0 AppleWebKit/537.36 (KHTML, like Gecko; compatible; ClaudeBot/1.0; +claudebot@anthropic.com)"
18.117.229.168 - - [16/Apr/2025:13:34:51 -0400] "GET /ad917/?path=%2Fhome%2F..%2Fhome2%2F..%2Flib64%2Fpython3.6%2Ftoken.py HTTP/1.1" 200 2388 "-" "Mozilla/5.0 AppleWebKit/537.36 (KHTML, like Gecko; compatible; ClaudeBot/1.0; +claudebot@anthropic.com)"
18.117.229.168 - - [16/Apr/2025:13:34:54 -0400] "GET /ad917/?path=%2Fhome%2F..%2F.%2Flib64%2Fgstreamer-1.0%2F..%2Fgalera-4 HTTP/1.1" 200 1526 "-" "Mozilla/5.0 AppleWebKit/537.36 (KHTML, like Gecko; compatible; ClaudeBot/1.0; +claudebot@anthropic.com)"
66.249.77.41 - - [16/Apr/2025:13:34:54 -0400] "GET /entity/py/truckling36514528.shtml HTTP/1.1" 404 16949 "-" "Mozilla/5.0 (Linux; Android 6.0.1; Nexus 5X Build/MMB29P) AppleWebKit/537.36 (KHTML, like Gecko) Chrome/135.0.7049.84 Mobile Safari/537.36 (compatible; GoogleOther)"
52.167.144.21 - - [16/Apr/2025:13:34:57 -0400] "GET /items47296746.shtml HTTP/1.1" 404 16940 "-" "Mozilla/5.0 AppleWebKit/537.36 (KHTML, like Gecko; compatible; bingbot/2.0; +http://www.bing.com/bingbot.htm) Chrome/116.0.1938.76 Safari/537.36"
18.117.229.168 - - [16/Apr/2025:13:34:57 -0400] "GET /ad917/?path=%2Fhome%2F..%2Fhome1%2F..%2Flib64%2Fpython3.6%2Fcgitb.py HTTP/1.1" 200 4684 "-" "Mozilla/5.0 AppleWebKit/537.36 (KHTML, like Gecko; compatible; ClaudeBot/1.0; +claudebot@anthropic.com)"
52.167.144.222 - - [16/Apr/2025:13:34:58 -0400] "GET /info/churlish/80288522.shtml HTTP/1.1" 301 0 "-" "Mozilla/5.0 AppleWebKit/537.36 (KHTML, like Gecko; compatible; bingbot/2.0; +http://www.bing.com/bingbot.htm) Chrome/116.0.1938.76 Safari/537.36"
18.117.229.168 - - [16/Apr/2025:13:35:00 -0400] "GET /ad917/?path=%2Fhome%2F..%2Fhome2%2F..%2Flib64%2Fpython3.6%2Fshlex.py HTTP/1.1" 200 4348 "-" "Mozilla/5.0 AppleWebKit/537.36 (KHTML, like Gecko; compatible; ClaudeBot/1.0; +claudebot@anthropic.com)"
18.117.229.168 - - [16/Apr/2025:13:35:03 -0400] "GET /ad917/?path=%2Fhome%2F..%2Fhome1%2F..%2Flib64%2Fpython3.6%2Ftrace.py HTTP/1.1" 200 9414 "-" "Mozilla/5.0 AppleWebKit/537.36 (KHTML, like Gecko; compatible; ClaudeBot/1.0; +claudebot@anthropic.com)"
18.117.229.168 - - [16/Apr/2025:13:35:06 -0400] "GET /ad917/?path=%2Fhome%2F..%2Fhome1%2F..%2Flib%2Fsysusers.d%2Fbird.conf HTTP/1.1" 200 1034 "-" "Mozilla/5.0 AppleWebKit/537.36 (KHTML, like Gecko; compatible; ClaudeBot/1.0; +claudebot@anthropic.com)"
18.117.229.168 - - [16/Apr/2025:13:35:09 -0400] "GET /ad917/?path=%2Fhome%2F..%2Fhome1%2F..%2Flib64%2Fpython3.6%2Fpydoc.py HTTP/1.1" 200 29059 "-" "Mozilla/5.0 AppleWebKit/537.36 (KHTML, like Gecko; compatible; ClaudeBot/1.0; +claudebot@anthropic.com)"
18.117.229.168 - - [16/Apr/2025:13:35:12 -0400] "GET /ad917/?path=%2Fhome%2F..%2F.%2Flib64%2Fgstreamer-1.0%2F..%2Flibdl.so HTTP/1.1" 200 961 "-" "Mozilla/5.0 AppleWebKit/537.36 (KHTML, like Gecko; compatible; ClaudeBot/1.0; +claudebot@anthropic.com)"
18.117.229.168 - - [16/Apr/2025:13:35:15 -0400] "GET /ad917/?path=%2Fhome%2F..%2F.%2Flib64%2Fgstreamer-1.0%2F..%2Fpm-utils HTTP/1.1" 200 1513 "-" "Mozilla/5.0 AppleWebKit/537.36 (KHTML, like Gecko; compatible; ClaudeBot/1.0; +claudebot@anthropic.com)"
18.117.229.168 - - [16/Apr/2025:13:35:18 -0400] "GET /ad917/?path=%2Fhome%2F..%2Flib64%2F..%2Fusr%2Fselector.etc%2Fphp.ini HTTP/1.1" 200 954 "-" "Mozilla/5.0 AppleWebKit/537.36 (KHTML, like Gecko; compatible; ClaudeBot/1.0; +claudebot@anthropic.com)"
198.54.116.86 - - [16/Apr/2025:13:35:19 -0400] "POST /wp-cron.php?doing_wp_cron=1744824919.8475239276885986328125 HTTP/1.1" 200 0 "-" "WordPress/6.8; https://servethepeopleinc.org"
52.167.144.222 - - [16/Apr/2025:13:35:19 -0400] "GET /product/gge/university/83899326.shtml HTTP/1.1" 301 0 "-" "Mozilla/5.0 AppleWebKit/537.36 (KHTML, like Gecko; compatible; bingbot/2.0; +http://www.bing.com/bingbot.htm) Chrome/116.0.1938.76 Safari/537.36"
198.54.116.86 - - [16/Apr/2025:13:35:20 -0400] "POST /wp-admin/admin-ajax.php?action=async_litespeed&nonce=X3Kc5QJAoIQ3I0WIFO8xuOa6GM8hT8jC&litespeed_type=imgoptm HTTP/1.1" 200 21 "-" "WordPress/6.8; https://servethepeopleinc.org"
18.117.229.168 - - [16/Apr/2025:13:35:21 -0400] "GET /ad917/?path=%2Fhome%2F..%2Fhome4%2F..%2Flib64%2Fgirepository-1.0%2F. HTTP/1.1" 200 2970 "-" "Mozilla/5.0 AppleWebKit/537.36 (KHTML, like Gecko; compatible; ClaudeBot/1.0; +claudebot@anthropic.com)"
18.117.229.168 - - [16/Apr/2025:13:35:24 -0400] "GET /ad917/?path=%2Fhome%2F..%2Flib64%2Frpm-plugins%2F..%2Ftraceevent%2F. HTTP/1.1" 200 1463 "-" "Mozilla/5.0 AppleWebKit/537.36 (KHTML, like Gecko; compatible; ClaudeBot/1.0; +claudebot@anthropic.com)"
40.77.167.224 - - [16/Apr/2025:13:35:26 -0400] "GET /goods/103152856.shtml HTTP/1.1" 301 0 "-" "Mozilla/5.0 AppleWebKit/537.36 (KHTML, like Gecko; compatible; bingbot/2.0; +http://www.bing.com/bingbot.htm) Chrome/116.0.1938.76 Safari/537.36"
18.117.229.168 - - [16/Apr/2025:13:35:27 -0400] "GET /ad917/?path=%2Fhome%2F..%2Fhome1%2F..%2Flib64%2Fgirepository-1.0%2F. HTTP/1.1" 200 2890 "-" "Mozilla/5.0 AppleWebKit/537.36 (KHTML, like Gecko; compatible; ClaudeBot/1.0; +claudebot@anthropic.com)"
52.167.144.171 - - [16/Apr/2025:13:35:27 -0400] "GET /items/93895914.shtml HTTP/1.1" 404 16940 "-" "Mozilla/5.0 AppleWebKit/537.36 (KHTML, like Gecko; compatible; bingbot/2.0; +http://www.bing.com/bingbot.htm) Chrome/116.0.1938.76 Safari/537.36"
18.117.229.168 - - [16/Apr/2025:13:35:30 -0400] "GET /ad917/?path=%2Fhome%2F..%2Fhome2%2F..%2Flib64%2Flibmysqlclient21%2F. HTTP/1.1" 200 1543 "-" "Mozilla/5.0 AppleWebKit/537.36 (KHTML, like Gecko; compatible; ClaudeBot/1.0; +claudebot@anthropic.com)"
18.117.229.168 - - [16/Apr/2025:13:35:33 -0400] "GET /ad917/?path=%2Fhome%2F..%2Fhome4%2F..%2Flib64%2Flibmysqlclient21%2F. HTTP/1.1" 200 1541 "-" "Mozilla/5.0 AppleWebKit/537.36 (KHTML, like Gecko; compatible; ClaudeBot/1.0; +claudebot@anthropic.com)"
18.117.229.168 - - [16/Apr/2025:13:35:36 -0400] "GET /ad917/?path=%2Fhome%2F..%2Fusr%2Finclude%2Fmysql%2F..%2Fgd_errors.h HTTP/1.1" 200 1525 "-" "Mozilla/5.0 AppleWebKit/537.36 (KHTML, like Gecko; compatible; ClaudeBot/1.0; +claudebot@anthropic.com)"
18.117.229.168 - - [16/Apr/2025:13:35:39 -0400] "GET /ad917/?path=%2Fhome%2F..%2Fusr%2Finclude%2Fsound%2F..%2Fcursesapp.h HTTP/1.1" 200 3311 "-" "Mozilla/5.0 AppleWebKit/537.36 (KHTML, like Gecko; compatible; ClaudeBot/1.0; +claudebot@anthropic.com)"
52.167.144.222 - - [16/Apr/2025:13:35:40 -0400] "GET /products/88574724.shtml HTTP/1.1" 301 0 "-" "Mozilla/5.0 AppleWebKit/537.36 (KHTML, like Gecko; compatible; bingbot/2.0; +http://www.bing.com/bingbot.htm) Chrome/116.0.1938.76 Safari/537.36"
18.117.229.168 - - [16/Apr/2025:13:35:42 -0400] "GET /ad917/?path=%2Fhome%2F..%2Fusr%2Finclude%2Fsepol%2F..%2Fpg_config.h HTTP/1.1" 200 1215 "-" "Mozilla/5.0 AppleWebKit/537.36 (KHTML, like Gecko; compatible; ClaudeBot/1.0; +claudebot@anthropic.com)"
18.117.229.168 - - [16/Apr/2025:13:35:45 -0400] "GET /ad917/?path=%2Fhome%2F..%2Fhome6%2F..%2Flib64%2Fperl5%2Ffeatures.ph HTTP/1.1" 200 3373 "-" "Mozilla/5.0 AppleWebKit/537.36 (KHTML, like Gecko; compatible; ClaudeBot/1.0; +claudebot@anthropic.com)"
18.117.229.168 - - [16/Apr/2025:13:35:48 -0400] "GET /ad917/?path=%2Fhome%2F..%2Fhome6%2F..%2Flib64%2Fgconv%2FASMO_449.so HTTP/1.1" 200 963 "-" "Mozilla/5.0 AppleWebKit/537.36 (KHTML, like Gecko; compatible; ClaudeBot/1.0; +claudebot@anthropic.com)"
18.117.229.168 - - [16/Apr/2025:13:35:51 -0400] "GET /ad917/?path=%2Fhome%2F..%2Fhome4%2F..%2Flib64%2Fgconv%2FASMO_449.so HTTP/1.1" 200 962 "-" "Mozilla/5.0 AppleWebKit/537.36 (KHTML, like Gecko; compatible; ClaudeBot/1.0; +claudebot@anthropic.com)"
18.117.229.168 - - [16/Apr/2025:13:35:54 -0400] "GET /ad917/?path=%2Fhome%2F..%2Fusr%2Finclude%2Fsound%2F..%2Fldap_utf8.h HTTP/1.1" 200 2301 "-" "Mozilla/5.0 AppleWebKit/537.36 (KHTML, like Gecko; compatible; ClaudeBot/1.0; +claudebot@anthropic.com)"
18.117.229.168 - - [16/Apr/2025:13:35:57 -0400] "GET /ad917/?path=%2Fhome%2F..%2Fusr%2Finclude%2Fsepol%2F..%2Fsemaphore.h HTTP/1.1" 200 1983 "-" "Mozilla/5.0 AppleWebKit/537.36 (KHTML, like Gecko; compatible; ClaudeBot/1.0; +claudebot@anthropic.com)"
18.117.229.168 - - [16/Apr/2025:13:36:00 -0400] "GET /ad917/?path=%2Fhome%2F..%2Fhome4%2F..%2Flib64%2Fpgsql%2Fpgoutput.so HTTP/1.1" 200 958 "-" "Mozilla/5.0 AppleWebKit/537.36 (KHTML, like Gecko; compatible; ClaudeBot/1.0; +claudebot@anthropic.com)"
18.117.229.168 - - [16/Apr/2025:13:36:03 -0400] "GET /ad917/?path=%2Fhome%2F..%2Fusr%2Finclude%2Fsepol%2F..%2Fthread_db.h HTTP/1.1" 200 5827 "-" "Mozilla/5.0 AppleWebKit/537.36 (KHTML, like Gecko; compatible; ClaudeBot/1.0; +claudebot@anthropic.com)"
18.117.229.168 - - [16/Apr/2025:13:36:06 -0400] "GET /ad917/?path=%2Fhome%2F..%2Fusr%2Finclude%2Fsepol%2F..%2Fldap_utf8.h HTTP/1.1" 200 2301 "-" "Mozilla/5.0 AppleWebKit/537.36 (KHTML, like Gecko; compatible; ClaudeBot/1.0; +claudebot@anthropic.com)"
198.54.116.86 - - [16/Apr/2025:13:36:35 -0400] "POST /wp-cron.php?doing_wp_cron=1744824995.9554150104522705078125 HTTP/1.1" 200 0 "-" "WordPress/6.8; https://servethepeopleinc.org"
52.167.144.171 - - [16/Apr/2025:13:36:35 -0400] "GET /info24449776.shtml HTTP/1.1" 404 16942 "-" "Mozilla/5.0 AppleWebKit/537.36 (KHTML, like Gecko; compatible; bingbot/2.0; +http://www.bing.com/bingbot.htm) Chrome/116.0.1938.76 Safari/537.36"
198.54.116.86 - - [16/Apr/2025:13:36:36 -0400] "POST /wp-admin/admin-ajax.php?action=async_litespeed&nonce=5bS0LLz9WVJ4z8ziR2zYB7ZxJFK7HG0V&litespeed_type=imgoptm HTTP/1.1" 200 21 "-" "WordPress/6.8; https://servethepeopleinc.org"
40.77.167.154 - - [16/Apr/2025:13:36:39 -0400] "GET /detail/quakery59664928.shtml HTTP/1.1" 404 16940 "-" "Mozilla/5.0 AppleWebKit/537.36 (KHTML, like Gecko; compatible; bingbot/2.0; +http://www.bing.com/bingbot.htm) Chrome/116.0.1938.76 Safari/537.36"
3.145.17.126 - - [16/Apr/2025:13:36:40 -0400] "GET /ad917/?path=%2Fhome%2F..%2Fhome2%2F..%2Flib64%2Fpython3.6%2Fquopri.py HTTP/1.1" 200 3462 "-" "Mozilla/5.0 AppleWebKit/537.36 (KHTML, like Gecko; compatible; ClaudeBot/1.0; +claudebot@anthropic.com)"
3.145.17.126 - - [16/Apr/2025:13:36:43 -0400] "GET /ad917/?path=%2Fhome%2F..%2Fhome2%2F..%2Flib64%2Fpython3.6%2Fstruct.py HTTP/1.1" 200 1080 "-" "Mozilla/5.0 AppleWebKit/537.36 (KHTML, like Gecko; compatible; ClaudeBot/1.0; +claudebot@anthropic.com)"
52.167.144.171 - - [16/Apr/2025:13:36:45 -0400] "GET /detail/97865102.shtml HTTP/1.1" 404 16939 "-" "Mozilla/5.0 AppleWebKit/537.36 (KHTML, like Gecko; compatible; bingbot/2.0; +http://www.bing.com/bingbot.htm) Chrome/116.0.1938.76 Safari/537.36"
3.145.17.126 - - [16/Apr/2025:13:36:46 -0400] "GET /ad917/?path=%2Fhome%2F..%2F.%2Flib64%2Fgstreamer-1.0%2F..%2Fpython3.8 HTTP/1.1" 200 6877 "-" "Mozilla/5.0 AppleWebKit/537.36 (KHTML, like Gecko; compatible; ClaudeBot/1.0; +claudebot@anthropic.com)"
66.249.77.41 - - [16/Apr/2025:13:36:47 -0400] "GET /special/jg/ignobleness839728.shtml HTTP/1.1" 404 16952 "-" "Mozilla/5.0 (Linux; Android 6.0.1; Nexus 5X Build/MMB29P) AppleWebKit/537.36 (KHTML, like Gecko) Chrome/135.0.7049.84 Mobile Safari/537.36 (compatible; Googlebot/2.1; +http://www.google.com/bot.html)"
3.145.17.126 - - [16/Apr/2025:13:36:49 -0400] "GET /ad917/?path=%2Fhome%2F..%2F.%2Flib64%2Fgstreamer-1.0%2F..%2Flibtic.so HTTP/1.1" 200 960 "-" "Mozilla/5.0 AppleWebKit/537.36 (KHTML, like Gecko; compatible; ClaudeBot/1.0; +claudebot@anthropic.com)"
3.145.17.126 - - [16/Apr/2025:13:36:52 -0400] "GET /ad917/?path=%2Fhome%2F..%2F.%2Flib64%2Fgstreamer-1.0%2F..%2Flibidn.so HTTP/1.1" 200 960 "-" "Mozilla/5.0 AppleWebKit/537.36 (KHTML, like Gecko; compatible; ClaudeBot/1.0; +claudebot@anthropic.com)"
3.145.17.126 - - [16/Apr/2025:13:36:55 -0400] "GET /ad917/?path=%2Fhome%2F..%2F.%2Flib64%2Fgstreamer-1.0%2F..%2Flibcap.so HTTP/1.1" 200 960 "-" "Mozilla/5.0 AppleWebKit/537.36 (KHTML, like Gecko; compatible; ClaudeBot/1.0; +claudebot@anthropic.com)"
3.145.17.126 - - [16/Apr/2025:13:36:58 -0400] "GET /ad917/?path=%2Fhome%2F..%2Fhome1%2F..%2Flib64%2Fpython3.6%2Fimghdr.py HTTP/1.1" 200 2287 "-" "Mozilla/5.0 AppleWebKit/537.36 (KHTML, like Gecko; compatible; ClaudeBot/1.0; +claudebot@anthropic.com)"
3.145.17.126 - - [16/Apr/2025:13:37:01 -0400] "GET /ad917/?path=%2Fhome%2F..%2F.%2Flib64%2Fgstreamer-1.0%2F..%2Flibanl.so HTTP/1.1" 200 960 "-" "Mozilla/5.0 AppleWebKit/537.36 (KHTML, like Gecko; compatible; ClaudeBot/1.0; +claudebot@anthropic.com)"
3.145.17.126 - - [16/Apr/2025:13:37:04 -0400] "GET /ad917/?path=%2Fhome%2F..%2Fhome2%2F..%2Flib64%2Fgirepository-1.0%2F.. HTTP/1.1" 200 44011 "-" "Mozilla/5.0 AppleWebKit/537.36 (KHTML, like Gecko; compatible; ClaudeBot/1.0; +claudebot@anthropic.com)"
3.145.17.126 - - [16/Apr/2025:13:37:07 -0400] "GET /ad917/?path=%2Fhome%2F..%2Fhome1%2F..%2Flib64%2Fpython3.6%2Frandom.py HTTP/1.1" 200 9985 "-" "Mozilla/5.0 AppleWebKit/537.36 (KHTML, like Gecko; compatible; ClaudeBot/1.0; +claudebot@anthropic.com)"
3.145.17.126 - - [16/Apr/2025:13:37:10 -0400] "GET /ad917/?path=%2Fhome%2F..%2Fhome2%2F..%2Flib64%2Fpython3.6%2Fcodecs.py HTTP/1.1" 200 9908 "-" "Mozilla/5.0 AppleWebKit/537.36 (KHTML, like Gecko; compatible; ClaudeBot/1.0; +claudebot@anthropic.com)"
198.54.116.86 - - [16/Apr/2025:13:37:12 -0400] "POST /wp-cron.php?doing_wp_cron=1744825032.9546239376068115234375 HTTP/1.1" 200 0 "-" "WordPress/6.8; https://servethepeopleinc.org"
66.249.77.40 - - [16/Apr/2025:13:37:12 -0400] "GET /goodscode/benchmark/92401344.shtml HTTP/1.1" 404 16951 "-" "Mozilla/5.0 (Linux; Android 6.0.1; Nexus 5X Build/MMB29P) AppleWebKit/537.36 (KHTML, like Gecko) Chrome/135.0.7049.84 Mobile Safari/537.36 (compatible; Googlebot/2.1; +http://www.google.com/bot.html)"
3.145.17.126 - - [16/Apr/2025:13:37:13 -0400] "GET /ad917/?path=%2Fhome%2F..%2Fhome2%2F..%2Flib64%2Fpython3.6%2Fshelve.py HTTP/1.1" 200 3762 "-" "Mozilla/5.0 AppleWebKit/537.36 (KHTML, like Gecko; compatible; ClaudeBot/1.0; +claudebot@anthropic.com)"
198.54.116.86 - - [16/Apr/2025:13:37:13 -0400] "POST /wp-admin/admin-ajax.php?action=async_litespeed&nonce=BUqs11mCqAQmFeUwPSU2kcg8bsIRqSz2&litespeed_type=imgoptm HTTP/1.1" 200 21 "-" "WordPress/6.8; https://servethepeopleinc.org"
66.249.77.40 - - [16/Apr/2025:13:37:15 -0400] "GET /info/hegemonic111736212.shtml HTTP/1.1" 404 16940 "-" "Mozilla/5.0 (Linux; Android 6.0.1; Nexus 5X Build/MMB29P) AppleWebKit/537.36 (KHTML, like Gecko) Chrome/135.0.7049.84 Mobile Safari/537.36 (compatible; Googlebot/2.1; +http://www.google.com/bot.html)"
3.145.17.126 - - [16/Apr/2025:13:37:16 -0400] "GET /ad917/?path=%2Fhome%2F..%2Fhome2%2F..%2Flib64%2Fpython3.6%2Fdistutils HTTP/1.1" 200 2355 "-" "Mozilla/5.0 AppleWebKit/537.36 (KHTML, like Gecko; compatible; ClaudeBot/1.0; +claudebot@anthropic.com)"
40.77.167.154 - - [16/Apr/2025:13:37:17 -0400] "GET /goodscode106725944.shtml HTTP/1.1" 404 16940 "-" "Mozilla/5.0 AppleWebKit/537.36 (KHTML, like Gecko; compatible; bingbot/2.0; +http://www.bing.com/bingbot.htm) Chrome/116.0.1938.76 Safari/537.36"
3.145.17.126 - - [16/Apr/2025:13:37:19 -0400] "GET /ad917/?path=%2Fhome%2F..%2Fhome1%2F..%2Flib64%2Fpython3.6%2Fsymbol.py HTTP/1.1" 200 1936 "-" "Mozilla/5.0 AppleWebKit/537.36 (KHTML, like Gecko; compatible; ClaudeBot/1.0; +claudebot@anthropic.com)"
3.145.17.126 - - [16/Apr/2025:13:37:22 -0400] "GET /ad917/?path=%2Fhome%2F..%2Fhome1%2F..%2Flib64%2Fpython3.6%2Fencodings HTTP/1.1" 200 4063 "-" "Mozilla/5.0 AppleWebKit/537.36 (KHTML, like Gecko; compatible; ClaudeBot/1.0; +claudebot@anthropic.com)"
3.145.17.126 - - [16/Apr/2025:13:37:25 -0400] "GET /ad917/?path=%2Fhome%2F..%2Fhome4%2F..%2Flib64%2Fpkgconfig%2Fext2fs.pc HTTP/1.1" 200 1073 "-" "Mozilla/5.0 AppleWebKit/537.36 (KHTML, like Gecko; compatible; ClaudeBot/1.0; +claudebot@anthropic.com)"
3.145.17.126 - - [16/Apr/2025:13:37:28 -0400] "GET /ad917/?path=%2Fhome%2F..%2Fhome1%2F..%2Flib64%2Fpython3.6%2Fshelve.py HTTP/1.1" 200 3732 "-" "Mozilla/5.0 AppleWebKit/537.36 (KHTML, like Gecko; compatible; ClaudeBot/1.0; +claudebot@anthropic.com)"
3.145.17.126 - - [16/Apr/2025:13:37:31 -0400] "GET /ad917/?path=%2Fhome%2F..%2Fhome1%2F..%2Flib64%2Fpython3.6%2Fbinhex.py HTTP/1.1" 200 5120 "-" "Mozilla/5.0 AppleWebKit/537.36 (KHTML, like Gecko; compatible; ClaudeBot/1.0; +claudebot@anthropic.com)"
3.145.17.126 - - [16/Apr/2025:13:37:34 -0400] "GET /ad917/?path=%2Fhome%2F..%2F.%2Flib64%2Fgstreamer-1.0%2F..%2Flibe2p.so HTTP/1.1" 200 960 "-" "Mozilla/5.0 AppleWebKit/537.36 (KHTML, like Gecko; compatible; ClaudeBot/1.0; +claudebot@anthropic.com)"
3.145.17.126 - - [16/Apr/2025:13:37:37 -0400] "GET /ad917/?path=%2Fhome%2F..%2F.%2Flib64%2Fgstreamer-1.0%2F..%2Flibbz2.so HTTP/1.1" 200 961 "-" "Mozilla/5.0 AppleWebKit/537.36 (KHTML, like Gecko; compatible; ClaudeBot/1.0; +claudebot@anthropic.com)"
3.145.17.126 - - [16/Apr/2025:13:37:40 -0400] "GET /ad917/?path=%2Fhome%2F..%2F.%2Flib64%2Fgstreamer-1.0%2F..%2Fpkgconfig HTTP/1.1" 200 4506 "-" "Mozilla/5.0 AppleWebKit/537.36 (KHTML, like Gecko; compatible; ClaudeBot/1.0; +claudebot@anthropic.com)"
3.145.17.126 - - [16/Apr/2025:13:37:43 -0400] "GET /ad917/?path=%2Fhome%2F..%2F.%2Flib64%2Fgstreamer-1.0%2F..%2Fliblve.so HTTP/1.1" 200 960 "-" "Mozilla/5.0 AppleWebKit/537.36 (KHTML, like Gecko; compatible; ClaudeBot/1.0; +claudebot@anthropic.com)"
3.145.17.126 - - [16/Apr/2025:13:37:46 -0400] "GET /ad917/?path=%2Fhome%2F..%2Fhome2%2F..%2Flib64%2Fpython3.6%2Fgetopt.py HTTP/1.1" 200 3634 "-" "Mozilla/5.0 AppleWebKit/537.36 (KHTML, like Gecko; compatible; ClaudeBot/1.0; +claudebot@anthropic.com)"
52.167.144.171 - - [16/Apr/2025:13:37:46 -0400] "GET /detail/k/floscuculi/69629222.shtml HTTP/1.1" 301 0 "-" "Mozilla/5.0 AppleWebKit/537.36 (KHTML, like Gecko; compatible; bingbot/2.0; +http://www.bing.com/bingbot.htm) Chrome/116.0.1938.76 Safari/537.36"
52.167.144.171 - - [16/Apr/2025:13:37:46 -0400] "GET /detail/zig/aliquot/8579356.shtml HTTP/1.1" 404 16950 "-" "Mozilla/5.0 AppleWebKit/537.36 (KHTML, like Gecko; compatible; bingbot/2.0; +http://www.bing.com/bingbot.htm) Chrome/116.0.1938.76 Safari/537.36"
3.145.17.126 - - [16/Apr/2025:13:37:49 -0400] "GET /ad917/?path=%2Fhome%2F..%2F.%2Flib64%2Fgstreamer-1.0%2F..%2Flibisc.so HTTP/1.1" 200 960 "-" "Mozilla/5.0 AppleWebKit/537.36 (KHTML, like Gecko; compatible; ClaudeBot/1.0; +claudebot@anthropic.com)"
3.145.17.126 - - [16/Apr/2025:13:37:52 -0400] "GET /ad917/?path=%2Fhome%2F..%2Fhome2%2F..%2Flib64%2Fpython3.6%2Fstring.py HTTP/1.1" 200 4596 "-" "Mozilla/5.0 AppleWebKit/537.36 (KHTML, like Gecko; compatible; ClaudeBot/1.0; +claudebot@anthropic.com)"
3.145.17.126 - - [16/Apr/2025:13:37:55 -0400] "GET /ad917/?path=%2Fhome%2F..%2Fhome1%2F..%2Flib64%2Fpython3.6%2Fsndhdr.py HTTP/1.1" 200 3505 "-" "Mozilla/5.0 AppleWebKit/537.36 (KHTML, like Gecko; compatible; ClaudeBot/1.0; +claudebot@anthropic.com)"
3.145.17.126 - - [16/Apr/2025:13:37:58 -0400] "GET /ad917/?path=%2Fhome%2F..%2Fhome1%2F..%2Flib64%2Fpython3.6%2Fshutil.py HTTP/1.1" 200 12579 "-" "Mozilla/5.0 AppleWebKit/537.36 (KHTML, like Gecko; compatible; ClaudeBot/1.0; +claudebot@anthropic.com)"
3.145.17.126 - - [16/Apr/2025:13:38:01 -0400] "GET /ad917/?path=%2Fhome%2F..%2Fhome2%2F..%2Flib64%2Fpython3.6%2Fpickle.py HTTP/1.1" 200 15514 "-" "Mozilla/5.0 AppleWebKit/537.36 (KHTML, like Gecko; compatible; ClaudeBot/1.0; +claudebot@anthropic.com)"
3.145.17.126 - - [16/Apr/2025:13:38:04 -0400] "GET /ad917/?path=%2Fhome%2F..%2Fhome1%2F..%2Flib64%2Fpython3.6%2Fftplib.py HTTP/1.1" 200 11395 "-" "Mozilla/5.0 AppleWebKit/537.36 (KHTML, like Gecko; compatible; ClaudeBot/1.0; +claudebot@anthropic.com)"
3.145.17.126 - - [16/Apr/2025:13:38:07 -0400] "GET /ad917/?path=%2Fhome%2F..%2Fhome2%2F..%2Flib64%2Fpython3.6%2Fcodeop.py HTTP/1.1" 200 2881 "-" "Mozilla/5.0 AppleWebKit/537.36 (KHTML, like Gecko; compatible; ClaudeBot/1.0; +claudebot@anthropic.com)"
3.145.17.126 - - [16/Apr/2025:13:38:10 -0400] "GET /ad917/?path=%2Fhome%2F..%2Flib64%2F..%2Flib%2Ftmpfiles.d%2Fnamed.conf HTTP/1.1" 200 973 "-" "Mozilla/5.0 AppleWebKit/537.36 (KHTML, like Gecko; compatible; ClaudeBot/1.0; +claudebot@anthropic.com)"
3.145.17.126 - - [16/Apr/2025:13:38:13 -0400] "GET /ad917/?path=%2Fhome%2F..%2Fhome1%2F..%2Flib64%2Fpython3.6%2Fpstats.py HTTP/1.1" 200 8158 "-" "Mozilla/5.0 AppleWebKit/537.36 (KHTML, like Gecko; compatible; ClaudeBot/1.0; +claudebot@anthropic.com)"
3.145.17.126 - - [16/Apr/2025:13:38:16 -0400] "GET /ad917/?path=%2Fhome%2F..%2Flib64%2F..%2Flib%2Ftmpfiles.d%2Fmdadm.conf HTTP/1.1" 200 973 "-" "Mozilla/5.0 AppleWebKit/537.36 (KHTML, like Gecko; compatible; ClaudeBot/1.0; +claudebot@anthropic.com)"
198.54.116.86 - - [16/Apr/2025:13:38:18 -0400] "POST /wp-cron.php?doing_wp_cron=1744825098.3346149921417236328125 HTTP/1.1" 200 0 "-" "WordPress/6.8; https://servethepeopleinc.org"
40.77.167.243 - - [16/Apr/2025:13:38:18 -0400] "GET /shopping/ka/clocking24568934.shtml HTTP/1.1" 301 0 "-" "Mozilla/5.0 AppleWebKit/537.36 (KHTML, like Gecko; compatible; bingbot/2.0; +http://www.bing.com/bingbot.htm) Chrome/116.0.1938.76 Safari/537.36"
198.54.116.86 - - [16/Apr/2025:13:38:18 -0400] "POST /wp-admin/admin-ajax.php?action=async_litespeed&nonce=G2B3A3BF1NVdXyQsrILbve5FnfbPQpDr&litespeed_type=imgoptm HTTP/1.1" 200 21 "-" "WordPress/6.8; https://servethepeopleinc.org"
3.145.17.126 - - [16/Apr/2025:13:38:19 -0400] "GET /ad917/?path=%2Fhome%2F..%2F.%2Flib64%2Fgstreamer-1.0%2F..%2Fpython2.7 HTTP/1.1" 200 14435 "-" "Mozilla/5.0 AppleWebKit/537.36 (KHTML, like Gecko; compatible; ClaudeBot/1.0; +claudebot@anthropic.com)"
3.145.17.126 - - [16/Apr/2025:13:38:22 -0400] "GET /ad917/?path=%2Fhome%2F..%2F.%2Flib64%2Fgstreamer-1.0%2F..%2Flibaio.so HTTP/1.1" 200 960 "-" "Mozilla/5.0 AppleWebKit/537.36 (KHTML, like Gecko; compatible; ClaudeBot/1.0; +claudebot@anthropic.com)"
3.145.17.126 - - [16/Apr/2025:13:38:25 -0400] "GET /ad917/?path=%2Fhome%2F..%2Fhome4%2F..%2Flib64%2Fpkgconfig%2Flibidn.pc HTTP/1.1" 200 1423 "-" "Mozilla/5.0 AppleWebKit/537.36 (KHTML, like Gecko; compatible; ClaudeBot/1.0; +claudebot@anthropic.com)"
52.167.144.171 - - [16/Apr/2025:13:38:25 -0400] "GET /detail/capturing2887516.shtml HTTP/1.1" 404 16940 "-" "Mozilla/5.0 AppleWebKit/537.36 (KHTML, like Gecko; compatible; bingbot/2.0; +http://www.bing.com/bingbot.htm) Chrome/116.0.1938.76 Safari/537.36"
3.145.17.126 - - [16/Apr/2025:13:38:28 -0400] "GET /ad917/?path=%2Fhome%2F..%2Fhome1%2F..%2Flib64%2Fpython3.6%2Flocale.py HTTP/1.1" 200 18182 "-" "Mozilla/5.0 AppleWebKit/537.36 (KHTML, like Gecko; compatible; ClaudeBot/1.0; +claudebot@anthropic.com)"
3.145.17.126 - - [16/Apr/2025:13:38:31 -0400] "GET /ad917/?path=%2Fhome%2F..%2F.%2Flib64%2Fgstreamer-1.0%2F..%2FlibXpm.so HTTP/1.1" 200 962 "-" "Mozilla/5.0 AppleWebKit/537.36 (KHTML, like Gecko; compatible; ClaudeBot/1.0; +claudebot@anthropic.com)"
3.145.17.126 - - [16/Apr/2025:13:38:34 -0400] "GET /ad917/?path=%2Fhome%2F..%2Fhome4%2F..%2Flib64%2Fpkgconfig%2Fpanelw.pc HTTP/1.1" 200 1183 "-" "Mozilla/5.0 AppleWebKit/537.36 (KHTML, like Gecko; compatible; ClaudeBot/1.0; +claudebot@anthropic.com)"
3.145.17.126 - - [16/Apr/2025:13:38:37 -0400] "GET /ad917/?path=%2Fhome%2F..%2Fhome6%2F..%2Flib64%2Fgirepository-1.0%2F.. HTTP/1.1" 200 43274 "-" "Mozilla/5.0 AppleWebKit/537.36 (KHTML, like Gecko; compatible; ClaudeBot/1.0; +claudebot@anthropic.com)"
51.222.253.6 - - [16/Apr/2025:13:38:37 -0400] "GET /item98496782.shtml HTTP/1.1" 404 16942 "-" "Mozilla/5.0 (compatible; AhrefsBot/7.0; +http://ahrefs.com/robot/)"
3.145.17.126 - - [16/Apr/2025:13:38:40 -0400] "GET /ad917/?path=%2Fhome%2F..%2F.%2Flib64%2Fgstreamer-1.0%2F..%2Flibxcb.so HTTP/1.1" 200 961 "-" "Mozilla/5.0 AppleWebKit/537.36 (KHTML, like Gecko; compatible; ClaudeBot/1.0; +claudebot@anthropic.com)"
3.145.17.126 - - [16/Apr/2025:13:38:43 -0400] "GET /ad917/?path=%2Fhome%2F..%2Fhome2%2F..%2Flib64%2Fpython3.6%2Fftplib.py HTTP/1.1" 200 11395 "-" "Mozilla/5.0 AppleWebKit/537.36 (KHTML, like Gecko; compatible; ClaudeBot/1.0; +claudebot@anthropic.com)"
3.145.17.126 - - [16/Apr/2025:13:38:46 -0400] "GET /ad917/?path=%2Fhome%2F..%2Fhome1%2F..%2Flib64%2Fpython3.6%2Fcodecs.py HTTP/1.1" 200 9908 "-" "Mozilla/5.0 AppleWebKit/537.36 (KHTML, like Gecko; compatible; ClaudeBot/1.0; +claudebot@anthropic.com)"
3.145.17.126 - - [16/Apr/2025:13:38:49 -0400] "GET /ad917/?path=%2Fhome%2F..%2Fhome1%2F..%2Flib64%2Fpython3.6%2Fdistutils HTTP/1.1" 200 2319 "-" "Mozilla/5.0 AppleWebKit/537.36 (KHTML, like Gecko; compatible; ClaudeBot/1.0; +claudebot@anthropic.com)"
3.145.17.126 - - [16/Apr/2025:13:38:52 -0400] "GET /ad917/?path=%2Fhome%2F..%2Fhome1%2F..%2Flib64%2Fpython3.6%2Fntpath.py HTTP/1.1" 200 8219 "-" "Mozilla/5.0 AppleWebKit/537.36 (KHTML, like Gecko; compatible; ClaudeBot/1.0; +claudebot@anthropic.com)"
52.167.144.171 - - [16/Apr/2025:13:38:56 -0400] "GET /product/sapsago/2799800.shtml HTTP/1.1" 301 0 "-" "Mozilla/5.0 AppleWebKit/537.36 (KHTML, like Gecko; compatible; bingbot/2.0; +http://www.bing.com/bingbot.htm) Chrome/116.0.1938.76 Safari/537.36"
52.167.144.21 - - [16/Apr/2025:13:38:56 -0400] "GET /products/biome75254252.shtml HTTP/1.1" 404 16941 "-" "Mozilla/5.0 AppleWebKit/537.36 (KHTML, like Gecko; compatible; bingbot/2.0; +http://www.bing.com/bingbot.htm) Chrome/116.0.1938.76 Safari/537.36"
198.54.116.86 - - [16/Apr/2025:13:39:17 -0400] "POST /wp-cron.php?doing_wp_cron=1744825157.4983329772949218750000 HTTP/1.1" 200 0 "-" "WordPress/6.8; https://servethepeopleinc.org"
52.167.144.222 - - [16/Apr/2025:13:39:17 -0400] "GET /product/zq/aggrandize/85266132.shtml HTTP/1.1" 301 0 "-" "Mozilla/5.0 AppleWebKit/537.36 (KHTML, like Gecko; compatible; bingbot/2.0; +http://www.bing.com/bingbot.htm) Chrome/116.0.1938.76 Safari/537.36"
198.54.116.86 - - [16/Apr/2025:13:39:17 -0400] "POST /wp-admin/admin-ajax.php?action=async_litespeed&nonce=RGsZdoWAVvZjw1ek8eqbyvyDAaJrpMbo&litespeed_type=imgoptm HTTP/1.1" 200 21 "-" "WordPress/6.8; https://servethepeopleinc.org"
3.147.2.160 - - [16/Apr/2025:13:39:26 -0400] "GET /ad917/?path=%2Fhome%2F..%2Fhome4%2F..%2Flib64%2Fsasl2%2Flibsasldb.so.3 HTTP/1.1" 200 960 "-" "Mozilla/5.0 AppleWebKit/537.36 (KHTML, like Gecko; compatible; ClaudeBot/1.0; +claudebot@anthropic.com)"
3.147.2.160 - - [16/Apr/2025:13:39:29 -0400] "GET /ad917/?path=%2Fhome%2F..%2F.%2Flib64%2Fgstreamer-1.0%2F..%2Flibnss3.so HTTP/1.1" 200 962 "-" "Mozilla/5.0 AppleWebKit/537.36 (KHTML, like Gecko; compatible; ClaudeBot/1.0; +claudebot@anthropic.com)"
3.147.2.160 - - [16/Apr/2025:13:39:32 -0400] "GET /ad917/?path=%2Fhome%2F..%2F.%2Flib64%2Fgstreamer-1.0%2F..%2Flibcriu.so HTTP/1.1" 200 963 "-" "Mozilla/5.0 AppleWebKit/537.36 (KHTML, like Gecko; compatible; ClaudeBot/1.0; +claudebot@anthropic.com)"
3.147.2.160 - - [16/Apr/2025:13:39:35 -0400] "GET /ad917/?path=%2Fhome%2F..%2Fhome2%2F..%2Flib64%2Fpython3.6%2Fmailbox.py HTTP/1.1" 200 16246 "-" "Mozilla/5.0 AppleWebKit/537.36 (KHTML, like Gecko; compatible; ClaudeBot/1.0; +claudebot@anthropic.com)"
3.147.2.160 - - [16/Apr/2025:13:39:38 -0400] "GET /ad917/?path=%2Fhome%2F..%2F.%2Flib64%2Fgstreamer-1.0%2F..%2Flibpq.so.5 HTTP/1.1" 200 963 "-" "Mozilla/5.0 AppleWebKit/537.36 (KHTML, like Gecko; compatible; ClaudeBot/1.0; +claudebot@anthropic.com)"
3.147.2.160 - - [16/Apr/2025:13:39:41 -0400] "GET /ad917/?path=%2Fhome%2F..%2Fhome4%2F..%2Flib64%2Fpkgconfig%2Fncurses.pc HTTP/1.1" 200 1176 "-" "Mozilla/5.0 AppleWebKit/537.36 (KHTML, like Gecko; compatible; ClaudeBot/1.0; +claudebot@anthropic.com)"
3.147.2.160 - - [16/Apr/2025:13:39:44 -0400] "GET /ad917/?path=%2Fhome%2F..%2F.%2Flib64%2Fgstreamer-1.0%2F..%2Flibgc.so.1 HTTP/1.1" 200 962 "-" "Mozilla/5.0 AppleWebKit/537.36 (KHTML, like Gecko; compatible; ClaudeBot/1.0; +claudebot@anthropic.com)"
3.147.2.160 - - [16/Apr/2025:13:39:47 -0400] "GET /ad917/?path=%2Fhome%2F..%2Fhome1%2F..%2Flib64%2Fpython3.6%2Fconcurrent HTTP/1.1" 200 1579 "-" "Mozilla/5.0 AppleWebKit/537.36 (KHTML, like Gecko; compatible; ClaudeBot/1.0; +claudebot@anthropic.com)"
3.147.2.160 - - [16/Apr/2025:13:39:50 -0400] "GET /ad917/?path=%2Fhome%2F..%2Fhome1%2F..%2Flib64%2Fpython3.6%2Finspect.py HTTP/1.1" 200 30929 "-" "Mozilla/5.0 AppleWebKit/537.36 (KHTML, like Gecko; compatible; ClaudeBot/1.0; +claudebot@anthropic.com)"
3.147.2.160 - - [16/Apr/2025:13:39:53 -0400] "GET /ad917/?path=%2Fhome%2F..%2F.%2Flib64%2Fgstreamer-1.0%2F..%2Ftraceevent HTTP/1.1" 200 1462 "-" "Mozilla/5.0 AppleWebKit/537.36 (KHTML, like Gecko; compatible; ClaudeBot/1.0; +claudebot@anthropic.com)"
52.167.144.171 - - [16/Apr/2025:13:39:55 -0400] "GET /shopbrand/fishbone74637696.shtml HTTP/1.1" 301 0 "-" "Mozilla/5.0 AppleWebKit/537.36 (KHTML, like Gecko; compatible; bingbot/2.0; +http://www.bing.com/bingbot.htm) Chrome/116.0.1938.76 Safari/537.36"
3.147.2.160 - - [16/Apr/2025:13:39:56 -0400] "GET /ad917/?path=%2Fhome%2F..%2Fhome4%2F..%2Flib64%2Fpkgconfig%2Fopenssl.pc HTTP/1.1" 200 1080 "-" "Mozilla/5.0 AppleWebKit/537.36 (KHTML, like Gecko; compatible; ClaudeBot/1.0; +claudebot@anthropic.com)"
3.147.2.160 - - [16/Apr/2025:13:39:59 -0400] "GET /ad917/?path=%2Fhome%2F..%2F.%2Flib64%2Fgstreamer-1.0%2F..%2Flibuuid.so HTTP/1.1" 200 963 "-" "Mozilla/5.0 AppleWebKit/537.36 (KHTML, like Gecko; compatible; ClaudeBot/1.0; +claudebot@anthropic.com)"
3.147.2.160 - - [16/Apr/2025:13:40:02 -0400] "GET /ad917/?path=%2Fhome%2F..%2Fhome2%2F..%2Flib64%2Fpython3.6%2Fpathlib.py HTTP/1.1" 200 13443 "-" "Mozilla/5.0 AppleWebKit/537.36 (KHTML, like Gecko; compatible; ClaudeBot/1.0; +claudebot@anthropic.com)"
3.147.2.160 - - [16/Apr/2025:13:40:05 -0400] "GET /ad917/?path=%2Fhome%2F..%2F.%2Flib64%2Fgstreamer-1.0%2F..%2Flibjpeg.so HTTP/1.1" 200 962 "-" "Mozilla/5.0 AppleWebKit/537.36 (KHTML, like Gecko; compatible; ClaudeBot/1.0; +claudebot@anthropic.com)"
3.147.2.160 - - [16/Apr/2025:13:40:08 -0400] "GET /ad917/?path=%2Fhome%2F..%2Fhome4%2F..%2Flib64%2Fpkgconfig%2Flibcurl.pc HTTP/1.1" 200 2423 "-" "Mozilla/5.0 AppleWebKit/537.36 (KHTML, like Gecko; compatible; ClaudeBot/1.0; +claudebot@anthropic.com)"
3.147.2.160 - - [16/Apr/2025:13:40:11 -0400] "GET /ad917/?path=%2Fhome%2F..%2Fhome2%2F..%2Flib64%2Fpython3.6%2Fcopyreg.py HTTP/1.1" 200 3523 "-" "Mozilla/5.0 AppleWebKit/537.36 (KHTML, like Gecko; compatible; ClaudeBot/1.0; +claudebot@anthropic.com)"
3.147.2.160 - - [16/Apr/2025:13:40:14 -0400] "GET /ad917/?path=%2Fhome%2F..%2Fhome1%2F..%2Flib64%2Fpython3.6%2Fmailcap.py HTTP/1.1" 200 4028 "-" "Mozilla/5.0 AppleWebKit/537.36 (KHTML, like Gecko; compatible; ClaudeBot/1.0; +claudebot@anthropic.com)"
3.147.2.160 - - [16/Apr/2025:13:40:17 -0400] "GET /ad917/?path=%2Fhome%2F..%2Fhome1%2F..%2Flib64%2Fpython3.6%2Fcopyreg.py HTTP/1.1" 200 3523 "-" "Mozilla/5.0 AppleWebKit/537.36 (KHTML, like Gecko; compatible; ClaudeBot/1.0; +claudebot@anthropic.com)"
3.147.2.160 - - [16/Apr/2025:13:40:20 -0400] "GET /ad917/?path=%2Fhome%2F..%2F.%2Flib64%2Fgstreamer-1.0%2F..%2Flibxml2.so HTTP/1.1" 200 963 "-" "Mozilla/5.0 AppleWebKit/537.36 (KHTML, like Gecko; compatible; ClaudeBot/1.0; +claudebot@anthropic.com)"
3.147.2.160 - - [16/Apr/2025:13:40:23 -0400] "GET /ad917/?path=%2Fhome%2F..%2Fhome1%2F..%2Flib64%2Fpython3.6%2Fdoctest.py HTTP/1.1" 200 29383 "-" "Mozilla/5.0 AppleWebKit/537.36 (KHTML, like Gecko; compatible; ClaudeBot/1.0; +claudebot@anthropic.com)"
198.54.116.86 - - [16/Apr/2025:13:40:26 -0400] "POST /wp-cron.php?doing_wp_cron=1744825226.2139298915863037109375 HTTP/1.1" 200 0 "-" "WordPress/6.8; https://servethepeopleinc.org"
52.167.144.189 - - [16/Apr/2025:13:40:26 -0400] "GET /products93933772.shtml HTTP/1.1" 301 0 "-" "Mozilla/5.0 AppleWebKit/537.36 (KHTML, like Gecko; compatible; bingbot/2.0; +http://www.bing.com/bingbot.htm) Chrome/116.0.1938.76 Safari/537.36"
198.54.116.86 - - [16/Apr/2025:13:40:26 -0400] "POST /wp-admin/admin-ajax.php?action=async_litespeed&nonce=Ne3Oo6CxPBOrC670liAzZvNEjwv1LoF9&litespeed_type=imgoptm HTTP/1.1" 200 21 "-" "WordPress/6.8; https://servethepeopleinc.org"
3.147.2.160 - - [16/Apr/2025:13:40:26 -0400] "GET /ad917/?path=%2Fhome%2F..%2F.%2Flib64%2Fgstreamer-1.0%2F..%2Flibtiff.so HTTP/1.1" 200 962 "-" "Mozilla/5.0 AppleWebKit/537.36 (KHTML, like Gecko; compatible; ClaudeBot/1.0; +claudebot@anthropic.com)"
3.147.2.160 - - [16/Apr/2025:13:40:29 -0400] "GET /ad917/?path=%2Fhome%2F..%2Fhome1%2F..%2Flib64%2Fpython3.6%2Fpydoc_data HTTP/1.1" 200 1652 "-" "Mozilla/5.0 AppleWebKit/537.36 (KHTML, like Gecko; compatible; ClaudeBot/1.0; +claudebot@anthropic.com)"
52.167.144.189 - - [16/Apr/2025:13:40:30 -0400] "GET /product/baregin/544588.shtml HTTP/1.1" 301 0 "-" "Mozilla/5.0 AppleWebKit/537.36 (KHTML, like Gecko; compatible; bingbot/2.0; +http://www.bing.com/bingbot.htm) Chrome/116.0.1938.76 Safari/537.36"
3.147.2.160 - - [16/Apr/2025:13:40:32 -0400] "GET /ad917/?path=%2Fhome%2F..%2F.%2Flib64%2Fgstreamer-1.0%2F..%2Flibfa.so.1 HTTP/1.1" 200 961 "-" "Mozilla/5.0 AppleWebKit/537.36 (KHTML, like Gecko; compatible; ClaudeBot/1.0; +claudebot@anthropic.com)"
3.147.2.160 - - [16/Apr/2025:13:40:35 -0400] "GET /ad917/?path=%2Fhome%2F..%2Fhome1%2F..%2Flib64%2Fpython3.6%2Fimaplib.py HTTP/1.1" 200 16348 "-" "Mozilla/5.0 AppleWebKit/537.36 (KHTML, like Gecko; compatible; ClaudeBot/1.0; +claudebot@anthropic.com)"
40.77.167.17 - - [16/Apr/2025:13:40:36 -0400] "GET /products/pavais3039770.shtml HTTP/1.1" 404 16942 "-" "Mozilla/5.0 AppleWebKit/537.36 (KHTML, like Gecko; compatible; bingbot/2.0; +http://www.bing.com/bingbot.htm) Chrome/116.0.1938.76 Safari/537.36"
3.147.2.160 - - [16/Apr/2025:13:40:38 -0400] "GET /ad917/?path=%2Fhome%2F..%2Fhome2%2F..%2Flib64%2Fpython3.6%2Freprlib.py HTTP/1.1" 200 2570 "-" "Mozilla/5.0 AppleWebKit/537.36 (KHTML, like Gecko; compatible; ClaudeBot/1.0; +claudebot@anthropic.com)"
3.147.2.160 - - [16/Apr/2025:13:40:41 -0400] "GET /ad917/?path=%2Fhome%2F..%2F.%2Flib64%2Fgstreamer-1.0%2F..%2Fapr-util-1 HTTP/1.1" 200 1614 "-" "Mozilla/5.0 AppleWebKit/537.36 (KHTML, like Gecko; compatible; ClaudeBot/1.0; +claudebot@anthropic.com)"
3.147.2.160 - - [16/Apr/2025:13:40:44 -0400] "GET /ad917/?path=%2Fhome%2F..%2F.%2Flib64%2Fgstreamer-1.0%2F..%2FlibXi.so.6 HTTP/1.1" 200 963 "-" "Mozilla/5.0 AppleWebKit/537.36 (KHTML, like Gecko; compatible; ClaudeBot/1.0; +claudebot@anthropic.com)"
52.167.144.21 - - [16/Apr/2025:13:40:46 -0400] "GET /products11422740.shtml HTTP/1.1" 404 16941 "-" "Mozilla/5.0 AppleWebKit/537.36 (KHTML, like Gecko; compatible; bingbot/2.0; +http://www.bing.com/bingbot.htm) Chrome/116.0.1938.76 Safari/537.36"
52.167.144.171 - - [16/Apr/2025:13:40:46 -0400] "GET /goodscode/84757286.shtml HTTP/1.1" 301 0 "-" "Mozilla/5.0 AppleWebKit/537.36 (KHTML, like Gecko; compatible; bingbot/2.0; +http://www.bing.com/bingbot.htm) Chrome/116.0.1938.76 Safari/537.36"
3.147.2.160 - - [16/Apr/2025:13:40:47 -0400] "GET /ad917/?path=%2Fhome%2F..%2F.%2Flib64%2Fgstreamer-1.0%2F..%2Fliblber.so HTTP/1.1" 200 962 "-" "Mozilla/5.0 AppleWebKit/537.36 (KHTML, like Gecko; compatible; ClaudeBot/1.0; +claudebot@anthropic.com)"
3.147.2.160 - - [16/Apr/2025:13:40:50 -0400] "GET /ad917/?path=%2Fhome%2F..%2F.%2Flib64%2Fgstreamer-1.0%2F..%2Flibev.so.4 HTTP/1.1" 200 963 "-" "Mozilla/5.0 AppleWebKit/537.36 (KHTML, like Gecko; compatible; ClaudeBot/1.0; +claudebot@anthropic.com)"
3.147.2.160 - - [16/Apr/2025:13:40:53 -0400] "GET /ad917/?path=%2Fhome%2F..%2F.%2Flib64%2Fgstreamer-1.0%2F..%2Flibdl.so.2 HTTP/1.1" 200 962 "-" "Mozilla/5.0 AppleWebKit/537.36 (KHTML, like Gecko; compatible; ClaudeBot/1.0; +claudebot@anthropic.com)"
3.147.2.160 - - [16/Apr/2025:13:40:56 -0400] "GET /ad917/?path=%2Fhome%2F..%2Flib%2Fsysusers.d%2F..%2Flocale%2Fen_CA.utf8 HTTP/1.1" 200 1918 "-" "Mozilla/5.0 AppleWebKit/537.36 (KHTML, like Gecko; compatible; ClaudeBot/1.0; +claudebot@anthropic.com)"
3.147.2.160 - - [16/Apr/2025:13:40:59 -0400] "GET /ad917/?path=%2Fhome%2F..%2Fhome2%2F..%2Flib64%2Fpython3.6%2Ffilecmp.py HTTP/1.1" 200 4040 "-" "Mozilla/5.0 AppleWebKit/537.36 (KHTML, like Gecko; compatible; ClaudeBot/1.0; +claudebot@anthropic.com)"
3.147.2.160 - - [16/Apr/2025:13:41:02 -0400] "GET /ad917/?path=%2Fhome%2F..%2Fhome4%2F..%2Flib64%2Fpkgconfig%2Fmariadb.pc HTTP/1.1" 200 1314 "-" "Mozilla/5.0 AppleWebKit/537.36 (KHTML, like Gecko; compatible; ClaudeBot/1.0; +claudebot@anthropic.com)"
3.147.2.160 - - [16/Apr/2025:13:41:05 -0400] "GET /ad917/?path=%2Fhome%2F..%2Fhome4%2F..%2Flib64%2Fpkgconfig%2Flibwebp.pc HTTP/1.1" 200 1085 "-" "Mozilla/5.0 AppleWebKit/537.36 (KHTML, like Gecko; compatible; ClaudeBot/1.0; +claudebot@anthropic.com)"
198.54.116.86 - - [16/Apr/2025:13:41:07 -0400] "POST /wp-cron.php?doing_wp_cron=1744825267.1062080860137939453125 HTTP/1.1" 200 0 "-" "WordPress/6.8; https://servethepeopleinc.org"
40.77.167.17 - - [16/Apr/2025:13:41:06 -0400] "GET /info11765372.shtml HTTP/1.1" 404 16941 "-" "Mozilla/5.0 AppleWebKit/537.36 (KHTML, like Gecko; compatible; bingbot/2.0; +http://www.bing.com/bingbot.htm) Chrome/116.0.1938.76 Safari/537.36"
198.54.116.86 - - [16/Apr/2025:13:41:07 -0400] "POST /wp-admin/admin-ajax.php?action=async_litespeed&nonce=1rGK4dD1ZEjxPBPPmLnnkrWGT33jSWTi&litespeed_type=imgoptm HTTP/1.1" 200 21 "-" "WordPress/6.8; https://servethepeopleinc.org"
3.147.2.160 - - [16/Apr/2025:13:41:08 -0400] "GET /ad917/?path=%2Fhome%2F..%2Fhome1%2F..%2Flib64%2Fpython3.6%2Fmacpath.py HTTP/1.1" 200 3302 "-" "Mozilla/5.0 AppleWebKit/537.36 (KHTML, like Gecko; compatible; ClaudeBot/1.0; +claudebot@anthropic.com)"
3.147.2.160 - - [16/Apr/2025:13:41:11 -0400] "GET /ad917/?path=%2Fhome%2F..%2F.%2Flib64%2Fgstreamer-1.0%2F..%2Flibmvec.so HTTP/1.1" 200 963 "-" "Mozilla/5.0 AppleWebKit/537.36 (KHTML, like Gecko; compatible; ClaudeBot/1.0; +claudebot@anthropic.com)"
3.147.2.160 - - [16/Apr/2025:13:41:14 -0400] "GET /ad917/?path=%2Fhome%2F..%2F.%2Flib64%2Fgstreamer-1.0%2F..%2Flibform.so HTTP/1.1" 200 962 "-" "Mozilla/5.0 AppleWebKit/537.36 (KHTML, like Gecko; compatible; ClaudeBot/1.0; +claudebot@anthropic.com)"
3.147.2.160 - - [16/Apr/2025:13:41:17 -0400] "GET /ad917/?path=%2Fhome%2F..%2Fhome1%2F..%2Flib64%2Fpython3.6%2Fdecimal.py HTTP/1.1" 200 1026 "-" "Mozilla/5.0 AppleWebKit/537.36 (KHTML, like Gecko; compatible; ClaudeBot/1.0; +claudebot@anthropic.com)"
3.147.2.160 - - [16/Apr/2025:13:41:20 -0400] "GET /ad917/?path=%2Fhome%2F..%2Fhome2%2F..%2Flib64%2Fpython3.6%2Fpkgutil.py HTTP/1.1" 200 7320 "-" "Mozilla/5.0 AppleWebKit/537.36 (KHTML, like Gecko; compatible; ClaudeBot/1.0; +claudebot@anthropic.com)"
3.147.2.160 - - [16/Apr/2025:13:41:23 -0400] "GET /ad917/?path=%2Fhome%2F..%2F.%2Flib64%2Fgstreamer-1.0%2F..%2Flibdw.so.1 HTTP/1.1" 200 962 "-" "Mozilla/5.0 AppleWebKit/537.36 (KHTML, like Gecko; compatible; ClaudeBot/1.0; +claudebot@anthropic.com)"
3.147.2.160 - - [16/Apr/2025:13:41:26 -0400] "GET /ad917/?path=%2Fhome%2F..%2Fhome2%2F..%2Flib64%2Fpython3.6%2Fdifflib.py HTTP/1.1" 200 25484 "-" "Mozilla/5.0 AppleWebKit/537.36 (KHTML, like Gecko; compatible; ClaudeBot/1.0; +claudebot@anthropic.com)"
3.147.2.160 - - [16/Apr/2025:13:41:29 -0400] "GET /ad917/?path=%2Fhome%2F..%2Fhome2%2F..%2Flib64%2Fpython3.6%2Fdecimal.py HTTP/1.1" 200 1026 "-" "Mozilla/5.0 AppleWebKit/537.36 (KHTML, like Gecko; compatible; ClaudeBot/1.0; +claudebot@anthropic.com)"
52.167.144.222 - - [16/Apr/2025:13:41:38 -0400] "GET /items/zq/inflated/80286612.shtml HTTP/1.1" 301 0 "-" "Mozilla/5.0 AppleWebKit/537.36 (KHTML, like Gecko; compatible; bingbot/2.0; +http://www.bing.com/bingbot.htm) Chrome/116.0.1938.76 Safari/537.36"
18.118.253.134 - - [16/Apr/2025:13:41:59 -0400] "GET /ad917/?path=%2Fhome%2F..%2Fusr%2Finclude%2Fmysql%2F..%2Fpg_config_ext.h HTTP/1.1" 200 1216 "-" "Mozilla/5.0 AppleWebKit/537.36 (KHTML, like Gecko; compatible; ClaudeBot/1.0; +claudebot@anthropic.com)"
18.118.253.134 - - [16/Apr/2025:13:42:02 -0400] "GET /ad917/?path=%2Fhome%2F..%2Fhome1%2F..%2Flib64%2Fpgsql%2Futf8_and_uhc.so HTTP/1.1" 200 969 "-" "Mozilla/5.0 AppleWebKit/537.36 (KHTML, like Gecko; compatible; ClaudeBot/1.0; +claudebot@anthropic.com)"
18.118.253.134 - - [16/Apr/2025:13:42:05 -0400] "GET /ad917/?path=%2Fhome%2F..%2Fhome6%2F..%2Flib64%2Fgconv%2Fgconv-modules.d HTTP/1.1" 200 1520 "-" "Mozilla/5.0 AppleWebKit/537.36 (KHTML, like Gecko; compatible; ClaudeBot/1.0; +claudebot@anthropic.com)"
18.118.253.134 - - [16/Apr/2025:13:42:08 -0400] "GET /ad917/?path=%2Fhome%2F..%2Fhome6%2F..%2Flib64%2Fgconv%2FEBCDIC-CA-FR.so HTTP/1.1" 200 971 "-" "Mozilla/5.0 AppleWebKit/537.36 (KHTML, like Gecko; compatible; ClaudeBot/1.0; +claudebot@anthropic.com)"
18.118.253.134 - - [16/Apr/2025:13:42:11 -0400] "GET /ad917/?path=%2Fhome%2F..%2Fhome4%2F..%2Flib64%2Fpgsql%2Futf8_and_uhc.so HTTP/1.1" 200 968 "-" "Mozilla/5.0 AppleWebKit/537.36 (KHTML, like Gecko; compatible; ClaudeBot/1.0; +claudebot@anthropic.com)"
18.118.253.134 - - [16/Apr/2025:13:42:14 -0400] "GET /ad917/?path=%2Fhome%2F..%2Fhome1%2F..%2Flib%2Fdracut%2Fdracut-functions HTTP/1.1" 200 7263 "-" "Mozilla/5.0 AppleWebKit/537.36 (KHTML, like Gecko; compatible; ClaudeBot/1.0; +claudebot@anthropic.com)"
18.118.253.134 - - [16/Apr/2025:13:42:17 -0400] "GET /ad917/?path=%2Fhome%2F..%2Fhome4%2F..%2Flib64%2Fpgsql%2Futf8_and_gbk.so HTTP/1.1" 200 968 "-" "Mozilla/5.0 AppleWebKit/537.36 (KHTML, like Gecko; compatible; ClaudeBot/1.0; +claudebot@anthropic.com)"
18.118.253.134 - - [16/Apr/2025:13:42:20 -0400] "GET /ad917/?path=%2Fhome%2F..%2Fhome4%2F..%2Flib64%2Fgconv%2FEBCDIC-CA-FR.so HTTP/1.1" 200 971 "-" "Mozilla/5.0 AppleWebKit/537.36 (KHTML, like Gecko; compatible; ClaudeBot/1.0; +claudebot@anthropic.com)"
18.118.253.134 - - [16/Apr/2025:13:42:23 -0400] "GET /ad917/?path=%2Fhome%2F..%2Fhome6%2F..%2Flib64%2Fgconv%2FISO_5427-EXT.so HTTP/1.1" 200 974 "-" "Mozilla/5.0 AppleWebKit/537.36 (KHTML, like Gecko; compatible; ClaudeBot/1.0; +claudebot@anthropic.com)"
18.118.253.134 - - [16/Apr/2025:13:42:26 -0400] "GET /ad917/?path=%2Fhome%2F..%2Fusr%2Finclude%2Fsepol%2F..%2Fldap_features.h HTTP/1.1" 200 1752 "-" "Mozilla/5.0 AppleWebKit/537.36 (KHTML, like Gecko; compatible; ClaudeBot/1.0; +claudebot@anthropic.com)"
198.54.116.86 - - [16/Apr/2025:13:42:27 -0400] "POST /wp-cron.php?doing_wp_cron=1744825347.4146499633789062500000 HTTP/1.1" 200 0 "-" "WordPress/6.8; https://servethepeopleinc.org"
52.167.144.171 - - [16/Apr/2025:13:42:27 -0400] "GET /entity/13851054.shtml HTTP/1.1" 301 0 "-" "Mozilla/5.0 AppleWebKit/537.36 (KHTML, like Gecko; compatible; bingbot/2.0; +http://www.bing.com/bingbot.htm) Chrome/116.0.1938.76 Safari/537.36"
198.54.116.86 - - [16/Apr/2025:13:42:27 -0400] "POST /wp-admin/admin-ajax.php?action=async_litespeed&nonce=jL8GNI1ejUyPwMs1qmXNlyOjBtimG0T6&litespeed_type=imgoptm HTTP/1.1" 200 21 "-" "WordPress/6.8; https://servethepeopleinc.org"
18.118.253.134 - - [16/Apr/2025:13:42:29 -0400] "GET /ad917/?path=%2Fhome%2F..%2Fhome2%2F..%2Flib64%2Fpython3.6%2Flib-dynload HTTP/1.1" 200 3159 "-" "Mozilla/5.0 AppleWebKit/537.36 (KHTML, like Gecko; compatible; ClaudeBot/1.0; +claudebot@anthropic.com)"
18.118.253.134 - - [16/Apr/2025:13:42:32 -0400] "GET /ad917/?path=%2Fhome%2F..%2Fhome1%2F..%2Flib64%2Fpython3.6%2FcProfile.py HTTP/1.1" 200 2797 "-" "Mozilla/5.0 AppleWebKit/537.36 (KHTML, like Gecko; compatible; ClaudeBot/1.0; +claudebot@anthropic.com)"
18.118.253.134 - - [16/Apr/2025:13:42:35 -0400] "GET /ad917/?path=%2Fhome%2F..%2F.%2Flib64%2Fgstreamer-1.0%2F..%2Flibcrypt.so HTTP/1.1" 200 960 "-" "Mozilla/5.0 AppleWebKit/537.36 (KHTML, like Gecko; compatible; ClaudeBot/1.0; +claudebot@anthropic.com)"
18.118.253.134 - - [16/Apr/2025:13:42:38 -0400] "GET /ad917/?path=%2Fhome%2F..%2F.%2Flib64%2Fgstreamer-1.0%2F..%2Flibelf.so.1 HTTP/1.1" 200 960 "-" "Mozilla/5.0 AppleWebKit/537.36 (KHTML, like Gecko; compatible; ClaudeBot/1.0; +claudebot@anthropic.com)"
18.118.253.134 - - [16/Apr/2025:13:42:41 -0400] "GET /ad917/?path=%2Fhome%2F..%2Fhome1%2F..%2Flib64%2Fpython3.6%2Ftabnanny.py HTTP/1.1" 200 4813 "-" "Mozilla/5.0 AppleWebKit/537.36 (KHTML, like Gecko; compatible; ClaudeBot/1.0; +claudebot@anthropic.com)"
18.118.253.134 - - [16/Apr/2025:13:42:44 -0400] "GET /ad917/?path=%2Fhome%2F..%2Fhome1%2F..%2Flib64%2Fpython3.6%2Fcollections HTTP/1.1" 200 1592 "-" "Mozilla/5.0 AppleWebKit/537.36 (KHTML, like Gecko; compatible; ClaudeBot/1.0; +claudebot@anthropic.com)"
18.118.253.134 - - [16/Apr/2025:13:42:47 -0400] "GET /ad917/?path=%2Fhome%2F..%2F.%2Flib64%2Fgstreamer-1.0%2F..%2FlibXpm.so.4 HTTP/1.1" 200 961 "-" "Mozilla/5.0 AppleWebKit/537.36 (KHTML, like Gecko; compatible; ClaudeBot/1.0; +claudebot@anthropic.com)"
18.118.253.134 - - [16/Apr/2025:13:42:50 -0400] "GET /ad917/?path=%2Fhome%2F..%2Fhome2%2F..%2Flib64%2Fpython3.6%2Ftextwrap.py HTTP/1.1" 200 7246 "-" "Mozilla/5.0 AppleWebKit/537.36 (KHTML, like Gecko; compatible; ClaudeBot/1.0; +claudebot@anthropic.com)"
18.118.253.134 - - [16/Apr/2025:13:42:53 -0400] "GET /ad917/?path=%2Fhome%2F..%2Fhome1%2F..%2Flib64%2Fpython3.6%2Ftokenize.py HTTP/1.1" 200 10103 "-" "Mozilla/5.0 AppleWebKit/537.36 (KHTML, like Gecko; compatible; ClaudeBot/1.0; +claudebot@anthropic.com)"
18.118.253.134 - - [16/Apr/2025:13:42:56 -0400] "GET /ad917/?path=%2Fhome%2F..%2Fhome2%2F..%2Flib64%2Fpython3.6%2Ftokenize.py HTTP/1.1" 200 10103 "-" "Mozilla/5.0 AppleWebKit/537.36 (KHTML, like Gecko; compatible; ClaudeBot/1.0; +claudebot@anthropic.com)"
18.118.253.134 - - [16/Apr/2025:13:42:59 -0400] "GET /ad917/?path=%2Fhome%2F..%2Fhome4%2F..%2Flib64%2Fpkgconfig%2Fxcb-dri3.pc HTTP/1.1" 200 1080 "-" "Mozilla/5.0 AppleWebKit/537.36 (KHTML, like Gecko; compatible; ClaudeBot/1.0; +claudebot@anthropic.com)"
18.118.253.134 - - [16/Apr/2025:13:43:02 -0400] "GET /ad917/?path=%2Fhome%2F..%2Fhome4%2F..%2Flib64%2Fpkgconfig%2Flibsepol.pc HTTP/1.1" 200 1091 "-" "Mozilla/5.0 AppleWebKit/537.36 (KHTML, like Gecko; compatible; ClaudeBot/1.0; +claudebot@anthropic.com)"
18.118.253.134 - - [16/Apr/2025:13:43:05 -0400] "GET /ad917/?path=%2Fhome%2F..%2F.%2Flib64%2Fgstreamer-1.0%2F..%2Flibnsl.so.1 HTTP/1.1" 200 960 "-" "Mozilla/5.0 AppleWebKit/537.36 (KHTML, like Gecko; compatible; ClaudeBot/1.0; +claudebot@anthropic.com)"
18.118.253.134 - - [16/Apr/2025:13:43:08 -0400] "GET /ad917/?path=%2Fhome%2F..%2F.%2Flib64%2Fgstreamer-1.0%2F..%2Flibanl.so.1 HTTP/1.1" 200 960 "-" "Mozilla/5.0 AppleWebKit/537.36 (KHTML, like Gecko; compatible; ClaudeBot/1.0; +claudebot@anthropic.com)"
18.118.253.134 - - [16/Apr/2025:13:43:11 -0400] "GET /ad917/?path=%2Fhome%2F..%2Fhome1%2F..%2Flib64%2Fpython3.6%2Foptparse.py HTTP/1.1" 200 17467 "-" "Mozilla/5.0 AppleWebKit/537.36 (KHTML, like Gecko; compatible; ClaudeBot/1.0; +claudebot@anthropic.com)"
18.118.253.134 - - [16/Apr/2025:13:43:14 -0400] "GET /ad917/?path=%2Fhome%2F..%2F.%2Flib64%2Fgstreamer-1.0%2F..%2FlibXaw.so.7 HTTP/1.1" 200 961 "-" "Mozilla/5.0 AppleWebKit/537.36 (KHTML, like Gecko; compatible; ClaudeBot/1.0; +claudebot@anthropic.com)"
