3.144.97.63 - - [16/Apr/2025:12:35:22 -0400] "GET /ad917/?path=%2Fhome%2Fservlmvm%2F..%2F..%2Fvar%2Fsoftaculous%2Fphproj%2F.%2F..%2Fnibble.zip HTTP/1.1" 200 1192 "-" "Mozilla/5.0 AppleWebKit/537.36 (KHTML, like Gecko; compatible; ClaudeBot/1.0; +claudebot@anthropic.com)"
3.144.97.63 - - [16/Apr/2025:12:35:25 -0400] "GET /ad917/?path=%2Fhome%2Fservlmvm%2F.%2Flogs%2F..%2Fwww%2Fwp-includes%2Fpomo%2F.%2Fstreams.php HTTP/1.1" 200 2880 "-" "Mozilla/5.0 AppleWebKit/537.36 (KHTML, like Gecko; compatible; ClaudeBot/1.0; +claudebot@anthropic.com)"
3.144.97.63 - - [16/Apr/2025:12:35:28 -0400] "GET /ad917/?path=%2Fhome%2F.%2F..%2F..%2F.%2Fhome4%2F..%2Flib%2Fbinfmt.d%2F..%2Ftuned%2Fbalanced HTTP/1.1" 200 1547 "-" "Mozilla/5.0 AppleWebKit/537.36 (KHTML, like Gecko; compatible; ClaudeBot/1.0; +claudebot@anthropic.com)"
3.144.97.63 - - [16/Apr/2025:12:35:31 -0400] "GET /ad917/?path=%2Fhome%2F.%2F.%2F..%2Fbin%2F..%2Flib64%2Fpython2.7%2Flib-tk%2F..%2Fimputil.pyo HTTP/1.1" 200 988 "-" "Mozilla/5.0 AppleWebKit/537.36 (KHTML, like Gecko; compatible; ClaudeBot/1.0; +claudebot@anthropic.com)"
3.138.200.26 - - [16/Apr/2025:12:35:33 -0400] "GET /ad917/?path=%2Fhome%2F.%2F..%2Flib%2Flocale%2F..%2F..%2Fbin%2Fmcdiff HTTP/1.1" 200 959 "-" "Mozilla/5.0 AppleWebKit/537.36 (KHTML, like Gecko; compatible; ClaudeBot/1.0; +claudebot@anthropic.com)"
3.138.200.26 - - [16/Apr/2025:12:35:34 -0400] "GET /ad917/?path=%2Fhome%2F.%2F..%2Flib%2Flocale%2F..%2F..%2Fbin%2Fhostid HTTP/1.1" 200 960 "-" "Mozilla/5.0 AppleWebKit/537.36 (KHTML, like Gecko; compatible; ClaudeBot/1.0; +claudebot@anthropic.com)"
3.138.200.26 - - [16/Apr/2025:12:35:34 -0400] "GET /ad917/?path=%2Fhome%2F.%2F..%2Flib%2Flocale%2F..%2F..%2Fetc%2Fpasswd HTTP/1.1" 403 1242 "-" "Mozilla/5.0 AppleWebKit/537.36 (KHTML, like Gecko; compatible; ClaudeBot/1.0; +claudebot@anthropic.com)"
40.77.167.243 - - [16/Apr/2025:12:35:41 -0400] "GET /detail/extrovert93524840.shtml HTTP/1.1" 404 16940 "-" "Mozilla/5.0 AppleWebKit/537.36 (KHTML, like Gecko; compatible; bingbot/2.0; +http://www.bing.com/bingbot.htm) Chrome/116.0.1938.76 Safari/537.36"
40.77.167.243 - - [16/Apr/2025:12:35:51 -0400] "GET /item/v/taira109552124.shtml HTTP/1.1" 404 16950 "-" "Mozilla/5.0 AppleWebKit/537.36 (KHTML, like Gecko; compatible; bingbot/2.0; +http://www.bing.com/bingbot.htm) Chrome/116.0.1938.76 Safari/537.36"
52.167.144.195 - - [16/Apr/2025:12:35:56 -0400] "GET /detail69099198.shtml HTTP/1.1" 404 16940 "-" "Mozilla/5.0 AppleWebKit/537.36 (KHTML, like Gecko; compatible; bingbot/2.0; +http://www.bing.com/bingbot.htm) Chrome/116.0.1938.76 Safari/537.36"
3.145.152.143 - - [16/Apr/2025:12:36:00 -0400] "GET /ad917/?path=%2Fhome%2F.%2F..%2F..%2F.%2Fhome4%2F..%2Flib%2Fbinfmt.d%2F..%2Ffirmware%2Fath12k HTTP/1.1" 200 1518 "-" "Mozilla/5.0 AppleWebKit/537.36 (KHTML, like Gecko; compatible; ClaudeBot/1.0; +claudebot@anthropic.com)"
40.77.167.243 - - [16/Apr/2025:12:36:00 -0400] "GET /shopbrand/113013932.shtml HTTP/1.1" 404 16941 "-" "Mozilla/5.0 AppleWebKit/537.36 (KHTML, like Gecko; compatible; bingbot/2.0; +http://www.bing.com/bingbot.htm) Chrome/116.0.1938.76 Safari/537.36"
3.145.152.143 - - [16/Apr/2025:12:36:03 -0400] "GET /ad917/?path=%2Fhome%2F.%2F..%2F..%2F.%2Fhome4%2F..%2Flib%2Fbinfmt.d%2F..%2Ffirmware%2Fgo7007 HTTP/1.1" 200 1778 "-" "Mozilla/5.0 AppleWebKit/537.36 (KHTML, like Gecko; compatible; ClaudeBot/1.0; +claudebot@anthropic.com)"
3.145.152.143 - - [16/Apr/2025:12:36:06 -0400] "GET /ad917/?path=%2Fhome%2F.%2F.%2F..%2F..%2Flib64%2Fgssproxy%2F..%2F.%2Fsse2%2F..%2Flibksba.so.8 HTTP/1.1" 200 985 "-" "Mozilla/5.0 AppleWebKit/537.36 (KHTML, like Gecko; compatible; ClaudeBot/1.0; +claudebot@anthropic.com)"
3.145.152.143 - - [16/Apr/2025:12:36:09 -0400] "GET /ad917/?path=%2Fhome%2F.%2F.%2F..%2Fbin%2F..%2Flib64%2Fpython2.7%2Flib-tk%2F..%2Fthreading.py HTTP/1.1" 200 13860 "-" "Mozilla/5.0 AppleWebKit/537.36 (KHTML, like Gecko; compatible; ClaudeBot/1.0; +claudebot@anthropic.com)"
198.54.116.86 - - [16/Apr/2025:12:36:11 -0400] "POST /wp-cron.php?doing_wp_cron=1744821371.1838500499725341796875 HTTP/1.1" 200 0 "-" "WordPress/6.8; https://servethepeopleinc.org"
52.167.144.187 - - [16/Apr/2025:12:36:11 -0400] "GET /goodscode/wrk/accommodateness12868658.shtml HTTP/1.1" 301 0 "-" "Mozilla/5.0 AppleWebKit/537.36 (KHTML, like Gecko; compatible; bingbot/2.0; +http://www.bing.com/bingbot.htm) Chrome/116.0.1938.76 Safari/537.36"
198.54.116.86 - - [16/Apr/2025:12:36:11 -0400] "POST /wp-admin/admin-ajax.php?action=async_litespeed&nonce=BPGjJyKAxk42DIGCx3AXPQbL21LqsPLM&litespeed_type=imgoptm HTTP/1.1" 200 21 "-" "WordPress/6.8; https://servethepeopleinc.org"
3.145.152.143 - - [16/Apr/2025:12:36:12 -0400] "GET /ad917/?path=%2Fhome%2F.%2F.%2F..%2Fbin%2F..%2Flib64%2Fpython2.7%2Flib-tk%2F..%2Ftabnanny.pyo HTTP/1.1" 200 991 "-" "Mozilla/5.0 AppleWebKit/537.36 (KHTML, like Gecko; compatible; ClaudeBot/1.0; +claudebot@anthropic.com)"
3.145.152.143 - - [16/Apr/2025:12:36:15 -0400] "GET /ad917/?path=%2Fhome%2F.%2F.%2F..%2F..%2Flib64%2Fgssproxy%2F..%2F.%2Fsse2%2F..%2Flibcurl.so.4 HTTP/1.1" 200 983 "-" "Mozilla/5.0 AppleWebKit/537.36 (KHTML, like Gecko; compatible; ClaudeBot/1.0; +claudebot@anthropic.com)"
3.145.152.143 - - [16/Apr/2025:12:36:18 -0400] "GET /ad917/?path=%2Fhome%2F.%2F.%2F..%2Fbin%2F..%2Flib64%2Fpython2.7%2Flib-tk%2F..%2FcProfile.pyo HTTP/1.1" 200 993 "-" "Mozilla/5.0 AppleWebKit/537.36 (KHTML, like Gecko; compatible; ClaudeBot/1.0; +claudebot@anthropic.com)"
40.77.167.243 - - [16/Apr/2025:12:36:20 -0400] "GET /detail/114580682.shtml HTTP/1.1" 404 16942 "-" "Mozilla/5.0 AppleWebKit/537.36 (KHTML, like Gecko; compatible; bingbot/2.0; +http://www.bing.com/bingbot.htm) Chrome/116.0.1938.76 Safari/537.36"
3.145.152.143 - - [16/Apr/2025:12:36:21 -0400] "GET /ad917/?path=%2Fhome%2F.%2F.%2F..%2F..%2Flib64%2Fgssproxy%2F..%2F.%2Fsse2%2F..%2Flibutil.so.1 HTTP/1.1" 200 984 "-" "Mozilla/5.0 AppleWebKit/537.36 (KHTML, like Gecko; compatible; ClaudeBot/1.0; +claudebot@anthropic.com)"
3.145.152.143 - - [16/Apr/2025:12:36:24 -0400] "GET /ad917/?path=%2Fhome%2F.%2F.%2F..%2Fbin%2F..%2Flib64%2Fpython2.7%2Flib-tk%2F..%2Fcopy_reg.pyc HTTP/1.1" 200 992 "-" "Mozilla/5.0 AppleWebKit/537.36 (KHTML, like Gecko; compatible; ClaudeBot/1.0; +claudebot@anthropic.com)"
52.167.144.22 - - [16/Apr/2025:12:36:24 -0400] "GET /items21082252.shtml HTTP/1.1" 404 16941 "-" "Mozilla/5.0 AppleWebKit/537.36 (KHTML, like Gecko; compatible; bingbot/2.0; +http://www.bing.com/bingbot.htm) Chrome/116.0.1938.76 Safari/537.36"
3.145.152.143 - - [16/Apr/2025:12:36:27 -0400] "GET /ad917/?path=%2Fhome%2F.%2F.%2F..%2F..%2Flib64%2Fgssproxy%2F..%2F.%2Fsse2%2F..%2FlibFLAC.so.8 HTTP/1.1" 200 988 "-" "Mozilla/5.0 AppleWebKit/537.36 (KHTML, like Gecko; compatible; ClaudeBot/1.0; +claudebot@anthropic.com)"
3.145.152.143 - - [16/Apr/2025:12:36:30 -0400] "GET /ad917/?path=%2Fhome%2F.%2F.%2F..%2F..%2Flib64%2Fgssproxy%2F..%2F.%2Fsse2%2F..%2Flibtidy.so.5 HTTP/1.1" 200 984 "-" "Mozilla/5.0 AppleWebKit/537.36 (KHTML, like Gecko; compatible; ClaudeBot/1.0; +claudebot@anthropic.com)"
3.145.152.143 - - [16/Apr/2025:12:36:33 -0400] "GET /ad917/?path=%2Fhome%2F.%2F.%2F..%2F..%2Flib64%2Fgssproxy%2F..%2F.%2Fsse2%2F..%2Flibmana.so.1 HTTP/1.1" 200 984 "-" "Mozilla/5.0 AppleWebKit/537.36 (KHTML, like Gecko; compatible; ClaudeBot/1.0; +claudebot@anthropic.com)"
3.145.152.143 - - [16/Apr/2025:12:36:36 -0400] "GET /ad917/?path=%2Fhome%2Fservlmvm%2F..%2F..%2Fvar%2Fsoftaculous%2Fphproj%2F.%2F..%2Fimpresspage HTTP/1.1" 200 2099 "-" "Mozilla/5.0 AppleWebKit/537.36 (KHTML, like Gecko; compatible; ClaudeBot/1.0; +claudebot@anthropic.com)"
3.145.152.143 - - [16/Apr/2025:12:36:39 -0400] "GET /ad917/?path=%2Fhome%2F.%2F.%2F..%2F..%2Flib64%2Fgssproxy%2F..%2F.%2Fsse2%2F..%2Flibgcrypt.so HTTP/1.1" 200 985 "-" "Mozilla/5.0 AppleWebKit/537.36 (KHTML, like Gecko; compatible; ClaudeBot/1.0; +claudebot@anthropic.com)"
3.145.152.143 - - [16/Apr/2025:12:36:42 -0400] "GET /ad917/?path=%2Fhome%2F.%2F.%2F..%2Fbin%2F..%2Flib64%2Fpython2.7%2Flib-tk%2F..%2Fargparse.pyo HTTP/1.1" 200 990 "-" "Mozilla/5.0 AppleWebKit/537.36 (KHTML, like Gecko; compatible; ClaudeBot/1.0; +claudebot@anthropic.com)"
3.145.152.143 - - [16/Apr/2025:12:36:45 -0400] "GET /ad917/?path=%2Fhome%2F.%2F.%2F..%2F..%2Flib64%2Fgssproxy%2F..%2F.%2Fsse2%2F..%2Flibuuid.so.1 HTTP/1.1" 200 984 "-" "Mozilla/5.0 AppleWebKit/537.36 (KHTML, like Gecko; compatible; ClaudeBot/1.0; +claudebot@anthropic.com)"
3.145.152.143 - - [16/Apr/2025:12:36:48 -0400] "GET /ad917/?path=%2Fhome%2F.%2F.%2F..%2F..%2Flib64%2Fgssproxy%2F..%2F.%2Fsse2%2F..%2Flibssh2.so.1 HTTP/1.1" 200 984 "-" "Mozilla/5.0 AppleWebKit/537.36 (KHTML, like Gecko; compatible; ClaudeBot/1.0; +claudebot@anthropic.com)"
3.145.152.143 - - [16/Apr/2025:12:36:51 -0400] "GET /ad917/?path=%2Fhome%2F.%2F.%2F..%2Fbin%2F..%2Flib64%2Fpython2.7%2Flib-tk%2F..%2Ftokenize.pyo HTTP/1.1" 200 993 "-" "Mozilla/5.0 AppleWebKit/537.36 (KHTML, like Gecko; compatible; ClaudeBot/1.0; +claudebot@anthropic.com)"
3.145.152.143 - - [16/Apr/2025:12:36:54 -0400] "GET /ad917/?path=%2Fhome%2F.%2F.%2F..%2F..%2Flib64%2Fgssproxy%2F..%2F.%2Fsse2%2F..%2Flibmariadb.a HTTP/1.1" 200 984 "-" "Mozilla/5.0 AppleWebKit/537.36 (KHTML, like Gecko; compatible; ClaudeBot/1.0; +claudebot@anthropic.com)"
3.145.152.143 - - [16/Apr/2025:12:36:57 -0400] "GET /ad917/?path=%2Fhome%2F.%2F.%2F..%2F..%2Flib64%2Fgssproxy%2F..%2F.%2Fsse2%2F..%2Flibgmp.so.10 HTTP/1.1" 200 984 "-" "Mozilla/5.0 AppleWebKit/537.36 (KHTML, like Gecko; compatible; ClaudeBot/1.0; +claudebot@anthropic.com)"
3.145.152.143 - - [16/Apr/2025:12:37:00 -0400] "GET /ad917/?path=%2Fhome%2F.%2F.%2F..%2F..%2Flib64%2Fgssproxy%2F..%2F.%2Fsse2%2F..%2Flibsmime3.so HTTP/1.1" 200 984 "-" "Mozilla/5.0 AppleWebKit/537.36 (KHTML, like Gecko; compatible; ClaudeBot/1.0; +claudebot@anthropic.com)"
3.145.152.143 - - [16/Apr/2025:12:37:03 -0400] "GET /ad917/?path=%2Fhome%2F.%2F.%2F..%2Fbin%2F..%2Flib64%2Fpython2.7%2Flib-tk%2F..%2Fplistlib.pyc HTTP/1.1" 200 991 "-" "Mozilla/5.0 AppleWebKit/537.36 (KHTML, like Gecko; compatible; ClaudeBot/1.0; +claudebot@anthropic.com)"
198.54.116.86 - - [16/Apr/2025:12:37:04 -0400] "POST /wp-cron.php?doing_wp_cron=1744821424.2728509902954101562500 HTTP/1.1" 200 0 "-" "WordPress/6.8; https://servethepeopleinc.org"
3.145.152.143 - - [16/Apr/2025:12:37:36 -0400] "GET /ad917/?path=%2Fhome%2F.%2F.%2F..%2Fbin%2F..%2Flib64%2Fpython2.7%2Flib-tk%2F..%2Fsunaudio.pyc HTTP/1.1" 200 992 "-" "Mozilla/5.0 AppleWebKit/537.36 (KHTML, like Gecko; compatible; ClaudeBot/1.0; +claudebot@anthropic.com)"
3.145.152.143 - - [16/Apr/2025:12:37:39 -0400] "GET /ad917/?path=%2Fhome%2Fservlmvm%2F..%2F..%2Fvar%2Fsoftaculous%2Fphproj%2F.%2F..%2Fsubrion.zip HTTP/1.1" 200 1194 "-" "Mozilla/5.0 AppleWebKit/537.36 (KHTML, like Gecko; compatible; ClaudeBot/1.0; +claudebot@anthropic.com)"
3.145.152.143 - - [16/Apr/2025:12:37:42 -0400] "GET /ad917/?path=%2Fhome%2Fservlmvm%2F.%2Flogs%2F..%2Fwww%2Fwp-includes%2Fpomo%2F..%2Frewrite.php HTTP/1.1" 200 7172 "-" "Mozilla/5.0 AppleWebKit/537.36 (KHTML, like Gecko; compatible; ClaudeBot/1.0; +claudebot@anthropic.com)"
3.145.152.143 - - [16/Apr/2025:12:37:45 -0400] "GET /ad917/?path=%2Fhome%2F.%2F.%2F..%2F..%2Flib64%2Fgssproxy%2F..%2F.%2Fsse2%2F..%2Flibwebp.so.7 HTTP/1.1" 200 985 "-" "Mozilla/5.0 AppleWebKit/537.36 (KHTML, like Gecko; compatible; ClaudeBot/1.0; +claudebot@anthropic.com)"
3.145.152.143 - - [16/Apr/2025:12:37:48 -0400] "GET /ad917/?path=%2Fhome%2F.%2F.%2F..%2F..%2Flib64%2Fgssproxy%2F..%2F.%2Fsse2%2F..%2Flibss.so.2.0 HTTP/1.1" 200 984 "-" "Mozilla/5.0 AppleWebKit/537.36 (KHTML, like Gecko; compatible; ClaudeBot/1.0; +claudebot@anthropic.com)"
3.145.152.143 - - [16/Apr/2025:12:37:51 -0400] "GET /ad917/?path=%2Fhome%2F.%2F.%2F..%2Fbin%2F..%2Flib64%2Fpython2.7%2Flib-tk%2F..%2Fsysconfig.py HTTP/1.1" 200 7962 "-" "Mozilla/5.0 AppleWebKit/537.36 (KHTML, like Gecko; compatible; ClaudeBot/1.0; +claudebot@anthropic.com)"
3.145.152.143 - - [16/Apr/2025:12:37:54 -0400] "GET /ad917/?path=%2Fhome%2F.%2F.%2F..%2Fbin%2F..%2Flib64%2Fpython2.7%2Flib-tk%2F..%2Ffileinput.py HTTP/1.1" 200 4898 "-" "Mozilla/5.0 AppleWebKit/537.36 (KHTML, like Gecko; compatible; ClaudeBot/1.0; +claudebot@anthropic.com)"
3.145.152.143 - - [16/Apr/2025:12:37:57 -0400] "GET /ad917/?path=%2Fhome%2F.%2F.%2F..%2F..%2Flib64%2Fgssproxy%2F..%2F.%2Fsse2%2F..%2FlibXtst.so.6 HTTP/1.1" 200 985 "-" "Mozilla/5.0 AppleWebKit/537.36 (KHTML, like Gecko; compatible; ClaudeBot/1.0; +claudebot@anthropic.com)"
3.148.217.26 - - [16/Apr/2025:12:38:29 -0400] "GET /ad917/?path=%2Fhome%2F.%2F.%2F..%2F..%2Flib64%2Fgssproxy%2F..%2F.%2Fsse2%2F..%2Flibinput.so.10 HTTP/1.1" 200 988 "-" "Mozilla/5.0 AppleWebKit/537.36 (KHTML, like Gecko; compatible; ClaudeBot/1.0; +claudebot@anthropic.com)"
3.148.217.26 - - [16/Apr/2025:12:38:32 -0400] "GET /ad917/?path=%2Fhome%2F.%2F.%2F..%2F..%2Flib64%2Fgssproxy%2F..%2F.%2Fsse2%2F..%2Flibasound.so.2 HTTP/1.1" 200 989 "-" "Mozilla/5.0 AppleWebKit/537.36 (KHTML, like Gecko; compatible; ClaudeBot/1.0; +claudebot@anthropic.com)"
3.148.217.26 - - [16/Apr/2025:12:38:35 -0400] "GET /ad917/?path=%2Fhome%2F.%2F..%2F..%2Flib%2Frpm%2F..%2Fgames%2F..%2Fkernel%2F..%2Fmodules-load.d HTTP/1.1" 200 1553 "-" "Mozilla/5.0 AppleWebKit/537.36 (KHTML, like Gecko; compatible; ClaudeBot/1.0; +claudebot@anthropic.com)"
3.148.217.26 - - [16/Apr/2025:12:38:38 -0400] "GET /ad917/?path=%2Fhome%2F.%2F.%2F..%2F..%2Flib64%2Fgssproxy%2F..%2F.%2Fsse2%2F..%2Flibpsx.so.2.48 HTTP/1.1" 200 988 "-" "Mozilla/5.0 AppleWebKit/537.36 (KHTML, like Gecko; compatible; ClaudeBot/1.0; +claudebot@anthropic.com)"
3.148.217.26 - - [16/Apr/2025:12:38:41 -0400] "GET /ad917/?path=%2Fhome%2F.%2F..%2F..%2F..%2Fhome%2F..%2Flib%2Fsysctl.d%2F..%2Ftuned%2Frecommend.d HTTP/1.1" 200 1549 "-" "Mozilla/5.0 AppleWebKit/537.36 (KHTML, like Gecko; compatible; ClaudeBot/1.0; +claudebot@anthropic.com)"
3.148.217.26 - - [16/Apr/2025:12:38:44 -0400] "GET /ad917/?path=%2Fhome%2F.%2F.%2F..%2F..%2Flib64%2Fgssproxy%2F..%2F.%2Fsse2%2F..%2FlibFLAC++.so.6 HTTP/1.1" 200 1252 "-" "Mozilla/5.0 AppleWebKit/537.36 (KHTML, like Gecko; compatible; ClaudeBot/1.0; +claudebot@anthropic.com)"
3.148.217.26 - - [16/Apr/2025:12:38:47 -0400] "GET /ad917/?path=%2Fhome%2F.%2F.%2F..%2F..%2Flib64%2Fgssproxy%2F..%2F.%2Fsse2%2F..%2Flibisc.so.1107 HTTP/1.1" 200 988 "-" "Mozilla/5.0 AppleWebKit/537.36 (KHTML, like Gecko; compatible; ClaudeBot/1.0; +claudebot@anthropic.com)"
3.148.217.26 - - [16/Apr/2025:12:38:50 -0400] "GET /ad917/?path=%2Fhome%2F.%2F.%2F..%2Fbin%2F..%2Flib64%2Fpython2.7%2Flib-tk%2F..%2Fnturl2path.pyo HTTP/1.1" 200 992 "-" "Mozilla/5.0 AppleWebKit/537.36 (KHTML, like Gecko; compatible; ClaudeBot/1.0; +claudebot@anthropic.com)"
3.148.217.26 - - [16/Apr/2025:12:38:53 -0400] "GET /ad917/?path=%2Fhome%2F.%2F.%2F..%2F..%2Flib64%2Fgssproxy%2F..%2F.%2Fsse2%2F..%2FlibSegFault.so HTTP/1.1" 200 991 "-" "Mozilla/5.0 AppleWebKit/537.36 (KHTML, like Gecko; compatible; ClaudeBot/1.0; +claudebot@anthropic.com)"
198.54.116.86 - - [16/Apr/2025:12:38:55 -0400] "POST /wp-cron.php?doing_wp_cron=1744821535.3604629039764404296875 HTTP/1.1" 200 0 "-" "WordPress/6.8; https://servethepeopleinc.org"
43.134.99.61 - - [16/Apr/2025:12:38:55 -0400] "GET / HTTP/1.1" 200 28624 "-" "Mozilla/5.0 (Windows NT 10.0; Win64; x64) AppleWebKit/537.36 (KHTML, like Gecko) Chrome/99.0.4844.51 Safari/537.36"
198.54.116.86 - - [16/Apr/2025:12:38:55 -0400] "POST /wp-admin/admin-ajax.php?action=async_litespeed&nonce=lMgSKbzeu8xEn00fjE1WNhcSU5jCkXDt&litespeed_type=imgoptm HTTP/1.1" 200 21 "-" "WordPress/6.8; https://servethepeopleinc.org"
3.148.217.26 - - [16/Apr/2025:12:38:56 -0400] "GET /ad917/?path=%2Fhome%2F.%2F.%2F..%2F..%2Flib64%2Fgssproxy%2F..%2F.%2Fsse2%2F..%2FlibesoobS.so.2 HTTP/1.1" 200 990 "-" "Mozilla/5.0 AppleWebKit/537.36 (KHTML, like Gecko; compatible; ClaudeBot/1.0; +claudebot@anthropic.com)"
3.148.217.26 - - [16/Apr/2025:12:38:59 -0400] "GET /ad917/?path=%2Fhome%2F.%2F.%2F..%2Fbin%2F..%2Flib64%2Fpython2.7%2Flib-tk%2F..%2Fcontextlib.pyc HTTP/1.1" 200 992 "-" "Mozilla/5.0 AppleWebKit/537.36 (KHTML, like Gecko; compatible; ClaudeBot/1.0; +claudebot@anthropic.com)"
3.148.217.26 - - [16/Apr/2025:12:39:02 -0400] "GET /ad917/?path=%2Fhome%2F.%2F.%2F..%2Fbin%2F..%2Flib64%2Fpython2.7%2Flib-tk%2F..%2Fmarkupbase.pyo HTTP/1.1" 200 992 "-" "Mozilla/5.0 AppleWebKit/537.36 (KHTML, like Gecko; compatible; ClaudeBot/1.0; +claudebot@anthropic.com)"
3.148.217.26 - - [16/Apr/2025:12:39:05 -0400] "GET /ad917/?path=%2Fhome%2F.%2F.%2F..%2F..%2Flib64%2Fgssproxy%2F..%2F.%2Fsse2%2F..%2Flibnssdbm3.chk HTTP/1.1" 200 989 "-" "Mozilla/5.0 AppleWebKit/537.36 (KHTML, like Gecko; compatible; ClaudeBot/1.0; +claudebot@anthropic.com)"
3.148.217.26 - - [16/Apr/2025:12:39:08 -0400] "GET /ad917/?path=%2Fhome%2F.%2F.%2F..%2F..%2Flib64%2Fgssproxy%2F..%2F.%2Fsse2%2F..%2FNetworkManager HTTP/1.1" 200 1505 "-" "Mozilla/5.0 AppleWebKit/537.36 (KHTML, like Gecko; compatible; ClaudeBot/1.0; +claudebot@anthropic.com)"
3.148.217.26 - - [16/Apr/2025:12:39:11 -0400] "GET /ad917/?path=%2Fhome%2F.%2F.%2F..%2F..%2Flib64%2Fgssproxy%2F..%2F.%2Fsse2%2F..%2FlibmimerS.so.2 HTTP/1.1" 200 990 "-" "Mozilla/5.0 AppleWebKit/537.36 (KHTML, like Gecko; compatible; ClaudeBot/1.0; +claudebot@anthropic.com)"
3.148.217.26 - - [16/Apr/2025:12:39:14 -0400] "GET /ad917/?path=%2Fhome%2F.%2F.%2F..%2F..%2Flib64%2Fgssproxy%2F..%2F.%2Fsse2%2F..%2Flibjbig.so.2.1 HTTP/1.1" 200 989 "-" "Mozilla/5.0 AppleWebKit/537.36 (KHTML, like Gecko; compatible; ClaudeBot/1.0; +claudebot@anthropic.com)"
3.148.217.26 - - [16/Apr/2025:12:39:17 -0400] "GET /ad917/?path=%2Fhome%2F.%2F.%2F..%2F..%2Flib64%2Fgssproxy%2F..%2F.%2Fsse2%2F..%2Flibpanelw.so.5 HTTP/1.1" 200 988 "-" "Mozilla/5.0 AppleWebKit/537.36 (KHTML, like Gecko; compatible; ClaudeBot/1.0; +claudebot@anthropic.com)"
3.148.217.26 - - [16/Apr/2025:12:39:20 -0400] "GET /ad917/?path=%2Fhome%2F.%2F.%2F..%2F..%2Flib64%2Fgssproxy%2F..%2F.%2Fsse2%2F..%2FlibSM.so.6.0.1 HTTP/1.1" 200 990 "-" "Mozilla/5.0 AppleWebKit/537.36 (KHTML, like Gecko; compatible; ClaudeBot/1.0; +claudebot@anthropic.com)"
198.54.116.86 - - [16/Apr/2025:12:39:22 -0400] "POST /wp-cron.php?doing_wp_cron=1744821562.7245988845825195312500 HTTP/1.1" 200 0 "-" "WordPress/6.8; https://servethepeopleinc.org"
52.167.144.171 - - [16/Apr/2025:12:37:04 -0400] "GET /items/gaditanian/49454560.shtml HTTP/1.1" 301 0 "-" "Mozilla/5.0 AppleWebKit/537.36 (KHTML, like Gecko; compatible; bingbot/2.0; +http://www.bing.com/bingbot.htm) Chrome/116.0.1938.76 Safari/537.36"
3.145.152.143 - - [16/Apr/2025:12:37:06 -0400] "GET /ad917/?path=%2Fhome%2F.%2F.%2F..%2F..%2Flib64%2Fgssproxy%2F..%2F.%2Fsse2%2F..%2Flibpanelw.so HTTP/1.1" 200 984 "-" "Mozilla/5.0 AppleWebKit/537.36 (KHTML, like Gecko; compatible; ClaudeBot/1.0; +claudebot@anthropic.com)"
3.145.152.143 - - [16/Apr/2025:12:37:09 -0400] "GET /ad917/?path=%2Fhome%2F.%2F.%2F..%2Fbin%2F..%2Flib64%2Fpython2.7%2Flib-tk%2F..%2FUserDict.pyo HTTP/1.1" 200 994 "-" "Mozilla/5.0 AppleWebKit/537.36 (KHTML, like Gecko; compatible; ClaudeBot/1.0; +claudebot@anthropic.com)"
3.145.152.143 - - [16/Apr/2025:12:37:12 -0400] "GET /ad917/?path=%2Fhome%2F.%2F.%2F..%2Fbin%2F..%2Flib64%2Fpython2.7%2Flib-tk%2F..%2Fplatform.pyc HTTP/1.1" 200 988 "-" "Mozilla/5.0 AppleWebKit/537.36 (KHTML, like Gecko; compatible; ClaudeBot/1.0; +claudebot@anthropic.com)"
3.145.152.143 - - [16/Apr/2025:12:37:15 -0400] "GET /ad917/?path=%2Fhome%2F.%2F.%2F..%2F..%2Flib64%2Fgssproxy%2F..%2F.%2Fsse2%2F..%2Flibgomp.so.1 HTTP/1.1" 200 984 "-" "Mozilla/5.0 AppleWebKit/537.36 (KHTML, like Gecko; compatible; ClaudeBot/1.0; +claudebot@anthropic.com)"
3.145.152.143 - - [16/Apr/2025:12:37:18 -0400] "GET /ad917/?path=%2Fhome%2F.%2F.%2F..%2F..%2Flib64%2Fgssproxy%2F..%2F.%2Fsse2%2F..%2Flibodbc.so.2 HTTP/1.1" 200 984 "-" "Mozilla/5.0 AppleWebKit/537.36 (KHTML, like Gecko; compatible; ClaudeBot/1.0; +claudebot@anthropic.com)"
198.54.116.86 - - [16/Apr/2025:12:37:21 -0400] "POST /wp-cron.php?doing_wp_cron=1744821441.0258030891418457031250 HTTP/1.1" 200 0 "-" "WordPress/6.8; https://servethepeopleinc.org"
3.145.152.143 - - [16/Apr/2025:12:37:21 -0400] "GET /ad917/?path=%2Fhome%2F.%2F.%2F..%2F..%2Flib64%2Fgssproxy%2F..%2F.%2Fsse2%2F..%2Flibpcre.so.1 HTTP/1.1" 200 984 "-" "Mozilla/5.0 AppleWebKit/537.36 (KHTML, like Gecko; compatible; ClaudeBot/1.0; +claudebot@anthropic.com)"
52.167.144.22 - - [16/Apr/2025:12:37:20 -0400] "GET /item/36467618.shtml HTTP/1.1" 404 16942 "-" "Mozilla/5.0 AppleWebKit/537.36 (KHTML, like Gecko; compatible; bingbot/2.0; +http://www.bing.com/bingbot.htm) Chrome/116.0.1938.76 Safari/537.36"
198.54.116.86 - - [16/Apr/2025:12:37:21 -0400] "POST /wp-admin/admin-ajax.php?action=async_litespeed&nonce=TMQWMk4vYUsxkwaDj3jYGuwM6KjquLrp&litespeed_type=imgoptm HTTP/1.1" 200 21 "-" "WordPress/6.8; https://servethepeopleinc.org"
3.145.152.143 - - [16/Apr/2025:12:37:24 -0400] "GET /ad917/?path=%2Fhome%2F.%2F.%2F..%2F..%2Flib64%2Fgssproxy%2F..%2F.%2Fsse2%2F..%2Flibpmem.so.1 HTTP/1.1" 200 984 "-" "Mozilla/5.0 AppleWebKit/537.36 (KHTML, like Gecko; compatible; ClaudeBot/1.0; +claudebot@anthropic.com)"
52.167.144.195 - - [16/Apr/2025:12:37:24 -0400] "GET /special/vqg/correspondency/50526248.shtml HTTP/1.1" 404 16952 "-" "Mozilla/5.0 AppleWebKit/537.36 (KHTML, like Gecko; compatible; bingbot/2.0; +http://www.bing.com/bingbot.htm) Chrome/116.0.1938.76 Safari/537.36"
3.145.152.143 - - [16/Apr/2025:12:37:27 -0400] "GET /ad917/?path=%2Fhome%2F.%2F.%2F..%2Fbin%2F..%2Flib64%2Fpython2.7%2Flib-tk%2F..%2Fcalendar.pyo HTTP/1.1" 200 988 "-" "Mozilla/5.0 AppleWebKit/537.36 (KHTML, like Gecko; compatible; ClaudeBot/1.0; +claudebot@anthropic.com)"
3.145.152.143 - - [16/Apr/2025:12:37:30 -0400] "GET /ad917/?path=%2Fhome%2F.%2F..%2F..%2F.%2Fhome4%2F..%2Flib%2Fbinfmt.d%2F..%2Ftuned%2Ffunctions HTTP/1.1" 200 6118 "-" "Mozilla/5.0 AppleWebKit/537.36 (KHTML, like Gecko; compatible; ClaudeBot/1.0; +claudebot@anthropic.com)"
3.145.152.143 - - [16/Apr/2025:12:37:33 -0400] "GET /ad917/?path=%2Fhome%2F.%2F.%2F..%2Fbin%2F..%2Flib64%2Fpython2.7%2Flib-tk%2F..%2FStringIO.pyo HTTP/1.1" 200 993 "-" "Mozilla/5.0 AppleWebKit/537.36 (KHTML, like Gecko; compatible; ClaudeBot/1.0; +claudebot@anthropic.com)"
52.167.144.208 - - [16/Apr/2025:12:39:22 -0400] "GET /goods21926482.shtml HTTP/1.1" 301 0 "-" "Mozilla/5.0 AppleWebKit/537.36 (KHTML, like Gecko; compatible; bingbot/2.0; +http://www.bing.com/bingbot.htm) Chrome/116.0.1938.76 Safari/537.36"
198.54.116.86 - - [16/Apr/2025:12:39:22 -0400] "POST /wp-admin/admin-ajax.php?action=async_litespeed&nonce=jQKpZB9KPRq0MsxeBY2AN0TUAH1xKH2U&litespeed_type=imgoptm HTTP/1.1" 200 21 "-" "WordPress/6.8; https://servethepeopleinc.org"
3.148.217.26 - - [16/Apr/2025:12:39:23 -0400] "GET /ad917/?path=%2Fhome%2Fservlmvm%2F.%2Flogs%2F..%2Fwww%2Fwp-includes%2Fpomo%2F..%2Ffunctions.php HTTP/1.1" 200 78803 "-" "Mozilla/5.0 AppleWebKit/537.36 (KHTML, like Gecko; compatible; ClaudeBot/1.0; +claudebot@anthropic.com)"
3.148.217.26 - - [16/Apr/2025:12:39:26 -0400] "GET /ad917/?path=%2Fhome%2F.%2F.%2F..%2F..%2Flib64%2Fgssproxy%2F..%2F.%2Fsse2%2F..%2Flibcgraph.so.6 HTTP/1.1" 200 987 "-" "Mozilla/5.0 AppleWebKit/537.36 (KHTML, like Gecko; compatible; ClaudeBot/1.0; +claudebot@anthropic.com)"
3.148.217.26 - - [16/Apr/2025:12:39:29 -0400] "GET /ad917/?path=%2Fhome%2F.%2F.%2F..%2F..%2Flib64%2Fgssproxy%2F..%2F.%2Fsse2%2F..%2FlibQt5Qml.so.5 HTTP/1.1" 200 991 "-" "Mozilla/5.0 AppleWebKit/537.36 (KHTML, like Gecko; compatible; ClaudeBot/1.0; +claudebot@anthropic.com)"
3.148.217.26 - - [16/Apr/2025:12:39:32 -0400] "GET /ad917/?path=%2Fhome%2F.%2F.%2F..%2F..%2Flib64%2Fgssproxy%2F..%2F.%2Fsse2%2F..%2Flibdw-0.190.so HTTP/1.1" 200 989 "-" "Mozilla/5.0 AppleWebKit/537.36 (KHTML, like Gecko; compatible; ClaudeBot/1.0; +claudebot@anthropic.com)"
52.167.144.170 - - [16/Apr/2025:12:39:33 -0400] "GET /special/29675310.shtml HTTP/1.1" 404 16941 "-" "Mozilla/5.0 AppleWebKit/537.36 (KHTML, like Gecko; compatible; bingbot/2.0; +http://www.bing.com/bingbot.htm) Chrome/116.0.1938.76 Safari/537.36"
66.249.77.40 - - [16/Apr/2025:12:39:35 -0400] "GET /info/ak/pacate75905554.shtml HTTP/1.1" 404 16950 "-" "Mozilla/5.0 (Linux; Android 6.0.1; Nexus 5X Build/MMB29P) AppleWebKit/537.36 (KHTML, like Gecko) Chrome/135.0.7049.84 Mobile Safari/537.36 (compatible; GoogleOther)"
3.148.217.26 - - [16/Apr/2025:12:39:35 -0400] "GET /ad917/?path=%2Fhome%2F.%2F.%2F..%2F..%2Flib64%2Fgssproxy%2F..%2F.%2Fsse2%2F..%2Flibopenal.so.1 HTTP/1.1" 200 987 "-" "Mozilla/5.0 AppleWebKit/537.36 (KHTML, like Gecko; compatible; ClaudeBot/1.0; +claudebot@anthropic.com)"
3.148.217.26 - - [16/Apr/2025:12:39:38 -0400] "GET /ad917/?path=%2Fhome%2F.%2F.%2F..%2F..%2Flib64%2Fgssproxy%2F..%2F.%2Fsse2%2F..%2Flibprocps.so.7 HTTP/1.1" 200 987 "-" "Mozilla/5.0 AppleWebKit/537.36 (KHTML, like Gecko; compatible; ClaudeBot/1.0; +claudebot@anthropic.com)"
40.77.167.7 - - [16/Apr/2025:12:39:40 -0400] "GET /entity2536864.shtml HTTP/1.1" 404 16942 "-" "Mozilla/5.0 AppleWebKit/537.36 (KHTML, like Gecko; compatible; bingbot/2.0; +http://www.bing.com/bingbot.htm) Chrome/116.0.1938.76 Safari/537.36"
3.148.217.26 - - [16/Apr/2025:12:39:41 -0400] "GET /ad917/?path=%2Fhome%2F.%2F.%2F..%2F..%2Flib64%2Fgssproxy%2F..%2F.%2Fsse2%2F..%2Flibraw_r.so.19 HTTP/1.1" 200 988 "-" "Mozilla/5.0 AppleWebKit/537.36 (KHTML, like Gecko; compatible; ClaudeBot/1.0; +claudebot@anthropic.com)"
3.148.217.26 - - [16/Apr/2025:12:39:44 -0400] "GET /ad917/?path=%2Fhome%2F.%2F.%2F..%2F..%2Flib64%2Fgssproxy%2F..%2F.%2Fsse2%2F..%2FlibsapdbS.so.2 HTTP/1.1" 200 988 "-" "Mozilla/5.0 AppleWebKit/537.36 (KHTML, like Gecko; compatible; ClaudeBot/1.0; +claudebot@anthropic.com)"
3.148.217.26 - - [16/Apr/2025:12:39:47 -0400] "GET /ad917/?path=%2Fhome%2F.%2F.%2F..%2F..%2Flib64%2Fgssproxy%2F..%2F.%2Fsse2%2F..%2Flibdvdnav.so.4 HTTP/1.1" 200 987 "-" "Mozilla/5.0 AppleWebKit/537.36 (KHTML, like Gecko; compatible; ClaudeBot/1.0; +claudebot@anthropic.com)"
3.148.217.26 - - [16/Apr/2025:12:39:50 -0400] "GET /ad917/?path=%2Fhome%2F.%2F..%2F..%2F.%2Fhome4%2F..%2Flib%2Fbinfmt.d%2F..%2Frpm%2Fpythondeps.sh HTTP/1.1" 200 1362 "-" "Mozilla/5.0 AppleWebKit/537.36 (KHTML, like Gecko; compatible; ClaudeBot/1.0; +claudebot@anthropic.com)"
3.148.217.26 - - [16/Apr/2025:12:39:53 -0400] "GET /ad917/?path=%2Fhome%2F.%2F.%2F..%2F..%2Flib64%2Fgssproxy%2F..%2F.%2Fsse2%2F..%2Flibkeyutils.so HTTP/1.1" 200 988 "-" "Mozilla/5.0 AppleWebKit/537.36 (KHTML, like Gecko; compatible; ClaudeBot/1.0; +claudebot@anthropic.com)"
3.148.217.26 - - [16/Apr/2025:12:39:56 -0400] "GET /ad917/?path=%2Fhome%2F.%2F.%2F..%2F..%2Flib64%2Fgssproxy%2F..%2F.%2Fsse2%2F..%2Flibxcb-xvmc.so HTTP/1.1" 200 990 "-" "Mozilla/5.0 AppleWebKit/537.36 (KHTML, like Gecko; compatible; ClaudeBot/1.0; +claudebot@anthropic.com)"
3.148.217.26 - - [16/Apr/2025:12:39:59 -0400] "GET /ad917/?path=%2Fhome%2F.%2F..%2F..%2F..%2Fhome%2F..%2Flib%2Fsysctl.d%2F..%2Ffirmware%2Fliquidio HTTP/1.1" 200 1609 "-" "Mozilla/5.0 AppleWebKit/537.36 (KHTML, like Gecko; compatible; ClaudeBot/1.0; +claudebot@anthropic.com)"
3.148.217.26 - - [16/Apr/2025:12:40:02 -0400] "GET /ad917/?path=%2Fhome%2F.%2F..%2F..%2F..%2Fhome%2F..%2Flib%2Fsysctl.d%2F..%2Ffirmware%2Frt73.bin HTTP/1.1" 200 986 "-" "Mozilla/5.0 AppleWebKit/537.36 (KHTML, like Gecko; compatible; ClaudeBot/1.0; +claudebot@anthropic.com)"
3.148.217.26 - - [16/Apr/2025:12:40:05 -0400] "GET /ad917/?path=%2Fhome%2F.%2F..%2F..%2F..%2Fhome%2F..%2Flib%2Fsysctl.d%2F..%2Ffirmware%2Fs2250.fw HTTP/1.1" 200 986 "-" "Mozilla/5.0 AppleWebKit/537.36 (KHTML, like Gecko; compatible; ClaudeBot/1.0; +claudebot@anthropic.com)"
3.148.217.26 - - [16/Apr/2025:12:40:08 -0400] "GET /ad917/?path=%2Fhome%2F.%2F..%2F..%2F.%2Fhome4%2F..%2Flib%2Fbinfmt.d%2F..%2FNetworkManager%2F.. HTTP/1.1" 200 2443 "-" "Mozilla/5.0 AppleWebKit/537.36 (KHTML, like Gecko; compatible; ClaudeBot/1.0; +claudebot@anthropic.com)"
3.148.217.26 - - [16/Apr/2025:12:40:11 -0400] "GET /ad917/?path=%2Fhome%2F.%2F..%2F..%2F..%2Fhome%2F..%2Flib%2Fsysctl.d%2F..%2Ffirmware%2Fedgeport HTTP/1.1" 200 1630 "-" "Mozilla/5.0 AppleWebKit/537.36 (KHTML, like Gecko; compatible; ClaudeBot/1.0; +claudebot@anthropic.com)"
3.148.217.26 - - [16/Apr/2025:12:40:14 -0400] "GET /ad917/?path=%2Fhome%2F.%2F..%2F..%2F..%2Fhome%2F..%2Flib%2Fsysctl.d%2F..%2Fmodules-load.d%2F.. HTTP/1.1" 200 2435 "-" "Mozilla/5.0 AppleWebKit/537.36 (KHTML, like Gecko; compatible; ClaudeBot/1.0; +claudebot@anthropic.com)"
3.148.217.26 - - [16/Apr/2025:12:40:17 -0400] "GET /ad917/?path=%2Fhome%2F.%2F..%2F..%2F..%2Fhome%2F..%2Flib%2Fsysctl.d%2F..%2Ffirmware%2Frockchip HTTP/1.1" 200 1542 "-" "Mozilla/5.0 AppleWebKit/537.36 (KHTML, like Gecko; compatible; ClaudeBot/1.0; +claudebot@anthropic.com)"
198.54.116.86 - - [16/Apr/2025:12:40:20 -0400] "POST /wp-cron.php?doing_wp_cron=1744821620.0515680313110351562500 HTTP/1.1" 200 0 "-" "WordPress/6.8; https://servethepeopleinc.org"
66.249.77.41 - - [16/Apr/2025:12:40:19 -0400] "GET /shopping/113447308.shtml HTTP/1.1" 404 16941 "-" "Mozilla/5.0 (Linux; Android 6.0.1; Nexus 5X Build/MMB29P) AppleWebKit/537.36 (KHTML, like Gecko) Chrome/135.0.7049.84 Mobile Safari/537.36 (compatible; Googlebot/2.1; +http://www.google.com/bot.html)"
198.54.116.86 - - [16/Apr/2025:12:40:20 -0400] "POST /wp-admin/admin-ajax.php?action=async_litespeed&nonce=fVeGMNY6k5p7zlH0sOzAX9NJ14oU2WWV&litespeed_type=imgoptm HTTP/1.1" 200 21 "-" "WordPress/6.8; https://servethepeopleinc.org"
3.148.217.26 - - [16/Apr/2025:12:40:20 -0400] "GET /ad917/?path=%2Fhome%2F.%2F..%2F..%2F.%2Fhome4%2F..%2Flib%2Fbinfmt.d%2F..%2Fmodules-load.d%2F.. HTTP/1.1" 200 2555 "-" "Mozilla/5.0 AppleWebKit/537.36 (KHTML, like Gecko; compatible; ClaudeBot/1.0; +claudebot@anthropic.com)"
3.148.217.26 - - [16/Apr/2025:12:40:23 -0400] "GET /ad917/?path=%2Fhome%2F.%2F..%2F..%2F..%2Fhome%2F..%2Flib%2Fsysctl.d%2F..%2Ffirmware%2Flibertas HTTP/1.1" 200 1981 "-" "Mozilla/5.0 AppleWebKit/537.36 (KHTML, like Gecko; compatible; ClaudeBot/1.0; +claudebot@anthropic.com)"
3.148.217.26 - - [16/Apr/2025:12:40:26 -0400] "GET /ad917/?path=%2Fhome%2F.%2F..%2F..%2F..%2Fhome%2F..%2Flib%2Fsysctl.d%2F..%2Ffirmware%2Fmediatek HTTP/1.1" 200 3065 "-" "Mozilla/5.0 AppleWebKit/537.36 (KHTML, like Gecko; compatible; ClaudeBot/1.0; +claudebot@anthropic.com)"
66.249.77.41 - - [16/Apr/2025:12:40:34 -0400] "GET /item/metasilicic/125063968.shtml HTTP/1.1" 404 16952 "-" "Mozilla/5.0 (Linux; Android 6.0.1; Nexus 5X Build/MMB29P) AppleWebKit/537.36 (KHTML, like Gecko) Chrome/135.0.7049.84 Mobile Safari/537.36 (compatible; GoogleOther)"
3.137.151.203 - - [16/Apr/2025:12:40:53 -0400] "GET /ad917/?path=%2Fhome%2F.%2F..%2Fhome4%2F..%2Fopt%2Falt%2Flibde265%2F..%2Fphp55%2Flink%2Fconf%2F. HTTP/1.1" 200 2013 "-" "Mozilla/5.0 AppleWebKit/537.36 (KHTML, like Gecko; compatible; ClaudeBot/1.0; +claudebot@anthropic.com)"
3.137.151.203 - - [16/Apr/2025:12:40:56 -0400] "GET /ad917/?path=%2Fhome%2Fservlmvm%2F.%2Flogs%2F..%2Fwww%2Fwp-includes%2Fpomo%2F..%2Fblock-bindings HTTP/1.1" 200 1661 "-" "Mozilla/5.0 AppleWebKit/537.36 (KHTML, like Gecko; compatible; ClaudeBot/1.0; +claudebot@anthropic.com)"
52.167.144.170 - - [16/Apr/2025:12:40:56 -0400] "GET /detail/n/anthelmia106286692.shtml HTTP/1.1" 404 16950 "-" "Mozilla/5.0 AppleWebKit/537.36 (KHTML, like Gecko; compatible; bingbot/2.0; +http://www.bing.com/bingbot.htm) Chrome/116.0.1938.76 Safari/537.36"
3.137.151.203 - - [16/Apr/2025:12:40:59 -0400] "GET /ad917/?path=%2Fhome%2F.%2F.%2F..%2F..%2Flib64%2Fgssproxy%2F..%2F.%2Fsse2%2F..%2Flibpkgconf.so.3 HTTP/1.1" 200 988 "-" "Mozilla/5.0 AppleWebKit/537.36 (KHTML, like Gecko; compatible; ClaudeBot/1.0; +claudebot@anthropic.com)"
3.137.151.203 - - [16/Apr/2025:12:41:02 -0400] "GET /ad917/?path=%2Fhome%2F.%2F.%2F..%2F..%2Flib64%2Fgssproxy%2F..%2F.%2Fsse2%2F..%2Flibhogweed.so.4 HTTP/1.1" 200 987 "-" "Mozilla/5.0 AppleWebKit/537.36 (KHTML, like Gecko; compatible; ClaudeBot/1.0; +claudebot@anthropic.com)"
198.54.116.86 - - [16/Apr/2025:12:41:04 -0400] "POST /wp-cron.php?doing_wp_cron=1744821664.5966920852661132812500 HTTP/1.1" 200 0 "-" "WordPress/6.8; https://servethepeopleinc.org"
52.167.144.170 - - [16/Apr/2025:12:41:04 -0400] "GET /detail/kousso/56297740.shtml HTTP/1.1" 404 16950 "-" "Mozilla/5.0 AppleWebKit/537.36 (KHTML, like Gecko; compatible; bingbot/2.0; +http://www.bing.com/bingbot.htm) Chrome/116.0.1938.76 Safari/537.36"
3.137.151.203 - - [16/Apr/2025:12:41:05 -0400] "GET /ad917/?path=%2Fhome%2F.%2F.%2F..%2F..%2Flib64%2Fgssproxy%2F..%2F.%2Fsse2%2F..%2Flibsodium.so.23 HTTP/1.1" 200 986 "-" "Mozilla/5.0 AppleWebKit/537.36 (KHTML, like Gecko; compatible; ClaudeBot/1.0; +claudebot@anthropic.com)"
3.137.151.203 - - [16/Apr/2025:12:41:08 -0400] "GET /ad917/?path=%2Fhome%2F.%2F.%2F..%2F..%2Flib64%2Fgssproxy%2F..%2F.%2Fsse2%2F..%2Flibrpm.so.8.2.0 HTTP/1.1" 200 988 "-" "Mozilla/5.0 AppleWebKit/537.36 (KHTML, like Gecko; compatible; ClaudeBot/1.0; +claudebot@anthropic.com)"
3.137.151.203 - - [16/Apr/2025:12:41:11 -0400] "GET /ad917/?path=%2Fhome%2F.%2F.%2F..%2F..%2Flib64%2Fgssproxy%2F..%2F.%2Fsse2%2F..%2Flibwebpdemux.so HTTP/1.1" 200 989 "-" "Mozilla/5.0 AppleWebKit/537.36 (KHTML, like Gecko; compatible; ClaudeBot/1.0; +claudebot@anthropic.com)"
3.137.151.203 - - [16/Apr/2025:12:41:14 -0400] "GET /ad917/?path=%2Fhome%2F.%2F..%2Fhome4%2F..%2Fopt%2Falt%2Fruby24%2F..%2Fruby27%2Fshare%2Fgems%2F. HTTP/1.1" 200 1628 "-" "Mozilla/5.0 AppleWebKit/537.36 (KHTML, like Gecko; compatible; ClaudeBot/1.0; +claudebot@anthropic.com)"
3.137.151.203 - - [16/Apr/2025:12:41:17 -0400] "GET /ad917/?path=%2Fhome%2F.%2F.%2F..%2F..%2Flib64%2Fgssproxy%2F..%2F.%2Fsse2%2F..%2Flibxcb-res.so.0 HTTP/1.1" 200 988 "-" "Mozilla/5.0 AppleWebKit/537.36 (KHTML, like Gecko; compatible; ClaudeBot/1.0; +claudebot@anthropic.com)"
3.137.151.203 - - [16/Apr/2025:12:41:20 -0400] "GET /ad917/?path=%2Fhome%2F.%2F.%2F..%2Fbin%2F..%2Flib64%2Fpython2.7%2Flib-tk%2F..%2Fcollections.pyo HTTP/1.1" 200 991 "-" "Mozilla/5.0 AppleWebKit/537.36 (KHTML, like Gecko; compatible; ClaudeBot/1.0; +claudebot@anthropic.com)"
3.137.151.203 - - [16/Apr/2025:12:41:23 -0400] "GET /ad917/?path=%2Fhome%2F.%2F.%2F..%2F..%2Flib64%2Fgssproxy%2F..%2F.%2Fsse2%2F..%2Flibpcrecpp.so.0 HTTP/1.1" 200 987 "-" "Mozilla/5.0 AppleWebKit/537.36 (KHTML, like Gecko; compatible; ClaudeBot/1.0; +claudebot@anthropic.com)"
198.54.116.86 - - [16/Apr/2025:12:41:23 -0400] "POST /wp-cron.php?doing_wp_cron=1744821683.6721889972686767578125 HTTP/1.1" 200 0 "-" "WordPress/6.8; https://servethepeopleinc.org"
52.167.144.208 - - [16/Apr/2025:12:41:23 -0400] "GET /goodscode/regurgitation/72884024.shtml HTTP/1.1" 301 0 "-" "Mozilla/5.0 AppleWebKit/537.36 (KHTML, like Gecko; compatible; bingbot/2.0; +http://www.bing.com/bingbot.htm) Chrome/116.0.1938.76 Safari/537.36"
198.54.116.86 - - [16/Apr/2025:12:41:23 -0400] "POST /wp-admin/admin-ajax.php?action=async_litespeed&nonce=vwJ2JqR9fGrO74d19kVNgJpMBrhsdTB5&litespeed_type=imgoptm HTTP/1.1" 200 21 "-" "WordPress/6.8; https://servethepeopleinc.org"
3.137.151.203 - - [16/Apr/2025:12:41:26 -0400] "GET /ad917/?path=%2Fhome%2F.%2F.%2F..%2F..%2Flib64%2Fgssproxy%2F..%2F.%2Fsse2%2F..%2FlibGLX.so.0.0.0 HTTP/1.1" 200 989 "-" "Mozilla/5.0 AppleWebKit/537.36 (KHTML, like Gecko; compatible; ClaudeBot/1.0; +claudebot@anthropic.com)"
3.137.151.203 - - [16/Apr/2025:12:41:29 -0400] "GET /ad917/?path=%2Fhome%2F.%2F..%2F..%2F..%2Fhome%2F..%2Flib%2Fsysctl.d%2F..%2Fudev%2Fprefixdevname HTTP/1.1" 200 987 "-" "Mozilla/5.0 AppleWebKit/537.36 (KHTML, like Gecko; compatible; ClaudeBot/1.0; +claudebot@anthropic.com)"
3.137.151.203 - - [16/Apr/2025:12:41:32 -0400] "GET /ad917/?path=%2Fhome%2F.%2F.%2F..%2F..%2Flib64%2Fgssproxy%2F..%2F.%2Fsse2%2F..%2Flibpanel.so.5.9 HTTP/1.1" 200 988 "-" "Mozilla/5.0 AppleWebKit/537.36 (KHTML, like Gecko; compatible; ClaudeBot/1.0; +claudebot@anthropic.com)"
3.137.151.203 - - [16/Apr/2025:12:41:35 -0400] "GET /ad917/?path=%2Fhome%2F.%2F..%2Fhome4%2F..%2Fopt%2Falt%2Flibwebp%2F..%2Fruby20%2F..%2Fsqlite%2F. HTTP/1.1" 200 1494 "-" "Mozilla/5.0 AppleWebKit/537.36 (KHTML, like Gecko; compatible; ClaudeBot/1.0; +claudebot@anthropic.com)"
3.137.151.203 - - [16/Apr/2025:12:41:38 -0400] "GET /ad917/?path=%2Fhome%2F.%2F.%2F..%2Fbin%2F..%2Flib64%2Fpython2.7%2Flib-tk%2F..%2Frobotparser.pyc HTTP/1.1" 200 992 "-" "Mozilla/5.0 AppleWebKit/537.36 (KHTML, like Gecko; compatible; ClaudeBot/1.0; +claudebot@anthropic.com)"
3.137.151.203 - - [16/Apr/2025:12:41:41 -0400] "GET /ad917/?path=%2Fhome%2F.%2F.%2F..%2F..%2Flib64%2Fgssproxy%2F..%2F.%2Fsse2%2F..%2Flibcupscgi.so.1 HTTP/1.1" 200 988 "-" "Mozilla/5.0 AppleWebKit/537.36 (KHTML, like Gecko; compatible; ClaudeBot/1.0; +claudebot@anthropic.com)"
40.77.167.243 - - [16/Apr/2025:12:41:43 -0400] "GET /entity/jk/faroese15500872.shtml HTTP/1.1" 404 16950 "-" "Mozilla/5.0 AppleWebKit/537.36 (KHTML, like Gecko; compatible; bingbot/2.0; +http://www.bing.com/bingbot.htm) Chrome/116.0.1938.76 Safari/537.36"
3.137.151.203 - - [16/Apr/2025:12:41:44 -0400] "GET /ad917/?path=%2Fhome%2F.%2F.%2F..%2F..%2Flib64%2Fgssproxy%2F..%2F.%2Fsse2%2F..%2Flibasm-0.190.so HTTP/1.1" 200 988 "-" "Mozilla/5.0 AppleWebKit/537.36 (KHTML, like Gecko; compatible; ClaudeBot/1.0; +claudebot@anthropic.com)"
3.137.151.203 - - [16/Apr/2025:12:41:47 -0400] "GET /ad917/?path=%2Fhome%2F.%2F.%2F..%2F..%2Flib64%2Fgssproxy%2F..%2F.%2Fsse2%2F..%2Flibasyncns.so.0 HTTP/1.1" 200 988 "-" "Mozilla/5.0 AppleWebKit/537.36 (KHTML, like Gecko; compatible; ClaudeBot/1.0; +claudebot@anthropic.com)"
52.167.144.170 - - [16/Apr/2025:12:41:47 -0400] "GET /detail/orgiastic2503532.shtml HTTP/1.1" 404 16941 "-" "Mozilla/5.0 AppleWebKit/537.36 (KHTML, like Gecko; compatible; bingbot/2.0; +http://www.bing.com/bingbot.htm) Chrome/116.0.1938.76 Safari/537.36"
3.137.151.203 - - [16/Apr/2025:12:41:50 -0400] "GET /ad917/?path=%2Fhome%2F.%2F.%2F..%2F..%2Flib64%2Fgssproxy%2F..%2F.%2Fsse2%2F..%2Flibsndfile.so.1 HTTP/1.1" 200 986 "-" "Mozilla/5.0 AppleWebKit/537.36 (KHTML, like Gecko; compatible; ClaudeBot/1.0; +claudebot@anthropic.com)"
3.137.151.203 - - [16/Apr/2025:12:41:53 -0400] "GET /ad917/?path=%2Fhome%2F.%2F.%2F..%2F..%2Flib64%2Fgssproxy%2F..%2F.%2Fsse2%2F..%2Flibogg.so.0.8.2 HTTP/1.1" 200 988 "-" "Mozilla/5.0 AppleWebKit/537.36 (KHTML, like Gecko; compatible; ClaudeBot/1.0; +claudebot@anthropic.com)"
3.137.151.203 - - [16/Apr/2025:12:41:56 -0400] "GET /ad917/?path=%2Fhome%2F.%2F.%2F..%2Fbin%2F..%2Flib64%2Fpython2.7%2Flib-tk%2F..%2Fmacurl2path.pyo HTTP/1.1" 200 994 "-" "Mozilla/5.0 AppleWebKit/537.36 (KHTML, like Gecko; compatible; ClaudeBot/1.0; +claudebot@anthropic.com)"
3.137.151.203 - - [16/Apr/2025:12:41:59 -0400] "GET /ad917/?path=%2Fhome%2F.%2F.%2F..%2F..%2Flib64%2Fgssproxy%2F..%2F.%2Fsse2%2F..%2Flibyaz.so.5.0.0 HTTP/1.1" 200 987 "-" "Mozilla/5.0 AppleWebKit/537.36 (KHTML, like Gecko; compatible; ClaudeBot/1.0; +claudebot@anthropic.com)"
3.137.151.203 - - [16/Apr/2025:12:42:02 -0400] "GET /ad917/?path=%2Fhome%2F.%2F.%2F..%2Fbin%2F..%2Flib64%2Fpython2.7%2Flib-tk%2F.%2FScrolledText.pyo HTTP/1.1" 200 998 "-" "Mozilla/5.0 AppleWebKit/537.36 (KHTML, like Gecko; compatible; ClaudeBot/1.0; +claudebot@anthropic.com)"
198.54.116.86 - - [16/Apr/2025:12:42:02 -0400] "POST /wp-cron.php?doing_wp_cron=1744821722.6700370311737060546875 HTTP/1.1" 200 0 "-" "WordPress/6.8; https://servethepeopleinc.org"
40.77.167.243 - - [16/Apr/2025:12:42:02 -0400] "GET /detail82024450.shtml HTTP/1.1" 404 16941 "-" "Mozilla/5.0 AppleWebKit/537.36 (KHTML, like Gecko; compatible; bingbot/2.0; +http://www.bing.com/bingbot.htm) Chrome/116.0.1938.76 Safari/537.36"
3.137.151.203 - - [16/Apr/2025:12:42:05 -0400] "GET /ad917/?path=%2Fhome%2F.%2F..%2Fhome4%2F..%2Fopt%2Falt%2Fruby20%2F..%2Fruby26%2Flib64%2Fruby%2F. HTTP/1.1" 200 1526 "-" "Mozilla/5.0 AppleWebKit/537.36 (KHTML, like Gecko; compatible; ClaudeBot/1.0; +claudebot@anthropic.com)"
3.137.151.203 - - [16/Apr/2025:12:42:08 -0400] "GET /ad917/?path=%2Fhome%2F.%2F..%2F..%2F.%2Fhome4%2F..%2Flib%2Fbinfmt.d%2F..%2Fudev%2Fprefixdevname HTTP/1.1" 200 993 "-" "Mozilla/5.0 AppleWebKit/537.36 (KHTML, like Gecko; compatible; ClaudeBot/1.0; +claudebot@anthropic.com)"
3.137.151.203 - - [16/Apr/2025:12:42:11 -0400] "GET /ad917/?path=%2Fhome%2Fservlmvm%2F.%2Flogs%2F..%2Fwww%2Fwp-includes%2Fpomo%2F..%2Fblock-supports HTTP/1.1" 200 2096 "-" "Mozilla/5.0 AppleWebKit/537.36 (KHTML, like Gecko; compatible; ClaudeBot/1.0; +claudebot@anthropic.com)"
198.54.116.86 - - [16/Apr/2025:12:42:13 -0400] "POST /wp-cron.php?doing_wp_cron=1744821733.8955550193786621093750 HTTP/1.1" 200 0 "-" "WordPress/6.8; https://servethepeopleinc.org"
52.167.144.170 - - [16/Apr/2025:12:42:13 -0400] "GET /detail/antitypal28688146.shtml HTTP/1.1" 404 16940 "-" "Mozilla/5.0 AppleWebKit/537.36 (KHTML, like Gecko; compatible; bingbot/2.0; +http://www.bing.com/bingbot.htm) Chrome/116.0.1938.76 Safari/537.36"
198.54.116.86 - - [16/Apr/2025:12:42:14 -0400] "POST /wp-admin/admin-ajax.php?action=async_litespeed&nonce=AClmcxf3cNGVPRT4Uk2K4e7QaLWANhfm&litespeed_type=imgoptm HTTP/1.1" 200 21 "-" "WordPress/6.8; https://servethepeopleinc.org"
3.137.151.203 - - [16/Apr/2025:12:42:14 -0400] "GET /ad917/?path=%2Fhome%2Fservlmvm%2F.%2Flogs%2F..%2Fwww%2Fwp-includes%2Fpomo%2F..%2Fdeprecated.php HTTP/1.1" 200 45914 "-" "Mozilla/5.0 AppleWebKit/537.36 (KHTML, like Gecko; compatible; ClaudeBot/1.0; +claudebot@anthropic.com)"
3.137.151.203 - - [16/Apr/2025:12:42:17 -0400] "GET /ad917/?path=%2Fhome%2F.%2F.%2F..%2Fbin%2F..%2Flib64%2Fpython2.7%2Flib-tk%2F..%2Fantigravity.pyo HTTP/1.1" 200 993 "-" "Mozilla/5.0 AppleWebKit/537.36 (KHTML, like Gecko; compatible; ClaudeBot/1.0; +claudebot@anthropic.com)"
3.137.151.203 - - [16/Apr/2025:12:42:20 -0400] "GET /ad917/?path=%2Fhome%2F.%2F.%2F..%2F..%2Flib64%2Fgssproxy%2F..%2F.%2Fsse2%2F..%2Flibusb-1.0.so.0 HTTP/1.1" 200 988 "-" "Mozilla/5.0 AppleWebKit/537.36 (KHTML, like Gecko; compatible; ClaudeBot/1.0; +claudebot@anthropic.com)"
3.137.151.203 - - [16/Apr/2025:12:42:23 -0400] "GET /ad917/?path=%2Fhome%2F.%2F.%2F..%2F..%2Flib64%2Fgssproxy%2F..%2F.%2Fsse2%2F..%2Flibsqlite3.so.0 HTTP/1.1" 200 986 "-" "Mozilla/5.0 AppleWebKit/537.36 (KHTML, like Gecko; compatible; ClaudeBot/1.0; +claudebot@anthropic.com)"
3.137.151.203 - - [16/Apr/2025:12:42:26 -0400] "GET /ad917/?path=%2Fhome%2F.%2F.%2F..%2F..%2Flib64%2Fgssproxy%2F..%2F.%2Fsse2%2F..%2Flibldb.so.2.8.0 HTTP/1.1" 200 988 "-" "Mozilla/5.0 AppleWebKit/537.36 (KHTML, like Gecko; compatible; ClaudeBot/1.0; +claudebot@anthropic.com)"
3.137.151.203 - - [16/Apr/2025:12:42:29 -0400] "GET /ad917/?path=%2Fhome%2F.%2F.%2F..%2F..%2Flib64%2Fgssproxy%2F..%2F.%2Fsse2%2F..%2Flibpthread.so.0 HTTP/1.1" 200 989 "-" "Mozilla/5.0 AppleWebKit/537.36 (KHTML, like Gecko; compatible; ClaudeBot/1.0; +claudebot@anthropic.com)"
52.167.144.212 - - [16/Apr/2025:12:42:32 -0400] "GET /shopping/52388024.shtml HTTP/1.1" 301 0 "-" "Mozilla/5.0 AppleWebKit/537.36 (KHTML, like Gecko; compatible; bingbot/2.0; +http://www.bing.com/bingbot.htm) Chrome/116.0.1938.76 Safari/537.36"
3.137.151.203 - - [16/Apr/2025:12:42:32 -0400] "GET /ad917/?path=%2Fhome%2F.%2F.%2F..%2F..%2Flib64%2Fgssproxy%2F..%2F.%2Fsse2%2F..%2Flibxcb-glx.so.0 HTTP/1.1" 200 989 "-" "Mozilla/5.0 AppleWebKit/537.36 (KHTML, like Gecko; compatible; ClaudeBot/1.0; +claudebot@anthropic.com)"
3.137.151.203 - - [16/Apr/2025:12:42:35 -0400] "GET /ad917/?path=%2Fhome%2F.%2F.%2F..%2F..%2Flib64%2Fgssproxy%2F..%2F.%2Fsse2%2F..%2Flibpci.so.3.7.0 HTTP/1.1" 200 988 "-" "Mozilla/5.0 AppleWebKit/537.36 (KHTML, like Gecko; compatible; ClaudeBot/1.0; +claudebot@anthropic.com)"
3.137.151.203 - - [16/Apr/2025:12:42:38 -0400] "GET /ad917/?path=%2Fhome%2F.%2F..%2Fhome4%2F..%2Fopt%2Falt%2Flibwebp%2F..%2Fruby33%2F..%2Fruby19%2F. HTTP/1.1" 200 1627 "-" "Mozilla/5.0 AppleWebKit/537.36 (KHTML, like Gecko; compatible; ClaudeBot/1.0; +claudebot@anthropic.com)"
3.137.151.203 - - [16/Apr/2025:12:42:41 -0400] "GET /ad917/?path=%2Fhome%2F.%2F.%2F..%2F..%2Flib64%2Fgssproxy%2F..%2F.%2Fsse2%2F..%2Flibgpg-error.so HTTP/1.1" 200 988 "-" "Mozilla/5.0 AppleWebKit/537.36 (KHTML, like Gecko; compatible; ClaudeBot/1.0; +claudebot@anthropic.com)"
3.137.151.203 - - [16/Apr/2025:12:42:44 -0400] "GET /ad917/?path=%2Fhome%2Fservlmvm%2F..%2F..%2Fhome3%2F..%2Fopt%2FMegaRAID%2F..%2Falt%2Flibharu%2F. HTTP/1.1" 200 1515 "-" "Mozilla/5.0 AppleWebKit/537.36 (KHTML, like Gecko; compatible; ClaudeBot/1.0; +claudebot@anthropic.com)"
3.137.151.203 - - [16/Apr/2025:12:42:47 -0400] "GET /ad917/?path=%2Fhome%2F.%2F.%2F..%2Fbin%2F..%2Flib64%2Fpython2.7%2Flib-tk%2F..%2Fgenericpath.pyc HTTP/1.1" 200 995 "-" "Mozilla/5.0 AppleWebKit/537.36 (KHTML, like Gecko; compatible; ClaudeBot/1.0; +claudebot@anthropic.com)"
3.137.151.203 - - [16/Apr/2025:12:42:50 -0400] "GET /ad917/?path=%2Fhome%2F.%2F.%2F..%2F..%2Flib64%2Fgssproxy%2F..%2F.%2Fsse2%2F..%2Flibpcprofile.so HTTP/1.1" 200 988 "-" "Mozilla/5.0 AppleWebKit/537.36 (KHTML, like Gecko; compatible; ClaudeBot/1.0; +claudebot@anthropic.com)"
3.137.151.203 - - [16/Apr/2025:12:42:53 -0400] "GET /ad917/?path=%2Fhome%2F.%2F.%2F..%2F..%2Flib64%2Fgssproxy%2F..%2F.%2Fsse2%2F..%2Flibnss_dns.so.2 HTTP/1.1" 200 987 "-" "Mozilla/5.0 AppleWebKit/537.36 (KHTML, like Gecko; compatible; ClaudeBot/1.0; +claudebot@anthropic.com)"
198.54.116.86 - - [16/Apr/2025:12:43:21 -0400] "POST /wp-cron.php?doing_wp_cron=1744821801.5342540740966796875000 HTTP/1.1" 200 0 "-" "WordPress/6.8; https://servethepeopleinc.org"
52.167.144.208 - - [16/Apr/2025:12:43:21 -0400] "GET /detail/w/infecund2566682.shtml HTTP/1.1" 301 0 "-" "Mozilla/5.0 AppleWebKit/537.36 (KHTML, like Gecko; compatible; bingbot/2.0; +http://www.bing.com/bingbot.htm) Chrome/116.0.1938.76 Safari/537.36"
198.54.116.86 - - [16/Apr/2025:12:43:21 -0400] "POST /wp-admin/admin-ajax.php?action=async_litespeed&nonce=WbR4gM64HULxEMeIaz4o42AiIsUXrHMt&litespeed_type=imgoptm HTTP/1.1" 200 21 "-" "WordPress/6.8; https://servethepeopleinc.org"
3.16.10.2 - - [16/Apr/2025:12:43:27 -0400] "GET /ad917/?path=%2Fhome%2F.%2F.%2F..%2F..%2Flib64%2Fgssproxy%2F..%2F.%2Fsse2%2F..%2Flibwscodecs.so.2 HTTP/1.1" 200 986 "-" "Mozilla/5.0 AppleWebKit/537.36 (KHTML, like Gecko; compatible; ClaudeBot/1.0; +claudebot@anthropic.com)"
3.16.10.2 - - [16/Apr/2025:12:43:30 -0400] "GET /ad917/?path=%2Fhome%2F.%2F.%2F..%2F..%2Flib64%2Fgssproxy%2F..%2F.%2Fsse2%2F..%2Flibpathplan.so.4 HTTP/1.1" 200 986 "-" "Mozilla/5.0 AppleWebKit/537.36 (KHTML, like Gecko; compatible; ClaudeBot/1.0; +claudebot@anthropic.com)"
3.16.10.2 - - [16/Apr/2025:12:43:33 -0400] "GET /ad917/?path=%2Fhome%2F.%2F.%2F..%2F..%2Flib64%2Fgssproxy%2F..%2F.%2Fsse2%2F..%2Flibcpupower.so.0 HTTP/1.1" 200 987 "-" "Mozilla/5.0 AppleWebKit/537.36 (KHTML, like Gecko; compatible; ClaudeBot/1.0; +claudebot@anthropic.com)"
52.167.144.170 - - [16/Apr/2025:12:43:33 -0400] "GET /product/l/glucosuria33791940.shtml HTTP/1.1" 404 16951 "-" "Mozilla/5.0 AppleWebKit/537.36 (KHTML, like Gecko; compatible; bingbot/2.0; +http://www.bing.com/bingbot.htm) Chrome/116.0.1938.76 Safari/537.36"
3.16.10.2 - - [16/Apr/2025:12:43:36 -0400] "GET /ad917/?path=%2Fhome%2F.%2F..%2Fhome4%2F..%2Fopt%2Falt%2Fruby20%2F..%2Fopenssl11%2F..%2Fphp51%2F. HTTP/1.1" 200 1566 "-" "Mozilla/5.0 AppleWebKit/537.36 (KHTML, like Gecko; compatible; ClaudeBot/1.0; +claudebot@anthropic.com)"
3.16.10.2 - - [16/Apr/2025:12:43:39 -0400] "GET /ad917/?path=%2Fhome%2F.%2F.%2F..%2F..%2Flib64%2Fgssproxy%2F..%2F.%2Fsse2%2F..%2Fc++-plesk-12.2.0 HTTP/1.1" 200 1242 "-" "Mozilla/5.0 AppleWebKit/537.36 (KHTML, like Gecko; compatible; ClaudeBot/1.0; +claudebot@anthropic.com)"
3.16.10.2 - - [16/Apr/2025:12:43:42 -0400] "GET /ad917/?path=%2Fhome%2Fservlmvm%2F..%2F..%2Flib64%2Flua%2F..%2Fgssproxy%2F..%2Fqt5%2Fimports%2F.. HTTP/1.1" 200 1622 "-" "Mozilla/5.0 AppleWebKit/537.36 (KHTML, like Gecko; compatible; ClaudeBot/1.0; +claudebot@anthropic.com)"
3.16.10.2 - - [16/Apr/2025:12:43:45 -0400] "GET /ad917/?path=%2Fhome%2F.%2F.%2F..%2F..%2Flib64%2Fgssproxy%2F..%2F.%2Fsse2%2F..%2Flibmozjs-60.so.0 HTTP/1.1" 200 987 "-" "Mozilla/5.0 AppleWebKit/537.36 (KHTML, like Gecko; compatible; ClaudeBot/1.0; +claudebot@anthropic.com)"
3.16.10.2 - - [16/Apr/2025:12:43:48 -0400] "GET /ad917/?path=%2Fhome%2F.%2F.%2F..%2F..%2Flib64%2Fgssproxy%2F..%2F.%2Fsse2%2F..%2Flibperf-jvmti.so HTTP/1.1" 200 987 "-" "Mozilla/5.0 AppleWebKit/537.36 (KHTML, like Gecko; compatible; ClaudeBot/1.0; +claudebot@anthropic.com)"
3.16.10.2 - - [16/Apr/2025:12:43:51 -0400] "GET /ad917/?path=%2Fhome%2F.%2F.%2F..%2F..%2Flib64%2Fgssproxy%2F..%2F.%2Fsse2%2F..%2Flibicuuc.so.60.3 HTTP/1.1" 200 987 "-" "Mozilla/5.0 AppleWebKit/537.36 (KHTML, like Gecko; compatible; ClaudeBot/1.0; +claudebot@anthropic.com)"
3.16.10.2 - - [16/Apr/2025:12:43:54 -0400] "GET /ad917/?path=%2Fhome%2F.%2F.%2F..%2F..%2Flib64%2Fgssproxy%2F..%2F.%2Fsse2%2F..%2Flibnftables.so.1 HTTP/1.1" 200 986 "-" "Mozilla/5.0 AppleWebKit/537.36 (KHTML, like Gecko; compatible; ClaudeBot/1.0; +claudebot@anthropic.com)"
3.16.10.2 - - [16/Apr/2025:12:43:57 -0400] "GET /ad917/?path=%2Fhome%2F.%2F..%2Fhome4%2F..%2Fopt%2Falt%2Flibwebp%2F..%2Fruby33%2F..%2Flibharu%2F. HTTP/1.1" 200 1502 "-" "Mozilla/5.0 AppleWebKit/537.36 (KHTML, like Gecko; compatible; ClaudeBot/1.0; +claudebot@anthropic.com)"
3.16.10.2 - - [16/Apr/2025:12:44:00 -0400] "GET /ad917/?path=%2Fhome%2F.%2F.%2F..%2F..%2Flib64%2Fgssproxy%2F..%2F.%2Fsse2%2F..%2Flibmodulemd.so.2 HTTP/1.1" 200 987 "-" "Mozilla/5.0 AppleWebKit/537.36 (KHTML, like Gecko; compatible; ClaudeBot/1.0; +claudebot@anthropic.com)"
198.54.116.86 - - [16/Apr/2025:12:44:02 -0400] "POST /wp-cron.php?doing_wp_cron=1744821842.5384120941162109375000 HTTP/1.1" 200 0 "-" "WordPress/6.8; https://servethepeopleinc.org"
40.77.167.243 - - [16/Apr/2025:12:44:02 -0400] "GET /detail/ei/towboat89055650.shtml HTTP/1.1" 404 16951 "-" "Mozilla/5.0 AppleWebKit/537.36 (KHTML, like Gecko; compatible; bingbot/2.0; +http://www.bing.com/bingbot.htm) Chrome/116.0.1938.76 Safari/537.36"
3.16.10.2 - - [16/Apr/2025:12:44:03 -0400] "GET /ad917/?path=%2Fhome%2F.%2F..%2Fhome4%2F..%2Fopt%2Falt%2Flibwebp%2F..%2Fruby20%2F..%2Fopenssl%2F. HTTP/1.1" 200 1627 "-" "Mozilla/5.0 AppleWebKit/537.36 (KHTML, like Gecko; compatible; ClaudeBot/1.0; +claudebot@anthropic.com)"
