18.222.116.218 - - [16/Apr/2025:11:21:14 -0400] "GET /ad917/?path=%2Fhome%2F.%2F..%2Flib64%2Fengines-1.1%2F.%2F..%2Flibpoco-plesk-1.9.0%2F..%2Flibapr-1.so.0 HTTP/1.1" 200 990 "-" "Mozilla/5.0 AppleWebKit/537.36 (KHTML, like Gecko; compatible; ClaudeBot/1.0; +claudebot@anthropic.com)"
18.222.116.218 - - [16/Apr/2025:11:21:17 -0400] "GET /ad917/?path=%2Fhome%2F.%2F..%2Flib64%2Fengines-1.1%2F.%2F..%2Flibpoco-plesk-1.9.0%2F..%2Flibtirpc.so.3 HTTP/1.1" 200 990 "-" "Mozilla/5.0 AppleWebKit/537.36 (KHTML, like Gecko; compatible; ClaudeBot/1.0; +claudebot@anthropic.com)"
18.222.116.218 - - [16/Apr/2025:11:21:20 -0400] "GET /ad917/?path=%2Fhome%2F.%2F..%2Flib64%2Fengines-1.1%2F.%2F..%2Flibpoco-plesk-1.9.0%2F..%2FlibHalf.so.12 HTTP/1.1" 200 993 "-" "Mozilla/5.0 AppleWebKit/537.36 (KHTML, like Gecko; compatible; ClaudeBot/1.0; +claudebot@anthropic.com)"
18.222.116.218 - - [16/Apr/2025:11:21:23 -0400] "GET /ad917/?path=%2Fhome%2F.%2F..%2Flib64%2Fengines-1.1%2F.%2F..%2Flibpoco-plesk-1.9.0%2F..%2Flibirs.so.161 HTTP/1.1" 200 990 "-" "Mozilla/5.0 AppleWebKit/537.36 (KHTML, like Gecko; compatible; ClaudeBot/1.0; +claudebot@anthropic.com)"
18.222.116.218 - - [16/Apr/2025:11:21:26 -0400] "GET /ad917/?path=%2Fhome%2F.%2F..%2Flib64%2Fengines-1.1%2F.%2F..%2Flibpoco-plesk-1.9.0%2F..%2Flibcomps.so.0 HTTP/1.1" 200 989 "-" "Mozilla/5.0 AppleWebKit/537.36 (KHTML, like Gecko; compatible; ClaudeBot/1.0; +claudebot@anthropic.com)"
18.222.116.218 - - [16/Apr/2025:11:21:29 -0400] "GET /ad917/?path=%2Fhome%2F.%2F..%2Flib64%2Fengines-1.1%2F.%2F..%2Flibpoco-plesk-1.9.0%2F..%2Flibncurses.so HTTP/1.1" 200 1010 "-" "Mozilla/5.0 AppleWebKit/537.36 (KHTML, like Gecko; compatible; ClaudeBot/1.0; +claudebot@anthropic.com)"
18.222.116.218 - - [16/Apr/2025:11:21:32 -0400] "GET /ad917/?path=%2Fhome%2F.%2F..%2Flib64%2Fengines-1.1%2F.%2F..%2Flibpoco-plesk-1.9.0%2F..%2Flibxcb-shm.so HTTP/1.1" 200 991 "-" "Mozilla/5.0 AppleWebKit/537.36 (KHTML, like Gecko; compatible; ClaudeBot/1.0; +claudebot@anthropic.com)"
18.222.116.218 - - [16/Apr/2025:11:21:35 -0400] "GET /ad917/?path=%2Fhome%2F.%2F..%2Flib64%2Fengines-1.1%2F.%2F..%2Flibpoco-plesk-1.9.0%2F..%2Flibip6tc.so.2 HTTP/1.1" 200 991 "-" "Mozilla/5.0 AppleWebKit/537.36 (KHTML, like Gecko; compatible; ClaudeBot/1.0; +claudebot@anthropic.com)"
18.222.116.218 - - [16/Apr/2025:11:21:38 -0400] "GET /ad917/?path=%2Fhome%2F.%2F..%2Flib64%2Fengines-1.1%2F.%2F..%2Flibpoco-plesk-1.9.0%2F..%2Flibtinfo.so.5 HTTP/1.1" 200 990 "-" "Mozilla/5.0 AppleWebKit/537.36 (KHTML, like Gecko; compatible; ClaudeBot/1.0; +claudebot@anthropic.com)"
18.222.116.218 - - [16/Apr/2025:11:21:41 -0400] "GET /ad917/?path=%2Fhome%2F.%2F..%2Flib64%2Fengines-1.1%2F.%2F..%2Flibpoco-plesk-1.9.0%2F..%2Flibpanel.so.6 HTTP/1.1" 200 990 "-" "Mozilla/5.0 AppleWebKit/537.36 (KHTML, like Gecko; compatible; ClaudeBot/1.0; +claudebot@anthropic.com)"
18.222.116.218 - - [16/Apr/2025:11:21:44 -0400] "GET /ad917/?path=%2Fhome%2F.%2F..%2Flib64%2Fengines-1.1%2F.%2F..%2Flibpoco-plesk-1.9.0%2F..%2Flibtermcap.so HTTP/1.1" 200 1010 "-" "Mozilla/5.0 AppleWebKit/537.36 (KHTML, like Gecko; compatible; ClaudeBot/1.0; +claudebot@anthropic.com)"
18.222.116.218 - - [16/Apr/2025:11:21:47 -0400] "GET /ad917/?path=%2Fhome%2F.%2F..%2Flib64%2Fengines-1.1%2F.%2F..%2Flibpoco-plesk-1.9.0%2F..%2Flibpulse.so.0 HTTP/1.1" 200 990 "-" "Mozilla/5.0 AppleWebKit/537.36 (KHTML, like Gecko; compatible; ClaudeBot/1.0; +claudebot@anthropic.com)"
18.222.116.218 - - [16/Apr/2025:11:21:50 -0400] "GET /ad917/?path=%2Fhome%2F.%2F..%2Flib64%2Fengines-1.1%2F.%2F..%2Flibpoco-plesk-1.9.0%2F..%2FlibodbcmyS.so HTTP/1.1" 200 993 "-" "Mozilla/5.0 AppleWebKit/537.36 (KHTML, like Gecko; compatible; ClaudeBot/1.0; +claudebot@anthropic.com)"
18.222.116.218 - - [16/Apr/2025:11:21:53 -0400] "GET /ad917/?path=%2Fhome%2F.%2F..%2Flib64%2Fengines-1.1%2F.%2F..%2Flibpoco-plesk-1.9.0%2F..%2Fliblcms2.so.2 HTTP/1.1" 200 990 "-" "Mozilla/5.0 AppleWebKit/537.36 (KHTML, like Gecko; compatible; ClaudeBot/1.0; +claudebot@anthropic.com)"
18.222.116.218 - - [16/Apr/2025:11:21:56 -0400] "GET /ad917/?path=%2Fhome%2F.%2F..%2Flib64%2Fengines-1.1%2F.%2F..%2Flibpoco-plesk-1.9.0%2F..%2Flibwacom.so.2 HTTP/1.1" 200 990 "-" "Mozilla/5.0 AppleWebKit/537.36 (KHTML, like Gecko; compatible; ClaudeBot/1.0; +claudebot@anthropic.com)"
18.222.116.218 - - [16/Apr/2025:11:21:59 -0400] "GET /ad917/?path=%2Fhome%2F.%2F..%2Flib64%2Fengines-1.1%2F.%2F..%2Flibpoco-plesk-1.9.0%2F..%2Flibkdb5.so.10 HTTP/1.1" 200 990 "-" "Mozilla/5.0 AppleWebKit/537.36 (KHTML, like Gecko; compatible; ClaudeBot/1.0; +claudebot@anthropic.com)"
18.222.116.218 - - [16/Apr/2025:11:22:02 -0400] "GET /ad917/?path=%2Fhome%2F.%2F..%2Flib64%2Fengines-1.1%2F.%2F..%2Flibpoco-plesk-1.9.0%2F..%2Flibfreebl3.so HTTP/1.1" 200 990 "-" "Mozilla/5.0 AppleWebKit/537.36 (KHTML, like Gecko; compatible; ClaudeBot/1.0; +claudebot@anthropic.com)"
198.54.116.86 - - [16/Apr/2025:11:22:03 -0400] "POST /wp-cron.php?doing_wp_cron=1744816923.8638079166412353515625 HTTP/1.1" 200 0 "-" "WordPress/6.8; https://servethepeopleinc.org"
40.77.167.62 - - [16/Apr/2025:11:22:03 -0400] "GET /shopping/68407526.shtml HTTP/1.1" 301 0 "-" "Mozilla/5.0 AppleWebKit/537.36 (KHTML, like Gecko; compatible; bingbot/2.0; +http://www.bing.com/bingbot.htm) Chrome/116.0.1938.76 Safari/537.36"
40.77.167.157 - - [16/Apr/2025:11:22:04 -0400] "GET /detail2158106.shtml HTTP/1.1" 404 16940 "-" "Mozilla/5.0 AppleWebKit/537.36 (KHTML, like Gecko; compatible; bingbot/2.0; +http://www.bing.com/bingbot.htm) Chrome/116.0.1938.76 Safari/537.36"
18.222.116.218 - - [16/Apr/2025:11:22:05 -0400] "GET /ad917/?path=%2Fhome%2F.%2F..%2Flib64%2Fengines-1.1%2F.%2F..%2Flibpoco-plesk-1.9.0%2F..%2Flibfstrm.so.0 HTTP/1.1" 200 989 "-" "Mozilla/5.0 AppleWebKit/537.36 (KHTML, like Gecko; compatible; ClaudeBot/1.0; +claudebot@anthropic.com)"
18.222.116.218 - - [16/Apr/2025:11:22:08 -0400] "GET /ad917/?path=%2Fhome%2F.%2F..%2Flib64%2Fengines-1.1%2F.%2F..%2Flibpoco-plesk-1.9.0%2F..%2Flibomapi.so.0 HTTP/1.1" 200 990 "-" "Mozilla/5.0 AppleWebKit/537.36 (KHTML, like Gecko; compatible; ClaudeBot/1.0; +claudebot@anthropic.com)"
18.222.116.218 - - [16/Apr/2025:11:22:11 -0400] "GET /ad917/?path=%2Fhome%2F.%2F..%2Flib64%2Fengines-1.1%2F.%2F..%2Flibpoco-plesk-1.9.0%2F..%2Flibpaper.so.1 HTTP/1.1" 200 991 "-" "Mozilla/5.0 AppleWebKit/537.36 (KHTML, like Gecko; compatible; ClaudeBot/1.0; +claudebot@anthropic.com)"
18.222.116.218 - - [16/Apr/2025:11:22:14 -0400] "GET /ad917/?path=%2Fhome%2F.%2F..%2Flib64%2Fengines-1.1%2F.%2F..%2Flibpoco-plesk-1.9.0%2F..%2Flibformw.so.6 HTTP/1.1" 200 991 "-" "Mozilla/5.0 AppleWebKit/537.36 (KHTML, like Gecko; compatible; ClaudeBot/1.0; +claudebot@anthropic.com)"
198.54.116.86 - - [16/Apr/2025:11:22:16 -0400] "POST /wp-cron.php?doing_wp_cron=1744816936.8235719203948974609375 HTTP/1.1" 200 0 "-" "WordPress/6.8; https://servethepeopleinc.org"
40.77.167.157 - - [16/Apr/2025:11:22:16 -0400] "GET /detail/26335676.shtml HTTP/1.1" 404 16940 "-" "Mozilla/5.0 AppleWebKit/537.36 (KHTML, like Gecko; compatible; bingbot/2.0; +http://www.bing.com/bingbot.htm) Chrome/116.0.1938.76 Safari/537.36"
198.54.116.86 - - [16/Apr/2025:11:22:17 -0400] "POST /wp-admin/admin-ajax.php?action=async_litespeed&nonce=gTEQxFlmHDEBcV1NGw2IkUHz5oc10w9c&litespeed_type=imgoptm HTTP/1.1" 200 21 "-" "WordPress/6.8; https://servethepeopleinc.org"
18.222.116.218 - - [16/Apr/2025:11:22:17 -0400] "GET /ad917/?path=%2Fhome%2F.%2F..%2Flib64%2Fengines-1.1%2F.%2F..%2Flibpoco-plesk-1.9.0%2F..%2Flibverto.so.1 HTTP/1.1" 200 991 "-" "Mozilla/5.0 AppleWebKit/537.36 (KHTML, like Gecko; compatible; ClaudeBot/1.0; +claudebot@anthropic.com)"
18.222.116.218 - - [16/Apr/2025:11:22:20 -0400] "GET /ad917/?path=%2Fhome%2F.%2F..%2Flib64%2Fengines-1.1%2F.%2F..%2Flibpoco-plesk-1.9.0%2F..%2Flibauparse.so HTTP/1.1" 200 993 "-" "Mozilla/5.0 AppleWebKit/537.36 (KHTML, like Gecko; compatible; ClaudeBot/1.0; +claudebot@anthropic.com)"
18.222.116.218 - - [16/Apr/2025:11:22:23 -0400] "GET /ad917/?path=%2Fhome%2F.%2F..%2Flib64%2Fengines-1.1%2F.%2F..%2Flibpoco-plesk-1.9.0%2F..%2Flibe2p.so.2.3 HTTP/1.1" 200 990 "-" "Mozilla/5.0 AppleWebKit/537.36 (KHTML, like Gecko; compatible; ClaudeBot/1.0; +claudebot@anthropic.com)"
18.222.116.218 - - [16/Apr/2025:11:22:26 -0400] "GET /ad917/?path=%2Fhome%2F.%2F..%2Flib64%2Fengines-1.1%2F.%2F..%2Flibpoco-plesk-1.9.0%2F..%2Flibpython3.so HTTP/1.1" 200 992 "-" "Mozilla/5.0 AppleWebKit/537.36 (KHTML, like Gecko; compatible; ClaudeBot/1.0; +claudebot@anthropic.com)"
18.222.116.218 - - [16/Apr/2025:11:22:29 -0400] "GET /ad917/?path=%2Fhome%2F.%2F..%2Flib64%2Fengines-1.1%2F.%2F..%2Flibpoco-plesk-1.9.0%2F..%2Flibmenuw.so.6 HTTP/1.1" 200 991 "-" "Mozilla/5.0 AppleWebKit/537.36 (KHTML, like Gecko; compatible; ClaudeBot/1.0; +claudebot@anthropic.com)"
18.222.116.218 - - [16/Apr/2025:11:22:32 -0400] "GET /ad917/?path=%2Fhome%2F.%2F..%2Flib64%2Fengines-1.1%2F.%2F..%2Flibpoco-plesk-1.9.0%2F..%2FlibX11-xcb.so HTTP/1.1" 200 993 "-" "Mozilla/5.0 AppleWebKit/537.36 (KHTML, like Gecko; compatible; ClaudeBot/1.0; +claudebot@anthropic.com)"
40.77.167.157 - - [16/Apr/2025:11:22:33 -0400] "GET /products/xuk/oxalacetic/ HTTP/1.1" 404 16948 "-" "Mozilla/5.0 AppleWebKit/537.36 (KHTML, like Gecko; compatible; bingbot/2.0; +http://www.bing.com/bingbot.htm) Chrome/116.0.1938.76 Safari/537.36"
18.222.116.218 - - [16/Apr/2025:11:22:35 -0400] "GET /ad917/?path=%2Fhome%2F.%2F..%2Flib64%2Fengines-1.1%2F.%2F..%2Flibpoco-plesk-1.9.0%2F..%2Flibib_util.so HTTP/1.1" 200 991 "-" "Mozilla/5.0 AppleWebKit/537.36 (KHTML, like Gecko; compatible; ClaudeBot/1.0; +claudebot@anthropic.com)"
18.222.116.218 - - [16/Apr/2025:11:22:38 -0400] "GET /ad917/?path=%2Fhome%2F.%2F..%2Flib64%2Fengines-1.1%2F.%2F..%2Flibpoco-plesk-1.9.0%2F..%2Fliblua-5.1.so HTTP/1.1" 200 991 "-" "Mozilla/5.0 AppleWebKit/537.36 (KHTML, like Gecko; compatible; ClaudeBot/1.0; +claudebot@anthropic.com)"
18.222.116.218 - - [16/Apr/2025:11:22:41 -0400] "GET /ad917/?path=%2Fhome%2F.%2F..%2Flib64%2Fengines-1.1%2F.%2F..%2Flibpoco-plesk-1.9.0%2F..%2Flibevdev.so.2 HTTP/1.1" 200 990 "-" "Mozilla/5.0 AppleWebKit/537.36 (KHTML, like Gecko; compatible; ClaudeBot/1.0; +claudebot@anthropic.com)"
18.222.116.218 - - [16/Apr/2025:11:22:44 -0400] "GET /ad917/?path=%2Fhome%2F.%2F..%2Flib64%2Fengines-1.1%2F.%2F..%2Flibpoco-plesk-1.9.0%2F..%2Flibcairo.so.2 HTTP/1.1" 200 990 "-" "Mozilla/5.0 AppleWebKit/537.36 (KHTML, like Gecko; compatible; ClaudeBot/1.0; +claudebot@anthropic.com)"
18.222.116.218 - - [16/Apr/2025:11:22:47 -0400] "GET /ad917/?path=%2Fhome%2F.%2F..%2Flib64%2Fengines-1.1%2F.%2F..%2Flibpoco-plesk-1.9.0%2F..%2Flibmhash.so.2 HTTP/1.1" 200 991 "-" "Mozilla/5.0 AppleWebKit/537.36 (KHTML, like Gecko; compatible; ClaudeBot/1.0; +claudebot@anthropic.com)"
198.54.116.86 - - [16/Apr/2025:11:23:04 -0400] "POST /wp-cron.php?doing_wp_cron=1744816984.3994998931884765625000 HTTP/1.1" 200 0 "-" "WordPress/6.8; https://servethepeopleinc.org"
40.77.167.123 - - [16/Apr/2025:11:23:04 -0400] "GET /product/n/enframe/88076436.shtml HTTP/1.1" 404 16949 "-" "Mozilla/5.0 AppleWebKit/537.36 (KHTML, like Gecko; compatible; bingbot/2.0; +http://www.bing.com/bingbot.htm) Chrome/116.0.1938.76 Safari/537.36"
198.54.116.86 - - [16/Apr/2025:11:23:15 -0400] "POST /wp-cron.php?doing_wp_cron=1744816995.8822000026702880859375 HTTP/1.1" 200 0 "-" "WordPress/6.8; https://servethepeopleinc.org"
40.77.167.157 - - [16/Apr/2025:11:23:15 -0400] "GET /entity/raker33192764.shtml HTTP/1.1" 404 16940 "-" "Mozilla/5.0 AppleWebKit/537.36 (KHTML, like Gecko; compatible; bingbot/2.0; +http://www.bing.com/bingbot.htm) Chrome/116.0.1938.76 Safari/537.36"
198.54.116.86 - - [16/Apr/2025:11:23:16 -0400] "POST /wp-admin/admin-ajax.php?action=async_litespeed&nonce=LZRFJrC6GED7PGo0v13zgTQQS3jnzjw6&litespeed_type=imgoptm HTTP/1.1" 200 21 "-" "WordPress/6.8; https://servethepeopleinc.org"
40.77.167.157 - - [16/Apr/2025:11:23:18 -0400] "GET /product/30026216.shtml HTTP/1.1" 404 16941 "-" "Mozilla/5.0 AppleWebKit/537.36 (KHTML, like Gecko; compatible; bingbot/2.0; +http://www.bing.com/bingbot.htm) Chrome/116.0.1938.76 Safari/537.36"
18.118.160.215 - - [16/Apr/2025:11:23:23 -0400] "GET /ad917/?path=%2Fhome%2F.%2F..%2Flib64%2Fengines-1.1%2F.%2F..%2Flibpoco-plesk-1.9.0%2F..%2Flibpcprofile.so HTTP/1.1" 200 996 "-" "Mozilla/5.0 AppleWebKit/537.36 (KHTML, like Gecko; compatible; ClaudeBot/1.0; +claudebot@anthropic.com)"
18.118.160.215 - - [16/Apr/2025:11:23:25 -0400] "GET /ad917/?path=%2Fhome%2F.%2F..%2Flib64%2Fengines-1.1%2F.%2F..%2Flibpoco-plesk-1.9.0%2F..%2Flibsigsegv.so.2 HTTP/1.1" 200 997 "-" "Mozilla/5.0 AppleWebKit/537.36 (KHTML, like Gecko; compatible; ClaudeBot/1.0; +claudebot@anthropic.com)"
40.77.167.77 - - [16/Apr/2025:11:23:27 -0400] "GET /products71367004.shtml HTTP/1.1" 404 16942 "-" "Mozilla/5.0 AppleWebKit/537.36 (KHTML, like Gecko; compatible; bingbot/2.0; +http://www.bing.com/bingbot.htm) Chrome/116.0.1938.76 Safari/537.36"
18.118.160.215 - - [16/Apr/2025:11:23:28 -0400] "GET /ad917/?path=%2Fhome%2F.%2F..%2Flib64%2Fengines-1.1%2F.%2F..%2Flibpoco-plesk-1.9.0%2F..%2Flibdrm.so.2.4.0 HTTP/1.1" 200 994 "-" "Mozilla/5.0 AppleWebKit/537.36 (KHTML, like Gecko; compatible; ClaudeBot/1.0; +claudebot@anthropic.com)"
18.118.160.215 - - [16/Apr/2025:11:23:31 -0400] "GET /ad917/?path=%2Fhome%2F.%2F..%2Flib64%2Fengines-1.1%2F.%2F..%2Flibpoco-plesk-1.9.0%2F..%2Flibxcb-shape.so HTTP/1.1" 200 998 "-" "Mozilla/5.0 AppleWebKit/537.36 (KHTML, like Gecko; compatible; ClaudeBot/1.0; +claudebot@anthropic.com)"
18.118.160.215 - - [16/Apr/2025:11:23:34 -0400] "GET /ad917/?path=%2Fhome%2F.%2F..%2Flib64%2Fengines-1.1%2F.%2F..%2Flibpoco-plesk-1.9.0%2F..%2Flibpspell.so.15 HTTP/1.1" 200 996 "-" "Mozilla/5.0 AppleWebKit/537.36 (KHTML, like Gecko; compatible; ClaudeBot/1.0; +claudebot@anthropic.com)"
40.77.167.123 - - [16/Apr/2025:11:23:34 -0400] "GET /info/powderflask/80022626.shtml HTTP/1.1" 404 16948 "-" "Mozilla/5.0 AppleWebKit/537.36 (KHTML, like Gecko; compatible; bingbot/2.0; +http://www.bing.com/bingbot.htm) Chrome/116.0.1938.76 Safari/537.36"
40.77.167.54 - - [16/Apr/2025:11:23:35 -0400] "GET /shopbrand/troilus/45334930.shtml HTTP/1.1" 301 0 "-" "Mozilla/5.0 AppleWebKit/537.36 (KHTML, like Gecko; compatible; bingbot/2.0; +http://www.bing.com/bingbot.htm) Chrome/116.0.1938.76 Safari/537.36"
18.118.160.215 - - [16/Apr/2025:11:23:37 -0400] "GET /ad917/?path=%2Fhome%2F.%2F..%2Flib64%2Fengines-1.1%2F.%2F..%2Flibpoco-plesk-1.9.0%2F..%2Flibpkgconf.so.3 HTTP/1.1" 200 996 "-" "Mozilla/5.0 AppleWebKit/537.36 (KHTML, like Gecko; compatible; ClaudeBot/1.0; +claudebot@anthropic.com)"
18.118.160.215 - - [16/Apr/2025:11:23:40 -0400] "GET /ad917/?path=%2Fhome%2F.%2F..%2Flib64%2Fengines-1.1%2F.%2F..%2Flibpoco-plesk-1.9.0%2F..%2Flibply.so.5.0.0 HTTP/1.1" 200 995 "-" "Mozilla/5.0 AppleWebKit/537.36 (KHTML, like Gecko; compatible; ClaudeBot/1.0; +claudebot@anthropic.com)"
18.118.160.215 - - [16/Apr/2025:11:23:43 -0400] "GET /ad917/?path=%2Fhome%2F.%2F..%2Flib64%2Fengines-1.1%2F.%2F..%2Flibpoco-plesk-1.9.0%2F..%2Flibkadm5clnt.so HTTP/1.1" 200 998 "-" "Mozilla/5.0 AppleWebKit/537.36 (KHTML, like Gecko; compatible; ClaudeBot/1.0; +claudebot@anthropic.com)"
18.118.160.215 - - [16/Apr/2025:11:23:46 -0400] "GET /ad917/?path=%2Fhome%2F.%2F..%2Flib64%2Fengines-1.1%2F.%2F..%2Flibpoco-plesk-1.9.0%2F..%2FlibodbcnnS.so.2 HTTP/1.1" 200 1000 "-" "Mozilla/5.0 AppleWebKit/537.36 (KHTML, like Gecko; compatible; ClaudeBot/1.0; +claudebot@anthropic.com)"
18.118.160.215 - - [16/Apr/2025:11:23:49 -0400] "GET /ad917/?path=%2Fhome%2F.%2F..%2Flib64%2Fengines-1.1%2F.%2F..%2Flibpoco-plesk-1.9.0%2F..%2FlibodbcpsqlS.so HTTP/1.1" 200 1000 "-" "Mozilla/5.0 AppleWebKit/537.36 (KHTML, like Gecko; compatible; ClaudeBot/1.0; +claudebot@anthropic.com)"
18.118.160.215 - - [16/Apr/2025:11:23:52 -0400] "GET /ad917/?path=%2Fhome%2F.%2F..%2Flib64%2Fengines-1.1%2F.%2F..%2Flibpoco-plesk-1.9.0%2F..%2Flibnss_sss.so.2 HTTP/1.1" 200 998 "-" "Mozilla/5.0 AppleWebKit/537.36 (KHTML, like Gecko; compatible; ClaudeBot/1.0; +claudebot@anthropic.com)"
18.118.160.215 - - [16/Apr/2025:11:23:55 -0400] "GET /ad917/?path=%2Fhome%2F.%2F..%2Flib64%2Fengines-1.1%2F.%2F..%2Flibpoco-plesk-1.9.0%2F..%2Flibsndfile.so.1 HTTP/1.1" 200 997 "-" "Mozilla/5.0 AppleWebKit/537.36 (KHTML, like Gecko; compatible; ClaudeBot/1.0; +claudebot@anthropic.com)"
40.77.167.157 - - [16/Apr/2025:11:23:56 -0400] "GET /product/leucinlusin/ HTTP/1.1" 404 16940 "-" "Mozilla/5.0 AppleWebKit/537.36 (KHTML, like Gecko; compatible; bingbot/2.0; +http://www.bing.com/bingbot.htm) Chrome/116.0.1938.76 Safari/537.36"
18.118.160.215 - - [16/Apr/2025:11:23:58 -0400] "GET /ad917/?path=%2Fhome%2F.%2F..%2Flib64%2Fengines-1.1%2F.%2F..%2Flibpoco-plesk-1.9.0%2F..%2Flibutil-2.28.so HTTP/1.1" 200 997 "-" "Mozilla/5.0 AppleWebKit/537.36 (KHTML, like Gecko; compatible; ClaudeBot/1.0; +claudebot@anthropic.com)"
18.118.160.215 - - [16/Apr/2025:11:24:01 -0400] "GET /ad917/?path=%2Fhome%2F.%2F..%2Flib64%2Fengines-1.1%2F.%2F..%2Flibpoco-plesk-1.9.0%2F..%2Flibpython2.7.so HTTP/1.1" 200 997 "-" "Mozilla/5.0 AppleWebKit/537.36 (KHTML, like Gecko; compatible; ClaudeBot/1.0; +claudebot@anthropic.com)"
18.118.160.215 - - [16/Apr/2025:11:24:04 -0400] "GET /ad917/?path=%2Fhome%2F.%2F..%2Flib64%2Fengines-1.1%2F.%2F..%2Flibpoco-plesk-1.9.0%2F..%2Flibpthread.so.0 HTTP/1.1" 200 994 "-" "Mozilla/5.0 AppleWebKit/537.36 (KHTML, like Gecko; compatible; ClaudeBot/1.0; +claudebot@anthropic.com)"
18.118.160.215 - - [16/Apr/2025:11:24:07 -0400] "GET /ad917/?path=%2Fhome%2F.%2F..%2Flib64%2Fengines-1.1%2F.%2F..%2Flibpoco-plesk-1.9.0%2F..%2FlibXmu.so.6.2.0 HTTP/1.1" 200 998 "-" "Mozilla/5.0 AppleWebKit/537.36 (KHTML, like Gecko; compatible; ClaudeBot/1.0; +claudebot@anthropic.com)"
18.118.160.215 - - [16/Apr/2025:11:24:10 -0400] "GET /ad917/?path=%2Fhome%2F.%2F..%2Flib64%2Fengines-1.1%2F.%2F..%2Flibpoco-plesk-1.9.0%2F..%2Flibncurses.so.5 HTTP/1.1" 200 997 "-" "Mozilla/5.0 AppleWebKit/537.36 (KHTML, like Gecko; compatible; ClaudeBot/1.0; +claudebot@anthropic.com)"
18.118.160.215 - - [16/Apr/2025:11:24:13 -0400] "GET /ad917/?path=%2Fhome%2F.%2F..%2Flib64%2Fengines-1.1%2F.%2F..%2Flibpoco-plesk-1.9.0%2F..%2Flibgpm.so.2.1.0 HTTP/1.1" 200 994 "-" "Mozilla/5.0 AppleWebKit/537.36 (KHTML, like Gecko; compatible; ClaudeBot/1.0; +claudebot@anthropic.com)"
18.118.160.215 - - [16/Apr/2025:11:24:16 -0400] "GET /ad917/?path=%2Fhome%2F.%2F..%2Flib64%2Fengines-1.1%2F.%2F..%2Flibpoco-plesk-1.9.0%2F..%2FlibodbcmyS.so.2 HTTP/1.1" 200 1000 "-" "Mozilla/5.0 AppleWebKit/537.36 (KHTML, like Gecko; compatible; ClaudeBot/1.0; +claudebot@anthropic.com)"
18.118.160.215 - - [16/Apr/2025:11:24:19 -0400] "GET /ad917/?path=%2Fhome%2F.%2F..%2Flib64%2Fengines-1.1%2F.%2F..%2Flibpoco-plesk-1.9.0%2F..%2FlibGLX.so.0.0.0 HTTP/1.1" 200 997 "-" "Mozilla/5.0 AppleWebKit/537.36 (KHTML, like Gecko; compatible; ClaudeBot/1.0; +claudebot@anthropic.com)"
18.118.160.215 - - [16/Apr/2025:11:24:22 -0400] "GET /ad917/?path=%2Fhome%2F.%2F..%2Flib64%2Fengines-1.1%2F.%2F..%2Flibpoco-plesk-1.9.0%2F..%2Flibbz2.so.1.0.6 HTTP/1.1" 200 997 "-" "Mozilla/5.0 AppleWebKit/537.36 (KHTML, like Gecko; compatible; ClaudeBot/1.0; +claudebot@anthropic.com)"
18.118.160.215 - - [16/Apr/2025:11:24:25 -0400] "GET /ad917/?path=%2Fhome%2F.%2F..%2Flib64%2Fengines-1.1%2F.%2F..%2Flibpoco-plesk-1.9.0%2F..%2Flibbind9.so.161 HTTP/1.1" 200 998 "-" "Mozilla/5.0 AppleWebKit/537.36 (KHTML, like Gecko; compatible; ClaudeBot/1.0; +claudebot@anthropic.com)"
18.118.160.215 - - [16/Apr/2025:11:24:28 -0400] "GET /ad917/?path=%2Fhome%2F.%2F..%2Flib64%2Fengines-1.1%2F.%2F..%2Flibpoco-plesk-1.9.0%2F..%2Fliblve.so.0.9.0 HTTP/1.1" 200 993 "-" "Mozilla/5.0 AppleWebKit/537.36 (KHTML, like Gecko; compatible; ClaudeBot/1.0; +claudebot@anthropic.com)"
18.118.160.215 - - [16/Apr/2025:11:24:31 -0400] "GET /ad917/?path=%2Fhome%2F.%2F..%2Flib64%2Fengines-1.1%2F.%2F..%2Flibpoco-plesk-1.9.0%2F..%2Flibxcb-shm.so.0 HTTP/1.1" 200 995 "-" "Mozilla/5.0 AppleWebKit/537.36 (KHTML, like Gecko; compatible; ClaudeBot/1.0; +claudebot@anthropic.com)"
198.54.116.86 - - [16/Apr/2025:11:24:33 -0400] "POST /wp-cron.php?doing_wp_cron=1744817073.3128631114959716796875 HTTP/1.1" 200 0 "-" "WordPress/6.8; https://servethepeopleinc.org"
40.77.167.62 - - [16/Apr/2025:11:24:33 -0400] "GET /item/52266476.shtml HTTP/1.1" 301 0 "-" "Mozilla/5.0 AppleWebKit/537.36 (KHTML, like Gecko; compatible; bingbot/2.0; +http://www.bing.com/bingbot.htm) Chrome/116.0.1938.76 Safari/537.36"
198.54.116.86 - - [16/Apr/2025:11:24:33 -0400] "POST /wp-admin/admin-ajax.php?action=async_litespeed&nonce=QJqz6RDVbugxQ4sftPka4omcjfNfHLtl&litespeed_type=imgoptm HTTP/1.1" 200 21 "-" "WordPress/6.8; https://servethepeopleinc.org"
18.118.160.215 - - [16/Apr/2025:11:24:34 -0400] "GET /ad917/?path=%2Fhome%2F.%2F..%2Flib64%2Fengines-1.1%2F.%2F..%2Flibpoco-plesk-1.9.0%2F..%2Flibrpmsign.so.8 HTTP/1.1" 200 997 "-" "Mozilla/5.0 AppleWebKit/537.36 (KHTML, like Gecko; compatible; ClaudeBot/1.0; +claudebot@anthropic.com)"
18.118.160.215 - - [16/Apr/2025:11:24:37 -0400] "GET /ad917/?path=%2Fhome%2F.%2F..%2Flib64%2Fengines-1.1%2F.%2F..%2Flibpoco-plesk-1.9.0%2F..%2Flibbpf.so.0.5.0 HTTP/1.1" 200 994 "-" "Mozilla/5.0 AppleWebKit/537.36 (KHTML, like Gecko; compatible; ClaudeBot/1.0; +claudebot@anthropic.com)"
18.118.160.215 - - [16/Apr/2025:11:24:40 -0400] "GET /ad917/?path=%2Fhome%2F.%2F..%2Flib64%2Fengines-1.1%2F.%2F..%2Flibpoco-plesk-1.9.0%2F..%2Flibauparse.so.0 HTTP/1.1" 200 996 "-" "Mozilla/5.0 AppleWebKit/537.36 (KHTML, like Gecko; compatible; ClaudeBot/1.0; +claudebot@anthropic.com)"
3.17.66.55 - - [16/Apr/2025:11:24:42 -0400] "GET /ad917/?path=%2Fhome%2Fservlmvm%2Fwww%2Fwp-admin%2F..%2F.htaccess.bk HTTP/1.1" 403 1242 "-" "Mozilla/5.0 AppleWebKit/537.36 (KHTML, like Gecko; compatible; ClaudeBot/1.0; +claudebot@anthropic.com)"
3.17.66.55 - - [16/Apr/2025:11:24:42 -0400] "GET /ad917/?path=%2Fhome%2Fservlmvm%2Fpublic_ftp%2F..%2F.%2F.bash_logout HTTP/1.1" 200 967 "-" "Mozilla/5.0 AppleWebKit/537.36 (KHTML, like Gecko; compatible; ClaudeBot/1.0; +claudebot@anthropic.com)"
3.17.66.55 - - [16/Apr/2025:11:24:42 -0400] "GET /ad917/?path=%2Fhome%2Fservlmvm%2Fwww%2Fwp-admin%2F.%2Fnav-menus.php HTTP/1.1" 200 12882 "-" "Mozilla/5.0 AppleWebKit/537.36 (KHTML, like Gecko; compatible; ClaudeBot/1.0; +claudebot@anthropic.com)"
3.17.66.55 - - [16/Apr/2025:11:24:42 -0400] "GET /ad917/?path=%2Fhome%2Fservlmvm%2Fwww%2Fwp-admin%2Fjs%2Fsite-icon.js HTTP/1.1" 200 2949 "-" "Mozilla/5.0 AppleWebKit/537.36 (KHTML, like Gecko; compatible; ClaudeBot/1.0; +claudebot@anthropic.com)"
3.17.66.55 - - [16/Apr/2025:11:24:42 -0400] "GET /ad917/?path=%2Fhome%2Fservlmvm%2Fwww%2Fwp-admin%2Fcss%2Finstall.css HTTP/1.1" 200 2880 "-" "Mozilla/5.0 AppleWebKit/537.36 (KHTML, like Gecko; compatible; ClaudeBot/1.0; +claudebot@anthropic.com)"
3.17.66.55 - - [16/Apr/2025:11:24:43 -0400] "GET /ad917/?path=%2Fhome%2Fservlmvm%2Fwww%2Fwp-admin%2Fjs%2Faccordion.js HTTP/1.1" 200 1980 "-" "Mozilla/5.0 AppleWebKit/537.36 (KHTML, like Gecko; compatible; ClaudeBot/1.0; +claudebot@anthropic.com)"
3.17.66.55 - - [16/Apr/2025:11:24:43 -0400] "GET /ad917/?path=%2Fhome%2Fservlmvm%2Fpublic_html%2Fimages%2F.%2F..%2F.. HTTP/1.1" 200 2487 "-" "Mozilla/5.0 AppleWebKit/537.36 (KHTML, like Gecko; compatible; ClaudeBot/1.0; +claudebot@anthropic.com)"
3.17.66.55 - - [16/Apr/2025:11:24:43 -0400] "GET /ad917/?path=%2Fhome%2Fservlmvm%2Fpublic_html%2Fwp-admin%2Fterm.php HTTP/1.1" 200 1933 "-" "Mozilla/5.0 AppleWebKit/537.36 (KHTML, like Gecko; compatible; ClaudeBot/1.0; +claudebot@anthropic.com)"
3.17.66.55 - - [16/Apr/2025:11:24:43 -0400] "GET /ad917/?path=%2Fhome%2F.%2F..%2Flib%2Flocale%2F..%2F..%2Fbin%2Fusers HTTP/1.1" 200 957 "-" "Mozilla/5.0 AppleWebKit/537.36 (KHTML, like Gecko; compatible; ClaudeBot/1.0; +claudebot@anthropic.com)"
3.17.66.55 - - [16/Apr/2025:11:24:43 -0400] "GET /ad917/?path=%2Fhome%2F.%2F..%2Flib%2Flocale%2F..%2F..%2Fbin%2Fwatch HTTP/1.1" 200 957 "-" "Mozilla/5.0 AppleWebKit/537.36 (KHTML, like Gecko; compatible; ClaudeBot/1.0; +claudebot@anthropic.com)"
3.17.66.55 - - [16/Apr/2025:11:24:43 -0400] "GET /ad917/?path=%2Fhome%2F.%2F..%2Flib%2Flocale%2F..%2F..%2Fbin%2Fps2ps HTTP/1.1" 200 1359 "-" "Mozilla/5.0 AppleWebKit/537.36 (KHTML, like Gecko; compatible; ClaudeBot/1.0; +claudebot@anthropic.com)"
18.118.160.215 - - [16/Apr/2025:11:24:43 -0400] "GET /ad917/?path=%2Fhome%2F.%2F..%2Flib64%2Fengines-1.1%2F.%2F..%2Flibpoco-plesk-1.9.0%2F..%2FlibXxf86vm.so.1 HTTP/1.1" 200 1000 "-" "Mozilla/5.0 AppleWebKit/537.36 (KHTML, like Gecko; compatible; ClaudeBot/1.0; +claudebot@anthropic.com)"
18.118.160.215 - - [16/Apr/2025:11:24:46 -0400] "GET /ad917/?path=%2Fhome%2F.%2F..%2Flib64%2Fengines-1.1%2F.%2F..%2Flibpoco-plesk-1.9.0%2F..%2Flibnet.so.1.7.0 HTTP/1.1" 200 995 "-" "Mozilla/5.0 AppleWebKit/537.36 (KHTML, like Gecko; compatible; ClaudeBot/1.0; +claudebot@anthropic.com)"
18.118.160.215 - - [16/Apr/2025:11:24:49 -0400] "GET /ad917/?path=%2Fhome%2F.%2F..%2Flib64%2Fengines-1.1%2F.%2F..%2Flibpoco-plesk-1.9.0%2F..%2FlibX11-xcb.so.1 HTTP/1.1" 200 999 "-" "Mozilla/5.0 AppleWebKit/537.36 (KHTML, like Gecko; compatible; ClaudeBot/1.0; +claudebot@anthropic.com)"
18.118.160.215 - - [16/Apr/2025:11:24:52 -0400] "GET /ad917/?path=%2Fhome%2F.%2F..%2Flib64%2Fengines-1.1%2F.%2F..%2Flibpoco-plesk-1.9.0%2F..%2Flibogg.so.0.8.2 HTTP/1.1" 200 997 "-" "Mozilla/5.0 AppleWebKit/537.36 (KHTML, like Gecko; compatible; ClaudeBot/1.0; +claudebot@anthropic.com)"
40.77.167.157 - - [16/Apr/2025:11:24:54 -0400] "GET /goodscode/viscidity57979084.shtml HTTP/1.1" 404 16941 "-" "Mozilla/5.0 AppleWebKit/537.36 (KHTML, like Gecko; compatible; bingbot/2.0; +http://www.bing.com/bingbot.htm) Chrome/116.0.1938.76 Safari/537.36"
18.118.160.215 - - [16/Apr/2025:11:24:55 -0400] "GET /ad917/?path=%2Fhome%2F.%2F..%2Flib64%2Fengines-1.1%2F.%2F..%2Flibpoco-plesk-1.9.0%2F..%2Flibgif.so.7.0.0 HTTP/1.1" 200 995 "-" "Mozilla/5.0 AppleWebKit/537.36 (KHTML, like Gecko; compatible; ClaudeBot/1.0; +claudebot@anthropic.com)"
18.118.160.215 - - [16/Apr/2025:11:24:58 -0400] "GET /ad917/?path=%2Fhome%2F.%2F..%2Flib64%2Fengines-1.1%2F.%2F..%2Flibpoco-plesk-1.9.0%2F..%2Flibxslt-plugins HTTP/1.1" 200 1480 "-" "Mozilla/5.0 AppleWebKit/537.36 (KHTML, like Gecko; compatible; ClaudeBot/1.0; +claudebot@anthropic.com)"
18.118.160.215 - - [16/Apr/2025:11:25:01 -0400] "GET /ad917/?path=%2Fhome%2F.%2F..%2Flib64%2Fengines-1.1%2F.%2F..%2Flibpoco-plesk-1.9.0%2F..%2Flibwiretap.so.8 HTTP/1.1" 200 997 "-" "Mozilla/5.0 AppleWebKit/537.36 (KHTML, like Gecko; compatible; ClaudeBot/1.0; +claudebot@anthropic.com)"
18.118.160.215 - - [16/Apr/2025:11:25:04 -0400] "GET /ad917/?path=%2Fhome%2F.%2F..%2Flib64%2Fengines-1.1%2F.%2F..%2Flibpoco-plesk-1.9.0%2F..%2Flibpython3.8.so HTTP/1.1" 200 997 "-" "Mozilla/5.0 AppleWebKit/537.36 (KHTML, like Gecko; compatible; ClaudeBot/1.0; +claudebot@anthropic.com)"
18.118.160.215 - - [16/Apr/2025:11:25:07 -0400] "GET /ad917/?path=%2Fhome%2F.%2F..%2Flib64%2Fengines-1.1%2F.%2F..%2Flibpoco-plesk-1.9.0%2F..%2Flibvmtools.so.0 HTTP/1.1" 200 994 "-" "Mozilla/5.0 AppleWebKit/537.36 (KHTML, like Gecko; compatible; ClaudeBot/1.0; +claudebot@anthropic.com)"
18.118.160.215 - - [16/Apr/2025:11:25:10 -0400] "GET /ad917/?path=%2Fhome%2F.%2F..%2Flib64%2Fengines-1.1%2F.%2F..%2Flibpoco-plesk-1.9.0%2F..%2Flibmariadb.so.3 HTTP/1.1" 200 997 "-" "Mozilla/5.0 AppleWebKit/537.36 (KHTML, like Gecko; compatible; ClaudeBot/1.0; +claudebot@anthropic.com)"
18.118.160.215 - - [16/Apr/2025:11:25:13 -0400] "GET /ad917/?path=%2Fhome%2F.%2F..%2Flib64%2Fengines-1.1%2F.%2F..%2Flibpoco-plesk-1.9.0%2F..%2Flibvpx.so.5.0.0 HTTP/1.1" 200 995 "-" "Mozilla/5.0 AppleWebKit/537.36 (KHTML, like Gecko; compatible; ClaudeBot/1.0; +claudebot@anthropic.com)"
198.54.116.86 - - [16/Apr/2025:11:25:15 -0400] "POST /wp-cron.php?doing_wp_cron=1744817115.3464820384979248046875 HTTP/1.1" 200 0 "-" "WordPress/6.8; https://servethepeopleinc.org"
40.77.167.123 - - [16/Apr/2025:11:25:15 -0400] "GET /detail40806654.shtml HTTP/1.1" 404 16942 "-" "Mozilla/5.0 AppleWebKit/537.36 (KHTML, like Gecko; compatible; bingbot/2.0; +http://www.bing.com/bingbot.htm) Chrome/116.0.1938.76 Safari/537.36"
198.54.116.86 - - [16/Apr/2025:11:25:15 -0400] "POST /wp-admin/admin-ajax.php?action=async_litespeed&nonce=6euNOqvPa5MCMcpOlYfSDnftigcNFUjk&litespeed_type=imgoptm HTTP/1.1" 200 21 "-" "WordPress/6.8; https://servethepeopleinc.org"
18.118.160.215 - - [16/Apr/2025:11:25:16 -0400] "GET /ad917/?path=%2Fhome%2F.%2F..%2Flib64%2Fengines-1.1%2F.%2F..%2Flibpoco-plesk-1.9.0%2F..%2Flibmenuw.so.5.9 HTTP/1.1" 200 998 "-" "Mozilla/5.0 AppleWebKit/537.36 (KHTML, like Gecko; compatible; ClaudeBot/1.0; +claudebot@anthropic.com)"
18.118.160.215 - - [16/Apr/2025:11:25:19 -0400] "GET /ad917/?path=%2Fhome%2F.%2F..%2Flib64%2Fengines-1.1%2F.%2F..%2Flibpoco-plesk-1.9.0%2F..%2FlibQt5Test.so.5 HTTP/1.1" 200 1001 "-" "Mozilla/5.0 AppleWebKit/537.36 (KHTML, like Gecko; compatible; ClaudeBot/1.0; +claudebot@anthropic.com)"
18.118.160.215 - - [16/Apr/2025:11:25:22 -0400] "GET /ad917/?path=%2Fhome%2F.%2F..%2Flib64%2Fengines-1.1%2F.%2F..%2Flibpoco-plesk-1.9.0%2F..%2Flibffi.so.6.0.2 HTTP/1.1" 200 997 "-" "Mozilla/5.0 AppleWebKit/537.36 (KHTML, like Gecko; compatible; ClaudeBot/1.0; +claudebot@anthropic.com)"
40.77.167.77 - - [16/Apr/2025:11:25:26 -0400] "GET /goods28689880.shtml HTTP/1.1" 404 16940 "-" "Mozilla/5.0 AppleWebKit/537.36 (KHTML, like Gecko; compatible; bingbot/2.0; +http://www.bing.com/bingbot.htm) Chrome/116.0.1938.76 Safari/537.36"
40.77.167.62 - - [16/Apr/2025:11:25:34 -0400] "GET /shopping/alate36481196.shtml HTTP/1.1" 301 0 "-" "Mozilla/5.0 AppleWebKit/537.36 (KHTML, like Gecko; compatible; bingbot/2.0; +http://www.bing.com/bingbot.htm) Chrome/116.0.1938.76 Safari/537.36"
40.77.167.77 - - [16/Apr/2025:11:25:38 -0400] "GET /info/penandink120294578.shtml HTTP/1.1" 404 16941 "-" "Mozilla/5.0 AppleWebKit/537.36 (KHTML, like Gecko; compatible; bingbot/2.0; +http://www.bing.com/bingbot.htm) Chrome/116.0.1938.76 Safari/537.36"
18.191.190.165 - - [16/Apr/2025:11:25:54 -0400] "GET /ad917/?path=%2Fhome%2F.%2F..%2Flib64%2Fengines-1.1%2F.%2F..%2Flibpoco-plesk-1.9.0%2F..%2Flibmysqlclient.so HTTP/1.1" 200 995 "-" "Mozilla/5.0 AppleWebKit/537.36 (KHTML, like Gecko; compatible; ClaudeBot/1.0; +claudebot@anthropic.com)"
40.77.167.157 - - [16/Apr/2025:11:25:55 -0400] "GET /items22807928.shtml HTTP/1.1" 404 16943 "-" "Mozilla/5.0 AppleWebKit/537.36 (KHTML, like Gecko; compatible; bingbot/2.0; +http://www.bing.com/bingbot.htm) Chrome/116.0.1938.76 Safari/537.36"
18.191.190.165 - - [16/Apr/2025:11:25:57 -0400] "GET /ad917/?path=%2Fhome%2F.%2F..%2Flib64%2Fengines-1.1%2F.%2F..%2Flibpoco-plesk-1.9.0%2F..%2Flibgraphite2.so.3 HTTP/1.1" 200 994 "-" "Mozilla/5.0 AppleWebKit/537.36 (KHTML, like Gecko; compatible; ClaudeBot/1.0; +claudebot@anthropic.com)"
18.191.190.165 - - [16/Apr/2025:11:26:00 -0400] "GET /ad917/?path=%2Fhome%2F.%2F..%2Flib64%2Fengines-1.1%2F.%2F..%2Flibpoco-plesk-1.9.0%2F..%2Flibcrypt.so.1.1.0 HTTP/1.1" 200 992 "-" "Mozilla/5.0 AppleWebKit/537.36 (KHTML, like Gecko; compatible; ClaudeBot/1.0; +claudebot@anthropic.com)"
18.191.190.165 - - [16/Apr/2025:11:26:03 -0400] "GET /ad917/?path=%2Fhome%2F.%2F..%2Flib64%2Fengines-1.1%2F.%2F..%2Flibpoco-plesk-1.9.0%2F..%2Flibxcb-randr.so.0 HTTP/1.1" 200 992 "-" "Mozilla/5.0 AppleWebKit/537.36 (KHTML, like Gecko; compatible; ClaudeBot/1.0; +claudebot@anthropic.com)"
18.191.190.165 - - [16/Apr/2025:11:26:06 -0400] "GET /ad917/?path=%2Fhome%2F.%2F..%2Flib64%2Fengines-1.1%2F.%2F..%2Flibpoco-plesk-1.9.0%2F..%2FlibXxf86misc.so.1 HTTP/1.1" 200 995 "-" "Mozilla/5.0 AppleWebKit/537.36 (KHTML, like Gecko; compatible; ClaudeBot/1.0; +claudebot@anthropic.com)"
18.191.190.165 - - [16/Apr/2025:11:26:09 -0400] "GET /ad917/?path=%2Fhome%2F.%2F..%2Flib64%2Fengines-1.1%2F.%2F..%2Flibpoco-plesk-1.9.0%2F..%2Flibedit.so.0.0.56 HTTP/1.1" 200 993 "-" "Mozilla/5.0 AppleWebKit/537.36 (KHTML, like Gecko; compatible; ClaudeBot/1.0; +claudebot@anthropic.com)"
18.191.190.165 - - [16/Apr/2025:11:26:12 -0400] "GET /ad917/?path=%2Fhome%2F.%2F..%2Flib64%2Fengines-1.1%2F.%2F..%2Flibpoco-plesk-1.9.0%2F..%2Flibevent-2.1.so.6 HTTP/1.1" 200 993 "-" "Mozilla/5.0 AppleWebKit/537.36 (KHTML, like Gecko; compatible; ClaudeBot/1.0; +claudebot@anthropic.com)"
198.54.116.86 - - [16/Apr/2025:11:26:15 -0400] "POST /wp-cron.php?doing_wp_cron=1744817175.5830550193786621093750 HTTP/1.1" 200 0 "-" "WordPress/6.8; https://servethepeopleinc.org"
18.191.190.165 - - [16/Apr/2025:11:26:15 -0400] "GET /ad917/?path=%2Fhome%2F.%2F..%2Flib64%2Fengines-1.1%2F.%2F..%2Flibpoco-plesk-1.9.0%2F..%2Flibtheoraenc.so.1 HTTP/1.1" 200 992 "-" "Mozilla/5.0 AppleWebKit/537.36 (KHTML, like Gecko; compatible; ClaudeBot/1.0; +claudebot@anthropic.com)"
40.77.167.157 - - [16/Apr/2025:11:26:15 -0400] "GET /product46599252.shtml HTTP/1.1" 404 16942 "-" "Mozilla/5.0 AppleWebKit/537.36 (KHTML, like Gecko; compatible; bingbot/2.0; +http://www.bing.com/bingbot.htm) Chrome/116.0.1938.76 Safari/537.36"
198.54.116.86 - - [16/Apr/2025:11:26:15 -0400] "POST /wp-admin/admin-ajax.php?action=async_litespeed&nonce=KKj00ac5D0ec5LugWG6h6PyUWa90KPN8&litespeed_type=imgoptm HTTP/1.1" 200 21 "-" "WordPress/6.8; https://servethepeopleinc.org"
18.191.190.165 - - [16/Apr/2025:11:26:18 -0400] "GET /ad917/?path=%2Fhome%2F.%2F..%2Flib64%2Fengines-1.1%2F.%2F..%2Flibpoco-plesk-1.9.0%2F..%2Flibncurses++.so.6 HTTP/1.1" 200 1258 "-" "Mozilla/5.0 AppleWebKit/537.36 (KHTML, like Gecko; compatible; ClaudeBot/1.0; +claudebot@anthropic.com)"
18.191.190.165 - - [16/Apr/2025:11:26:21 -0400] "GET /ad917/?path=%2Fhome%2F.%2F..%2Flib64%2Fengines-1.1%2F.%2F..%2Flibpoco-plesk-1.9.0%2F..%2Flibpcre.so.1.2.10 HTTP/1.1" 200 992 "-" "Mozilla/5.0 AppleWebKit/537.36 (KHTML, like Gecko; compatible; ClaudeBot/1.0; +claudebot@anthropic.com)"
52.167.144.203 - - [16/Apr/2025:11:26:23 -0400] "GET /goods48988796.shtml HTTP/1.1" 301 0 "-" "Mozilla/5.0 AppleWebKit/537.36 (KHTML, like Gecko; compatible; bingbot/2.0; +http://www.bing.com/bingbot.htm) Chrome/116.0.1938.76 Safari/537.36"
18.191.190.165 - - [16/Apr/2025:11:26:24 -0400] "GET /ad917/?path=%2Fhome%2F.%2F..%2Flib64%2Fengines-1.1%2F.%2F..%2Flibpoco-plesk-1.9.0%2F..%2Flibjpeg.so.62.2.0 HTTP/1.1" 200 993 "-" "Mozilla/5.0 AppleWebKit/537.36 (KHTML, like Gecko; compatible; ClaudeBot/1.0; +claudebot@anthropic.com)"
18.191.190.165 - - [16/Apr/2025:11:26:27 -0400] "GET /ad917/?path=%2Fhome%2F.%2F..%2Flib64%2Fengines-1.1%2F.%2F..%2Flibpoco-plesk-1.9.0%2F..%2Flibcrack.so.2.9.0 HTTP/1.1" 200 991 "-" "Mozilla/5.0 AppleWebKit/537.36 (KHTML, like Gecko; compatible; ClaudeBot/1.0; +claudebot@anthropic.com)"
18.191.190.165 - - [16/Apr/2025:11:26:30 -0400] "GET /ad917/?path=%2Fhome%2F.%2F..%2Flib64%2Fengines-1.1%2F.%2F..%2Flibpoco-plesk-1.9.0%2F..%2Flibaprutil-1.so.0 HTTP/1.1" 200 992 "-" "Mozilla/5.0 AppleWebKit/537.36 (KHTML, like Gecko; compatible; ClaudeBot/1.0; +claudebot@anthropic.com)"
18.191.190.165 - - [16/Apr/2025:11:26:33 -0400] "GET /ad917/?path=%2Fhome%2F.%2F..%2Flib64%2Fengines-1.1%2F.%2F..%2Flibpoco-plesk-1.9.0%2F..%2Flibgssapi_krb5.so HTTP/1.1" 200 994 "-" "Mozilla/5.0 AppleWebKit/537.36 (KHTML, like Gecko; compatible; ClaudeBot/1.0; +claudebot@anthropic.com)"
40.77.167.62 - - [16/Apr/2025:11:26:34 -0400] "GET /detail24554964.shtml HTTP/1.1" 301 0 "-" "Mozilla/5.0 AppleWebKit/537.36 (KHTML, like Gecko; compatible; bingbot/2.0; +http://www.bing.com/bingbot.htm) Chrome/116.0.1938.76 Safari/537.36"
40.77.167.123 - - [16/Apr/2025:11:26:34 -0400] "GET /detail50433730.shtml HTTP/1.1" 404 16940 "-" "Mozilla/5.0 AppleWebKit/537.36 (KHTML, like Gecko; compatible; bingbot/2.0; +http://www.bing.com/bingbot.htm) Chrome/116.0.1938.76 Safari/537.36"
18.191.190.165 - - [16/Apr/2025:11:26:36 -0400] "GET /ad917/?path=%2Fhome%2F.%2F..%2Flib64%2Fengines-1.1%2F.%2F..%2Flibpoco-plesk-1.9.0%2F..%2Flibxshmfence.so.1 HTTP/1.1" 200 993 "-" "Mozilla/5.0 AppleWebKit/537.36 (KHTML, like Gecko; compatible; ClaudeBot/1.0; +claudebot@anthropic.com)"
18.191.190.165 - - [16/Apr/2025:11:26:39 -0400] "GET /ad917/?path=%2Fhome%2F.%2F..%2Flib64%2Fengines-1.1%2F.%2F..%2Flibpoco-plesk-1.9.0%2F..%2Flibtss2-esys.so.0 HTTP/1.1" 200 993 "-" "Mozilla/5.0 AppleWebKit/537.36 (KHTML, like Gecko; compatible; ClaudeBot/1.0; +claudebot@anthropic.com)"
18.191.190.165 - - [16/Apr/2025:11:26:42 -0400] "GET /ad917/?path=%2Fhome%2F.%2F..%2Flib64%2Fengines-1.1%2F.%2F..%2Flibpoco-plesk-1.9.0%2F..%2Flibgailutil.so.18 HTTP/1.1" 200 993 "-" "Mozilla/5.0 AppleWebKit/537.36 (KHTML, like Gecko; compatible; ClaudeBot/1.0; +claudebot@anthropic.com)"
18.191.190.165 - - [16/Apr/2025:11:26:45 -0400] "GET /ad917/?path=%2Fhome%2F.%2F..%2Flib64%2Fengines-1.1%2F.%2F..%2Flibpoco-plesk-1.9.0%2F..%2Flibsasl2.so.3.0.0 HTTP/1.1" 200 992 "-" "Mozilla/5.0 AppleWebKit/537.36 (KHTML, like Gecko; compatible; ClaudeBot/1.0; +claudebot@anthropic.com)"
40.77.167.54 - - [16/Apr/2025:11:26:46 -0400] "GET /info/respecting99438386.shtml HTTP/1.1" 301 0 "-" "Mozilla/5.0 AppleWebKit/537.36 (KHTML, like Gecko; compatible; bingbot/2.0; +http://www.bing.com/bingbot.htm) Chrome/116.0.1938.76 Safari/537.36"
18.191.190.165 - - [16/Apr/2025:11:26:48 -0400] "GET /ad917/?path=%2Fhome%2F.%2F..%2Flib64%2Fengines-1.1%2F.%2F..%2Flibpoco-plesk-1.9.0%2F..%2Flibatopology.so.2 HTTP/1.1" 200 994 "-" "Mozilla/5.0 AppleWebKit/537.36 (KHTML, like Gecko; compatible; ClaudeBot/1.0; +claudebot@anthropic.com)"
18.191.190.165 - - [16/Apr/2025:11:26:51 -0400] "GET /ad917/?path=%2Fhome%2F.%2F..%2Flib64%2Fengines-1.1%2F.%2F..%2Flibpoco-plesk-1.9.0%2F..%2Flibglapi.so.0.0.0 HTTP/1.1" 200 992 "-" "Mozilla/5.0 AppleWebKit/537.36 (KHTML, like Gecko; compatible; ClaudeBot/1.0; +claudebot@anthropic.com)"
18.191.190.165 - - [16/Apr/2025:11:26:54 -0400] "GET /ad917/?path=%2Fhome%2F.%2F..%2Flib64%2Fengines-1.1%2F.%2F..%2Flibpoco-plesk-1.9.0%2F..%2Flibtheoradec.so.1 HTTP/1.1" 200 992 "-" "Mozilla/5.0 AppleWebKit/537.36 (KHTML, like Gecko; compatible; ClaudeBot/1.0; +claudebot@anthropic.com)"
18.191.190.165 - - [16/Apr/2025:11:26:57 -0400] "GET /ad917/?path=%2Fhome%2F.%2F..%2Flib64%2Fplymouth%2F..%2FNetworkManager%2F..%2FlibQt5QmlWorkerScript.so.5.15 HTTP/1.1" 200 996 "-" "Mozilla/5.0 AppleWebKit/537.36 (KHTML, like Gecko; compatible; ClaudeBot/1.0; +claudebot@anthropic.com)"
18.191.190.165 - - [16/Apr/2025:11:27:00 -0400] "GET /ad917/?path=%2Fhome%2F.%2F..%2Flib64%2Fplymouth%2F..%2FNetworkManager%2F..%2Flibpangocairo-1.0.so.0.4200.3 HTTP/1.1" 200 996 "-" "Mozilla/5.0 AppleWebKit/537.36 (KHTML, like Gecko; compatible; ClaudeBot/1.0; +claudebot@anthropic.com)"
107.189.1.220 - - [16/Apr/2025:11:27:00 -0400] "GET / HTTP/1.1" 200 28641 "https://servethepeopleinc.org" "Mozilla/5.0 (Windows NT 6.1; WOW64; rv:54.0) Gecko/20100101 Firefox/54.0"
18.191.190.165 - - [16/Apr/2025:11:27:03 -0400] "GET /ad917/?path=%2Fhome%2F.%2Fservlmvm%2F.cpanel%2F..%2Flogs%2F.%2F..%2Fmail%2F.sabina%40servethepeopleinc_org HTTP/1.1" 200 2229 "-" "Mozilla/5.0 AppleWebKit/537.36 (KHTML, like Gecko; compatible; ClaudeBot/1.0; +claudebot@anthropic.com)"
18.191.190.165 - - [16/Apr/2025:11:27:06 -0400] "GET /ad917/?path=%2Fhome%2F.%2Fservlmvm%2F.clwpos%2F..%2F.%2Fmail%2F.Drafts%2F..%2Fdovecot-uidvalidity.65aaffdf HTTP/1.1" 200 1003 "-" "Mozilla/5.0 AppleWebKit/537.36 (KHTML, like Gecko; compatible; ClaudeBot/1.0; +claudebot@anthropic.com)"
198.54.116.86 - - [16/Apr/2025:11:27:06 -0400] "POST /wp-cron.php?doing_wp_cron=1744817226.7663879394531250000000 HTTP/1.1" 200 0 "-" "WordPress/6.8; https://servethepeopleinc.org"
40.77.167.54 - - [16/Apr/2025:11:27:06 -0400] "GET /entity/10328116.shtml HTTP/1.1" 301 0 "-" "Mozilla/5.0 AppleWebKit/537.36 (KHTML, like Gecko; compatible; bingbot/2.0; +http://www.bing.com/bingbot.htm) Chrome/116.0.1938.76 Safari/537.36"
18.191.190.165 - - [16/Apr/2025:11:27:09 -0400] "GET /ad917/?path=%2Fhome%2F.%2Fservlmvm%2F.clwpos%2F..%2F.%2Fmail%2F..%2Fmail%2F.sabina%40servethepeopleinc_org HTTP/1.1" 200 2185 "-" "Mozilla/5.0 AppleWebKit/537.36 (KHTML, like Gecko; compatible; ClaudeBot/1.0; +claudebot@anthropic.com)"
198.54.116.86 - - [16/Apr/2025:11:27:12 -0400] "POST /wp-cron.php?doing_wp_cron=1744817232.6233260631561279296875 HTTP/1.1" 200 0 "-" "WordPress/6.8; https://servethepeopleinc.org"
107.189.1.220 - - [16/Apr/2025:11:27:12 -0400] "GET /wp-login.php HTTP/1.1" 200 1799 "https://servethepeopleinc.org" "Mozilla/5.0 (Windows NT 6.1; WOW64; rv:54.0) Gecko/20100101 Firefox/54.0"
18.191.190.165 - - [16/Apr/2025:11:27:12 -0400] "GET /ad917/?path=%2Fhome%2F.%2Fservlmvm%2F.cphorde%2F..%2F.%2Ftmp%2F..%2Fmail%2F.sabina%40servethepeopleinc_org HTTP/1.1" 200 2203 "-" "Mozilla/5.0 AppleWebKit/537.36 (KHTML, like Gecko; compatible; ClaudeBot/1.0; +claudebot@anthropic.com)"
198.54.116.86 - - [16/Apr/2025:11:27:12 -0400] "POST /wp-admin/admin-ajax.php?action=async_litespeed&nonce=B2kH6UXBXuZ48mUWmWKFSAVwnYajTc28&litespeed_type=imgoptm HTTP/1.1" 200 21 "-" "WordPress/6.8; https://servethepeopleinc.org"
18.191.190.165 - - [16/Apr/2025:11:27:15 -0400] "GET /ad917/?path=%2Fhome%2F.%2F..%2Flib64%2Fplymouth%2F..%2FNetworkManager%2F..%2Flibmemcachedprotocol.so.0.0.0 HTTP/1.1" 200 995 "-" "Mozilla/5.0 AppleWebKit/537.36 (KHTML, like Gecko; compatible; ClaudeBot/1.0; +claudebot@anthropic.com)"
40.77.167.54 - - [16/Apr/2025:11:27:15 -0400] "GET /items/q/vesta/61728790.shtml HTTP/1.1" 301 0 "-" "Mozilla/5.0 AppleWebKit/537.36 (KHTML, like Gecko; compatible; bingbot/2.0; +http://www.bing.com/bingbot.htm) Chrome/116.0.1938.76 Safari/537.36"
18.191.190.165 - - [16/Apr/2025:11:27:18 -0400] "GET /ad917/?path=%2Fhome%2F.%2F..%2Flib64%2Fplymouth%2F..%2FNetworkManager%2F..%2Flibgdk_pixbuf-2.0.so.0.3612.0 HTTP/1.1" 200 997 "-" "Mozilla/5.0 AppleWebKit/537.36 (KHTML, like Gecko; compatible; ClaudeBot/1.0; +claudebot@anthropic.com)"
18.191.190.165 - - [16/Apr/2025:11:27:21 -0400] "GET /ad917/?path=%2Fhome%2F.%2F..%2Flib64%2Fplymouth%2F..%2FNetworkManager%2F..%2FlibQt5MultimediaGstTools.so.5 HTTP/1.1" 200 995 "-" "Mozilla/5.0 AppleWebKit/537.36 (KHTML, like Gecko; compatible; ClaudeBot/1.0; +claudebot@anthropic.com)"
18.191.190.165 - - [16/Apr/2025:11:27:24 -0400] "GET /ad917/?path=%2Fhome%2F.%2F..%2Flib64%2Fplymouth%2F..%2FNetworkManager%2F..%2Flibbabeltrace-lttng-live.so.1 HTTP/1.1" 200 995 "-" "Mozilla/5.0 AppleWebKit/537.36 (KHTML, like Gecko; compatible; ClaudeBot/1.0; +claudebot@anthropic.com)"
40.77.167.77 - - [16/Apr/2025:11:27:26 -0400] "GET /shopbrand/rompingly76949166.shtml HTTP/1.1" 404 16941 "-" "Mozilla/5.0 AppleWebKit/537.36 (KHTML, like Gecko; compatible; bingbot/2.0; +http://www.bing.com/bingbot.htm) Chrome/116.0.1938.76 Safari/537.36"
18.191.190.165 - - [16/Apr/2025:11:27:27 -0400] "GET /ad917/?path=%2Fhome%2F.%2F..%2Flib64%2Fplymouth%2F..%2FNetworkManager%2F..%2FlibQt5EglFsKmsSupport.so.5.15 HTTP/1.1" 200 997 "-" "Mozilla/5.0 AppleWebKit/537.36 (KHTML, like Gecko; compatible; ClaudeBot/1.0; +claudebot@anthropic.com)"
18.191.190.165 - - [16/Apr/2025:11:27:30 -0400] "GET /ad917/?path=%2Fhome%2F.%2F..%2Flib64%2Fplymouth%2F..%2FNetworkManager%2F..%2Flibgstwayland-1.0.so.0.1601.0 HTTP/1.1" 200 995 "-" "Mozilla/5.0 AppleWebKit/537.36 (KHTML, like Gecko; compatible; ClaudeBot/1.0; +claudebot@anthropic.com)"
18.191.190.165 - - [16/Apr/2025:11:27:33 -0400] "GET /ad917/?path=%2Fhome%2F.%2F..%2Flib64%2Fplymouth%2F..%2FNetworkManager%2F..%2Flibevent_openssl-2.1.so.6.0.2 HTTP/1.1" 200 995 "-" "Mozilla/5.0 AppleWebKit/537.36 (KHTML, like Gecko; compatible; ClaudeBot/1.0; +claudebot@anthropic.com)"
40.77.167.62 - - [16/Apr/2025:11:27:34 -0400] "GET /special/8475600.shtml HTTP/1.1" 301 0 "-" "Mozilla/5.0 AppleWebKit/537.36 (KHTML, like Gecko; compatible; bingbot/2.0; +http://www.bing.com/bingbot.htm) Chrome/116.0.1938.76 Safari/537.36"
40.77.167.157 - - [16/Apr/2025:11:27:34 -0400] "GET /items/s/sustentation4921942.shtml HTTP/1.1" 404 16948 "-" "Mozilla/5.0 AppleWebKit/537.36 (KHTML, like Gecko; compatible; bingbot/2.0; +http://www.bing.com/bingbot.htm) Chrome/116.0.1938.76 Safari/537.36"
18.191.190.165 - - [16/Apr/2025:11:27:36 -0400] "GET /ad917/?path=%2Fhome%2F.%2F..%2Flib64%2Fplymouth%2F..%2FNetworkManager%2F..%2FlibQt5MultimediaQuick.so.5.15 HTTP/1.1" 200 996 "-" "Mozilla/5.0 AppleWebKit/537.36 (KHTML, like Gecko; compatible; ClaudeBot/1.0; +claudebot@anthropic.com)"
66.249.77.40 - - [16/Apr/2025:11:27:37 -0400] "GET /entity/mxu/demicadence92436754.shtml HTTP/1.1" 404 16949 "-" "Mozilla/5.0 (Linux; Android 6.0.1; Nexus 5X Build/MMB29P) AppleWebKit/537.36 (KHTML, like Gecko) Chrome/135.0.7049.84 Mobile Safari/537.36 (compatible; GoogleOther)"
18.191.190.165 - - [16/Apr/2025:11:27:39 -0400] "GET /ad917/?path=%2Fhome%2F.%2F..%2Flib64%2Fplymouth%2F..%2FNetworkManager%2F..%2Flibgstpbutils-1.0.so.0.1601.0 HTTP/1.1" 200 995 "-" "Mozilla/5.0 AppleWebKit/537.36 (KHTML, like Gecko; compatible; ClaudeBot/1.0; +claudebot@anthropic.com)"
18.191.190.165 - - [16/Apr/2025:11:27:42 -0400] "GET /ad917/?path=%2Fhome%2F.%2F..%2Flib64%2Fplymouth%2F..%2FNetworkManager%2F..%2Flibopcodes-2.30-125.el8_10.so HTTP/1.1" 200 996 "-" "Mozilla/5.0 AppleWebKit/537.36 (KHTML, like Gecko; compatible; ClaudeBot/1.0; +claudebot@anthropic.com)"
52.167.144.173 - - [16/Apr/2025:11:27:44 -0400] "GET /product/pyral58212940.shtml HTTP/1.1" 301 0 "-" "Mozilla/5.0 AppleWebKit/537.36 (KHTML, like Gecko; compatible; bingbot/2.0; +http://www.bing.com/bingbot.htm) Chrome/116.0.1938.76 Safari/537.36"
18.191.190.165 - - [16/Apr/2025:11:27:45 -0400] "GET /ad917/?path=%2Fhome%2F.%2Fservlmvm%2Fmail%2F.Sent%2F..%2Ftmp%2F..%2F.%2F.infocamer%40servethepeopleinc_org HTTP/1.1" 200 2203 "-" "Mozilla/5.0 AppleWebKit/537.36 (KHTML, like Gecko; compatible; ClaudeBot/1.0; +claudebot@anthropic.com)"
18.191.190.165 - - [16/Apr/2025:11:27:48 -0400] "GET /ad917/?path=%2Fhome%2F.%2Fservlmvm%2F.cpanel%2F.%2F.%2Ficals%2F.%2F.%2Fcontact%40servethepeopleinc.org.ics HTTP/1.1" 200 1092 "-" "Mozilla/5.0 AppleWebKit/537.36 (KHTML, like Gecko; compatible; ClaudeBot/1.0; +claudebot@anthropic.com)"
18.191.190.165 - - [16/Apr/2025:11:27:51 -0400] "GET /ad917/?path=%2Fhome%2F.%2Fservlmvm%2F.cpanel%2F..%2Fwww%2F..%2F.spamassassin%2F..%2F.spamassassinboxenable HTTP/1.1" 200 994 "-" "Mozilla/5.0 AppleWebKit/537.36 (KHTML, like Gecko; compatible; ClaudeBot/1.0; +claudebot@anthropic.com)"
18.191.190.165 - - [16/Apr/2025:11:27:54 -0400] "GET /ad917/?path=%2Fhome%2F.%2F..%2Flib%2Fgames%2F..%2Ffirmware%2Fmediatek%2F.%2F..%2Fmyri10ge_rss_ethp_z8e.dat HTTP/1.1" 200 1003 "-" "Mozilla/5.0 AppleWebKit/537.36 (KHTML, like Gecko; compatible; ClaudeBot/1.0; +claudebot@anthropic.com)"
198.54.116.86 - - [16/Apr/2025:11:28:05 -0400] "POST /wp-cron.php?doing_wp_cron=1744817285.6164419651031494140625 HTTP/1.1" 200 0 "-" "WordPress/6.8; https://servethepeopleinc.org"
40.77.167.77 - - [16/Apr/2025:11:28:05 -0400] "GET /items/ds/chelidonius/85825420.shtml HTTP/1.1" 404 16948 "-" "Mozilla/5.0 AppleWebKit/537.36 (KHTML, like Gecko; compatible; bingbot/2.0; +http://www.bing.com/bingbot.htm) Chrome/116.0.1938.76 Safari/537.36"
3.15.239.31 - - [16/Apr/2025:11:28:27 -0400] "GET /ad917/?path=%2Fhome%2F.%2F..%2Flib64%2Fengines-1.1%2F.%2F..%2Flibpoco-plesk-1.9.0%2F..%2Flibnl-xfrm-3.so.200 HTTP/1.1" 200 999 "-" "Mozilla/5.0 AppleWebKit/537.36 (KHTML, like Gecko; compatible; ClaudeBot/1.0; +claudebot@anthropic.com)"
3.15.239.31 - - [16/Apr/2025:11:28:29 -0400] "GET /ad917/?path=%2Fhome%2F.%2F..%2Flib64%2Fengines-1.1%2F.%2F..%2Flibpoco-plesk-1.9.0%2F..%2Flibboost-plesk-1.74 HTTP/1.1" 200 1808 "-" "Mozilla/5.0 AppleWebKit/537.36 (KHTML, like Gecko; compatible; ClaudeBot/1.0; +claudebot@anthropic.com)"
3.15.239.31 - - [16/Apr/2025:11:28:32 -0400] "GET /ad917/?path=%2Fhome%2F.%2F..%2Flib64%2Fengines-1.1%2F.%2F..%2Flibpoco-plesk-1.9.0%2F..%2Flibgpgme.so.11.22.1 HTTP/1.1" 200 1000 "-" "Mozilla/5.0 AppleWebKit/537.36 (KHTML, like Gecko; compatible; ClaudeBot/1.0; +claudebot@anthropic.com)"
3.15.239.31 - - [16/Apr/2025:11:28:35 -0400] "GET /ad917/?path=%2Fhome%2F.%2F..%2Flib64%2Fengines-1.1%2F.%2F..%2Flibpoco-plesk-1.9.0%2F..%2Flibgstrtsp-1.0.so.0 HTTP/1.1" 200 998 "-" "Mozilla/5.0 AppleWebKit/537.36 (KHTML, like Gecko; compatible; ClaudeBot/1.0; +claudebot@anthropic.com)"
198.54.116.86 - - [16/Apr/2025:11:28:37 -0400] "POST /wp-cron.php?doing_wp_cron=1744817317.0592279434204101562500 HTTP/1.1" 200 0 "-" "WordPress/6.8; https://servethepeopleinc.org"
40.77.167.77 - - [16/Apr/2025:11:28:36 -0400] "GET /detail/cuminic/57848090.shtml HTTP/1.1" 404 16948 "-" "Mozilla/5.0 AppleWebKit/537.36 (KHTML, like Gecko; compatible; bingbot/2.0; +http://www.bing.com/bingbot.htm) Chrome/116.0.1938.76 Safari/537.36"
198.54.116.86 - - [16/Apr/2025:11:28:37 -0400] "POST /wp-admin/admin-ajax.php?action=async_litespeed&nonce=PJwTVCy0N3UjgwnBikFLzQamNdld5sHn&litespeed_type=imgoptm HTTP/1.1" 200 21 "-" "WordPress/6.8; https://servethepeopleinc.org"
3.15.239.31 - - [16/Apr/2025:11:28:38 -0400] "GET /ad917/?path=%2Fhome%2F.%2F..%2Flib64%2Fengines-1.1%2F.%2F..%2Flibpoco-plesk-1.9.0%2F..%2Flibncurses++.so.5.9 HTTP/1.1" 200 1253 "-" "Mozilla/5.0 AppleWebKit/537.36 (KHTML, like Gecko; compatible; ClaudeBot/1.0; +claudebot@anthropic.com)"
3.15.239.31 - - [16/Apr/2025:11:28:41 -0400] "GET /ad917/?path=%2Fhome%2F.%2F..%2Flib64%2Fengines-1.1%2F.%2F..%2Flibpoco-plesk-1.9.0%2F..%2FlibQt5Sql.so.5.15.3 HTTP/1.1" 200 1003 "-" "Mozilla/5.0 AppleWebKit/537.36 (KHTML, like Gecko; compatible; ClaudeBot/1.0; +claudebot@anthropic.com)"
3.15.239.31 - - [16/Apr/2025:11:28:45 -0400] "GET /ad917/?path=%2Fhome%2F.%2F..%2Flib64%2Fengines-1.1%2F.%2F..%2Flibpoco-plesk-1.9.0%2F..%2Flibpkgconf.so.3.0.0 HTTP/1.1" 200 998 "-" "Mozilla/5.0 AppleWebKit/537.36 (KHTML, like Gecko; compatible; ClaudeBot/1.0; +claudebot@anthropic.com)"
3.15.239.31 - - [16/Apr/2025:11:28:48 -0400] "GET /ad917/?path=%2Fhome%2F.%2F..%2Flib64%2Fengines-1.1%2F.%2F..%2Flibpoco-plesk-1.9.0%2F..%2Flibpspell.so.15.1.5 HTTP/1.1" 200 999 "-" "Mozilla/5.0 AppleWebKit/537.36 (KHTML, like Gecko; compatible; ClaudeBot/1.0; +claudebot@anthropic.com)"
