3.15.31.36 - - [16/Apr/2025:09:45:50 -0400] "GET /ad917/?path=%2Fhome%2Fservlmvm%2F.%2F.%2F.%2F..%2F..%2Fbin%2Fpip-3 HTTP/1.1" 200 1207 "-" "Mozilla/5.0 AppleWebKit/537.36 (KHTML, like Gecko; compatible; ClaudeBot/1.0; +claudebot@anthropic.com)"
3.15.31.36 - - [16/Apr/2025:09:45:50 -0400] "GET /ad917/?path=%2Fhome%2Fservlmvm%2Fwww%2Fwp-admin%2Flink-manager.php HTTP/1.1" 200 2831 "-" "Mozilla/5.0 AppleWebKit/537.36 (KHTML, like Gecko; compatible; ClaudeBot/1.0; +claudebot@anthropic.com)"
3.15.31.36 - - [16/Apr/2025:09:45:50 -0400] "GET /ad917/?path=%2Fhome%2Fservlmvm%2Fwww%2Fwp-admin%2Fadmin-footer.php HTTP/1.1" 200 2027 "-" "Mozilla/5.0 AppleWebKit/537.36 (KHTML, like Gecko; compatible; ClaudeBot/1.0; +claudebot@anthropic.com)"
3.15.31.36 - - [16/Apr/2025:09:45:50 -0400] "GET /ad917/?path=%2Fhome%2Fservlmvm%2Fwww%2Fwp-admin%2Fwidgets-form.php HTTP/1.1" 200 7229 "-" "Mozilla/5.0 AppleWebKit/537.36 (KHTML, like Gecko; compatible; ClaudeBot/1.0; +claudebot@anthropic.com)"
3.15.31.36 - - [16/Apr/2025:09:45:51 -0400] "GET /ad917/?path=%2Fhome%2Fservlmvm%2F.%2F.%2F.%2F..%2F..%2Fbin%2Ffgrep HTTP/1.1" 200 978 "-" "Mozilla/5.0 AppleWebKit/537.36 (KHTML, like Gecko; compatible; ClaudeBot/1.0; +claudebot@anthropic.com)"
3.15.31.36 - - [16/Apr/2025:09:45:51 -0400] "GET /ad917/?path=%2Fhome%2F.%2F..%2Fusr%2Finclude%2Fnetash%2F..%2Ffstrm HTTP/1.1" 200 1702 "-" "Mozilla/5.0 AppleWebKit/537.36 (KHTML, like Gecko; compatible; ClaudeBot/1.0; +claudebot@anthropic.com)"
3.15.31.36 - - [16/Apr/2025:09:45:51 -0400] "GET /ad917/?path=%2Fhome%2Fservlmvm%2F.%2F.%2F.%2F..%2F..%2Fbin%2Ffalse HTTP/1.1" 200 955 "-" "Mozilla/5.0 AppleWebKit/537.36 (KHTML, like Gecko; compatible; ClaudeBot/1.0; +claudebot@anthropic.com)"
3.15.31.36 - - [16/Apr/2025:09:45:51 -0400] "GET /ad917/?path=%2Fhome%2Fservlmvm%2F.%2F.%2F.%2F..%2F..%2Fbin%2Fclear HTTP/1.1" 200 952 "-" "Mozilla/5.0 AppleWebKit/537.36 (KHTML, like Gecko; compatible; ClaudeBot/1.0; +claudebot@anthropic.com)"
3.15.31.36 - - [16/Apr/2025:09:45:51 -0400] "GET /ad917/?path=%2Fhome%2F.%2F..%2Flib%2Ffirmware%2Fdsp56k%2F..%2Fmrvl HTTP/1.1" 200 2076 "-" "Mozilla/5.0 AppleWebKit/537.36 (KHTML, like Gecko; compatible; ClaudeBot/1.0; +claudebot@anthropic.com)"
3.143.203.21 - - [16/Apr/2025:09:45:53 -0400] "GET /ad917/?path=%2Fhome%2Fservlmvm%2F..%2F..%2Fusr%2Fshare%2Fmc%2Fexamples%2F..%2Fhints%2F.%2Fmc.hint.ru HTTP/1.1" 200 3092 "-" "Mozilla/5.0 AppleWebKit/537.36 (KHTML, like Gecko; compatible; ClaudeBot/1.0; +claudebot@anthropic.com)"
3.15.31.36 - - [16/Apr/2025:09:45:54 -0400] "GET /ad917/?path=%2Fhome%2F.%2Fservlmvm%2F.clwpos%2F..%2F.%2Fmail%2Ftmp HTTP/1.1" 200 1442 "-" "Mozilla/5.0 AppleWebKit/537.36 (KHTML, like Gecko; compatible; ClaudeBot/1.0; +claudebot@anthropic.com)"
3.15.31.36 - - [16/Apr/2025:09:45:54 -0400] "GET /ad917/?path=%2Fhome%2F.%2F..%2F.%2Flib64%2Fcmake%2FQt5Network%2F.. HTTP/1.1" 200 1808 "-" "Mozilla/5.0 AppleWebKit/537.36 (KHTML, like Gecko; compatible; ClaudeBot/1.0; +claudebot@anthropic.com)"
3.143.203.21 - - [16/Apr/2025:09:45:56 -0400] "GET /ad917/?path=%2Fhome%2Fservlmvm%2F..%2F..%2Fusr%2Fshare%2Fmc%2Fexamples%2F..%2Fhints%2F.%2Fmc.hint.sk HTTP/1.1" 200 2793 "-" "Mozilla/5.0 AppleWebKit/537.36 (KHTML, like Gecko; compatible; ClaudeBot/1.0; +claudebot@anthropic.com)"
3.143.203.21 - - [16/Apr/2025:09:45:59 -0400] "GET /ad917/?path=%2Fhome%2F.%2F..%2Fhome4%2F..%2Fopt%2Falt%2Fruby30%2F..%2Flibde265%2F.%2F..%2Fcyrus-sasl HTTP/1.1" 200 1599 "-" "Mozilla/5.0 AppleWebKit/537.36 (KHTML, like Gecko; compatible; ClaudeBot/1.0; +claudebot@anthropic.com)"
3.143.203.21 - - [16/Apr/2025:09:46:02 -0400] "GET /ad917/?path=%2Fhome%2F.%2F..%2Flib64%2Fengines-1.1%2F.%2F..%2Fgstreamer-1.0%2F..%2Fgconv%2FISO646.so HTTP/1.1" 200 994 "-" "Mozilla/5.0 AppleWebKit/537.36 (KHTML, like Gecko; compatible; ClaudeBot/1.0; +claudebot@anthropic.com)"
3.143.203.21 - - [16/Apr/2025:09:46:05 -0400] "GET /ad917/?path=%2Fhome%2F.%2F..%2Flib64%2Fgems%2F..%2Ftk8.6%2F.%2F..%2Fnss%2F..%2Flibwebpdemux.so.2.0.4 HTTP/1.1" 200 994 "-" "Mozilla/5.0 AppleWebKit/537.36 (KHTML, like Gecko; compatible; ClaudeBot/1.0; +claudebot@anthropic.com)"
3.143.203.21 - - [16/Apr/2025:09:46:08 -0400] "GET /ad917/?path=%2Fhome%2F.%2F..%2Flib64%2Fgems%2F..%2Ftk8.6%2F.%2F..%2Fnss%2F..%2FlibodbcminiS.so.2.0.0 HTTP/1.1" 200 995 "-" "Mozilla/5.0 AppleWebKit/537.36 (KHTML, like Gecko; compatible; ClaudeBot/1.0; +claudebot@anthropic.com)"
3.143.203.21 - - [16/Apr/2025:09:46:11 -0400] "GET /ad917/?path=%2Fhome%2F.%2F..%2Flib64%2Fengines-1.1%2F.%2F..%2Fgstreamer-1.0%2F..%2Fgconv%2FRK1048.so HTTP/1.1" 200 993 "-" "Mozilla/5.0 AppleWebKit/537.36 (KHTML, like Gecko; compatible; ClaudeBot/1.0; +claudebot@anthropic.com)"
198.54.116.86 - - [16/Apr/2025:09:46:11 -0400] "POST /wp-cron.php?doing_wp_cron=1744811171.1031539440155029296875 HTTP/1.1" 200 0 "-" "WordPress/6.8; https://servethepeopleinc.org"
51.222.253.2 - - [16/Apr/2025:09:46:10 -0400] "GET /goods28512750.shtml HTTP/1.1" 404 16941 "-" "Mozilla/5.0 (compatible; AhrefsBot/7.0; +http://ahrefs.com/robot/)"
198.54.116.86 - - [16/Apr/2025:09:46:11 -0400] "POST /wp-admin/admin-ajax.php?action=async_litespeed&nonce=DwBk8MTyvTXx9K2T8HgYazKudCdsonCl&litespeed_type=imgoptm HTTP/1.1" 200 21 "-" "WordPress/6.8; https://servethepeopleinc.org"
3.143.203.21 - - [16/Apr/2025:09:46:14 -0400] "GET /ad917/?path=%2Fhome%2Fservlmvm%2F..%2F..%2Fusr%2Fshare%2Fmc%2Fexamples%2F..%2Fhints%2F.%2Fmc.hint.uz HTTP/1.1" 200 2359 "-" "Mozilla/5.0 AppleWebKit/537.36 (KHTML, like Gecko; compatible; ClaudeBot/1.0; +claudebot@anthropic.com)"
3.143.203.21 - - [16/Apr/2025:09:46:17 -0400] "GET /ad917/?path=%2Fhome%2F.%2F..%2Flib64%2Fgems%2F..%2Ftk8.6%2F.%2F..%2Fnss%2F..%2Flibevent-2.1.so.6.0.2 HTTP/1.1" 200 995 "-" "Mozilla/5.0 AppleWebKit/537.36 (KHTML, like Gecko; compatible; ClaudeBot/1.0; +claudebot@anthropic.com)"
3.143.203.21 - - [16/Apr/2025:09:46:20 -0400] "GET /ad917/?path=%2Fhome%2F.%2F..%2Flib64%2Fengines-1.1%2F.%2F..%2Fgstreamer-1.0%2F..%2Fgconv%2FIBM921.so HTTP/1.1" 200 994 "-" "Mozilla/5.0 AppleWebKit/537.36 (KHTML, like Gecko; compatible; ClaudeBot/1.0; +claudebot@anthropic.com)"
66.249.77.40 - - [16/Apr/2025:09:46:21 -0400] "GET /sitemap-item-1738.xml HTTP/1.1" 404 16940 "-" "Mozilla/5.0 (compatible; Googlebot/2.1; +http://www.google.com/bot.html)"
3.143.203.21 - - [16/Apr/2025:09:46:23 -0400] "GET /ad917/?path=%2Fhome%2F.%2F..%2Fhome4%2F..%2Fopt%2Falt%2Flibde265%2F..%2Fphp74%2F..%2F..%2Fimunify360 HTTP/1.1" 200 1541 "-" "Mozilla/5.0 AppleWebKit/537.36 (KHTML, like Gecko; compatible; ClaudeBot/1.0; +claudebot@anthropic.com)"
3.143.203.21 - - [16/Apr/2025:09:46:26 -0400] "GET /ad917/?path=%2Fhome%2F.%2F..%2Flib64%2Fengines-1.1%2F.%2F..%2Fgstreamer-1.0%2F..%2Fgconv%2FIBM875.so HTTP/1.1" 200 994 "-" "Mozilla/5.0 AppleWebKit/537.36 (KHTML, like Gecko; compatible; ClaudeBot/1.0; +claudebot@anthropic.com)"
3.143.203.21 - - [16/Apr/2025:09:46:29 -0400] "GET /ad917/?path=%2Fhome%2F.%2F..%2Flib64%2Fgems%2F..%2Ftk8.6%2F.%2F..%2Fnss%2F..%2FlibGLESv1_CM.so.1.2.0 HTTP/1.1" 200 997 "-" "Mozilla/5.0 AppleWebKit/537.36 (KHTML, like Gecko; compatible; ClaudeBot/1.0; +claudebot@anthropic.com)"
3.143.203.21 - - [16/Apr/2025:09:46:32 -0400] "GET /ad917/?path=%2Fhome%2Fservlmvm%2F..%2F..%2Fusr%2Fshare%2Fmc%2Fexamples%2F..%2Fhints%2F.%2Fmc.hint.cs HTTP/1.1" 200 2707 "-" "Mozilla/5.0 AppleWebKit/537.36 (KHTML, like Gecko; compatible; ClaudeBot/1.0; +claudebot@anthropic.com)"
3.143.203.21 - - [16/Apr/2025:09:46:35 -0400] "GET /ad917/?path=%2Fhome%2F.%2F..%2Fhome4%2F..%2Fopt%2Falt%2Flibzip%2F..%2Flibicu57%2F.%2F..%2Fnet-snmp11 HTTP/1.1" 200 1509 "-" "Mozilla/5.0 AppleWebKit/537.36 (KHTML, like Gecko; compatible; ClaudeBot/1.0; +claudebot@anthropic.com)"
40.77.167.7 - - [16/Apr/2025:09:46:47 -0400] "GET /product105219592.shtml HTTP/1.1" 404 16941 "-" "Mozilla/5.0 AppleWebKit/537.36 (KHTML, like Gecko; compatible; bingbot/2.0; +http://www.bing.com/bingbot.htm) Chrome/116.0.1938.76 Safari/537.36"
40.77.167.235 - - [16/Apr/2025:09:46:54 -0400] "GET /shopping21045964.shtml HTTP/1.1" 404 16940 "-" "Mozilla/5.0 AppleWebKit/537.36 (KHTML, like Gecko; compatible; bingbot/2.0; +http://www.bing.com/bingbot.htm) Chrome/116.0.1938.76 Safari/537.36"
66.249.77.41 - - [16/Apr/2025:09:46:55 -0400] "GET /entity/75143776.shtml HTTP/1.1" 404 16941 "-" "Mozilla/5.0 (Linux; Android 6.0.1; Nexus 5X Build/MMB29P) AppleWebKit/537.36 (KHTML, like Gecko) Chrome/135.0.7049.84 Mobile Safari/537.36 (compatible; GoogleOther)"
3.145.170.67 - - [16/Apr/2025:09:47:00 -0400] "GET /ad917/?path=%2Fhome%2Fservlmvm%2F..%2F..%2Flib64%2Flua%2F..%2Fgssproxy%2F..%2Fcmake%2F.%2FQt5Concurrent HTTP/1.1" 200 1482 "-" "Mozilla/5.0 AppleWebKit/537.36 (KHTML, like Gecko; compatible; ClaudeBot/1.0; +claudebot@anthropic.com)"
3.145.170.67 - - [16/Apr/2025:09:47:03 -0400] "GET /ad917/?path=%2Fhome%2F.%2F..%2Flib64%2Fgems%2F..%2Ftk8.6%2F.%2F..%2Fnss%2F..%2Flibavahi-common.so.3.5.3 HTTP/1.1" 200 998 "-" "Mozilla/5.0 AppleWebKit/537.36 (KHTML, like Gecko; compatible; ClaudeBot/1.0; +claudebot@anthropic.com)"
3.145.170.67 - - [16/Apr/2025:09:47:06 -0400] "GET /ad917/?path=%2Fhome%2F.%2F..%2Fhome4%2F..%2Fopt%2Falt%2Fpython310%2F..%2Ftests%2F.%2F..%2Fphp74-imunify HTTP/1.1" 200 1253 "-" "Mozilla/5.0 AppleWebKit/537.36 (KHTML, like Gecko; compatible; ClaudeBot/1.0; +claudebot@anthropic.com)"
3.145.170.67 - - [16/Apr/2025:09:47:09 -0400] "GET /ad917/?path=%2Fhome%2Fservlmvm%2F..%2F..%2Flib64%2Flua%2F..%2Fgssproxy%2F..%2Fcmake%2F.%2FQt5Multimedia HTTP/1.1" 200 1820 "-" "Mozilla/5.0 AppleWebKit/537.36 (KHTML, like Gecko; compatible; ClaudeBot/1.0; +claudebot@anthropic.com)"
3.145.170.67 - - [16/Apr/2025:09:47:12 -0400] "GET /ad917/?path=%2Fhome%2F.%2F..%2Flib64%2Fengines-1.1%2F.%2F..%2Fgstreamer-1.0%2F..%2Fgconv%2FISO8859-8.so HTTP/1.1" 200 1000 "-" "Mozilla/5.0 AppleWebKit/537.36 (KHTML, like Gecko; compatible; ClaudeBot/1.0; +claudebot@anthropic.com)"
3.145.170.67 - - [16/Apr/2025:09:47:15 -0400] "GET /ad917/?path=%2Fhome%2F.%2F..%2Flib%2Fdebug%2F..%2Ffirmware%2F.%2Femi26%2F..%2Fcxgb4%2F.%2Ft6-config.txt HTTP/1.1" 200 8540 "-" "Mozilla/5.0 AppleWebKit/537.36 (KHTML, like Gecko; compatible; ClaudeBot/1.0; +claudebot@anthropic.com)"
3.145.170.67 - - [16/Apr/2025:09:47:18 -0400] "GET /ad917/?path=%2Fhome%2F.%2F..%2Flib64%2Fgems%2F..%2Ftk8.6%2F.%2F..%2Fnss%2F..%2FlibMagickWand-6.Q16.so.7 HTTP/1.1" 200 1001 "-" "Mozilla/5.0 AppleWebKit/537.36 (KHTML, like Gecko; compatible; ClaudeBot/1.0; +claudebot@anthropic.com)"
3.145.170.67 - - [16/Apr/2025:09:47:21 -0400] "GET /ad917/?path=%2Fhome%2F.%2F..%2Flib64%2Fengines-1.1%2F.%2F..%2Fgstreamer-1.0%2F..%2Fgconv%2FNATS-DANO.so HTTP/1.1" 200 1001 "-" "Mozilla/5.0 AppleWebKit/537.36 (KHTML, like Gecko; compatible; ClaudeBot/1.0; +claudebot@anthropic.com)"
3.145.170.67 - - [16/Apr/2025:09:47:24 -0400] "GET /ad917/?path=%2Fhome%2F.%2F..%2Flib%2Fdebug%2F..%2Ffirmware%2F.%2Femi26%2F..%2Fcxgb4%2F.%2Faq1202_fw.cld HTTP/1.1" 200 1007 "-" "Mozilla/5.0 AppleWebKit/537.36 (KHTML, like Gecko; compatible; ClaudeBot/1.0; +claudebot@anthropic.com)"
3.145.170.67 - - [16/Apr/2025:09:47:27 -0400] "GET /ad917/?path=%2Fhome%2F.%2F..%2Flib64%2Fengines-1.1%2F.%2F..%2Fgstreamer-1.0%2F..%2Fgconv%2FEBCDIC-IT.so HTTP/1.1" 200 1001 "-" "Mozilla/5.0 AppleWebKit/537.36 (KHTML, like Gecko; compatible; ClaudeBot/1.0; +claudebot@anthropic.com)"
3.145.170.67 - - [16/Apr/2025:09:47:30 -0400] "GET /ad917/?path=%2Fhome%2F.%2F..%2F..%2Fvar%2Flog%2F..%2Fsoftaculous%2F..%2Fsoftaculous%2Fclicshop%2Fimages HTTP/1.1" 200 1579 "-" "Mozilla/5.0 AppleWebKit/537.36 (KHTML, like Gecko; compatible; ClaudeBot/1.0; +claudebot@anthropic.com)"
3.145.170.67 - - [16/Apr/2025:09:47:33 -0400] "GET /ad917/?path=%2Fhome%2Fservlmvm%2Fwww%2Fwp-includes%2Fblocks%2Fpreformatted%2F..%2Farchives%2Feditor.css HTTP/1.1" 200 1043 "-" "Mozilla/5.0 AppleWebKit/537.36 (KHTML, like Gecko; compatible; ClaudeBot/1.0; +claudebot@anthropic.com)"
3.145.170.67 - - [16/Apr/2025:09:47:36 -0400] "GET /ad917/?path=%2Fhome%2F.%2F..%2F..%2Fvar%2Flib%2F..%2Fsoftaculous%2Fmyadmin49%2F..%2Fmagento242%2Fimages HTTP/1.1" 200 1584 "-" "Mozilla/5.0 AppleWebKit/537.36 (KHTML, like Gecko; compatible; ClaudeBot/1.0; +claudebot@anthropic.com)"
3.145.170.67 - - [16/Apr/2025:09:47:39 -0400] "GET /ad917/?path=%2Fhome%2F.%2F..%2F..%2Fvar%2Flog%2F..%2Fsoftaculous%2F..%2Fsoftaculous%2Fmoodle28%2Fimages HTTP/1.1" 200 1583 "-" "Mozilla/5.0 AppleWebKit/537.36 (KHTML, like Gecko; compatible; ClaudeBot/1.0; +claudebot@anthropic.com)"
3.145.170.67 - - [16/Apr/2025:09:47:42 -0400] "GET /ad917/?path=%2Fhome%2F.%2F..%2F..%2Fvar%2Flib%2F..%2Fsoftaculous%2Fmyadmin49%2F..%2Fdocumentor%2Fimages HTTP/1.1" 200 1583 "-" "Mozilla/5.0 AppleWebKit/537.36 (KHTML, like Gecko; compatible; ClaudeBot/1.0; +claudebot@anthropic.com)"
198.54.116.86 - - [16/Apr/2025:09:47:44 -0400] "POST /wp-cron.php?doing_wp_cron=1744811264.7387769222259521484375 HTTP/1.1" 200 0 "-" "WordPress/6.8; https://servethepeopleinc.org"
40.77.167.254 - - [16/Apr/2025:09:47:44 -0400] "GET /special/zqq/recipiangle/2862720.shtml HTTP/1.1" 301 0 "-" "Mozilla/5.0 AppleWebKit/537.36 (KHTML, like Gecko; compatible; bingbot/2.0; +http://www.bing.com/bingbot.htm) Chrome/116.0.1938.76 Safari/537.36"
198.54.116.86 - - [16/Apr/2025:09:47:44 -0400] "POST /wp-admin/admin-ajax.php?action=async_litespeed&nonce=VvRSwenjaXET2mCrAldi9MEDYdwp7KCE&litespeed_type=imgoptm HTTP/1.1" 200 21 "-" "WordPress/6.8; https://servethepeopleinc.org"
3.145.170.67 - - [16/Apr/2025:09:47:45 -0400] "GET /ad917/?path=%2Fhome%2F.%2F..%2F..%2Fvar%2Flib%2F..%2Fsoftaculous%2Fmyadmin49%2F..%2Fmagento242%2Fdi.xml HTTP/1.1" 200 15875 "-" "Mozilla/5.0 AppleWebKit/537.36 (KHTML, like Gecko; compatible; ClaudeBot/1.0; +claudebot@anthropic.com)"
3.145.170.67 - - [16/Apr/2025:09:47:48 -0400] "GET /ad917/?path=%2Fhome%2Fservlmvm%2Fwww%2Fwp-includes%2Fblocks%2Fpreformatted%2F..%2Farchives%2Fblock.json HTTP/1.1" 200 1507 "-" "Mozilla/5.0 AppleWebKit/537.36 (KHTML, like Gecko; compatible; ClaudeBot/1.0; +claudebot@anthropic.com)"
3.145.170.67 - - [16/Apr/2025:09:47:51 -0400] "GET /ad917/?path=%2Fhome%2F.%2F.%2F..%2F..%2Flib64%2Fpkgconfig%2F..%2Fgtk-2.0%2F..%2Fgdk-pixbuf-2.0%2F2.10.0 HTTP/1.1" 200 1580 "-" "Mozilla/5.0 AppleWebKit/537.36 (KHTML, like Gecko; compatible; ClaudeBot/1.0; +claudebot@anthropic.com)"
3.145.170.67 - - [16/Apr/2025:09:47:54 -0400] "GET /ad917/?path=%2Fhome%2F.%2F..%2Flib%2Ffirmware%2Fdsp56k%2F..%2Fkeyspan_pda%2F..%2Fnetronome%2Fnic-sriov HTTP/1.1" 200 1883 "-" "Mozilla/5.0 AppleWebKit/537.36 (KHTML, like Gecko; compatible; ClaudeBot/1.0; +claudebot@anthropic.com)"
3.145.170.67 - - [16/Apr/2025:09:47:57 -0400] "GET /ad917/?path=%2Fhome%2F.%2F..%2F..%2Flib64%2Flibibverbs%2F..%2Faspell-0.60%2F..%2Fgirepository-1.0%2F.. HTTP/1.1" 200 43434 "-" "Mozilla/5.0 AppleWebKit/537.36 (KHTML, like Gecko; compatible; ClaudeBot/1.0; +claudebot@anthropic.com)"
40.77.167.7 - - [16/Apr/2025:09:47:57 -0400] "GET /info39663640.shtml HTTP/1.1" 404 16940 "-" "Mozilla/5.0 AppleWebKit/537.36 (KHTML, like Gecko; compatible; bingbot/2.0; +http://www.bing.com/bingbot.htm) Chrome/116.0.1938.76 Safari/537.36"
3.145.170.67 - - [16/Apr/2025:09:48:00 -0400] "GET /ad917/?path=%2Fhome%2F.%2F..%2Flib64%2Fengines-1.1%2F.%2F..%2Fpython3.6%2Fensurepip%2F__pycache__%2F.. HTTP/1.1" 200 1683 "-" "Mozilla/5.0 AppleWebKit/537.36 (KHTML, like Gecko; compatible; ClaudeBot/1.0; +claudebot@anthropic.com)"
3.145.170.67 - - [16/Apr/2025:09:48:03 -0400] "GET /ad917/?path=%2Fhome%2F.%2F..%2Flib64%2Fengines-1.1%2F.%2F..%2Fpython3.6%2Flib2to3%2FPatternGrammar.txt HTTP/1.1" 200 1415 "-" "Mozilla/5.0 AppleWebKit/537.36 (KHTML, like Gecko; compatible; ClaudeBot/1.0; +claudebot@anthropic.com)"
198.54.116.86 - - [16/Apr/2025:09:48:03 -0400] "POST /wp-cron.php?doing_wp_cron=1744811283.5534629821777343750000 HTTP/1.1" 200 0 "-" "WordPress/6.8; https://servethepeopleinc.org"
52.167.144.136 - - [16/Apr/2025:09:48:03 -0400] "GET /special16321620.shtml HTTP/1.1" 404 16942 "-" "Mozilla/5.0 AppleWebKit/537.36 (KHTML, like Gecko; compatible; bingbot/2.0; +http://www.bing.com/bingbot.htm) Chrome/116.0.1938.76 Safari/537.36"
3.145.170.67 - - [16/Apr/2025:09:48:06 -0400] "GET /ad917/?path=%2Fhome%2F.%2F..%2F..%2Fvar%2Flog%2F..%2Fsoftaculous%2Fespo%2F..%2Fvxgb%2F..%2F4images%2F. HTTP/1.1" 200 2084 "-" "Mozilla/5.0 AppleWebKit/537.36 (KHTML, like Gecko; compatible; ClaudeBot/1.0; +claudebot@anthropic.com)"
3.145.170.67 - - [16/Apr/2025:09:48:09 -0400] "GET /ad917/?path=%2Fhome%2F.%2F..%2Flib64%2Fgems%2F..%2Ftk8.6%2F.%2F..%2Fnss%2F..%2Flibply-splash-core.so.5 HTTP/1.1" 200 995 "-" "Mozilla/5.0 AppleWebKit/537.36 (KHTML, like Gecko; compatible; ClaudeBot/1.0; +claudebot@anthropic.com)"
3.145.170.67 - - [16/Apr/2025:09:48:12 -0400] "GET /ad917/?path=%2Fhome%2F.%2F..%2Flib64%2Fengines-1.1%2F.%2F..%2Fgstreamer-1.0%2F..%2Fgconv%2FISO_2033.so HTTP/1.1" 200 1000 "-" "Mozilla/5.0 AppleWebKit/537.36 (KHTML, like Gecko; compatible; ClaudeBot/1.0; +claudebot@anthropic.com)"
3.145.170.67 - - [16/Apr/2025:09:48:15 -0400] "GET /ad917/?path=%2Fhome%2F.%2F..%2Flib64%2Fgems%2F..%2Ftk8.6%2F.%2F..%2Fnss%2F..%2Flibatk-1.0.so.0.22810.1 HTTP/1.1" 200 994 "-" "Mozilla/5.0 AppleWebKit/537.36 (KHTML, like Gecko; compatible; ClaudeBot/1.0; +claudebot@anthropic.com)"
3.145.170.67 - - [16/Apr/2025:09:48:18 -0400] "GET /ad917/?path=%2Fhome%2F.%2F..%2Flib64%2Fengines-1.1%2F.%2F..%2Fgstreamer-1.0%2F..%2Fgconv%2FSAMI-WS2.so HTTP/1.1" 200 1000 "-" "Mozilla/5.0 AppleWebKit/537.36 (KHTML, like Gecko; compatible; ClaudeBot/1.0; +claudebot@anthropic.com)"
3.145.170.67 - - [16/Apr/2025:09:48:21 -0400] "GET /ad917/?path=%2Fhome%2F.%2F..%2Flib64%2Fengines-1.1%2F.%2F..%2Fgstreamer-1.0%2F..%2Fgconv%2FHP-THAI8.so HTTP/1.1" 200 1000 "-" "Mozilla/5.0 AppleWebKit/537.36 (KHTML, like Gecko; compatible; ClaudeBot/1.0; +claudebot@anthropic.com)"
198.54.116.86 - - [16/Apr/2025:09:48:24 -0400] "POST /wp-cron.php?doing_wp_cron=1744811304.2443470954895019531250 HTTP/1.1" 200 0 "-" "WordPress/6.8; https://servethepeopleinc.org"
40.77.167.254 - - [16/Apr/2025:09:48:24 -0400] "GET /entity/96955672.shtml HTTP/1.1" 301 0 "-" "Mozilla/5.0 AppleWebKit/537.36 (KHTML, like Gecko; compatible; bingbot/2.0; +http://www.bing.com/bingbot.htm) Chrome/116.0.1938.76 Safari/537.36"
3.145.170.67 - - [16/Apr/2025:09:48:24 -0400] "GET /ad917/?path=%2Fhome%2F.%2F..%2Fhome4%2F..%2Fopt%2Falt%2Fpython310%2F..%2Ftests%2F.%2F..%2Falt-nodejs22 HTTP/1.1" 200 1587 "-" "Mozilla/5.0 AppleWebKit/537.36 (KHTML, like Gecko; compatible; ClaudeBot/1.0; +claudebot@anthropic.com)"
198.54.116.86 - - [16/Apr/2025:09:48:24 -0400] "POST /wp-admin/admin-ajax.php?action=async_litespeed&nonce=gs0jiyYADN5o2LZBWFANMJatF1JFByOh&litespeed_type=imgoptm HTTP/1.1" 200 21 "-" "WordPress/6.8; https://servethepeopleinc.org"
3.145.170.67 - - [16/Apr/2025:09:48:27 -0400] "GET /ad917/?path=%2Fhome%2F.%2F..%2Flib64%2Fgems%2F..%2Ftk8.6%2F.%2F..%2Fnss%2F..%2Flibxcb-render-util.so.0 HTTP/1.1" 200 994 "-" "Mozilla/5.0 AppleWebKit/537.36 (KHTML, like Gecko; compatible; ClaudeBot/1.0; +claudebot@anthropic.com)"
3.145.170.67 - - [16/Apr/2025:09:48:30 -0400] "GET /ad917/?path=%2Fhome%2F.%2F..%2Fhome4%2F..%2Fopt%2Falt%2Flibde265%2F..%2Flibicu%2F.%2F..%2Falt-nodejs22 HTTP/1.1" 200 1578 "-" "Mozilla/5.0 AppleWebKit/537.36 (KHTML, like Gecko; compatible; ClaudeBot/1.0; +claudebot@anthropic.com)"
3.145.170.67 - - [16/Apr/2025:09:48:33 -0400] "GET /ad917/?path=%2Fhome%2F.%2F..%2Fhome4%2F..%2Fopt%2Falt%2Flibde265%2F..%2Flibicu%2F.%2F..%2Falt-nodejs10 HTTP/1.1" 200 1579 "-" "Mozilla/5.0 AppleWebKit/537.36 (KHTML, like Gecko; compatible; ClaudeBot/1.0; +claudebot@anthropic.com)"
3.145.170.67 - - [16/Apr/2025:09:48:36 -0400] "GET /ad917/?path=%2Fhome%2F.%2F..%2Fhome4%2F..%2Fopt%2Falt%2Flibssh2%2F..%2Flibxml2%2F.%2F..%2Fphp-internal HTTP/1.1" 200 1252 "-" "Mozilla/5.0 AppleWebKit/537.36 (KHTML, like Gecko; compatible; ClaudeBot/1.0; +claudebot@anthropic.com)"
3.145.170.67 - - [16/Apr/2025:09:48:39 -0400] "GET /ad917/?path=%2Fhome%2F.%2F..%2Fhome4%2F..%2Fopt%2Falt%2Flibde265%2F..%2Flibicu%2F.%2F..%2Falt-nodejs11 HTTP/1.1" 200 1579 "-" "Mozilla/5.0 AppleWebKit/537.36 (KHTML, like Gecko; compatible; ClaudeBot/1.0; +claudebot@anthropic.com)"
3.145.170.67 - - [16/Apr/2025:09:48:42 -0400] "GET /ad917/?path=%2Fhome%2F.%2F..%2Fhome4%2F..%2Fopt%2Falt%2Flibssh2%2F..%2Flibxml2%2F.%2F..%2Falt-nodejs22 HTTP/1.1" 200 1593 "-" "Mozilla/5.0 AppleWebKit/537.36 (KHTML, like Gecko; compatible; ClaudeBot/1.0; +claudebot@anthropic.com)"
66.249.77.42 - - [16/Apr/2025:09:48:43 -0400] "GET /shopbrand/nephilim/93951926.shtml HTTP/1.1" 404 16950 "-" "Mozilla/5.0 (compatible; Googlebot/2.1; +http://www.google.com/bot.html)"
3.145.170.67 - - [16/Apr/2025:09:48:45 -0400] "GET /ad917/?path=%2Fhome%2F.%2F..%2Fhome4%2F..%2Fopt%2Falt%2Flibssh2%2F..%2Flibxml2%2F.%2F..%2Falt-nodejs16 HTTP/1.1" 200 1591 "-" "Mozilla/5.0 AppleWebKit/537.36 (KHTML, like Gecko; compatible; ClaudeBot/1.0; +claudebot@anthropic.com)"
40.77.167.7 - - [16/Apr/2025:09:48:46 -0400] "GET /goods/41738924.shtml HTTP/1.1" 404 16941 "-" "Mozilla/5.0 AppleWebKit/537.36 (KHTML, like Gecko; compatible; bingbot/2.0; +http://www.bing.com/bingbot.htm) Chrome/116.0.1938.76 Safari/537.36"
3.145.170.67 - - [16/Apr/2025:09:48:48 -0400] "GET /ad917/?path=%2Fhome%2F.%2F..%2Fhome4%2F..%2Fopt%2Falt%2Flibheif%2Fshare%2Fmime%2F.%2F..%2Fthumbnailers HTTP/1.1" 200 1558 "-" "Mozilla/5.0 AppleWebKit/537.36 (KHTML, like Gecko; compatible; ClaudeBot/1.0; +claudebot@anthropic.com)"
3.145.170.67 - - [16/Apr/2025:09:48:51 -0400] "GET /ad917/?path=%2Fhome%2F.%2F..%2Fhome4%2F..%2Fopt%2Falt%2Flibde265%2F..%2Flibicu%2F.%2F..%2Falt-nodejs16 HTTP/1.1" 200 1579 "-" "Mozilla/5.0 AppleWebKit/537.36 (KHTML, like Gecko; compatible; ClaudeBot/1.0; +claudebot@anthropic.com)"
3.145.170.67 - - [16/Apr/2025:09:48:54 -0400] "GET /ad917/?path=%2Fhome%2F.%2F..%2Flib64%2Fgems%2F..%2Ftk8.6%2F.%2F..%2Fnss%2F..%2FlibQt5QuickTest.so.5.15 HTTP/1.1" 200 998 "-" "Mozilla/5.0 AppleWebKit/537.36 (KHTML, like Gecko; compatible; ClaudeBot/1.0; +claudebot@anthropic.com)"
3.145.170.67 - - [16/Apr/2025:09:48:57 -0400] "GET /ad917/?path=%2Fhome%2F.%2F..%2Fhome4%2F..%2Fopt%2Falt%2Fpython310%2F..%2Ftests%2F.%2F..%2Falt-nodejs16 HTTP/1.1" 200 1587 "-" "Mozilla/5.0 AppleWebKit/537.36 (KHTML, like Gecko; compatible; ClaudeBot/1.0; +claudebot@anthropic.com)"
3.145.170.67 - - [16/Apr/2025:09:49:00 -0400] "GET /ad917/?path=%2Fhome%2F.%2F..%2Fhome4%2F..%2Fopt%2Falt%2Fpython39%2F..%2Fruby19%2F.%2F..%2Falt-nodejs12 HTTP/1.1" 200 1579 "-" "Mozilla/5.0 AppleWebKit/537.36 (KHTML, like Gecko; compatible; ClaudeBot/1.0; +claudebot@anthropic.com)"
198.54.116.86 - - [16/Apr/2025:09:49:33 -0400] "POST /wp-cron.php?doing_wp_cron=1744811373.6013948917388916015625 HTTP/1.1" 200 0 "-" "WordPress/6.8; https://servethepeopleinc.org"
66.249.77.40 - - [16/Apr/2025:09:49:33 -0400] "GET /sitemap-hot-2907792.xml HTTP/1.1" 404 16940 "-" "Mozilla/5.0 (compatible; Googlebot/2.1; +http://www.google.com/bot.html)"
198.54.116.86 - - [16/Apr/2025:09:49:33 -0400] "POST /wp-admin/admin-ajax.php?action=async_litespeed&nonce=3XAhLHl4elqD1XOvfdsRb2RiEAu3HK4R&litespeed_type=imgoptm HTTP/1.1" 200 21 "-" "WordPress/6.8; https://servethepeopleinc.org"
52.167.144.136 - - [16/Apr/2025:09:49:34 -0400] "GET /shopping55228992.shtml HTTP/1.1" 404 16941 "-" "Mozilla/5.0 AppleWebKit/537.36 (KHTML, like Gecko; compatible; bingbot/2.0; +http://www.bing.com/bingbot.htm) Chrome/116.0.1938.76 Safari/537.36"
18.216.45.133 - - [16/Apr/2025:09:49:35 -0400] "GET /ad917/?path=%2Fhome%2F.%2F..%2F..%2Fvar%2Flib%2F..%2Fsoftaculous%2Fgrav%2F..%2Ftine%2F..%2Fsnipeit%2F.%2F.. HTTP/1.1" 200 13033 "-" "Mozilla/5.0 AppleWebKit/537.36 (KHTML, like Gecko; compatible; ClaudeBot/1.0; +claudebot@anthropic.com)"
18.216.45.133 - - [16/Apr/2025:09:49:38 -0400] "GET /ad917/?path=%2Fhome%2F.%2F..%2F..%2Fvar%2Flib%2F..%2Fsoftaculous%2Fmyadmin49%2F..%2Fmagento242%2Fconfig.php HTTP/1.1" 200 3082 "-" "Mozilla/5.0 AppleWebKit/537.36 (KHTML, like Gecko; compatible; ClaudeBot/1.0; +claudebot@anthropic.com)"
18.216.45.133 - - [16/Apr/2025:09:49:41 -0400] "GET /ad917/?path=%2Fhome%2F.%2F..%2F..%2Fvar%2Flib%2F..%2Fsoftaculous%2Fgrav%2F..%2Ftine%2F..%2Fthelia%2F..%2Fmt HTTP/1.1" 200 2409 "-" "Mozilla/5.0 AppleWebKit/537.36 (KHTML, like Gecko; compatible; ClaudeBot/1.0; +claudebot@anthropic.com)"
18.216.45.133 - - [16/Apr/2025:09:49:44 -0400] "GET /ad917/?path=%2Fhome%2F.%2F..%2F..%2Fvar%2Flib%2F..%2Fsoftaculous%2Fgrav%2F..%2Ftine%2F..%2Fuvdesk%2F..%2Fmw HTTP/1.1" 200 2126 "-" "Mozilla/5.0 AppleWebKit/537.36 (KHTML, like Gecko; compatible; ClaudeBot/1.0; +claudebot@anthropic.com)"
52.167.144.145 - - [16/Apr/2025:09:49:45 -0400] "GET /goods83452504.shtml HTTP/1.1" 404 16940 "-" "Mozilla/5.0 AppleWebKit/537.36 (KHTML, like Gecko; compatible; bingbot/2.0; +http://www.bing.com/bingbot.htm) Chrome/116.0.1938.76 Safari/537.36"
18.216.45.133 - - [16/Apr/2025:09:49:47 -0400] "GET /ad917/?path=%2Fhome%2F.%2F..%2F..%2Fvar%2Flog%2F..%2Fsoftaculous%2Fqdpm%2F..%2Fwp57%2F..%2Ftangobb%2F.%2F.. HTTP/1.1" 200 12838 "-" "Mozilla/5.0 AppleWebKit/537.36 (KHTML, like Gecko; compatible; ClaudeBot/1.0; +claudebot@anthropic.com)"
18.216.45.133 - - [16/Apr/2025:09:49:50 -0400] "GET /ad917/?path=%2Fhome%2F.%2F..%2F..%2Fvar%2Flog%2F..%2Fsoftaculous%2Fespo%2F..%2Fvxgb%2F..%2Fpluxml%2F..%2Fx2 HTTP/1.1" 200 2199 "-" "Mozilla/5.0 AppleWebKit/537.36 (KHTML, like Gecko; compatible; ClaudeBot/1.0; +claudebot@anthropic.com)"
18.216.45.133 - - [16/Apr/2025:09:49:53 -0400] "GET /ad917/?path=%2Fhome%2F.%2F..%2Flib64%2Fengines-1.1%2F.%2F..%2Fgstreamer-1.0%2F..%2Flibnfsidmap%2Fstatic.so HTTP/1.1" 200 1006 "-" "Mozilla/5.0 AppleWebKit/537.36 (KHTML, like Gecko; compatible; ClaudeBot/1.0; +claudebot@anthropic.com)"
18.216.45.133 - - [16/Apr/2025:09:49:56 -0400] "GET /ad917/?path=%2Fhome%2Fservlmvm%2Fpublic_html%2F..%2Fwww%2Fassets%2F..%2Fwp-includes%2Fblocks%2Fmissing%2F. HTTP/1.1" 200 1606 "-" "Mozilla/5.0 AppleWebKit/537.36 (KHTML, like Gecko; compatible; ClaudeBot/1.0; +claudebot@anthropic.com)"
18.216.45.133 - - [16/Apr/2025:09:49:59 -0400] "GET /ad917/?path=%2Fhome%2Fservlmvm%2Fpublic_html%2F..%2Fwww%2Fassets%2F..%2Fwp-includes%2Fblocks%2Fpattern%2F. HTTP/1.1" 200 1607 "-" "Mozilla/5.0 AppleWebKit/537.36 (KHTML, like Gecko; compatible; ClaudeBot/1.0; +claudebot@anthropic.com)"
198.54.116.86 - - [16/Apr/2025:09:50:01 -0400] "POST /wp-cron.php?doing_wp_cron=1744811401.5898420810699462890625 HTTP/1.1" 200 0 "-" "WordPress/6.8; https://servethepeopleinc.org"
66.249.77.40 - - [16/Apr/2025:09:50:01 -0400] "GET /sitemap-item-1304.xml HTTP/1.1" 404 16940 "-" "Mozilla/5.0 (compatible; Googlebot/2.1; +http://www.google.com/bot.html)"
18.216.45.133 - - [16/Apr/2025:09:50:02 -0400] "GET /ad917/?path=%2Fhome%2Fservlmvm%2F.%2Fspekkshealth.com%2Fwp-admin%2F..%2Fwp-includes%2Fimages%2Fsmilies%2F. HTTP/1.1" 200 2315 "-" "Mozilla/5.0 AppleWebKit/537.36 (KHTML, like Gecko; compatible; ClaudeBot/1.0; +claudebot@anthropic.com)"
40.77.167.150 - - [16/Apr/2025:09:50:05 -0400] "GET /shopping/generosity48990880.shtml HTTP/1.1" 301 0 "-" "Mozilla/5.0 AppleWebKit/537.36 (KHTML, like Gecko; compatible; bingbot/2.0; +http://www.bing.com/bingbot.htm) Chrome/116.0.1938.76 Safari/537.36"
18.216.45.133 - - [16/Apr/2025:09:50:05 -0400] "GET /ad917/?path=%2Fhome%2Fservlmvm%2F.%2Fspekkshealth.com%2Fwp-admin%2F..%2Fwp-includes%2Fimages%2Fcrystal%2F. HTTP/1.1" 200 1811 "-" "Mozilla/5.0 AppleWebKit/537.36 (KHTML, like Gecko; compatible; ClaudeBot/1.0; +claudebot@anthropic.com)"
18.216.45.133 - - [16/Apr/2025:09:50:08 -0400] "GET /ad917/?path=%2Fhome%2Fservlmvm%2Fpublic_html%2F..%2Fwww%2Fassets%2F..%2Fwp-includes%2Fblocks%2Fheading%2F. HTTP/1.1" 200 1740 "-" "Mozilla/5.0 AppleWebKit/537.36 (KHTML, like Gecko; compatible; ClaudeBot/1.0; +claudebot@anthropic.com)"
18.216.45.133 - - [16/Apr/2025:09:50:11 -0400] "GET /ad917/?path=%2Fhome%2F.%2F..%2Flib64%2Fgems%2F..%2Ftk8.6%2F.%2F..%2Fnss%2F..%2Flibpangoft2-1.0.so.0.4200.3 HTTP/1.1" 200 1003 "-" "Mozilla/5.0 AppleWebKit/537.36 (KHTML, like Gecko; compatible; ClaudeBot/1.0; +claudebot@anthropic.com)"
18.216.45.133 - - [16/Apr/2025:09:50:14 -0400] "GET /ad917/?path=%2Fhome%2F.%2F..%2F..%2Fvar%2Flog%2F..%2Fsoftaculous%2Fqdpm%2F..%2Fwp57%2F..%2Fspip%2Fspip.zip HTTP/1.1" 200 1012 "-" "Mozilla/5.0 AppleWebKit/537.36 (KHTML, like Gecko; compatible; ClaudeBot/1.0; +claudebot@anthropic.com)"
198.54.116.86 - - [16/Apr/2025:09:50:14 -0400] "POST /wp-cron.php?doing_wp_cron=1744811414.9174489974975585937500 HTTP/1.1" 200 0 "-" "WordPress/6.8; https://servethepeopleinc.org"
52.167.144.145 - - [16/Apr/2025:09:50:14 -0400] "GET /products/onguent/32614638.shtml HTTP/1.1" 404 16950 "-" "Mozilla/5.0 AppleWebKit/537.36 (KHTML, like Gecko; compatible; bingbot/2.0; +http://www.bing.com/bingbot.htm) Chrome/116.0.1938.76 Safari/537.36"
198.54.116.86 - - [16/Apr/2025:09:50:15 -0400] "POST /wp-admin/admin-ajax.php?action=async_litespeed&nonce=Mo30hI6xTSEETUKjaxqKj7YH4dWcsHPq&litespeed_type=imgoptm HTTP/1.1" 200 21 "-" "WordPress/6.8; https://servethepeopleinc.org"
18.216.45.133 - - [16/Apr/2025:09:50:17 -0400] "GET /ad917/?path=%2Fhome%2F.%2F..%2Flib64%2Fgems%2F..%2Ftk8.6%2F.%2F..%2Fnss%2F..%2Flibpulse-mainloop-glib.so.0 HTTP/1.1" 200 1003 "-" "Mozilla/5.0 AppleWebKit/537.36 (KHTML, like Gecko; compatible; ClaudeBot/1.0; +claudebot@anthropic.com)"
18.216.45.133 - - [16/Apr/2025:09:50:20 -0400] "GET /ad917/?path=%2Fhome%2F.%2F..%2Flib64%2Fengines-1.1%2F.%2F..%2Fgstreamer-1.0%2F..%2Fgconv%2FEUC-JISX0213.so HTTP/1.1" 200 1008 "-" "Mozilla/5.0 AppleWebKit/537.36 (KHTML, like Gecko; compatible; ClaudeBot/1.0; +claudebot@anthropic.com)"
18.216.45.133 - - [16/Apr/2025:09:50:23 -0400] "GET /ad917/?path=%2Fhome%2F.%2F..%2Flib64%2Fgems%2F..%2Ftk8.6%2F.%2F..%2Fnss%2F..%2Flibxcb-render-util.so.0.0.0 HTTP/1.1" 200 1001 "-" "Mozilla/5.0 AppleWebKit/537.36 (KHTML, like Gecko; compatible; ClaudeBot/1.0; +claudebot@anthropic.com)"
18.216.45.133 - - [16/Apr/2025:09:50:26 -0400] "GET /ad917/?path=%2Fhome%2F.%2F..%2Flib64%2Fgems%2F..%2Ftk8.6%2F.%2F..%2Fnss%2F..%2Flibevent_extra-2.1.so.6.0.2 HTTP/1.1" 200 1001 "-" "Mozilla/5.0 AppleWebKit/537.36 (KHTML, like Gecko; compatible; ClaudeBot/1.0; +claudebot@anthropic.com)"
18.216.45.133 - - [16/Apr/2025:09:50:29 -0400] "GET /ad917/?path=%2Fhome%2F.%2F..%2Flib64%2Fengines-1.1%2F.%2F..%2Fgstreamer-1.0%2F..%2Fgconv%2FISO_5427-EXT.so HTTP/1.1" 200 1009 "-" "Mozilla/5.0 AppleWebKit/537.36 (KHTML, like Gecko; compatible; ClaudeBot/1.0; +claudebot@anthropic.com)"
18.216.45.133 - - [16/Apr/2025:09:50:32 -0400] "GET /ad917/?path=%2Fhome%2F.%2F..%2Flib64%2Fengines-1.1%2F.%2F..%2Fgstreamer-1.0%2F..%2Fpgsql%2Futf8_and_uhc.so HTTP/1.1" 200 1006 "-" "Mozilla/5.0 AppleWebKit/537.36 (KHTML, like Gecko; compatible; ClaudeBot/1.0; +claudebot@anthropic.com)"
40.77.167.150 - - [16/Apr/2025:09:50:33 -0400] "GET /product46855394.shtml HTTP/1.1" 301 0 "-" "Mozilla/5.0 AppleWebKit/537.36 (KHTML, like Gecko; compatible; bingbot/2.0; +http://www.bing.com/bingbot.htm) Chrome/116.0.1938.76 Safari/537.36"
18.216.45.133 - - [16/Apr/2025:09:50:35 -0400] "GET /ad917/?path=%2Fhome%2F.%2F..%2Flib64%2Fgems%2F..%2Ftk8.6%2F.%2F..%2Fnss%2F..%2Flibgtk-x11-2.0.so.0.2400.32 HTTP/1.1" 200 1003 "-" "Mozilla/5.0 AppleWebKit/537.36 (KHTML, like Gecko; compatible; ClaudeBot/1.0; +claudebot@anthropic.com)"
18.216.45.133 - - [16/Apr/2025:09:50:38 -0400] "GET /ad917/?path=%2Fhome%2F.%2F..%2Flib64%2Fgems%2F..%2Ftk8.6%2F.%2F..%2Fnss%2F..%2Flibply-splash-core.so.5.0.0 HTTP/1.1" 200 1002 "-" "Mozilla/5.0 AppleWebKit/537.36 (KHTML, like Gecko; compatible; ClaudeBot/1.0; +claudebot@anthropic.com)"
18.216.45.133 - - [16/Apr/2025:09:50:41 -0400] "GET /ad917/?path=%2Fhome%2Fservlmvm%2Fmail%2F.Drafts%2F..%2F.contact%40servethepeopleinc_org%2Fdovecot-keywords HTTP/1.1" 200 1001 "-" "Mozilla/5.0 AppleWebKit/537.36 (KHTML, like Gecko; compatible; ClaudeBot/1.0; +claudebot@anthropic.com)"
18.216.45.133 - - [16/Apr/2025:09:50:44 -0400] "GET /ad917/?path=%2Fhome%2F.%2F..%2Flib64%2Fgems%2F..%2Ftk8.6%2F.%2F..%2Fnss%2F..%2Flibpangoxft-1.0.so.0.4200.3 HTTP/1.1" 200 1003 "-" "Mozilla/5.0 AppleWebKit/537.36 (KHTML, like Gecko; compatible; ClaudeBot/1.0; +claudebot@anthropic.com)"
18.216.45.133 - - [16/Apr/2025:09:50:47 -0400] "GET /ad917/?path=%2Fhome%2F.%2F..%2Flib64%2Fengines-1.1%2F.%2F..%2Fgstreamer-1.0%2F..%2Fgconv%2Fgconv-modules.d HTTP/1.1" 200 1575 "-" "Mozilla/5.0 AppleWebKit/537.36 (KHTML, like Gecko; compatible; ClaudeBot/1.0; +claudebot@anthropic.com)"
18.216.45.133 - - [16/Apr/2025:09:50:50 -0400] "GET /ad917/?path=%2Fhome%2F.%2F..%2Flib64%2Fgems%2F..%2Ftk8.6%2F.%2F..%2Fnss%2F..%2Flibxcb-screensaver.so.0.0.0 HTTP/1.1" 200 1003 "-" "Mozilla/5.0 AppleWebKit/537.36 (KHTML, like Gecko; compatible; ClaudeBot/1.0; +claudebot@anthropic.com)"
18.216.45.133 - - [16/Apr/2025:09:50:53 -0400] "GET /ad917/?path=%2Fhome%2F.%2F..%2Flib64%2Fengines-1.1%2F.%2F..%2Fgstreamer-1.0%2F..%2Fgconv%2FEBCDIC-DK-NO.so HTTP/1.1" 200 1007 "-" "Mozilla/5.0 AppleWebKit/537.36 (KHTML, like Gecko; compatible; ClaudeBot/1.0; +claudebot@anthropic.com)"
18.216.45.133 - - [16/Apr/2025:09:50:56 -0400] "GET /ad917/?path=%2Fhome%2F.%2F..%2Flib64%2Fengines-1.1%2F.%2F..%2Fgstreamer-1.0%2F..%2Fpgsql%2Futf8_and_gbk.so HTTP/1.1" 200 1005 "-" "Mozilla/5.0 AppleWebKit/537.36 (KHTML, like Gecko; compatible; ClaudeBot/1.0; +claudebot@anthropic.com)"
18.216.45.133 - - [16/Apr/2025:09:50:59 -0400] "GET /ad917/?path=%2Fhome%2F.%2F..%2Flib64%2Fgems%2F..%2Ftk8.6%2F.%2F..%2Fnss%2F..%2Flibply-boot-client.so.5.0.0 HTTP/1.1" 200 1003 "-" "Mozilla/5.0 AppleWebKit/537.36 (KHTML, like Gecko; compatible; ClaudeBot/1.0; +claudebot@anthropic.com)"
18.216.45.133 - - [16/Apr/2025:09:51:02 -0400] "GET /ad917/?path=%2Fhome%2F.%2F..%2Flib64%2Fengines-1.1%2F.%2F..%2Fgstreamer-1.0%2F..%2Fcmake%2FQt5PrintSupport HTTP/1.1" 200 1592 "-" "Mozilla/5.0 AppleWebKit/537.36 (KHTML, like Gecko; compatible; ClaudeBot/1.0; +claudebot@anthropic.com)"
18.216.45.133 - - [16/Apr/2025:09:51:05 -0400] "GET /ad917/?path=%2Fhome%2Fservlmvm%2Fmail%2F.Drafts%2F..%2F.contact%40servethepeopleinc_org%2Fdovecot-acl-list HTTP/1.1" 200 991 "-" "Mozilla/5.0 AppleWebKit/537.36 (KHTML, like Gecko; compatible; ClaudeBot/1.0; +claudebot@anthropic.com)"
18.216.45.133 - - [16/Apr/2025:09:51:08 -0400] "GET /ad917/?path=%2Fhome%2F.%2F..%2Flib64%2Fgems%2F..%2Ftk8.6%2F.%2F..%2Fnss%2F..%2FlibIlmImfUtil-2_2.so.22.0.0 HTTP/1.1" 200 1005 "-" "Mozilla/5.0 AppleWebKit/537.36 (KHTML, like Gecko; compatible; ClaudeBot/1.0; +claudebot@anthropic.com)"
18.216.45.133 - - [16/Apr/2025:09:51:11 -0400] "GET /ad917/?path=%2Fhome%2F.%2F..%2Flib64%2Fengines-1.1%2F.%2F..%2Fgstreamer-1.0%2F..%2Fperl5%2FConfig_heavy.pl HTTP/1.1" 200 17906 "-" "Mozilla/5.0 AppleWebKit/537.36 (KHTML, like Gecko; compatible; ClaudeBot/1.0; +claudebot@anthropic.com)"
18.216.45.133 - - [16/Apr/2025:09:51:14 -0400] "GET /ad917/?path=%2Fhome%2F.%2F..%2Flib64%2Fgems%2F..%2Ftk8.6%2F.%2F..%2Fnss%2F..%2Flibgstcheck-1.0.so.0.1601.0 HTTP/1.1" 200 1004 "-" "Mozilla/5.0 AppleWebKit/537.36 (KHTML, like Gecko; compatible; ClaudeBot/1.0; +claudebot@anthropic.com)"
18.216.45.133 - - [16/Apr/2025:09:51:17 -0400] "GET /ad917/?path=%2Fhome%2F.%2F..%2Flib64%2Fgems%2F..%2Ftk8.6%2F.%2F..%2Fnss%2F..%2FlibOpenIPMIcmdlang.so.0.0.5 HTTP/1.1" 200 1006 "-" "Mozilla/5.0 AppleWebKit/537.36 (KHTML, like Gecko; compatible; ClaudeBot/1.0; +claudebot@anthropic.com)"
18.216.45.133 - - [16/Apr/2025:09:51:20 -0400] "GET /ad917/?path=%2Fhome%2F.%2F..%2Flib64%2Fgems%2F..%2Ftk8.6%2F.%2F..%2Fnss%2F..%2Flibgstisoff-1.0.so.0.1601.0 HTTP/1.1" 200 1002 "-" "Mozilla/5.0 AppleWebKit/537.36 (KHTML, like Gecko; compatible; ClaudeBot/1.0; +claudebot@anthropic.com)"
18.216.45.133 - - [16/Apr/2025:09:51:23 -0400] "GET /ad917/?path=%2Fhome%2F.%2F..%2Flib64%2Fgems%2F..%2Ftk8.6%2F.%2F..%2Fnss%2F..%2Flibgdk-x11-2.0.so.0.2400.32 HTTP/1.1" 200 1004 "-" "Mozilla/5.0 AppleWebKit/537.36 (KHTML, like Gecko; compatible; ClaudeBot/1.0; +claudebot@anthropic.com)"
18.216.45.133 - - [16/Apr/2025:09:51:26 -0400] "GET /ad917/?path=%2Fhome%2F.%2F..%2Flib64%2Fgems%2F..%2Ftk8.6%2F.%2F..%2Fnss%2F..%2Flibtss2-tcti-mssim.so.0.0.0 HTTP/1.1" 200 1001 "-" "Mozilla/5.0 AppleWebKit/537.36 (KHTML, like Gecko; compatible; ClaudeBot/1.0; +claudebot@anthropic.com)"
198.54.116.86 - - [16/Apr/2025:09:51:26 -0400] "POST /wp-cron.php?doing_wp_cron=1744811486.7642290592193603515625 HTTP/1.1" 200 0 "-" "WordPress/6.8; https://servethepeopleinc.org"
52.167.144.136 - - [16/Apr/2025:09:51:26 -0400] "GET /detail25893232.shtml HTTP/1.1" 404 16939 "-" "Mozilla/5.0 AppleWebKit/537.36 (KHTML, like Gecko; compatible; bingbot/2.0; +http://www.bing.com/bingbot.htm) Chrome/116.0.1938.76 Safari/537.36"
198.54.116.86 - - [16/Apr/2025:09:51:26 -0400] "POST /wp-admin/admin-ajax.php?action=async_litespeed&nonce=kmI26zcmGne9lv3Ym0DqBRYquZwTbUKJ&litespeed_type=imgoptm HTTP/1.1" 200 21 "-" "WordPress/6.8; https://servethepeopleinc.org"
52.167.144.160 - - [16/Apr/2025:09:51:27 -0400] "GET /shopping47159008.shtml HTTP/1.1" 301 0 "-" "Mozilla/5.0 AppleWebKit/537.36 (KHTML, like Gecko; compatible; bingbot/2.0; +http://www.bing.com/bingbot.htm) Chrome/116.0.1938.76 Safari/537.36"
18.216.45.133 - - [16/Apr/2025:09:51:29 -0400] "GET /ad917/?path=%2Fhome%2F.%2F..%2Flib64%2Fgems%2F..%2Ftk8.6%2F.%2F..%2Fnss%2F..%2Flibgstvideo-1.0.so.0.1601.0 HTTP/1.1" 200 1004 "-" "Mozilla/5.0 AppleWebKit/537.36 (KHTML, like Gecko; compatible; ClaudeBot/1.0; +claudebot@anthropic.com)"
18.216.45.133 - - [16/Apr/2025:09:51:32 -0400] "GET /ad917/?path=%2Fhome%2F.%2F..%2Flib64%2Fengines-1.1%2F.%2F..%2Fgstreamer-1.0%2F..%2Fgconv%2FEBCDIC-FI-SE.so HTTP/1.1" 200 1007 "-" "Mozilla/5.0 AppleWebKit/537.36 (KHTML, like Gecko; compatible; ClaudeBot/1.0; +claudebot@anthropic.com)"
52.167.144.136 - - [16/Apr/2025:09:51:35 -0400] "GET /goods/overturn69953462.shtml HTTP/1.1" 404 16940 "-" "Mozilla/5.0 AppleWebKit/537.36 (KHTML, like Gecko; compatible; bingbot/2.0; +http://www.bing.com/bingbot.htm) Chrome/116.0.1938.76 Safari/537.36"
52.167.144.145 - - [16/Apr/2025:09:51:45 -0400] "GET /product/insulsity/ HTTP/1.1" 404 16941 "-" "Mozilla/5.0 AppleWebKit/537.36 (KHTML, like Gecko; compatible; bingbot/2.0; +http://www.bing.com/bingbot.htm) Chrome/116.0.1938.76 Safari/537.36"
52.167.144.160 - - [16/Apr/2025:09:51:48 -0400] "GET /product/u/pruriently/32325766.shtml HTTP/1.1" 301 0 "-" "Mozilla/5.0 AppleWebKit/537.36 (KHTML, like Gecko; compatible; bingbot/2.0; +http://www.bing.com/bingbot.htm) Chrome/116.0.1938.76 Safari/537.36"
52.167.144.136 - - [16/Apr/2025:09:51:49 -0400] "GET /products/gho/ HTTP/1.1" 404 16941 "-" "Mozilla/5.0 AppleWebKit/537.36 (KHTML, like Gecko; compatible; bingbot/2.0; +http://www.bing.com/bingbot.htm) Chrome/116.0.1938.76 Safari/537.36"
3.144.124.142 - - [16/Apr/2025:09:52:04 -0400] "GET /ad917/?path=%2Fhome%2F.%2F..%2F..%2Fvar%2Flib%2F..%2Fsoftaculous%2Fgrav%2F..%2Ftine%2F..%2Fthelia%2F..%2Flss HTTP/1.1" 200 2056 "-" "Mozilla/5.0 AppleWebKit/537.36 (KHTML, like Gecko; compatible; ClaudeBot/1.0; +claudebot@anthropic.com)"
198.54.116.86 - - [16/Apr/2025:09:52:05 -0400] "POST /wp-cron.php?doing_wp_cron=1744811525.7029590606689453125000 HTTP/1.1" 200 0 "-" "WordPress/6.8; https://servethepeopleinc.org"
52.167.144.145 - - [16/Apr/2025:09:52:05 -0400] "GET /detail/108201156.shtml HTTP/1.1" 404 16939 "-" "Mozilla/5.0 AppleWebKit/537.36 (KHTML, like Gecko; compatible; bingbot/2.0; +http://www.bing.com/bingbot.htm) Chrome/116.0.1938.76 Safari/537.36"
3.144.124.142 - - [16/Apr/2025:09:52:07 -0400] "GET /ad917/?path=%2Fhome%2F.%2F..%2F..%2Fvar%2Flib%2F..%2Fsoftaculous%2Fgrav%2F..%2Ftine%2F..%2Fkrayin%2F..%2Fiwp HTTP/1.1" 200 2125 "-" "Mozilla/5.0 AppleWebKit/537.36 (KHTML, like Gecko; compatible; ClaudeBot/1.0; +claudebot@anthropic.com)"
3.144.124.142 - - [16/Apr/2025:09:52:10 -0400] "GET /ad917/?path=%2Fhome%2F.%2F..%2F..%2Fvar%2Flib%2F..%2Fsoftaculous%2Fgrav%2F..%2Ftine%2F..%2Fhotaru%2F..%2Funb HTTP/1.1" 200 1996 "-" "Mozilla/5.0 AppleWebKit/537.36 (KHTML, like Gecko; compatible; ClaudeBot/1.0; +claudebot@anthropic.com)"
3.144.124.142 - - [16/Apr/2025:09:52:13 -0400] "GET /ad917/?path=%2Fhome%2F.%2F..%2F..%2Fvar%2Flib%2F..%2Fsoftaculous%2Fgrav%2F..%2Ftine%2F..%2Fhotaru%2F..%2Fops HTTP/1.1" 200 2192 "-" "Mozilla/5.0 AppleWebKit/537.36 (KHTML, like Gecko; compatible; ClaudeBot/1.0; +claudebot@anthropic.com)"
3.144.124.142 - - [16/Apr/2025:09:52:16 -0400] "GET /ad917/?path=%2Fhome%2F.%2F..%2F..%2Fvar%2Flib%2F..%2Fsoftaculous%2Fgrav%2F..%2Ftine%2F..%2Ftcexam%2F..%2Fodm HTTP/1.1" 200 2107 "-" "Mozilla/5.0 AppleWebKit/537.36 (KHTML, like Gecko; compatible; ClaudeBot/1.0; +claudebot@anthropic.com)"
3.144.124.142 - - [16/Apr/2025:09:52:19 -0400] "GET /ad917/?path=%2Fhome%2F.%2F..%2F..%2Fvar%2Flib%2F..%2Fsoftaculous%2Fgrav%2F..%2Ftine%2F..%2Fhotaru%2F..%2Faef HTTP/1.1" 200 2068 "-" "Mozilla/5.0 AppleWebKit/537.36 (KHTML, like Gecko; compatible; ClaudeBot/1.0; +claudebot@anthropic.com)"
3.144.124.142 - - [16/Apr/2025:09:52:22 -0400] "GET /ad917/?path=%2Fhome%2F.%2F..%2F..%2Fvar%2Flib%2F..%2Fsoftaculous%2Fgrav%2F..%2Ftine%2F..%2Ftcexam%2F..%2Fzen HTTP/1.1" 200 2354 "-" "Mozilla/5.0 AppleWebKit/537.36 (KHTML, like Gecko; compatible; ClaudeBot/1.0; +claudebot@anthropic.com)"
3.144.124.142 - - [16/Apr/2025:09:52:25 -0400] "GET /ad917/?path=%2Fhome%2F.%2F..%2F..%2Fvar%2Flib%2F..%2Fsoftaculous%2Fgrav%2F..%2Ftine%2F..%2Fsizzle%2F..%2Fxmb HTTP/1.1" 200 2112 "-" "Mozilla/5.0 AppleWebKit/537.36 (KHTML, like Gecko; compatible; ClaudeBot/1.0; +claudebot@anthropic.com)"
3.144.124.142 - - [16/Apr/2025:09:52:28 -0400] "GET /ad917/?path=%2Fhome%2F.%2F..%2F..%2Fvar%2Flib%2F..%2Fsoftaculous%2Fgrav%2F..%2Ftine%2F..%2Fuvdesk%2F..%2Fvue HTTP/1.1" 200 1895 "-" "Mozilla/5.0 AppleWebKit/537.36 (KHTML, like Gecko; compatible; ClaudeBot/1.0; +claudebot@anthropic.com)"
3.144.124.142 - - [16/Apr/2025:09:52:31 -0400] "GET /ad917/?path=%2Fhome%2F.%2F..%2F..%2Fvar%2Flog%2F..%2Fsoftaculous%2Fqdpm%2F..%2Fwp57%2F..%2Focart23%2F.%2Fmd5 HTTP/1.1" 200 3052 "-" "Mozilla/5.0 AppleWebKit/537.36 (KHTML, like Gecko; compatible; ClaudeBot/1.0; +claudebot@anthropic.com)"
3.144.124.142 - - [16/Apr/2025:09:52:34 -0400] "GET /ad917/?path=%2Fhome%2F.%2F..%2F..%2Fvar%2Flog%2F..%2Fsoftaculous%2Fespo%2F..%2Fvxgb%2F..%2Fsmarty%2F..%2Ftwg HTTP/1.1" 200 2145 "-" "Mozilla/5.0 AppleWebKit/537.36 (KHTML, like Gecko; compatible; ClaudeBot/1.0; +claudebot@anthropic.com)"
3.144.124.142 - - [16/Apr/2025:09:52:37 -0400] "GET /ad917/?path=%2Fhome%2F.%2F..%2F..%2Fvar%2Flog%2F..%2Fsoftaculous%2Fqdpm%2F..%2Fwp57%2F..%2Fuvdesk%2F..%2Fowm HTTP/1.1" 200 2043 "-" "Mozilla/5.0 AppleWebKit/537.36 (KHTML, like Gecko; compatible; ClaudeBot/1.0; +claudebot@anthropic.com)"
3.144.124.142 - - [16/Apr/2025:09:52:40 -0400] "GET /ad917/?path=%2Fhome%2F.%2F..%2F..%2Fvar%2Flib%2F..%2Fsoftaculous%2Fgrav%2F..%2Ftine%2F..%2Ftcexam%2F..%2Fgnu HTTP/1.1" 200 2013 "-" "Mozilla/5.0 AppleWebKit/537.36 (KHTML, like Gecko; compatible; ClaudeBot/1.0; +claudebot@anthropic.com)"
3.144.124.142 - - [16/Apr/2025:09:52:43 -0400] "GET /ad917/?path=%2Fhome%2F.%2F..%2F..%2Fvar%2Flib%2F..%2Fsoftaculous%2Fgrav%2F..%2Ftine%2F..%2Favactis%2F.%2Fmd5 HTTP/1.1" 200 3564 "-" "Mozilla/5.0 AppleWebKit/537.36 (KHTML, like Gecko; compatible; ClaudeBot/1.0; +claudebot@anthropic.com)"
198.54.116.86 - - [16/Apr/2025:09:52:45 -0400] "POST /wp-cron.php?doing_wp_cron=1744811565.9647219181060791015625 HTTP/1.1" 200 0 "-" "WordPress/6.8; https://servethepeopleinc.org"
52.167.144.136 - - [16/Apr/2025:09:52:45 -0400] "GET /entity/ixy/tuberculate51312974.shtml HTTP/1.1" 404 16948 "-" "Mozilla/5.0 AppleWebKit/537.36 (KHTML, like Gecko; compatible; bingbot/2.0; +http://www.bing.com/bingbot.htm) Chrome/116.0.1938.76 Safari/537.36"
40.77.167.254 - - [16/Apr/2025:09:52:46 -0400] "GET /product/51211566.shtml HTTP/1.1" 301 0 "-" "Mozilla/5.0 AppleWebKit/537.36 (KHTML, like Gecko; compatible; bingbot/2.0; +http://www.bing.com/bingbot.htm) Chrome/116.0.1938.76 Safari/537.36"
198.54.116.86 - - [16/Apr/2025:09:52:46 -0400] "POST /wp-admin/admin-ajax.php?action=async_litespeed&nonce=ui557gD05J05LCAFlbOqx9OoyA6XO2m7&litespeed_type=imgoptm HTTP/1.1" 200 21 "-" "WordPress/6.8; https://servethepeopleinc.org"
3.144.124.142 - - [16/Apr/2025:09:52:46 -0400] "GET /ad917/?path=%2Fhome%2F.%2F..%2F..%2Fvar%2Flib%2F..%2Fsoftaculous%2Fgrav%2F..%2Ftine%2F..%2Fsizzle%2F..%2Fops HTTP/1.1" 200 2192 "-" "Mozilla/5.0 AppleWebKit/537.36 (KHTML, like Gecko; compatible; ClaudeBot/1.0; +claudebot@anthropic.com)"
3.144.124.142 - - [16/Apr/2025:09:52:49 -0400] "GET /ad917/?path=%2Fhome%2F.%2F..%2F..%2Fvar%2Flog%2F..%2Fsoftaculous%2Fespo%2F..%2Fvxgb%2F..%2Fsmarty%2F..%2Fmyt HTTP/1.1" 200 2090 "-" "Mozilla/5.0 AppleWebKit/537.36 (KHTML, like Gecko; compatible; ClaudeBot/1.0; +claudebot@anthropic.com)"
3.144.124.142 - - [16/Apr/2025:09:52:52 -0400] "GET /ad917/?path=%2Fhome%2F.%2F..%2F..%2Fvar%2Flog%2F..%2Fsoftaculous%2Fqdpm%2F..%2Fwp57%2F..%2Fomekas%2F..%2Fb2e HTTP/1.1" 200 2036 "-" "Mozilla/5.0 AppleWebKit/537.36 (KHTML, like Gecko; compatible; ClaudeBot/1.0; +claudebot@anthropic.com)"
3.144.124.142 - - [16/Apr/2025:09:52:55 -0400] "GET /ad917/?path=%2Fhome%2F.%2F..%2F..%2Fvar%2Flib%2F..%2Fsoftaculous%2Fgrav%2F..%2Ftine%2F..%2Fuvdesk%2F..%2Funb HTTP/1.1" 200 1979 "-" "Mozilla/5.0 AppleWebKit/537.36 (KHTML, like Gecko; compatible; ClaudeBot/1.0; +claudebot@anthropic.com)"
3.144.124.142 - - [16/Apr/2025:09:52:58 -0400] "GET /ad917/?path=%2Fhome%2F.%2F..%2F..%2Fvar%2Flog%2F..%2Fsoftaculous%2Fespo%2F..%2Fvxgb%2F..%2Fsmarty%2F..%2Funb HTTP/1.1" 200 1972 "-" "Mozilla/5.0 AppleWebKit/537.36 (KHTML, like Gecko; compatible; ClaudeBot/1.0; +claudebot@anthropic.com)"
3.144.124.142 - - [16/Apr/2025:09:53:01 -0400] "GET /ad917/?path=%2Fhome%2F.%2F..%2F..%2Fvar%2Flib%2F..%2Fsoftaculous%2Fgrav%2F..%2Ftine%2F..%2Fthelia%2F..%2Fvue HTTP/1.1" 200 1926 "-" "Mozilla/5.0 AppleWebKit/537.36 (KHTML, like Gecko; compatible; ClaudeBot/1.0; +claudebot@anthropic.com)"
3.144.124.142 - - [16/Apr/2025:09:53:04 -0400] "GET /ad917/?path=%2Fhome%2F.%2F..%2F..%2Fvar%2Flog%2F..%2Fsoftaculous%2Fqdpm%2F..%2Fwp57%2F..%2Fsizzle%2F..%2Fiwp HTTP/1.1" 200 2077 "-" "Mozilla/5.0 AppleWebKit/537.36 (KHTML, like Gecko; compatible; ClaudeBot/1.0; +claudebot@anthropic.com)"
3.144.124.142 - - [16/Apr/2025:09:53:07 -0400] "GET /ad917/?path=%2Fhome%2F.%2F..%2F..%2Fvar%2Flog%2F..%2Fsoftaculous%2Fqdpm%2F..%2Fwp57%2F..%2Fsizzle%2F..%2Flss HTTP/1.1" 200 2094 "-" "Mozilla/5.0 AppleWebKit/537.36 (KHTML, like Gecko; compatible; ClaudeBot/1.0; +claudebot@anthropic.com)"
3.144.124.142 - - [16/Apr/2025:09:53:10 -0400] "GET /ad917/?path=%2Fhome%2F.%2F..%2F..%2Fvar%2Flib%2F..%2Fsoftaculous%2Fmyadmin49%2F..%2Fdocumentor%2Finstall.php HTTP/1.1" 200 3169 "-" "Mozilla/5.0 AppleWebKit/537.36 (KHTML, like Gecko; compatible; ClaudeBot/1.0; +claudebot@anthropic.com)"
3.144.124.142 - - [16/Apr/2025:09:53:13 -0400] "GET /ad917/?path=%2Fhome%2F.%2F..%2F..%2Fvar%2Flog%2F..%2Fsoftaculous%2Fespo%2F..%2Fvxgb%2F..%2Fpluxml%2F..%2Ftwg HTTP/1.1" 200 2106 "-" "Mozilla/5.0 AppleWebKit/537.36 (KHTML, like Gecko; compatible; ClaudeBot/1.0; +claudebot@anthropic.com)"
3.144.124.142 - - [16/Apr/2025:09:53:16 -0400] "GET /ad917/?path=%2Fhome%2F.%2F..%2F..%2Fvar%2Flib%2F..%2Fsoftaculous%2Fgrav%2F..%2Ftine%2F..%2Fthelia%2F..%2Fyii HTTP/1.1" 200 1938 "-" "Mozilla/5.0 AppleWebKit/537.36 (KHTML, like Gecko; compatible; ClaudeBot/1.0; +claudebot@anthropic.com)"
198.54.116.86 - - [16/Apr/2025:09:53:17 -0400] "POST /wp-cron.php?doing_wp_cron=1744811597.0603818893432617187500 HTTP/1.1" 200 0 "-" "WordPress/6.8; https://servethepeopleinc.org"
52.167.144.160 - - [16/Apr/2025:09:53:16 -0400] "GET /goodscode/subarcuate/68445010.shtml HTTP/1.1" 301 0 "-" "Mozilla/5.0 AppleWebKit/537.36 (KHTML, like Gecko; compatible; bingbot/2.0; +http://www.bing.com/bingbot.htm) Chrome/116.0.1938.76 Safari/537.36"
198.54.116.86 - - [16/Apr/2025:09:53:17 -0400] "POST /wp-admin/admin-ajax.php?action=async_litespeed&nonce=bi4o7A189JQyNsA02lMUQAHuqCnnXiI3&litespeed_type=imgoptm HTTP/1.1" 200 21 "-" "WordPress/6.8; https://servethepeopleinc.org"
3.144.124.142 - - [16/Apr/2025:09:53:19 -0400] "GET /ad917/?path=%2Fhome%2F.%2F..%2F..%2Fvar%2Flog%2F..%2Fsoftaculous%2Fespo%2F..%2Fvxgb%2F..%2Fsmarty%2F..%2Fely HTTP/1.1" 200 1879 "-" "Mozilla/5.0 AppleWebKit/537.36 (KHTML, like Gecko; compatible; ClaudeBot/1.0; +claudebot@anthropic.com)"
3.144.124.142 - - [16/Apr/2025:09:53:22 -0400] "GET /ad917/?path=%2Fhome%2F.%2F..%2F..%2Fvar%2Flog%2F..%2Fsoftaculous%2Fqdpm%2F..%2Fwp57%2F..%2Fsizzle%2F..%2Fodm HTTP/1.1" 200 2074 "-" "Mozilla/5.0 AppleWebKit/537.36 (KHTML, like Gecko; compatible; ClaudeBot/1.0; +claudebot@anthropic.com)"
3.144.124.142 - - [16/Apr/2025:09:53:25 -0400] "GET /ad917/?path=%2Fhome%2F.%2F..%2F..%2Fvar%2Flib%2F..%2Fsoftaculous%2Fgrav%2F..%2Ftine%2F..%2Fhotaru%2F..%2Fomp HTTP/1.1" 200 2195 "-" "Mozilla/5.0 AppleWebKit/537.36 (KHTML, like Gecko; compatible; ClaudeBot/1.0; +claudebot@anthropic.com)"
40.77.167.254 - - [16/Apr/2025:09:53:25 -0400] "GET /info/l/webfeet/28800488.shtml HTTP/1.1" 301 0 "-" "Mozilla/5.0 AppleWebKit/537.36 (KHTML, like Gecko; compatible; bingbot/2.0; +http://www.bing.com/bingbot.htm) Chrome/116.0.1938.76 Safari/537.36"
3.144.124.142 - - [16/Apr/2025:09:53:28 -0400] "GET /ad917/?path=%2Fhome%2F.%2F..%2F..%2Fvar%2Flib%2F..%2Fsoftaculous%2Fgrav%2F..%2Ftine%2F..%2Fuvdesk%2F..%2Ffud HTTP/1.1" 200 2247 "-" "Mozilla/5.0 AppleWebKit/537.36 (KHTML, like Gecko; compatible; ClaudeBot/1.0; +claudebot@anthropic.com)"
3.144.124.142 - - [16/Apr/2025:09:53:31 -0400] "GET /ad917/?path=%2Fhome%2F.%2F..%2F..%2Fvar%2Flog%2F..%2Fsoftaculous%2Fespo%2F..%2Fvxgb%2F..%2Fpluxml%2F..%2Fomp HTTP/1.1" 200 2133 "-" "Mozilla/5.0 AppleWebKit/537.36 (KHTML, like Gecko; compatible; ClaudeBot/1.0; +claudebot@anthropic.com)"
3.144.124.142 - - [16/Apr/2025:09:53:34 -0400] "GET /ad917/?path=%2Fhome%2F.%2F..%2F..%2Fvar%2Flog%2F..%2Fsoftaculous%2Fqdpm%2F..%2Fwp57%2F..%2Fuvdesk%2F..%2Fcpg HTTP/1.1" 200 2191 "-" "Mozilla/5.0 AppleWebKit/537.36 (KHTML, like Gecko; compatible; ClaudeBot/1.0; +claudebot@anthropic.com)"
