3.144.70.25 - - [16/Apr/2025:08:57:05 -0400] "GET /ad917/?path=%2Fhome%2F.%2Fservlmvm%2Flscache%2F..%2F..%2F..%2Flib64%2Fbind9-export%2F..%2Flibtinfo.so.5.9 HTTP/1.1" 200 995 "-" "Mozilla/5.0 AppleWebKit/537.36 (KHTML, like Gecko; compatible; ClaudeBot/1.0; +claudebot@anthropic.com)"
3.144.70.25 - - [16/Apr/2025:08:57:08 -0400] "GET /ad917/?path=%2Fhome%2F.%2F..%2Flib%2Frpm%2Ffileattrs%2F..%2Fplatform%2Fsparc-linux%2F..%2Falphaev56-linux HTTP/1.1" 200 1550 "-" "Mozilla/5.0 AppleWebKit/537.36 (KHTML, like Gecko; compatible; ClaudeBot/1.0; +claudebot@anthropic.com)"
3.144.70.25 - - [16/Apr/2025:08:57:11 -0400] "GET /ad917/?path=%2Fhome%2F.%2F..%2F..%2Flib64%2Flibibverbs%2F..%2Fpython3.6%2Flogging%2F..%2Fsre_constants.py HTTP/1.1" 200 3328 "-" "Mozilla/5.0 AppleWebKit/537.36 (KHTML, like Gecko; compatible; ClaudeBot/1.0; +claudebot@anthropic.com)"
3.144.70.25 - - [16/Apr/2025:08:57:14 -0400] "GET /ad917/?path=%2Fhome%2F.%2Fservlmvm%2Flscache%2F..%2F..%2F..%2Flib64%2Fbind9-export%2F..%2Flibusb-1.0.so.0 HTTP/1.1" 200 996 "-" "Mozilla/5.0 AppleWebKit/537.36 (KHTML, like Gecko; compatible; ClaudeBot/1.0; +claudebot@anthropic.com)"
3.144.70.25 - - [16/Apr/2025:08:57:17 -0400] "GET /ad917/?path=%2Fhome%2F.%2F..%2F..%2Flib64%2Flibibverbs%2F..%2Fpkgconfig%2F..%2Fhmaccalc%2Fsha224hmac.hmac HTTP/1.1" 200 1106 "-" "Mozilla/5.0 AppleWebKit/537.36 (KHTML, like Gecko; compatible; ClaudeBot/1.0; +claudebot@anthropic.com)"
198.54.116.86 - - [16/Apr/2025:08:57:19 -0400] "POST /wp-cron.php?doing_wp_cron=1744808239.0106070041656494140625 HTTP/1.1" 200 0 "-" "WordPress/6.8; https://servethepeopleinc.org"
40.77.167.116 - - [16/Apr/2025:08:57:18 -0400] "GET /entity/13861408.shtml HTTP/1.1" 301 0 "-" "Mozilla/5.0 AppleWebKit/537.36 (KHTML, like Gecko; compatible; bingbot/2.0; +http://www.bing.com/bingbot.htm) Chrome/116.0.1938.76 Safari/537.36"
198.54.116.86 - - [16/Apr/2025:08:57:19 -0400] "POST /wp-admin/admin-ajax.php?action=async_litespeed&nonce=BHtj0jrDO2lWYY2kcMoYRBneBYiC0fWa&litespeed_type=imgoptm HTTP/1.1" 200 21 "-" "WordPress/6.8; https://servethepeopleinc.org"
3.144.70.25 - - [16/Apr/2025:08:57:20 -0400] "GET /ad917/?path=%2Fhome%2F.%2Fservlmvm%2Flscache%2F..%2F..%2F..%2Flib64%2Fbind9-export%2F..%2Flibgnutls.so.30 HTTP/1.1" 200 995 "-" "Mozilla/5.0 AppleWebKit/537.36 (KHTML, like Gecko; compatible; ClaudeBot/1.0; +claudebot@anthropic.com)"
3.144.70.25 - - [16/Apr/2025:08:57:23 -0400] "GET /ad917/?path=%2Fhome%2F.%2Fservlmvm%2Flscache%2F..%2F..%2F..%2Flib64%2Frpm-plugins%2F..%2Flibxcb-dpms.so.0 HTTP/1.1" 200 993 "-" "Mozilla/5.0 AppleWebKit/537.36 (KHTML, like Gecko; compatible; ClaudeBot/1.0; +claudebot@anthropic.com)"
3.144.70.25 - - [16/Apr/2025:08:57:26 -0400] "GET /ad917/?path=%2Fhome%2F.%2Fservlmvm%2Flscache%2F..%2F..%2F..%2Flib64%2Fbind9-export%2F..%2Flibncurses.so.6 HTTP/1.1" 200 995 "-" "Mozilla/5.0 AppleWebKit/537.36 (KHTML, like Gecko; compatible; ClaudeBot/1.0; +claudebot@anthropic.com)"
3.144.70.25 - - [16/Apr/2025:08:57:29 -0400] "GET /ad917/?path=%2Fhome%2F.%2Fservlmvm%2Flscache%2F..%2F..%2F..%2Flib64%2Fbind9-export%2F..%2Flibfontenc.so.1 HTTP/1.1" 200 993 "-" "Mozilla/5.0 AppleWebKit/537.36 (KHTML, like Gecko; compatible; ClaudeBot/1.0; +claudebot@anthropic.com)"
3.144.70.25 - - [16/Apr/2025:08:57:32 -0400] "GET /ad917/?path=%2Fhome%2F.%2Fservlmvm%2Flscache%2F..%2F..%2F..%2Flib64%2Fbind9-export%2F..%2Flibgettextpo.so HTTP/1.1" 200 996 "-" "Mozilla/5.0 AppleWebKit/537.36 (KHTML, like Gecko; compatible; ClaudeBot/1.0; +claudebot@anthropic.com)"
3.144.70.25 - - [16/Apr/2025:08:57:35 -0400] "GET /ad917/?path=%2Fhome%2F.%2F..%2Flib%2Frpm%2Ffileattrs%2F..%2Fplatform%2Fi386-linux%2F..%2Fppcpseries-linux HTTP/1.1" 200 1562 "-" "Mozilla/5.0 AppleWebKit/537.36 (KHTML, like Gecko; compatible; ClaudeBot/1.0; +claudebot@anthropic.com)"
3.144.70.25 - - [16/Apr/2025:08:57:38 -0400] "GET /ad917/?path=%2Fhome%2F.%2Fservlmvm%2F.trash%2F..%2Fwww%2F..%2Fpublic_html%2Fassets%2F..%2Fwp-settings.php HTTP/1.1" 200 7270 "-" "Mozilla/5.0 AppleWebKit/537.36 (KHTML, like Gecko; compatible; ClaudeBot/1.0; +claudebot@anthropic.com)"
3.144.70.25 - - [16/Apr/2025:08:57:41 -0400] "GET /ad917/?path=%2Fhome%2F.%2Fservlmvm%2Flscache%2F..%2F..%2F..%2Flib64%2Fbind9-export%2F..%2Flibtss2-mu.so.0 HTTP/1.1" 200 995 "-" "Mozilla/5.0 AppleWebKit/537.36 (KHTML, like Gecko; compatible; ClaudeBot/1.0; +claudebot@anthropic.com)"
3.144.70.25 - - [16/Apr/2025:08:57:44 -0400] "GET /ad917/?path=%2Fhome%2F.%2Fservlmvm%2Flscache%2F..%2F..%2F..%2Flib64%2Fbind9-export%2F..%2Flibxcb-xkb.so.1 HTTP/1.1" 200 995 "-" "Mozilla/5.0 AppleWebKit/537.36 (KHTML, like Gecko; compatible; ClaudeBot/1.0; +claudebot@anthropic.com)"
3.144.70.25 - - [16/Apr/2025:08:57:47 -0400] "GET /ad917/?path=%2Fhome%2F.%2Fservlmvm%2Flscache%2F..%2F..%2F..%2Flib64%2Frpm-plugins%2F..%2Flibteamdctl.so.0 HTTP/1.1" 200 992 "-" "Mozilla/5.0 AppleWebKit/537.36 (KHTML, like Gecko; compatible; ClaudeBot/1.0; +claudebot@anthropic.com)"
3.144.70.25 - - [16/Apr/2025:08:57:50 -0400] "GET /ad917/?path=%2Fhome%2F.%2Fservlmvm%2Flscache%2F..%2F..%2F..%2Flib64%2Fbind9-export%2F..%2Flibnewt.so.0.52 HTTP/1.1" 200 995 "-" "Mozilla/5.0 AppleWebKit/537.36 (KHTML, like Gecko; compatible; ClaudeBot/1.0; +claudebot@anthropic.com)"
52.167.144.191 - - [16/Apr/2025:08:57:51 -0400] "GET /detail/protester32360710.shtml HTTP/1.1" 301 0 "-" "Mozilla/5.0 AppleWebKit/537.36 (KHTML, like Gecko; compatible; bingbot/2.0; +http://www.bing.com/bingbot.htm) Chrome/116.0.1938.76 Safari/537.36"
3.144.70.25 - - [16/Apr/2025:08:57:53 -0400] "GET /ad917/?path=%2Fhome%2F.%2Fservlmvm%2Flscache%2F..%2F..%2F..%2Flib64%2Fbind9-export%2F..%2FlibodbcnnS.so.2 HTTP/1.1" 200 996 "-" "Mozilla/5.0 AppleWebKit/537.36 (KHTML, like Gecko; compatible; ClaudeBot/1.0; +claudebot@anthropic.com)"
3.144.70.25 - - [16/Apr/2025:08:57:56 -0400] "GET /ad917/?path=%2Fhome%2Fservlmvm%2F..%2F.%2F..%2F.%2F.%2Fusr%2Fshare%2Fl.v.e-manager%2Futils%2Fnpm_wrapper HTTP/1.1" 200 1813 "-" "Mozilla/5.0 AppleWebKit/537.36 (KHTML, like Gecko; compatible; ClaudeBot/1.0; +claudebot@anthropic.com)"
3.144.70.25 - - [16/Apr/2025:08:57:59 -0400] "GET /ad917/?path=%2Fhome%2F.%2F..%2F..%2Fusr%2Fbin%2F..%2Flib64%2Flibboost-plesk-1.74%2F.%2F..%2Flibgdbm.so.6 HTTP/1.1" 200 996 "-" "Mozilla/5.0 AppleWebKit/537.36 (KHTML, like Gecko; compatible; ClaudeBot/1.0; +claudebot@anthropic.com)"
3.144.70.25 - - [16/Apr/2025:08:58:02 -0400] "GET /ad917/?path=%2Fhome%2Fservlmvm%2Fwww%2Fwp-includes%2Fblocks%2Fcomment-date%2F..%2Fsearch%2Fstyle-rtl.css HTTP/1.1" 200 1599 "-" "Mozilla/5.0 AppleWebKit/537.36 (KHTML, like Gecko; compatible; ClaudeBot/1.0; +claudebot@anthropic.com)"
3.144.70.25 - - [16/Apr/2025:08:58:05 -0400] "GET /ad917/?path=%2Fhome%2Fservlmvm%2Fwww%2Fwp-includes%2Fblocks%2Fpreformatted%2F..%2Fsearch%2Fstyle.min.css HTTP/1.1" 200 1569 "-" "Mozilla/5.0 AppleWebKit/537.36 (KHTML, like Gecko; compatible; ClaudeBot/1.0; +claudebot@anthropic.com)"
3.144.70.25 - - [16/Apr/2025:08:58:08 -0400] "GET /ad917/?path=%2Fhome%2F.%2F..%2F..%2Fhome4%2F..%2Fsbin%2F..%2Flib%2Ffirmware%2Fueagle-atm%2FCMVepES03.bin HTTP/1.1" 200 999 "-" "Mozilla/5.0 AppleWebKit/537.36 (KHTML, like Gecko; compatible; ClaudeBot/1.0; +claudebot@anthropic.com)"
198.54.116.86 - - [16/Apr/2025:08:58:11 -0400] "POST /wp-cron.php?doing_wp_cron=1744808291.2073628902435302734375 HTTP/1.1" 200 0 "-" "WordPress/6.8; https://servethepeopleinc.org"
52.167.144.191 - - [16/Apr/2025:08:58:11 -0400] "GET /item/46359326.shtml HTTP/1.1" 301 0 "-" "Mozilla/5.0 AppleWebKit/537.36 (KHTML, like Gecko; compatible; bingbot/2.0; +http://www.bing.com/bingbot.htm) Chrome/116.0.1938.76 Safari/537.36"
3.144.70.25 - - [16/Apr/2025:08:58:11 -0400] "GET /ad917/?path=%2Fhome%2Fservlmvm%2Fwww%2Fwp-includes%2Fblocks%2Fpreformatted%2F..%2Fsearch%2Ftheme-rtl.css HTTP/1.1" 200 1065 "-" "Mozilla/5.0 AppleWebKit/537.36 (KHTML, like Gecko; compatible; ClaudeBot/1.0; +claudebot@anthropic.com)"
198.54.116.86 - - [16/Apr/2025:08:58:11 -0400] "POST /wp-admin/admin-ajax.php?action=async_litespeed&nonce=KE99n8jxCpM1trblryWsGaJLFv2PaQBG&litespeed_type=imgoptm HTTP/1.1" 200 21 "-" "WordPress/6.8; https://servethepeopleinc.org"
3.144.70.25 - - [16/Apr/2025:08:58:14 -0400] "GET /ad917/?path=%2Fhome%2Fservlmvm%2Fwww%2Fwp-includes%2Fblocks%2Fcomment-date%2F..%2Fsearch%2Fstyle.min.css HTTP/1.1" 200 1568 "-" "Mozilla/5.0 AppleWebKit/537.36 (KHTML, like Gecko; compatible; ClaudeBot/1.0; +claudebot@anthropic.com)"
3.144.70.25 - - [16/Apr/2025:08:58:17 -0400] "GET /ad917/?path=%2Fhome%2F.%2F..%2F..%2Fhome4%2F..%2Fsbin%2F..%2Flib%2Ffirmware%2Fueagle-atm%2FCMVepFR04.bin HTTP/1.1" 200 999 "-" "Mozilla/5.0 AppleWebKit/537.36 (KHTML, like Gecko; compatible; ClaudeBot/1.0; +claudebot@anthropic.com)"
3.144.70.25 - - [16/Apr/2025:08:58:20 -0400] "GET /ad917/?path=%2Fhome%2Fservlmvm%2F.%2Flscache%2F2%2F..%2F..%2Flscache%2F..%2F.cpanel%2F..%2F.bash_profile HTTP/1.1" 200 1099 "-" "Mozilla/5.0 AppleWebKit/537.36 (KHTML, like Gecko; compatible; ClaudeBot/1.0; +claudebot@anthropic.com)"
52.167.144.166 - - [16/Apr/2025:08:58:20 -0400] "GET /product66030110.shtml HTTP/1.1" 404 16940 "-" "Mozilla/5.0 AppleWebKit/537.36 (KHTML, like Gecko; compatible; bingbot/2.0; +http://www.bing.com/bingbot.htm) Chrome/116.0.1938.76 Safari/537.36"
40.77.167.116 - - [16/Apr/2025:08:58:21 -0400] "GET /items/keraunography/46464646.shtml HTTP/1.1" 301 0 "-" "Mozilla/5.0 AppleWebKit/537.36 (KHTML, like Gecko; compatible; bingbot/2.0; +http://www.bing.com/bingbot.htm) Chrome/116.0.1938.76 Safari/537.36"
3.144.70.25 - - [16/Apr/2025:08:58:23 -0400] "GET /ad917/?path=%2Fhome%2F.%2F..%2Flib%2Flocale%2F..%2F..%2F.%2Fvar%2Fsoftaculous%2Fzikula15%2Fchangelog.txt HTTP/1.1" 200 3097 "-" "Mozilla/5.0 AppleWebKit/537.36 (KHTML, like Gecko; compatible; ClaudeBot/1.0; +claudebot@anthropic.com)"
52.167.144.223 - - [16/Apr/2025:08:58:30 -0400] "GET /products/versant24562734.shtml HTTP/1.1" 301 0 "-" "Mozilla/5.0 AppleWebKit/537.36 (KHTML, like Gecko; compatible; bingbot/2.0; +http://www.bing.com/bingbot.htm) Chrome/116.0.1938.76 Safari/537.36"
40.77.167.116 - - [16/Apr/2025:08:58:34 -0400] "GET /detail51511346.shtml HTTP/1.1" 301 0 "-" "Mozilla/5.0 AppleWebKit/537.36 (KHTML, like Gecko; compatible; bingbot/2.0; +http://www.bing.com/bingbot.htm) Chrome/116.0.1938.76 Safari/537.36"
66.249.77.41 - - [16/Apr/2025:08:58:55 -0400] "GET /entity/h/exauthorize91850216.shtml HTTP/1.1" 404 16947 "-" "Mozilla/5.0 (Linux; Android 6.0.1; Nexus 5X Build/MMB29P) AppleWebKit/537.36 (KHTML, like Gecko) Chrome/135.0.7049.84 Mobile Safari/537.36 (compatible; GoogleOther)"
3.17.154.155 - - [16/Apr/2025:08:58:57 -0400] "GET /ad917/?path=%2Fhome%2F.%2Fservlmvm%2Flscache%2F..%2F..%2F..%2Flib64%2Fbind9-export%2F..%2Flibcurl.so.4.5.0 HTTP/1.1" 200 1000 "-" "Mozilla/5.0 AppleWebKit/537.36 (KHTML, like Gecko; compatible; ClaudeBot/1.0; +claudebot@anthropic.com)"
3.17.154.155 - - [16/Apr/2025:08:59:00 -0400] "GET /ad917/?path=%2Fhome%2F.%2Fservlmvm%2Flscache%2F..%2F..%2F..%2Flib64%2Fbind9-export%2F..%2Flibguestlib.so.0 HTTP/1.1" 200 1001 "-" "Mozilla/5.0 AppleWebKit/537.36 (KHTML, like Gecko; compatible; ClaudeBot/1.0; +claudebot@anthropic.com)"
3.17.154.155 - - [16/Apr/2025:08:59:03 -0400] "GET /ad917/?path=%2Fhome%2F.%2Fservlmvm%2Flscache%2F..%2F..%2F..%2Flib64%2Fbind9-export%2F..%2Flibevent_core.so HTTP/1.1" 200 1000 "-" "Mozilla/5.0 AppleWebKit/537.36 (KHTML, like Gecko; compatible; ClaudeBot/1.0; +claudebot@anthropic.com)"
3.17.154.155 - - [16/Apr/2025:08:59:06 -0400] "GET /ad917/?path=%2Fhome%2F.%2Fservlmvm%2Flscache%2F..%2F..%2F..%2Flib64%2Fbind9-export%2F..%2Flibpcap.so.1.9.1 HTTP/1.1" 200 999 "-" "Mozilla/5.0 AppleWebKit/537.36 (KHTML, like Gecko; compatible; ClaudeBot/1.0; +claudebot@anthropic.com)"
3.17.154.155 - - [16/Apr/2025:08:59:09 -0400] "GET /ad917/?path=%2Fhome%2F.%2Fservlmvm%2Flscache%2F..%2F..%2F..%2Flib64%2Frpm-plugins%2F..%2Flibref_array.so.1 HTTP/1.1" 200 994 "-" "Mozilla/5.0 AppleWebKit/537.36 (KHTML, like Gecko; compatible; ClaudeBot/1.0; +claudebot@anthropic.com)"
198.54.116.86 - - [16/Apr/2025:08:59:11 -0400] "POST /wp-cron.php?doing_wp_cron=1744808351.8054659366607666015625 HTTP/1.1" 200 0 "-" "WordPress/6.8; https://servethepeopleinc.org"
40.77.167.116 - - [16/Apr/2025:08:59:11 -0400] "GET /info/uwi/lantanoides/68402186.shtml HTTP/1.1" 301 0 "-" "Mozilla/5.0 AppleWebKit/537.36 (KHTML, like Gecko; compatible; bingbot/2.0; +http://www.bing.com/bingbot.htm) Chrome/116.0.1938.76 Safari/537.36"
198.54.116.86 - - [16/Apr/2025:08:59:12 -0400] "POST /wp-admin/admin-ajax.php?action=async_litespeed&nonce=NICfMapiB97yOo4nf0Kk7xGiOfQAcF9y&litespeed_type=imgoptm HTTP/1.1" 200 21 "-" "WordPress/6.8; https://servethepeopleinc.org"
3.17.154.155 - - [16/Apr/2025:08:59:12 -0400] "GET /ad917/?path=%2Fhome%2F.%2Fservlmvm%2Flscache%2F..%2F..%2F..%2Flib64%2Frpm-plugins%2F..%2Flibxcb-image.so.0 HTTP/1.1" 200 994 "-" "Mozilla/5.0 AppleWebKit/537.36 (KHTML, like Gecko; compatible; ClaudeBot/1.0; +claudebot@anthropic.com)"
3.17.154.155 - - [16/Apr/2025:08:59:15 -0400] "GET /ad917/?path=%2Fhome%2F.%2Fservlmvm%2Flscache%2F..%2F..%2F..%2Flib64%2Fbind9-export%2F..%2Flibfuse.so.2.9.7 HTTP/1.1" 200 1001 "-" "Mozilla/5.0 AppleWebKit/537.36 (KHTML, like Gecko; compatible; ClaudeBot/1.0; +claudebot@anthropic.com)"
3.17.154.155 - - [16/Apr/2025:08:59:18 -0400] "GET /ad917/?path=%2Fhome%2F.%2F..%2Flib64%2Fengines-1.1%2F.%2F..%2Fpython2.7%2Flogging%2F..%2FCGIHTTPServer.pyo HTTP/1.1" 200 1005 "-" "Mozilla/5.0 AppleWebKit/537.36 (KHTML, like Gecko; compatible; ClaudeBot/1.0; +claudebot@anthropic.com)"
3.17.154.155 - - [16/Apr/2025:08:59:21 -0400] "GET /ad917/?path=%2Fhome%2F.%2Fservlmvm%2Flscache%2F..%2F..%2F..%2Flib64%2Fbind9-export%2F..%2Flibc_nonshared.a HTTP/1.1" 200 1002 "-" "Mozilla/5.0 AppleWebKit/537.36 (KHTML, like Gecko; compatible; ClaudeBot/1.0; +claudebot@anthropic.com)"
3.17.154.155 - - [16/Apr/2025:08:59:24 -0400] "GET /ad917/?path=%2Fhome%2F.%2Fservlmvm%2Flscache%2F..%2F..%2F..%2Flib64%2Frpm-plugins%2F..%2Flibgccpp.so.1.3.1 HTTP/1.1" 200 993 "-" "Mozilla/5.0 AppleWebKit/537.36 (KHTML, like Gecko; compatible; ClaudeBot/1.0; +claudebot@anthropic.com)"
3.17.154.155 - - [16/Apr/2025:08:59:27 -0400] "GET /ad917/?path=%2Fhome%2F.%2Fservlmvm%2Flscache%2F..%2F..%2F..%2Flib64%2Fbind9-export%2F..%2Flibnsssysinit.so HTTP/1.1" 200 1000 "-" "Mozilla/5.0 AppleWebKit/537.36 (KHTML, like Gecko; compatible; ClaudeBot/1.0; +claudebot@anthropic.com)"
3.17.154.155 - - [16/Apr/2025:08:59:30 -0400] "GET /ad917/?path=%2Fhome%2F.%2Fservlmvm%2Flscache%2F..%2F..%2F..%2Flib64%2Frpm-plugins%2F..%2Flibcares.so.2.2.0 HTTP/1.1" 200 993 "-" "Mozilla/5.0 AppleWebKit/537.36 (KHTML, like Gecko; compatible; ClaudeBot/1.0; +claudebot@anthropic.com)"
3.17.154.155 - - [16/Apr/2025:08:59:33 -0400] "GET /ad917/?path=%2Fhome%2F.%2Fservlmvm%2Flscache%2F..%2F..%2F..%2Flib64%2Frpm-plugins%2F..%2Flibmtdev.so.1.0.0 HTTP/1.1" 200 993 "-" "Mozilla/5.0 AppleWebKit/537.36 (KHTML, like Gecko; compatible; ClaudeBot/1.0; +claudebot@anthropic.com)"
3.17.154.155 - - [16/Apr/2025:08:59:36 -0400] "GET /ad917/?path=%2Fhome%2F.%2Fservlmvm%2Flscache%2F..%2F..%2F..%2Flib64%2Frpm-plugins%2F..%2Flibdrm_intel.so.1 HTTP/1.1" 200 993 "-" "Mozilla/5.0 AppleWebKit/537.36 (KHTML, like Gecko; compatible; ClaudeBot/1.0; +claudebot@anthropic.com)"
3.17.154.155 - - [16/Apr/2025:08:59:39 -0400] "GET /ad917/?path=%2Fhome%2F.%2Fservlmvm%2Flscache%2F..%2F..%2F..%2Flib64%2Fbind9-export%2F..%2Flibxcb-render.so HTTP/1.1" 200 1000 "-" "Mozilla/5.0 AppleWebKit/537.36 (KHTML, like Gecko; compatible; ClaudeBot/1.0; +claudebot@anthropic.com)"
52.167.144.166 - - [16/Apr/2025:08:59:39 -0400] "GET /item/multiplicateur72488.shtml HTTP/1.1" 404 16941 "-" "Mozilla/5.0 AppleWebKit/537.36 (KHTML, like Gecko; compatible; bingbot/2.0; +http://www.bing.com/bingbot.htm) Chrome/116.0.1938.76 Safari/537.36"
3.17.154.155 - - [16/Apr/2025:08:59:42 -0400] "GET /ad917/?path=%2Fhome%2F.%2F..%2Flib%2Frpm%2Ffileattrs%2F..%2Fplatform%2Famd64-linux%2F..%2Fppcpseries-linux HTTP/1.1" 200 1564 "-" "Mozilla/5.0 AppleWebKit/537.36 (KHTML, like Gecko; compatible; ClaudeBot/1.0; +claudebot@anthropic.com)"
3.17.154.155 - - [16/Apr/2025:08:59:45 -0400] "GET /ad917/?path=%2Fhome%2Fservlmvm%2F.%2F.%2F..%2F..%2F.%2Fusr%2Fshare%2Fperl5%2Fvendor_perl%2Fexperimental.pm HTTP/1.1" 200 3579 "-" "Mozilla/5.0 AppleWebKit/537.36 (KHTML, like Gecko; compatible; ClaudeBot/1.0; +claudebot@anthropic.com)"
3.17.154.155 - - [16/Apr/2025:08:59:48 -0400] "GET /ad917/?path=%2Fhome%2F.%2F..%2Flib64%2Fengines-1.1%2F.%2F..%2Ftk8.6%2F..%2FImageMagick-6.9.13%2Fconfig-Q16 HTTP/1.1" 200 1564 "-" "Mozilla/5.0 AppleWebKit/537.36 (KHTML, like Gecko; compatible; ClaudeBot/1.0; +claudebot@anthropic.com)"
52.167.144.179 - - [16/Apr/2025:08:59:51 -0400] "GET /shopping/49427410.shtml HTTP/1.1" 301 0 "-" "Mozilla/5.0 AppleWebKit/537.36 (KHTML, like Gecko; compatible; bingbot/2.0; +http://www.bing.com/bingbot.htm) Chrome/116.0.1938.76 Safari/537.36"
3.17.154.155 - - [16/Apr/2025:08:59:51 -0400] "GET /ad917/?path=%2Fhome%2F.%2Fservlmvm%2F.trash%2F..%2F.%2Fwww%2Fwp-includes%2F..%2Fimages%2Ftoggige-arrow.jpg HTTP/1.1" 200 13780 "-" "Mozilla/5.0 AppleWebKit/537.36 (KHTML, like Gecko; compatible; ClaudeBot/1.0; +claudebot@anthropic.com)"
3.17.154.155 - - [16/Apr/2025:08:59:54 -0400] "GET /ad917/?path=%2Fhome%2F.%2Fservlmvm%2F.trash%2F..%2F.%2Fwww%2F.well-known%2F..%2Fimages%2Ftoggige-arrow.jpg HTTP/1.1" 200 13794 "-" "Mozilla/5.0 AppleWebKit/537.36 (KHTML, like Gecko; compatible; ClaudeBot/1.0; +claudebot@anthropic.com)"
3.17.154.155 - - [16/Apr/2025:08:59:57 -0400] "GET /ad917/?path=%2Fhome%2F.%2Fservlmvm%2F.trash%2F..%2Fwww%2F..%2Fpublic_html%2Fimages%2F.%2Ftoggige-arrow.jpg HTTP/1.1" 200 13787 "-" "Mozilla/5.0 AppleWebKit/537.36 (KHTML, like Gecko; compatible; ClaudeBot/1.0; +claudebot@anthropic.com)"
51.222.253.16 - - [16/Apr/2025:08:59:57 -0400] "GET /entity72153496.shtml HTTP/1.1" 404 16941 "-" "Mozilla/5.0 (compatible; AhrefsBot/7.0; +http://ahrefs.com/robot/)"
3.17.154.155 - - [16/Apr/2025:09:00:00 -0400] "GET /ad917/?path=%2Fhome%2Fservlmvm%2F..%2F.%2F..%2F.%2F.%2Fusr%2Fshare%2Fl.v.e-manager%2Futils%2Fnode_wrapper HTTP/1.1" 200 1210 "-" "Mozilla/5.0 AppleWebKit/537.36 (KHTML, like Gecko; compatible; ClaudeBot/1.0; +claudebot@anthropic.com)"
3.17.154.155 - - [16/Apr/2025:09:00:03 -0400] "GET /ad917/?path=%2Fhome%2Fservlmvm%2Fwww%2Fwp-includes%2Fblocks%2Fpost-excerpt%2F..%2Favatar%2Feditor-rtl.css HTTP/1.1" 200 1070 "-" "Mozilla/5.0 AppleWebKit/537.36 (KHTML, like Gecko; compatible; ClaudeBot/1.0; +claudebot@anthropic.com)"
3.17.154.155 - - [16/Apr/2025:09:00:06 -0400] "GET /ad917/?path=%2Fhome%2Fservlmvm%2Fwww%2Fwp-includes%2Fblocks%2Fcomment-date%2F..%2Fsearch%2Feditor.min.css HTTP/1.1" 200 1136 "-" "Mozilla/5.0 AppleWebKit/537.36 (KHTML, like Gecko; compatible; ClaudeBot/1.0; +claudebot@anthropic.com)"
3.17.154.155 - - [16/Apr/2025:09:00:09 -0400] "GET /ad917/?path=%2Fhome%2Fservlmvm%2Fwww%2Fwp-includes%2Fblocks%2Fpost-excerpt%2F..%2Favatar%2Feditor.min.css HTTP/1.1" 200 1056 "-" "Mozilla/5.0 AppleWebKit/537.36 (KHTML, like Gecko; compatible; ClaudeBot/1.0; +claudebot@anthropic.com)"
3.17.154.155 - - [16/Apr/2025:09:00:12 -0400] "GET /ad917/?path=%2Fhome%2Fservlmvm%2Fwww%2Fwp-includes%2Fblocks%2Fpost-content%2F..%2Fbutton%2Feditor.min.css HTTP/1.1" 200 1212 "-" "Mozilla/5.0 AppleWebKit/537.36 (KHTML, like Gecko; compatible; ClaudeBot/1.0; +claudebot@anthropic.com)"
3.17.154.155 - - [16/Apr/2025:09:00:15 -0400] "GET /ad917/?path=%2Fhome%2Fservlmvm%2Fwww%2Fwp-includes%2Fblocks%2Fpreformatted%2F..%2Fsearch%2Fview.asset.php HTTP/1.1" 200 1062 "-" "Mozilla/5.0 AppleWebKit/537.36 (KHTML, like Gecko; compatible; ClaudeBot/1.0; +claudebot@anthropic.com)"
3.17.154.155 - - [16/Apr/2025:09:00:18 -0400] "GET /ad917/?path=%2Fhome%2Fservlmvm%2Fwww%2Fwp-includes%2Fblocks%2Fpost-content%2F..%2Fbutton%2Feditor-rtl.css HTTP/1.1" 200 1225 "-" "Mozilla/5.0 AppleWebKit/537.36 (KHTML, like Gecko; compatible; ClaudeBot/1.0; +claudebot@anthropic.com)"
3.17.154.155 - - [16/Apr/2025:09:00:21 -0400] "GET /ad917/?path=%2Fhome%2Fservlmvm%2Fwww%2Fwp-includes%2Fblocks%2Fpreformatted%2F..%2Fsearch%2Feditor.min.css HTTP/1.1" 200 1135 "-" "Mozilla/5.0 AppleWebKit/537.36 (KHTML, like Gecko; compatible; ClaudeBot/1.0; +claudebot@anthropic.com)"
198.54.116.86 - - [16/Apr/2025:09:00:23 -0400] "POST /wp-cron.php?doing_wp_cron=1744808423.1067600250244140625000 HTTP/1.1" 200 0 "-" "WordPress/6.8; https://servethepeopleinc.org"
52.167.144.187 - - [16/Apr/2025:09:00:22 -0400] "GET /special6411400.shtml HTTP/1.1" 404 16940 "-" "Mozilla/5.0 AppleWebKit/537.36 (KHTML, like Gecko; compatible; bingbot/2.0; +http://www.bing.com/bingbot.htm) Chrome/116.0.1938.76 Safari/537.36"
198.54.116.86 - - [16/Apr/2025:09:00:23 -0400] "POST /wp-admin/admin-ajax.php?action=async_litespeed&nonce=av7wsXHlNc4CsVIxqzZL46zL0TMXn4XV&litespeed_type=imgoptm HTTP/1.1" 200 21 "-" "WordPress/6.8; https://servethepeopleinc.org"
3.17.154.155 - - [16/Apr/2025:09:00:24 -0400] "GET /ad917/?path=%2Fhome%2Fservlmvm%2Fwww%2Fwp-includes%2Fblocks%2Fpreformatted%2F..%2Fsearch%2Feditor-rtl.css HTTP/1.1" 200 1152 "-" "Mozilla/5.0 AppleWebKit/537.36 (KHTML, like Gecko; compatible; ClaudeBot/1.0; +claudebot@anthropic.com)"
3.17.154.155 - - [16/Apr/2025:09:00:27 -0400] "GET /ad917/?path=%2Fhome%2Fservlmvm%2Fwww%2Fwp-includes%2Fblocks%2Fcomment-date%2F..%2Fsearch%2Fview.asset.php HTTP/1.1" 200 1061 "-" "Mozilla/5.0 AppleWebKit/537.36 (KHTML, like Gecko; compatible; ClaudeBot/1.0; +claudebot@anthropic.com)"
3.17.154.155 - - [16/Apr/2025:09:00:30 -0400] "GET /ad917/?path=%2Fhome%2Fservlmvm%2Fwww%2Fwp-includes%2Fblocks%2Fcomment-date%2F..%2Fsearch%2Feditor-rtl.css HTTP/1.1" 200 1151 "-" "Mozilla/5.0 AppleWebKit/537.36 (KHTML, like Gecko; compatible; ClaudeBot/1.0; +claudebot@anthropic.com)"
3.17.154.155 - - [16/Apr/2025:09:00:33 -0400] "GET /ad917/?path=%2Fhome%2F.%2F..%2F..%2Flib64%2Flibibverbs%2F..%2Fpython3.6%2Fjson%2F..%2F_collections_abc.py HTTP/1.1" 200 7143 "-" "Mozilla/5.0 AppleWebKit/537.36 (KHTML, like Gecko; compatible; ClaudeBot/1.0; +claudebot@anthropic.com)"
52.167.144.179 - - [16/Apr/2025:09:00:33 -0400] "GET /shopdetail/jyu/persinogen/2682960.shtml HTTP/1.1" 301 0 "-" "Mozilla/5.0 AppleWebKit/537.36 (KHTML, like Gecko; compatible; bingbot/2.0; +http://www.bing.com/bingbot.htm) Chrome/116.0.1938.76 Safari/537.36"
3.17.154.155 - - [16/Apr/2025:09:00:36 -0400] "GET /ad917/?path=%2Fhome%2F.%2F..%2Flib64%2Fengines-1.1%2F.%2F..%2Fpython2.7%2Ftest%2F..%2F_threading_local.py HTTP/1.1" 200 3409 "-" "Mozilla/5.0 AppleWebKit/537.36 (KHTML, like Gecko; compatible; ClaudeBot/1.0; +claudebot@anthropic.com)"
3.17.154.155 - - [16/Apr/2025:09:00:39 -0400] "GET /ad917/?path=%2Fhome%2F.%2F..%2Flib64%2Fengines-1.1%2F.%2F..%2Fpython2.7%2Ftest%2F..%2FSimpleHTTPServer.py HTTP/1.1" 200 3965 "-" "Mozilla/5.0 AppleWebKit/537.36 (KHTML, like Gecko; compatible; ClaudeBot/1.0; +claudebot@anthropic.com)"
3.17.154.155 - - [16/Apr/2025:09:00:42 -0400] "GET /ad917/?path=%2Fhome%2F.%2F..%2Flib64%2Fengines-1.1%2F.%2F..%2Fpython2.7%2Ftest%2F..%2Fdummy_threading.pyo HTTP/1.1" 200 1003 "-" "Mozilla/5.0 AppleWebKit/537.36 (KHTML, like Gecko; compatible; ClaudeBot/1.0; +claudebot@anthropic.com)"
3.17.154.155 - - [16/Apr/2025:09:00:45 -0400] "GET /ad917/?path=%2Fhome%2F.%2F..%2Flib64%2Fengines-1.1%2F.%2F..%2Fpython2.7%2Ftest%2F..%2FDocXMLRPCServer.pyo HTTP/1.1" 200 1007 "-" "Mozilla/5.0 AppleWebKit/537.36 (KHTML, like Gecko; compatible; ClaudeBot/1.0; +claudebot@anthropic.com)"
3.17.154.155 - - [16/Apr/2025:09:00:48 -0400] "GET /ad917/?path=%2Fhome%2F.%2F..%2Fopt%2Falt%2Fpython35%2Flib64%2Fpython3.5%2Fhtml%2F..%2F_threading_local.py HTTP/1.1" 200 3612 "-" "Mozilla/5.0 AppleWebKit/537.36 (KHTML, like Gecko; compatible; ClaudeBot/1.0; +claudebot@anthropic.com)"
3.17.154.155 - - [16/Apr/2025:09:00:51 -0400] "GET /ad917/?path=%2Fhome%2F.%2F..%2Fopt%2Falt%2Fpython35%2Flib64%2Fpython3.5%2Fhtml%2F..%2F_collections_abc.py HTTP/1.1" 200 6803 "-" "Mozilla/5.0 AppleWebKit/537.36 (KHTML, like Gecko; compatible; ClaudeBot/1.0; +claudebot@anthropic.com)"
3.17.154.155 - - [16/Apr/2025:09:00:54 -0400] "GET /ad917/?path=%2Fhome%2F.%2F..%2F..%2Flib64%2Flibibverbs%2F..%2Ftk8.6%2F..%2Fgraphviz%2Flibgvplugin_gs.so.6 HTTP/1.1" 200 995 "-" "Mozilla/5.0 AppleWebKit/537.36 (KHTML, like Gecko; compatible; ClaudeBot/1.0; +claudebot@anthropic.com)"
3.17.154.155 - - [16/Apr/2025:09:00:57 -0400] "GET /ad917/?path=%2Fhome%2F.%2F..%2Flib64%2Fengines-1.1%2F.%2F..%2Fpython2.7%2Ftest%2F..%2Fdummy_threading.pyc HTTP/1.1" 200 1003 "-" "Mozilla/5.0 AppleWebKit/537.36 (KHTML, like Gecko; compatible; ClaudeBot/1.0; +claudebot@anthropic.com)"
18.216.131.153 - - [16/Apr/2025:09:01:25 -0400] "GET /ad917/?path=%2Fhome%2F.%2Fservlmvm%2Flscache%2F..%2F..%2F..%2Flib64%2Frpm-plugins%2F..%2Flibcollection.so.4 HTTP/1.1" 200 995 "-" "Mozilla/5.0 AppleWebKit/537.36 (KHTML, like Gecko; compatible; ClaudeBot/1.0; +claudebot@anthropic.com)"
18.216.131.153 - - [16/Apr/2025:09:01:28 -0400] "GET /ad917/?path=%2Fhome%2F.%2F..%2Flib64%2Fengines-1.1%2F.%2F..%2Fpython2.7%2Flogging%2F..%2F__phello__.foo.pyc HTTP/1.1" 200 1006 "-" "Mozilla/5.0 AppleWebKit/537.36 (KHTML, like Gecko; compatible; ClaudeBot/1.0; +claudebot@anthropic.com)"
18.216.131.153 - - [16/Apr/2025:09:01:31 -0400] "GET /ad917/?path=%2Fhome%2F.%2Fservlmvm%2Flscache%2F..%2F..%2F..%2Flib64%2Frpm-plugins%2F..%2Flibipmidetect.so.0 HTTP/1.1" 200 996 "-" "Mozilla/5.0 AppleWebKit/537.36 (KHTML, like Gecko; compatible; ClaudeBot/1.0; +claudebot@anthropic.com)"
18.216.131.153 - - [16/Apr/2025:09:01:34 -0400] "GET /ad917/?path=%2Fhome%2F.%2F..%2Flib%2Ffirmware%2Fdsp56k%2F..%2Famd-ucode%2F..%2Flibertas%2Fcf8381_helper.bin HTTP/1.1" 200 1003 "-" "Mozilla/5.0 AppleWebKit/537.36 (KHTML, like Gecko; compatible; ClaudeBot/1.0; +claudebot@anthropic.com)"
18.216.131.153 - - [16/Apr/2025:09:01:37 -0400] "GET /ad917/?path=%2Fhome%2F.%2Fservlmvm%2Flscache%2F..%2F..%2F..%2Flib64%2Frpm-plugins%2F..%2Flibpulse.so.0.23.0 HTTP/1.1" 200 996 "-" "Mozilla/5.0 AppleWebKit/537.36 (KHTML, like Gecko; compatible; ClaudeBot/1.0; +claudebot@anthropic.com)"
18.216.131.153 - - [16/Apr/2025:09:01:40 -0400] "GET /ad917/?path=%2Fhome%2F.%2Fservlmvm%2Flscache%2F..%2F..%2F..%2Flib64%2Frpm-plugins%2F..%2Flibgsttag-1.0.so.0 HTTP/1.1" 200 997 "-" "Mozilla/5.0 AppleWebKit/537.36 (KHTML, like Gecko; compatible; ClaudeBot/1.0; +claudebot@anthropic.com)"
198.54.116.86 - - [16/Apr/2025:09:01:41 -0400] "POST /wp-cron.php?doing_wp_cron=1744808501.0896470546722412109375 HTTP/1.1" 200 0 "-" "WordPress/6.8; https://servethepeopleinc.org"
52.167.144.166 - - [16/Apr/2025:09:01:40 -0400] "GET /product/42066376.shtml HTTP/1.1" 404 16940 "-" "Mozilla/5.0 AppleWebKit/537.36 (KHTML, like Gecko; compatible; bingbot/2.0; +http://www.bing.com/bingbot.htm) Chrome/116.0.1938.76 Safari/537.36"
198.54.116.86 - - [16/Apr/2025:09:01:41 -0400] "POST /wp-admin/admin-ajax.php?action=async_litespeed&nonce=LTynUPVdVstuSraUA9nkuZzSrpNiN9Zy&litespeed_type=imgoptm HTTP/1.1" 200 21 "-" "WordPress/6.8; https://servethepeopleinc.org"
18.216.131.153 - - [16/Apr/2025:09:01:43 -0400] "GET /ad917/?path=%2Fhome%2Fservlmvm%2F..%2F.%2F..%2F.%2F.%2Fusr%2Flib64%2Fcmake%2Flibxml2%2Flibxml2-config.cmake HTTP/1.1" 200 1577 "-" "Mozilla/5.0 AppleWebKit/537.36 (KHTML, like Gecko; compatible; ClaudeBot/1.0; +claudebot@anthropic.com)"
18.216.131.153 - - [16/Apr/2025:09:01:46 -0400] "GET /ad917/?path=%2Fhome%2F.%2Fservlmvm%2Flscache%2F..%2F..%2F..%2Flib64%2Frpm-plugins%2F..%2Flibgstfft-1.0.so.0 HTTP/1.1" 200 996 "-" "Mozilla/5.0 AppleWebKit/537.36 (KHTML, like Gecko; compatible; ClaudeBot/1.0; +claudebot@anthropic.com)"
18.216.131.153 - - [16/Apr/2025:09:01:49 -0400] "GET /ad917/?path=%2Fhome%2F.%2Fservlmvm%2Flscache%2F..%2F..%2F..%2Flib64%2Frpm-plugins%2F..%2F.libssl.so.10.hmac HTTP/1.1" 200 1050 "-" "Mozilla/5.0 AppleWebKit/537.36 (KHTML, like Gecko; compatible; ClaudeBot/1.0; +claudebot@anthropic.com)"
18.216.131.153 - - [16/Apr/2025:09:01:52 -0400] "GET /ad917/?path=%2Fhome%2F.%2Fservlmvm%2Flscache%2F..%2F..%2F..%2Flib64%2Frpm-plugins%2F..%2Flibyaml-0.so.2.0.5 HTTP/1.1" 200 996 "-" "Mozilla/5.0 AppleWebKit/537.36 (KHTML, like Gecko; compatible; ClaudeBot/1.0; +claudebot@anthropic.com)"
18.216.131.153 - - [16/Apr/2025:09:01:55 -0400] "GET /ad917/?path=%2Fhome%2F.%2Fservlmvm%2F.trash%2F..%2F.%2Fwww%2Fwp-includes%2Fjs%2Fjcrop%2Fjquery.Jcrop.min.js HTTP/1.1" 200 8537 "-" "Mozilla/5.0 AppleWebKit/537.36 (KHTML, like Gecko; compatible; ClaudeBot/1.0; +claudebot@anthropic.com)"
66.249.77.40 - - [16/Apr/2025:09:01:55 -0400] "GET /entity/mw/campaniform/123748842.shtml HTTP/1.1" 404 16949 "-" "Mozilla/5.0 (Linux; Android 6.0.1; Nexus 5X Build/MMB29P) AppleWebKit/537.36 (KHTML, like Gecko) Chrome/135.0.7049.84 Mobile Safari/537.36 (compatible; GoogleOther)"
18.216.131.153 - - [16/Apr/2025:09:01:58 -0400] "GET /ad917/?path=%2Fhome%2F.%2Fservlmvm%2Flscache%2F..%2F..%2F..%2Flib64%2Fbind9-export%2F..%2Flibpamc.so.0.82.1 HTTP/1.1" 200 996 "-" "Mozilla/5.0 AppleWebKit/537.36 (KHTML, like Gecko; compatible; ClaudeBot/1.0; +claudebot@anthropic.com)"
18.216.131.153 - - [16/Apr/2025:09:02:01 -0400] "GET /ad917/?path=%2Fhome%2F.%2Fservlmvm%2Flscache%2F..%2F..%2F..%2Flib64%2Fbind9-export%2F..%2Flibmpdec.so.2.5.1 HTTP/1.1" 200 996 "-" "Mozilla/5.0 AppleWebKit/537.36 (KHTML, like Gecko; compatible; ClaudeBot/1.0; +claudebot@anthropic.com)"
18.216.131.153 - - [16/Apr/2025:09:02:04 -0400] "GET /ad917/?path=%2Fhome%2F.%2F..%2Flib64%2Fengines-1.1%2F.%2F..%2Fpython2.7%2Flib2to3%2F..%2F__phello__.foo.pyc HTTP/1.1" 200 1010 "-" "Mozilla/5.0 AppleWebKit/537.36 (KHTML, like Gecko; compatible; ClaudeBot/1.0; +claudebot@anthropic.com)"
18.216.131.153 - - [16/Apr/2025:09:02:07 -0400] "GET /ad917/?path=%2Fhome%2F.%2Fservlmvm%2Flscache%2F..%2F..%2F..%2Flib64%2Frpm-plugins%2F..%2Flibprotobuf-c.so.1 HTTP/1.1" 200 998 "-" "Mozilla/5.0 AppleWebKit/537.36 (KHTML, like Gecko; compatible; ClaudeBot/1.0; +claudebot@anthropic.com)"
18.216.131.153 - - [16/Apr/2025:09:02:10 -0400] "GET /ad917/?path=%2Fhome%2F.%2Fservlmvm%2Flscache%2F..%2F..%2F..%2Flib64%2Fbind9-export%2F..%2Flibprotobuf.so.15 HTTP/1.1" 200 999 "-" "Mozilla/5.0 AppleWebKit/537.36 (KHTML, like Gecko; compatible; ClaudeBot/1.0; +claudebot@anthropic.com)"
18.216.131.153 - - [16/Apr/2025:09:02:13 -0400] "GET /ad917/?path=%2Fhome%2F.%2Fservlmvm%2Flscache%2F..%2F..%2F..%2Flib64%2Fbind9-export%2F..%2Flibmount.so.1.1.0 HTTP/1.1" 200 995 "-" "Mozilla/5.0 AppleWebKit/537.36 (KHTML, like Gecko; compatible; ClaudeBot/1.0; +claudebot@anthropic.com)"
18.216.131.153 - - [16/Apr/2025:09:02:16 -0400] "GET /ad917/?path=%2Fhome%2F.%2Fservlmvm%2Flscache%2F..%2F..%2F..%2Flib64%2Frpm-plugins%2F..%2Flibkadm5srv_mit.so HTTP/1.1" 200 997 "-" "Mozilla/5.0 AppleWebKit/537.36 (KHTML, like Gecko; compatible; ClaudeBot/1.0; +claudebot@anthropic.com)"
18.216.131.153 - - [16/Apr/2025:09:02:19 -0400] "GET /ad917/?path=%2Fhome%2F.%2Fservlmvm%2F.trash%2F..%2F.%2Fwww%2Fwp-includes%2Fjs%2Fjquery%2Fjquery.schedule.js HTTP/1.1" 200 2077 "-" "Mozilla/5.0 AppleWebKit/537.36 (KHTML, like Gecko; compatible; ClaudeBot/1.0; +claudebot@anthropic.com)"
18.216.131.153 - - [16/Apr/2025:09:02:22 -0400] "GET /ad917/?path=%2Fhome%2F.%2Fservlmvm%2Flscache%2F..%2F..%2F..%2Flib64%2Fbind9-export%2F..%2FlibodbcpsqlS.so.2 HTTP/1.1" 200 997 "-" "Mozilla/5.0 AppleWebKit/537.36 (KHTML, like Gecko; compatible; ClaudeBot/1.0; +claudebot@anthropic.com)"
18.216.131.153 - - [16/Apr/2025:09:02:25 -0400] "GET /ad917/?path=%2Fhome%2F.%2Fservlmvm%2Flscache%2F..%2F..%2F..%2Flib64%2Frpm-plugins%2F..%2Flibdns.so.1115.0.3 HTTP/1.1" 200 995 "-" "Mozilla/5.0 AppleWebKit/537.36 (KHTML, like Gecko; compatible; ClaudeBot/1.0; +claudebot@anthropic.com)"
18.216.131.153 - - [16/Apr/2025:09:02:28 -0400] "GET /ad917/?path=%2Fhome%2F.%2Fservlmvm%2Flscache%2F..%2F..%2F..%2Flib64%2Frpm-plugins%2F..%2Flibexslt.so.0.8.20 HTTP/1.1" 200 996 "-" "Mozilla/5.0 AppleWebKit/537.36 (KHTML, like Gecko; compatible; ClaudeBot/1.0; +claudebot@anthropic.com)"
198.54.116.86 - - [16/Apr/2025:09:02:29 -0400] "POST /wp-cron.php?doing_wp_cron=1744808549.4147911071777343750000 HTTP/1.1" 200 0 "-" "WordPress/6.8; https://servethepeopleinc.org"
66.249.77.40 - - [16/Apr/2025:09:02:29 -0400] "GET /shopdetail/mu/blithesomely1477522.shtml HTTP/1.1" 404 16950 "-" "Mozilla/5.0 (Linux; Android 6.0.1; Nexus 5X Build/MMB29P) AppleWebKit/537.36 (KHTML, like Gecko) Chrome/135.0.7049.84 Mobile Safari/537.36 (compatible; GoogleOther)"
198.54.116.86 - - [16/Apr/2025:09:02:29 -0400] "POST /wp-admin/admin-ajax.php?action=async_litespeed&nonce=1a1UtVO6ftWNiAtG3fIM5jEalWsVRmV5&litespeed_type=imgoptm HTTP/1.1" 200 21 "-" "WordPress/6.8; https://servethepeopleinc.org"
18.216.131.153 - - [16/Apr/2025:09:02:31 -0400] "GET /ad917/?path=%2Fhome%2F.%2Fservlmvm%2Flscache%2F..%2F..%2F..%2Flib64%2Fbind9-export%2F..%2Flibtasn1.so.6.5.5 HTTP/1.1" 200 996 "-" "Mozilla/5.0 AppleWebKit/537.36 (KHTML, like Gecko; compatible; ClaudeBot/1.0; +claudebot@anthropic.com)"
18.216.131.153 - - [16/Apr/2025:09:02:34 -0400] "GET /ad917/?path=%2Fhome%2F.%2Fservlmvm%2Flscache%2F..%2F..%2F..%2Flib64%2Fbind9-export%2F..%2Flibmtdev.so.1.0.0 HTTP/1.1" 200 996 "-" "Mozilla/5.0 AppleWebKit/537.36 (KHTML, like Gecko; compatible; ClaudeBot/1.0; +claudebot@anthropic.com)"
18.216.131.153 - - [16/Apr/2025:09:02:37 -0400] "GET /ad917/?path=%2Fhome%2F.%2Fservlmvm%2Flscache%2F..%2F..%2F..%2Flib64%2Fbind9-export%2F..%2Flibpcreposix.so.0 HTTP/1.1" 200 996 "-" "Mozilla/5.0 AppleWebKit/537.36 (KHTML, like Gecko; compatible; ClaudeBot/1.0; +claudebot@anthropic.com)"
18.216.131.153 - - [16/Apr/2025:09:02:40 -0400] "GET /ad917/?path=%2Fhome%2F.%2Fservlmvm%2Flscache%2F..%2F..%2F..%2Flib64%2Frpm-plugins%2F..%2Flibkeyutils.so.1.6 HTTP/1.1" 200 997 "-" "Mozilla/5.0 AppleWebKit/537.36 (KHTML, like Gecko; compatible; ClaudeBot/1.0; +claudebot@anthropic.com)"
18.216.131.153 - - [16/Apr/2025:09:02:43 -0400] "GET /ad917/?path=%2Fhome%2F.%2Fservlmvm%2Flscache%2F..%2F..%2F..%2Flib64%2Frpm-plugins%2F..%2Flibxcb-damage.so.0 HTTP/1.1" 200 996 "-" "Mozilla/5.0 AppleWebKit/537.36 (KHTML, like Gecko; compatible; ClaudeBot/1.0; +claudebot@anthropic.com)"
18.216.131.153 - - [16/Apr/2025:09:02:46 -0400] "GET /ad917/?path=%2Fhome%2F.%2Fservlmvm%2Flscache%2F..%2F..%2F..%2Flib64%2Frpm-plugins%2F..%2Flibatomic.so.1.2.0 HTTP/1.1" 200 996 "-" "Mozilla/5.0 AppleWebKit/537.36 (KHTML, like Gecko; compatible; ClaudeBot/1.0; +claudebot@anthropic.com)"
18.216.131.153 - - [16/Apr/2025:09:02:49 -0400] "GET /ad917/?path=%2Fhome%2F.%2Fservlmvm%2Flscache%2F..%2F..%2F..%2Flib64%2Fbind9-export%2F..%2FlibQt5XcbQpa.so.5 HTTP/1.1" 200 998 "-" "Mozilla/5.0 AppleWebKit/537.36 (KHTML, like Gecko; compatible; ClaudeBot/1.0; +claudebot@anthropic.com)"
52.167.144.223 - - [16/Apr/2025:09:02:50 -0400] "GET /goodscode61762302.shtml HTTP/1.1" 301 0 "-" "Mozilla/5.0 AppleWebKit/537.36 (KHTML, like Gecko; compatible; bingbot/2.0; +http://www.bing.com/bingbot.htm) Chrome/116.0.1938.76 Safari/537.36"
18.216.131.153 - - [16/Apr/2025:09:02:52 -0400] "GET /ad917/?path=%2Fhome%2F.%2F..%2Flib64%2Fengines-1.1%2F.%2F..%2Fpython2.7%2Flogging%2F..%2Fdummy_threading.py HTTP/1.1" 200 1806 "-" "Mozilla/5.0 AppleWebKit/537.36 (KHTML, like Gecko; compatible; ClaudeBot/1.0; +claudebot@anthropic.com)"
52.167.144.187 - - [16/Apr/2025:09:02:52 -0400] "GET /items/duplicatum86475038.shtml HTTP/1.1" 404 16942 "-" "Mozilla/5.0 AppleWebKit/537.36 (KHTML, like Gecko; compatible; bingbot/2.0; +http://www.bing.com/bingbot.htm) Chrome/116.0.1938.76 Safari/537.36"
18.216.131.153 - - [16/Apr/2025:09:02:55 -0400] "GET /ad917/?path=%2Fhome%2F.%2Fservlmvm%2Flscache%2F..%2F..%2F..%2Flib64%2Fbind9-export%2F..%2Flibpciaccess.so.0 HTTP/1.1" 200 995 "-" "Mozilla/5.0 AppleWebKit/537.36 (KHTML, like Gecko; compatible; ClaudeBot/1.0; +claudebot@anthropic.com)"
18.216.131.153 - - [16/Apr/2025:09:02:58 -0400] "GET /ad917/?path=%2Fhome%2F.%2Fservlmvm%2Flscache%2F..%2F..%2F..%2Flib64%2Frpm-plugins%2F..%2Flibxcb-xselinux.so HTTP/1.1" 200 997 "-" "Mozilla/5.0 AppleWebKit/537.36 (KHTML, like Gecko; compatible; ClaudeBot/1.0; +claudebot@anthropic.com)"
40.77.167.69 - - [16/Apr/2025:09:03:00 -0400] "GET /entity/go/ordained36482486.shtml HTTP/1.1" 301 0 "-" "Mozilla/5.0 AppleWebKit/537.36 (KHTML, like Gecko; compatible; bingbot/2.0; +http://www.bing.com/bingbot.htm) Chrome/116.0.1938.76 Safari/537.36"
18.216.131.153 - - [16/Apr/2025:09:03:01 -0400] "GET /ad917/?path=%2Fhome%2F.%2Fservlmvm%2Flscache%2F..%2F..%2F..%2Flib64%2Fbind9-export%2F..%2FlibDeployPkg.so.0 HTTP/1.1" 200 999 "-" "Mozilla/5.0 AppleWebKit/537.36 (KHTML, like Gecko; compatible; ClaudeBot/1.0; +claudebot@anthropic.com)"
18.216.131.153 - - [16/Apr/2025:09:03:04 -0400] "GET /ad917/?path=%2Fhome%2F.%2F..%2Flib%2Frpm%2Ffileattrs%2F..%2Fplatform%2Fm68k-linux%2F..%2Fppc64pseries-linux HTTP/1.1" 200 1559 "-" "Mozilla/5.0 AppleWebKit/537.36 (KHTML, like Gecko; compatible; ClaudeBot/1.0; +claudebot@anthropic.com)"
18.216.131.153 - - [16/Apr/2025:09:03:07 -0400] "GET /ad917/?path=%2Fhome%2F.%2Fservlmvm%2Flscache%2F..%2F..%2F..%2Flib64%2Fbind9-export%2F..%2Flibthread_db.so.1 HTTP/1.1" 200 998 "-" "Mozilla/5.0 AppleWebKit/537.36 (KHTML, like Gecko; compatible; ClaudeBot/1.0; +claudebot@anthropic.com)"
18.216.131.153 - - [16/Apr/2025:09:03:10 -0400] "GET /ad917/?path=%2Fhome%2F.%2Fservlmvm%2Flscache%2F..%2F..%2F..%2Flib64%2Frpm-plugins%2F..%2Flibraqm.so.0.700.0 HTTP/1.1" 200 997 "-" "Mozilla/5.0 AppleWebKit/537.36 (KHTML, like Gecko; compatible; ClaudeBot/1.0; +claudebot@anthropic.com)"
3.145.43.59 - - [16/Apr/2025:09:04:02 -0400] "GET /ad917/?path=%2Fhome%2F.%2Fservlmvm%2Flscache%2F..%2F..%2F..%2Flib64%2Fbind9-export%2F..%2Flibefa.so.1.2.48.0 HTTP/1.1" 200 996 "-" "Mozilla/5.0 AppleWebKit/537.36 (KHTML, like Gecko; compatible; ClaudeBot/1.0; +claudebot@anthropic.com)"
3.145.43.59 - - [16/Apr/2025:09:04:05 -0400] "GET /ad917/?path=%2Fhome%2Fservlmvm%2F.%2F.%2F..%2F..%2F.%2Fusr%2Finclude%2Fpython3.8%2F.%2Fdynamic_annotations.h HTTP/1.1" 200 6798 "-" "Mozilla/5.0 AppleWebKit/537.36 (KHTML, like Gecko; compatible; ClaudeBot/1.0; +claudebot@anthropic.com)"
3.145.43.59 - - [16/Apr/2025:09:04:08 -0400] "GET /ad917/?path=%2Fhome%2F.%2Fservlmvm%2Flscache%2F..%2F..%2F..%2Flib64%2Frpm-plugins%2F..%2Flibopenal.so.1.18.2 HTTP/1.1" 200 995 "-" "Mozilla/5.0 AppleWebKit/537.36 (KHTML, like Gecko; compatible; ClaudeBot/1.0; +claudebot@anthropic.com)"
3.145.43.59 - - [16/Apr/2025:09:04:11 -0400] "GET /ad917/?path=%2Fhome%2F.%2Fservlmvm%2Flscache%2F..%2F..%2F..%2Flib64%2Frpm-plugins%2F..%2FlibXrender.so.1.3.0 HTTP/1.1" 200 997 "-" "Mozilla/5.0 AppleWebKit/537.36 (KHTML, like Gecko; compatible; ClaudeBot/1.0; +claudebot@anthropic.com)"
198.54.116.86 - - [16/Apr/2025:09:04:13 -0400] "POST /wp-cron.php?doing_wp_cron=1744808653.6621799468994140625000 HTTP/1.1" 200 0 "-" "WordPress/6.8; https://servethepeopleinc.org"
52.167.144.187 - - [16/Apr/2025:09:04:13 -0400] "GET /shopdetail/dextrogerous561398.shtml HTTP/1.1" 404 16941 "-" "Mozilla/5.0 AppleWebKit/537.36 (KHTML, like Gecko; compatible; bingbot/2.0; +http://www.bing.com/bingbot.htm) Chrome/116.0.1938.76 Safari/537.36"
198.54.116.86 - - [16/Apr/2025:09:04:13 -0400] "POST /wp-admin/admin-ajax.php?action=async_litespeed&nonce=AgznTuSWZeHikaOHqxlvnpualXk7ZZ5i&litespeed_type=imgoptm HTTP/1.1" 200 21 "-" "WordPress/6.8; https://servethepeopleinc.org"
3.145.43.59 - - [16/Apr/2025:09:04:14 -0400] "GET /ad917/?path=%2Fhome%2F.%2Fservlmvm%2Flscache%2F..%2F..%2F..%2Flib64%2Fbind9-export%2F..%2Flibmspack.so.0.1.0 HTTP/1.1" 200 997 "-" "Mozilla/5.0 AppleWebKit/537.36 (KHTML, like Gecko; compatible; ClaudeBot/1.0; +claudebot@anthropic.com)"
3.145.43.59 - - [16/Apr/2025:09:04:17 -0400] "GET /ad917/?path=%2Fhome%2F.%2Fservlmvm%2Flscache%2F..%2F..%2F..%2Flib64%2Fbind9-export%2F..%2Flibkeyutils.so.1.6 HTTP/1.1" 200 998 "-" "Mozilla/5.0 AppleWebKit/537.36 (KHTML, like Gecko; compatible; ClaudeBot/1.0; +claudebot@anthropic.com)"
3.145.43.59 - - [16/Apr/2025:09:04:20 -0400] "GET /ad917/?path=%2Fhome%2F.%2Fservlmvm%2Flscache%2F..%2F..%2F..%2Flib64%2Frpm-plugins%2F..%2Flibvmtools.so.0.0.0 HTTP/1.1" 200 995 "-" "Mozilla/5.0 AppleWebKit/537.36 (KHTML, like Gecko; compatible; ClaudeBot/1.0; +claudebot@anthropic.com)"
3.145.43.59 - - [16/Apr/2025:09:04:23 -0400] "GET /ad917/?path=%2Fhome%2F.%2Fservlmvm%2Flscache%2F..%2F..%2F..%2Flib64%2Fbind9-export%2F..%2F.libssl.so.10.hmac HTTP/1.1" 200 1049 "-" "Mozilla/5.0 AppleWebKit/537.36 (KHTML, like Gecko; compatible; ClaudeBot/1.0; +claudebot@anthropic.com)"
3.145.43.59 - - [16/Apr/2025:09:04:26 -0400] "GET /ad917/?path=%2Fhome%2F.%2Fservlmvm%2Flscache%2F..%2F..%2F..%2Flib64%2Frpm-plugins%2F..%2Flibgobject-2.0.so.0 HTTP/1.1" 200 996 "-" "Mozilla/5.0 AppleWebKit/537.36 (KHTML, like Gecko; compatible; ClaudeBot/1.0; +claudebot@anthropic.com)"
3.145.43.59 - - [16/Apr/2025:09:04:29 -0400] "GET /ad917/?path=%2Fhome%2F.%2Fservlmvm%2Flscache%2F..%2F..%2F..%2Flib64%2Fbind9-export%2F..%2Flibgstrtp-1.0.so.0 HTTP/1.1" 200 996 "-" "Mozilla/5.0 AppleWebKit/537.36 (KHTML, like Gecko; compatible; ClaudeBot/1.0; +claudebot@anthropic.com)"
3.145.43.59 - - [16/Apr/2025:09:04:32 -0400] "GET /ad917/?path=%2Fhome%2F.%2Fservlmvm%2Flscache%2F..%2F..%2F..%2Flib64%2Frpm-plugins%2F..%2Flibpcre16.so.0.2.10 HTTP/1.1" 200 996 "-" "Mozilla/5.0 AppleWebKit/537.36 (KHTML, like Gecko; compatible; ClaudeBot/1.0; +claudebot@anthropic.com)"
3.145.43.59 - - [16/Apr/2025:09:04:35 -0400] "GET /ad917/?path=%2Fhome%2F.%2Fservlmvm%2Flscache%2F..%2F..%2F..%2Flib64%2Fbind9-export%2F..%2FlibGLX_system.so.0 HTTP/1.1" 200 999 "-" "Mozilla/5.0 AppleWebKit/537.36 (KHTML, like Gecko; compatible; ClaudeBot/1.0; +claudebot@anthropic.com)"
3.145.43.59 - - [16/Apr/2025:09:04:38 -0400] "GET /ad917/?path=%2Fhome%2F.%2Fservlmvm%2Flscache%2F..%2F..%2F..%2Flib64%2Frpm-plugins%2F..%2Flibxcb-res.so.0.0.0 HTTP/1.1" 200 994 "-" "Mozilla/5.0 AppleWebKit/537.36 (KHTML, like Gecko; compatible; ClaudeBot/1.0; +claudebot@anthropic.com)"
3.145.43.59 - - [16/Apr/2025:09:04:41 -0400] "GET /ad917/?path=%2Fhome%2F.%2F..%2Flib64%2Fengines-1.1%2F.%2F..%2Ffipscheck%2F..%2Fdovecot%2Flibdovecot-lda.so.0 HTTP/1.1" 200 1003 "-" "Mozilla/5.0 AppleWebKit/537.36 (KHTML, like Gecko; compatible; ClaudeBot/1.0; +claudebot@anthropic.com)"
18.222.142.215 - - [16/Apr/2025:09:04:41 -0400] "GET /ad917/?path=%2Fhome%2F.%2Fservlmvm%2Flscache%2F0%2F..%2F8%2F1%2F.. HTTP/1.1" 200 1664 "-" "Mozilla/5.0 AppleWebKit/537.36 (KHTML, like Gecko; compatible; ClaudeBot/1.0; +claudebot@anthropic.com)"
18.222.142.215 - - [16/Apr/2025:09:04:41 -0400] "GET /ad917/?path=%2Fhome%2F.%2Fservlmvm%2Flscache%2F7%2F7%2F..%2Fa%2F.. HTTP/1.1" 200 1660 "-" "Mozilla/5.0 AppleWebKit/537.36 (KHTML, like Gecko; compatible; ClaudeBot/1.0; +claudebot@anthropic.com)"
18.222.142.215 - - [16/Apr/2025:09:04:41 -0400] "GET /ad917/?path=%2Fhome%2F.%2Fservlmvm%2Flscache%2F9%2F..%2Ff%2F4%2F.. HTTP/1.1" 200 1674 "-" "Mozilla/5.0 AppleWebKit/537.36 (KHTML, like Gecko; compatible; ClaudeBot/1.0; +claudebot@anthropic.com)"
18.222.142.215 - - [16/Apr/2025:09:04:41 -0400] "GET /ad917/?path=%2Fhome%2Fservlmvm%2Fpublic_html%2F.%2F..%2Fmail%2Fcur HTTP/1.1" 200 1440 "-" "Mozilla/5.0 AppleWebKit/537.36 (KHTML, like Gecko; compatible; ClaudeBot/1.0; +claudebot@anthropic.com)"
18.222.142.215 - - [16/Apr/2025:09:04:41 -0400] "GET /ad917/?path=%2Fhome%2Fservlmvm%2F.%2F.%2F.%2F..%2F..%2Fbin%2Fsync HTTP/1.1" 200 954 "-" "Mozilla/5.0 AppleWebKit/537.36 (KHTML, like Gecko; compatible; ClaudeBot/1.0; +claudebot@anthropic.com)"
18.222.142.215 - - [16/Apr/2025:09:04:42 -0400] "GET /ad917/?path=%2Fhome%2Fservlmvm%2F.%2F.%2F.%2F..%2F..%2Fbin%2Ffind HTTP/1.1" 200 953 "-" "Mozilla/5.0 AppleWebKit/537.36 (KHTML, like Gecko; compatible; ClaudeBot/1.0; +claudebot@anthropic.com)"
18.222.142.215 - - [16/Apr/2025:09:04:42 -0400] "GET /ad917/?path=%2Fhome%2Fservlmvm%2F.%2F.%2F..%2F.%2F..%2Flib%2Fudev HTTP/1.1" 200 2022 "-" "Mozilla/5.0 AppleWebKit/537.36 (KHTML, like Gecko; compatible; ClaudeBot/1.0; +claudebot@anthropic.com)"
18.222.142.215 - - [16/Apr/2025:09:04:42 -0400] "GET /ad917/?path=%2Fhome%2F.%2F..%2Flib%2Ffirmware%2Frtw88%2F..%2Fisci HTTP/1.1" 200 1518 "-" "Mozilla/5.0 AppleWebKit/537.36 (KHTML, like Gecko; compatible; ClaudeBot/1.0; +claudebot@anthropic.com)"
18.222.142.215 - - [16/Apr/2025:09:04:42 -0400] "GET /ad917/?path=%2Fhome%2F.%2F..%2Fusr%2Finclude%2Fnetash%2F..%2Fperf HTTP/1.1" 200 1529 "-" "Mozilla/5.0 AppleWebKit/537.36 (KHTML, like Gecko; compatible; ClaudeBot/1.0; +claudebot@anthropic.com)"
3.145.43.59 - - [16/Apr/2025:09:04:44 -0400] "GET /ad917/?path=%2Fhome%2F.%2Fservlmvm%2Flscache%2F..%2F..%2F..%2Flib64%2Fbind9-export%2F..%2Flibyaz_server.so.5 HTTP/1.1" 200 996 "-" "Mozilla/5.0 AppleWebKit/537.36 (KHTML, like Gecko; compatible; ClaudeBot/1.0; +claudebot@anthropic.com)"
3.145.43.59 - - [16/Apr/2025:09:04:47 -0400] "GET /ad917/?path=%2Fhome%2F.%2Fservlmvm%2Flscache%2F..%2F..%2F..%2Flib64%2Fbind9-export%2F..%2FlibOpenIPMIui.so.1 HTTP/1.1" 200 1001 "-" "Mozilla/5.0 AppleWebKit/537.36 (KHTML, like Gecko; compatible; ClaudeBot/1.0; +claudebot@anthropic.com)"
3.145.43.59 - - [16/Apr/2025:09:04:50 -0400] "GET /ad917/?path=%2Fhome%2F.%2F..%2Flib%2Ffirmware%2Fdsp56k%2F..%2Fmicrochip%2F..%2Fcypress%2Fcyfmac4339-sdio.bin HTTP/1.1" 200 1006 "-" "Mozilla/5.0 AppleWebKit/537.36 (KHTML, like Gecko; compatible; ClaudeBot/1.0; +claudebot@anthropic.com)"
3.145.43.59 - - [16/Apr/2025:09:04:53 -0400] "GET /ad917/?path=%2Fhome%2F.%2Fservlmvm%2Flscache%2F..%2F..%2F..%2Flib64%2Frpm-plugins%2F..%2Flibpython2.7.so.1.0 HTTP/1.1" 200 996 "-" "Mozilla/5.0 AppleWebKit/537.36 (KHTML, like Gecko; compatible; ClaudeBot/1.0; +claudebot@anthropic.com)"
66.249.77.42 - - [16/Apr/2025:09:04:55 -0400] "GET /entity/pm/relate1985424.shtml HTTP/1.1" 404 16951 "-" "Mozilla/5.0 (Linux; Android 6.0.1; Nexus 5X Build/MMB29P) AppleWebKit/537.36 (KHTML, like Gecko) Chrome/135.0.7049.84 Mobile Safari/537.36 (compatible; GoogleOther)"
3.145.43.59 - - [16/Apr/2025:09:04:56 -0400] "GET /ad917/?path=%2Fhome%2F.%2Fservlmvm%2Flscache%2F..%2F..%2F..%2Flib64%2Frpm-plugins%2F..%2Flibsss_certmap.so.0 HTTP/1.1" 200 993 "-" "Mozilla/5.0 AppleWebKit/537.36 (KHTML, like Gecko; compatible; ClaudeBot/1.0; +claudebot@anthropic.com)"
3.145.43.59 - - [16/Apr/2025:09:04:59 -0400] "GET /ad917/?path=%2Fhome%2F.%2Fservlmvm%2Flscache%2F..%2F..%2F..%2Flib64%2Fbind9-export%2F..%2Flibwireshark.so.11 HTTP/1.1" 200 998 "-" "Mozilla/5.0 AppleWebKit/537.36 (KHTML, like Gecko; compatible; ClaudeBot/1.0; +claudebot@anthropic.com)"
3.145.43.59 - - [16/Apr/2025:09:05:02 -0400] "GET /ad917/?path=%2Fhome%2F.%2Fservlmvm%2Flscache%2F..%2F..%2F..%2Flib64%2Fbind9-export%2F..%2Flibgsttag-1.0.so.0 HTTP/1.1" 200 996 "-" "Mozilla/5.0 AppleWebKit/537.36 (KHTML, like Gecko; compatible; ClaudeBot/1.0; +claudebot@anthropic.com)"
3.145.43.59 - - [16/Apr/2025:09:05:05 -0400] "GET /ad917/?path=%2Fhome%2F.%2Fservlmvm%2Flscache%2F..%2F..%2F..%2Flib64%2Fbind9-export%2F..%2FlibQt5Widgets.so.5 HTTP/1.1" 200 1000 "-" "Mozilla/5.0 AppleWebKit/537.36 (KHTML, like Gecko; compatible; ClaudeBot/1.0; +claudebot@anthropic.com)"
3.145.43.59 - - [16/Apr/2025:09:05:08 -0400] "GET /ad917/?path=%2Fhome%2F.%2F..%2Flib%2Ffirmware%2Fdsp56k%2F..%2Fmicrochip%2F..%2Fcypress%2Fcyfmac4356-pcie.bin HTTP/1.1" 200 1007 "-" "Mozilla/5.0 AppleWebKit/537.36 (KHTML, like Gecko; compatible; ClaudeBot/1.0; +claudebot@anthropic.com)"
18.222.142.215 - - [16/Apr/2025:09:05:08 -0400] "GET /ad917/?path=%2Fhome%2Fservlmvm%2F.%2F.%2F.%2F..%2F..%2Fbin%2Fwget HTTP/1.1" 200 954 "-" "Mozilla/5.0 AppleWebKit/537.36 (KHTML, like Gecko; compatible; ClaudeBot/1.0; +claudebot@anthropic.com)"
18.222.142.215 - - [16/Apr/2025:09:05:08 -0400] "GET /ad917/?path=%2Fhome%2F.%2F..%2Flib64%2Fengines-1.1%2F.%2F..%2Fqt5 HTTP/1.1" 200 1541 "-" "Mozilla/5.0 AppleWebKit/537.36 (KHTML, like Gecko; compatible; ClaudeBot/1.0; +claudebot@anthropic.com)"
18.222.142.215 - - [16/Apr/2025:09:05:09 -0400] "GET /ad917/?path=%2Fhome%2F.%2F..%2Flib64%2Frsyslog%2F..%2Fcmake%2FQt5 HTTP/1.1" 200 1435 "-" "Mozilla/5.0 AppleWebKit/537.36 (KHTML, like Gecko; compatible; ClaudeBot/1.0; +claudebot@anthropic.com)"
3.145.43.59 - - [16/Apr/2025:09:05:11 -0400] "GET /ad917/?path=%2Fhome%2F.%2F..%2F..%2Flib64%2Flibibverbs%2F..%2Fcmake%2F..%2Fpython2.7%2F_MozillaCookieJar.pyo HTTP/1.1" 200 1005 "-" "Mozilla/5.0 AppleWebKit/537.36 (KHTML, like Gecko; compatible; ClaudeBot/1.0; +claudebot@anthropic.com)"
3.145.43.59 - - [16/Apr/2025:09:05:14 -0400] "GET /ad917/?path=%2Fhome%2F.%2Fservlmvm%2Flscache%2F..%2F..%2F..%2Flib64%2Fbind9-export%2F..%2Flibjasper.so.4.0.0 HTTP/1.1" 200 996 "-" "Mozilla/5.0 AppleWebKit/537.36 (KHTML, like Gecko; compatible; ClaudeBot/1.0; +claudebot@anthropic.com)"
3.145.43.59 - - [16/Apr/2025:09:05:17 -0400] "GET /ad917/?path=%2Fhome%2F.%2Fservlmvm%2Flscache%2F..%2F..%2F..%2Flib64%2Frpm-plugins%2F..%2Flibncurses++.so.6.1 HTTP/1.1" 200 1257 "-" "Mozilla/5.0 AppleWebKit/537.36 (KHTML, like Gecko; compatible; ClaudeBot/1.0; +claudebot@anthropic.com)"
3.145.43.59 - - [16/Apr/2025:09:05:20 -0400] "GET /ad917/?path=%2Fhome%2F.%2Fservlmvm%2Flscache%2F..%2F..%2F..%2Flib64%2Fbind9-export%2F..%2Flibxcb-xinput.so.0 HTTP/1.1" 200 995 "-" "Mozilla/5.0 AppleWebKit/537.36 (KHTML, like Gecko; compatible; ClaudeBot/1.0; +claudebot@anthropic.com)"
3.145.43.59 - - [16/Apr/2025:09:05:23 -0400] "GET /ad917/?path=%2Fhome%2F.%2Fservlmvm%2Flscache%2F..%2F..%2F..%2Flib64%2Frpm-plugins%2F..%2Flibdbus-1.so.3.19.7 HTTP/1.1" 200 996 "-" "Mozilla/5.0 AppleWebKit/537.36 (KHTML, like Gecko; compatible; ClaudeBot/1.0; +claudebot@anthropic.com)"
3.145.43.59 - - [16/Apr/2025:09:05:26 -0400] "GET /ad917/?path=%2Fhome%2F.%2Fservlmvm%2Flscache%2F..%2F..%2F..%2Flib64%2Fbind9-export%2F..%2Flibicui18n.so.60.3 HTTP/1.1" 200 997 "-" "Mozilla/5.0 AppleWebKit/537.36 (KHTML, like Gecko; compatible; ClaudeBot/1.0; +claudebot@anthropic.com)"
3.145.43.59 - - [16/Apr/2025:09:05:29 -0400] "GET /ad917/?path=%2Fhome%2F.%2Fservlmvm%2Flscache%2F..%2F..%2F..%2Flib64%2Fbind9-export%2F..%2Flibpath_utils.so.1 HTTP/1.1" 200 998 "-" "Mozilla/5.0 AppleWebKit/537.36 (KHTML, like Gecko; compatible; ClaudeBot/1.0; +claudebot@anthropic.com)"
