18.222.191.57 - - [16/Apr/2025:08:23:46 -0400] "GET /ad917/?path=%2Fhome%2F.%2F..%2Flib%2Ffirmware%2Fdsp56k%2F..%2Fmicrochip%2F..%2Fkeyspan%2Fusa28.fw HTTP/1.1" 200 1001 "-" "Mozilla/5.0 AppleWebKit/537.36 (KHTML, like Gecko; compatible; ClaudeBot/1.0; +claudebot@anthropic.com)"
18.222.191.57 - - [16/Apr/2025:08:23:49 -0400] "GET /ad917/?path=%2Fhome%2Fservlmvm%2F.%2F.%2F..%2F..%2F.%2Fusr%2Finclude%2Fpython3.8%2F.%2Fpyconfig.h HTTP/1.1" 200 1095 "-" "Mozilla/5.0 AppleWebKit/537.36 (KHTML, like Gecko; compatible; ClaudeBot/1.0; +claudebot@anthropic.com)"
18.222.191.57 - - [16/Apr/2025:08:23:52 -0400] "GET /ad917/?path=%2Fhome%2Fservlmvm%2F..%2F.%2F..%2F.%2F.%2Fusr%2Finclude%2Ffontconfig%2F..%2Flibpng16 HTTP/1.1" 200 1606 "-" "Mozilla/5.0 AppleWebKit/537.36 (KHTML, like Gecko; compatible; ClaudeBot/1.0; +claudebot@anthropic.com)"
18.222.191.57 - - [16/Apr/2025:08:23:55 -0400] "GET /ad917/?path=%2Fhome%2F.%2F..%2F..%2Flib64%2Flibibverbs%2F..%2Fcmake%2F..%2Fpython2.7%2Fsmtplib.py HTTP/1.1" 200 10951 "-" "Mozilla/5.0 AppleWebKit/537.36 (KHTML, like Gecko; compatible; ClaudeBot/1.0; +claudebot@anthropic.com)"
18.222.191.57 - - [16/Apr/2025:08:23:58 -0400] "GET /ad917/?path=%2Fhome%2F.%2F..%2F..%2Flib64%2Flibibverbs%2F..%2Fcmake%2F..%2Fpython2.7%2Ftoaiff.pyo HTTP/1.1" 200 995 "-" "Mozilla/5.0 AppleWebKit/537.36 (KHTML, like Gecko; compatible; ClaudeBot/1.0; +claudebot@anthropic.com)"
18.222.191.57 - - [16/Apr/2025:08:24:01 -0400] "GET /ad917/?path=%2Fhome%2F.%2F..%2Flib64%2Fengines-1.1%2F.%2F..%2Fpython2.7%2Flogging%2F..%2Fuuid.pyo HTTP/1.1" 200 996 "-" "Mozilla/5.0 AppleWebKit/537.36 (KHTML, like Gecko; compatible; ClaudeBot/1.0; +claudebot@anthropic.com)"
18.222.191.57 - - [16/Apr/2025:08:24:04 -0400] "GET /ad917/?path=%2Fhome%2Fservlmvm%2F..%2F.%2F..%2F.%2F.%2Fusr%2Finclude%2Ffontconfig%2F..%2Ftermio.h HTTP/1.1" 200 1105 "-" "Mozilla/5.0 AppleWebKit/537.36 (KHTML, like Gecko; compatible; ClaudeBot/1.0; +claudebot@anthropic.com)"
18.222.191.57 - - [16/Apr/2025:08:24:07 -0400] "GET /ad917/?path=%2Fhome%2F.%2F..%2F..%2Flib64%2Flibibverbs%2F..%2Ftk8.6%2F..%2Fpython3.6%2Fdoctest.py HTTP/1.1" 200 29479 "-" "Mozilla/5.0 AppleWebKit/537.36 (KHTML, like Gecko; compatible; ClaudeBot/1.0; +claudebot@anthropic.com)"
198.54.116.86 - - [16/Apr/2025:08:24:09 -0400] "POST /wp-cron.php?doing_wp_cron=1744806249.6582200527191162109375 HTTP/1.1" 200 0 "-" "WordPress/6.8; https://servethepeopleinc.org"
40.77.167.243 - - [16/Apr/2025:08:24:09 -0400] "GET /entity/29917188.shtml HTTP/1.1" 301 0 "-" "Mozilla/5.0 AppleWebKit/537.36 (KHTML, like Gecko; compatible; bingbot/2.0; +http://www.bing.com/bingbot.htm) Chrome/116.0.1938.76 Safari/537.36"
198.54.116.86 - - [16/Apr/2025:08:24:09 -0400] "POST /wp-admin/admin-ajax.php?action=async_litespeed&nonce=nyqMV3Dr5uiU1hbcstqO1DAj5uMD46SW&litespeed_type=imgoptm HTTP/1.1" 200 21 "-" "WordPress/6.8; https://servethepeopleinc.org"
18.222.191.57 - - [16/Apr/2025:08:24:10 -0400] "GET /ad917/?path=%2Fhome%2Fservlmvm%2F..%2F.%2F..%2F.%2F.%2Fusr%2Finclude%2Ffontconfig%2F..%2Fshadow.h HTTP/1.1" 200 2515 "-" "Mozilla/5.0 AppleWebKit/537.36 (KHTML, like Gecko; compatible; ClaudeBot/1.0; +claudebot@anthropic.com)"
18.222.191.57 - - [16/Apr/2025:08:24:13 -0400] "GET /ad917/?path=%2Fhome%2Fservlmvm%2F.%2F.%2F..%2F..%2F.%2Fusr%2Fshare%2Fperl5%2Fvendor_perl%2FLWP.pm HTTP/1.1" 200 9903 "-" "Mozilla/5.0 AppleWebKit/537.36 (KHTML, like Gecko; compatible; ClaudeBot/1.0; +claudebot@anthropic.com)"
18.222.191.57 - - [16/Apr/2025:08:24:16 -0400] "GET /ad917/?path=%2Fhome%2F.%2F..%2Flib64%2Fengines-1.1%2F.%2F..%2Fpython2.7%2Flogging%2F..%2Fuser.pyo HTTP/1.1" 200 996 "-" "Mozilla/5.0 AppleWebKit/537.36 (KHTML, like Gecko; compatible; ClaudeBot/1.0; +claudebot@anthropic.com)"
18.222.191.57 - - [16/Apr/2025:08:24:19 -0400] "GET /ad917/?path=%2Fhome%2F.%2F..%2Flib64%2Fengines-1.1%2F.%2F..%2Fpython2.7%2Flib2to3%2F..%2Faifc.pyo HTTP/1.1" 200 999 "-" "Mozilla/5.0 AppleWebKit/537.36 (KHTML, like Gecko; compatible; ClaudeBot/1.0; +claudebot@anthropic.com)"
18.222.191.57 - - [16/Apr/2025:08:24:22 -0400] "GET /ad917/?path=%2Fhome%2F.%2Fservlmvm%2Flscache%2F..%2F..%2F..%2Flib64%2Frpm-plugins%2F..%2Fsecurity HTTP/1.1" 200 3164 "-" "Mozilla/5.0 AppleWebKit/537.36 (KHTML, like Gecko; compatible; ClaudeBot/1.0; +claudebot@anthropic.com)"
18.222.191.57 - - [16/Apr/2025:08:24:25 -0400] "GET /ad917/?path=%2Fhome%2F.%2Fservlmvm%2F.trash%2F..%2F.%2Fwww%2Fwp-includes%2F..%2Fa4389%2F.htaccess HTTP/1.1" 403 1242 "-" "Mozilla/5.0 AppleWebKit/537.36 (KHTML, like Gecko; compatible; ClaudeBot/1.0; +claudebot@anthropic.com)"
18.222.191.57 - - [16/Apr/2025:08:24:28 -0400] "GET /ad917/?path=%2Fhome%2Fservlmvm%2F.%2F.%2F..%2F..%2F.%2Fusr%2Finclude%2Fprotobuf-c%2F..%2Fwctype.h HTTP/1.1" 200 2558 "-" "Mozilla/5.0 AppleWebKit/537.36 (KHTML, like Gecko; compatible; ClaudeBot/1.0; +claudebot@anthropic.com)"
18.222.191.57 - - [16/Apr/2025:08:24:31 -0400] "GET /ad917/?path=%2Fhome%2F.%2F..%2F..%2Flib64%2Flibibverbs%2F..%2Fpython3.6%2Fsqlite3%2F..%2Ftoken.py HTTP/1.1" 200 2432 "-" "Mozilla/5.0 AppleWebKit/537.36 (KHTML, like Gecko; compatible; ClaudeBot/1.0; +claudebot@anthropic.com)"
18.222.191.57 - - [16/Apr/2025:08:24:34 -0400] "GET /ad917/?path=%2Fhome%2F.%2Fservlmvm%2Flscache%2F..%2F..%2F..%2Flib64%2Frpm-plugins%2F..%2Fgalera-4 HTTP/1.1" 200 1549 "-" "Mozilla/5.0 AppleWebKit/537.36 (KHTML, like Gecko; compatible; ClaudeBot/1.0; +claudebot@anthropic.com)"
18.222.191.57 - - [16/Apr/2025:08:24:37 -0400] "GET /ad917/?path=%2Fhome%2F.%2F..%2F..%2Flib64%2Flibibverbs%2F..%2Fcmake%2F..%2Fpython2.7%2Fatexit.pyo HTTP/1.1" 200 994 "-" "Mozilla/5.0 AppleWebKit/537.36 (KHTML, like Gecko; compatible; ClaudeBot/1.0; +claudebot@anthropic.com)"
52.167.144.231 - - [16/Apr/2025:08:24:37 -0400] "GET /info8237506.shtml HTTP/1.1" 404 16940 "-" "Mozilla/5.0 AppleWebKit/537.36 (KHTML, like Gecko; compatible; bingbot/2.0; +http://www.bing.com/bingbot.htm) Chrome/116.0.1938.76 Safari/537.36"
52.167.144.171 - - [16/Apr/2025:08:24:37 -0400] "GET /info/iji/wiretap16777366.shtml HTTP/1.1" 301 0 "-" "Mozilla/5.0 AppleWebKit/537.36 (KHTML, like Gecko; compatible; bingbot/2.0; +http://www.bing.com/bingbot.htm) Chrome/116.0.1938.76 Safari/537.36"
18.222.191.57 - - [16/Apr/2025:08:24:40 -0400] "GET /ad917/?path=%2Fhome%2F.%2F..%2F..%2Flib64%2Flibibverbs%2F..%2Fcmake%2F..%2Fpython2.7%2Fshelve.pyo HTTP/1.1" 200 994 "-" "Mozilla/5.0 AppleWebKit/537.36 (KHTML, like Gecko; compatible; ClaudeBot/1.0; +claudebot@anthropic.com)"
18.222.191.57 - - [16/Apr/2025:08:24:43 -0400] "GET /ad917/?path=%2Fhome%2Fservlmvm%2F.%2F.%2F..%2F..%2F.%2Fusr%2Fselector%2F..%2Finclude%2Fpunycode.h HTTP/1.1" 200 4167 "-" "Mozilla/5.0 AppleWebKit/537.36 (KHTML, like Gecko; compatible; ClaudeBot/1.0; +claudebot@anthropic.com)"
18.222.191.57 - - [16/Apr/2025:08:24:46 -0400] "GET /ad917/?path=%2Fhome%2F.%2Fservlmvm%2Flscache%2F..%2F..%2F..%2Flib64%2Fbind9-export%2F..%2FMcrt1.o HTTP/1.1" 200 989 "-" "Mozilla/5.0 AppleWebKit/537.36 (KHTML, like Gecko; compatible; ClaudeBot/1.0; +claudebot@anthropic.com)"
18.222.191.57 - - [16/Apr/2025:08:24:49 -0400] "GET /ad917/?path=%2Fhome%2Fservlmvm%2F..%2F.%2F..%2F.%2F.%2Fusr%2Finclude%2Ffontconfig%2F..%2Fendian.h HTTP/1.1" 200 2128 "-" "Mozilla/5.0 AppleWebKit/537.36 (KHTML, like Gecko; compatible; ClaudeBot/1.0; +claudebot@anthropic.com)"
18.222.191.57 - - [16/Apr/2025:08:24:52 -0400] "GET /ad917/?path=%2Fhome%2F.%2F..%2F..%2Flib64%2Flibibverbs%2F..%2Fpython3.6%2Flogging%2F..%2Fheapq.py HTTP/1.1" 200 8554 "-" "Mozilla/5.0 AppleWebKit/537.36 (KHTML, like Gecko; compatible; ClaudeBot/1.0; +claudebot@anthropic.com)"
18.222.191.57 - - [16/Apr/2025:08:24:55 -0400] "GET /ad917/?path=%2Fhome%2Fservlmvm%2F.%2F.%2F..%2F..%2F.%2Fusr%2Fselector%2F..%2Finclude%2Fbyteswap.h HTTP/1.1" 200 1606 "-" "Mozilla/5.0 AppleWebKit/537.36 (KHTML, like Gecko; compatible; ClaudeBot/1.0; +claudebot@anthropic.com)"
18.222.191.57 - - [16/Apr/2025:08:24:58 -0400] "GET /ad917/?path=%2Fhome%2Fservlmvm%2F..%2F.%2F..%2F.%2F.%2Fusr%2Fshare%2Faclocal-1.16%2F.%2Frunlog.m4 HTTP/1.1" 200 1342 "-" "Mozilla/5.0 AppleWebKit/537.36 (KHTML, like Gecko; compatible; ClaudeBot/1.0; +claudebot@anthropic.com)"
18.222.191.57 - - [16/Apr/2025:08:25:01 -0400] "GET /ad917/?path=%2Fhome%2F.%2F..%2Flib64%2Fengines-1.1%2F.%2F..%2Fpython2.7%2Flogging%2F..%2Fpydoc.py HTTP/1.1" 200 26828 "-" "Mozilla/5.0 AppleWebKit/537.36 (KHTML, like Gecko; compatible; ClaudeBot/1.0; +claudebot@anthropic.com)"
18.222.191.57 - - [16/Apr/2025:08:25:04 -0400] "GET /ad917/?path=%2Fhome%2F.%2F..%2Flib64%2Fengines-1.1%2F.%2F..%2Fpython2.7%2Flib2to3%2F..%2Fcode.pyo HTTP/1.1" 200 999 "-" "Mozilla/5.0 AppleWebKit/537.36 (KHTML, like Gecko; compatible; ClaudeBot/1.0; +claudebot@anthropic.com)"
18.222.191.57 - - [16/Apr/2025:08:25:07 -0400] "GET /ad917/?path=%2Fhome%2Fservlmvm%2F.%2F.%2F..%2F..%2F.%2Fusr%2Finclude%2Fprotobuf-c%2F..%2Fsignal.h HTTP/1.1" 200 4678 "-" "Mozilla/5.0 AppleWebKit/537.36 (KHTML, like Gecko; compatible; ClaudeBot/1.0; +claudebot@anthropic.com)"
18.222.191.57 - - [16/Apr/2025:08:25:10 -0400] "GET /ad917/?path=%2Fhome%2F.%2F..%2F..%2Flib64%2Flibibverbs%2F..%2Fcmake%2F..%2Fpython2.7%2Fimghdr.pyo HTTP/1.1" 200 995 "-" "Mozilla/5.0 AppleWebKit/537.36 (KHTML, like Gecko; compatible; ClaudeBot/1.0; +claudebot@anthropic.com)"
198.54.116.86 - - [16/Apr/2025:08:25:27 -0400] "POST /wp-cron.php?doing_wp_cron=1744806326.9986948966979980468750 HTTP/1.1" 200 0 "-" "WordPress/6.8; https://servethepeopleinc.org"
40.77.167.154 - - [16/Apr/2025:08:25:26 -0400] "GET /items/hoa/harpist/19994416.shtml HTTP/1.1" 404 16953 "-" "Mozilla/5.0 AppleWebKit/537.36 (KHTML, like Gecko; compatible; bingbot/2.0; +http://www.bing.com/bingbot.htm) Chrome/116.0.1938.76 Safari/537.36"
198.54.116.86 - - [16/Apr/2025:08:25:27 -0400] "POST /wp-admin/admin-ajax.php?action=async_litespeed&nonce=lHFhcRFbhNm2ykqmO6QCi7ELdX6zkGOM&litespeed_type=imgoptm HTTP/1.1" 200 21 "-" "WordPress/6.8; https://servethepeopleinc.org"
13.58.244.184 - - [16/Apr/2025:08:25:45 -0400] "GET /ad917/?path=%2Fhome%2F.%2F..%2F..%2Flib64%2Flibibverbs%2F..%2Ftk8.6%2F..%2Fpython3.6%2Foptparse.py HTTP/1.1" 200 17472 "-" "Mozilla/5.0 AppleWebKit/537.36 (KHTML, like Gecko; compatible; ClaudeBot/1.0; +claudebot@anthropic.com)"
13.58.244.184 - - [16/Apr/2025:08:25:48 -0400] "GET /ad917/?path=%2Fhome%2F.%2F..%2Flib64%2Fengines-1.1%2F.%2F..%2Fpython2.7%2Flogging%2F..%2Fsndhdr.py HTTP/1.1" 200 3205 "-" "Mozilla/5.0 AppleWebKit/537.36 (KHTML, like Gecko; compatible; ClaudeBot/1.0; +claudebot@anthropic.com)"
13.58.244.184 - - [16/Apr/2025:08:25:51 -0400] "GET /ad917/?path=%2Fhome%2Fservlmvm%2F.%2F.%2F..%2F..%2F.%2Fusr%2Finclude%2Fpython3.6m%2F.%2Fpystrhex.h HTTP/1.1" 200 1211 "-" "Mozilla/5.0 AppleWebKit/537.36 (KHTML, like Gecko; compatible; ClaudeBot/1.0; +claudebot@anthropic.com)"
13.58.244.184 - - [16/Apr/2025:08:25:54 -0400] "GET /ad917/?path=%2Fhome%2F.%2F..%2F..%2Flib64%2Flibibverbs%2F..%2Fcmake%2F..%2Fpython2.7%2FStringIO.py HTTP/1.1" 200 4371 "-" "Mozilla/5.0 AppleWebKit/537.36 (KHTML, like Gecko; compatible; ClaudeBot/1.0; +claudebot@anthropic.com)"
52.167.144.171 - - [16/Apr/2025:08:25:56 -0400] "GET /goods/83689048.shtml HTTP/1.1" 301 0 "-" "Mozilla/5.0 AppleWebKit/537.36 (KHTML, like Gecko; compatible; bingbot/2.0; +http://www.bing.com/bingbot.htm) Chrome/116.0.1938.76 Safari/537.36"
13.58.244.184 - - [16/Apr/2025:08:25:57 -0400] "GET /ad917/?path=%2Fhome%2F.%2F..%2Flib%2Frpm%2Ffileattrs%2F..%2Fplatform%2Fm68k-linux%2F..%2Fsh4-linux HTTP/1.1" 200 1549 "-" "Mozilla/5.0 AppleWebKit/537.36 (KHTML, like Gecko; compatible; ClaudeBot/1.0; +claudebot@anthropic.com)"
13.58.244.184 - - [16/Apr/2025:08:26:00 -0400] "GET /ad917/?path=%2Fhome%2F.%2F..%2Flib64%2Fengines-1.1%2F.%2F..%2Fpython2.7%2Flib2to3%2F..%2Fntpath.py HTTP/1.1" 200 7460 "-" "Mozilla/5.0 AppleWebKit/537.36 (KHTML, like Gecko; compatible; ClaudeBot/1.0; +claudebot@anthropic.com)"
13.58.244.184 - - [16/Apr/2025:08:26:03 -0400] "GET /ad917/?path=%2Fhome%2F.%2F..%2F..%2Flib64%2Flibibverbs%2F..%2Fpython3.6%2Flogging%2F..%2Fsignal.py HTTP/1.1" 200 1652 "-" "Mozilla/5.0 AppleWebKit/537.36 (KHTML, like Gecko; compatible; ClaudeBot/1.0; +claudebot@anthropic.com)"
198.54.116.86 - - [16/Apr/2025:08:26:05 -0400] "POST /wp-cron.php?doing_wp_cron=1744806365.0881330966949462890625 HTTP/1.1" 200 0 "-" "WordPress/6.8; https://servethepeopleinc.org"
66.249.77.42 - - [16/Apr/2025:08:26:04 -0400] "GET /sitemap-item-481.xml HTTP/1.1" 404 16940 "-" "Mozilla/5.0 (compatible; Googlebot/2.1; +http://www.google.com/bot.html)"
13.58.244.184 - - [16/Apr/2025:08:26:06 -0400] "GET /ad917/?path=%2Fhome%2F.%2F..%2Flib64%2Fengines-1.1%2F.%2F..%2Fpython2.7%2Flib2to3%2F..%2Fmhlib.pyc HTTP/1.1" 200 1004 "-" "Mozilla/5.0 AppleWebKit/537.36 (KHTML, like Gecko; compatible; ClaudeBot/1.0; +claudebot@anthropic.com)"
40.77.167.2 - - [16/Apr/2025:08:26:06 -0400] "GET /shopdetail/2662460.shtml HTTP/1.1" 301 0 "-" "Mozilla/5.0 AppleWebKit/537.36 (KHTML, like Gecko; compatible; bingbot/2.0; +http://www.bing.com/bingbot.htm) Chrome/116.0.1938.76 Safari/537.36"
13.58.244.184 - - [16/Apr/2025:08:26:09 -0400] "GET /ad917/?path=%2Fhome%2Fservlmvm%2F.%2F.%2F..%2F..%2F.%2Fusr%2Finclude%2Fpython3.6m%2F.%2Fpydtrace.h HTTP/1.1" 200 1537 "-" "Mozilla/5.0 AppleWebKit/537.36 (KHTML, like Gecko; compatible; ClaudeBot/1.0; +claudebot@anthropic.com)"
13.58.244.184 - - [16/Apr/2025:08:26:27 -0400] "GET /ad917/?path=%2Fhome%2Fservlmvm%2F.%2F.%2F..%2F..%2F.%2Fusr%2Fshare%2Fmysql%2Fcharsets%2Fcp1251.xml HTTP/1.1" 200 3463 "-" "Mozilla/5.0 AppleWebKit/537.36 (KHTML, like Gecko; compatible; ClaudeBot/1.0; +claudebot@anthropic.com)"
13.58.244.184 - - [16/Apr/2025:08:26:30 -0400] "GET /ad917/?path=%2Fhome%2F.%2F..%2Flib64%2Fengines-1.1%2F.%2F..%2Fpython2.7%2Flogging%2F..%2Fpprint.py HTTP/1.1" 200 4300 "-" "Mozilla/5.0 AppleWebKit/537.36 (KHTML, like Gecko; compatible; ClaudeBot/1.0; +claudebot@anthropic.com)"
13.58.244.184 - - [16/Apr/2025:08:26:33 -0400] "GET /ad917/?path=%2Fhome%2F.%2F..%2F..%2Flib64%2Flibibverbs%2F..%2Fcmake%2F..%2Fpython2.7%2Fstatvfs.pyc HTTP/1.1" 200 993 "-" "Mozilla/5.0 AppleWebKit/537.36 (KHTML, like Gecko; compatible; ClaudeBot/1.0; +claudebot@anthropic.com)"
13.58.244.184 - - [16/Apr/2025:08:26:36 -0400] "GET /ad917/?path=%2Fhome%2F.%2F..%2Flib%2Frpm%2Ffileattrs%2F..%2Fplatform%2Fm68k-linux%2F..%2Fppc-linux HTTP/1.1" 200 1549 "-" "Mozilla/5.0 AppleWebKit/537.36 (KHTML, like Gecko; compatible; ClaudeBot/1.0; +claudebot@anthropic.com)"
13.58.244.184 - - [16/Apr/2025:08:26:39 -0400] "GET /ad917/?path=%2Fhome%2Fservlmvm%2F.%2F.%2F..%2F..%2F.%2Fusr%2Finclude%2Fprotobuf-c%2F..%2Fjconfig.h HTTP/1.1" 200 1129 "-" "Mozilla/5.0 AppleWebKit/537.36 (KHTML, like Gecko; compatible; ClaudeBot/1.0; +claudebot@anthropic.com)"
13.58.244.184 - - [16/Apr/2025:08:26:42 -0400] "GET /ad917/?path=%2Fhome%2Fservlmvm%2F.%2F.%2F..%2F..%2F.%2Fusr%2Fshare%2Fmysql%2Fcharsets%2Fcp1257.xml HTTP/1.1" 200 3339 "-" "Mozilla/5.0 AppleWebKit/537.36 (KHTML, like Gecko; compatible; ClaudeBot/1.0; +claudebot@anthropic.com)"
13.58.244.184 - - [16/Apr/2025:08:26:45 -0400] "GET /ad917/?path=%2Fhome%2F.%2F..%2F..%2Flib64%2Flibibverbs%2F..%2Fpython3.6%2Flogging%2F..%2Fpoplib.py HTTP/1.1" 200 6054 "-" "Mozilla/5.0 AppleWebKit/537.36 (KHTML, like Gecko; compatible; ClaudeBot/1.0; +claudebot@anthropic.com)"
13.58.244.184 - - [16/Apr/2025:08:26:48 -0400] "GET /ad917/?path=%2Fhome%2F.%2F..%2F..%2Flib64%2Flibibverbs%2F..%2Fpython3.6%2Flogging%2F..%2Fopcode.py HTTP/1.1" 200 3164 "-" "Mozilla/5.0 AppleWebKit/537.36 (KHTML, like Gecko; compatible; ClaudeBot/1.0; +claudebot@anthropic.com)"
13.58.244.184 - - [16/Apr/2025:08:26:51 -0400] "GET /ad917/?path=%2Fhome%2F.%2F..%2F..%2Flib64%2Flibibverbs%2F..%2Fpython3.6%2Fsqlite3%2F..%2Fimghdr.py HTTP/1.1" 200 2317 "-" "Mozilla/5.0 AppleWebKit/537.36 (KHTML, like Gecko; compatible; ClaudeBot/1.0; +claudebot@anthropic.com)"
13.58.244.184 - - [16/Apr/2025:08:26:54 -0400] "GET /ad917/?path=%2Fhome%2F.%2F..%2F..%2Flib64%2Flibibverbs%2F..%2Fpython3.6%2Fsqlite3%2F..%2Fbinhex.py HTTP/1.1" 200 5154 "-" "Mozilla/5.0 AppleWebKit/537.36 (KHTML, like Gecko; compatible; ClaudeBot/1.0; +claudebot@anthropic.com)"
13.58.244.184 - - [16/Apr/2025:08:26:57 -0400] "GET /ad917/?path=%2Fhome%2F.%2F..%2F..%2Flib64%2Flibibverbs%2F..%2Fcmake%2F..%2Fpython2.7%2Foptparse.py HTTP/1.1" 200 17845 "-" "Mozilla/5.0 AppleWebKit/537.36 (KHTML, like Gecko; compatible; ClaudeBot/1.0; +claudebot@anthropic.com)"
13.58.244.184 - - [16/Apr/2025:08:27:00 -0400] "GET /ad917/?path=%2Fhome%2F.%2F..%2Flib64%2Fengines-1.1%2F.%2F..%2Fpython2.7%2Flib2to3%2F..%2Fdbhash.py HTTP/1.1" 200 1300 "-" "Mozilla/5.0 AppleWebKit/537.36 (KHTML, like Gecko; compatible; ClaudeBot/1.0; +claudebot@anthropic.com)"
13.58.244.184 - - [16/Apr/2025:08:27:03 -0400] "GET /ad917/?path=%2Fhome%2F.%2F..%2Flib64%2Fengines-1.1%2F.%2F..%2Fpython2.7%2Flib2to3%2F..%2Fpydoc.pyc HTTP/1.1" 200 1004 "-" "Mozilla/5.0 AppleWebKit/537.36 (KHTML, like Gecko; compatible; ClaudeBot/1.0; +claudebot@anthropic.com)"
13.58.244.184 - - [16/Apr/2025:08:27:06 -0400] "GET /ad917/?path=%2Fhome%2Fservlmvm%2F.%2F.%2F..%2F..%2F.%2Fusr%2Finclude%2Fprotobuf-c%2F..%2Fpngconf.h HTTP/1.1" 200 8270 "-" "Mozilla/5.0 AppleWebKit/537.36 (KHTML, like Gecko; compatible; ClaudeBot/1.0; +claudebot@anthropic.com)"
13.58.244.184 - - [16/Apr/2025:08:27:09 -0400] "GET /ad917/?path=%2Fhome%2F.%2F..%2F..%2Flib64%2Flibibverbs%2F..%2Fpython3.6%2Flogging%2F..%2Fcodecs.py HTTP/1.1" 200 9997 "-" "Mozilla/5.0 AppleWebKit/537.36 (KHTML, like Gecko; compatible; ClaudeBot/1.0; +claudebot@anthropic.com)"
13.58.244.184 - - [16/Apr/2025:08:27:12 -0400] "GET /ad917/?path=%2Fhome%2Fservlmvm%2F.%2F.%2F..%2F..%2F.%2Fusr%2Finclude%2Fpython3.8%2F.%2Fpycapsule.h HTTP/1.1" 200 1623 "-" "Mozilla/5.0 AppleWebKit/537.36 (KHTML, like Gecko; compatible; ClaudeBot/1.0; +claudebot@anthropic.com)"
13.58.244.184 - - [16/Apr/2025:08:27:15 -0400] "GET /ad917/?path=%2Fhome%2F.%2F..%2F..%2Flib64%2Flibibverbs%2F..%2Fpython3.6%2Flogging%2F..%2Fxdrlib.py HTTP/1.1" 200 2536 "-" "Mozilla/5.0 AppleWebKit/537.36 (KHTML, like Gecko; compatible; ClaudeBot/1.0; +claudebot@anthropic.com)"
198.54.116.86 - - [16/Apr/2025:08:27:18 -0400] "POST /wp-cron.php?doing_wp_cron=1744806438.6608390808105468750000 HTTP/1.1" 200 0 "-" "WordPress/6.8; https://servethepeopleinc.org"
40.77.167.136 - - [16/Apr/2025:08:27:18 -0400] "GET /products29941144.shtml HTTP/1.1" 301 0 "-" "Mozilla/5.0 AppleWebKit/537.36 (KHTML, like Gecko; compatible; bingbot/2.0; +http://www.bing.com/bingbot.htm) Chrome/116.0.1938.76 Safari/537.36"
13.58.244.184 - - [16/Apr/2025:08:27:18 -0400] "GET /ad917/?path=%2Fhome%2Fservlmvm%2F.%2F.%2F..%2F..%2F.%2Fusr%2Finclude%2Fprotobuf-c%2F..%2Fpcrecpp.h HTTP/1.1" 200 9569 "-" "Mozilla/5.0 AppleWebKit/537.36 (KHTML, like Gecko; compatible; ClaudeBot/1.0; +claudebot@anthropic.com)"
198.54.116.86 - - [16/Apr/2025:08:27:18 -0400] "POST /wp-admin/admin-ajax.php?action=async_litespeed&nonce=18RZWQ1G8oSVVq3PTGOiyYadIl7fC9wL&litespeed_type=imgoptm HTTP/1.1" 200 21 "-" "WordPress/6.8; https://servethepeopleinc.org"
13.58.244.184 - - [16/Apr/2025:08:27:21 -0400] "GET /ad917/?path=%2Fhome%2F.%2F..%2F..%2Flib64%2Flibibverbs%2F..%2Fcmake%2F..%2Fpython2.7%2Ftokenize.py HTTP/1.1" 200 6385 "-" "Mozilla/5.0 AppleWebKit/537.36 (KHTML, like Gecko; compatible; ClaudeBot/1.0; +claudebot@anthropic.com)"
13.58.244.184 - - [16/Apr/2025:08:27:24 -0400] "GET /ad917/?path=%2Fhome%2F.%2F..%2Flib64%2Fengines-1.1%2F.%2F..%2Fpython2.7%2Flogging%2F..%2Ftrace.pyo HTTP/1.1" 200 999 "-" "Mozilla/5.0 AppleWebKit/537.36 (KHTML, like Gecko; compatible; ClaudeBot/1.0; +claudebot@anthropic.com)"
13.58.244.184 - - [16/Apr/2025:08:27:27 -0400] "GET /ad917/?path=%2Fhome%2Fservlmvm%2F.%2F.%2F..%2F..%2F.%2Fusr%2Finclude%2Fpython2.7%2F.%2Fpy_curses.h HTTP/1.1" 200 2557 "-" "Mozilla/5.0 AppleWebKit/537.36 (KHTML, like Gecko; compatible; ClaudeBot/1.0; +claudebot@anthropic.com)"
13.58.244.184 - - [16/Apr/2025:08:27:30 -0400] "GET /ad917/?path=%2Fhome%2F.%2Fservlmvm%2Flscache%2F..%2F..%2F..%2Flib64%2Frpm-plugins%2F..%2Flibanl.so HTTP/1.1" 200 985 "-" "Mozilla/5.0 AppleWebKit/537.36 (KHTML, like Gecko; compatible; ClaudeBot/1.0; +claudebot@anthropic.com)"
13.58.244.184 - - [16/Apr/2025:08:27:33 -0400] "GET /ad917/?path=%2Fhome%2F.%2F..%2Flib64%2Fengines-1.1%2F.%2F..%2Fpython2.7%2Flib2to3%2F..%2Ftimeit.py HTTP/1.1" 200 5502 "-" "Mozilla/5.0 AppleWebKit/537.36 (KHTML, like Gecko; compatible; ClaudeBot/1.0; +claudebot@anthropic.com)"
13.58.244.184 - - [16/Apr/2025:08:27:36 -0400] "GET /ad917/?path=%2Fhome%2F.%2F..%2Flib%2Ffirmware%2Fdsp56k%2F..%2Famd-ucode%2F..%2Fkeyspan%2Fusa49w.fw HTTP/1.1" 200 1000 "-" "Mozilla/5.0 AppleWebKit/537.36 (KHTML, like Gecko; compatible; ClaudeBot/1.0; +claudebot@anthropic.com)"
13.58.244.184 - - [16/Apr/2025:08:27:39 -0400] "GET /ad917/?path=%2Fhome%2F.%2F..%2F..%2Flib64%2Flibibverbs%2F..%2Fpython3.6%2F..%2Flibopenal.so.1.18.2 HTTP/1.1" 200 985 "-" "Mozilla/5.0 AppleWebKit/537.36 (KHTML, like Gecko; compatible; ClaudeBot/1.0; +claudebot@anthropic.com)"
13.58.244.184 - - [16/Apr/2025:08:27:42 -0400] "GET /ad917/?path=%2Fhome%2Fservlmvm%2F..%2F..%2Flib64%2Fldb%2F..%2Fpkgconfig%2F.%2Flibevent_pthreads.pc HTTP/1.1" 200 1167 "-" "Mozilla/5.0 AppleWebKit/537.36 (KHTML, like Gecko; compatible; ClaudeBot/1.0; +claudebot@anthropic.com)"
52.167.144.159 - - [16/Apr/2025:08:27:47 -0400] "GET /detail/corkwood52497712.shtml HTTP/1.1" 404 16941 "-" "Mozilla/5.0 AppleWebKit/537.36 (KHTML, like Gecko; compatible; bingbot/2.0; +http://www.bing.com/bingbot.htm) Chrome/116.0.1938.76 Safari/537.36"
198.54.116.86 - - [16/Apr/2025:08:28:07 -0400] "POST /wp-cron.php?doing_wp_cron=1744806487.7824931144714355468750 HTTP/1.1" 200 0 "-" "WordPress/6.8; https://servethepeopleinc.org"
52.167.144.159 - - [16/Apr/2025:08:28:07 -0400] "GET /info/n/trigrammic23620060.shtml HTTP/1.1" 404 16950 "-" "Mozilla/5.0 AppleWebKit/537.36 (KHTML, like Gecko; compatible; bingbot/2.0; +http://www.bing.com/bingbot.htm) Chrome/116.0.1938.76 Safari/537.36"
198.54.116.86 - - [16/Apr/2025:08:28:07 -0400] "POST /wp-admin/admin-ajax.php?action=async_litespeed&nonce=XBtURT5duE8dFZRwydJRs0au4PhA1osm&litespeed_type=imgoptm HTTP/1.1" 200 21 "-" "WordPress/6.8; https://servethepeopleinc.org"
3.141.167.59 - - [16/Apr/2025:08:28:17 -0400] "GET /ad917/?path=%2Fhome%2F.%2F..%2F..%2Flib64%2Flibibverbs%2F..%2Fcmake%2F..%2Fpython2.7%2Fasyncore.py HTTP/1.1" 200 7477 "-" "Mozilla/5.0 AppleWebKit/537.36 (KHTML, like Gecko; compatible; ClaudeBot/1.0; +claudebot@anthropic.com)"
3.141.167.59 - - [16/Apr/2025:08:28:19 -0400] "GET /ad917/?path=%2Fhome%2Fservlmvm%2F.%2F.%2F..%2F..%2F.%2Fusr%2Finclude%2Fpython3.6m%2F..%2Flastlog.h HTTP/1.1" 200 1070 "-" "Mozilla/5.0 AppleWebKit/537.36 (KHTML, like Gecko; compatible; ClaudeBot/1.0; +claudebot@anthropic.com)"
3.141.167.59 - - [16/Apr/2025:08:28:22 -0400] "GET /ad917/?path=%2Fhome%2Fservlmvm%2F.%2F.%2F..%2F..%2F.%2Fusr%2Finclude%2Fpython3.6m%2F..%2Fpthread.h HTTP/1.1" 200 9782 "-" "Mozilla/5.0 AppleWebKit/537.36 (KHTML, like Gecko; compatible; ClaudeBot/1.0; +claudebot@anthropic.com)"
3.141.167.59 - - [16/Apr/2025:08:28:25 -0400] "GET /ad917/?path=%2Fhome%2F.%2Fservlmvm%2F.trash%2F..%2F.%2Fwww%2Fwp-includes%2Fjs%2Fjquery%2F.htaccess HTTP/1.1" 403 1242 "-" "Mozilla/5.0 AppleWebKit/537.36 (KHTML, like Gecko; compatible; ClaudeBot/1.0; +claudebot@anthropic.com)"
3.141.167.59 - - [16/Apr/2025:08:28:28 -0400] "GET /ad917/?path=%2Fhome%2Fservlmvm%2F.%2F.%2F..%2F..%2F.%2Fusr%2Finclude%2Fpython3.6m%2F.%2Fparsetok.h HTTP/1.1" 200 1736 "-" "Mozilla/5.0 AppleWebKit/537.36 (KHTML, like Gecko; compatible; ClaudeBot/1.0; +claudebot@anthropic.com)"
3.141.167.59 - - [16/Apr/2025:08:28:31 -0400] "GET /ad917/?path=%2Fhome%2Fservlmvm%2F.%2F.%2F..%2F..%2F.%2Fusr%2Finclude%2Fpython3.6m%2F.%2Fpythread.h HTTP/1.1" 200 2201 "-" "Mozilla/5.0 AppleWebKit/537.36 (KHTML, like Gecko; compatible; ClaudeBot/1.0; +claudebot@anthropic.com)"
3.141.167.59 - - [16/Apr/2025:08:28:34 -0400] "GET /ad917/?path=%2Fhome%2Fservlmvm%2F.%2F.%2F..%2F..%2F.%2Fusr%2Finclude%2Fprotobuf-c%2F..%2Flibintl.h HTTP/1.1" 200 2462 "-" "Mozilla/5.0 AppleWebKit/537.36 (KHTML, like Gecko; compatible; ClaudeBot/1.0; +claudebot@anthropic.com)"
3.141.167.59 - - [16/Apr/2025:08:28:37 -0400] "GET /ad917/?path=%2Fhome%2Fservlmvm%2F..%2F.%2F..%2F.%2F.%2Fusr%2Fshare%2Faclocal-1.16%2F.%2Fcond-if.m4 HTTP/1.1" 200 1501 "-" "Mozilla/5.0 AppleWebKit/537.36 (KHTML, like Gecko; compatible; ClaudeBot/1.0; +claudebot@anthropic.com)"
3.141.167.59 - - [16/Apr/2025:08:28:40 -0400] "GET /ad917/?path=%2Fhome%2F.%2F..%2Flib64%2Fengines-1.1%2F.%2F..%2Fpython2.7%2Flogging%2F..%2Fsched.pyo HTTP/1.1" 200 998 "-" "Mozilla/5.0 AppleWebKit/537.36 (KHTML, like Gecko; compatible; ClaudeBot/1.0; +claudebot@anthropic.com)"
3.141.167.59 - - [16/Apr/2025:08:28:43 -0400] "GET /ad917/?path=%2Fhome%2F.%2F..%2F..%2Flib64%2Flibibverbs%2F..%2Fpython3.6%2Fsqlite3%2F..%2Fcodeop.py HTTP/1.1" 200 2936 "-" "Mozilla/5.0 AppleWebKit/537.36 (KHTML, like Gecko; compatible; ClaudeBot/1.0; +claudebot@anthropic.com)"
3.141.167.59 - - [16/Apr/2025:08:28:46 -0400] "GET /ad917/?path=%2Fhome%2F.%2F..%2Flib64%2Fengines-1.1%2F.%2F..%2Fpython2.7%2Flib2to3%2F..%2Fbisect.py HTTP/1.1" 200 1601 "-" "Mozilla/5.0 AppleWebKit/537.36 (KHTML, like Gecko; compatible; ClaudeBot/1.0; +claudebot@anthropic.com)"
3.141.167.59 - - [16/Apr/2025:08:28:49 -0400] "GET /ad917/?path=%2Fhome%2Fservlmvm%2F.%2F.%2F..%2F..%2F.%2Fusr%2Finclude%2Fpython3.6m%2F..%2Fgshadow.h HTTP/1.1" 200 2164 "-" "Mozilla/5.0 AppleWebKit/537.36 (KHTML, like Gecko; compatible; ClaudeBot/1.0; +claudebot@anthropic.com)"
3.141.167.59 - - [16/Apr/2025:08:28:52 -0400] "GET /ad917/?path=%2Fhome%2Fservlmvm%2F.%2F.%2F..%2F..%2F.%2Fusr%2Finclude%2Fpython3.6m%2F.%2Fpyerrors.h HTTP/1.1" 200 4624 "-" "Mozilla/5.0 AppleWebKit/537.36 (KHTML, like Gecko; compatible; ClaudeBot/1.0; +claudebot@anthropic.com)"
3.141.167.59 - - [16/Apr/2025:08:28:55 -0400] "GET /ad917/?path=%2Fhome%2Fservlmvm%2F.%2F.%2F..%2F..%2F.%2Fusr%2Fselector%2F..%2Finclude%2Fpcreposix.h HTTP/1.1" 200 3157 "-" "Mozilla/5.0 AppleWebKit/537.36 (KHTML, like Gecko; compatible; ClaudeBot/1.0; +claudebot@anthropic.com)"
40.77.167.2 - - [16/Apr/2025:08:28:57 -0400] "GET /shopdetail3061274.shtml HTTP/1.1" 301 0 "-" "Mozilla/5.0 AppleWebKit/537.36 (KHTML, like Gecko; compatible; bingbot/2.0; +http://www.bing.com/bingbot.htm) Chrome/116.0.1938.76 Safari/537.36"
3.141.167.59 - - [16/Apr/2025:08:28:58 -0400] "GET /ad917/?path=%2Fhome%2F.%2F..%2Flib64%2Fengines-1.1%2F.%2F..%2Fpython2.7%2Flogging%2F..%2Fensurepip HTTP/1.1" 200 1770 "-" "Mozilla/5.0 AppleWebKit/537.36 (KHTML, like Gecko; compatible; ClaudeBot/1.0; +claudebot@anthropic.com)"
3.141.167.59 - - [16/Apr/2025:08:29:01 -0400] "GET /ad917/?path=%2Fhome%2F.%2F..%2F..%2Flib64%2Flibibverbs%2F..%2Fpython3.6%2Flogging%2F..%2Fsndhdr.py HTTP/1.1" 200 3564 "-" "Mozilla/5.0 AppleWebKit/537.36 (KHTML, like Gecko; compatible; ClaudeBot/1.0; +claudebot@anthropic.com)"
3.141.167.59 - - [16/Apr/2025:08:29:04 -0400] "GET /ad917/?path=%2Fhome%2F.%2F..%2Flib%2Ffirmware%2Fdsp56k%2F..%2Fath9k_htc%2F..%2Frockchip%2Fdptx.bin HTTP/1.1" 200 1004 "-" "Mozilla/5.0 AppleWebKit/537.36 (KHTML, like Gecko; compatible; ClaudeBot/1.0; +claudebot@anthropic.com)"
198.54.116.86 - - [16/Apr/2025:08:29:07 -0400] "POST /wp-cron.php?doing_wp_cron=1744806547.0157411098480224609375 HTTP/1.1" 200 0 "-" "WordPress/6.8; https://servethepeopleinc.org"
52.167.144.171 - - [16/Apr/2025:08:29:06 -0400] "GET /shopping/novator6772630.shtml HTTP/1.1" 301 0 "-" "Mozilla/5.0 AppleWebKit/537.36 (KHTML, like Gecko; compatible; bingbot/2.0; +http://www.bing.com/bingbot.htm) Chrome/116.0.1938.76 Safari/537.36"
40.77.167.154 - - [16/Apr/2025:08:29:06 -0400] "GET /shopping/tammy56851814.shtml HTTP/1.1" 404 16942 "-" "Mozilla/5.0 AppleWebKit/537.36 (KHTML, like Gecko; compatible; bingbot/2.0; +http://www.bing.com/bingbot.htm) Chrome/116.0.1938.76 Safari/537.36"
198.54.116.86 - - [16/Apr/2025:08:29:07 -0400] "POST /wp-admin/admin-ajax.php?action=async_litespeed&nonce=Xb3A9ADCLbWWNIwwmzVNm0eJkk8u0ATM&litespeed_type=imgoptm HTTP/1.1" 200 21 "-" "WordPress/6.8; https://servethepeopleinc.org"
3.141.167.59 - - [16/Apr/2025:08:29:07 -0400] "GET /ad917/?path=%2Fhome%2Fservlmvm%2F.%2F.%2F..%2F..%2F.%2Fusr%2Finclude%2Fpython2.7%2F.%2Fstructseq.h HTTP/1.1" 200 1376 "-" "Mozilla/5.0 AppleWebKit/537.36 (KHTML, like Gecko; compatible; ClaudeBot/1.0; +claudebot@anthropic.com)"
3.141.167.59 - - [16/Apr/2025:08:29:10 -0400] "GET /ad917/?path=%2Fhome%2F.%2F..%2Flib64%2Fengines-1.1%2F.%2F..%2Fpython2.7%2Flogging%2F..%2Fcgitb.pyc HTTP/1.1" 200 999 "-" "Mozilla/5.0 AppleWebKit/537.36 (KHTML, like Gecko; compatible; ClaudeBot/1.0; +claudebot@anthropic.com)"
40.77.167.136 - - [16/Apr/2025:08:29:11 -0400] "GET /special/poeyi/ HTTP/1.1" 301 0 "-" "Mozilla/5.0 AppleWebKit/537.36 (KHTML, like Gecko; compatible; bingbot/2.0; +http://www.bing.com/bingbot.htm) Chrome/116.0.1938.76 Safari/537.36"
3.141.167.59 - - [16/Apr/2025:08:29:13 -0400] "GET /ad917/?path=%2Fhome%2F.%2F..%2Flib64%2Fengines-1.1%2F.%2F..%2Fpython2.7%2Flib2to3%2F..%2Fquopri.py HTTP/1.1" 200 3371 "-" "Mozilla/5.0 AppleWebKit/537.36 (KHTML, like Gecko; compatible; ClaudeBot/1.0; +claudebot@anthropic.com)"
3.141.167.59 - - [16/Apr/2025:08:29:16 -0400] "GET /ad917/?path=%2Fhome%2F.%2F..%2Flib64%2Fengines-1.1%2F.%2F..%2Fpython2.7%2Flogging%2F..%2Fpstats.py HTTP/1.1" 200 8356 "-" "Mozilla/5.0 AppleWebKit/537.36 (KHTML, like Gecko; compatible; ClaudeBot/1.0; +claudebot@anthropic.com)"
40.77.167.136 - - [16/Apr/2025:08:29:19 -0400] "GET /items/d/lamella/63204624.shtml HTTP/1.1" 301 0 "-" "Mozilla/5.0 AppleWebKit/537.36 (KHTML, like Gecko; compatible; bingbot/2.0; +http://www.bing.com/bingbot.htm) Chrome/116.0.1938.76 Safari/537.36"
3.141.167.59 - - [16/Apr/2025:08:29:19 -0400] "GET /ad917/?path=%2Fhome%2F.%2F..%2Flib64%2Fengines-1.1%2F.%2F..%2Fpython2.7%2Flib2to3%2F..%2Fstring.py HTTP/1.1" 200 7309 "-" "Mozilla/5.0 AppleWebKit/537.36 (KHTML, like Gecko; compatible; ClaudeBot/1.0; +claudebot@anthropic.com)"
3.141.167.59 - - [16/Apr/2025:08:29:22 -0400] "GET /ad917/?path=%2Fhome%2Fservlmvm%2F.%2F.%2F..%2F..%2F.%2Fusr%2Finclude%2Fpython3.6m%2F..%2Fgdfontt.h HTTP/1.1" 200 1345 "-" "Mozilla/5.0 AppleWebKit/537.36 (KHTML, like Gecko; compatible; ClaudeBot/1.0; +claudebot@anthropic.com)"
3.141.167.59 - - [16/Apr/2025:08:29:25 -0400] "GET /ad917/?path=%2Fhome%2F.%2F..%2Flib64%2Fengines-1.1%2F.%2F..%2Fpython2.7%2Flogging%2F..%2Fpipes.pyo HTTP/1.1" 200 999 "-" "Mozilla/5.0 AppleWebKit/537.36 (KHTML, like Gecko; compatible; ClaudeBot/1.0; +claudebot@anthropic.com)"
40.77.167.2 - - [16/Apr/2025:08:29:27 -0400] "GET /goods/39829082.shtml HTTP/1.1" 301 0 "-" "Mozilla/5.0 AppleWebKit/537.36 (KHTML, like Gecko; compatible; bingbot/2.0; +http://www.bing.com/bingbot.htm) Chrome/116.0.1938.76 Safari/537.36"
3.141.167.59 - - [16/Apr/2025:08:29:28 -0400] "GET /ad917/?path=%2Fhome%2F.%2F..%2F..%2Flib64%2Flibibverbs%2F..%2Fcmake%2F..%2Fpython2.7%2Fdecimal.pyo HTTP/1.1" 200 995 "-" "Mozilla/5.0 AppleWebKit/537.36 (KHTML, like Gecko; compatible; ClaudeBot/1.0; +claudebot@anthropic.com)"
40.77.167.67 - - [16/Apr/2025:08:29:29 -0400] "GET /detail/pudendum/82772970.shtml HTTP/1.1" 404 16950 "-" "Mozilla/5.0 AppleWebKit/537.36 (KHTML, like Gecko; compatible; bingbot/2.0; +http://www.bing.com/bingbot.htm) Chrome/116.0.1938.76 Safari/537.36"
3.141.167.59 - - [16/Apr/2025:08:29:31 -0400] "GET /ad917/?path=%2Fhome%2F.%2F..%2Flib64%2Fengines-1.1%2F.%2F..%2Fpython2.7%2Flogging%2F..%2Fsunau.pyo HTTP/1.1" 200 999 "-" "Mozilla/5.0 AppleWebKit/537.36 (KHTML, like Gecko; compatible; ClaudeBot/1.0; +claudebot@anthropic.com)"
3.141.167.59 - - [16/Apr/2025:08:29:34 -0400] "GET /ad917/?path=%2Fhome%2F.%2F..%2Flib64%2Fengines-1.1%2F.%2F..%2Fpython2.7%2Flogging%2F..%2Fheapq.pyc HTTP/1.1" 200 999 "-" "Mozilla/5.0 AppleWebKit/537.36 (KHTML, like Gecko; compatible; ClaudeBot/1.0; +claudebot@anthropic.com)"
3.141.167.59 - - [16/Apr/2025:08:29:37 -0400] "GET /ad917/?path=%2Fhome%2F.%2F..%2F..%2Flib64%2Flibibverbs%2F..%2Ftk8.6%2F..%2Fpython3.6%2Flib-dynload HTTP/1.1" 200 3247 "-" "Mozilla/5.0 AppleWebKit/537.36 (KHTML, like Gecko; compatible; ClaudeBot/1.0; +claudebot@anthropic.com)"
3.141.167.59 - - [16/Apr/2025:08:29:40 -0400] "GET /ad917/?path=%2Fhome%2Fservlmvm%2F..%2F.%2F..%2F.%2F.%2Fusr%2Finclude%2Ffontconfig%2F..%2Fnetpacket HTTP/1.1" 200 1544 "-" "Mozilla/5.0 AppleWebKit/537.36 (KHTML, like Gecko; compatible; ClaudeBot/1.0; +claudebot@anthropic.com)"
3.141.167.59 - - [16/Apr/2025:08:29:43 -0400] "GET /ad917/?path=%2Fhome%2F.%2F..%2F..%2Flib64%2Flibibverbs%2F..%2Fpython3.6%2Flogging%2F..%2Fsymbol.py HTTP/1.1" 200 1977 "-" "Mozilla/5.0 AppleWebKit/537.36 (KHTML, like Gecko; compatible; ClaudeBot/1.0; +claudebot@anthropic.com)"
3.141.167.59 - - [16/Apr/2025:08:29:46 -0400] "GET /ad917/?path=%2Fhome%2F.%2F..%2Flib64%2Fengines-1.1%2F.%2F..%2Fpython2.7%2Flib2to3%2F..%2Fshutil.py HTTP/1.1" 200 7252 "-" "Mozilla/5.0 AppleWebKit/537.36 (KHTML, like Gecko; compatible; ClaudeBot/1.0; +claudebot@anthropic.com)"
40.77.167.154 - - [16/Apr/2025:08:29:47 -0400] "GET /special/260128.shtml HTTP/1.1" 404 16942 "-" "Mozilla/5.0 AppleWebKit/537.36 (KHTML, like Gecko; compatible; bingbot/2.0; +http://www.bing.com/bingbot.htm) Chrome/116.0.1938.76 Safari/537.36"
3.141.167.59 - - [16/Apr/2025:08:29:49 -0400] "GET /ad917/?path=%2Fhome%2Fservlmvm%2F.%2F.%2F..%2F..%2F.%2Fusr%2Fselector%2F..%2Finclude%2Fasm-generic HTTP/1.1" 200 2509 "-" "Mozilla/5.0 AppleWebKit/537.36 (KHTML, like Gecko; compatible; ClaudeBot/1.0; +claudebot@anthropic.com)"
3.141.167.59 - - [16/Apr/2025:08:29:52 -0400] "GET /ad917/?path=%2Fhome%2F.%2F..%2Flib%2Frpm%2Ffileattrs%2F..%2Fplatform%2Fm68k-linux%2F..%2Fsh3-linux HTTP/1.1" 200 1543 "-" "Mozilla/5.0 AppleWebKit/537.36 (KHTML, like Gecko; compatible; ClaudeBot/1.0; +claudebot@anthropic.com)"
3.141.167.59 - - [16/Apr/2025:08:29:55 -0400] "GET /ad917/?path=%2Fhome%2F.%2F..%2F..%2Flib64%2Flibibverbs%2F..%2Fcmake%2F..%2Fpython2.7%2Fmailcap.pyo HTTP/1.1" 200 995 "-" "Mozilla/5.0 AppleWebKit/537.36 (KHTML, like Gecko; compatible; ClaudeBot/1.0; +claudebot@anthropic.com)"
3.141.167.59 - - [16/Apr/2025:08:29:58 -0400] "GET /ad917/?path=%2Fhome%2Fservlmvm%2F.%2F.%2F..%2F..%2F.%2Fusr%2Finclude%2Fpython3.8%2F.%2Fgenobject.h HTTP/1.1" 200 2103 "-" "Mozilla/5.0 AppleWebKit/537.36 (KHTML, like Gecko; compatible; ClaudeBot/1.0; +claudebot@anthropic.com)"
3.141.167.59 - - [16/Apr/2025:08:30:01 -0400] "GET /ad917/?path=%2Fhome%2F.%2F..%2F..%2Flib64%2Flibibverbs%2F..%2Fpython3.6%2Fsqlite3%2F..%2Fencodings HTTP/1.1" 200 4143 "-" "Mozilla/5.0 AppleWebKit/537.36 (KHTML, like Gecko; compatible; ClaudeBot/1.0; +claudebot@anthropic.com)"
3.141.167.59 - - [16/Apr/2025:08:30:04 -0400] "GET /ad917/?path=%2Fhome%2F.%2F..%2Flib64%2Fengines-1.1%2F.%2F..%2Fpython2.7%2Flib2to3%2F..%2Ftoken.pyo HTTP/1.1" 200 1001 "-" "Mozilla/5.0 AppleWebKit/537.36 (KHTML, like Gecko; compatible; ClaudeBot/1.0; +claudebot@anthropic.com)"
3.141.167.59 - - [16/Apr/2025:08:30:07 -0400] "GET /ad917/?path=%2Fhome%2F.%2F..%2Flib%2Ffirmware%2Fdsp56k%2F..%2Fath9k_htc%2F..%2Fedgeport%2Fdown2.fw HTTP/1.1" 200 999 "-" "Mozilla/5.0 AppleWebKit/537.36 (KHTML, like Gecko; compatible; ClaudeBot/1.0; +claudebot@anthropic.com)"
3.141.167.59 - - [16/Apr/2025:08:30:10 -0400] "GET /ad917/?path=%2Fhome%2Fservlmvm%2F..%2F.%2F..%2F.%2F.%2Fusr%2Fshare%2Fperl5%2Fvendor_perl%2FMozilla HTTP/1.1" 200 1565 "-" "Mozilla/5.0 AppleWebKit/537.36 (KHTML, like Gecko; compatible; ClaudeBot/1.0; +claudebot@anthropic.com)"
3.141.167.59 - - [16/Apr/2025:08:30:13 -0400] "GET /ad917/?path=%2Fhome%2F.%2F..%2Flib64%2Fengines-1.1%2F.%2F..%2Fpython2.7%2Flib2to3%2F..%2Fnetrc.pyo HTTP/1.1" 200 1002 "-" "Mozilla/5.0 AppleWebKit/537.36 (KHTML, like Gecko; compatible; ClaudeBot/1.0; +claudebot@anthropic.com)"
198.54.116.86 - - [16/Apr/2025:08:30:15 -0400] "POST /wp-cron.php?doing_wp_cron=1744806615.1013889312744140625000 HTTP/1.1" 200 0 "-" "WordPress/6.8; https://servethepeopleinc.org"
66.249.77.40 - - [16/Apr/2025:08:30:14 -0400] "GET /sitemap-item-2197.xml HTTP/1.1" 404 16941 "-" "Mozilla/5.0 (compatible; Googlebot/2.1; +http://www.google.com/bot.html)"
198.54.116.86 - - [16/Apr/2025:08:30:15 -0400] "POST /wp-admin/admin-ajax.php?action=async_litespeed&nonce=qFLKM6WUrWDj5fO0BhXy1e0Qdpj3REAO&litespeed_type=imgoptm HTTP/1.1" 200 21 "-" "WordPress/6.8; https://servethepeopleinc.org"
3.18.102.38 - - [16/Apr/2025:08:30:47 -0400] "GET /ad917/?path=%2Fhome%2F.%2F..%2F..%2Flib64%2Flibibverbs%2F..%2Fpython3.6%2Fjson%2F..%2Fposixpath.py HTTP/1.1" 200 6272 "-" "Mozilla/5.0 AppleWebKit/537.36 (KHTML, like Gecko; compatible; ClaudeBot/1.0; +claudebot@anthropic.com)"
52.167.144.188 - - [16/Apr/2025:08:30:48 -0400] "GET /item/45144818.shtml HTTP/1.1" 301 0 "-" "Mozilla/5.0 AppleWebKit/537.36 (KHTML, like Gecko; compatible; bingbot/2.0; +http://www.bing.com/bingbot.htm) Chrome/116.0.1938.76 Safari/537.36"
3.18.102.38 - - [16/Apr/2025:08:30:49 -0400] "GET /ad917/?path=%2Fhome%2F.%2F..%2Flib64%2Fengines-1.1%2F.%2F..%2Ftk8.6%2F..%2Fsecurity%2Fpam_group.so HTTP/1.1" 200 987 "-" "Mozilla/5.0 AppleWebKit/537.36 (KHTML, like Gecko; compatible; ClaudeBot/1.0; +claudebot@anthropic.com)"
13.58.244.184 - - [16/Apr/2025:08:26:12 -0400] "GET /ad917/?path=%2Fhome%2Fservlmvm%2F..%2F.%2F..%2F.%2F.%2Fusr%2Finclude%2Ffontconfig%2F..%2Faliases.h HTTP/1.1" 200 1784 "-" "Mozilla/5.0 AppleWebKit/537.36 (KHTML, like Gecko; compatible; ClaudeBot/1.0; +claudebot@anthropic.com)"
13.58.244.184 - - [16/Apr/2025:08:26:15 -0400] "GET /ad917/?path=%2Fhome%2F.%2F..%2Flib64%2Fengines-1.1%2F.%2F..%2Fpython2.7%2Flogging%2F..%2Fshlex.pyo HTTP/1.1" 200 1000 "-" "Mozilla/5.0 AppleWebKit/537.36 (KHTML, like Gecko; compatible; ClaudeBot/1.0; +claudebot@anthropic.com)"
13.58.244.184 - - [16/Apr/2025:08:26:18 -0400] "GET /ad917/?path=%2Fhome%2Fservlmvm%2F.%2F.%2F..%2F..%2F.%2Fusr%2Finclude%2Fpython3.6m%2F..%2Fjconfig.h HTTP/1.1" 200 1129 "-" "Mozilla/5.0 AppleWebKit/537.36 (KHTML, like Gecko; compatible; ClaudeBot/1.0; +claudebot@anthropic.com)"
198.54.116.86 - - [16/Apr/2025:08:26:19 -0400] "POST /wp-cron.php?doing_wp_cron=1744806379.7905130386352539062500 HTTP/1.1" 200 0 "-" "WordPress/6.8; https://servethepeopleinc.org"
40.77.167.136 - - [16/Apr/2025:08:26:19 -0400] "GET /goodscode2950564.shtml HTTP/1.1" 301 0 "-" "Mozilla/5.0 AppleWebKit/537.36 (KHTML, like Gecko; compatible; bingbot/2.0; +http://www.bing.com/bingbot.htm) Chrome/116.0.1938.76 Safari/537.36"
198.54.116.86 - - [16/Apr/2025:08:26:19 -0400] "POST /wp-admin/admin-ajax.php?action=async_litespeed&nonce=P6nEiH6IHtIxw2A9ibx90m62H3IOZbLm&litespeed_type=imgoptm HTTP/1.1" 200 21 "-" "WordPress/6.8; https://servethepeopleinc.org"
13.58.244.184 - - [16/Apr/2025:08:26:21 -0400] "GET /ad917/?path=%2Fhome%2Fservlmvm%2F..%2F.%2F..%2F.%2F.%2Fusr%2Finclude%2Ffontconfig%2F..%2Fsyscall.h HTTP/1.1" 200 1003 "-" "Mozilla/5.0 AppleWebKit/537.36 (KHTML, like Gecko; compatible; ClaudeBot/1.0; +claudebot@anthropic.com)"
13.58.244.184 - - [16/Apr/2025:08:26:24 -0400] "GET /ad917/?path=%2Fhome%2Fservlmvm%2F..%2F.%2F..%2F.%2F.%2Fusr%2Fselector%2F..%2Finclude%2Fpg_config.h HTTP/1.1" 200 1240 "-" "Mozilla/5.0 AppleWebKit/537.36 (KHTML, like Gecko; compatible; ClaudeBot/1.0; +claudebot@anthropic.com)"
3.18.102.38 - - [16/Apr/2025:08:30:52 -0400] "GET /ad917/?path=%2Fhome%2F.%2F..%2Flib64%2Fengines-1.1%2F.%2F..%2Fpython2.7%2Ftest%2F..%2Ffpformat.pyc HTTP/1.1" 200 994 "-" "Mozilla/5.0 AppleWebKit/537.36 (KHTML, like Gecko; compatible; ClaudeBot/1.0; +claudebot@anthropic.com)"
3.18.102.38 - - [16/Apr/2025:08:30:55 -0400] "GET /ad917/?path=%2Fhome%2F.%2F..%2Flib64%2Fengines-1.1%2F.%2F..%2Fpython2.7%2Ftest%2F..%2Fwarnings.pyc HTTP/1.1" 200 994 "-" "Mozilla/5.0 AppleWebKit/537.36 (KHTML, like Gecko; compatible; ClaudeBot/1.0; +claudebot@anthropic.com)"
40.77.167.150 - - [16/Apr/2025:08:30:58 -0400] "GET /info/haubergeon44217730.shtml HTTP/1.1" 301 0 "-" "Mozilla/5.0 AppleWebKit/537.36 (KHTML, like Gecko; compatible; bingbot/2.0; +http://www.bing.com/bingbot.htm) Chrome/116.0.1938.76 Safari/537.36"
3.18.102.38 - - [16/Apr/2025:08:30:58 -0400] "GET /ad917/?path=%2Fhome%2F.%2F..%2Flib64%2Fengines-1.1%2F.%2F..%2Fpython2.7%2Ftest%2F..%2Ffractions.py HTTP/1.1" 200 7339 "-" "Mozilla/5.0 AppleWebKit/537.36 (KHTML, like Gecko; compatible; ClaudeBot/1.0; +claudebot@anthropic.com)"
3.18.102.38 - - [16/Apr/2025:08:31:01 -0400] "GET /ad917/?path=%2Fhome%2F.%2F..%2Fopt%2Falt%2Fpython35%2Flib64%2Fpython3.5%2Fhtml%2F..%2Fsysconfig.py HTTP/1.1" 200 8577 "-" "Mozilla/5.0 AppleWebKit/537.36 (KHTML, like Gecko; compatible; ClaudeBot/1.0; +claudebot@anthropic.com)"
3.18.102.38 - - [16/Apr/2025:08:31:04 -0400] "GET /ad917/?path=%2Fhome%2F.%2F..%2Fopt%2Falt%2Fpython35%2Flib64%2Fpython3.5%2Fhtml%2F..%2Ffileinput.py HTTP/1.1" 200 4999 "-" "Mozilla/5.0 AppleWebKit/537.36 (KHTML, like Gecko; compatible; ClaudeBot/1.0; +claudebot@anthropic.com)"
3.18.102.38 - - [16/Apr/2025:08:31:07 -0400] "GET /ad917/?path=%2Fhome%2F.%2F..%2Flib64%2Fengines-1.1%2F.%2F..%2Fpython2.7%2Ftest%2F..%2Ftokenize.pyc HTTP/1.1" 200 994 "-" "Mozilla/5.0 AppleWebKit/537.36 (KHTML, like Gecko; compatible; ClaudeBot/1.0; +claudebot@anthropic.com)"
3.18.102.38 - - [16/Apr/2025:08:31:10 -0400] "GET /ad917/?path=%2Fhome%2F.%2F..%2Flib64%2Fengines-1.1%2F.%2F..%2Fpython2.7%2Ftest%2F..%2Fmultifile.py HTTP/1.1" 200 2602 "-" "Mozilla/5.0 AppleWebKit/537.36 (KHTML, like Gecko; compatible; ClaudeBot/1.0; +claudebot@anthropic.com)"
3.18.102.38 - - [16/Apr/2025:08:31:13 -0400] "GET /ad917/?path=%2Fhome%2F.%2F..%2Flib64%2Fengines-1.1%2F.%2F..%2Fpython2.7%2Ftest%2F..%2Fdircache.pyo HTTP/1.1" 200 994 "-" "Mozilla/5.0 AppleWebKit/537.36 (KHTML, like Gecko; compatible; ClaudeBot/1.0; +claudebot@anthropic.com)"
3.18.102.38 - - [16/Apr/2025:08:31:16 -0400] "GET /ad917/?path=%2Fhome%2F.%2F..%2Fopt%2Falt%2Fpython35%2Flib64%2Fpython3.5%2Fhtml%2F..%2Fsre_parse.py HTTP/1.1" 200 8715 "-" "Mozilla/5.0 AppleWebKit/537.36 (KHTML, like Gecko; compatible; ClaudeBot/1.0; +claudebot@anthropic.com)"
3.18.102.38 - - [16/Apr/2025:08:31:19 -0400] "GET /ad917/?path=%2Fhome%2F.%2F..%2Flib64%2Fengines-1.1%2F.%2F..%2Fpython2.7%2Ftest%2F..%2Ffpformat.pyo HTTP/1.1" 200 994 "-" "Mozilla/5.0 AppleWebKit/537.36 (KHTML, like Gecko; compatible; ClaudeBot/1.0; +claudebot@anthropic.com)"
198.54.116.86 - - [16/Apr/2025:08:31:20 -0400] "POST /wp-cron.php?doing_wp_cron=1744806680.4102718830108642578125 HTTP/1.1" 200 0 "-" "WordPress/6.8; https://servethepeopleinc.org"
40.77.167.67 - - [16/Apr/2025:08:31:20 -0400] "GET /shopdetail/glandula18929968.shtml HTTP/1.1" 404 16942 "-" "Mozilla/5.0 AppleWebKit/537.36 (KHTML, like Gecko; compatible; bingbot/2.0; +http://www.bing.com/bingbot.htm) Chrome/116.0.1938.76 Safari/537.36"
198.54.116.86 - - [16/Apr/2025:08:31:21 -0400] "POST /wp-admin/admin-ajax.php?action=async_litespeed&nonce=5DCe18CWF2hN441mT47zzM0sHEIWKljh&litespeed_type=imgoptm HTTP/1.1" 200 21 "-" "WordPress/6.8; https://servethepeopleinc.org"
3.18.102.38 - - [16/Apr/2025:08:31:22 -0400] "GET /ad917/?path=%2Fhome%2F.%2F..%2Flib64%2Fengines-1.1%2F.%2F..%2Fpython2.7%2Ftest%2F..%2Ftelnetlib.py HTTP/1.1" 200 8285 "-" "Mozilla/5.0 AppleWebKit/537.36 (KHTML, like Gecko; compatible; ClaudeBot/1.0; +claudebot@anthropic.com)"
3.18.102.38 - - [16/Apr/2025:08:31:25 -0400] "GET /ad917/?path=%2Fhome%2F.%2F..%2Flib64%2Fengines-1.1%2F.%2F..%2Fpython2.7%2Ftest%2F..%2Fposixpath.py HTTP/1.1" 200 6077 "-" "Mozilla/5.0 AppleWebKit/537.36 (KHTML, like Gecko; compatible; ClaudeBot/1.0; +claudebot@anthropic.com)"
3.18.102.38 - - [16/Apr/2025:08:31:28 -0400] "GET /ad917/?path=%2Fhome%2F.%2F..%2Flib64%2Fengines-1.1%2F.%2F..%2Fpython2.7%2Ftest%2F..%2Fcookielib.py HTTP/1.1" 200 19595 "-" "Mozilla/5.0 AppleWebKit/537.36 (KHTML, like Gecko; compatible; ClaudeBot/1.0; +claudebot@anthropic.com)"
3.18.102.38 - - [16/Apr/2025:08:31:31 -0400] "GET /ad917/?path=%2Fhome%2F.%2F..%2Flib64%2Fengines-1.1%2F.%2F..%2Fpython2.7%2Ftest%2F..%2Ftabnanny.pyc HTTP/1.1" 200 995 "-" "Mozilla/5.0 AppleWebKit/537.36 (KHTML, like Gecko; compatible; ClaudeBot/1.0; +claudebot@anthropic.com)"
3.18.102.38 - - [16/Apr/2025:08:31:35 -0400] "GET /ad917/?path=%2Fhome%2F.%2F..%2Flib64%2Fengines-1.1%2F.%2F..%2Fpython2.7%2Ftest%2F..%2Fcalendar.pyc HTTP/1.1" 200 991 "-" "Mozilla/5.0 AppleWebKit/537.36 (KHTML, like Gecko; compatible; ClaudeBot/1.0; +claudebot@anthropic.com)"
3.18.102.38 - - [16/Apr/2025:08:31:37 -0400] "GET /ad917/?path=%2Fhome%2F.%2F..%2Flib64%2Fengines-1.1%2F.%2F..%2Fpython2.7%2Ftest%2F..%2Faudiodev.pyc HTTP/1.1" 200 994 "-" "Mozilla/5.0 AppleWebKit/537.36 (KHTML, like Gecko; compatible; ClaudeBot/1.0; +claudebot@anthropic.com)"
3.18.102.38 - - [16/Apr/2025:08:31:40 -0400] "GET /ad917/?path=%2Fhome%2F.%2F..%2Flib64%2Fengines-1.1%2F.%2F..%2Fpython2.7%2Ftest%2F..%2Fcolorsys.pyc HTTP/1.1" 200 994 "-" "Mozilla/5.0 AppleWebKit/537.36 (KHTML, like Gecko; compatible; ClaudeBot/1.0; +claudebot@anthropic.com)"
3.18.102.38 - - [16/Apr/2025:08:31:43 -0400] "GET /ad917/?path=%2Fhome%2F.%2F..%2Flib64%2Fengines-1.1%2F.%2F..%2Fpython2.7%2Ftest%2F..%2Fcolorsys.pyo HTTP/1.1" 200 994 "-" "Mozilla/5.0 AppleWebKit/537.36 (KHTML, like Gecko; compatible; ClaudeBot/1.0; +claudebot@anthropic.com)"
66.249.77.40 - - [16/Apr/2025:08:31:45 -0400] "GET /sitemap-item-1271.xml HTTP/1.1" 404 16940 "-" "Mozilla/5.0 (compatible; Googlebot/2.1; +http://www.google.com/bot.html)"
3.18.102.38 - - [16/Apr/2025:08:31:46 -0400] "GET /ad917/?path=%2Fhome%2F.%2F..%2Flib64%2Fengines-1.1%2F.%2F..%2Fpython2.7%2Ftest%2F..%2FStringIO.pyo HTTP/1.1" 200 996 "-" "Mozilla/5.0 AppleWebKit/537.36 (KHTML, like Gecko; compatible; ClaudeBot/1.0; +claudebot@anthropic.com)"
40.77.167.136 - - [16/Apr/2025:08:31:49 -0400] "GET /shopping/ufu/wormy85237614.shtml HTTP/1.1" 301 0 "-" "Mozilla/5.0 AppleWebKit/537.36 (KHTML, like Gecko; compatible; bingbot/2.0; +http://www.bing.com/bingbot.htm) Chrome/116.0.1938.76 Safari/537.36"
3.18.102.38 - - [16/Apr/2025:08:31:49 -0400] "GET /ad917/?path=%2Fhome%2F.%2F..%2F..%2Flib64%2Flibibverbs%2F..%2Fpython3.6%2Fjson%2F..%2Ffileinput.py HTTP/1.1" 200 5020 "-" "Mozilla/5.0 AppleWebKit/537.36 (KHTML, like Gecko; compatible; ClaudeBot/1.0; +claudebot@anthropic.com)"
3.18.102.38 - - [16/Apr/2025:08:31:52 -0400] "GET /ad917/?path=%2Fhome%2F.%2F..%2Flib64%2Fengines-1.1%2F.%2F..%2Fpython2.7%2Ftest%2F..%2Ftempfile.pyo HTTP/1.1" 200 994 "-" "Mozilla/5.0 AppleWebKit/537.36 (KHTML, like Gecko; compatible; ClaudeBot/1.0; +claudebot@anthropic.com)"
3.18.102.38 - - [16/Apr/2025:08:31:55 -0400] "GET /ad917/?path=%2Fhome%2F.%2F..%2Flib64%2Fengines-1.1%2F.%2F..%2Fpython2.7%2Ftest%2F..%2Fmimetools.py HTTP/1.1" 200 3285 "-" "Mozilla/5.0 AppleWebKit/537.36 (KHTML, like Gecko; compatible; ClaudeBot/1.0; +claudebot@anthropic.com)"
3.18.102.38 - - [16/Apr/2025:08:31:58 -0400] "GET /ad917/?path=%2Fhome%2F.%2F..%2Flib64%2Fengines-1.1%2F.%2F..%2Fpython2.7%2Ftest%2F..%2Fcopy_reg.pyo HTTP/1.1" 200 995 "-" "Mozilla/5.0 AppleWebKit/537.36 (KHTML, like Gecko; compatible; ClaudeBot/1.0; +claudebot@anthropic.com)"
3.18.102.38 - - [16/Apr/2025:08:32:01 -0400] "GET /ad917/?path=%2Fhome%2F.%2F..%2Flib64%2Fengines-1.1%2F.%2F..%2Fpython2.7%2Ftest%2F..%2Fsre_parse.py HTTP/1.1" 200 7951 "-" "Mozilla/5.0 AppleWebKit/537.36 (KHTML, like Gecko; compatible; ClaudeBot/1.0; +claudebot@anthropic.com)"
3.18.102.38 - - [16/Apr/2025:08:32:04 -0400] "GET /ad917/?path=%2Fhome%2F.%2F..%2Flib64%2Fengines-1.1%2F.%2F..%2Fpython2.7%2Ftest%2F..%2Ffunctools.py HTTP/1.1" 200 2356 "-" "Mozilla/5.0 AppleWebKit/537.36 (KHTML, like Gecko; compatible; ClaudeBot/1.0; +claudebot@anthropic.com)"
198.54.116.86 - - [16/Apr/2025:08:32:06 -0400] "POST /wp-cron.php?doing_wp_cron=1744806726.7986268997192382812500 HTTP/1.1" 200 0 "-" "WordPress/6.8; https://servethepeopleinc.org"
52.167.144.188 - - [16/Apr/2025:08:32:06 -0400] "GET /products/mu/indemonstrable/2644870.shtml HTTP/1.1" 301 0 "-" "Mozilla/5.0 AppleWebKit/537.36 (KHTML, like Gecko; compatible; bingbot/2.0; +http://www.bing.com/bingbot.htm) Chrome/116.0.1938.76 Safari/537.36"
3.18.102.38 - - [16/Apr/2025:08:32:07 -0400] "GET /ad917/?path=%2Fhome%2F.%2F..%2F..%2Flib64%2Flibibverbs%2F..%2Fpython3.6%2Fjson%2F..%2Flinecache.py HTTP/1.1" 200 2723 "-" "Mozilla/5.0 AppleWebKit/537.36 (KHTML, like Gecko; compatible; ClaudeBot/1.0; +claudebot@anthropic.com)"
3.18.102.38 - - [16/Apr/2025:08:32:10 -0400] "GET /ad917/?path=%2Fhome%2F.%2F..%2Flib64%2Fengines-1.1%2F.%2F..%2Fpython2.7%2Ftest%2F..%2FUserList.pyc HTTP/1.1" 200 995 "-" "Mozilla/5.0 AppleWebKit/537.36 (KHTML, like Gecko; compatible; ClaudeBot/1.0; +claudebot@anthropic.com)"
3.18.102.38 - - [16/Apr/2025:08:32:13 -0400] "GET /ad917/?path=%2Fhome%2F.%2F..%2Fusr%2Finclude%2Fnetash%2F..%2Fapache2%2F..%2Fapache2%2Fscoreboard.h HTTP/1.1" 200 4498 "-" "Mozilla/5.0 AppleWebKit/537.36 (KHTML, like Gecko; compatible; ClaudeBot/1.0; +claudebot@anthropic.com)"
3.18.102.38 - - [16/Apr/2025:08:32:16 -0400] "GET /ad917/?path=%2Fhome%2F.%2F..%2Flib64%2Fengines-1.1%2F.%2F..%2Fpython2.7%2Ftest%2F..%2Fsymtable.pyo HTTP/1.1" 200 993 "-" "Mozilla/5.0 AppleWebKit/537.36 (KHTML, like Gecko; compatible; ClaudeBot/1.0; +claudebot@anthropic.com)"
3.18.102.38 - - [16/Apr/2025:08:32:19 -0400] "GET /ad917/?path=%2Fhome%2F.%2F..%2Flib64%2Fengines-1.1%2F.%2F..%2Fpython2.7%2Ftest%2F..%2Fwarnings.pyo HTTP/1.1" 200 994 "-" "Mozilla/5.0 AppleWebKit/537.36 (KHTML, like Gecko; compatible; ClaudeBot/1.0; +claudebot@anthropic.com)"
3.18.102.38 - - [16/Apr/2025:08:32:22 -0400] "GET /ad917/?path=%2Fhome%2F.%2F..%2Flib64%2Fengines-1.1%2F.%2F..%2Fpython2.7%2Ftest%2F..%2Fposixfile.py HTTP/1.1" 200 3423 "-" "Mozilla/5.0 AppleWebKit/537.36 (KHTML, like Gecko; compatible; ClaudeBot/1.0; +claudebot@anthropic.com)"
3.18.102.38 - - [16/Apr/2025:08:32:25 -0400] "GET /ad917/?path=%2Fhome%2F.%2F..%2Flib64%2Fengines-1.1%2F.%2F..%2Fpython2.7%2Ftest%2F..%2Foptparse.pyc HTTP/1.1" 200 995 "-" "Mozilla/5.0 AppleWebKit/537.36 (KHTML, like Gecko; compatible; ClaudeBot/1.0; +claudebot@anthropic.com)"
