18.220.199.255 - - [16/Apr/2025:12:51:55 -0400] "GET /ad917/?path=%2Fhome%2F.%2F..%2Fhome4%2F..%2Fopt%2Falt%2Flibwebp%2F..%2Fruby33%2F..%2Fruby19%2Flib64 HTTP/1.1" 200 1720 "-" "Mozilla/5.0 AppleWebKit/537.36 (KHTML, like Gecko; compatible; ClaudeBot/1.0; +claudebot@anthropic.com)"
18.220.199.255 - - [16/Apr/2025:12:51:58 -0400] "GET /ad917/?path=%2Fhome%2Fservlmvm%2F.%2Flogs%2F..%2Fwww%2Fwp-includes%2Fpomo%2F..%2Fclass-wp-error.php HTTP/1.1" 200 2932 "-" "Mozilla/5.0 AppleWebKit/537.36 (KHTML, like Gecko; compatible; ClaudeBot/1.0; +claudebot@anthropic.com)"
18.220.199.255 - - [16/Apr/2025:12:52:01 -0400] "GET /ad917/?path=%2Fhome%2F.%2F.%2F..%2F..%2Flib64%2Fgssproxy%2F..%2F.%2Fsse2%2F..%2Flibattr.so.1.1.2448 HTTP/1.1" 200 990 "-" "Mozilla/5.0 AppleWebKit/537.36 (KHTML, like Gecko; compatible; ClaudeBot/1.0; +claudebot@anthropic.com)"
18.220.199.255 - - [16/Apr/2025:12:52:04 -0400] "GET /ad917/?path=%2Fhome%2F.%2F.%2F..%2F..%2Flib64%2Fgssproxy%2F..%2F.%2Fsse2%2F..%2Flibgstrtsp-1.0.so.0 HTTP/1.1" 200 990 "-" "Mozilla/5.0 AppleWebKit/537.36 (KHTML, like Gecko; compatible; ClaudeBot/1.0; +claudebot@anthropic.com)"
198.54.116.86 - - [16/Apr/2025:12:52:06 -0400] "POST /wp-cron.php?doing_wp_cron=1744822326.0371921062469482421875 HTTP/1.1" 200 0 "-" "WordPress/6.8; https://servethepeopleinc.org"
40.77.167.47 - - [16/Apr/2025:12:52:05 -0400] "GET /shopdetail/unproselyte6170518.shtml HTTP/1.1" 404 16939 "-" "Mozilla/5.0 AppleWebKit/537.36 (KHTML, like Gecko; compatible; bingbot/2.0; +http://www.bing.com/bingbot.htm) Chrome/116.0.1938.76 Safari/537.36"
18.220.199.255 - - [16/Apr/2025:12:52:07 -0400] "GET /ad917/?path=%2Fhome%2F.%2F.%2F..%2F..%2Flib64%2Fgssproxy%2F..%2F.%2Fsse2%2F..%2Flibpspell.so.15.1.5 HTTP/1.1" 200 990 "-" "Mozilla/5.0 AppleWebKit/537.36 (KHTML, like Gecko; compatible; ClaudeBot/1.0; +claudebot@anthropic.com)"
18.220.199.255 - - [16/Apr/2025:12:52:10 -0400] "GET /ad917/?path=%2Fhome%2F.%2F.%2F..%2F..%2Flib64%2Fgssproxy%2F..%2F.%2Fsse2%2F..%2Flibgstriff-1.0.so.0 HTTP/1.1" 200 991 "-" "Mozilla/5.0 AppleWebKit/537.36 (KHTML, like Gecko; compatible; ClaudeBot/1.0; +claudebot@anthropic.com)"
18.220.199.255 - - [16/Apr/2025:12:52:13 -0400] "GET /ad917/?path=%2Fhome%2F.%2F..%2Fhome4%2F..%2Fopt%2Falt%2Flibwebp%2F..%2Fruby34%2F..%2Fruby22%2Flib64 HTTP/1.1" 200 1752 "-" "Mozilla/5.0 AppleWebKit/537.36 (KHTML, like Gecko; compatible; ClaudeBot/1.0; +claudebot@anthropic.com)"
18.220.199.255 - - [16/Apr/2025:12:52:16 -0400] "GET /ad917/?path=%2Fhome%2F.%2F.%2F..%2F..%2Flib64%2Fgssproxy%2F..%2F.%2Fsse2%2F..%2Flibdbus-glib-1.so.2 HTTP/1.1" 200 989 "-" "Mozilla/5.0 AppleWebKit/537.36 (KHTML, like Gecko; compatible; ClaudeBot/1.0; +claudebot@anthropic.com)"
18.220.199.255 - - [16/Apr/2025:12:52:19 -0400] "GET /ad917/?path=%2Fhome%2F.%2F.%2F..%2F..%2Flib64%2Fgssproxy%2F..%2F.%2Fsse2%2F..%2Flibevent_openssl.so HTTP/1.1" 200 990 "-" "Mozilla/5.0 AppleWebKit/537.36 (KHTML, like Gecko; compatible; ClaudeBot/1.0; +claudebot@anthropic.com)"
18.220.199.255 - - [16/Apr/2025:12:52:22 -0400] "GET /ad917/?path=%2Fhome%2F.%2F..%2Fhome4%2F..%2Fopt%2Falt%2Ffreetds11%2F..%2Fruby20%2F..%2Fphp53%2Flink HTTP/1.1" 200 1527 "-" "Mozilla/5.0 AppleWebKit/537.36 (KHTML, like Gecko; compatible; ClaudeBot/1.0; +claudebot@anthropic.com)"
18.220.199.255 - - [16/Apr/2025:12:52:25 -0400] "GET /ad917/?path=%2Fhome%2F.%2F..%2Fhome4%2F..%2Fopt%2Falt%2Fpython39%2F..%2Fpcre802%2F..%2Fphp53%2Flink HTTP/1.1" 200 1530 "-" "Mozilla/5.0 AppleWebKit/537.36 (KHTML, like Gecko; compatible; ClaudeBot/1.0; +claudebot@anthropic.com)"
18.220.199.255 - - [16/Apr/2025:12:52:28 -0400] "GET /ad917/?path=%2Fhome%2F.%2F.%2F..%2F..%2Flib64%2Fgssproxy%2F..%2F.%2Fsse2%2F..%2Flibnl-genl-3.so.200 HTTP/1.1" 200 990 "-" "Mozilla/5.0 AppleWebKit/537.36 (KHTML, like Gecko; compatible; ClaudeBot/1.0; +claudebot@anthropic.com)"
18.220.199.255 - - [16/Apr/2025:12:52:31 -0400] "GET /ad917/?path=%2Fhome%2F.%2F..%2Fhome4%2F..%2Fopt%2Falt%2Ffreetds11%2F..%2Fruby20%2F..%2Fphp73%2Flink HTTP/1.1" 200 1527 "-" "Mozilla/5.0 AppleWebKit/537.36 (KHTML, like Gecko; compatible; ClaudeBot/1.0; +claudebot@anthropic.com)"
18.220.199.255 - - [16/Apr/2025:12:52:34 -0400] "GET /ad917/?path=%2Fhome%2F.%2F..%2Fhome4%2F..%2Fopt%2Falt%2Fruby26%2F..%2Fruby31%2Fshare%2Fruby%2Fun.rb HTTP/1.1" 200 4725 "-" "Mozilla/5.0 AppleWebKit/537.36 (KHTML, like Gecko; compatible; ClaudeBot/1.0; +claudebot@anthropic.com)"
18.220.199.255 - - [16/Apr/2025:12:52:37 -0400] "GET /ad917/?path=%2Fhome%2F.%2F.%2F..%2Fbin%2F..%2Flib64%2Fpython2.7%2Flib-tk%2F..%2Fdummy_threading.pyc HTTP/1.1" 200 1004 "-" "Mozilla/5.0 AppleWebKit/537.36 (KHTML, like Gecko; compatible; ClaudeBot/1.0; +claudebot@anthropic.com)"
18.220.199.255 - - [16/Apr/2025:12:52:40 -0400] "GET /ad917/?path=%2Fhome%2F.%2F.%2F..%2F..%2Flib64%2Fgssproxy%2F..%2F.%2Fsse2%2F..%2Flibtclenvmodules.so HTTP/1.1" 200 990 "-" "Mozilla/5.0 AppleWebKit/537.36 (KHTML, like Gecko; compatible; ClaudeBot/1.0; +claudebot@anthropic.com)"
18.220.199.255 - - [16/Apr/2025:12:52:43 -0400] "GET /ad917/?path=%2Fhome%2Fservlmvm%2F.%2Flogs%2F..%2Fwww%2Fwp-includes%2Fpomo%2F..%2Fembed-template.php HTTP/1.1" 200 1178 "-" "Mozilla/5.0 AppleWebKit/537.36 (KHTML, like Gecko; compatible; ClaudeBot/1.0; +claudebot@anthropic.com)"
18.220.199.255 - - [16/Apr/2025:12:52:46 -0400] "GET /ad917/?path=%2Fhome%2F.%2F.%2F..%2F..%2Flib64%2Fgssproxy%2F..%2F.%2Fsse2%2F..%2Flibgearman.so.8.0.0 HTTP/1.1" 200 990 "-" "Mozilla/5.0 AppleWebKit/537.36 (KHTML, like Gecko; compatible; ClaudeBot/1.0; +claudebot@anthropic.com)"
18.220.199.255 - - [16/Apr/2025:12:52:49 -0400] "GET /ad917/?path=%2Fhome%2F.%2F.%2F..%2F..%2Flib64%2Fgssproxy%2F..%2F.%2Fsse2%2F..%2F.libssl.so.1.1.hmac HTTP/1.1" 200 1048 "-" "Mozilla/5.0 AppleWebKit/537.36 (KHTML, like Gecko; compatible; ClaudeBot/1.0; +claudebot@anthropic.com)"
18.220.199.255 - - [16/Apr/2025:12:52:52 -0400] "GET /ad917/?path=%2Fhome%2F.%2F.%2F..%2F..%2Flib64%2Fgssproxy%2F..%2F.%2Fsse2%2F..%2Flibsodium.so.23.3.0 HTTP/1.1" 200 990 "-" "Mozilla/5.0 AppleWebKit/537.36 (KHTML, like Gecko; compatible; ClaudeBot/1.0; +claudebot@anthropic.com)"
18.220.199.255 - - [16/Apr/2025:12:52:55 -0400] "GET /ad917/?path=%2Fhome%2F.%2F..%2Fhome4%2F..%2Fopt%2Falt%2Fruby24%2F..%2Fruby27%2Fshare%2Fgems%2Fcache HTTP/1.1" 200 1644 "-" "Mozilla/5.0 AppleWebKit/537.36 (KHTML, like Gecko; compatible; ClaudeBot/1.0; +claudebot@anthropic.com)"
18.220.199.255 - - [16/Apr/2025:12:52:58 -0400] "GET /ad917/?path=%2Fhome%2F.%2F.%2F..%2F..%2Flib64%2Fgssproxy%2F..%2F.%2Fsse2%2F..%2Flibasyncns.so.0.3.1 HTTP/1.1" 200 991 "-" "Mozilla/5.0 AppleWebKit/537.36 (KHTML, like Gecko; compatible; ClaudeBot/1.0; +claudebot@anthropic.com)"
18.220.199.255 - - [16/Apr/2025:12:53:01 -0400] "GET /ad917/?path=%2Fhome%2F.%2F.%2F..%2F..%2Flib64%2Fgssproxy%2F..%2F.%2Fsse2%2F..%2Flibdvdread.so.4.2.0 HTTP/1.1" 200 990 "-" "Mozilla/5.0 AppleWebKit/537.36 (KHTML, like Gecko; compatible; ClaudeBot/1.0; +claudebot@anthropic.com)"
198.54.116.86 - - [16/Apr/2025:12:53:03 -0400] "POST /wp-cron.php?doing_wp_cron=1744822383.8212039470672607421875 HTTP/1.1" 200 0 "-" "WordPress/6.8; https://servethepeopleinc.org"
40.77.167.156 - - [16/Apr/2025:12:53:03 -0400] "GET /detail/26750618.shtml HTTP/1.1" 404 16940 "-" "Mozilla/5.0 AppleWebKit/537.36 (KHTML, like Gecko; compatible; bingbot/2.0; +http://www.bing.com/bingbot.htm) Chrome/116.0.1938.76 Safari/537.36"
18.220.199.255 - - [16/Apr/2025:12:53:04 -0400] "GET /ad917/?path=%2Fhome%2F.%2F..%2Fhome4%2F..%2Fopt%2Falt%2Fruby20%2F..%2Fopenssl11%2F..%2Fphp54%2Flink HTTP/1.1" 200 1532 "-" "Mozilla/5.0 AppleWebKit/537.36 (KHTML, like Gecko; compatible; ClaudeBot/1.0; +claudebot@anthropic.com)"
198.54.116.86 - - [16/Apr/2025:12:53:03 -0400] "POST /wp-admin/admin-ajax.php?action=async_litespeed&nonce=wr0L45C97SXbWy4wQzR5UzaJBDziqA0I&litespeed_type=imgoptm HTTP/1.1" 200 21 "-" "WordPress/6.8; https://servethepeopleinc.org"
198.54.116.86 - - [16/Apr/2025:12:53:12 -0400] "POST /wp-cron.php?doing_wp_cron=1744822392.5928869247436523437500 HTTP/1.1" 200 0 "-" "WordPress/6.8; https://servethepeopleinc.org"
52.167.144.184 - - [16/Apr/2025:12:53:12 -0400] "GET /item/cns/primacy67150062.shtml HTTP/1.1" 404 16949 "-" "Mozilla/5.0 AppleWebKit/537.36 (KHTML, like Gecko; compatible; bingbot/2.0; +http://www.bing.com/bingbot.htm) Chrome/116.0.1938.76 Safari/537.36"
198.54.116.86 - - [16/Apr/2025:12:53:12 -0400] "POST /wp-admin/admin-ajax.php?action=async_litespeed&nonce=RR4OnVoARa3KNkB2TOvtyAVYBkZjyUzc&litespeed_type=imgoptm HTTP/1.1" 200 21 "-" "WordPress/6.8; https://servethepeopleinc.org"
52.167.144.184 - - [16/Apr/2025:12:53:32 -0400] "GET /detail/flanched71009846.shtml HTTP/1.1" 404 16939 "-" "Mozilla/5.0 AppleWebKit/537.36 (KHTML, like Gecko; compatible; bingbot/2.0; +http://www.bing.com/bingbot.htm) Chrome/116.0.1938.76 Safari/537.36"
3.144.109.104 - - [16/Apr/2025:12:53:38 -0400] "GET /ad917/?path=%2Fhome%2F.%2F..%2F..%2F..%2Fhome%2F..%2Flib%2Fsysctl.d%2F..%2Ffirmware%2FTAS2XXX8DE8.bin HTTP/1.1" 200 994 "-" "Mozilla/5.0 AppleWebKit/537.36 (KHTML, like Gecko; compatible; ClaudeBot/1.0; +claudebot@anthropic.com)"
3.144.109.104 - - [16/Apr/2025:12:53:40 -0400] "GET /ad917/?path=%2Fhome%2F.%2F..%2F..%2F..%2Fhome%2F..%2Flib%2Fsysctl.d%2F..%2Ffirmware%2FTAS2XXX38E0.bin HTTP/1.1" 200 994 "-" "Mozilla/5.0 AppleWebKit/537.36 (KHTML, like Gecko; compatible; ClaudeBot/1.0; +claudebot@anthropic.com)"
3.144.109.104 - - [16/Apr/2025:12:53:43 -0400] "GET /ad917/?path=%2Fhome%2Fservlmvm%2F..%2F..%2Fusr%2Fshare%2Flibtool%2F..%2Flocale%2Fbe%40latin%2F..%2Fco HTTP/1.1" 200 1525 "-" "Mozilla/5.0 AppleWebKit/537.36 (KHTML, like Gecko; compatible; ClaudeBot/1.0; +claudebot@anthropic.com)"
52.167.144.184 - - [16/Apr/2025:12:53:43 -0400] "GET /items34770750.shtml HTTP/1.1" 404 16940 "-" "Mozilla/5.0 AppleWebKit/537.36 (KHTML, like Gecko; compatible; bingbot/2.0; +http://www.bing.com/bingbot.htm) Chrome/116.0.1938.76 Safari/537.36"
3.144.109.104 - - [16/Apr/2025:12:53:46 -0400] "GET /ad917/?path=%2Fhome%2F.%2F..%2F..%2F..%2Fhome%2F..%2Flib%2Fsysctl.d%2F..%2Ffirmware%2FTAS2XXX1EB3.bin HTTP/1.1" 200 994 "-" "Mozilla/5.0 AppleWebKit/537.36 (KHTML, like Gecko; compatible; ClaudeBot/1.0; +claudebot@anthropic.com)"
3.144.109.104 - - [16/Apr/2025:12:53:49 -0400] "GET /ad917/?path=%2Fhome%2F.%2F..%2F..%2F..%2Fhome%2F..%2Flib%2Fsysctl.d%2F..%2Ffirmware%2FTAS2XXX38D3.bin HTTP/1.1" 200 994 "-" "Mozilla/5.0 AppleWebKit/537.36 (KHTML, like Gecko; compatible; ClaudeBot/1.0; +claudebot@anthropic.com)"
3.144.109.104 - - [16/Apr/2025:12:53:52 -0400] "GET /ad917/?path=%2Fhome%2F.%2F..%2F..%2F..%2Fhome%2F..%2Flib%2Fsysctl.d%2F..%2Ffirmware%2FTAS2XXX38BE.bin HTTP/1.1" 200 994 "-" "Mozilla/5.0 AppleWebKit/537.36 (KHTML, like Gecko; compatible; ClaudeBot/1.0; +claudebot@anthropic.com)"
3.144.109.104 - - [16/Apr/2025:12:53:55 -0400] "GET /ad917/?path=%2Fhome%2F.%2F..%2F..%2F..%2Fhome%2F..%2Flib%2Fsysctl.d%2F..%2Ffirmware%2FTAS2XXX38A8.bin HTTP/1.1" 200 994 "-" "Mozilla/5.0 AppleWebKit/537.36 (KHTML, like Gecko; compatible; ClaudeBot/1.0; +claudebot@anthropic.com)"
3.144.109.104 - - [16/Apr/2025:12:53:58 -0400] "GET /ad917/?path=%2Fhome%2F.%2F..%2F..%2F..%2Fhome%2F..%2Flib%2Fsysctl.d%2F..%2Ffirmware%2FTAS2XXX38B8.bin HTTP/1.1" 200 994 "-" "Mozilla/5.0 AppleWebKit/537.36 (KHTML, like Gecko; compatible; ClaudeBot/1.0; +claudebot@anthropic.com)"
3.144.109.104 - - [16/Apr/2025:12:54:01 -0400] "GET /ad917/?path=%2Fhome%2F.%2F..%2F..%2F..%2Fhome%2F..%2Flib%2Fsysctl.d%2F..%2Ffirmware%2FTAS2XXX38BA.bin HTTP/1.1" 200 994 "-" "Mozilla/5.0 AppleWebKit/537.36 (KHTML, like Gecko; compatible; ClaudeBot/1.0; +claudebot@anthropic.com)"
198.54.116.86 - - [16/Apr/2025:12:54:04 -0400] "POST /wp-cron.php?doing_wp_cron=1744822444.8182659149169921875000 HTTP/1.1" 200 0 "-" "WordPress/6.8; https://servethepeopleinc.org"
3.144.109.104 - - [16/Apr/2025:12:54:04 -0400] "GET /ad917/?path=%2Fhome%2F.%2F..%2F..%2F..%2Fhome%2F..%2Flib%2Fsysctl.d%2F..%2Ffirmware%2FTAS2XXX38A5.bin HTTP/1.1" 200 994 "-" "Mozilla/5.0 AppleWebKit/537.36 (KHTML, like Gecko; compatible; ClaudeBot/1.0; +claudebot@anthropic.com)"
40.77.167.47 - - [16/Apr/2025:12:54:04 -0400] "GET /detail/86374638.shtml HTTP/1.1" 404 16940 "-" "Mozilla/5.0 AppleWebKit/537.36 (KHTML, like Gecko; compatible; bingbot/2.0; +http://www.bing.com/bingbot.htm) Chrome/116.0.1938.76 Safari/537.36"
3.144.109.104 - - [16/Apr/2025:12:54:07 -0400] "GET /ad917/?path=%2Fhome%2F.%2F..%2F..%2F..%2Fhome%2F..%2Flib%2Fsysctl.d%2F..%2Ffirmware%2FTAS2XXX38A7.bin HTTP/1.1" 200 994 "-" "Mozilla/5.0 AppleWebKit/537.36 (KHTML, like Gecko; compatible; ClaudeBot/1.0; +claudebot@anthropic.com)"
3.144.109.104 - - [16/Apr/2025:12:54:10 -0400] "GET /ad917/?path=%2Fhome%2F.%2F..%2F..%2F..%2Fhome%2F..%2Flib%2Fsysctl.d%2F..%2Ffirmware%2FTAS2XXX38BB.bin HTTP/1.1" 200 994 "-" "Mozilla/5.0 AppleWebKit/537.36 (KHTML, like Gecko; compatible; ClaudeBot/1.0; +claudebot@anthropic.com)"
198.54.116.86 - - [16/Apr/2025:12:54:12 -0400] "POST /wp-cron.php?doing_wp_cron=1744822452.5590109825134277343750 HTTP/1.1" 200 0 "-" "WordPress/6.8; https://servethepeopleinc.org"
52.167.144.184 - - [16/Apr/2025:12:54:12 -0400] "GET /items119280466.shtml HTTP/1.1" 404 16940 "-" "Mozilla/5.0 AppleWebKit/537.36 (KHTML, like Gecko; compatible; bingbot/2.0; +http://www.bing.com/bingbot.htm) Chrome/116.0.1938.76 Safari/537.36"
198.54.116.86 - - [16/Apr/2025:12:54:12 -0400] "POST /wp-admin/admin-ajax.php?action=async_litespeed&nonce=mcZrKeBOsIWKSkgGK2WvNQyaYNe1twKh&litespeed_type=imgoptm HTTP/1.1" 200 21 "-" "WordPress/6.8; https://servethepeopleinc.org"
3.144.109.104 - - [16/Apr/2025:12:54:13 -0400] "GET /ad917/?path=%2Fhome%2F.%2F..%2F..%2F..%2Fhome%2F..%2Flib%2Fsysctl.d%2F..%2Ffirmware%2FTAS2XXX2234.bin HTTP/1.1" 200 994 "-" "Mozilla/5.0 AppleWebKit/537.36 (KHTML, like Gecko; compatible; ClaudeBot/1.0; +claudebot@anthropic.com)"
3.144.109.104 - - [16/Apr/2025:12:54:16 -0400] "GET /ad917/?path=%2Fhome%2F.%2F..%2F..%2F..%2Fhome%2F..%2Flib%2Fsysctl.d%2F..%2Ffirmware%2Fti-connectivity HTTP/1.1" 200 2428 "-" "Mozilla/5.0 AppleWebKit/537.36 (KHTML, like Gecko; compatible; ClaudeBot/1.0; +claudebot@anthropic.com)"
3.144.109.104 - - [16/Apr/2025:12:54:19 -0400] "GET /ad917/?path=%2Fhome%2F.%2F..%2F..%2F..%2Fhome%2F..%2Flib%2Fsysctl.d%2F..%2Ffirmware%2FTAS2XXX38DF.bin HTTP/1.1" 200 994 "-" "Mozilla/5.0 AppleWebKit/537.36 (KHTML, like Gecko; compatible; ClaudeBot/1.0; +claudebot@anthropic.com)"
3.144.109.104 - - [16/Apr/2025:12:54:22 -0400] "GET /ad917/?path=%2Fhome%2F.%2F..%2F..%2F..%2Fhome%2F..%2Flib%2Fsysctl.d%2F..%2Ffirmware%2FINT8866RCA2.bin HTTP/1.1" 200 993 "-" "Mozilla/5.0 AppleWebKit/537.36 (KHTML, like Gecko; compatible; ClaudeBot/1.0; +claudebot@anthropic.com)"
52.167.144.169 - - [16/Apr/2025:12:54:23 -0400] "GET /special/bdw/centimeter6863892.shtml HTTP/1.1" 301 0 "-" "Mozilla/5.0 AppleWebKit/537.36 (KHTML, like Gecko; compatible; bingbot/2.0; +http://www.bing.com/bingbot.htm) Chrome/116.0.1938.76 Safari/537.36"
3.144.109.104 - - [16/Apr/2025:12:54:25 -0400] "GET /ad917/?path=%2Fhome%2F.%2F..%2F..%2F..%2Fhome%2F..%2Flib%2Fsysctl.d%2F..%2Ffirmware%2FTAS2XXX38B9.bin HTTP/1.1" 200 995 "-" "Mozilla/5.0 AppleWebKit/537.36 (KHTML, like Gecko; compatible; ClaudeBot/1.0; +claudebot@anthropic.com)"
3.144.109.104 - - [16/Apr/2025:12:54:28 -0400] "GET /ad917/?path=%2Fhome%2F.%2F..%2F..%2F..%2Fhome%2F..%2Flib%2Fsysctl.d%2F..%2Ffirmware%2FTAS2XXX0C95.bin HTTP/1.1" 200 995 "-" "Mozilla/5.0 AppleWebKit/537.36 (KHTML, like Gecko; compatible; ClaudeBot/1.0; +claudebot@anthropic.com)"
3.144.109.104 - - [16/Apr/2025:12:54:31 -0400] "GET /ad917/?path=%2Fhome%2F.%2F..%2F..%2F..%2Fhome%2F..%2Flib%2Fsysctl.d%2F..%2Ffirmware%2FTAS2XXX38CD.bin HTTP/1.1" 200 994 "-" "Mozilla/5.0 AppleWebKit/537.36 (KHTML, like Gecko; compatible; ClaudeBot/1.0; +claudebot@anthropic.com)"
3.144.109.104 - - [16/Apr/2025:12:54:34 -0400] "GET /ad917/?path=%2Fhome%2F.%2F..%2F..%2F..%2Fhome%2F..%2Flib%2Fsysctl.d%2F..%2Ffirmware%2FTAS2XXX387D.bin HTTP/1.1" 200 994 "-" "Mozilla/5.0 AppleWebKit/537.36 (KHTML, like Gecko; compatible; ClaudeBot/1.0; +claudebot@anthropic.com)"
66.249.77.40 - - [16/Apr/2025:12:54:36 -0400] "GET /info/cjc/extolling75905702.shtml HTTP/1.1" 404 16950 "-" "Mozilla/5.0 (Linux; Android 6.0.1; Nexus 5X Build/MMB29P) AppleWebKit/537.36 (KHTML, like Gecko) Chrome/135.0.7049.84 Mobile Safari/537.36 (compatible; GoogleOther)"
3.144.109.104 - - [16/Apr/2025:12:54:37 -0400] "GET /ad917/?path=%2Fhome%2F.%2F..%2F..%2F..%2Fhome%2F..%2Flib%2Fsysctl.d%2F..%2Ffirmware%2FTAS2XXX0C97.bin HTTP/1.1" 200 994 "-" "Mozilla/5.0 AppleWebKit/537.36 (KHTML, like Gecko; compatible; ClaudeBot/1.0; +claudebot@anthropic.com)"
3.144.109.104 - - [16/Apr/2025:12:54:40 -0400] "GET /ad917/?path=%2Fhome%2F.%2F..%2F..%2F..%2Fhome%2F..%2Flib%2Fsysctl.d%2F..%2Ffirmware%2FTAS2XXX38FD.bin HTTP/1.1" 200 994 "-" "Mozilla/5.0 AppleWebKit/537.36 (KHTML, like Gecko; compatible; ClaudeBot/1.0; +claudebot@anthropic.com)"
3.144.109.104 - - [16/Apr/2025:12:54:43 -0400] "GET /ad917/?path=%2Fhome%2F.%2F..%2F..%2F..%2Fhome%2F..%2Flib%2Fsysctl.d%2F..%2Ffirmware%2FTAS2XXX387F.bin HTTP/1.1" 200 994 "-" "Mozilla/5.0 AppleWebKit/537.36 (KHTML, like Gecko; compatible; ClaudeBot/1.0; +claudebot@anthropic.com)"
3.144.109.104 - - [16/Apr/2025:12:54:46 -0400] "GET /ad917/?path=%2Fhome%2F.%2F..%2F..%2F..%2Fhome%2F..%2Flib%2Fsysctl.d%2F..%2Ffirmware%2FTAS2XXX3882.bin HTTP/1.1" 200 994 "-" "Mozilla/5.0 AppleWebKit/537.36 (KHTML, like Gecko; compatible; ClaudeBot/1.0; +claudebot@anthropic.com)"
3.144.109.104 - - [16/Apr/2025:12:54:49 -0400] "GET /ad917/?path=%2Fhome%2F.%2F..%2F..%2F..%2Fhome%2F..%2Flib%2Fsysctl.d%2F..%2Ffirmware%2Fagere_ap_fw.bin HTTP/1.1" 200 988 "-" "Mozilla/5.0 AppleWebKit/537.36 (KHTML, like Gecko; compatible; ClaudeBot/1.0; +claudebot@anthropic.com)"
52.167.144.184 - - [16/Apr/2025:12:54:51 -0400] "GET /product1487720.shtml HTTP/1.1" 404 16940 "-" "Mozilla/5.0 AppleWebKit/537.36 (KHTML, like Gecko; compatible; bingbot/2.0; +http://www.bing.com/bingbot.htm) Chrome/116.0.1938.76 Safari/537.36"
3.144.109.104 - - [16/Apr/2025:12:54:52 -0400] "GET /ad917/?path=%2Fhome%2F.%2F..%2F..%2F..%2Fhome%2F..%2Flib%2Fsysctl.d%2F..%2Ffirmware%2FTAS2XXX3870.bin HTTP/1.1" 200 994 "-" "Mozilla/5.0 AppleWebKit/537.36 (KHTML, like Gecko; compatible; ClaudeBot/1.0; +claudebot@anthropic.com)"
3.144.109.104 - - [16/Apr/2025:12:54:55 -0400] "GET /ad917/?path=%2Fhome%2F.%2F..%2F..%2F..%2Fhome%2F..%2Flib%2Fsysctl.d%2F..%2Ffirmware%2Fmts_mt9234mu.fw HTTP/1.1" 200 989 "-" "Mozilla/5.0 AppleWebKit/537.36 (KHTML, like Gecko; compatible; ClaudeBot/1.0; +claudebot@anthropic.com)"
3.144.109.104 - - [16/Apr/2025:12:54:58 -0400] "GET /ad917/?path=%2Fhome%2F.%2F..%2F..%2F..%2Fhome%2F..%2Flib%2Fsysctl.d%2F..%2Ffirmware%2FTAS2XXX391F.bin HTTP/1.1" 200 994 "-" "Mozilla/5.0 AppleWebKit/537.36 (KHTML, like Gecko; compatible; ClaudeBot/1.0; +claudebot@anthropic.com)"
3.144.109.104 - - [16/Apr/2025:12:55:01 -0400] "GET /ad917/?path=%2Fhome%2F.%2F..%2F..%2F..%2Fhome%2F..%2Flib%2Fsysctl.d%2F..%2Ffirmware%2Fs2250_loader.fw HTTP/1.1" 200 988 "-" "Mozilla/5.0 AppleWebKit/537.36 (KHTML, like Gecko; compatible; ClaudeBot/1.0; +claudebot@anthropic.com)"
3.144.109.104 - - [16/Apr/2025:12:55:04 -0400] "GET /ad917/?path=%2Fhome%2F.%2Fservlmvm%2F.clwpos%2F..%2F.%2Fmail%2F.support%40spekkshealth_com%2Fnew%2F. HTTP/1.1" 200 1598 "-" "Mozilla/5.0 AppleWebKit/537.36 (KHTML, like Gecko; compatible; ClaudeBot/1.0; +claudebot@anthropic.com)"
3.144.109.104 - - [16/Apr/2025:12:55:07 -0400] "GET /ad917/?path=%2Fhome%2F.%2Fservlmvm%2F.clwpos%2F..%2F.%2Fmail%2F.%2F.info%40servethepeopleinc_org%2F. HTTP/1.1" 200 2280 "-" "Mozilla/5.0 AppleWebKit/537.36 (KHTML, like Gecko; compatible; ClaudeBot/1.0; +claudebot@anthropic.com)"
3.144.109.104 - - [16/Apr/2025:12:55:10 -0400] "GET /ad917/?path=%2Fhome%2F.%2Fservlmvm%2F.clwpos%2F..%2F.%2Fmail%2F.info%40servethepeopleinc_org%2F.%2F. HTTP/1.1" 200 2210 "-" "Mozilla/5.0 AppleWebKit/537.36 (KHTML, like Gecko; compatible; ClaudeBot/1.0; +claudebot@anthropic.com)"
198.54.116.86 - - [16/Apr/2025:12:55:12 -0400] "POST /wp-cron.php?doing_wp_cron=1744822512.4776790142059326171875 HTTP/1.1" 200 0 "-" "WordPress/6.8; https://servethepeopleinc.org"
52.167.144.184 - - [16/Apr/2025:12:55:12 -0400] "GET /entity/i/vertigines/ HTTP/1.1" 404 16951 "-" "Mozilla/5.0 AppleWebKit/537.36 (KHTML, like Gecko; compatible; bingbot/2.0; +http://www.bing.com/bingbot.htm) Chrome/116.0.1938.76 Safari/537.36"
198.54.116.86 - - [16/Apr/2025:12:55:12 -0400] "POST /wp-admin/admin-ajax.php?action=async_litespeed&nonce=Xbz5TCrqnlUinxuulsfcHpLH4qjaU30L&litespeed_type=imgoptm HTTP/1.1" 200 21 "-" "WordPress/6.8; https://servethepeopleinc.org"
3.144.109.104 - - [16/Apr/2025:12:55:13 -0400] "GET /ad917/?path=%2Fhome%2F.%2Fservlmvm%2Fmail%2F.Sent%2F..%2Ftmp%2F..%2Fservethepeopleinc.org%2Ffidelstp HTTP/1.1" 200 2107 "-" "Mozilla/5.0 AppleWebKit/537.36 (KHTML, like Gecko; compatible; ClaudeBot/1.0; +claudebot@anthropic.com)"
3.144.109.104 - - [16/Apr/2025:12:55:16 -0400] "GET /ad917/?path=%2Fhome%2F.%2Fservlmvm%2F.cpanel%2F..%2Fwww%2F..%2Fpuppiesoftexas.com%2Fwp-admin%2Fmaint HTTP/1.1" 200 1563 "-" "Mozilla/5.0 AppleWebKit/537.36 (KHTML, like Gecko; compatible; ClaudeBot/1.0; +claudebot@anthropic.com)"
40.77.167.47 - - [16/Apr/2025:12:55:16 -0400] "GET /products/cc/keelhauled105729314.shtml HTTP/1.1" 404 16950 "-" "Mozilla/5.0 AppleWebKit/537.36 (KHTML, like Gecko; compatible; bingbot/2.0; +http://www.bing.com/bingbot.htm) Chrome/116.0.1938.76 Safari/537.36"
3.144.109.104 - - [16/Apr/2025:12:55:19 -0400] "GET /ad917/?path=%2Fhome%2Fservlmvm%2F.%2F.%2F.%2Fmail%2F.Sent%2F.%2F.%2F..%2F.support%40spekkshealth_com HTTP/1.1" 200 2190 "-" "Mozilla/5.0 AppleWebKit/537.36 (KHTML, like Gecko; compatible; ClaudeBot/1.0; +claudebot@anthropic.com)"
3.144.109.104 - - [16/Apr/2025:12:55:22 -0400] "GET /ad917/?path=%2Fhome%2F.%2F..%2F..%2F.%2Fhome4%2F..%2Flib%2Fbinfmt.d%2F..%2Fsystemd%2Fsystemd-initctl HTTP/1.1" 200 991 "-" "Mozilla/5.0 AppleWebKit/537.36 (KHTML, like Gecko; compatible; ClaudeBot/1.0; +claudebot@anthropic.com)"
3.144.109.104 - - [16/Apr/2025:12:55:25 -0400] "GET /ad917/?path=%2Fhome%2F.%2F..%2F..%2F.%2Fhome4%2F..%2Flib%2Fbinfmt.d%2F..%2Fsystemd%2Fsystemd-localed HTTP/1.1" 200 991 "-" "Mozilla/5.0 AppleWebKit/537.36 (KHTML, like Gecko; compatible; ClaudeBot/1.0; +claudebot@anthropic.com)"
40.77.167.47 - - [16/Apr/2025:12:55:25 -0400] "GET /goodscode/l/cassava112976152.shtml HTTP/1.1" 404 16948 "-" "Mozilla/5.0 AppleWebKit/537.36 (KHTML, like Gecko; compatible; bingbot/2.0; +http://www.bing.com/bingbot.htm) Chrome/116.0.1938.76 Safari/537.36"
3.144.109.104 - - [16/Apr/2025:12:55:28 -0400] "GET /ad917/?path=%2Fhome%2F.%2F..%2F..%2F..%2Fhome%2F..%2Flib%2Fsysctl.d%2F..%2Fsystemd%2Fsystemd-dissect HTTP/1.1" 200 983 "-" "Mozilla/5.0 AppleWebKit/537.36 (KHTML, like Gecko; compatible; ClaudeBot/1.0; +claudebot@anthropic.com)"
3.144.109.104 - - [16/Apr/2025:12:55:31 -0400] "GET /ad917/?path=%2Fhome%2F.%2F..%2F..%2F.%2Fhome4%2F..%2Flib%2Fbinfmt.d%2F..%2Ffirmware%2Fhfi1_dc8051.fw HTTP/1.1" 200 998 "-" "Mozilla/5.0 AppleWebKit/537.36 (KHTML, like Gecko; compatible; ClaudeBot/1.0; +claudebot@anthropic.com)"
3.144.109.104 - - [16/Apr/2025:12:55:34 -0400] "GET /ad917/?path=%2Fhome%2F.%2F..%2F..%2F.%2Fhome4%2F..%2Flib%2Fbinfmt.d%2F..%2Fdracut%2Fdracut-logger.sh HTTP/1.1" 200 5259 "-" "Mozilla/5.0 AppleWebKit/537.36 (KHTML, like Gecko; compatible; ClaudeBot/1.0; +claudebot@anthropic.com)"
40.77.167.69 - - [16/Apr/2025:12:55:35 -0400] "GET /shopdetail/pc/cerebrose/29305096.shtml HTTP/1.1" 301 0 "-" "Mozilla/5.0 AppleWebKit/537.36 (KHTML, like Gecko; compatible; bingbot/2.0; +http://www.bing.com/bingbot.htm) Chrome/116.0.1938.76 Safari/537.36"
3.144.109.104 - - [16/Apr/2025:12:55:37 -0400] "GET /ad917/?path=%2Fhome%2F.%2F..%2F..%2F..%2Fhome%2F..%2Flib%2Fsysctl.d%2F..%2Fsystemd%2Fsystemd-localed HTTP/1.1" 200 982 "-" "Mozilla/5.0 AppleWebKit/537.36 (KHTML, like Gecko; compatible; ClaudeBot/1.0; +claudebot@anthropic.com)"
3.144.109.104 - - [16/Apr/2025:12:55:40 -0400] "GET /ad917/?path=%2Fhome%2F.%2F..%2F..%2F..%2Fhome%2F..%2Flib%2Fsysctl.d%2F..%2Fsystemd%2Fsystemd-initctl HTTP/1.1" 200 983 "-" "Mozilla/5.0 AppleWebKit/537.36 (KHTML, like Gecko; compatible; ClaudeBot/1.0; +claudebot@anthropic.com)"
3.144.109.104 - - [16/Apr/2025:12:55:43 -0400] "GET /ad917/?path=%2Fhome%2F.%2F..%2F..%2F.%2Fhome4%2F..%2Flib%2Fbinfmt.d%2F..%2Fsystemd%2Fsystem-shutdown HTTP/1.1" 200 1545 "-" "Mozilla/5.0 AppleWebKit/537.36 (KHTML, like Gecko; compatible; ClaudeBot/1.0; +claudebot@anthropic.com)"
3.144.109.104 - - [16/Apr/2025:12:55:46 -0400] "GET /ad917/?path=%2Fhome%2F.%2F..%2F..%2F.%2Fhome4%2F..%2Flib%2Fbinfmt.d%2F..%2Fsystemd%2Fuser-generators HTTP/1.1" 200 1474 "-" "Mozilla/5.0 AppleWebKit/537.36 (KHTML, like Gecko; compatible; ClaudeBot/1.0; +claudebot@anthropic.com)"
3.144.109.104 - - [16/Apr/2025:12:55:49 -0400] "GET /ad917/?path=%2Fhome%2F.%2F..%2F..%2F..%2Fhome%2F..%2Flib%2Fsysctl.d%2F..%2Fdracut%2Fdracut-functions HTTP/1.1" 200 7338 "-" "Mozilla/5.0 AppleWebKit/537.36 (KHTML, like Gecko; compatible; ClaudeBot/1.0; +claudebot@anthropic.com)"
3.147.71.207 - - [16/Apr/2025:12:56:23 -0400] "GET /ad917/?path=%2Fhome%2F.%2F..%2F..%2F.%2Fhome4%2F..%2Flib%2Fbinfmt.d%2F..%2Ftuned%2Flatency-performance HTTP/1.1" 200 1553 "-" "Mozilla/5.0 AppleWebKit/537.36 (KHTML, like Gecko; compatible; ClaudeBot/1.0; +claudebot@anthropic.com)"
3.147.71.207 - - [16/Apr/2025:12:56:26 -0400] "GET /ad917/?path=%2Fhome%2F.%2F.%2F..%2F..%2Flib64%2Fgssproxy%2F..%2F.%2Fsse2%2F..%2Flibslapi-2.4.so.2.10.9 HTTP/1.1" 200 992 "-" "Mozilla/5.0 AppleWebKit/537.36 (KHTML, like Gecko; compatible; ClaudeBot/1.0; +claudebot@anthropic.com)"
3.147.71.207 - - [16/Apr/2025:12:56:29 -0400] "GET /ad917/?path=%2Fhome%2F.%2F.%2F..%2F..%2Flib64%2Fgssproxy%2F..%2F.%2Fsse2%2F..%2Flibkadm5clnt_mit.so.12 HTTP/1.1" 200 993 "-" "Mozilla/5.0 AppleWebKit/537.36 (KHTML, like Gecko; compatible; ClaudeBot/1.0; +claudebot@anthropic.com)"
3.147.71.207 - - [16/Apr/2025:12:56:32 -0400] "GET /ad917/?path=%2Fhome%2F.%2F..%2F..%2F..%2Fhome%2F..%2Flib%2Fsysctl.d%2F..%2Fudev%2Fkdump-udev-throttler HTTP/1.1" 200 1644 "-" "Mozilla/5.0 AppleWebKit/537.36 (KHTML, like Gecko; compatible; ClaudeBot/1.0; +claudebot@anthropic.com)"
3.147.71.207 - - [16/Apr/2025:12:56:35 -0400] "GET /ad917/?path=%2Fhome%2F.%2F.%2F..%2F..%2Flib64%2Fgssproxy%2F..%2F.%2Fsse2%2F..%2Flibgstpbutils-1.0.so.0 HTTP/1.1" 200 993 "-" "Mozilla/5.0 AppleWebKit/537.36 (KHTML, like Gecko; compatible; ClaudeBot/1.0; +claudebot@anthropic.com)"
198.54.116.86 - - [16/Apr/2025:12:56:35 -0400] "POST /wp-cron.php?doing_wp_cron=1744822595.1149129867553710937500 HTTP/1.1" 200 0 "-" "WordPress/6.8; https://servethepeopleinc.org"
40.77.167.47 - - [16/Apr/2025:12:56:34 -0400] "GET /entity/6895240.shtml HTTP/1.1" 404 16940 "-" "Mozilla/5.0 AppleWebKit/537.36 (KHTML, like Gecko; compatible; bingbot/2.0; +http://www.bing.com/bingbot.htm) Chrome/116.0.1938.76 Safari/537.36"
198.54.116.86 - - [16/Apr/2025:12:56:35 -0400] "POST /wp-admin/admin-ajax.php?action=async_litespeed&nonce=3xm3WW0iLMlw4MsGLRlWeNfrXTu1q5LI&litespeed_type=imgoptm HTTP/1.1" 200 21 "-" "WordPress/6.8; https://servethepeopleinc.org"
3.147.71.207 - - [16/Apr/2025:12:56:38 -0400] "GET /ad917/?path=%2Fhome%2F.%2F.%2F..%2F..%2Flib64%2Fgssproxy%2F..%2F.%2Fsse2%2F..%2Flibxcb-xinput.so.0.1.0 HTTP/1.1" 200 990 "-" "Mozilla/5.0 AppleWebKit/537.36 (KHTML, like Gecko; compatible; ClaudeBot/1.0; +claudebot@anthropic.com)"
3.147.71.207 - - [16/Apr/2025:12:56:41 -0400] "GET /ad917/?path=%2Fhome%2F.%2F.%2F..%2F..%2Flib64%2Fgssproxy%2F..%2F.%2Fsse2%2F..%2Flibxcb-record.so.0.0.0 HTTP/1.1" 200 991 "-" "Mozilla/5.0 AppleWebKit/537.36 (KHTML, like Gecko; compatible; ClaudeBot/1.0; +claudebot@anthropic.com)"
3.147.71.207 - - [16/Apr/2025:12:56:44 -0400] "GET /ad917/?path=%2Fhome%2F.%2F..%2Fhome4%2F..%2Fopt%2Falt%2Fruby32%2F..%2Fruby27%2Flib64%2Fruby%2Fpsych.so HTTP/1.1" 200 1004 "-" "Mozilla/5.0 AppleWebKit/537.36 (KHTML, like Gecko; compatible; ClaudeBot/1.0; +claudebot@anthropic.com)"
3.147.71.207 - - [16/Apr/2025:12:56:47 -0400] "GET /ad917/?path=%2Fhome%2F.%2F.%2F..%2F..%2Flib64%2Fgssproxy%2F..%2F.%2Fsse2%2F..%2Flibini_config.so.5.2.1 HTTP/1.1" 200 993 "-" "Mozilla/5.0 AppleWebKit/537.36 (KHTML, like Gecko; compatible; ClaudeBot/1.0; +claudebot@anthropic.com)"
3.147.71.207 - - [16/Apr/2025:12:56:50 -0400] "GET /ad917/?path=%2Fhome%2F.%2F.%2F..%2F..%2Flib64%2Fgssproxy%2F..%2F.%2Fsse2%2F..%2FlibQt5XcbQpa.so.5.15.3 HTTP/1.1" 200 996 "-" "Mozilla/5.0 AppleWebKit/537.36 (KHTML, like Gecko; compatible; ClaudeBot/1.0; +claudebot@anthropic.com)"
3.147.71.207 - - [16/Apr/2025:12:56:53 -0400] "GET /ad917/?path=%2Fhome%2F.%2F..%2Fhome4%2F..%2Fopt%2Falt%2Fruby23%2F..%2Fruby30%2Flib64%2Fruby%2Fpsych.so HTTP/1.1" 200 1004 "-" "Mozilla/5.0 AppleWebKit/537.36 (KHTML, like Gecko; compatible; ClaudeBot/1.0; +claudebot@anthropic.com)"
3.147.71.207 - - [16/Apr/2025:12:56:56 -0400] "GET /ad917/?path=%2Fhome%2F.%2F..%2Fhome4%2F..%2Fopt%2Falt%2Fruby23%2F..%2Fruby30%2Flib64%2Fruby%2Ffiber.so HTTP/1.1" 200 1004 "-" "Mozilla/5.0 AppleWebKit/537.36 (KHTML, like Gecko; compatible; ClaudeBot/1.0; +claudebot@anthropic.com)"
3.147.71.207 - - [16/Apr/2025:12:56:59 -0400] "GET /ad917/?path=%2Fhome%2F.%2F.%2F..%2F..%2Flib64%2Fgssproxy%2F..%2F.%2Fsse2%2F..%2Flibgpg-error.so.0.24.2 HTTP/1.1" 200 993 "-" "Mozilla/5.0 AppleWebKit/537.36 (KHTML, like Gecko; compatible; ClaudeBot/1.0; +claudebot@anthropic.com)"
3.147.71.207 - - [16/Apr/2025:12:57:02 -0400] "GET /ad917/?path=%2Fhome%2F.%2F..%2Fhome4%2F..%2Fopt%2Falt%2Flibwebp%2F..%2Fzeromq%2F..%2Fopenssl%2Finclude HTTP/1.1" 200 1509 "-" "Mozilla/5.0 AppleWebKit/537.36 (KHTML, like Gecko; compatible; ClaudeBot/1.0; +claudebot@anthropic.com)"
198.54.116.86 - - [16/Apr/2025:12:57:02 -0400] "POST /wp-cron.php?doing_wp_cron=1744822622.1587591171264648437500 HTTP/1.1" 200 0 "-" "WordPress/6.8; https://servethepeopleinc.org"
52.167.144.184 - - [16/Apr/2025:12:57:02 -0400] "GET /products91359534.shtml HTTP/1.1" 404 16942 "-" "Mozilla/5.0 AppleWebKit/537.36 (KHTML, like Gecko; compatible; bingbot/2.0; +http://www.bing.com/bingbot.htm) Chrome/116.0.1938.76 Safari/537.36"
3.147.71.207 - - [16/Apr/2025:12:57:05 -0400] "GET /ad917/?path=%2Fhome%2F.%2F.%2F..%2Fbin%2F..%2Flib64%2Fpython2.7%2Flib-tk%2F..%2FSimpleXMLRPCServer.pyo HTTP/1.1" 200 1001 "-" "Mozilla/5.0 AppleWebKit/537.36 (KHTML, like Gecko; compatible; ClaudeBot/1.0; +claudebot@anthropic.com)"
3.147.71.207 - - [16/Apr/2025:12:57:08 -0400] "GET /ad917/?path=%2Fhome%2F.%2F.%2F..%2F..%2Flib64%2Fgssproxy%2F..%2F.%2Fsse2%2F..%2Flibwayland-client.so.0 HTTP/1.1" 200 993 "-" "Mozilla/5.0 AppleWebKit/537.36 (KHTML, like Gecko; compatible; ClaudeBot/1.0; +claudebot@anthropic.com)"
3.147.71.207 - - [16/Apr/2025:12:57:11 -0400] "GET /ad917/?path=%2Fhome%2F.%2F..%2Fhome4%2F..%2Fopt%2Falt%2Fruby26%2F..%2Fruby31%2Fshare%2Fruby%2Fobjspace HTTP/1.1" 200 1555 "-" "Mozilla/5.0 AppleWebKit/537.36 (KHTML, like Gecko; compatible; ClaudeBot/1.0; +claudebot@anthropic.com)"
198.54.116.86 - - [16/Apr/2025:12:57:13 -0400] "POST /wp-cron.php?doing_wp_cron=1744822633.5949819087982177734375 HTTP/1.1" 200 0 "-" "WordPress/6.8; https://servethepeopleinc.org"
52.167.144.200 - - [16/Apr/2025:12:57:13 -0400] "GET /shopbrand/71471316.shtml HTTP/1.1" 404 16941 "-" "Mozilla/5.0 AppleWebKit/537.36 (KHTML, like Gecko; compatible; bingbot/2.0; +http://www.bing.com/bingbot.htm) Chrome/116.0.1938.76 Safari/537.36"
198.54.116.86 - - [16/Apr/2025:12:57:13 -0400] "POST /wp-admin/admin-ajax.php?action=async_litespeed&nonce=6i0pxSLlgO68dt4wl1UrRjQRzqCIs80k&litespeed_type=imgoptm HTTP/1.1" 200 21 "-" "WordPress/6.8; https://servethepeopleinc.org"
3.147.71.207 - - [16/Apr/2025:12:57:14 -0400] "GET /ad917/?path=%2Fhome%2F.%2F.%2F..%2F..%2Flib64%2Fgssproxy%2F..%2F.%2Fsse2%2F..%2Flibpath_utils.so.1.0.1 HTTP/1.1" 200 993 "-" "Mozilla/5.0 AppleWebKit/537.36 (KHTML, like Gecko; compatible; ClaudeBot/1.0; +claudebot@anthropic.com)"
3.147.71.207 - - [16/Apr/2025:12:57:17 -0400] "GET /ad917/?path=%2Fhome%2F.%2F.%2F..%2F..%2Flib64%2Fgssproxy%2F..%2F.%2Fsse2%2F..%2FlibIlmThread-2_2.so.12 HTTP/1.1" 200 996 "-" "Mozilla/5.0 AppleWebKit/537.36 (KHTML, like Gecko; compatible; ClaudeBot/1.0; +claudebot@anthropic.com)"
3.147.71.207 - - [16/Apr/2025:12:57:20 -0400] "GET /ad917/?path=%2Fhome%2F.%2F..%2Fhome4%2F..%2Fopt%2Falt%2Fruby32%2F..%2Fruby27%2Flib64%2Fruby%2Frbconfig HTTP/1.1" 200 1550 "-" "Mozilla/5.0 AppleWebKit/537.36 (KHTML, like Gecko; compatible; ClaudeBot/1.0; +claudebot@anthropic.com)"
3.147.71.207 - - [16/Apr/2025:12:57:23 -0400] "GET /ad917/?path=%2Fhome%2Fservlmvm%2F.%2Flogs%2F..%2Fwww%2Fwp-includes%2Fpomo%2F..%2Fclass-walker-page.php HTTP/1.1" 200 3170 "-" "Mozilla/5.0 AppleWebKit/537.36 (KHTML, like Gecko; compatible; ClaudeBot/1.0; +claudebot@anthropic.com)"
40.77.167.47 - - [16/Apr/2025:12:57:23 -0400] "GET /items/50519494.shtml HTTP/1.1" 404 16940 "-" "Mozilla/5.0 AppleWebKit/537.36 (KHTML, like Gecko; compatible; bingbot/2.0; +http://www.bing.com/bingbot.htm) Chrome/116.0.1938.76 Safari/537.36"
3.147.71.207 - - [16/Apr/2025:12:57:26 -0400] "GET /ad917/?path=%2Fhome%2F.%2F.%2F..%2F..%2Flib64%2Fgssproxy%2F..%2F.%2Fsse2%2F..%2F.libcrypto.so.1.1.hmac HTTP/1.1" 200 1048 "-" "Mozilla/5.0 AppleWebKit/537.36 (KHTML, like Gecko; compatible; ClaudeBot/1.0; +claudebot@anthropic.com)"
3.147.71.207 - - [16/Apr/2025:12:57:29 -0400] "GET /ad917/?path=%2Fhome%2F.%2F.%2F..%2F..%2Flib64%2Fgssproxy%2F..%2F.%2Fsse2%2F..%2Flibpangocairo-1.0.so.0 HTTP/1.1" 200 993 "-" "Mozilla/5.0 AppleWebKit/537.36 (KHTML, like Gecko; compatible; ClaudeBot/1.0; +claudebot@anthropic.com)"
3.147.71.207 - - [16/Apr/2025:12:57:32 -0400] "GET /ad917/?path=%2Fhome%2F.%2F.%2F..%2F..%2Flib64%2Fgssproxy%2F..%2F.%2Fsse2%2F..%2Flibxcb-damage.so.0.0.0 HTTP/1.1" 200 992 "-" "Mozilla/5.0 AppleWebKit/537.36 (KHTML, like Gecko; compatible; ClaudeBot/1.0; +claudebot@anthropic.com)"
3.147.71.207 - - [16/Apr/2025:12:57:35 -0400] "GET /ad917/?path=%2Fhome%2F.%2F.%2F..%2F..%2Flib64%2Fgssproxy%2F..%2F.%2Fsse2%2F..%2Flibdrm_radeon.so.1.0.1 HTTP/1.1" 200 991 "-" "Mozilla/5.0 AppleWebKit/537.36 (KHTML, like Gecko; compatible; ClaudeBot/1.0; +claudebot@anthropic.com)"
40.77.167.69 - - [16/Apr/2025:12:57:35 -0400] "GET /goodscode/mk/demesnial/46758410.shtml HTTP/1.1" 301 0 "-" "Mozilla/5.0 AppleWebKit/537.36 (KHTML, like Gecko; compatible; bingbot/2.0; +http://www.bing.com/bingbot.htm) Chrome/116.0.1938.76 Safari/537.36"
3.147.71.207 - - [16/Apr/2025:12:57:38 -0400] "GET /ad917/?path=%2Fhome%2F.%2F.%2F..%2F..%2Flib64%2Fgssproxy%2F..%2F.%2Fsse2%2F..%2Flibevent_core-2.1.so.6 HTTP/1.1" 200 992 "-" "Mozilla/5.0 AppleWebKit/537.36 (KHTML, like Gecko; compatible; ClaudeBot/1.0; +claudebot@anthropic.com)"
3.147.71.207 - - [16/Apr/2025:12:57:41 -0400] "GET /ad917/?path=%2Fhome%2F.%2F.%2F..%2F..%2Flib64%2Fgssproxy%2F..%2F.%2Fsse2%2F..%2FlibQt5QuickShapes.so.5 HTTP/1.1" 200 995 "-" "Mozilla/5.0 AppleWebKit/537.36 (KHTML, like Gecko; compatible; ClaudeBot/1.0; +claudebot@anthropic.com)"
3.147.71.207 - - [16/Apr/2025:12:57:44 -0400] "GET /ad917/?path=%2Fhome%2F.%2F.%2F..%2F..%2Flib64%2Fgssproxy%2F..%2F.%2Fsse2%2F..%2F.libnettle.so.6.5.hmac HTTP/1.1" 200 1045 "-" "Mozilla/5.0 AppleWebKit/537.36 (KHTML, like Gecko; compatible; ClaudeBot/1.0; +claudebot@anthropic.com)"
3.147.71.207 - - [16/Apr/2025:12:57:47 -0400] "GET /ad917/?path=%2Fhome%2F.%2F.%2F..%2F..%2Flib64%2Fgssproxy%2F..%2F.%2Fsse2%2F..%2Flibnss_myhostname.so.2 HTTP/1.1" 200 992 "-" "Mozilla/5.0 AppleWebKit/537.36 (KHTML, like Gecko; compatible; ClaudeBot/1.0; +claudebot@anthropic.com)"
3.147.71.207 - - [16/Apr/2025:12:57:50 -0400] "GET /ad917/?path=%2Fhome%2Fservlmvm%2F.%2Flogs%2F..%2Fwww%2Fwp-includes%2Fpomo%2F..%2Fcategory-template.php HTTP/1.1" 200 15031 "-" "Mozilla/5.0 AppleWebKit/537.36 (KHTML, like Gecko; compatible; ClaudeBot/1.0; +claudebot@anthropic.com)"
3.147.71.207 - - [16/Apr/2025:12:57:53 -0400] "GET /ad917/?path=%2Fhome%2F.%2F.%2F..%2F..%2Flib64%2Fgssproxy%2F..%2F.%2Fsse2%2F..%2FlibSoundTouch.so.2.0.0 HTTP/1.1" 200 995 "-" "Mozilla/5.0 AppleWebKit/537.36 (KHTML, like Gecko; compatible; ClaudeBot/1.0; +claudebot@anthropic.com)"
3.147.71.207 - - [16/Apr/2025:12:57:56 -0400] "GET /ad917/?path=%2Fhome%2F.%2F.%2F..%2Fbin%2F..%2Flib64%2Fpython2.7%2Flib-tk%2F..%2FSimpleXMLRPCServer.pyc HTTP/1.1" 200 1001 "-" "Mozilla/5.0 AppleWebKit/537.36 (KHTML, like Gecko; compatible; ClaudeBot/1.0; +claudebot@anthropic.com)"
3.147.71.207 - - [16/Apr/2025:12:57:59 -0400] "GET /ad917/?path=%2Fhome%2F.%2F.%2F..%2F..%2Flib64%2Fgssproxy%2F..%2F.%2Fsse2%2F..%2Flibipmimonitoring.so.6 HTTP/1.1" 200 989 "-" "Mozilla/5.0 AppleWebKit/537.36 (KHTML, like Gecko; compatible; ClaudeBot/1.0; +claudebot@anthropic.com)"
3.147.71.207 - - [16/Apr/2025:12:58:02 -0400] "GET /ad917/?path=%2Fhome%2F.%2F..%2Fhome4%2F..%2Fopt%2Falt%2Fruby23%2F..%2Fruby30%2Flib64%2Fruby%2Frbconfig HTTP/1.1" 200 1550 "-" "Mozilla/5.0 AppleWebKit/537.36 (KHTML, like Gecko; compatible; ClaudeBot/1.0; +claudebot@anthropic.com)"
3.147.71.207 - - [16/Apr/2025:12:58:05 -0400] "GET /ad917/?path=%2Fhome%2F.%2F.%2F..%2F..%2Flib64%2Fgssproxy%2F..%2F.%2Fsse2%2F..%2Flibauthselect.so.3.1.1 HTTP/1.1" 200 990 "-" "Mozilla/5.0 AppleWebKit/537.36 (KHTML, like Gecko; compatible; ClaudeBot/1.0; +claudebot@anthropic.com)"
3.147.71.207 - - [16/Apr/2025:12:58:08 -0400] "GET /ad917/?path=%2Fhome%2F.%2F..%2Fhome4%2F..%2Fopt%2Falt%2Fruby26%2F..%2Fruby31%2Fshare%2Fruby%2Fpsych.rb HTTP/1.1" 200 7064 "-" "Mozilla/5.0 AppleWebKit/537.36 (KHTML, like Gecko; compatible; ClaudeBot/1.0; +claudebot@anthropic.com)"
3.147.71.207 - - [16/Apr/2025:12:58:11 -0400] "GET /ad917/?path=%2Fhome%2F.%2F.%2F..%2F..%2Flib64%2Fgssproxy%2F..%2F.%2Fsse2%2F..%2Flibipmidetect.so.0.0.1 HTTP/1.1" 200 992 "-" "Mozilla/5.0 AppleWebKit/537.36 (KHTML, like Gecko; compatible; ClaudeBot/1.0; +claudebot@anthropic.com)"
3.147.71.207 - - [16/Apr/2025:12:58:14 -0400] "GET /ad917/?path=%2Fhome%2F.%2F.%2F..%2F..%2Flib64%2Fgssproxy%2F..%2F.%2Fsse2%2F..%2F.libssl.so.1.1.1k.hmac HTTP/1.1" 200 1048 "-" "Mozilla/5.0 AppleWebKit/537.36 (KHTML, like Gecko; compatible; ClaudeBot/1.0; +claudebot@anthropic.com)"
198.54.116.86 - - [16/Apr/2025:12:58:14 -0400] "POST /wp-cron.php?doing_wp_cron=1744822694.8109860420227050781250 HTTP/1.1" 200 0 "-" "WordPress/6.8; https://servethepeopleinc.org"
40.77.167.69 - - [16/Apr/2025:12:58:14 -0400] "GET /shopdetail/52491054.shtml HTTP/1.1" 301 0 "-" "Mozilla/5.0 AppleWebKit/537.36 (KHTML, like Gecko; compatible; bingbot/2.0; +http://www.bing.com/bingbot.htm) Chrome/116.0.1938.76 Safari/537.36"
198.54.116.86 - - [16/Apr/2025:12:58:14 -0400] "POST /wp-admin/admin-ajax.php?action=async_litespeed&nonce=AqtrkwBeamzPFFP8GyPzIuTc6R5tq9w8&litespeed_type=imgoptm HTTP/1.1" 200 21 "-" "WordPress/6.8; https://servethepeopleinc.org"
3.147.71.207 - - [16/Apr/2025:12:58:17 -0400] "GET /ad917/?path=%2Fhome%2F.%2F..%2F..%2F..%2Fhome%2F..%2Flib%2Fsysctl.d%2F..%2Ftuned%2Flatency-performance HTTP/1.1" 200 1553 "-" "Mozilla/5.0 AppleWebKit/537.36 (KHTML, like Gecko; compatible; ClaudeBot/1.0; +claudebot@anthropic.com)"
3.147.71.207 - - [16/Apr/2025:12:58:20 -0400] "GET /ad917/?path=%2Fhome%2F.%2F..%2Fhome4%2F..%2Fopt%2Falt%2Fruby26%2F..%2Fruby31%2Fshare%2Fruby%2Fopen3.rb HTTP/1.1" 200 6141 "-" "Mozilla/5.0 AppleWebKit/537.36 (KHTML, like Gecko; compatible; ClaudeBot/1.0; +claudebot@anthropic.com)"
3.147.71.207 - - [16/Apr/2025:12:58:23 -0400] "GET /ad917/?path=%2Fhome%2F.%2F.%2F..%2F..%2Flib64%2Fgssproxy%2F..%2F.%2Fsse2%2F..%2FlibGLdispatch.so.0.0.0 HTTP/1.1" 200 994 "-" "Mozilla/5.0 AppleWebKit/537.36 (KHTML, like Gecko; compatible; ClaudeBot/1.0; +claudebot@anthropic.com)"
66.249.77.40 - - [16/Apr/2025:12:58:34 -0400] "GET /items40556792.shtml HTTP/1.1" 404 16942 "-" "Mozilla/5.0 (Linux; Android 6.0.1; Nexus 5X Build/MMB29P) AppleWebKit/537.36 (KHTML, like Gecko) Chrome/135.0.7049.84 Mobile Safari/537.36 (compatible; GoogleOther)"
18.222.127.68 - - [16/Apr/2025:12:58:57 -0400] "GET /ad917/?path=%2Fhome%2Fservlmvm%2F.%2Flogs%2F..%2Fwww%2Fwp-includes%2Fpomo%2F..%2Fclass-wp-term-query.php HTTP/1.1" 200 10813 "-" "Mozilla/5.0 AppleWebKit/537.36 (KHTML, like Gecko; compatible; ClaudeBot/1.0; +claudebot@anthropic.com)"
18.222.127.68 - - [16/Apr/2025:12:59:00 -0400] "GET /ad917/?path=%2Fhome%2F.%2F.%2F..%2F..%2Flib64%2Fgssproxy%2F..%2F.%2Fsse2%2F..%2FlibguestStoreClient.so.0 HTTP/1.1" 200 994 "-" "Mozilla/5.0 AppleWebKit/537.36 (KHTML, like Gecko; compatible; ClaudeBot/1.0; +claudebot@anthropic.com)"
18.222.127.68 - - [16/Apr/2025:12:59:03 -0400] "GET /ad917/?path=%2Fhome%2F.%2F..%2F..%2F.%2Fhome4%2F..%2Flib%2Fbinfmt.d%2F..%2Frpm%2Falt-nodejs19_native.req HTTP/1.1" 200 1034 "-" "Mozilla/5.0 AppleWebKit/537.36 (KHTML, like Gecko; compatible; ClaudeBot/1.0; +claudebot@anthropic.com)"
18.222.127.68 - - [16/Apr/2025:12:59:06 -0400] "GET /ad917/?path=%2Fhome%2F.%2F.%2F..%2F..%2Flib64%2Fgssproxy%2F..%2F.%2Fsse2%2F..%2Flibguilereadline-v-18.so HTTP/1.1" 200 993 "-" "Mozilla/5.0 AppleWebKit/537.36 (KHTML, like Gecko; compatible; ClaudeBot/1.0; +claudebot@anthropic.com)"
18.222.127.68 - - [16/Apr/2025:12:59:09 -0400] "GET /ad917/?path=%2Fhome%2F.%2F..%2F..%2F..%2Fhome%2F..%2Flib%2Fsysctl.d%2F..%2Frpm%2Falt-nodejs10_native.req HTTP/1.1" 200 1042 "-" "Mozilla/5.0 AppleWebKit/537.36 (KHTML, like Gecko; compatible; ClaudeBot/1.0; +claudebot@anthropic.com)"
18.222.127.68 - - [16/Apr/2025:12:59:12 -0400] "GET /ad917/?path=%2Fhome%2F.%2F..%2Fhome4%2F..%2Fopt%2Falt%2Fruby24%2F..%2Fruby27%2Fshare%2Fgems%2Fextensions HTTP/1.1" 200 1486 "-" "Mozilla/5.0 AppleWebKit/537.36 (KHTML, like Gecko; compatible; ClaudeBot/1.0; +claudebot@anthropic.com)"
18.222.127.68 - - [16/Apr/2025:12:59:15 -0400] "GET /ad917/?path=%2Fhome%2F.%2F.%2F..%2F..%2Flib64%2Fgssproxy%2F..%2F.%2Fsse2%2F..%2Flibpulse-simple.so.0.1.1 HTTP/1.1" 200 993 "-" "Mozilla/5.0 AppleWebKit/537.36 (KHTML, like Gecko; compatible; ClaudeBot/1.0; +claudebot@anthropic.com)"
18.222.127.68 - - [16/Apr/2025:12:59:18 -0400] "GET /ad917/?path=%2Fhome%2F.%2F.%2F..%2F..%2Flib64%2Fgssproxy%2F..%2F.%2Fsse2%2F..%2Flibxcb-xinerama.so.0.0.0 HTTP/1.1" 200 993 "-" "Mozilla/5.0 AppleWebKit/537.36 (KHTML, like Gecko; compatible; ClaudeBot/1.0; +claudebot@anthropic.com)"
18.222.127.68 - - [16/Apr/2025:12:59:21 -0400] "GET /ad917/?path=%2Fhome%2F.%2F..%2Fhome4%2F..%2Fopt%2Falt%2Fruby26%2F..%2Fruby31%2Fshare%2Fruby%2Fostruct.rb HTTP/1.1" 200 5826 "-" "Mozilla/5.0 AppleWebKit/537.36 (KHTML, like Gecko; compatible; ClaudeBot/1.0; +claudebot@anthropic.com)"
198.54.116.86 - - [16/Apr/2025:12:59:24 -0400] "POST /wp-cron.php?doing_wp_cron=1744822764.3938961029052734375000 HTTP/1.1" 200 0 "-" "WordPress/6.8; https://servethepeopleinc.org"
52.167.144.19 - - [16/Apr/2025:12:59:24 -0400] "GET /product/s/suppressible45204746.shtml HTTP/1.1" 301 0 "-" "Mozilla/5.0 AppleWebKit/537.36 (KHTML, like Gecko; compatible; bingbot/2.0; +http://www.bing.com/bingbot.htm) Chrome/116.0.1938.76 Safari/537.36"
18.222.127.68 - - [16/Apr/2025:12:59:24 -0400] "GET /ad917/?path=%2Fhome%2Fservlmvm%2Fpublic_html%2F..%2Flscache%2F..%2Fspekkshealth.com%2F.%2Fwp-admin%2Fcss HTTP/1.1" 200 4010 "-" "Mozilla/5.0 AppleWebKit/537.36 (KHTML, like Gecko; compatible; ClaudeBot/1.0; +claudebot@anthropic.com)"
198.54.116.86 - - [16/Apr/2025:12:59:24 -0400] "POST /wp-admin/admin-ajax.php?action=async_litespeed&nonce=nlNS7TZEgf0nooVUw4CvGdwrBC4uZ7ad&litespeed_type=imgoptm HTTP/1.1" 200 21 "-" "WordPress/6.8; https://servethepeopleinc.org"
18.222.127.68 - - [16/Apr/2025:12:59:27 -0400] "GET /ad917/?path=%2Fhome%2F.%2F..%2F..%2F..%2Fhome%2F..%2Flib%2Fsysctl.d%2F..%2Frpm%2Falt-nodejs22_native.req HTTP/1.1" 200 1029 "-" "Mozilla/5.0 AppleWebKit/537.36 (KHTML, like Gecko; compatible; ClaudeBot/1.0; +claudebot@anthropic.com)"
18.222.127.68 - - [16/Apr/2025:12:59:30 -0400] "GET /ad917/?path=%2Fhome%2F.%2F..%2F..%2F..%2Fhome%2F..%2Flib%2Fsysctl.d%2F..%2Frpm%2Falt-nodejs19_native.req HTTP/1.1" 200 1028 "-" "Mozilla/5.0 AppleWebKit/537.36 (KHTML, like Gecko; compatible; ClaudeBot/1.0; +claudebot@anthropic.com)"
18.222.127.68 - - [16/Apr/2025:12:59:33 -0400] "GET /ad917/?path=%2Fhome%2F.%2F.%2F..%2F..%2Flib64%2Fgssproxy%2F..%2F.%2Fsse2%2F..%2Flibparted-fs-resize.so.0 HTTP/1.1" 200 992 "-" "Mozilla/5.0 AppleWebKit/537.36 (KHTML, like Gecko; compatible; ClaudeBot/1.0; +claudebot@anthropic.com)"
52.167.144.184 - - [16/Apr/2025:12:59:33 -0400] "GET /info/ui/suffroticosa4896926.shtml HTTP/1.1" 404 16949 "-" "Mozilla/5.0 AppleWebKit/537.36 (KHTML, like Gecko; compatible; bingbot/2.0; +http://www.bing.com/bingbot.htm) Chrome/116.0.1938.76 Safari/537.36"
52.167.144.19 - - [16/Apr/2025:12:59:33 -0400] "GET /product13859118.shtml HTTP/1.1" 301 0 "-" "Mozilla/5.0 AppleWebKit/537.36 (KHTML, like Gecko; compatible; bingbot/2.0; +http://www.bing.com/bingbot.htm) Chrome/116.0.1938.76 Safari/537.36"
18.222.127.68 - - [16/Apr/2025:12:59:36 -0400] "GET /ad917/?path=%2Fhome%2F.%2F.%2F..%2F..%2Flib64%2Fgssproxy%2F..%2F.%2Fsse2%2F..%2Flibavahi-common.so.3.5.3 HTTP/1.1" 200 994 "-" "Mozilla/5.0 AppleWebKit/537.36 (KHTML, like Gecko; compatible; ClaudeBot/1.0; +claudebot@anthropic.com)"
18.222.127.68 - - [16/Apr/2025:12:59:39 -0400] "GET /ad917/?path=%2Fhome%2F.%2F..%2F..%2F..%2Fhome%2F..%2Flib%2Fsysctl.d%2F..%2Frpm%2Falt-nodejs14_native.req HTTP/1.1" 200 1042 "-" "Mozilla/5.0 AppleWebKit/537.36 (KHTML, like Gecko; compatible; ClaudeBot/1.0; +claudebot@anthropic.com)"
18.222.127.68 - - [16/Apr/2025:12:59:42 -0400] "GET /ad917/?path=%2Fhome%2F.%2F..%2Fhome4%2F..%2Fopt%2Falt%2Fpython38%2F..%2Fphp55%2Flink%2Fconf%2Fmysqli.ini HTTP/1.1" 200 1042 "-" "Mozilla/5.0 AppleWebKit/537.36 (KHTML, like Gecko; compatible; ClaudeBot/1.0; +claudebot@anthropic.com)"
18.222.127.68 - - [16/Apr/2025:12:59:45 -0400] "GET /ad917/?path=%2Fhome%2Fservlmvm%2F.%2Flogs%2F..%2Fwww%2Fwp-includes%2Fpomo%2F..%2Fclass-wp-user-query.php HTTP/1.1" 200 11283 "-" "Mozilla/5.0 AppleWebKit/537.36 (KHTML, like Gecko; compatible; ClaudeBot/1.0; +claudebot@anthropic.com)"
18.222.127.68 - - [16/Apr/2025:12:59:48 -0400] "GET /ad917/?path=%2Fhome%2F.%2F.%2F..%2F..%2Flib64%2Fgssproxy%2F..%2F.%2Fsse2%2F..%2Flibbrotlicommon.so.1.0.6 HTTP/1.1" 200 993 "-" "Mozilla/5.0 AppleWebKit/537.36 (KHTML, like Gecko; compatible; ClaudeBot/1.0; +claudebot@anthropic.com)"
18.222.127.68 - - [16/Apr/2025:12:59:51 -0400] "GET /ad917/?path=%2Fhome%2F.%2F..%2Fhome4%2F..%2Fopt%2Falt%2Fruby31%2F..%2Fpython39%2F.%2Finclude%2Fpython3.9 HTTP/1.1" 200 4348 "-" "Mozilla/5.0 AppleWebKit/537.36 (KHTML, like Gecko; compatible; ClaudeBot/1.0; +claudebot@anthropic.com)"
18.222.127.68 - - [16/Apr/2025:12:59:54 -0400] "GET /ad917/?path=%2Fhome%2F.%2F.%2F..%2F..%2Flib64%2Fgssproxy%2F..%2F.%2Fsse2%2F..%2Flibgirepository-1.0.so.1 HTTP/1.1" 200 993 "-" "Mozilla/5.0 AppleWebKit/537.36 (KHTML, like Gecko; compatible; ClaudeBot/1.0; +claudebot@anthropic.com)"
18.222.127.68 - - [16/Apr/2025:12:59:57 -0400] "GET /ad917/?path=%2Fhome%2F.%2F..%2Fhome4%2F..%2Fopt%2Falt%2Fruby20%2F..%2Fruby34%2Fshare%2Fgems%2Fbuild_info HTTP/1.1" 200 1487 "-" "Mozilla/5.0 AppleWebKit/537.36 (KHTML, like Gecko; compatible; ClaudeBot/1.0; +claudebot@anthropic.com)"
18.222.127.68 - - [16/Apr/2025:13:00:00 -0400] "GET /ad917/?path=%2Fhome%2F.%2F..%2Fhome4%2F..%2Fopt%2Falt%2Fruby26%2F..%2Fruby31%2Fshare%2Fruby%2Fbigdecimal HTTP/1.1" 200 1704 "-" "Mozilla/5.0 AppleWebKit/537.36 (KHTML, like Gecko; compatible; ClaudeBot/1.0; +claudebot@anthropic.com)"
198.54.116.86 - - [16/Apr/2025:13:00:02 -0400] "POST /wp-cron.php?doing_wp_cron=1744822802.9550778865814208984375 HTTP/1.1" 200 0 "-" "WordPress/6.8; https://servethepeopleinc.org"
52.167.144.184 - - [16/Apr/2025:13:00:02 -0400] "GET /detail/daltonism/99772576.shtml HTTP/1.1" 404 16948 "-" "Mozilla/5.0 AppleWebKit/537.36 (KHTML, like Gecko; compatible; bingbot/2.0; +http://www.bing.com/bingbot.htm) Chrome/116.0.1938.76 Safari/537.36"
18.222.127.68 - - [16/Apr/2025:13:00:03 -0400] "GET /ad917/?path=%2Fhome%2F.%2F..%2F..%2F.%2Fhome4%2F..%2Flib%2Fbinfmt.d%2F..%2Frpm%2Falt-nodejs11_native.req HTTP/1.1" 200 1051 "-" "Mozilla/5.0 AppleWebKit/537.36 (KHTML, like Gecko; compatible; ClaudeBot/1.0; +claudebot@anthropic.com)"
18.222.127.68 - - [16/Apr/2025:13:00:06 -0400] "GET /ad917/?path=%2Fhome%2Fservlmvm%2F.%2Flogs%2F..%2Fwww%2Fwp-includes%2Fpomo%2F..%2Fclass-wp-date-query.php HTTP/1.1" 200 10184 "-" "Mozilla/5.0 AppleWebKit/537.36 (KHTML, like Gecko; compatible; ClaudeBot/1.0; +claudebot@anthropic.com)"
18.222.127.68 - - [16/Apr/2025:13:00:09 -0400] "GET /ad917/?path=%2Fhome%2F.%2F..%2Fhome4%2F..%2Fopt%2Falt%2Fruby32%2F..%2Fruby27%2Flib64%2Fruby%2Fstrscan.so HTTP/1.1" 200 1006 "-" "Mozilla/5.0 AppleWebKit/537.36 (KHTML, like Gecko; compatible; ClaudeBot/1.0; +claudebot@anthropic.com)"
18.222.127.68 - - [16/Apr/2025:13:00:12 -0400] "GET /ad917/?path=%2Fhome%2F.%2F.%2F..%2F..%2Flib64%2Fgssproxy%2F..%2F.%2Fsse2%2F..%2Flibgstinsertbin-1.0.so.0 HTTP/1.1" 200 993 "-" "Mozilla/5.0 AppleWebKit/537.36 (KHTML, like Gecko; compatible; ClaudeBot/1.0; +claudebot@anthropic.com)"
18.222.127.68 - - [16/Apr/2025:13:00:15 -0400] "GET /ad917/?path=%2Fhome%2F.%2F.%2F..%2F..%2Flib64%2Fgssproxy%2F..%2F.%2Fsse2%2F..%2Flibinotifytools.so.0.4.1 HTTP/1.1" 200 994 "-" "Mozilla/5.0 AppleWebKit/537.36 (KHTML, like Gecko; compatible; ClaudeBot/1.0; +claudebot@anthropic.com)"
18.222.127.68 - - [16/Apr/2025:13:00:18 -0400] "GET /ad917/?path=%2Fhome%2F.%2F.%2F..%2F..%2Flib64%2Fgssproxy%2F..%2F.%2Fsse2%2F..%2FlibIexMath-2_2.so.12.0.0 HTTP/1.1" 200 996 "-" "Mozilla/5.0 AppleWebKit/537.36 (KHTML, like Gecko; compatible; ClaudeBot/1.0; +claudebot@anthropic.com)"
18.222.127.68 - - [16/Apr/2025:13:00:21 -0400] "GET /ad917/?path=%2Fhome%2Fservlmvm%2F.%2Flogs%2F..%2Fwww%2Fwp-includes%2Fpomo%2F..%2Fclass-wp-block-list.php HTTP/1.1" 200 2129 "-" "Mozilla/5.0 AppleWebKit/537.36 (KHTML, like Gecko; compatible; ClaudeBot/1.0; +claudebot@anthropic.com)"
