18.119.11.206 - - [16/Apr/2025:12:01:01 -0400] "GET /ad917/?path=%2Fhome%2Fservlmvm%2F.%2Flscache%2Fa%2F..%2F8%2Fa%2F..%2F4%2F6 HTTP/1.1" 200 1583 "-" "Mozilla/5.0 AppleWebKit/537.36 (KHTML, like Gecko; compatible; ClaudeBot/1.0; +claudebot@anthropic.com)"
18.119.11.206 - - [16/Apr/2025:12:01:04 -0400] "GET /ad917/?path=%2Fhome%2Fservlmvm%2F.%2Flscache%2Fa%2F..%2Fd%2F5%2F5%2F..%2F1 HTTP/1.1" 200 1581 "-" "Mozilla/5.0 AppleWebKit/537.36 (KHTML, like Gecko; compatible; ClaudeBot/1.0; +claudebot@anthropic.com)"
18.119.11.206 - - [16/Apr/2025:12:01:07 -0400] "GET /ad917/?path=%2Fhome%2Fservlmvm%2F.%2Flscache%2Fe%2F..%2Fe%2F0%2F..%2F5%2F0 HTTP/1.1" 200 1542 "-" "Mozilla/5.0 AppleWebKit/537.36 (KHTML, like Gecko; compatible; ClaudeBot/1.0; +claudebot@anthropic.com)"
198.54.116.86 - - [16/Apr/2025:12:01:07 -0400] "POST /wp-cron.php?doing_wp_cron=1744819267.8297929763793945312500 HTTP/1.1" 200 0 "-" "WordPress/6.8; https://servethepeopleinc.org"
52.167.144.179 - - [16/Apr/2025:12:01:07 -0400] "GET /detail27156864.shtml HTTP/1.1" 404 16942 "-" "Mozilla/5.0 AppleWebKit/537.36 (KHTML, like Gecko; compatible; bingbot/2.0; +http://www.bing.com/bingbot.htm) Chrome/116.0.1938.76 Safari/537.36"
198.54.116.86 - - [16/Apr/2025:12:01:07 -0400] "POST /wp-admin/admin-ajax.php?action=async_litespeed&nonce=WZeUUXqjbmLdxDeLQKh5qkKxlHeos34G&litespeed_type=imgoptm HTTP/1.1" 200 21 "-" "WordPress/6.8; https://servethepeopleinc.org"
18.119.11.206 - - [16/Apr/2025:12:01:10 -0400] "GET /ad917/?path=%2Fhome%2Fservlmvm%2F.%2Flscache%2Fa%2F..%2Fd%2F5%2F..%2F.%2F6 HTTP/1.1" 200 1561 "-" "Mozilla/5.0 AppleWebKit/537.36 (KHTML, like Gecko; compatible; ClaudeBot/1.0; +claudebot@anthropic.com)"
40.77.167.156 - - [16/Apr/2025:12:01:11 -0400] "GET /entity/petroselinum4704950.shtml HTTP/1.1" 404 16941 "-" "Mozilla/5.0 AppleWebKit/537.36 (KHTML, like Gecko; compatible; bingbot/2.0; +http://www.bing.com/bingbot.htm) Chrome/116.0.1938.76 Safari/537.36"
18.119.11.206 - - [16/Apr/2025:12:01:13 -0400] "GET /ad917/?path=%2Fhome%2Fservlmvm%2F.%2Flscache%2Fa%2F..%2Fd%2F5%2F..%2F.%2F9 HTTP/1.1" 200 1561 "-" "Mozilla/5.0 AppleWebKit/537.36 (KHTML, like Gecko; compatible; ClaudeBot/1.0; +claudebot@anthropic.com)"
66.249.77.41 - - [16/Apr/2025:12:01:13 -0400] "GET /detail/16314206.shtml HTTP/1.1" 404 16940 "-" "Mozilla/5.0 (Linux; Android 6.0.1; Nexus 5X Build/MMB29P) AppleWebKit/537.36 (KHTML, like Gecko) Chrome/135.0.7049.84 Mobile Safari/537.36 (compatible; GoogleOther)"
18.119.11.206 - - [16/Apr/2025:12:01:16 -0400] "GET /ad917/?path=%2Fhome%2Fservlmvm%2F.%2Flscache%2Fe%2F..%2Ff%2Fe%2F..%2Ff%2F4 HTTP/1.1" 200 1542 "-" "Mozilla/5.0 AppleWebKit/537.36 (KHTML, like Gecko; compatible; ClaudeBot/1.0; +claudebot@anthropic.com)"
40.77.167.156 - - [16/Apr/2025:12:01:18 -0400] "GET /goodscode/oxanilide95523834.shtml HTTP/1.1" 404 16940 "-" "Mozilla/5.0 AppleWebKit/537.36 (KHTML, like Gecko; compatible; bingbot/2.0; +http://www.bing.com/bingbot.htm) Chrome/116.0.1938.76 Safari/537.36"
18.119.11.206 - - [16/Apr/2025:12:01:19 -0400] "GET /ad917/?path=%2Fhome%2Fservlmvm%2F.%2Flscache%2Fe%2F..%2Fe%2F0%2F..%2Fb%2Fd HTTP/1.1" 200 1543 "-" "Mozilla/5.0 AppleWebKit/537.36 (KHTML, like Gecko; compatible; ClaudeBot/1.0; +claudebot@anthropic.com)"
40.77.167.243 - - [16/Apr/2025:12:01:23 -0400] "GET /detail/flymen/116333006.shtml HTTP/1.1" 404 16949 "-" "Mozilla/5.0 AppleWebKit/537.36 (KHTML, like Gecko; compatible; bingbot/2.0; +http://www.bing.com/bingbot.htm) Chrome/116.0.1938.76 Safari/537.36"
52.167.144.197 - - [16/Apr/2025:12:01:29 -0400] "GET /items/h/repeater60769696.shtml HTTP/1.1" 301 0 "-" "Mozilla/5.0 AppleWebKit/537.36 (KHTML, like Gecko; compatible; bingbot/2.0; +http://www.bing.com/bingbot.htm) Chrome/116.0.1938.76 Safari/537.36"
40.77.167.243 - - [16/Apr/2025:12:01:39 -0400] "GET /entity/yawweed49591038.shtml HTTP/1.1" 404 16940 "-" "Mozilla/5.0 AppleWebKit/537.36 (KHTML, like Gecko; compatible; bingbot/2.0; +http://www.bing.com/bingbot.htm) Chrome/116.0.1938.76 Safari/537.36"
18.225.254.235 - - [16/Apr/2025:12:01:51 -0400] "GET /ad917/?path=%2Fhome%2Fservlmvm%2F.%2Flscache%2F8%2F..%2F1%2F4%2F..%2F2%2Fd HTTP/1.1" 200 1543 "-" "Mozilla/5.0 AppleWebKit/537.36 (KHTML, like Gecko; compatible; ClaudeBot/1.0; +claudebot@anthropic.com)"
18.225.254.235 - - [16/Apr/2025:12:01:54 -0400] "GET /ad917/?path=%2Fhome%2Fservlmvm%2F.%2Flscache%2F6%2F7%2F..%2F8%2F3%2F..%2F. HTTP/1.1" 200 1581 "-" "Mozilla/5.0 AppleWebKit/537.36 (KHTML, like Gecko; compatible; ClaudeBot/1.0; +claudebot@anthropic.com)"
18.225.254.235 - - [16/Apr/2025:12:01:57 -0400] "GET /ad917/?path=%2Fhome%2Fservlmvm%2F.%2Flscache%2F8%2F..%2F1%2F4%2F..%2F3%2F2 HTTP/1.1" 200 1542 "-" "Mozilla/5.0 AppleWebKit/537.36 (KHTML, like Gecko; compatible; ClaudeBot/1.0; +claudebot@anthropic.com)"
18.225.254.235 - - [16/Apr/2025:12:02:00 -0400] "GET /ad917/?path=%2Fhome%2Fservlmvm%2F.%2Flscache%2Fa%2F..%2Fd%2F5%2F.%2F..%2F3 HTTP/1.1" 200 1501 "-" "Mozilla/5.0 AppleWebKit/537.36 (KHTML, like Gecko; compatible; ClaudeBot/1.0; +claudebot@anthropic.com)"
18.225.254.235 - - [16/Apr/2025:12:02:03 -0400] "GET /ad917/?path=%2Fhome%2Fservlmvm%2F.%2Flscache%2F7%2F7%2F..%2F9%2Fe%2F..%2F5 HTTP/1.1" 200 1550 "-" "Mozilla/5.0 AppleWebKit/537.36 (KHTML, like Gecko; compatible; ClaudeBot/1.0; +claudebot@anthropic.com)"
18.225.254.235 - - [16/Apr/2025:12:02:06 -0400] "GET /ad917/?path=%2Fhome%2Fservlmvm%2F.%2Flscache%2Fa%2F..%2F8%2Fa%2F..%2F8%2F5 HTTP/1.1" 200 1541 "-" "Mozilla/5.0 AppleWebKit/537.36 (KHTML, like Gecko; compatible; ClaudeBot/1.0; +claudebot@anthropic.com)"
18.225.254.235 - - [16/Apr/2025:12:02:09 -0400] "GET /ad917/?path=%2Fhome%2Fservlmvm%2F.%2Flscache%2Fe%2F..%2Fe%2F0%2F..%2F.%2Fd HTTP/1.1" 200 1498 "-" "Mozilla/5.0 AppleWebKit/537.36 (KHTML, like Gecko; compatible; ClaudeBot/1.0; +claudebot@anthropic.com)"
18.225.254.235 - - [16/Apr/2025:12:02:12 -0400] "GET /ad917/?path=%2Fhome%2Fservlmvm%2F.%2Flscache%2F9%2F..%2Fc%2F0%2F..%2F1%2Fa HTTP/1.1" 200 1542 "-" "Mozilla/5.0 AppleWebKit/537.36 (KHTML, like Gecko; compatible; ClaudeBot/1.0; +claudebot@anthropic.com)"
18.225.254.235 - - [16/Apr/2025:12:02:15 -0400] "GET /ad917/?path=%2Fhome%2Fservlmvm%2F.%2Flscache%2F8%2F..%2F2%2F1%2F..%2F0%2F6 HTTP/1.1" 200 1543 "-" "Mozilla/5.0 AppleWebKit/537.36 (KHTML, like Gecko; compatible; ClaudeBot/1.0; +claudebot@anthropic.com)"
18.225.254.235 - - [16/Apr/2025:12:02:18 -0400] "GET /ad917/?path=%2Fhome%2Fservlmvm%2F.%2Flscache%2F1%2F4%2F..%2Fa%2F8%2F..%2F2 HTTP/1.1" 200 1555 "-" "Mozilla/5.0 AppleWebKit/537.36 (KHTML, like Gecko; compatible; ClaudeBot/1.0; +claudebot@anthropic.com)"
18.225.254.235 - - [16/Apr/2025:12:02:21 -0400] "GET /ad917/?path=%2Fhome%2Fservlmvm%2F.%2Flscache%2F8%2F..%2F1%2F4%2F..%2F3%2F4 HTTP/1.1" 200 1577 "-" "Mozilla/5.0 AppleWebKit/537.36 (KHTML, like Gecko; compatible; ClaudeBot/1.0; +claudebot@anthropic.com)"
18.225.254.235 - - [16/Apr/2025:12:02:24 -0400] "GET /ad917/?path=%2Fhome%2Fservlmvm%2F.%2Flscache%2Fa%2F..%2F8%2Fa%2F8%2F..%2F7 HTTP/1.1" 200 1548 "-" "Mozilla/5.0 AppleWebKit/537.36 (KHTML, like Gecko; compatible; ClaudeBot/1.0; +claudebot@anthropic.com)"
18.225.254.235 - - [16/Apr/2025:12:02:27 -0400] "GET /ad917/?path=%2Fhome%2Fservlmvm%2F.%2Flscache%2Fa%2F2%2F..%2F0%2Ff%2F..%2Ff HTTP/1.1" 200 1552 "-" "Mozilla/5.0 AppleWebKit/537.36 (KHTML, like Gecko; compatible; ClaudeBot/1.0; +claudebot@anthropic.com)"
18.225.254.235 - - [16/Apr/2025:12:02:30 -0400] "GET /ad917/?path=%2Fhome%2Fservlmvm%2F.%2Flscache%2F6%2F7%2F..%2F4%2Ff%2F..%2Fe HTTP/1.1" 200 1594 "-" "Mozilla/5.0 AppleWebKit/537.36 (KHTML, like Gecko; compatible; ClaudeBot/1.0; +claudebot@anthropic.com)"
18.225.254.235 - - [16/Apr/2025:12:02:33 -0400] "GET /ad917/?path=%2Fhome%2Fservlmvm%2F.%2Flscache%2F8%2F..%2F1%2F4%2Fc%2F.%2F.. HTTP/1.1" 200 1542 "-" "Mozilla/5.0 AppleWebKit/537.36 (KHTML, like Gecko; compatible; ClaudeBot/1.0; +claudebot@anthropic.com)"
18.225.254.235 - - [16/Apr/2025:12:02:36 -0400] "GET /ad917/?path=%2Fhome%2Fservlmvm%2F.%2Flscache%2F8%2F..%2F2%2F1%2F..%2F.%2Fb HTTP/1.1" 200 1536 "-" "Mozilla/5.0 AppleWebKit/537.36 (KHTML, like Gecko; compatible; ClaudeBot/1.0; +claudebot@anthropic.com)"
18.225.254.235 - - [16/Apr/2025:12:02:39 -0400] "GET /ad917/?path=%2Fhome%2Fservlmvm%2F.%2Flscache%2F1%2F4%2F..%2Fa%2F2%2F..%2F2 HTTP/1.1" 200 1554 "-" "Mozilla/5.0 AppleWebKit/537.36 (KHTML, like Gecko; compatible; ClaudeBot/1.0; +claudebot@anthropic.com)"
18.225.254.235 - - [16/Apr/2025:12:02:42 -0400] "GET /ad917/?path=%2Fhome%2Fservlmvm%2F.%2Flscache%2Fe%2F..%2Fe%2F0%2F..%2F.%2Fe HTTP/1.1" 200 1529 "-" "Mozilla/5.0 AppleWebKit/537.36 (KHTML, like Gecko; compatible; ClaudeBot/1.0; +claudebot@anthropic.com)"
18.225.254.235 - - [16/Apr/2025:12:02:45 -0400] "GET /ad917/?path=%2Fhome%2Fservlmvm%2F.%2Flscache%2F8%2F..%2F2%2F1%2F..%2F3%2Fa HTTP/1.1" 200 1228 "-" "Mozilla/5.0 AppleWebKit/537.36 (KHTML, like Gecko; compatible; ClaudeBot/1.0; +claudebot@anthropic.com)"
198.54.116.86 - - [16/Apr/2025:12:02:48 -0400] "POST /wp-cron.php?doing_wp_cron=1744819368.4013459682464599609375 HTTP/1.1" 200 0 "-" "WordPress/6.8; https://servethepeopleinc.org"
40.77.167.7 - - [16/Apr/2025:12:02:48 -0400] "GET /item/marchantiales/8098822.shtml HTTP/1.1" 301 0 "-" "Mozilla/5.0 AppleWebKit/537.36 (KHTML, like Gecko; compatible; bingbot/2.0; +http://www.bing.com/bingbot.htm) Chrome/116.0.1938.76 Safari/537.36"
18.225.254.235 - - [16/Apr/2025:12:02:48 -0400] "GET /ad917/?path=%2Fhome%2Fservlmvm%2F.%2Flscache%2F8%2F..%2F2%2F1%2F4%2F..%2Fe HTTP/1.1" 200 1547 "-" "Mozilla/5.0 AppleWebKit/537.36 (KHTML, like Gecko; compatible; ClaudeBot/1.0; +claudebot@anthropic.com)"
198.54.116.86 - - [16/Apr/2025:12:02:48 -0400] "POST /wp-admin/admin-ajax.php?action=async_litespeed&nonce=kosm6cxRafucsFWJVBWXjqOcXX9W2cQo&litespeed_type=imgoptm HTTP/1.1" 200 21 "-" "WordPress/6.8; https://servethepeopleinc.org"
18.225.254.235 - - [16/Apr/2025:12:02:51 -0400] "GET /ad917/?path=%2Fhome%2Fservlmvm%2F.%2Flscache%2Fe%2F..%2Fe%2F0%2F..%2F.%2F0 HTTP/1.1" 200 1556 "-" "Mozilla/5.0 AppleWebKit/537.36 (KHTML, like Gecko; compatible; ClaudeBot/1.0; +claudebot@anthropic.com)"
18.225.254.235 - - [16/Apr/2025:12:02:54 -0400] "GET /ad917/?path=%2Fhome%2Fservlmvm%2F.%2Flscache%2F1%2F4%2F..%2Fa%2F..%2Fd%2F. HTTP/1.1" 200 1575 "-" "Mozilla/5.0 AppleWebKit/537.36 (KHTML, like Gecko; compatible; ClaudeBot/1.0; +claudebot@anthropic.com)"
18.225.254.235 - - [16/Apr/2025:12:02:57 -0400] "GET /ad917/?path=%2Fhome%2Fservlmvm%2F.%2Flscache%2F8%2F..%2F2%2F1%2F..%2F8%2Fe HTTP/1.1" 200 1542 "-" "Mozilla/5.0 AppleWebKit/537.36 (KHTML, like Gecko; compatible; ClaudeBot/1.0; +claudebot@anthropic.com)"
40.77.167.7 - - [16/Apr/2025:12:02:58 -0400] "GET /shopping51221432.shtml HTTP/1.1" 301 0 "-" "Mozilla/5.0 AppleWebKit/537.36 (KHTML, like Gecko; compatible; bingbot/2.0; +http://www.bing.com/bingbot.htm) Chrome/116.0.1938.76 Safari/537.36"
18.225.254.235 - - [16/Apr/2025:12:03:00 -0400] "GET /ad917/?path=%2Fhome%2Fservlmvm%2F.%2Flscache%2F6%2F7%2F..%2F4%2F8%2F..%2Fb HTTP/1.1" 200 1228 "-" "Mozilla/5.0 AppleWebKit/537.36 (KHTML, like Gecko; compatible; ClaudeBot/1.0; +claudebot@anthropic.com)"
198.54.116.86 - - [16/Apr/2025:12:03:03 -0400] "POST /wp-cron.php?doing_wp_cron=1744819383.5929510593414306640625 HTTP/1.1" 200 0 "-" "WordPress/6.8; https://servethepeopleinc.org"
52.167.144.197 - - [16/Apr/2025:12:03:03 -0400] "GET /product/monadaria/29304706.shtml HTTP/1.1" 301 0 "-" "Mozilla/5.0 AppleWebKit/537.36 (KHTML, like Gecko; compatible; bingbot/2.0; +http://www.bing.com/bingbot.htm) Chrome/116.0.1938.76 Safari/537.36"
18.225.254.235 - - [16/Apr/2025:12:03:03 -0400] "GET /ad917/?path=%2Fhome%2Fservlmvm%2F.%2Flscache%2F1%2F4%2F..%2Fa%2F..%2Fa%2Fc HTTP/1.1" 200 1546 "-" "Mozilla/5.0 AppleWebKit/537.36 (KHTML, like Gecko; compatible; ClaudeBot/1.0; +claudebot@anthropic.com)"
18.225.254.235 - - [16/Apr/2025:12:03:06 -0400] "GET /ad917/?path=%2Fhome%2Fservlmvm%2F.%2Flscache%2Fe%2F..%2Fe%2F0%2F..%2F1%2F. HTTP/1.1" 200 1567 "-" "Mozilla/5.0 AppleWebKit/537.36 (KHTML, like Gecko; compatible; ClaudeBot/1.0; +claudebot@anthropic.com)"
18.225.254.235 - - [16/Apr/2025:12:03:09 -0400] "GET /ad917/?path=%2Fhome%2Fservlmvm%2F.%2Flscache%2Fa%2F..%2F8%2Fa%2F8%2F..%2F. HTTP/1.1" 200 1576 "-" "Mozilla/5.0 AppleWebKit/537.36 (KHTML, like Gecko; compatible; ClaudeBot/1.0; +claudebot@anthropic.com)"
18.225.254.235 - - [16/Apr/2025:12:03:12 -0400] "GET /ad917/?path=%2Fhome%2Fservlmvm%2F.%2F.%2F.%2Fmail%2F.Sent%2F.%2F.%2F..%2F. HTTP/1.1" 200 2255 "-" "Mozilla/5.0 AppleWebKit/537.36 (KHTML, like Gecko; compatible; ClaudeBot/1.0; +claudebot@anthropic.com)"
18.225.254.235 - - [16/Apr/2025:12:03:15 -0400] "GET /ad917/?path=%2Fhome%2Fservlmvm%2F.%2Flscache%2F8%2F..%2F2%2F1%2F..%2F8%2Fd HTTP/1.1" 200 1577 "-" "Mozilla/5.0 AppleWebKit/537.36 (KHTML, like Gecko; compatible; ClaudeBot/1.0; +claudebot@anthropic.com)"
18.225.254.235 - - [16/Apr/2025:12:03:18 -0400] "GET /ad917/?path=%2Fhome%2Fservlmvm%2F.%2Flscache%2Fe%2F..%2Fe%2F0%2F..%2F1%2Fd HTTP/1.1" 200 1541 "-" "Mozilla/5.0 AppleWebKit/537.36 (KHTML, like Gecko; compatible; ClaudeBot/1.0; +claudebot@anthropic.com)"
18.225.254.235 - - [16/Apr/2025:12:03:21 -0400] "GET /ad917/?path=%2Fhome%2Fservlmvm%2F.%2Flscache%2F2%2F..%2F9%2Fa%2F8%2F..%2Fa HTTP/1.1" 200 1546 "-" "Mozilla/5.0 AppleWebKit/537.36 (KHTML, like Gecko; compatible; ClaudeBot/1.0; +claudebot@anthropic.com)"
18.225.254.235 - - [16/Apr/2025:12:03:24 -0400] "GET /ad917/?path=%2Fhome%2Fservlmvm%2F.%2Flscache%2Fa%2F..%2F8%2Fa%2F..%2Fc%2F3 HTTP/1.1" 200 1543 "-" "Mozilla/5.0 AppleWebKit/537.36 (KHTML, like Gecko; compatible; ClaudeBot/1.0; +claudebot@anthropic.com)"
18.225.254.235 - - [16/Apr/2025:12:03:27 -0400] "GET /ad917/?path=%2Fhome%2Fservlmvm%2F.%2Flscache%2Fa%2F..%2F8%2Fa%2F..%2F8%2Ff HTTP/1.1" 200 1579 "-" "Mozilla/5.0 AppleWebKit/537.36 (KHTML, like Gecko; compatible; ClaudeBot/1.0; +claudebot@anthropic.com)"
18.225.254.235 - - [16/Apr/2025:12:03:30 -0400] "GET /ad917/?path=%2Fhome%2Fservlmvm%2F.%2Flscache%2Fc%2F5%2F..%2F4%2F..%2F0%2Fb HTTP/1.1" 200 1550 "-" "Mozilla/5.0 AppleWebKit/537.36 (KHTML, like Gecko; compatible; ClaudeBot/1.0; +claudebot@anthropic.com)"
18.225.254.235 - - [16/Apr/2025:12:03:33 -0400] "GET /ad917/?path=%2Fhome%2Fservlmvm%2F.%2Flscache%2F1%2F4%2F..%2Fa%2F8%2F..%2Fc HTTP/1.1" 200 1554 "-" "Mozilla/5.0 AppleWebKit/537.36 (KHTML, like Gecko; compatible; ClaudeBot/1.0; +claudebot@anthropic.com)"
18.225.254.235 - - [16/Apr/2025:12:03:36 -0400] "GET /ad917/?path=%2Fhome%2Fservlmvm%2F.%2Flscache%2Fa%2F..%2F8%2Fa%2F..%2Fe%2F9 HTTP/1.1" 200 1226 "-" "Mozilla/5.0 AppleWebKit/537.36 (KHTML, like Gecko; compatible; ClaudeBot/1.0; +claudebot@anthropic.com)"
18.225.254.235 - - [16/Apr/2025:12:03:39 -0400] "GET /ad917/?path=%2Fhome%2Fservlmvm%2F.%2Flscache%2Fc%2F8%2F..%2F3%2F.%2F..%2Ff HTTP/1.1" 200 1522 "-" "Mozilla/5.0 AppleWebKit/537.36 (KHTML, like Gecko; compatible; ClaudeBot/1.0; +claudebot@anthropic.com)"
18.225.254.235 - - [16/Apr/2025:12:03:42 -0400] "GET /ad917/?path=%2Fhome%2Fservlmvm%2F.%2Flscache%2F6%2F7%2F..%2F8%2F3%2F..%2F3 HTTP/1.1" 200 1555 "-" "Mozilla/5.0 AppleWebKit/537.36 (KHTML, like Gecko; compatible; ClaudeBot/1.0; +claudebot@anthropic.com)"
18.225.254.235 - - [16/Apr/2025:12:03:45 -0400] "GET /ad917/?path=%2Fhome%2Fservlmvm%2F.%2Flscache%2F8%2F..%2F2%2F1%2F..%2F4%2F. HTTP/1.1" 200 1525 "-" "Mozilla/5.0 AppleWebKit/537.36 (KHTML, like Gecko; compatible; ClaudeBot/1.0; +claudebot@anthropic.com)"
18.225.254.235 - - [16/Apr/2025:12:03:48 -0400] "GET /ad917/?path=%2Fhome%2Fservlmvm%2F.%2Flscache%2F8%2F..%2F2%2F1%2F..%2F3%2F9 HTTP/1.1" 200 1541 "-" "Mozilla/5.0 AppleWebKit/537.36 (KHTML, like Gecko; compatible; ClaudeBot/1.0; +claudebot@anthropic.com)"
18.225.254.235 - - [16/Apr/2025:12:03:51 -0400] "GET /ad917/?path=%2Fhome%2Fservlmvm%2F.%2Flscache%2F8%2F..%2F1%2F4%2F..%2F4%2F. HTTP/1.1" 200 1568 "-" "Mozilla/5.0 AppleWebKit/537.36 (KHTML, like Gecko; compatible; ClaudeBot/1.0; +claudebot@anthropic.com)"
18.225.254.235 - - [16/Apr/2025:12:03:54 -0400] "GET /ad917/?path=%2Fhome%2Fservlmvm%2F.%2Flscache%2Fa%2F..%2Fd%2F5%2F.%2F..%2F2 HTTP/1.1" 200 1527 "-" "Mozilla/5.0 AppleWebKit/537.36 (KHTML, like Gecko; compatible; ClaudeBot/1.0; +claudebot@anthropic.com)"
198.54.116.86 - - [16/Apr/2025:12:03:54 -0400] "POST /wp-cron.php?doing_wp_cron=1744819434.8744390010833740234375 HTTP/1.1" 200 0 "-" "WordPress/6.8; https://servethepeopleinc.org"
40.77.167.243 - - [16/Apr/2025:12:03:54 -0400] "GET /entity106332854.shtml HTTP/1.1" 404 16939 "-" "Mozilla/5.0 AppleWebKit/537.36 (KHTML, like Gecko; compatible; bingbot/2.0; +http://www.bing.com/bingbot.htm) Chrome/116.0.1938.76 Safari/537.36"
198.54.116.86 - - [16/Apr/2025:12:03:55 -0400] "POST /wp-admin/admin-ajax.php?action=async_litespeed&nonce=SBq5tjbwjbyhFFKYElyCCE5gLViHoJzO&litespeed_type=imgoptm HTTP/1.1" 200 21 "-" "WordPress/6.8; https://servethepeopleinc.org"
18.225.254.235 - - [16/Apr/2025:12:03:57 -0400] "GET /ad917/?path=%2Fhome%2Fservlmvm%2F.%2Flscache%2Fc%2F5%2F..%2F4%2F.%2F..%2Fb HTTP/1.1" 200 1554 "-" "Mozilla/5.0 AppleWebKit/537.36 (KHTML, like Gecko; compatible; ClaudeBot/1.0; +claudebot@anthropic.com)"
40.77.167.7 - - [16/Apr/2025:12:03:58 -0400] "GET /shopdetail/elw/armfulus83684038.shtml HTTP/1.1" 301 0 "-" "Mozilla/5.0 AppleWebKit/537.36 (KHTML, like Gecko; compatible; bingbot/2.0; +http://www.bing.com/bingbot.htm) Chrome/116.0.1938.76 Safari/537.36"
18.225.254.235 - - [16/Apr/2025:12:04:00 -0400] "GET /ad917/?path=%2Fhome%2Fservlmvm%2F.%2Flscache%2F6%2F7%2F..%2F4%2Fa%2F..%2F8 HTTP/1.1" 200 1555 "-" "Mozilla/5.0 AppleWebKit/537.36 (KHTML, like Gecko; compatible; ClaudeBot/1.0; +claudebot@anthropic.com)"
18.225.254.235 - - [16/Apr/2025:12:04:03 -0400] "GET /ad917/?path=%2Fhome%2Fservlmvm%2F.%2Flscache%2Fc%2F8%2F..%2F3%2F5%2F..%2F. HTTP/1.1" 200 1590 "-" "Mozilla/5.0 AppleWebKit/537.36 (KHTML, like Gecko; compatible; ClaudeBot/1.0; +claudebot@anthropic.com)"
18.225.254.235 - - [16/Apr/2025:12:04:06 -0400] "GET /ad917/?path=%2Fhome%2Fservlmvm%2F.%2Flscache%2Fc%2F8%2F..%2F3%2F.%2F..%2F1 HTTP/1.1" 200 1582 "-" "Mozilla/5.0 AppleWebKit/537.36 (KHTML, like Gecko; compatible; ClaudeBot/1.0; +claudebot@anthropic.com)"
18.225.254.235 - - [16/Apr/2025:12:04:09 -0400] "GET /ad917/?path=%2Fhome%2Fservlmvm%2F.%2Flscache%2Fe%2F..%2Fe%2F0%2Ff%2F..%2F2 HTTP/1.1" 200 1545 "-" "Mozilla/5.0 AppleWebKit/537.36 (KHTML, like Gecko; compatible; ClaudeBot/1.0; +claudebot@anthropic.com)"
18.225.254.235 - - [16/Apr/2025:12:04:12 -0400] "GET /ad917/?path=%2Fhome%2Fservlmvm%2F.%2Flscache%2Fe%2F..%2Fe%2F0%2F..%2F6%2F6 HTTP/1.1" 200 1223 "-" "Mozilla/5.0 AppleWebKit/537.36 (KHTML, like Gecko; compatible; ClaudeBot/1.0; +claudebot@anthropic.com)"
18.225.254.235 - - [16/Apr/2025:12:04:15 -0400] "GET /ad917/?path=%2Fhome%2Fservlmvm%2F.%2Flscache%2F6%2F7%2F..%2F8%2F3%2F..%2F5 HTTP/1.1" 200 1555 "-" "Mozilla/5.0 AppleWebKit/537.36 (KHTML, like Gecko; compatible; ClaudeBot/1.0; +claudebot@anthropic.com)"
18.225.254.235 - - [16/Apr/2025:12:04:18 -0400] "GET /ad917/?path=%2Fhome%2Fservlmvm%2F.%2Flscache%2Fc%2F8%2F..%2F3%2F.%2F..%2Fc HTTP/1.1" 200 1576 "-" "Mozilla/5.0 AppleWebKit/537.36 (KHTML, like Gecko; compatible; ClaudeBot/1.0; +claudebot@anthropic.com)"
198.54.116.86 - - [16/Apr/2025:12:04:18 -0400] "POST /wp-cron.php?doing_wp_cron=1744819458.9149820804595947265625 HTTP/1.1" 200 0 "-" "WordPress/6.8; https://servethepeopleinc.org"
52.167.144.197 - - [16/Apr/2025:12:04:18 -0400] "GET /item/nebraskan6883696.shtml HTTP/1.1" 301 0 "-" "Mozilla/5.0 AppleWebKit/537.36 (KHTML, like Gecko; compatible; bingbot/2.0; +http://www.bing.com/bingbot.htm) Chrome/116.0.1938.76 Safari/537.36"
198.54.116.86 - - [16/Apr/2025:12:04:19 -0400] "POST /wp-admin/admin-ajax.php?action=async_litespeed&nonce=a1GlnFMnjU9LSoKro4Cz2Kae0PPA6mjU&litespeed_type=imgoptm HTTP/1.1" 200 21 "-" "WordPress/6.8; https://servethepeopleinc.org"
40.77.167.243 - - [16/Apr/2025:12:04:19 -0400] "GET /shopdetail44453786.shtml HTTP/1.1" 404 16941 "-" "Mozilla/5.0 AppleWebKit/537.36 (KHTML, like Gecko; compatible; bingbot/2.0; +http://www.bing.com/bingbot.htm) Chrome/116.0.1938.76 Safari/537.36"
18.225.254.235 - - [16/Apr/2025:12:04:21 -0400] "GET /ad917/?path=%2Fhome%2Fservlmvm%2F.%2Flscache%2F8%2F..%2F2%2F1%2F..%2F.%2Fa HTTP/1.1" 200 1560 "-" "Mozilla/5.0 AppleWebKit/537.36 (KHTML, like Gecko; compatible; ClaudeBot/1.0; +claudebot@anthropic.com)"
18.225.254.235 - - [16/Apr/2025:12:04:24 -0400] "GET /ad917/?path=%2Fhome%2Fservlmvm%2F.%2Flscache%2F8%2F..%2F2%2F1%2F..%2F.%2F8 HTTP/1.1" 200 1577 "-" "Mozilla/5.0 AppleWebKit/537.36 (KHTML, like Gecko; compatible; ClaudeBot/1.0; +claudebot@anthropic.com)"
18.225.254.235 - - [16/Apr/2025:12:04:27 -0400] "GET /ad917/?path=%2Fhome%2Fservlmvm%2F.%2Flscache%2Fa%2F..%2Fd%2F5%2F..%2F5%2F7 HTTP/1.1" 200 1543 "-" "Mozilla/5.0 AppleWebKit/537.36 (KHTML, like Gecko; compatible; ClaudeBot/1.0; +claudebot@anthropic.com)"
18.225.254.235 - - [16/Apr/2025:12:04:30 -0400] "GET /ad917/?path=%2Fhome%2Fservlmvm%2F.%2Flscache%2Fe%2F..%2Fe%2F0%2F..%2F6%2F4 HTTP/1.1" 200 1542 "-" "Mozilla/5.0 AppleWebKit/537.36 (KHTML, like Gecko; compatible; ClaudeBot/1.0; +claudebot@anthropic.com)"
52.167.144.197 - - [16/Apr/2025:12:04:31 -0400] "GET /special/x/lepered/51415204.shtml HTTP/1.1" 301 0 "-" "Mozilla/5.0 AppleWebKit/537.36 (KHTML, like Gecko; compatible; bingbot/2.0; +http://www.bing.com/bingbot.htm) Chrome/116.0.1938.76 Safari/537.36"
18.225.254.235 - - [16/Apr/2025:12:04:33 -0400] "GET /ad917/?path=%2Fhome%2Fservlmvm%2F.%2Flscache%2F1%2F4%2F..%2Fa%2F2%2F..%2F8 HTTP/1.1" 200 1554 "-" "Mozilla/5.0 AppleWebKit/537.36 (KHTML, like Gecko; compatible; ClaudeBot/1.0; +claudebot@anthropic.com)"
18.225.254.235 - - [16/Apr/2025:12:04:36 -0400] "GET /ad917/?path=%2Fhome%2Fservlmvm%2F.%2Flscache%2F8%2F..%2F2%2F1%2F..%2Fb%2Fa HTTP/1.1" 200 1544 "-" "Mozilla/5.0 AppleWebKit/537.36 (KHTML, like Gecko; compatible; ClaudeBot/1.0; +claudebot@anthropic.com)"
40.77.167.7 - - [16/Apr/2025:12:04:38 -0400] "GET /detail/secernent/52279290.shtml HTTP/1.1" 301 0 "-" "Mozilla/5.0 AppleWebKit/537.36 (KHTML, like Gecko; compatible; bingbot/2.0; +http://www.bing.com/bingbot.htm) Chrome/116.0.1938.76 Safari/537.36"
40.77.167.156 - - [16/Apr/2025:12:04:37 -0400] "GET /entity/hoppers13852876.shtml HTTP/1.1" 404 16941 "-" "Mozilla/5.0 AppleWebKit/537.36 (KHTML, like Gecko; compatible; bingbot/2.0; +http://www.bing.com/bingbot.htm) Chrome/116.0.1938.76 Safari/537.36"
18.225.254.235 - - [16/Apr/2025:12:04:39 -0400] "GET /ad917/?path=%2Fhome%2Fservlmvm%2F.%2Flscache%2Fa%2F..%2Fd%2F5%2F.%2F..%2F7 HTTP/1.1" 200 1564 "-" "Mozilla/5.0 AppleWebKit/537.36 (KHTML, like Gecko; compatible; ClaudeBot/1.0; +claudebot@anthropic.com)"
18.225.254.235 - - [16/Apr/2025:12:04:42 -0400] "GET /ad917/?path=%2Fhome%2Fservlmvm%2F.%2Flscache%2F8%2F..%2F2%2F1%2F..%2Ff%2F8 HTTP/1.1" 200 1539 "-" "Mozilla/5.0 AppleWebKit/537.36 (KHTML, like Gecko; compatible; ClaudeBot/1.0; +claudebot@anthropic.com)"
52.167.144.197 - - [16/Apr/2025:12:04:43 -0400] "GET /shopping/56210932.shtml HTTP/1.1" 301 0 "-" "Mozilla/5.0 AppleWebKit/537.36 (KHTML, like Gecko; compatible; bingbot/2.0; +http://www.bing.com/bingbot.htm) Chrome/116.0.1938.76 Safari/537.36"
18.225.254.235 - - [16/Apr/2025:12:04:45 -0400] "GET /ad917/?path=%2Fhome%2Fservlmvm%2F.%2Flscache%2Fe%2F..%2Ff%2Fe%2F..%2F7%2Fe HTTP/1.1" 200 1539 "-" "Mozilla/5.0 AppleWebKit/537.36 (KHTML, like Gecko; compatible; ClaudeBot/1.0; +claudebot@anthropic.com)"
18.225.254.235 - - [16/Apr/2025:12:04:48 -0400] "GET /ad917/?path=%2Fhome%2Fservlmvm%2F.%2Flscache%2F8%2F..%2F2%2F1%2F..%2F.%2Fe HTTP/1.1" 200 1558 "-" "Mozilla/5.0 AppleWebKit/537.36 (KHTML, like Gecko; compatible; ClaudeBot/1.0; +claudebot@anthropic.com)"
52.167.144.197 - - [16/Apr/2025:12:04:50 -0400] "GET /detail/u/hydroextractor46573154.shtml HTTP/1.1" 301 0 "-" "Mozilla/5.0 AppleWebKit/537.36 (KHTML, like Gecko; compatible; bingbot/2.0; +http://www.bing.com/bingbot.htm) Chrome/116.0.1938.76 Safari/537.36"
18.225.254.235 - - [16/Apr/2025:12:04:51 -0400] "GET /ad917/?path=%2Fhome%2Fservlmvm%2F.%2Flscache%2Fa%2F..%2Fd%2F5%2F..%2F2%2Fe HTTP/1.1" 200 1542 "-" "Mozilla/5.0 AppleWebKit/537.36 (KHTML, like Gecko; compatible; ClaudeBot/1.0; +claudebot@anthropic.com)"
18.225.254.235 - - [16/Apr/2025:12:04:54 -0400] "GET /ad917/?path=%2Fhome%2Fservlmvm%2F.%2Flscache%2Fa%2F7%2F..%2F5%2F6%2F..%2F7 HTTP/1.1" 200 1555 "-" "Mozilla/5.0 AppleWebKit/537.36 (KHTML, like Gecko; compatible; ClaudeBot/1.0; +claudebot@anthropic.com)"
52.167.144.197 - - [16/Apr/2025:12:04:54 -0400] "GET /shopping/yu/starost93958430.shtml HTTP/1.1" 301 0 "-" "Mozilla/5.0 AppleWebKit/537.36 (KHTML, like Gecko; compatible; bingbot/2.0; +http://www.bing.com/bingbot.htm) Chrome/116.0.1938.76 Safari/537.36"
40.77.167.156 - - [16/Apr/2025:12:04:56 -0400] "GET /goods/wpk/tiderode101819702.shtml HTTP/1.1" 404 16948 "-" "Mozilla/5.0 AppleWebKit/537.36 (KHTML, like Gecko; compatible; bingbot/2.0; +http://www.bing.com/bingbot.htm) Chrome/116.0.1938.76 Safari/537.36"
18.225.254.235 - - [16/Apr/2025:12:04:57 -0400] "GET /ad917/?path=%2Fhome%2Fservlmvm%2F.%2Flscache%2Fa%2F..%2F8%2Fa%2F..%2F3%2F0 HTTP/1.1" 200 1544 "-" "Mozilla/5.0 AppleWebKit/537.36 (KHTML, like Gecko; compatible; ClaudeBot/1.0; +claudebot@anthropic.com)"
18.225.254.235 - - [16/Apr/2025:12:05:00 -0400] "GET /ad917/?path=%2Fhome%2Fservlmvm%2F.%2Flscache%2F8%2F..%2F2%2F1%2F..%2F3%2Ff HTTP/1.1" 200 1543 "-" "Mozilla/5.0 AppleWebKit/537.36 (KHTML, like Gecko; compatible; ClaudeBot/1.0; +claudebot@anthropic.com)"
18.225.254.235 - - [16/Apr/2025:12:05:03 -0400] "GET /ad917/?path=%2Fhome%2Fservlmvm%2F.%2Flscache%2Fe%2F..%2Fe%2F0%2F..%2F.%2Fb HTTP/1.1" 200 1553 "-" "Mozilla/5.0 AppleWebKit/537.36 (KHTML, like Gecko; compatible; ClaudeBot/1.0; +claudebot@anthropic.com)"
18.225.254.235 - - [16/Apr/2025:12:05:06 -0400] "GET /ad917/?path=%2Fhome%2Fservlmvm%2F.%2Flscache%2Fe%2F..%2Fe%2F0%2F..%2Fc%2F9 HTTP/1.1" 200 1542 "-" "Mozilla/5.0 AppleWebKit/537.36 (KHTML, like Gecko; compatible; ClaudeBot/1.0; +claudebot@anthropic.com)"
18.225.254.235 - - [16/Apr/2025:12:05:09 -0400] "GET /ad917/?path=%2Fhome%2Fservlmvm%2F.%2Flscache%2F8%2F..%2F2%2F1%2F..%2Fb%2F3 HTTP/1.1" 200 1229 "-" "Mozilla/5.0 AppleWebKit/537.36 (KHTML, like Gecko; compatible; ClaudeBot/1.0; +claudebot@anthropic.com)"
18.225.254.235 - - [16/Apr/2025:12:05:12 -0400] "GET /ad917/?path=%2Fhome%2Fservlmvm%2F.%2Flscache%2F8%2F..%2F2%2F1%2F..%2Fa%2F7 HTTP/1.1" 200 1543 "-" "Mozilla/5.0 AppleWebKit/537.36 (KHTML, like Gecko; compatible; ClaudeBot/1.0; +claudebot@anthropic.com)"
198.54.116.86 - - [16/Apr/2025:12:05:18 -0400] "POST /wp-cron.php?doing_wp_cron=1744819518.3741950988769531250000 HTTP/1.1" 200 0 "-" "WordPress/6.8; https://servethepeopleinc.org"
40.77.167.7 - - [16/Apr/2025:12:05:18 -0400] "GET /shopbrand/83665948.shtml HTTP/1.1" 301 0 "-" "Mozilla/5.0 AppleWebKit/537.36 (KHTML, like Gecko; compatible; bingbot/2.0; +http://www.bing.com/bingbot.htm) Chrome/116.0.1938.76 Safari/537.36"
198.54.116.86 - - [16/Apr/2025:12:05:18 -0400] "POST /wp-admin/admin-ajax.php?action=async_litespeed&nonce=AOojQ8xvXqgiLqkQcYhyiLwNRd3mDkww&litespeed_type=imgoptm HTTP/1.1" 200 21 "-" "WordPress/6.8; https://servethepeopleinc.org"
40.77.167.7 - - [16/Apr/2025:12:05:28 -0400] "GET /info36492772.shtml HTTP/1.1" 301 0 "-" "Mozilla/5.0 AppleWebKit/537.36 (KHTML, like Gecko; compatible; bingbot/2.0; +http://www.bing.com/bingbot.htm) Chrome/116.0.1938.76 Safari/537.36"
52.167.144.167 - - [16/Apr/2025:12:05:40 -0400] "GET /special/54170740.shtml HTTP/1.1" 404 16942 "-" "Mozilla/5.0 AppleWebKit/537.36 (KHTML, like Gecko; compatible; bingbot/2.0; +http://www.bing.com/bingbot.htm) Chrome/116.0.1938.76 Safari/537.36"
40.77.167.243 - - [16/Apr/2025:12:05:43 -0400] "GET /info61625336.shtml HTTP/1.1" 404 16940 "-" "Mozilla/5.0 AppleWebKit/537.36 (KHTML, like Gecko; compatible; bingbot/2.0; +http://www.bing.com/bingbot.htm) Chrome/116.0.1938.76 Safari/537.36"
3.144.109.245 - - [16/Apr/2025:12:05:47 -0400] "GET /ad917/?path=%2Fhome%2Fservlmvm%2F.%2Flscache%2Fc%2F5%2F..%2F4%2F.%2F..%2F6 HTTP/1.1" 200 1549 "-" "Mozilla/5.0 AppleWebKit/537.36 (KHTML, like Gecko; compatible; ClaudeBot/1.0; +claudebot@anthropic.com)"
40.77.167.156 - - [16/Apr/2025:12:05:48 -0400] "GET /goods/thencefrom115176244.shtml HTTP/1.1" 404 16940 "-" "Mozilla/5.0 AppleWebKit/537.36 (KHTML, like Gecko; compatible; bingbot/2.0; +http://www.bing.com/bingbot.htm) Chrome/116.0.1938.76 Safari/537.36"
3.144.109.245 - - [16/Apr/2025:12:05:50 -0400] "GET /ad917/?path=%2Fhome%2Fservlmvm%2F.%2Flscache%2Fa%2F..%2F8%2Fa%2F..%2Fe%2F5 HTTP/1.1" 200 1581 "-" "Mozilla/5.0 AppleWebKit/537.36 (KHTML, like Gecko; compatible; ClaudeBot/1.0; +claudebot@anthropic.com)"
3.144.109.245 - - [16/Apr/2025:12:05:53 -0400] "GET /ad917/?path=%2Fhome%2Fservlmvm%2F.%2Flscache%2Fe%2F..%2Ff%2Fe%2F..%2F5%2Fb HTTP/1.1" 200 1545 "-" "Mozilla/5.0 AppleWebKit/537.36 (KHTML, like Gecko; compatible; ClaudeBot/1.0; +claudebot@anthropic.com)"
3.144.109.245 - - [16/Apr/2025:12:05:56 -0400] "GET /ad917/?path=%2Fhome%2Fservlmvm%2F.%2Flscache%2F8%2F..%2F2%2F1%2F4%2F..%2F. HTTP/1.1" 200 1578 "-" "Mozilla/5.0 AppleWebKit/537.36 (KHTML, like Gecko; compatible; ClaudeBot/1.0; +claudebot@anthropic.com)"
52.167.144.167 - - [16/Apr/2025:12:05:58 -0400] "GET /info/smithsonite72184286.shtml HTTP/1.1" 404 16940 "-" "Mozilla/5.0 AppleWebKit/537.36 (KHTML, like Gecko; compatible; bingbot/2.0; +http://www.bing.com/bingbot.htm) Chrome/116.0.1938.76 Safari/537.36"
3.144.109.245 - - [16/Apr/2025:12:05:59 -0400] "GET /ad917/?path=%2Fhome%2Fservlmvm%2F.%2Flscache%2F1%2F4%2F..%2Fa%2F..%2Fe%2F1 HTTP/1.1" 200 1554 "-" "Mozilla/5.0 AppleWebKit/537.36 (KHTML, like Gecko; compatible; ClaudeBot/1.0; +claudebot@anthropic.com)"
3.144.109.245 - - [16/Apr/2025:12:06:02 -0400] "GET /ad917/?path=%2Fhome%2Fservlmvm%2F.%2Flscache%2F2%2F..%2F9%2Fa%2F..%2Fb%2F1 HTTP/1.1" 200 1548 "-" "Mozilla/5.0 AppleWebKit/537.36 (KHTML, like Gecko; compatible; ClaudeBot/1.0; +claudebot@anthropic.com)"
3.144.109.245 - - [16/Apr/2025:12:06:05 -0400] "GET /ad917/?path=%2Fhome%2Fservlmvm%2F.%2Flscache%2F6%2F7%2F..%2F4%2F6%2F..%2Fe HTTP/1.1" 200 1587 "-" "Mozilla/5.0 AppleWebKit/537.36 (KHTML, like Gecko; compatible; ClaudeBot/1.0; +claudebot@anthropic.com)"
3.144.109.245 - - [16/Apr/2025:12:06:08 -0400] "GET /ad917/?path=%2Fhome%2Fservlmvm%2F.%2Flscache%2Fa%2F..%2Fd%2F5%2F.%2F..%2Fc HTTP/1.1" 200 1581 "-" "Mozilla/5.0 AppleWebKit/537.36 (KHTML, like Gecko; compatible; ClaudeBot/1.0; +claudebot@anthropic.com)"
3.144.109.245 - - [16/Apr/2025:12:06:11 -0400] "GET /ad917/?path=%2Fhome%2Fservlmvm%2F.%2Flscache%2F8%2Fe%2F..%2Fe%2Ff%2F..%2F9 HTTP/1.1" 200 1223 "-" "Mozilla/5.0 AppleWebKit/537.36 (KHTML, like Gecko; compatible; ClaudeBot/1.0; +claudebot@anthropic.com)"
3.144.109.245 - - [16/Apr/2025:12:06:14 -0400] "GET /ad917/?path=%2Fhome%2Fservlmvm%2F.%2Flscache%2F9%2F..%2Fc%2F0%2F9%2F..%2F6 HTTP/1.1" 200 1589 "-" "Mozilla/5.0 AppleWebKit/537.36 (KHTML, like Gecko; compatible; ClaudeBot/1.0; +claudebot@anthropic.com)"
3.144.109.245 - - [16/Apr/2025:12:06:17 -0400] "GET /ad917/?path=%2Fhome%2Fservlmvm%2F.%2Flscache%2Fa%2F..%2F8%2Fa%2F..%2Fb%2F6 HTTP/1.1" 200 1577 "-" "Mozilla/5.0 AppleWebKit/537.36 (KHTML, like Gecko; compatible; ClaudeBot/1.0; +claudebot@anthropic.com)"
198.54.116.86 - - [16/Apr/2025:12:06:17 -0400] "POST /wp-cron.php?doing_wp_cron=1744819577.5269598960876464843750 HTTP/1.1" 200 0 "-" "WordPress/6.8; https://servethepeopleinc.org"
40.77.167.156 - - [16/Apr/2025:12:06:17 -0400] "GET /detail/vortically83904954.shtml HTTP/1.1" 404 16941 "-" "Mozilla/5.0 AppleWebKit/537.36 (KHTML, like Gecko; compatible; bingbot/2.0; +http://www.bing.com/bingbot.htm) Chrome/116.0.1938.76 Safari/537.36"
198.54.116.86 - - [16/Apr/2025:12:06:17 -0400] "POST /wp-admin/admin-ajax.php?action=async_litespeed&nonce=TJ7izxNBp1K8CmZW5ifovoFjvNv9vHgK&litespeed_type=imgoptm HTTP/1.1" 200 21 "-" "WordPress/6.8; https://servethepeopleinc.org"
3.144.109.245 - - [16/Apr/2025:12:06:20 -0400] "GET /ad917/?path=%2Fhome%2Fservlmvm%2F.%2Flscache%2F9%2F..%2Fc%2F0%2F..%2F1%2F. HTTP/1.1" 200 1573 "-" "Mozilla/5.0 AppleWebKit/537.36 (KHTML, like Gecko; compatible; ClaudeBot/1.0; +claudebot@anthropic.com)"
3.144.109.245 - - [16/Apr/2025:12:06:23 -0400] "GET /ad917/?path=%2Fhome%2Fservlmvm%2F.%2Flscache%2F6%2F7%2F..%2F4%2F8%2F..%2Fa HTTP/1.1" 200 1551 "-" "Mozilla/5.0 AppleWebKit/537.36 (KHTML, like Gecko; compatible; ClaudeBot/1.0; +claudebot@anthropic.com)"
52.167.144.171 - - [16/Apr/2025:12:06:25 -0400] "GET /goodscode/68365768.shtml HTTP/1.1" 301 0 "-" "Mozilla/5.0 AppleWebKit/537.36 (KHTML, like Gecko; compatible; bingbot/2.0; +http://www.bing.com/bingbot.htm) Chrome/116.0.1938.76 Safari/537.36"
3.144.109.245 - - [16/Apr/2025:12:06:26 -0400] "GET /ad917/?path=%2Fhome%2Fservlmvm%2F.%2Flscache%2F1%2F4%2F..%2Fa%2F..%2Fd%2Fb HTTP/1.1" 200 1554 "-" "Mozilla/5.0 AppleWebKit/537.36 (KHTML, like Gecko; compatible; ClaudeBot/1.0; +claudebot@anthropic.com)"
66.249.77.42 - - [16/Apr/2025:12:06:28 -0400] "GET /info/wa/dactylar/57629754.shtml HTTP/1.1" 404 16950 "-" "Mozilla/5.0 (Linux; Android 6.0.1; Nexus 5X Build/MMB29P) AppleWebKit/537.36 (KHTML, like Gecko) Chrome/135.0.7049.84 Mobile Safari/537.36 (compatible; Googlebot/2.1; +http://www.google.com/bot.html)"
3.144.109.245 - - [16/Apr/2025:12:06:29 -0400] "GET /ad917/?path=%2Fhome%2Fservlmvm%2F.%2Flscache%2F8%2F..%2F1%2F4%2F..%2F2%2F7 HTTP/1.1" 200 1548 "-" "Mozilla/5.0 AppleWebKit/537.36 (KHTML, like Gecko; compatible; ClaudeBot/1.0; +claudebot@anthropic.com)"
3.144.109.245 - - [16/Apr/2025:12:06:32 -0400] "GET /ad917/?path=%2Fhome%2Fservlmvm%2F.%2Flscache%2F6%2F7%2F..%2F4%2F6%2F..%2Fa HTTP/1.1" 200 1548 "-" "Mozilla/5.0 AppleWebKit/537.36 (KHTML, like Gecko; compatible; ClaudeBot/1.0; +claudebot@anthropic.com)"
66.249.77.41 - - [16/Apr/2025:12:06:33 -0400] "GET /entity/16314292.shtml HTTP/1.1" 404 16940 "-" "Mozilla/5.0 (Linux; Android 6.0.1; Nexus 5X Build/MMB29P) AppleWebKit/537.36 (KHTML, like Gecko) Chrome/135.0.7049.84 Mobile Safari/537.36 (compatible; GoogleOther)"
3.144.109.245 - - [16/Apr/2025:12:06:35 -0400] "GET /ad917/?path=%2Fhome%2Fservlmvm%2F.%2Flscache%2Fa%2F2%2F..%2F0%2Ff%2F..%2F. HTTP/1.1" 200 1621 "-" "Mozilla/5.0 AppleWebKit/537.36 (KHTML, like Gecko; compatible; ClaudeBot/1.0; +claudebot@anthropic.com)"
3.144.109.245 - - [16/Apr/2025:12:06:38 -0400] "GET /ad917/?path=%2Fhome%2Fservlmvm%2F.%2Flscache%2Fc%2F5%2F..%2F4%2F..%2F0%2F. HTTP/1.1" 200 1556 "-" "Mozilla/5.0 AppleWebKit/537.36 (KHTML, like Gecko; compatible; ClaudeBot/1.0; +claudebot@anthropic.com)"
3.144.109.245 - - [16/Apr/2025:12:06:41 -0400] "GET /ad917/?path=%2Fhome%2Fservlmvm%2F.%2Flscache%2Ff%2F0%2F..%2Fa%2F.%2F..%2F5 HTTP/1.1" 200 1529 "-" "Mozilla/5.0 AppleWebKit/537.36 (KHTML, like Gecko; compatible; ClaudeBot/1.0; +claudebot@anthropic.com)"
3.144.109.245 - - [16/Apr/2025:12:06:44 -0400] "GET /ad917/?path=%2Fhome%2Fservlmvm%2F.%2Flscache%2Fc%2F5%2F..%2F4%2F..%2F2%2F4 HTTP/1.1" 200 1555 "-" "Mozilla/5.0 AppleWebKit/537.36 (KHTML, like Gecko; compatible; ClaudeBot/1.0; +claudebot@anthropic.com)"
3.144.109.245 - - [16/Apr/2025:12:06:47 -0400] "GET /ad917/?path=%2Fhome%2Fservlmvm%2F.%2Flscache%2Fe%2F..%2Fe%2F0%2Ff%2F..%2F. HTTP/1.1" 200 1527 "-" "Mozilla/5.0 AppleWebKit/537.36 (KHTML, like Gecko; compatible; ClaudeBot/1.0; +claudebot@anthropic.com)"
3.144.109.245 - - [16/Apr/2025:12:06:50 -0400] "GET /ad917/?path=%2Fhome%2Fservlmvm%2F.%2Flscache%2Fc%2F8%2F..%2F3%2F7%2F..%2Ff HTTP/1.1" 200 1552 "-" "Mozilla/5.0 AppleWebKit/537.36 (KHTML, like Gecko; compatible; ClaudeBot/1.0; +claudebot@anthropic.com)"
3.144.109.245 - - [16/Apr/2025:12:06:53 -0400] "GET /ad917/?path=%2Fhome%2Fservlmvm%2F.%2Flscache%2F8%2F..%2F2%2F1%2F..%2F5%2F1 HTTP/1.1" 200 1545 "-" "Mozilla/5.0 AppleWebKit/537.36 (KHTML, like Gecko; compatible; ClaudeBot/1.0; +claudebot@anthropic.com)"
3.144.109.245 - - [16/Apr/2025:12:06:56 -0400] "GET /ad917/?path=%2Fhome%2Fservlmvm%2F.%2Flscache%2Fc%2F5%2F..%2F4%2F.%2F..%2F4 HTTP/1.1" 200 1533 "-" "Mozilla/5.0 AppleWebKit/537.36 (KHTML, like Gecko; compatible; ClaudeBot/1.0; +claudebot@anthropic.com)"
3.144.109.245 - - [16/Apr/2025:12:06:59 -0400] "GET /ad917/?path=%2Fhome%2Fservlmvm%2F.%2Flscache%2Fa%2F..%2F8%2Fa%2F..%2Fc%2Fc HTTP/1.1" 200 1543 "-" "Mozilla/5.0 AppleWebKit/537.36 (KHTML, like Gecko; compatible; ClaudeBot/1.0; +claudebot@anthropic.com)"
3.144.109.245 - - [16/Apr/2025:12:07:02 -0400] "GET /ad917/?path=%2Fhome%2Fservlmvm%2F.%2Flscache%2Fa%2F..%2F8%2Fa%2F..%2F3%2Fa HTTP/1.1" 200 1583 "-" "Mozilla/5.0 AppleWebKit/537.36 (KHTML, like Gecko; compatible; ClaudeBot/1.0; +claudebot@anthropic.com)"
198.54.116.86 - - [16/Apr/2025:12:07:02 -0400] "POST /wp-cron.php?doing_wp_cron=1744819622.6154839992523193359375 HTTP/1.1" 200 0 "-" "WordPress/6.8; https://servethepeopleinc.org"
52.167.144.171 - - [16/Apr/2025:12:07:02 -0400] "GET /products/d/loosener/60800120.shtml HTTP/1.1" 301 0 "-" "Mozilla/5.0 AppleWebKit/537.36 (KHTML, like Gecko; compatible; bingbot/2.0; +http://www.bing.com/bingbot.htm) Chrome/116.0.1938.76 Safari/537.36"
3.144.109.245 - - [16/Apr/2025:12:07:05 -0400] "GET /ad917/?path=%2Fhome%2Fservlmvm%2F.%2Flscache%2F2%2F..%2F9%2Fa%2F..%2F7%2F9 HTTP/1.1" 200 1545 "-" "Mozilla/5.0 AppleWebKit/537.36 (KHTML, like Gecko; compatible; ClaudeBot/1.0; +claudebot@anthropic.com)"
3.144.109.245 - - [16/Apr/2025:12:07:08 -0400] "GET /ad917/?path=%2Fhome%2Fservlmvm%2F.%2Flscache%2Fc%2F5%2F..%2F4%2F.%2F..%2F8 HTTP/1.1" 200 1551 "-" "Mozilla/5.0 AppleWebKit/537.36 (KHTML, like Gecko; compatible; ClaudeBot/1.0; +claudebot@anthropic.com)"
198.54.116.86 - - [16/Apr/2025:12:07:09 -0400] "POST /wp-cron.php?doing_wp_cron=1744819629.3494760990142822265625 HTTP/1.1" 200 0 "-" "WordPress/6.8; https://servethepeopleinc.org"
40.77.167.7 - - [16/Apr/2025:12:07:09 -0400] "GET /item/wnk/ HTTP/1.1" 301 0 "-" "Mozilla/5.0 AppleWebKit/537.36 (KHTML, like Gecko; compatible; bingbot/2.0; +http://www.bing.com/bingbot.htm) Chrome/116.0.1938.76 Safari/537.36"
198.54.116.86 - - [16/Apr/2025:12:07:09 -0400] "POST /wp-admin/admin-ajax.php?action=async_litespeed&nonce=dzxd4RSV2r6dkLB6J3NyBRpJndY06CZ5&litespeed_type=imgoptm HTTP/1.1" 200 21 "-" "WordPress/6.8; https://servethepeopleinc.org"
3.144.109.245 - - [16/Apr/2025:12:07:11 -0400] "GET /ad917/?path=%2Fhome%2Fservlmvm%2F.%2Flscache%2F1%2F4%2F..%2Fa%2F6%2F..%2Fc HTTP/1.1" 200 1550 "-" "Mozilla/5.0 AppleWebKit/537.36 (KHTML, like Gecko; compatible; ClaudeBot/1.0; +claudebot@anthropic.com)"
3.144.109.245 - - [16/Apr/2025:12:07:14 -0400] "GET /ad917/?path=%2Fhome%2Fservlmvm%2F.%2Flscache%2F8%2F..%2F2%2F1%2F..%2Fb%2F. HTTP/1.1" 200 1574 "-" "Mozilla/5.0 AppleWebKit/537.36 (KHTML, like Gecko; compatible; ClaudeBot/1.0; +claudebot@anthropic.com)"
3.144.109.245 - - [16/Apr/2025:12:07:17 -0400] "GET /ad917/?path=%2Fhome%2Fservlmvm%2F.%2Flscache%2Fe%2F..%2Ff%2Fe%2F..%2F5%2F4 HTTP/1.1" 200 1546 "-" "Mozilla/5.0 AppleWebKit/537.36 (KHTML, like Gecko; compatible; ClaudeBot/1.0; +claudebot@anthropic.com)"
3.144.109.245 - - [16/Apr/2025:12:07:20 -0400] "GET /ad917/?path=%2Fhome%2Fservlmvm%2F.%2Flscache%2F1%2F4%2F..%2Fa%2F..%2F4%2F3 HTTP/1.1" 200 1552 "-" "Mozilla/5.0 AppleWebKit/537.36 (KHTML, like Gecko; compatible; ClaudeBot/1.0; +claudebot@anthropic.com)"
52.167.144.191 - - [16/Apr/2025:12:07:21 -0400] "GET /detail/forswonk8979600.shtml HTTP/1.1" 404 16941 "-" "Mozilla/5.0 AppleWebKit/537.36 (KHTML, like Gecko; compatible; bingbot/2.0; +http://www.bing.com/bingbot.htm) Chrome/116.0.1938.76 Safari/537.36"
3.144.109.245 - - [16/Apr/2025:12:07:23 -0400] "GET /ad917/?path=%2Fhome%2Fservlmvm%2F.%2Flscache%2Fa%2F2%2F..%2F0%2Ff%2F..%2Fb HTTP/1.1" 200 1550 "-" "Mozilla/5.0 AppleWebKit/537.36 (KHTML, like Gecko; compatible; ClaudeBot/1.0; +claudebot@anthropic.com)"
3.144.109.245 - - [16/Apr/2025:12:07:26 -0400] "GET /ad917/?path=%2Fhome%2Fservlmvm%2F.%2Flscache%2Fa%2F..%2Fd%2F5%2F..%2Fe%2F. HTTP/1.1" 200 1560 "-" "Mozilla/5.0 AppleWebKit/537.36 (KHTML, like Gecko; compatible; ClaudeBot/1.0; +claudebot@anthropic.com)"
3.144.109.245 - - [16/Apr/2025:12:07:29 -0400] "GET /ad917/?path=%2Fhome%2Fservlmvm%2F.%2Flscache%2Fa%2F2%2F..%2F0%2Ff%2F..%2F6 HTTP/1.1" 200 1551 "-" "Mozilla/5.0 AppleWebKit/537.36 (KHTML, like Gecko; compatible; ClaudeBot/1.0; +claudebot@anthropic.com)"
3.144.109.245 - - [16/Apr/2025:12:07:32 -0400] "GET /ad917/?path=%2Fhome%2Fservlmvm%2F.%2Flscache%2F8%2F..%2F1%2F4%2F..%2F2%2F4 HTTP/1.1" 200 1545 "-" "Mozilla/5.0 AppleWebKit/537.36 (KHTML, like Gecko; compatible; ClaudeBot/1.0; +claudebot@anthropic.com)"
3.144.109.245 - - [16/Apr/2025:12:07:35 -0400] "GET /ad917/?path=%2Fhome%2Fservlmvm%2F.%2Flscache%2F9%2F..%2Fc%2F0%2F9%2F..%2F0 HTTP/1.1" 200 1225 "-" "Mozilla/5.0 AppleWebKit/537.36 (KHTML, like Gecko; compatible; ClaudeBot/1.0; +claudebot@anthropic.com)"
3.144.109.245 - - [16/Apr/2025:12:07:38 -0400] "GET /ad917/?path=%2Fhome%2Fservlmvm%2F.%2Flscache%2F8%2F..%2F1%2F4%2F..%2F3%2Fa HTTP/1.1" 200 1547 "-" "Mozilla/5.0 AppleWebKit/537.36 (KHTML, like Gecko; compatible; ClaudeBot/1.0; +claudebot@anthropic.com)"
40.77.167.7 - - [16/Apr/2025:12:07:39 -0400] "GET /products/alosa85263088.shtml HTTP/1.1" 301 0 "-" "Mozilla/5.0 AppleWebKit/537.36 (KHTML, like Gecko; compatible; bingbot/2.0; +http://www.bing.com/bingbot.htm) Chrome/116.0.1938.76 Safari/537.36"
52.167.144.167 - - [16/Apr/2025:12:07:39 -0400] "GET /detail/47284120.shtml HTTP/1.1" 404 16941 "-" "Mozilla/5.0 AppleWebKit/537.36 (KHTML, like Gecko; compatible; bingbot/2.0; +http://www.bing.com/bingbot.htm) Chrome/116.0.1938.76 Safari/537.36"
3.144.109.245 - - [16/Apr/2025:12:07:41 -0400] "GET /ad917/?path=%2Fhome%2Fservlmvm%2F.%2Flscache%2F1%2F4%2F..%2Fa%2F2%2F..%2F1 HTTP/1.1" 200 1547 "-" "Mozilla/5.0 AppleWebKit/537.36 (KHTML, like Gecko; compatible; ClaudeBot/1.0; +claudebot@anthropic.com)"
3.144.109.245 - - [16/Apr/2025:12:07:44 -0400] "GET /ad917/?path=%2Fhome%2Fservlmvm%2F.%2Flscache%2Fa%2F2%2F..%2F0%2Ff%2F..%2F2 HTTP/1.1" 200 1586 "-" "Mozilla/5.0 AppleWebKit/537.36 (KHTML, like Gecko; compatible; ClaudeBot/1.0; +claudebot@anthropic.com)"
3.144.109.245 - - [16/Apr/2025:12:07:47 -0400] "GET /ad917/?path=%2Fhome%2Fservlmvm%2F.%2Flscache%2F2%2F..%2F9%2Fa%2F8%2F..%2F5 HTTP/1.1" 200 1553 "-" "Mozilla/5.0 AppleWebKit/537.36 (KHTML, like Gecko; compatible; ClaudeBot/1.0; +claudebot@anthropic.com)"
3.144.109.245 - - [16/Apr/2025:12:07:50 -0400] "GET /ad917/?path=%2Fhome%2Fservlmvm%2F.%2Flscache%2F8%2F..%2F2%2F1%2F4%2F..%2F4 HTTP/1.1" 200 1592 "-" "Mozilla/5.0 AppleWebKit/537.36 (KHTML, like Gecko; compatible; ClaudeBot/1.0; +claudebot@anthropic.com)"
3.144.109.245 - - [16/Apr/2025:12:07:53 -0400] "GET /ad917/?path=%2Fhome%2Fservlmvm%2F.%2Flscache%2F8%2Fe%2F..%2Fe%2F..%2Fb%2Fe HTTP/1.1" 200 1550 "-" "Mozilla/5.0 AppleWebKit/537.36 (KHTML, like Gecko; compatible; ClaudeBot/1.0; +claudebot@anthropic.com)"
3.144.109.245 - - [16/Apr/2025:12:07:56 -0400] "GET /ad917/?path=%2Fhome%2Fservlmvm%2F.%2Flscache%2F8%2F..%2F2%2F1%2F..%2Fd%2Ff HTTP/1.1" 200 1546 "-" "Mozilla/5.0 AppleWebKit/537.36 (KHTML, like Gecko; compatible; ClaudeBot/1.0; +claudebot@anthropic.com)"
198.54.116.86 - - [16/Apr/2025:12:08:08 -0400] "POST /wp-cron.php?doing_wp_cron=1744819688.6866960525512695312500 HTTP/1.1" 200 0 "-" "WordPress/6.8; https://servethepeopleinc.org"
40.77.167.7 - - [16/Apr/2025:12:08:08 -0400] "GET /products/10338662.shtml HTTP/1.1" 301 0 "-" "Mozilla/5.0 AppleWebKit/537.36 (KHTML, like Gecko; compatible; bingbot/2.0; +http://www.bing.com/bingbot.htm) Chrome/116.0.1938.76 Safari/537.36"
198.54.116.86 - - [16/Apr/2025:12:08:08 -0400] "POST /wp-admin/admin-ajax.php?action=async_litespeed&nonce=ZtwWCHUaTqEgDTWN86hugyajD9Lfb2RJ&litespeed_type=imgoptm HTTP/1.1" 200 21 "-" "WordPress/6.8; https://servethepeopleinc.org"
18.222.252.132 - - [16/Apr/2025:12:08:32 -0400] "GET /ad917/?path=%2Fhome%2Fservlmvm%2F.%2Flscache%2F1%2F4%2F..%2Fa%2F1%2F..%2Fc HTTP/1.1" 200 1552 "-" "Mozilla/5.0 AppleWebKit/537.36 (KHTML, like Gecko; compatible; ClaudeBot/1.0; +claudebot@anthropic.com)"
52.167.144.191 - - [16/Apr/2025:12:08:33 -0400] "GET /goodscode86864106.shtml HTTP/1.1" 404 16940 "-" "Mozilla/5.0 AppleWebKit/537.36 (KHTML, like Gecko; compatible; bingbot/2.0; +http://www.bing.com/bingbot.htm) Chrome/116.0.1938.76 Safari/537.36"
18.222.252.132 - - [16/Apr/2025:12:08:35 -0400] "GET /ad917/?path=%2Fhome%2Fservlmvm%2F.%2Flscache%2Fa%2F..%2F8%2Fa%2Fc%2F..%2F. HTTP/1.1" 200 1610 "-" "Mozilla/5.0 AppleWebKit/537.36 (KHTML, like Gecko; compatible; ClaudeBot/1.0; +claudebot@anthropic.com)"
18.222.252.132 - - [16/Apr/2025:12:08:38 -0400] "GET /ad917/?path=%2Fhome%2Fservlmvm%2F.%2Flscache%2F2%2F..%2F9%2Fa%2F..%2F8%2Fb HTTP/1.1" 200 1544 "-" "Mozilla/5.0 AppleWebKit/537.36 (KHTML, like Gecko; compatible; ClaudeBot/1.0; +claudebot@anthropic.com)"
52.167.144.171 - - [16/Apr/2025:12:08:39 -0400] "GET /entity/29907760.shtml HTTP/1.1" 301 0 "-" "Mozilla/5.0 AppleWebKit/537.36 (KHTML, like Gecko; compatible; bingbot/2.0; +http://www.bing.com/bingbot.htm) Chrome/116.0.1938.76 Safari/537.36"
18.222.252.132 - - [16/Apr/2025:12:08:41 -0400] "GET /ad917/?path=%2Fhome%2Fservlmvm%2F.%2Flscache%2F1%2F4%2F..%2Fa%2F.%2F0%2F.. HTTP/1.1" 200 1600 "-" "Mozilla/5.0 AppleWebKit/537.36 (KHTML, like Gecko; compatible; ClaudeBot/1.0; +claudebot@anthropic.com)"
18.222.252.132 - - [16/Apr/2025:12:08:44 -0400] "GET /ad917/?path=%2Fhome%2Fservlmvm%2F.%2Flscache%2F9%2F..%2Fc%2F0%2F..%2Fa%2F. HTTP/1.1" 200 1584 "-" "Mozilla/5.0 AppleWebKit/537.36 (KHTML, like Gecko; compatible; ClaudeBot/1.0; +claudebot@anthropic.com)"
18.222.252.132 - - [16/Apr/2025:12:08:47 -0400] "GET /ad917/?path=%2Fhome%2Fservlmvm%2F.%2Flscache%2F1%2F4%2F..%2Fa%2F..%2Ff%2Fa HTTP/1.1" 200 1655 "-" "Mozilla/5.0 AppleWebKit/537.36 (KHTML, like Gecko; compatible; ClaudeBot/1.0; +claudebot@anthropic.com)"
18.222.252.132 - - [16/Apr/2025:12:08:50 -0400] "GET /ad917/?path=%2Fhome%2Fservlmvm%2F.%2Flscache%2Fe%2F..%2Ff%2Fe%2F..%2F4%2F. HTTP/1.1" 200 1552 "-" "Mozilla/5.0 AppleWebKit/537.36 (KHTML, like Gecko; compatible; ClaudeBot/1.0; +claudebot@anthropic.com)"
52.167.144.191 - - [16/Apr/2025:12:08:51 -0400] "GET /shopping/spathula61543570.shtml HTTP/1.1" 404 16941 "-" "Mozilla/5.0 AppleWebKit/537.36 (KHTML, like Gecko; compatible; bingbot/2.0; +http://www.bing.com/bingbot.htm) Chrome/116.0.1938.76 Safari/537.36"
18.222.252.132 - - [16/Apr/2025:12:08:53 -0400] "GET /ad917/?path=%2Fhome%2Fservlmvm%2F.%2Flscache%2Fe%2F..%2Ff%2Fe%2F..%2F.%2Fa HTTP/1.1" 200 1495 "-" "Mozilla/5.0 AppleWebKit/537.36 (KHTML, like Gecko; compatible; ClaudeBot/1.0; +claudebot@anthropic.com)"
18.222.252.132 - - [16/Apr/2025:12:08:56 -0400] "GET /ad917/?path=%2Fhome%2Fservlmvm%2F.%2Flscache%2Fa%2F..%2Fd%2F5%2F..%2F6%2F. HTTP/1.1" 200 1558 "-" "Mozilla/5.0 AppleWebKit/537.36 (KHTML, like Gecko; compatible; ClaudeBot/1.0; +claudebot@anthropic.com)"
18.222.252.132 - - [16/Apr/2025:12:08:59 -0400] "GET /ad917/?path=%2Fhome%2Fservlmvm%2F.%2Flscache%2F8%2Fe%2F..%2Fe%2F..%2Fd%2Fa HTTP/1.1" 200 1548 "-" "Mozilla/5.0 AppleWebKit/537.36 (KHTML, like Gecko; compatible; ClaudeBot/1.0; +claudebot@anthropic.com)"
18.222.252.132 - - [16/Apr/2025:12:09:02 -0400] "GET /ad917/?path=%2Fhome%2Fservlmvm%2F.%2Flscache%2Fa%2F..%2Fd%2F5%2F..%2Fa%2Fd HTTP/1.1" 200 1536 "-" "Mozilla/5.0 AppleWebKit/537.36 (KHTML, like Gecko; compatible; ClaudeBot/1.0; +claudebot@anthropic.com)"
18.222.252.132 - - [16/Apr/2025:12:09:05 -0400] "GET /ad917/?path=%2Fhome%2Fservlmvm%2F.%2Flscache%2Fe%2F..%2Ff%2Fe%2F8%2F..%2Fe HTTP/1.1" 200 1543 "-" "Mozilla/5.0 AppleWebKit/537.36 (KHTML, like Gecko; compatible; ClaudeBot/1.0; +claudebot@anthropic.com)"
18.222.252.132 - - [16/Apr/2025:12:09:08 -0400] "GET /ad917/?path=%2Fhome%2Fservlmvm%2F.%2Flscache%2F1%2F4%2F..%2Fa%2F0%2F.%2F.. HTTP/1.1" 200 1569 "-" "Mozilla/5.0 AppleWebKit/537.36 (KHTML, like Gecko; compatible; ClaudeBot/1.0; +claudebot@anthropic.com)"
18.222.252.132 - - [16/Apr/2025:12:09:11 -0400] "GET /ad917/?path=%2Fhome%2Fservlmvm%2F.%2Flscache%2F8%2F..%2F1%2F4%2F..%2Fb%2F1 HTTP/1.1" 200 1541 "-" "Mozilla/5.0 AppleWebKit/537.36 (KHTML, like Gecko; compatible; ClaudeBot/1.0; +claudebot@anthropic.com)"
18.222.252.132 - - [16/Apr/2025:12:09:14 -0400] "GET /ad917/?path=%2Fhome%2Fservlmvm%2F.%2Flscache%2Fe%2F..%2Fe%2F0%2F..%2Fa%2F8 HTTP/1.1" 200 1578 "-" "Mozilla/5.0 AppleWebKit/537.36 (KHTML, like Gecko; compatible; ClaudeBot/1.0; +claudebot@anthropic.com)"
18.222.252.132 - - [16/Apr/2025:12:09:17 -0400] "GET /ad917/?path=%2Fhome%2Fservlmvm%2F.%2Flscache%2Fe%2F..%2Ff%2Fe%2F..%2F1%2Fe HTTP/1.1" 200 1574 "-" "Mozilla/5.0 AppleWebKit/537.36 (KHTML, like Gecko; compatible; ClaudeBot/1.0; +claudebot@anthropic.com)"
198.54.116.86 - - [16/Apr/2025:12:09:19 -0400] "POST /wp-cron.php?doing_wp_cron=1744819759.6629800796508789062500 HTTP/1.1" 200 0 "-" "WordPress/6.8; https://servethepeopleinc.org"
52.167.144.167 - - [16/Apr/2025:12:09:19 -0400] "GET /shopping/continuities/30446976.shtml HTTP/1.1" 404 16948 "-" "Mozilla/5.0 AppleWebKit/537.36 (KHTML, like Gecko; compatible; bingbot/2.0; +http://www.bing.com/bingbot.htm) Chrome/116.0.1938.76 Safari/537.36"
198.54.116.86 - - [16/Apr/2025:12:09:19 -0400] "POST /wp-admin/admin-ajax.php?action=async_litespeed&nonce=COVXHWgVy2Isz5FU2VQtp2ntpnYKTsEw&litespeed_type=imgoptm HTTP/1.1" 200 21 "-" "WordPress/6.8; https://servethepeopleinc.org"
18.222.252.132 - - [16/Apr/2025:12:09:20 -0400] "GET /ad917/?path=%2Fhome%2Fservlmvm%2F.%2Flscache%2Fa%2F..%2F8%2Fa%2F.%2F..%2F0 HTTP/1.1" 200 1552 "-" "Mozilla/5.0 AppleWebKit/537.36 (KHTML, like Gecko; compatible; ClaudeBot/1.0; +claudebot@anthropic.com)"
18.222.252.132 - - [16/Apr/2025:12:09:23 -0400] "GET /ad917/?path=%2Fhome%2Fservlmvm%2F.%2Flscache%2Fa%2F2%2F..%2F0%2F6%2F..%2F8 HTTP/1.1" 200 1554 "-" "Mozilla/5.0 AppleWebKit/537.36 (KHTML, like Gecko; compatible; ClaudeBot/1.0; +claudebot@anthropic.com)"
52.167.144.191 - - [16/Apr/2025:12:09:23 -0400] "GET /detail/n/portray94135960.shtml HTTP/1.1" 404 16951 "-" "Mozilla/5.0 AppleWebKit/537.36 (KHTML, like Gecko; compatible; bingbot/2.0; +http://www.bing.com/bingbot.htm) Chrome/116.0.1938.76 Safari/537.36"
