3.147.55.1 - - [16/Apr/2025:09:29:37 -0400] "GET /ad917/?path=%2Fhome%2F.%2F..%2Flib64%2Fengines-1.1%2F.%2F..%2Fgstreamer-1.0%2F..%2Fperl5%2FB HTTP/1.1" 200 1675 "-" "Mozilla/5.0 AppleWebKit/537.36 (KHTML, like Gecko; compatible; ClaudeBot/1.0; +claudebot@anthropic.com)"
3.147.55.1 - - [16/Apr/2025:09:29:40 -0400] "GET /ad917/?path=%2Fhome%2F.%2F..%2Flib64%2Fgems%2F..%2Ftk8.6%2F.%2F..%2Fnss%2F..%2Flibavif.so.14 HTTP/1.1" 200 989 "-" "Mozilla/5.0 AppleWebKit/537.36 (KHTML, like Gecko; compatible; ClaudeBot/1.0; +claudebot@anthropic.com)"
52.167.144.195 - - [16/Apr/2025:09:29:42 -0400] "GET /shopbrand28808152.shtml HTTP/1.1" 301 0 "-" "Mozilla/5.0 AppleWebKit/537.36 (KHTML, like Gecko; compatible; bingbot/2.0; +http://www.bing.com/bingbot.htm) Chrome/116.0.1938.76 Safari/537.36"
3.147.55.1 - - [16/Apr/2025:09:29:43 -0400] "GET /ad917/?path=%2Fhome%2F.%2F..%2Fhome4%2F..%2Fopt%2Falt%2Fruby27%2F..%2Fpython311%2F.%2F.%2F.. HTTP/1.1" 200 3176 "-" "Mozilla/5.0 AppleWebKit/537.36 (KHTML, like Gecko; compatible; ClaudeBot/1.0; +claudebot@anthropic.com)"
3.147.55.1 - - [16/Apr/2025:09:29:46 -0400] "GET /ad917/?path=%2Fhome%2F.%2F..%2Fhome4%2F..%2Fopt%2Falt%2Flibheif%2Fshare%2Fmime%2F.%2F..%2F.. HTTP/1.1" 200 1566 "-" "Mozilla/5.0 AppleWebKit/537.36 (KHTML, like Gecko; compatible; ClaudeBot/1.0; +claudebot@anthropic.com)"
3.147.55.1 - - [16/Apr/2025:09:29:49 -0400] "GET /ad917/?path=%2Fhome%2F.%2F..%2Flib64%2Fgems%2F..%2Ftk8.6%2F.%2F..%2Fnss%2F..%2Flibmariadb.so HTTP/1.1" 200 989 "-" "Mozilla/5.0 AppleWebKit/537.36 (KHTML, like Gecko; compatible; ClaudeBot/1.0; +claudebot@anthropic.com)"
40.77.167.73 - - [16/Apr/2025:09:29:51 -0400] "GET /entity/21940590.shtml HTTP/1.1" 301 0 "-" "Mozilla/5.0 AppleWebKit/537.36 (KHTML, like Gecko; compatible; bingbot/2.0; +http://www.bing.com/bingbot.htm) Chrome/116.0.1938.76 Safari/537.36"
3.147.55.1 - - [16/Apr/2025:09:29:52 -0400] "GET /ad917/?path=%2Fhome%2F.%2F..%2Flib64%2Fgems%2F..%2Ftk8.6%2F.%2F..%2Fnss%2F..%2Flibformw.so.5 HTTP/1.1" 200 989 "-" "Mozilla/5.0 AppleWebKit/537.36 (KHTML, like Gecko; compatible; ClaudeBot/1.0; +claudebot@anthropic.com)"
52.167.144.162 - - [16/Apr/2025:09:29:52 -0400] "GET /detail/74431976.shtml HTTP/1.1" 404 16940 "-" "Mozilla/5.0 AppleWebKit/537.36 (KHTML, like Gecko; compatible; bingbot/2.0; +http://www.bing.com/bingbot.htm) Chrome/116.0.1938.76 Safari/537.36"
3.147.55.1 - - [16/Apr/2025:09:29:55 -0400] "GET /ad917/?path=%2Fhome%2F.%2F..%2Flib64%2Fgems%2F..%2Ftk8.6%2F.%2F..%2Fnss%2F..%2Flibe2p.so.2.3 HTTP/1.1" 200 991 "-" "Mozilla/5.0 AppleWebKit/537.36 (KHTML, like Gecko; compatible; ClaudeBot/1.0; +claudebot@anthropic.com)"
40.77.167.159 - - [16/Apr/2025:09:29:55 -0400] "GET /shopdetail46394964.shtml HTTP/1.1" 301 0 "-" "Mozilla/5.0 AppleWebKit/537.36 (KHTML, like Gecko; compatible; bingbot/2.0; +http://www.bing.com/bingbot.htm) Chrome/116.0.1938.76 Safari/537.36"
3.147.55.1 - - [16/Apr/2025:09:29:58 -0400] "GET /ad917/?path=%2Fhome%2F.%2F..%2Flib64%2Fgems%2F..%2Ftk8.6%2F.%2F..%2Fnss%2F..%2Flibtirpc.so.3 HTTP/1.1" 200 990 "-" "Mozilla/5.0 AppleWebKit/537.36 (KHTML, like Gecko; compatible; ClaudeBot/1.0; +claudebot@anthropic.com)"
3.147.55.1 - - [16/Apr/2025:09:30:01 -0400] "GET /ad917/?path=%2Fhome%2Fservlmvm%2F..%2F..%2Fvar%2Fsoftaculous%2F.%2Fossn%2Fphp56%2Fimport.php HTTP/1.1" 200 3605 "-" "Mozilla/5.0 AppleWebKit/537.36 (KHTML, like Gecko; compatible; ClaudeBot/1.0; +claudebot@anthropic.com)"
3.147.55.1 - - [16/Apr/2025:09:30:04 -0400] "GET /ad917/?path=%2Fhome%2F.%2F..%2Fhome4%2F..%2Fopt%2Falt%2Fsqlite%2F..%2Fopenssl11%2F.%2F.%2F.. HTTP/1.1" 200 3184 "-" "Mozilla/5.0 AppleWebKit/537.36 (KHTML, like Gecko; compatible; ClaudeBot/1.0; +claudebot@anthropic.com)"
3.147.55.1 - - [16/Apr/2025:09:30:07 -0400] "GET /ad917/?path=%2Fhome%2F.%2F..%2Fhome4%2F..%2Fopt%2Falt%2Flibicu%2F..%2Ffreetds11%2F.%2F.%2F.. HTTP/1.1" 200 3324 "-" "Mozilla/5.0 AppleWebKit/537.36 (KHTML, like Gecko; compatible; ClaudeBot/1.0; +claudebot@anthropic.com)"
3.147.55.1 - - [16/Apr/2025:09:30:10 -0400] "GET /ad917/?path=%2Fhome%2F.%2F..%2Flib64%2Fgems%2F..%2Ftk8.6%2F.%2F..%2Fnss%2F..%2Fliblua-5.1.so HTTP/1.1" 200 990 "-" "Mozilla/5.0 AppleWebKit/537.36 (KHTML, like Gecko; compatible; ClaudeBot/1.0; +claudebot@anthropic.com)"
198.54.116.86 - - [16/Apr/2025:09:30:13 -0400] "POST /wp-cron.php?doing_wp_cron=1744810213.0920789241790771484375 HTTP/1.1" 200 0 "-" "WordPress/6.8; https://servethepeopleinc.org"
52.167.144.162 - - [16/Apr/2025:09:30:12 -0400] "GET /detail/dissundered19806440.shtml HTTP/1.1" 404 16941 "-" "Mozilla/5.0 AppleWebKit/537.36 (KHTML, like Gecko; compatible; bingbot/2.0; +http://www.bing.com/bingbot.htm) Chrome/116.0.1938.76 Safari/537.36"
198.54.116.86 - - [16/Apr/2025:09:30:13 -0400] "POST /wp-admin/admin-ajax.php?action=async_litespeed&nonce=HsdC8sJ0vXsY9KTlHR2wXgPAODhNDNmQ&litespeed_type=imgoptm HTTP/1.1" 200 21 "-" "WordPress/6.8; https://servethepeopleinc.org"
3.147.55.1 - - [16/Apr/2025:09:30:13 -0400] "GET /ad917/?path=%2Fhome%2Fservlmvm%2F..%2F..%2Fvar%2Fsoftaculous%2F.%2Fjcow%2Fphp71%2Fimport.php HTTP/1.1" 200 3980 "-" "Mozilla/5.0 AppleWebKit/537.36 (KHTML, like Gecko; compatible; ClaudeBot/1.0; +claudebot@anthropic.com)"
3.147.55.1 - - [16/Apr/2025:09:30:16 -0400] "GET /ad917/?path=%2Fhome%2F.%2F..%2Fhome4%2F..%2Fopt%2Falt%2Flibssh2%2F..%2Flibxml2%2F.%2F..%2F.. HTTP/1.1" 200 1959 "-" "Mozilla/5.0 AppleWebKit/537.36 (KHTML, like Gecko; compatible; ClaudeBot/1.0; +claudebot@anthropic.com)"
52.167.144.197 - - [16/Apr/2025:09:30:17 -0400] "GET /product/l/symphonia/56820036.shtml HTTP/1.1" 404 16951 "-" "Mozilla/5.0 AppleWebKit/537.36 (KHTML, like Gecko; compatible; bingbot/2.0; +http://www.bing.com/bingbot.htm) Chrome/116.0.1938.76 Safari/537.36"
3.147.55.1 - - [16/Apr/2025:09:30:19 -0400] "GET /ad917/?path=%2Fhome%2F.%2F..%2Flib64%2Fgems%2F..%2Ftk8.6%2F.%2F..%2Fnss%2F..%2Fliblcms2.so.2 HTTP/1.1" 200 989 "-" "Mozilla/5.0 AppleWebKit/537.36 (KHTML, like Gecko; compatible; ClaudeBot/1.0; +claudebot@anthropic.com)"
3.147.55.1 - - [16/Apr/2025:09:30:22 -0400] "GET /ad917/?path=%2Fhome%2F.%2F..%2Flib64%2Fgems%2F..%2Ftk8.6%2F.%2F..%2Fnss%2F..%2Flibib_util.so HTTP/1.1" 200 990 "-" "Mozilla/5.0 AppleWebKit/537.36 (KHTML, like Gecko; compatible; ClaudeBot/1.0; +claudebot@anthropic.com)"
52.167.144.197 - - [16/Apr/2025:09:30:24 -0400] "GET /special/dirtying62434218.shtml HTTP/1.1" 404 16941 "-" "Mozilla/5.0 AppleWebKit/537.36 (KHTML, like Gecko; compatible; bingbot/2.0; +http://www.bing.com/bingbot.htm) Chrome/116.0.1938.76 Safari/537.36"
52.167.144.195 - - [16/Apr/2025:09:30:24 -0400] "GET /info/ho/capsulotomy16661568.shtml HTTP/1.1" 301 0 "-" "Mozilla/5.0 AppleWebKit/537.36 (KHTML, like Gecko; compatible; bingbot/2.0; +http://www.bing.com/bingbot.htm) Chrome/116.0.1938.76 Safari/537.36"
3.147.55.1 - - [16/Apr/2025:09:30:25 -0400] "GET /ad917/?path=%2Fhome%2F.%2F..%2Flib64%2Fgems%2F..%2Ftk8.6%2F.%2F..%2Fnss%2F..%2Flibgcc_s.so.1 HTTP/1.1" 200 990 "-" "Mozilla/5.0 AppleWebKit/537.36 (KHTML, like Gecko; compatible; ClaudeBot/1.0; +claudebot@anthropic.com)"
3.147.55.1 - - [16/Apr/2025:09:30:28 -0400] "GET /ad917/?path=%2Fhome%2F.%2F..%2Flib64%2Fgems%2F..%2Ftk8.6%2F.%2F..%2Fnss%2F..%2Flibfreebl3.so HTTP/1.1" 200 989 "-" "Mozilla/5.0 AppleWebKit/537.36 (KHTML, like Gecko; compatible; ClaudeBot/1.0; +claudebot@anthropic.com)"
3.147.55.1 - - [16/Apr/2025:09:30:31 -0400] "GET /ad917/?path=%2Fhome%2F.%2F..%2Flib64%2Fgems%2F..%2Ftk8.6%2F.%2F..%2Fnss%2F..%2Flibtinfo.so.5 HTTP/1.1" 200 989 "-" "Mozilla/5.0 AppleWebKit/537.36 (KHTML, like Gecko; compatible; ClaudeBot/1.0; +claudebot@anthropic.com)"
3.147.55.1 - - [16/Apr/2025:09:30:34 -0400] "GET /ad917/?path=%2Fhome%2F.%2Fservlmvm%2Flscache%2F3%2F9%2F..%2F0%2F..%2F..%2F..%2F.myimunify_id HTTP/1.1" 200 1062 "-" "Mozilla/5.0 AppleWebKit/537.36 (KHTML, like Gecko; compatible; ClaudeBot/1.0; +claudebot@anthropic.com)"
3.147.55.1 - - [16/Apr/2025:09:30:37 -0400] "GET /ad917/?path=%2Fhome%2F.%2F..%2Flib64%2Fgems%2F..%2Ftk8.6%2F.%2F..%2Fnss%2F..%2Flibpanel.so.5 HTTP/1.1" 200 990 "-" "Mozilla/5.0 AppleWebKit/537.36 (KHTML, like Gecko; compatible; ClaudeBot/1.0; +claudebot@anthropic.com)"
3.147.55.1 - - [16/Apr/2025:09:30:40 -0400] "GET /ad917/?path=%2Fhome%2F.%2F..%2Flib64%2Fgems%2F..%2Ftk8.6%2F.%2F..%2Fnss%2F..%2Flibpaper.so.1 HTTP/1.1" 200 989 "-" "Mozilla/5.0 AppleWebKit/537.36 (KHTML, like Gecko; compatible; ClaudeBot/1.0; +claudebot@anthropic.com)"
3.147.55.1 - - [16/Apr/2025:09:30:43 -0400] "GET /ad917/?path=%2Fhome%2F.%2F..%2Flib64%2Fengines-1.1%2F.%2F..%2Fgstreamer-1.0%2F..%2Flibnl%2F. HTTP/1.1" 200 1489 "-" "Mozilla/5.0 AppleWebKit/537.36 (KHTML, like Gecko; compatible; ClaudeBot/1.0; +claudebot@anthropic.com)"
52.167.144.197 - - [16/Apr/2025:09:30:44 -0400] "GET /info61439884.shtml HTTP/1.1" 404 16939 "-" "Mozilla/5.0 AppleWebKit/537.36 (KHTML, like Gecko; compatible; bingbot/2.0; +http://www.bing.com/bingbot.htm) Chrome/116.0.1938.76 Safari/537.36"
3.147.55.1 - - [16/Apr/2025:09:30:46 -0400] "GET /ad917/?path=%2Fhome%2F.%2Fservlmvm%2Flscache%2F7%2F7%2F..%2F9%2F..%2F..%2F..%2F.myimunify_id HTTP/1.1" 200 1056 "-" "Mozilla/5.0 AppleWebKit/537.36 (KHTML, like Gecko; compatible; ClaudeBot/1.0; +claudebot@anthropic.com)"
3.145.97.53 - - [16/Apr/2025:09:31:15 -0400] "GET /ad917/?path=%2Fhome%2F.%2F..%2Flib64%2Fgems%2F..%2Ftk8.6%2F.%2F..%2Fnss%2F..%2Flibtss2-mu.so.0 HTTP/1.1" 200 989 "-" "Mozilla/5.0 AppleWebKit/537.36 (KHTML, like Gecko; compatible; ClaudeBot/1.0; +claudebot@anthropic.com)"
3.145.97.53 - - [16/Apr/2025:09:31:18 -0400] "GET /ad917/?path=%2Fhome%2F.%2F..%2Fhome4%2F..%2Fopt%2Falt%2Flibzip%2F..%2Flibicu57%2F.%2F..%2Fkrb5 HTTP/1.1" 200 1510 "-" "Mozilla/5.0 AppleWebKit/537.36 (KHTML, like Gecko; compatible; ClaudeBot/1.0; +claudebot@anthropic.com)"
3.145.97.53 - - [16/Apr/2025:09:31:21 -0400] "GET /ad917/?path=%2Fhome%2F.%2F..%2Flib64%2Fgems%2F..%2Ftk8.6%2F.%2F..%2Fnss%2F..%2Flibsoftokn3.chk HTTP/1.1" 200 990 "-" "Mozilla/5.0 AppleWebKit/537.36 (KHTML, like Gecko; compatible; ClaudeBot/1.0; +claudebot@anthropic.com)"
3.145.97.53 - - [16/Apr/2025:09:31:24 -0400] "GET /ad917/?path=%2Fhome%2F.%2F..%2Flib64%2Fgems%2F..%2Ftk8.6%2F.%2F..%2Fnss%2F..%2Flibnsl.so.2.0.0 HTTP/1.1" 200 988 "-" "Mozilla/5.0 AppleWebKit/537.36 (KHTML, like Gecko; compatible; ClaudeBot/1.0; +claudebot@anthropic.com)"
3.145.97.53 - - [16/Apr/2025:09:31:27 -0400] "GET /ad917/?path=%2Fhome%2F.%2F..%2Flib64%2Fgems%2F..%2Ftk8.6%2F.%2F..%2Fnss%2F..%2Flibseccomp.so.2 HTTP/1.1" 200 989 "-" "Mozilla/5.0 AppleWebKit/537.36 (KHTML, like Gecko; compatible; ClaudeBot/1.0; +claudebot@anthropic.com)"
3.145.97.53 - - [16/Apr/2025:09:31:30 -0400] "GET /ad917/?path=%2Fhome%2F.%2F..%2Flib64%2Fengines-1.1%2F.%2F..%2Fgstreamer-1.0%2F..%2Fperl5%2FTie HTTP/1.1" 200 1495 "-" "Mozilla/5.0 AppleWebKit/537.36 (KHTML, like Gecko; compatible; ClaudeBot/1.0; +claudebot@anthropic.com)"
3.145.97.53 - - [16/Apr/2025:09:31:33 -0400] "GET /ad917/?path=%2Fhome%2F.%2F..%2Flib64%2Fgems%2F..%2Ftk8.6%2F.%2F..%2Fnss%2F..%2Flibthread_db.so HTTP/1.1" 200 989 "-" "Mozilla/5.0 AppleWebKit/537.36 (KHTML, like Gecko; compatible; ClaudeBot/1.0; +claudebot@anthropic.com)"
3.145.97.53 - - [16/Apr/2025:09:31:36 -0400] "GET /ad917/?path=%2Fhome%2F.%2F..%2Flib64%2Fgems%2F..%2Ftk8.6%2F.%2F..%2Fnss%2F..%2FlibXmu.so.6.2.0 HTTP/1.1" 200 991 "-" "Mozilla/5.0 AppleWebKit/537.36 (KHTML, like Gecko; compatible; ClaudeBot/1.0; +claudebot@anthropic.com)"
198.54.116.86 - - [16/Apr/2025:09:31:37 -0400] "POST /wp-cron.php?doing_wp_cron=1744810297.0847039222717285156250 HTTP/1.1" 200 0 "-" "WordPress/6.8; https://servethepeopleinc.org"
40.77.167.71 - - [16/Apr/2025:09:31:36 -0400] "GET /detail/lampic/68004448.shtml HTTP/1.1" 404 16950 "-" "Mozilla/5.0 AppleWebKit/537.36 (KHTML, like Gecko; compatible; bingbot/2.0; +http://www.bing.com/bingbot.htm) Chrome/116.0.1938.76 Safari/537.36"
198.54.116.86 - - [16/Apr/2025:09:31:37 -0400] "POST /wp-admin/admin-ajax.php?action=async_litespeed&nonce=ypZn4vxj0wMHPcJ4Y7MgbE25LXJKefgC&litespeed_type=imgoptm HTTP/1.1" 200 21 "-" "WordPress/6.8; https://servethepeopleinc.org"
3.145.97.53 - - [16/Apr/2025:09:31:39 -0400] "GET /ad917/?path=%2Fhome%2F.%2F..%2Flib64%2Fgems%2F..%2Ftk8.6%2F.%2F..%2Fnss%2F..%2Flibp11-kit.so.0 HTTP/1.1" 200 988 "-" "Mozilla/5.0 AppleWebKit/537.36 (KHTML, like Gecko; compatible; ClaudeBot/1.0; +claudebot@anthropic.com)"
3.145.97.53 - - [16/Apr/2025:09:31:42 -0400] "GET /ad917/?path=%2Fhome%2F.%2F..%2Flib64%2Fgems%2F..%2Ftk8.6%2F.%2F..%2Fnss%2F..%2Flibgettextpo.so HTTP/1.1" 200 987 "-" "Mozilla/5.0 AppleWebKit/537.36 (KHTML, like Gecko; compatible; ClaudeBot/1.0; +claudebot@anthropic.com)"
3.145.97.53 - - [16/Apr/2025:09:31:45 -0400] "GET /ad917/?path=%2Fhome%2F.%2F..%2Flib64%2Fgems%2F..%2Ftk8.6%2F.%2F..%2Fnss%2F..%2Flibnss_sss.so.2 HTTP/1.1" 200 989 "-" "Mozilla/5.0 AppleWebKit/537.36 (KHTML, like Gecko; compatible; ClaudeBot/1.0; +claudebot@anthropic.com)"
40.77.167.224 - - [16/Apr/2025:09:31:45 -0400] "GET /shopdetail/buccinoid/96986106.shtml HTTP/1.1" 301 0 "-" "Mozilla/5.0 AppleWebKit/537.36 (KHTML, like Gecko; compatible; bingbot/2.0; +http://www.bing.com/bingbot.htm) Chrome/116.0.1938.76 Safari/537.36"
3.145.97.53 - - [16/Apr/2025:09:31:48 -0400] "GET /ad917/?path=%2Fhome%2F.%2F..%2Flib64%2Fgems%2F..%2Ftk8.6%2F.%2F..%2Fnss%2F..%2Flibtdb.so.1.4.9 HTTP/1.1" 200 989 "-" "Mozilla/5.0 AppleWebKit/537.36 (KHTML, like Gecko; compatible; ClaudeBot/1.0; +claudebot@anthropic.com)"
3.145.97.53 - - [16/Apr/2025:09:31:51 -0400] "GET /ad917/?path=%2Fhome%2F.%2F..%2Flib64%2Fgems%2F..%2Ftk8.6%2F.%2F..%2Fnss%2F..%2Flibrrd.so.8.1.0 HTTP/1.1" 200 987 "-" "Mozilla/5.0 AppleWebKit/537.36 (KHTML, like Gecko; compatible; ClaudeBot/1.0; +claudebot@anthropic.com)"
52.167.144.197 - - [16/Apr/2025:09:31:52 -0400] "GET /item/w/parbuckling86704254.shtml HTTP/1.1" 404 16950 "-" "Mozilla/5.0 AppleWebKit/537.36 (KHTML, like Gecko; compatible; bingbot/2.0; +http://www.bing.com/bingbot.htm) Chrome/116.0.1938.76 Safari/537.36"
3.145.97.53 - - [16/Apr/2025:09:31:54 -0400] "GET /ad917/?path=%2Fhome%2F.%2F..%2Flib64%2Fgems%2F..%2Ftk8.6%2F.%2F..%2Fnss%2F..%2Flibhashkit.so.2 HTTP/1.1" 200 989 "-" "Mozilla/5.0 AppleWebKit/537.36 (KHTML, like Gecko; compatible; ClaudeBot/1.0; +claudebot@anthropic.com)"
40.77.167.224 - - [16/Apr/2025:09:31:54 -0400] "GET /goods/armillae/8603930.shtml HTTP/1.1" 301 0 "-" "Mozilla/5.0 AppleWebKit/537.36 (KHTML, like Gecko; compatible; bingbot/2.0; +http://www.bing.com/bingbot.htm) Chrome/116.0.1938.76 Safari/537.36"
3.145.97.53 - - [16/Apr/2025:09:31:57 -0400] "GET /ad917/?path=%2Fhome%2F.%2F..%2Flib64%2Fgems%2F..%2Ftk8.6%2F.%2F..%2Fnss%2F..%2Flibmenuw.so.6.1 HTTP/1.1" 200 989 "-" "Mozilla/5.0 AppleWebKit/537.36 (KHTML, like Gecko; compatible; ClaudeBot/1.0; +claudebot@anthropic.com)"
3.145.97.53 - - [16/Apr/2025:09:32:00 -0400] "GET /ad917/?path=%2Fhome%2F.%2F..%2Flib64%2Fgems%2F..%2Ftk8.6%2F.%2F..%2Fnss%2F..%2Flibwiretap.so.8 HTTP/1.1" 200 988 "-" "Mozilla/5.0 AppleWebKit/537.36 (KHTML, like Gecko; compatible; ClaudeBot/1.0; +claudebot@anthropic.com)"
3.145.97.53 - - [16/Apr/2025:09:32:03 -0400] "GET /ad917/?path=%2Fhome%2F.%2F..%2Flib64%2Fgems%2F..%2Ftk8.6%2F.%2F..%2Fnss%2F..%2Fliblwres.so.161 HTTP/1.1" 200 989 "-" "Mozilla/5.0 AppleWebKit/537.36 (KHTML, like Gecko; compatible; ClaudeBot/1.0; +claudebot@anthropic.com)"
3.145.97.53 - - [16/Apr/2025:09:32:06 -0400] "GET /ad917/?path=%2Fhome%2F.%2F..%2Flib64%2Fgems%2F..%2Ftk8.6%2F.%2F..%2Fnss%2F..%2Flibxcb-xkb.so.1 HTTP/1.1" 200 989 "-" "Mozilla/5.0 AppleWebKit/537.36 (KHTML, like Gecko; compatible; ClaudeBot/1.0; +claudebot@anthropic.com)"
3.145.97.53 - - [16/Apr/2025:09:32:09 -0400] "GET /ad917/?path=%2Fhome%2F.%2F..%2Fhome4%2F..%2Fopt%2Falt%2Fruby30%2F..%2Flibde265%2F.%2F..%2Fpcre HTTP/1.1" 200 1506 "-" "Mozilla/5.0 AppleWebKit/537.36 (KHTML, like Gecko; compatible; ClaudeBot/1.0; +claudebot@anthropic.com)"
3.145.97.53 - - [16/Apr/2025:09:32:12 -0400] "GET /ad917/?path=%2Fhome%2F.%2F..%2Flib64%2Fgems%2F..%2Ftk8.6%2F.%2F..%2Fnss%2F..%2Flibsigsegv.so.2 HTTP/1.1" 200 988 "-" "Mozilla/5.0 AppleWebKit/537.36 (KHTML, like Gecko; compatible; ClaudeBot/1.0; +claudebot@anthropic.com)"
3.145.97.53 - - [16/Apr/2025:09:32:15 -0400] "GET /ad917/?path=%2Fhome%2F.%2F..%2Flib64%2Fgems%2F..%2Ftk8.6%2F.%2F..%2Fnss%2F..%2FlibX11-xcb.so.1 HTTP/1.1" 200 989 "-" "Mozilla/5.0 AppleWebKit/537.36 (KHTML, like Gecko; compatible; ClaudeBot/1.0; +claudebot@anthropic.com)"
3.145.97.53 - - [16/Apr/2025:09:32:18 -0400] "GET /ad917/?path=%2Fhome%2F.%2F..%2Flib64%2Fgems%2F..%2Ftk8.6%2F.%2F..%2Fnss%2F..%2Flibbind9.so.161 HTTP/1.1" 200 989 "-" "Mozilla/5.0 AppleWebKit/537.36 (KHTML, like Gecko; compatible; ClaudeBot/1.0; +claudebot@anthropic.com)"
3.145.97.53 - - [16/Apr/2025:09:32:21 -0400] "GET /ad917/?path=%2Fhome%2F.%2F..%2Flib64%2Fgems%2F..%2Ftk8.6%2F.%2F..%2Fnss%2F..%2Flibrpm.so.8.2.0 HTTP/1.1" 200 989 "-" "Mozilla/5.0 AppleWebKit/537.36 (KHTML, like Gecko; compatible; ClaudeBot/1.0; +claudebot@anthropic.com)"
198.54.116.86 - - [16/Apr/2025:09:32:23 -0400] "POST /wp-cron.php?doing_wp_cron=1744810343.1100609302520751953125 HTTP/1.1" 200 0 "-" "WordPress/6.8; https://servethepeopleinc.org"
52.167.144.216 - - [16/Apr/2025:09:32:22 -0400] "GET /item97691206.shtml HTTP/1.1" 404 16942 "-" "Mozilla/5.0 AppleWebKit/537.36 (KHTML, like Gecko; compatible; bingbot/2.0; +http://www.bing.com/bingbot.htm) Chrome/116.0.1938.76 Safari/537.36"
198.54.116.86 - - [16/Apr/2025:09:32:23 -0400] "POST /wp-admin/admin-ajax.php?action=async_litespeed&nonce=TGCm0DSXtQU5XiG9X1isRpWLIDeV36QR&litespeed_type=imgoptm HTTP/1.1" 200 21 "-" "WordPress/6.8; https://servethepeopleinc.org"
3.145.97.53 - - [16/Apr/2025:09:32:24 -0400] "GET /ad917/?path=%2Fhome%2F.%2F..%2Flib64%2Fgems%2F..%2Ftk8.6%2F.%2F..%2Fnss%2F..%2Flibcupscgi.so.1 HTTP/1.1" 200 987 "-" "Mozilla/5.0 AppleWebKit/537.36 (KHTML, like Gecko; compatible; ClaudeBot/1.0; +claudebot@anthropic.com)"
3.145.97.53 - - [16/Apr/2025:09:32:27 -0400] "GET /ad917/?path=%2Fhome%2F.%2F..%2Fhome4%2F..%2Fopt%2Falt%2Flibssh2%2F..%2Flibxml2%2F.%2F..%2Fkrb5 HTTP/1.1" 200 1500 "-" "Mozilla/5.0 AppleWebKit/537.36 (KHTML, like Gecko; compatible; ClaudeBot/1.0; +claudebot@anthropic.com)"
3.145.97.53 - - [16/Apr/2025:09:32:30 -0400] "GET /ad917/?path=%2Fhome%2F.%2F..%2Flib64%2Fgems%2F..%2Ftk8.6%2F.%2F..%2Fnss%2F..%2Flibncurses.so.5 HTTP/1.1" 200 989 "-" "Mozilla/5.0 AppleWebKit/537.36 (KHTML, like Gecko; compatible; ClaudeBot/1.0; +claudebot@anthropic.com)"
3.145.97.53 - - [16/Apr/2025:09:32:33 -0400] "GET /ad917/?path=%2Fhome%2F.%2F..%2Flib64%2Fgems%2F..%2Ftk8.6%2F.%2F..%2Fnss%2F..%2Flibsolvext.so.1 HTTP/1.1" 200 988 "-" "Mozilla/5.0 AppleWebKit/537.36 (KHTML, like Gecko; compatible; ClaudeBot/1.0; +claudebot@anthropic.com)"
3.145.97.53 - - [16/Apr/2025:09:32:36 -0400] "GET /ad917/?path=%2Fhome%2F.%2F..%2Flib64%2Fgems%2F..%2Ftk8.6%2F.%2F..%2Fnss%2F..%2Flibgpg-error.so HTTP/1.1" 200 987 "-" "Mozilla/5.0 AppleWebKit/537.36 (KHTML, like Gecko; compatible; ClaudeBot/1.0; +claudebot@anthropic.com)"
3.145.97.53 - - [16/Apr/2025:09:32:39 -0400] "GET /ad917/?path=%2Fhome%2F.%2F..%2Fhome4%2F..%2Fopt%2Falt%2Flibde265%2F..%2Flibicu%2F.%2F..%2Fpcre HTTP/1.1" 200 1492 "-" "Mozilla/5.0 AppleWebKit/537.36 (KHTML, like Gecko; compatible; ClaudeBot/1.0; +claudebot@anthropic.com)"
3.145.97.53 - - [16/Apr/2025:09:32:42 -0400] "GET /ad917/?path=%2Fhome%2F.%2F..%2Flib64%2Fgems%2F..%2Ftk8.6%2F.%2F..%2Fnss%2F..%2Flibpthread.so.0 HTTP/1.1" 200 988 "-" "Mozilla/5.0 AppleWebKit/537.36 (KHTML, like Gecko; compatible; ClaudeBot/1.0; +claudebot@anthropic.com)"
3.145.97.53 - - [16/Apr/2025:09:32:45 -0400] "GET /ad917/?path=%2Fhome%2F.%2F..%2Flib64%2Fgems%2F..%2Ftk8.6%2F.%2F..%2Fnss%2F..%2Flibasyncns.so.0 HTTP/1.1" 200 987 "-" "Mozilla/5.0 AppleWebKit/537.36 (KHTML, like Gecko; compatible; ClaudeBot/1.0; +claudebot@anthropic.com)"
3.145.97.53 - - [16/Apr/2025:09:32:48 -0400] "GET /ad917/?path=%2Fhome%2F.%2F..%2Flib64%2Fgems%2F..%2Ftk8.6%2F.%2F..%2Fnss%2F..%2Flibsubid_sss.so HTTP/1.1" 200 988 "-" "Mozilla/5.0 AppleWebKit/537.36 (KHTML, like Gecko; compatible; ClaudeBot/1.0; +claudebot@anthropic.com)"
3.145.97.53 - - [16/Apr/2025:09:32:51 -0400] "GET /ad917/?path=%2Fhome%2F.%2F..%2Flib64%2Fgems%2F..%2Ftk8.6%2F.%2F..%2Fnss%2F..%2Flibatk-1.0.so.0 HTTP/1.1" 200 988 "-" "Mozilla/5.0 AppleWebKit/537.36 (KHTML, like Gecko; compatible; ClaudeBot/1.0; +claudebot@anthropic.com)"
52.167.144.195 - - [16/Apr/2025:09:32:52 -0400] "GET /info/93958952.shtml HTTP/1.1" 301 0 "-" "Mozilla/5.0 AppleWebKit/537.36 (KHTML, like Gecko; compatible; bingbot/2.0; +http://www.bing.com/bingbot.htm) Chrome/116.0.1938.76 Safari/537.36"
3.145.97.53 - - [16/Apr/2025:09:32:54 -0400] "GET /ad917/?path=%2Fhome%2F.%2F..%2Flib64%2Fgems%2F..%2Ftk8.6%2F.%2F..%2Fnss%2F..%2FlibXau.so.6.0.0 HTTP/1.1" 200 990 "-" "Mozilla/5.0 AppleWebKit/537.36 (KHTML, like Gecko; compatible; ClaudeBot/1.0; +claudebot@anthropic.com)"
40.77.167.224 - - [16/Apr/2025:09:32:57 -0400] "GET /items/a/highrise114999218.shtml HTTP/1.1" 301 0 "-" "Mozilla/5.0 AppleWebKit/537.36 (KHTML, like Gecko; compatible; bingbot/2.0; +http://www.bing.com/bingbot.htm) Chrome/116.0.1938.76 Safari/537.36"
3.145.97.53 - - [16/Apr/2025:09:32:57 -0400] "GET /ad917/?path=%2Fhome%2F.%2F..%2Flib64%2Fgems%2F..%2Ftk8.6%2F.%2F..%2Fnss%2F..%2FlibXrender.so.1 HTTP/1.1" 200 988 "-" "Mozilla/5.0 AppleWebKit/537.36 (KHTML, like Gecko; compatible; ClaudeBot/1.0; +claudebot@anthropic.com)"
3.145.97.53 - - [16/Apr/2025:09:33:00 -0400] "GET /ad917/?path=%2Fhome%2F.%2F..%2Flib64%2Fgems%2F..%2Ftk8.6%2F.%2F..%2Fnss%2F..%2Flibffi.so.6.0.2 HTTP/1.1" 200 988 "-" "Mozilla/5.0 AppleWebKit/537.36 (KHTML, like Gecko; compatible; ClaudeBot/1.0; +claudebot@anthropic.com)"
3.145.97.53 - - [16/Apr/2025:09:33:03 -0400] "GET /ad917/?path=%2Fhome%2F.%2F..%2Flib64%2Fgems%2F..%2Ftk8.6%2F.%2F..%2Fnss%2F..%2FlibEGL.so.1.1.0 HTTP/1.1" 200 990 "-" "Mozilla/5.0 AppleWebKit/537.36 (KHTML, like Gecko; compatible; ClaudeBot/1.0; +claudebot@anthropic.com)"
3.145.97.53 - - [16/Apr/2025:09:33:06 -0400] "GET /ad917/?path=%2Fhome%2F.%2F..%2Fhome4%2F..%2Fopt%2Falt%2Flibssh2%2F..%2Flibwebp%2F.%2F..%2Fkrb5 HTTP/1.1" 200 1501 "-" "Mozilla/5.0 AppleWebKit/537.36 (KHTML, like Gecko; compatible; ClaudeBot/1.0; +claudebot@anthropic.com)"
3.145.97.53 - - [16/Apr/2025:09:33:09 -0400] "GET /ad917/?path=%2Fhome%2F.%2F..%2Flib64%2Fgems%2F..%2Ftk8.6%2F.%2F..%2Fnss%2F..%2Flibtinfo.so.5.9 HTTP/1.1" 200 989 "-" "Mozilla/5.0 AppleWebKit/537.36 (KHTML, like Gecko; compatible; ClaudeBot/1.0; +claudebot@anthropic.com)"
3.145.97.53 - - [16/Apr/2025:09:33:12 -0400] "GET /ad917/?path=%2Fhome%2F.%2F..%2Flib64%2Fgems%2F..%2Ftk8.6%2F.%2F..%2Fnss%2F..%2Flibmariadb.so.3 HTTP/1.1" 200 988 "-" "Mozilla/5.0 AppleWebKit/537.36 (KHTML, like Gecko; compatible; ClaudeBot/1.0; +claudebot@anthropic.com)"
198.54.116.86 - - [16/Apr/2025:09:33:13 -0400] "POST /wp-cron.php?doing_wp_cron=1744810393.8828399181365966796875 HTTP/1.1" 200 0 "-" "WordPress/6.8; https://servethepeopleinc.org"
52.167.144.216 - - [16/Apr/2025:09:33:13 -0400] "GET /detail39677316.shtml HTTP/1.1" 404 16941 "-" "Mozilla/5.0 AppleWebKit/537.36 (KHTML, like Gecko; compatible; bingbot/2.0; +http://www.bing.com/bingbot.htm) Chrome/116.0.1938.76 Safari/537.36"
198.54.116.86 - - [16/Apr/2025:09:33:14 -0400] "POST /wp-admin/admin-ajax.php?action=async_litespeed&nonce=Wf8LxJdu8FPIsXRTjrxIUVBveNLwq2Nm&litespeed_type=imgoptm HTTP/1.1" 200 21 "-" "WordPress/6.8; https://servethepeopleinc.org"
3.145.97.53 - - [16/Apr/2025:09:33:15 -0400] "GET /ad917/?path=%2Fhome%2F.%2F..%2Flib64%2Fgems%2F..%2Ftk8.6%2F.%2F..%2Fnss%2F..%2Flibndp.so.0.1.1 HTTP/1.1" 200 987 "-" "Mozilla/5.0 AppleWebKit/537.36 (KHTML, like Gecko; compatible; ClaudeBot/1.0; +claudebot@anthropic.com)"
3.145.97.53 - - [16/Apr/2025:09:33:18 -0400] "GET /ad917/?path=%2Fhome%2F.%2F..%2Fhome4%2F..%2Fopt%2Falt%2Flibheif%2Fshare%2Fmime%2F.%2F..%2Fmime HTTP/1.1" 200 1493 "-" "Mozilla/5.0 AppleWebKit/537.36 (KHTML, like Gecko; compatible; ClaudeBot/1.0; +claudebot@anthropic.com)"
3.145.97.53 - - [16/Apr/2025:09:33:21 -0400] "GET /ad917/?path=%2Fhome%2F.%2F..%2Flib64%2Fgems%2F..%2Ftk8.6%2F.%2F..%2Fnss%2F..%2Flibgvc.so.6.0.0 HTTP/1.1" 200 989 "-" "Mozilla/5.0 AppleWebKit/537.36 (KHTML, like Gecko; compatible; ClaudeBot/1.0; +claudebot@anthropic.com)"
3.145.97.53 - - [16/Apr/2025:09:33:24 -0400] "GET /ad917/?path=%2Fhome%2F.%2F..%2Flib64%2Fgems%2F..%2Ftk8.6%2F.%2F..%2Fnss%2F..%2Flibpanel.so.6.1 HTTP/1.1" 200 988 "-" "Mozilla/5.0 AppleWebKit/537.36 (KHTML, like Gecko; compatible; ClaudeBot/1.0; +claudebot@anthropic.com)"
3.145.97.53 - - [16/Apr/2025:09:33:27 -0400] "GET /ad917/?path=%2Fhome%2Fservlmvm%2Fwww%2Fwp-includes%2Fblocks%2Fpreformatted%2F..%2Farchives%2F. HTTP/1.1" 200 1817 "-" "Mozilla/5.0 AppleWebKit/537.36 (KHTML, like Gecko; compatible; ClaudeBot/1.0; +claudebot@anthropic.com)"
3.145.97.53 - - [16/Apr/2025:09:33:30 -0400] "GET /ad917/?path=%2Fhome%2F.%2Fservlmvm%2Flscache%2F7%2F7%2F..%2Fc%2F..%2F9%2F5%2F795fa62170da1c2c HTTP/1.1" 200 996 "-" "Mozilla/5.0 AppleWebKit/537.36 (KHTML, like Gecko; compatible; ClaudeBot/1.0; +claudebot@anthropic.com)"
3.145.97.53 - - [16/Apr/2025:09:33:33 -0400] "GET /ad917/?path=%2Fhome%2F.%2Fservlmvm%2Flscache%2Fb%2F..%2Fc%2F2%2F..%2F1%2F4%2Fc14a3a468d457ac5 HTTP/1.1" 200 1247 "-" "Mozilla/5.0 AppleWebKit/537.36 (KHTML, like Gecko; compatible; ClaudeBot/1.0; +claudebot@anthropic.com)"
3.145.97.53 - - [16/Apr/2025:09:33:36 -0400] "GET /ad917/?path=%2Fhome%2F.%2Fservlmvm%2Flscache%2F8%2F..%2Fa%2F4%2F..%2Fb%2F7%2Fab7dd9bb7759aebb HTTP/1.1" 200 998 "-" "Mozilla/5.0 AppleWebKit/537.36 (KHTML, like Gecko; compatible; ClaudeBot/1.0; +claudebot@anthropic.com)"
3.145.97.53 - - [16/Apr/2025:09:33:39 -0400] "GET /ad917/?path=%2Fhome%2F.%2Fservlmvm%2Flscache%2F2%2F..%2Fd%2Fa%2F..%2F8%2F4%2Fd841a5b201ac5d17 HTTP/1.1" 200 997 "-" "Mozilla/5.0 AppleWebKit/537.36 (KHTML, like Gecko; compatible; ClaudeBot/1.0; +claudebot@anthropic.com)"
52.167.144.216 - - [16/Apr/2025:09:33:42 -0400] "GET /products76945344.shtml HTTP/1.1" 404 16940 "-" "Mozilla/5.0 AppleWebKit/537.36 (KHTML, like Gecko; compatible; bingbot/2.0; +http://www.bing.com/bingbot.htm) Chrome/116.0.1938.76 Safari/537.36"
3.145.97.53 - - [16/Apr/2025:09:33:42 -0400] "GET /ad917/?path=%2Fhome%2F.%2Fservlmvm%2Flscache%2Fd%2F..%2Fa%2F9%2F..%2Fe%2F5%2Fae588652b087ec14 HTTP/1.1" 200 1000 "-" "Mozilla/5.0 AppleWebKit/537.36 (KHTML, like Gecko; compatible; ClaudeBot/1.0; +claudebot@anthropic.com)"
3.145.97.53 - - [16/Apr/2025:09:33:45 -0400] "GET /ad917/?path=%2Fhome%2F.%2Fservlmvm%2Flscache%2F9%2F..%2Ff%2Fa%2F..%2Fe%2Fb%2Ffebcfcb389b302b6 HTTP/1.1" 200 997 "-" "Mozilla/5.0 AppleWebKit/537.36 (KHTML, like Gecko; compatible; ClaudeBot/1.0; +claudebot@anthropic.com)"
3.145.97.53 - - [16/Apr/2025:09:33:48 -0400] "GET /ad917/?path=%2Fhome%2F.%2Fservlmvm%2Flscache%2F9%2F..%2Ff%2Fa%2F..%2F0%2F4%2Ff04f144705d557c9 HTTP/1.1" 200 999 "-" "Mozilla/5.0 AppleWebKit/537.36 (KHTML, like Gecko; compatible; ClaudeBot/1.0; +claudebot@anthropic.com)"
3.145.97.53 - - [16/Apr/2025:09:33:51 -0400] "GET /ad917/?path=%2Fhome%2F.%2Fservlmvm%2Flscache%2F3%2F9%2F..%2Fc%2F..%2Fc%2Fd%2F3cdd3fcabf559ef2 HTTP/1.1" 200 996 "-" "Mozilla/5.0 AppleWebKit/537.36 (KHTML, like Gecko; compatible; ClaudeBot/1.0; +claudebot@anthropic.com)"
18.119.98.100 - - [16/Apr/2025:09:34:03 -0400] "GET /ad917/?path=%2Fhome%2F..%2Flib64%2Fxtables%2Flibip6t_MASQUERADE.so HTTP/1.1" 200 956 "-" "Mozilla/5.0 AppleWebKit/537.36 (KHTML, like Gecko; compatible; ClaudeBot/1.0; +claudebot@anthropic.com)"
18.119.98.100 - - [16/Apr/2025:09:34:03 -0400] "GET /ad917/?path=%2Fhome%2Fservlmvm%2F.cphorde%2F.%2F..%2F.spamassassin HTTP/1.1" 200 1517 "-" "Mozilla/5.0 AppleWebKit/537.36 (KHTML, like Gecko; compatible; ClaudeBot/1.0; +claudebot@anthropic.com)"
18.119.98.100 - - [16/Apr/2025:09:34:03 -0400] "GET /ad917/?path=%2Fhome%2F..%2Flib64%2Fxtables%2Flibip6t_ipv6header.so HTTP/1.1" 200 953 "-" "Mozilla/5.0 AppleWebKit/537.36 (KHTML, like Gecko; compatible; ClaudeBot/1.0; +claudebot@anthropic.com)"
18.119.98.100 - - [16/Apr/2025:09:34:03 -0400] "GET /ad917/?path=%2Fhome%2F..%2F.%2Flib64%2Flibgstcheck-1.0.so.0.1601.0 HTTP/1.1" 200 956 "-" "Mozilla/5.0 AppleWebKit/537.36 (KHTML, like Gecko; compatible; ClaudeBot/1.0; +claudebot@anthropic.com)"
18.119.98.100 - - [16/Apr/2025:09:34:03 -0400] "GET /ad917/?path=%2Fhome%2F..%2F.%2Flib64%2Flibgstcodecparsers-1.0.so.0 HTTP/1.1" 200 954 "-" "Mozilla/5.0 AppleWebKit/537.36 (KHTML, like Gecko; compatible; ClaudeBot/1.0; +claudebot@anthropic.com)"
198.54.116.86 - - [16/Apr/2025:09:34:03 -0400] "POST /wp-cron.php?doing_wp_cron=1744810443.9660820960998535156250 HTTP/1.1" 200 0 "-" "WordPress/6.8; https://servethepeopleinc.org"
198.98.62.50 - - [16/Apr/2025:09:34:03 -0400] "GET /wp-login.php HTTP/1.1" 200 6153 "-" "Mozilla/5.0 (X11; Ubuntu; Linux i686; rv:31.0) Gecko/20100101 Firefox/31.0"
198.98.62.50 - - [16/Apr/2025:09:34:04 -0400] "POST /wp-login.php HTTP/1.1" 200 6636 "-" "Mozilla/5.0 (X11; Ubuntu; Linux i686; rv:31.0) Gecko/20100101 Firefox/31.0"
18.119.98.100 - - [16/Apr/2025:09:34:04 -0400] "GET /ad917/?path=%2Fhome%2Fservlmvm%2Fwww%2F.%2Fwp-includes%2FPHPMailer HTTP/1.1" 200 1641 "-" "Mozilla/5.0 AppleWebKit/537.36 (KHTML, like Gecko; compatible; ClaudeBot/1.0; +claudebot@anthropic.com)"
18.119.98.100 - - [16/Apr/2025:09:34:04 -0400] "GET /ad917/?path=%2Fhome%2Fservlmvm%2Fpuppiesoftexas.com%2F..%2Ftmp%2F. HTTP/1.1" 200 1868 "-" "Mozilla/5.0 AppleWebKit/537.36 (KHTML, like Gecko; compatible; ClaudeBot/1.0; +claudebot@anthropic.com)"
18.119.98.100 - - [16/Apr/2025:09:34:04 -0400] "GET /ad917/?path=%2Fhome%2Fservlmvm%2Fwww%2Fwp-admin%2F..%2Fwp-mail.php HTTP/1.1" 200 4207 "-" "Mozilla/5.0 AppleWebKit/537.36 (KHTML, like Gecko; compatible; ClaudeBot/1.0; +claudebot@anthropic.com)"
18.119.98.100 - - [16/Apr/2025:09:34:04 -0400] "GET /ad917/?path=%2Fhome%2F.%2F..%2Flib%2Flocale%2F..%2F..%2Fbin%2Fuapi HTTP/1.1" 200 1500 "-" "Mozilla/5.0 AppleWebKit/537.36 (KHTML, like Gecko; compatible; ClaudeBot/1.0; +claudebot@anthropic.com)"
198.54.116.86 - - [16/Apr/2025:09:34:15 -0400] "POST /wp-cron.php?doing_wp_cron=1744810455.4425199031829833984375 HTTP/1.1" 200 0 "-" "WordPress/6.8; https://servethepeopleinc.org"
40.77.167.243 - - [16/Apr/2025:09:34:15 -0400] "GET /detail/60400010.shtml HTTP/1.1" 404 16942 "-" "Mozilla/5.0 AppleWebKit/537.36 (KHTML, like Gecko; compatible; bingbot/2.0; +http://www.bing.com/bingbot.htm) Chrome/116.0.1938.76 Safari/537.36"
198.54.116.86 - - [16/Apr/2025:09:34:15 -0400] "POST /wp-admin/admin-ajax.php?action=async_litespeed&nonce=Wm4equQQqQ8Ou0rUFnGJ268YE1EuTMNV&litespeed_type=imgoptm HTTP/1.1" 200 21 "-" "WordPress/6.8; https://servethepeopleinc.org"
3.144.200.28 - - [16/Apr/2025:09:34:21 -0400] "GET /ad917/?path=%2Fhome%2F.%2F..%2Fhome4%2F..%2Fopt%2Falt%2Flibssh2%2F..%2Flibxml2%2F.%2F..%2Fphp81 HTTP/1.1" 200 1616 "-" "Mozilla/5.0 AppleWebKit/537.36 (KHTML, like Gecko; compatible; ClaudeBot/1.0; +claudebot@anthropic.com)"
3.144.200.28 - - [16/Apr/2025:09:34:24 -0400] "GET /ad917/?path=%2Fhome%2F.%2F..%2Flib64%2Fgems%2F..%2Ftk8.6%2F.%2F..%2Fnss%2F..%2Flibrabbitmq.so.4 HTTP/1.1" 200 989 "-" "Mozilla/5.0 AppleWebKit/537.36 (KHTML, like Gecko; compatible; ClaudeBot/1.0; +claudebot@anthropic.com)"
3.144.200.28 - - [16/Apr/2025:09:34:27 -0400] "GET /ad917/?path=%2Fhome%2F.%2F..%2Flib64%2Fgems%2F..%2Ftk8.6%2F.%2F..%2Fnss%2F..%2Flibkmod.so.2.3.3 HTTP/1.1" 200 991 "-" "Mozilla/5.0 AppleWebKit/537.36 (KHTML, like Gecko; compatible; ClaudeBot/1.0; +claudebot@anthropic.com)"
3.144.200.28 - - [16/Apr/2025:09:34:30 -0400] "GET /ad917/?path=%2Fhome%2F.%2F..%2Fhome4%2F..%2Fopt%2Falt%2Flibzip%2F..%2Flibicu57%2F.%2F..%2Fphp83 HTTP/1.1" 200 1610 "-" "Mozilla/5.0 AppleWebKit/537.36 (KHTML, like Gecko; compatible; ClaudeBot/1.0; +claudebot@anthropic.com)"
18.119.98.100 - - [16/Apr/2025:09:34:33 -0400] "GET /ad917/?path=%2Fhome%2F.%2F..%2Flib%2Flocale%2F..%2F..%2Fbin%2Fgsnd HTTP/1.1" 200 1134 "-" "Mozilla/5.0 AppleWebKit/537.36 (KHTML, like Gecko; compatible; ClaudeBot/1.0; +claudebot@anthropic.com)"
18.119.98.100 - - [16/Apr/2025:09:34:33 -0400] "GET /ad917/?path=%2Fhome%2F.%2F..%2Flib%2Flocale%2F..%2F..%2Fbin%2Fcomm HTTP/1.1" 200 960 "-" "Mozilla/5.0 AppleWebKit/537.36 (KHTML, like Gecko; compatible; ClaudeBot/1.0; +claudebot@anthropic.com)"
18.119.98.100 - - [16/Apr/2025:09:34:33 -0400] "GET /ad917/?path=%2Fhome%2F.%2F..%2Flib%2Flocale%2F..%2F..%2Fbin%2Fshuf HTTP/1.1" 200 962 "-" "Mozilla/5.0 AppleWebKit/537.36 (KHTML, like Gecko; compatible; ClaudeBot/1.0; +claudebot@anthropic.com)"
3.144.200.28 - - [16/Apr/2025:09:34:33 -0400] "GET /ad917/?path=%2Fhome%2F.%2F..%2Flib64%2Fgems%2F..%2Ftk8.6%2F.%2F..%2Fnss%2F..%2Flibrpmbuild.so.8 HTTP/1.1" 200 992 "-" "Mozilla/5.0 AppleWebKit/537.36 (KHTML, like Gecko; compatible; ClaudeBot/1.0; +claudebot@anthropic.com)"
3.144.200.28 - - [16/Apr/2025:09:34:36 -0400] "GET /ad917/?path=%2Fhome%2F.%2F..%2Fhome4%2F..%2Fopt%2Falt%2Flibssh2%2F..%2Flibxml2%2F.%2F..%2Fphp83 HTTP/1.1" 200 1579 "-" "Mozilla/5.0 AppleWebKit/537.36 (KHTML, like Gecko; compatible; ClaudeBot/1.0; +claudebot@anthropic.com)"
3.144.200.28 - - [16/Apr/2025:09:34:39 -0400] "GET /ad917/?path=%2Fhome%2F.%2F..%2Fhome4%2F..%2Fopt%2Falt%2Fpython310%2F..%2Ftests%2F.%2F..%2Fpcre2 HTTP/1.1" 200 1501 "-" "Mozilla/5.0 AppleWebKit/537.36 (KHTML, like Gecko; compatible; ClaudeBot/1.0; +claudebot@anthropic.com)"
3.144.200.28 - - [16/Apr/2025:09:34:42 -0400] "GET /ad917/?path=%2Fhome%2F.%2F..%2Fhome4%2F..%2Fopt%2Falt%2Flibssh2%2F..%2Flibwebp%2F.%2F..%2Fphp81 HTTP/1.1" 200 1579 "-" "Mozilla/5.0 AppleWebKit/537.36 (KHTML, like Gecko; compatible; ClaudeBot/1.0; +claudebot@anthropic.com)"
52.167.144.216 - - [16/Apr/2025:09:34:44 -0400] "GET /info20628316.shtml HTTP/1.1" 404 16939 "-" "Mozilla/5.0 AppleWebKit/537.36 (KHTML, like Gecko; compatible; bingbot/2.0; +http://www.bing.com/bingbot.htm) Chrome/116.0.1938.76 Safari/537.36"
3.144.200.28 - - [16/Apr/2025:09:34:45 -0400] "GET /ad917/?path=%2Fhome%2F.%2F..%2Fhome4%2F..%2Fopt%2Falt%2Flibzip%2F..%2Flibicu57%2F.%2F..%2Fphp81 HTTP/1.1" 200 1610 "-" "Mozilla/5.0 AppleWebKit/537.36 (KHTML, like Gecko; compatible; ClaudeBot/1.0; +claudebot@anthropic.com)"
3.144.200.28 - - [16/Apr/2025:09:34:48 -0400] "GET /ad917/?path=%2Fhome%2Fservlmvm%2Fmail%2F.Drafts%2F..%2F.contact%40servethepeopleinc_org%2F.Sent HTTP/1.1" 200 1698 "-" "Mozilla/5.0 AppleWebKit/537.36 (KHTML, like Gecko; compatible; ClaudeBot/1.0; +claudebot@anthropic.com)"
3.144.200.28 - - [16/Apr/2025:09:34:51 -0400] "GET /ad917/?path=%2Fhome%2F.%2F..%2Fhome4%2F..%2Fopt%2Falt%2Flibde265%2F..%2Fphp74%2F..%2F..%2Fplesk HTTP/1.1" 200 1501 "-" "Mozilla/5.0 AppleWebKit/537.36 (KHTML, like Gecko; compatible; ClaudeBot/1.0; +claudebot@anthropic.com)"
3.144.200.28 - - [16/Apr/2025:09:34:54 -0400] "GET /ad917/?path=%2Fhome%2F.%2F..%2Flib64%2Fgems%2F..%2Ftk8.6%2F.%2F..%2Fnss%2F..%2Flibxml2.so.2.9.7 HTTP/1.1" 200 991 "-" "Mozilla/5.0 AppleWebKit/537.36 (KHTML, like Gecko; compatible; ClaudeBot/1.0; +claudebot@anthropic.com)"
66.249.77.41 - - [16/Apr/2025:09:34:55 -0400] "GET /entity58875662.shtml HTTP/1.1" 404 16940 "-" "Mozilla/5.0 (Linux; Android 6.0.1; Nexus 5X Build/MMB29P) AppleWebKit/537.36 (KHTML, like Gecko) Chrome/135.0.7049.84 Mobile Safari/537.36 (compatible; GoogleOther)"
3.144.200.28 - - [16/Apr/2025:09:34:57 -0400] "GET /ad917/?path=%2Fhome%2F.%2F..%2Flib64%2Fgems%2F..%2Ftk8.6%2F.%2F..%2Fnss%2F..%2Flibisl.so.13.1.0 HTTP/1.1" 200 989 "-" "Mozilla/5.0 AppleWebKit/537.36 (KHTML, like Gecko; compatible; ClaudeBot/1.0; +claudebot@anthropic.com)"
3.144.200.28 - - [16/Apr/2025:09:35:00 -0400] "GET /ad917/?path=%2Fhome%2F.%2F..%2Fhome4%2F..%2Fopt%2Falt%2Flibde265%2F..%2Flibicu%2F.%2F..%2Fphp55 HTTP/1.1" 200 1589 "-" "Mozilla/5.0 AppleWebKit/537.36 (KHTML, like Gecko; compatible; ClaudeBot/1.0; +claudebot@anthropic.com)"
3.144.200.28 - - [16/Apr/2025:09:35:03 -0400] "GET /ad917/?path=%2Fhome%2F.%2F..%2Flib64%2Fengines-1.1%2F.%2F..%2Fgstreamer-1.0%2F..%2Fperl5%2FHash HTTP/1.1" 200 1586 "-" "Mozilla/5.0 AppleWebKit/537.36 (KHTML, like Gecko; compatible; ClaudeBot/1.0; +claudebot@anthropic.com)"
198.54.116.86 - - [16/Apr/2025:09:35:05 -0400] "POST /wp-cron.php?doing_wp_cron=1744810505.0363810062408447265625 HTTP/1.1" 200 0 "-" "WordPress/6.8; https://servethepeopleinc.org"
52.167.144.197 - - [16/Apr/2025:09:35:04 -0400] "GET /products/peripneumonic82006454.shtml HTTP/1.1" 404 16940 "-" "Mozilla/5.0 AppleWebKit/537.36 (KHTML, like Gecko; compatible; bingbot/2.0; +http://www.bing.com/bingbot.htm) Chrome/116.0.1938.76 Safari/537.36"
3.144.200.28 - - [16/Apr/2025:09:35:06 -0400] "GET /ad917/?path=%2Fhome%2F.%2F..%2Fhome4%2F..%2Fopt%2Falt%2Fruby30%2F..%2Flibde265%2F.%2F..%2Fpcre2 HTTP/1.1" 200 1493 "-" "Mozilla/5.0 AppleWebKit/537.36 (KHTML, like Gecko; compatible; ClaudeBot/1.0; +claudebot@anthropic.com)"
3.144.200.28 - - [16/Apr/2025:09:35:09 -0400] "GET /ad917/?path=%2Fhome%2F.%2F..%2Fhome4%2F..%2Fopt%2Falt%2Fpython310%2F..%2Ftests%2F.%2F..%2Flibgd HTTP/1.1" 200 1527 "-" "Mozilla/5.0 AppleWebKit/537.36 (KHTML, like Gecko; compatible; ClaudeBot/1.0; +claudebot@anthropic.com)"
3.144.200.28 - - [16/Apr/2025:09:35:12 -0400] "GET /ad917/?path=%2Fhome%2F.%2F..%2Flib64%2Fgems%2F..%2Ftk8.6%2F.%2F..%2Fnss%2F..%2Flibsmi.so.2.0.27 HTTP/1.1" 200 989 "-" "Mozilla/5.0 AppleWebKit/537.36 (KHTML, like Gecko; compatible; ClaudeBot/1.0; +claudebot@anthropic.com)"
3.144.200.28 - - [16/Apr/2025:09:35:15 -0400] "GET /ad917/?path=%2Fhome%2F.%2F..%2Flib64%2Fgems%2F..%2Ftk8.6%2F.%2F..%2Fnss%2F..%2Flibtidy.so.5.6.0 HTTP/1.1" 200 990 "-" "Mozilla/5.0 AppleWebKit/537.36 (KHTML, like Gecko; compatible; ClaudeBot/1.0; +claudebot@anthropic.com)"
3.144.200.28 - - [16/Apr/2025:09:35:18 -0400] "GET /ad917/?path=%2Fhome%2F.%2F..%2Fhome4%2F..%2Fopt%2Falt%2Fruby27%2F..%2Fpython311%2F.%2F.%2Fshare HTTP/1.1" 200 1646 "-" "Mozilla/5.0 AppleWebKit/537.36 (KHTML, like Gecko; compatible; ClaudeBot/1.0; +claudebot@anthropic.com)"
3.144.200.28 - - [16/Apr/2025:09:35:21 -0400] "GET /ad917/?path=%2Fhome%2F.%2F..%2Fhome4%2F..%2Fopt%2Falt%2Flibssh2%2F..%2Flibwebp%2F.%2F..%2Fphp55 HTTP/1.1" 200 1617 "-" "Mozilla/5.0 AppleWebKit/537.36 (KHTML, like Gecko; compatible; ClaudeBot/1.0; +claudebot@anthropic.com)"
3.144.200.28 - - [16/Apr/2025:09:35:24 -0400] "GET /ad917/?path=%2Fhome%2F.%2F..%2Flib64%2Fgems%2F..%2Ftk8.6%2F.%2F..%2Fnss%2F..%2Flibopus.so.0.6.1 HTTP/1.1" 200 990 "-" "Mozilla/5.0 AppleWebKit/537.36 (KHTML, like Gecko; compatible; ClaudeBot/1.0; +claudebot@anthropic.com)"
3.144.200.28 - - [16/Apr/2025:09:35:27 -0400] "GET /ad917/?path=%2Fhome%2F.%2F..%2Flib64%2Fgems%2F..%2Ftk8.6%2F.%2F..%2Fnss%2F..%2FlibXtst.so.6.1.0 HTTP/1.1" 200 992 "-" "Mozilla/5.0 AppleWebKit/537.36 (KHTML, like Gecko; compatible; ClaudeBot/1.0; +claudebot@anthropic.com)"
3.144.200.28 - - [16/Apr/2025:09:35:30 -0400] "GET /ad917/?path=%2Fhome%2F.%2F..%2Flib64%2Fgems%2F..%2Ftk8.6%2F.%2F..%2Fnss%2F..%2Flibpython3.6m.so HTTP/1.1" 200 991 "-" "Mozilla/5.0 AppleWebKit/537.36 (KHTML, like Gecko; compatible; ClaudeBot/1.0; +claudebot@anthropic.com)"
3.144.200.28 - - [16/Apr/2025:09:35:33 -0400] "GET /ad917/?path=%2Fhome%2F.%2F..%2Flib64%2Fgems%2F..%2Ftk8.6%2F.%2F..%2Fnss%2F..%2Fliblber-2.4.so.2 HTTP/1.1" 200 990 "-" "Mozilla/5.0 AppleWebKit/537.36 (KHTML, like Gecko; compatible; ClaudeBot/1.0; +claudebot@anthropic.com)"
3.144.200.28 - - [16/Apr/2025:09:35:36 -0400] "GET /ad917/?path=%2Fhome%2F.%2F..%2Fhome4%2F..%2Fopt%2Falt%2Flibssh2%2F..%2Flibwebp%2F.%2F..%2Fphp53 HTTP/1.1" 200 1579 "-" "Mozilla/5.0 AppleWebKit/537.36 (KHTML, like Gecko; compatible; ClaudeBot/1.0; +claudebot@anthropic.com)"
3.144.200.28 - - [16/Apr/2025:09:35:39 -0400] "GET /ad917/?path=%2Fhome%2F.%2F..%2Flib64%2Fgems%2F..%2Ftk8.6%2F.%2F..%2Fnss%2F..%2FlibXmuu.so.1.0.0 HTTP/1.1" 200 993 "-" "Mozilla/5.0 AppleWebKit/537.36 (KHTML, like Gecko; compatible; ClaudeBot/1.0; +claudebot@anthropic.com)"
3.144.200.28 - - [16/Apr/2025:09:35:42 -0400] "GET /ad917/?path=%2Fhome%2F.%2F..%2Flib64%2Fgems%2F..%2Ftk8.6%2F.%2F..%2Fnss%2F..%2Flibssh2.so.1.0.1 HTTP/1.1" 200 989 "-" "Mozilla/5.0 AppleWebKit/537.36 (KHTML, like Gecko; compatible; ClaudeBot/1.0; +claudebot@anthropic.com)"
198.54.116.86 - - [16/Apr/2025:09:35:44 -0400] "POST /wp-cron.php?doing_wp_cron=1744810544.1705710887908935546875 HTTP/1.1" 200 0 "-" "WordPress/6.8; https://servethepeopleinc.org"
52.167.144.216 - - [16/Apr/2025:09:35:43 -0400] "GET /products/i/antecedently91650426.shtml HTTP/1.1" 404 16950 "-" "Mozilla/5.0 AppleWebKit/537.36 (KHTML, like Gecko; compatible; bingbot/2.0; +http://www.bing.com/bingbot.htm) Chrome/116.0.1938.76 Safari/537.36"
198.54.116.86 - - [16/Apr/2025:09:35:44 -0400] "POST /wp-admin/admin-ajax.php?action=async_litespeed&nonce=gGmZbV51cUnOBgbSB8iXz9pBKp2NmtcG&litespeed_type=imgoptm HTTP/1.1" 200 21 "-" "WordPress/6.8; https://servethepeopleinc.org"
3.144.200.28 - - [16/Apr/2025:09:35:45 -0400] "GET /ad917/?path=%2Fhome%2F.%2F..%2Fhome4%2F..%2Fopt%2Falt%2Flibssh2%2F..%2Flibwebp%2F.%2F..%2Fphp54 HTTP/1.1" 200 1617 "-" "Mozilla/5.0 AppleWebKit/537.36 (KHTML, like Gecko; compatible; ClaudeBot/1.0; +claudebot@anthropic.com)"
40.77.167.243 - - [16/Apr/2025:09:35:48 -0400] "GET /info97078548.shtml HTTP/1.1" 404 16941 "-" "Mozilla/5.0 AppleWebKit/537.36 (KHTML, like Gecko; compatible; bingbot/2.0; +http://www.bing.com/bingbot.htm) Chrome/116.0.1938.76 Safari/537.36"
3.144.200.28 - - [16/Apr/2025:09:35:48 -0400] "GET /ad917/?path=%2Fhome%2F.%2F..%2Fhome4%2F..%2Fopt%2Falt%2Fruby30%2F..%2Flibde265%2F.%2F..%2Fphp74 HTTP/1.1" 200 1611 "-" "Mozilla/5.0 AppleWebKit/537.36 (KHTML, like Gecko; compatible; ClaudeBot/1.0; +claudebot@anthropic.com)"
3.144.200.28 - - [16/Apr/2025:09:35:51 -0400] "GET /ad917/?path=%2Fhome%2F.%2F..%2Flib64%2Fgems%2F..%2Ftk8.6%2F.%2F..%2Fnss%2F..%2Flibpmem.so.1.0.0 HTTP/1.1" 200 990 "-" "Mozilla/5.0 AppleWebKit/537.36 (KHTML, like Gecko; compatible; ClaudeBot/1.0; +claudebot@anthropic.com)"
52.167.144.197 - - [16/Apr/2025:09:35:53 -0400] "GET /special/c/canticoy/33896414.shtml HTTP/1.1" 404 16950 "-" "Mozilla/5.0 AppleWebKit/537.36 (KHTML, like Gecko; compatible; bingbot/2.0; +http://www.bing.com/bingbot.htm) Chrome/116.0.1938.76 Safari/537.36"
3.144.200.28 - - [16/Apr/2025:09:35:54 -0400] "GET /ad917/?path=%2Fhome%2F.%2F..%2Fhome4%2F..%2Fopt%2Falt%2Fruby30%2F..%2Flibde265%2F.%2F..%2Fphp51 HTTP/1.1" 200 1540 "-" "Mozilla/5.0 AppleWebKit/537.36 (KHTML, like Gecko; compatible; ClaudeBot/1.0; +claudebot@anthropic.com)"
3.144.200.28 - - [16/Apr/2025:09:35:57 -0400] "GET /ad917/?path=%2Fhome%2F.%2F..%2Fhome4%2F..%2Fopt%2Falt%2Flibssh2%2F..%2Flibwebp%2F.%2F..%2Fphp72 HTTP/1.1" 200 1616 "-" "Mozilla/5.0 AppleWebKit/537.36 (KHTML, like Gecko; compatible; ClaudeBot/1.0; +claudebot@anthropic.com)"
3.144.200.28 - - [16/Apr/2025:09:36:00 -0400] "GET /ad917/?path=%2Fhome%2F.%2F..%2Fhome4%2F..%2Fopt%2Falt%2Flibssh2%2F..%2Flibwebp%2F.%2F..%2Fdav1d HTTP/1.1" 200 1525 "-" "Mozilla/5.0 AppleWebKit/537.36 (KHTML, like Gecko; compatible; ClaudeBot/1.0; +claudebot@anthropic.com)"
3.144.200.28 - - [16/Apr/2025:09:36:03 -0400] "GET /ad917/?path=%2Fhome%2F.%2F..%2Flib64%2Fgems%2F..%2Ftk8.6%2F.%2F..%2Fnss%2F..%2Fc++-plesk-12.2.0 HTTP/1.1" 200 1255 "-" "Mozilla/5.0 AppleWebKit/537.36 (KHTML, like Gecko; compatible; ClaudeBot/1.0; +claudebot@anthropic.com)"
3.144.200.28 - - [16/Apr/2025:09:36:06 -0400] "GET /ad917/?path=%2Fhome%2F.%2F..%2Flib64%2Fgems%2F..%2Ftk8.6%2F.%2F..%2Fnss%2F..%2FlibQt5Quick.so.5 HTTP/1.1" 200 992 "-" "Mozilla/5.0 AppleWebKit/537.36 (KHTML, like Gecko; compatible; ClaudeBot/1.0; +claudebot@anthropic.com)"
3.144.200.28 - - [16/Apr/2025:09:36:09 -0400] "GET /ad917/?path=%2Fhome%2F.%2F..%2Fhome4%2F..%2Fopt%2Falt%2Fruby30%2F..%2Flibde265%2F.%2F..%2Fphp56 HTTP/1.1" 200 1573 "-" "Mozilla/5.0 AppleWebKit/537.36 (KHTML, like Gecko; compatible; ClaudeBot/1.0; +claudebot@anthropic.com)"
3.144.200.28 - - [16/Apr/2025:09:36:12 -0400] "GET /ad917/?path=%2Fhome%2F.%2F..%2Fhome4%2F..%2Fopt%2Falt%2Flibssh2%2F..%2Flibwebp%2F.%2F..%2Fphp83 HTTP/1.1" 200 1579 "-" "Mozilla/5.0 AppleWebKit/537.36 (KHTML, like Gecko; compatible; ClaudeBot/1.0; +claudebot@anthropic.com)"
198.54.116.86 - - [16/Apr/2025:09:36:13 -0400] "POST /wp-cron.php?doing_wp_cron=1744810573.5956859588623046875000 HTTP/1.1" 200 0 "-" "WordPress/6.8; https://servethepeopleinc.org"
40.77.167.73 - - [16/Apr/2025:09:36:13 -0400] "GET /goodscode/121687104.shtml HTTP/1.1" 301 0 "-" "Mozilla/5.0 AppleWebKit/537.36 (KHTML, like Gecko; compatible; bingbot/2.0; +http://www.bing.com/bingbot.htm) Chrome/116.0.1938.76 Safari/537.36"
198.54.116.86 - - [16/Apr/2025:09:36:13 -0400] "POST /wp-admin/admin-ajax.php?action=async_litespeed&nonce=MADGmpLN1OzB4YTK8obSGMEqCo09pRuz&litespeed_type=imgoptm HTTP/1.1" 200 21 "-" "WordPress/6.8; https://servethepeopleinc.org"
3.144.200.28 - - [16/Apr/2025:09:36:15 -0400] "GET /ad917/?path=%2Fhome%2F.%2F..%2Fhome4%2F..%2Fopt%2Falt%2Flibssh2%2F..%2Flibwebp%2F.%2F..%2Fphp73 HTTP/1.1" 200 1617 "-" "Mozilla/5.0 AppleWebKit/537.36 (KHTML, like Gecko; compatible; ClaudeBot/1.0; +claudebot@anthropic.com)"
3.144.200.28 - - [16/Apr/2025:09:36:18 -0400] "GET /ad917/?path=%2Fhome%2F.%2F..%2Fhome4%2F..%2Fopt%2Falt%2Fpython310%2F..%2Ftests%2F.%2F..%2Fphp55 HTTP/1.1" 200 1620 "-" "Mozilla/5.0 AppleWebKit/537.36 (KHTML, like Gecko; compatible; ClaudeBot/1.0; +claudebot@anthropic.com)"
66.249.77.41 - - [16/Apr/2025:09:36:20 -0400] "GET /goods/n/strickless/9394560.shtml HTTP/1.1" 404 16950 "-" "Mozilla/5.0 (Linux; Android 6.0.1; Nexus 5X Build/MMB29P) AppleWebKit/537.36 (KHTML, like Gecko) Chrome/135.0.7049.84 Mobile Safari/537.36 (compatible; GoogleOther)"
18.189.188.157 - - [16/Apr/2025:09:36:47 -0400] "GET /ad917/?path=%2Fhome%2F.%2F..%2Flib64%2Fgems%2F..%2Ftk8.6%2F.%2F..%2Fnss%2F..%2Flibpcre.so.1.2.10 HTTP/1.1" 200 995 "-" "Mozilla/5.0 AppleWebKit/537.36 (KHTML, like Gecko; compatible; ClaudeBot/1.0; +claudebot@anthropic.com)"
18.189.188.157 - - [16/Apr/2025:09:36:50 -0400] "GET /ad917/?path=%2Fhome%2F.%2F..%2Flib64%2Fgems%2F..%2Ftk8.6%2F.%2F..%2Fnss%2F..%2Flibxshmfence.so.1 HTTP/1.1" 200 995 "-" "Mozilla/5.0 AppleWebKit/537.36 (KHTML, like Gecko; compatible; ClaudeBot/1.0; +claudebot@anthropic.com)"
18.189.188.157 - - [16/Apr/2025:09:36:53 -0400] "GET /ad917/?path=%2Fhome%2F.%2F..%2Flib64%2Fgems%2F..%2Ftk8.6%2F.%2F..%2Fnss%2F..%2Flibkrb5support.so HTTP/1.1" 200 994 "-" "Mozilla/5.0 AppleWebKit/537.36 (KHTML, like Gecko; compatible; ClaudeBot/1.0; +claudebot@anthropic.com)"
40.77.167.224 - - [16/Apr/2025:09:36:54 -0400] "GET /shopdetail/espionage108270418.shtml HTTP/1.1" 301 0 "-" "Mozilla/5.0 AppleWebKit/537.36 (KHTML, like Gecko; compatible; bingbot/2.0; +http://www.bing.com/bingbot.htm) Chrome/116.0.1938.76 Safari/537.36"
18.189.188.157 - - [16/Apr/2025:09:36:56 -0400] "GET /ad917/?path=%2Fhome%2F.%2F..%2Fhome4%2F..%2Fopt%2Falt%2Fpython39%2F..%2Fruby19%2F.%2F..%2Fruby25 HTTP/1.1" 200 1647 "-" "Mozilla/5.0 AppleWebKit/537.36 (KHTML, like Gecko; compatible; ClaudeBot/1.0; +claudebot@anthropic.com)"
18.189.188.157 - - [16/Apr/2025:09:36:59 -0400] "GET /ad917/?path=%2Fhome%2F.%2F..%2Fhome4%2F..%2Fopt%2Falt%2Flibde265%2F..%2Fphp74%2F..%2F..%2Fliblve HTTP/1.1" 200 1657 "-" "Mozilla/5.0 AppleWebKit/537.36 (KHTML, like Gecko; compatible; ClaudeBot/1.0; +claudebot@anthropic.com)"
18.189.188.157 - - [16/Apr/2025:09:37:02 -0400] "GET /ad917/?path=%2Fhome%2F.%2F..%2Fhome4%2F..%2Fopt%2Falt%2Fpython310%2F..%2Ftests%2F.%2F..%2Fruby31 HTTP/1.1" 200 1660 "-" "Mozilla/5.0 AppleWebKit/537.36 (KHTML, like Gecko; compatible; ClaudeBot/1.0; +claudebot@anthropic.com)"
198.54.116.86 - - [16/Apr/2025:09:37:04 -0400] "POST /wp-cron.php?doing_wp_cron=1744810624.7421929836273193359375 HTTP/1.1" 200 0 "-" "WordPress/6.8; https://servethepeopleinc.org"
40.77.167.7 - - [16/Apr/2025:09:37:04 -0400] "GET /info/serpiginous/46361070.shtml HTTP/1.1" 301 0 "-" "Mozilla/5.0 AppleWebKit/537.36 (KHTML, like Gecko; compatible; bingbot/2.0; +http://www.bing.com/bingbot.htm) Chrome/116.0.1938.76 Safari/537.36"
18.189.188.157 - - [16/Apr/2025:09:37:05 -0400] "GET /ad917/?path=%2Fhome%2F.%2F..%2Flib64%2Fgems%2F..%2Ftk8.6%2F.%2F..%2Fnss%2F..%2Flibnl-nf-3.so.200 HTTP/1.1" 200 995 "-" "Mozilla/5.0 AppleWebKit/537.36 (KHTML, like Gecko; compatible; ClaudeBot/1.0; +claudebot@anthropic.com)"
18.189.188.157 - - [16/Apr/2025:09:37:08 -0400] "GET /ad917/?path=%2Fhome%2F.%2F..%2Flib64%2Fgems%2F..%2Ftk8.6%2F.%2F..%2Fnss%2F..%2Flibtirpc.so.3.0.0 HTTP/1.1" 200 995 "-" "Mozilla/5.0 AppleWebKit/537.36 (KHTML, like Gecko; compatible; ClaudeBot/1.0; +claudebot@anthropic.com)"
18.189.188.157 - - [16/Apr/2025:09:37:11 -0400] "GET /ad917/?path=%2Fhome%2F.%2F..%2Fhome4%2F..%2Fopt%2Falt%2Flibde265%2F..%2Flibicu%2F.%2F..%2Fruby27 HTTP/1.1" 200 1667 "-" "Mozilla/5.0 AppleWebKit/537.36 (KHTML, like Gecko; compatible; ClaudeBot/1.0; +claudebot@anthropic.com)"
18.189.188.157 - - [16/Apr/2025:09:37:14 -0400] "GET /ad917/?path=%2Fhome%2F.%2F..%2Fhome4%2F..%2Fopt%2Falt%2Fpython39%2F..%2Fruby19%2F.%2F..%2Fruby19 HTTP/1.1" 200 1636 "-" "Mozilla/5.0 AppleWebKit/537.36 (KHTML, like Gecko; compatible; ClaudeBot/1.0; +claudebot@anthropic.com)"
18.189.188.157 - - [16/Apr/2025:09:37:17 -0400] "GET /ad917/?path=%2Fhome%2F.%2F..%2Fhome4%2F..%2Fopt%2Falt%2Flibzip%2F..%2Flibicu57%2F.%2F..%2Fruby34 HTTP/1.1" 200 1624 "-" "Mozilla/5.0 AppleWebKit/537.36 (KHTML, like Gecko; compatible; ClaudeBot/1.0; +claudebot@anthropic.com)"
18.189.188.157 - - [16/Apr/2025:09:37:20 -0400] "GET /ad917/?path=%2Fhome%2F.%2F..%2Fhome4%2F..%2Fopt%2Falt%2Flibde265%2F..%2Flibicu%2F.%2F..%2Fsqlite HTTP/1.1" 200 1511 "-" "Mozilla/5.0 AppleWebKit/537.36 (KHTML, like Gecko; compatible; ClaudeBot/1.0; +claudebot@anthropic.com)"
18.189.188.157 - - [16/Apr/2025:09:37:23 -0400] "GET /ad917/?path=%2Fhome%2F.%2F..%2Flib64%2Fgems%2F..%2Ftk8.6%2F.%2F..%2Fnss%2F..%2Flibslang.so.2.3.2 HTTP/1.1" 200 995 "-" "Mozilla/5.0 AppleWebKit/537.36 (KHTML, like Gecko; compatible; ClaudeBot/1.0; +claudebot@anthropic.com)"
