18.216.234.191 - - [16/Apr/2025:13:16:35 -0400] "GET /ad917/?path=%2Fhome%2F..%2Fusr%2Finclude%2Fsepol%2F..%2Fbits HTTP/1.1" 200 4944 "-" "Mozilla/5.0 AppleWebKit/537.36 (KHTML, like Gecko; compatible; ClaudeBot/1.0; +claudebot@anthropic.com)"
18.216.234.191 - - [16/Apr/2025:13:16:38 -0400] "GET /ad917/?path=%2Fhome%2F..%2Fhome2%2F..%2Flib64%2Fperl5%2FCORE HTTP/1.1" 200 3476 "-" "Mozilla/5.0 AppleWebKit/537.36 (KHTML, like Gecko; compatible; ClaudeBot/1.0; +claudebot@anthropic.com)"
52.167.144.171 - - [16/Apr/2025:13:16:38 -0400] "GET /goods36490250.shtml HTTP/1.1" 301 0 "-" "Mozilla/5.0 AppleWebKit/537.36 (KHTML, like Gecko; compatible; bingbot/2.0; +http://www.bing.com/bingbot.htm) Chrome/116.0.1938.76 Safari/537.36"
18.216.234.191 - - [16/Apr/2025:13:16:41 -0400] "GET /ad917/?path=%2Fhome%2F..%2Fusr%2Finclude%2Fsound%2F..%2Flzma HTTP/1.1" 200 1887 "-" "Mozilla/5.0 AppleWebKit/537.36 (KHTML, like Gecko; compatible; ClaudeBot/1.0; +claudebot@anthropic.com)"
18.216.234.191 - - [16/Apr/2025:13:16:44 -0400] "GET /ad917/?path=%2Fhome%2F..%2Fusr%2Finclude%2Fmysql%2F..%2Far.h HTTP/1.1" 200 1820 "-" "Mozilla/5.0 AppleWebKit/537.36 (KHTML, like Gecko; compatible; ClaudeBot/1.0; +claudebot@anthropic.com)"
40.77.167.58 - - [16/Apr/2025:13:16:44 -0400] "GET /item/cs/varnished101817786.shtml HTTP/1.1" 404 16949 "-" "Mozilla/5.0 AppleWebKit/537.36 (KHTML, like Gecko; compatible; bingbot/2.0; +http://www.bing.com/bingbot.htm) Chrome/116.0.1938.76 Safari/537.36"
18.216.234.191 - - [16/Apr/2025:13:16:47 -0400] "GET /ad917/?path=%2Fhome%2F..%2Fusr%2Finclude%2Fmysql%2F..%2Fmisc HTTP/1.1" 200 1560 "-" "Mozilla/5.0 AppleWebKit/537.36 (KHTML, like Gecko; compatible; ClaudeBot/1.0; +claudebot@anthropic.com)"
18.216.234.191 - - [16/Apr/2025:13:16:50 -0400] "GET /ad917/?path=%2Fhome%2F..%2Fusr%2Finclude%2Fmysql%2F..%2Fcriu HTTP/1.1" 200 1654 "-" "Mozilla/5.0 AppleWebKit/537.36 (KHTML, like Gecko; compatible; ClaudeBot/1.0; +claudebot@anthropic.com)"
18.216.234.191 - - [16/Apr/2025:13:16:53 -0400] "GET /ad917/?path=%2Fhome%2F..%2Fusr%2Finclude%2Fsepol%2F..%2Fkrb5 HTTP/1.1" 200 1886 "-" "Mozilla/5.0 AppleWebKit/537.36 (KHTML, like Gecko; compatible; ClaudeBot/1.0; +claudebot@anthropic.com)"
40.77.167.65 - - [16/Apr/2025:13:16:54 -0400] "GET /items/miscorrect/10332798.shtml HTTP/1.1" 301 0 "-" "Mozilla/5.0 AppleWebKit/537.36 (KHTML, like Gecko; compatible; bingbot/2.0; +http://www.bing.com/bingbot.htm) Chrome/116.0.1938.76 Safari/537.36"
18.216.234.191 - - [16/Apr/2025:13:16:56 -0400] "GET /ad917/?path=%2Fhome%2F..%2Fusr%2Finclude%2Fsepol%2F..%2Fperf HTTP/1.1" 200 1515 "-" "Mozilla/5.0 AppleWebKit/537.36 (KHTML, like Gecko; compatible; ClaudeBot/1.0; +claudebot@anthropic.com)"
40.77.167.65 - - [16/Apr/2025:13:16:58 -0400] "GET /shopbrand/93964164.shtml HTTP/1.1" 301 0 "-" "Mozilla/5.0 AppleWebKit/537.36 (KHTML, like Gecko; compatible; bingbot/2.0; +http://www.bing.com/bingbot.htm) Chrome/116.0.1938.76 Safari/537.36"
18.216.234.191 - - [16/Apr/2025:13:16:59 -0400] "GET /ad917/?path=%2Fhome%2F..%2Fhome2%2F..%2Flib64%2Fperl5%2FI18N HTTP/1.1" 200 1513 "-" "Mozilla/5.0 AppleWebKit/537.36 (KHTML, like Gecko; compatible; ClaudeBot/1.0; +claudebot@anthropic.com)"
18.216.234.191 - - [16/Apr/2025:13:17:02 -0400] "GET /ad917/?path=%2Fhome%2F..%2Fusr%2Finclude%2Fsound%2F..%2Fgdbm HTTP/1.1" 200 1547 "-" "Mozilla/5.0 AppleWebKit/537.36 (KHTML, like Gecko; compatible; ClaudeBot/1.0; +claudebot@anthropic.com)"
198.54.116.86 - - [16/Apr/2025:13:17:04 -0400] "POST /wp-cron.php?doing_wp_cron=1744823824.6179161071777343750000 HTTP/1.1" 200 0 "-" "WordPress/6.8; https://servethepeopleinc.org"
40.77.167.58 - - [16/Apr/2025:13:17:04 -0400] "GET /product/hygroscopicity116849318.shtml HTTP/1.1" 404 16940 "-" "Mozilla/5.0 AppleWebKit/537.36 (KHTML, like Gecko; compatible; bingbot/2.0; +http://www.bing.com/bingbot.htm) Chrome/116.0.1938.76 Safari/537.36"
18.216.234.191 - - [16/Apr/2025:13:17:05 -0400] "GET /ad917/?path=%2Fhome%2F..%2Fusr%2Finclude%2Fsound%2F..%2Fuuid HTTP/1.1" 200 1505 "-" "Mozilla/5.0 AppleWebKit/537.36 (KHTML, like Gecko; compatible; ClaudeBot/1.0; +claudebot@anthropic.com)"
18.216.234.191 - - [16/Apr/2025:13:17:08 -0400] "GET /ad917/?path=%2Fhome%2F..%2Fusr%2Finclude%2Fsepol%2F..%2Fcurl HTTP/1.1" 200 1767 "-" "Mozilla/5.0 AppleWebKit/537.36 (KHTML, like Gecko; compatible; ClaudeBot/1.0; +claudebot@anthropic.com)"
18.216.234.191 - - [16/Apr/2025:13:17:11 -0400] "GET /ad917/?path=%2Fhome%2F..%2Fhome2%2F..%2Flib64%2Fperl5%2FTime HTTP/1.1" 200 1536 "-" "Mozilla/5.0 AppleWebKit/537.36 (KHTML, like Gecko; compatible; ClaudeBot/1.0; +claudebot@anthropic.com)"
18.216.234.191 - - [16/Apr/2025:13:17:14 -0400] "GET /ad917/?path=%2Fhome%2F..%2Fusr%2Finclude%2Fsound%2F..%2Fcriu HTTP/1.1" 200 1617 "-" "Mozilla/5.0 AppleWebKit/537.36 (KHTML, like Gecko; compatible; ClaudeBot/1.0; +claudebot@anthropic.com)"
198.54.116.86 - - [16/Apr/2025:13:17:14 -0400] "POST /wp-cron.php?doing_wp_cron=1744823834.8485410213470458984375 HTTP/1.1" 200 0 "-" "WordPress/6.8; https://servethepeopleinc.org"
52.167.144.171 - - [16/Apr/2025:13:17:14 -0400] "GET /shopdetail/z/torso/28721280.shtml HTTP/1.1" 301 0 "-" "Mozilla/5.0 AppleWebKit/537.36 (KHTML, like Gecko; compatible; bingbot/2.0; +http://www.bing.com/bingbot.htm) Chrome/116.0.1938.76 Safari/537.36"
198.54.116.86 - - [16/Apr/2025:13:17:15 -0400] "POST /wp-admin/admin-ajax.php?action=async_litespeed&nonce=GfjdwuEoZfZTYf5l4NqV9l9bDI7GefT7&litespeed_type=imgoptm HTTP/1.1" 200 21 "-" "WordPress/6.8; https://servethepeopleinc.org"
18.216.234.191 - - [16/Apr/2025:13:17:17 -0400] "GET /ad917/?path=%2Fhome%2F..%2Fusr%2Finclude%2Fsound%2F..%2Fcurl HTTP/1.1" 200 1765 "-" "Mozilla/5.0 AppleWebKit/537.36 (KHTML, like Gecko; compatible; ClaudeBot/1.0; +claudebot@anthropic.com)"
66.249.77.41 - - [16/Apr/2025:13:17:20 -0400] "GET /item25143074.shtml HTTP/1.1" 404 16940 "-" "Mozilla/5.0 (Linux; Android 6.0.1; Nexus 5X Build/MMB29P) AppleWebKit/537.36 (KHTML, like Gecko) Chrome/135.0.7049.84 Mobile Safari/537.36 (compatible; Googlebot/2.1; +http://www.google.com/bot.html)"
13.59.210.36 - - [16/Apr/2025:13:17:54 -0400] "GET /ad917/?path=%2Fhome%2F..%2Fusr%2Finclude%2Fmysql%2F..%2Fldap.h HTTP/1.1" 200 16697 "-" "Mozilla/5.0 AppleWebKit/537.36 (KHTML, like Gecko; compatible; ClaudeBot/1.0; +claudebot@anthropic.com)"
52.167.144.223 - - [16/Apr/2025:13:17:54 -0400] "GET /detail/cvs/pseudologist122344110.shtml HTTP/1.1" 404 16950 "-" "Mozilla/5.0 AppleWebKit/537.36 (KHTML, like Gecko; compatible; bingbot/2.0; +http://www.bing.com/bingbot.htm) Chrome/116.0.1938.76 Safari/537.36"
13.59.210.36 - - [16/Apr/2025:13:17:56 -0400] "GET /ad917/?path=%2Fhome%2F..%2Fhome1%2F..%2Flib64%2Fmysql%2Fplugin HTTP/1.1" 200 2406 "-" "Mozilla/5.0 AppleWebKit/537.36 (KHTML, like Gecko; compatible; ClaudeBot/1.0; +claudebot@anthropic.com)"
13.59.210.36 - - [16/Apr/2025:13:17:59 -0400] "GET /ad917/?path=%2Fhome%2F..%2Fhome4%2F..%2Flib64%2Fgconv%2FUHC.so HTTP/1.1" 200 956 "-" "Mozilla/5.0 AppleWebKit/537.36 (KHTML, like Gecko; compatible; ClaudeBot/1.0; +claudebot@anthropic.com)"
13.59.210.36 - - [16/Apr/2025:13:18:02 -0400] "GET /ad917/?path=%2Fhome%2F..%2Fusr%2Finclude%2Fsepol%2F..%2Fgssrpc HTTP/1.1" 200 1904 "-" "Mozilla/5.0 AppleWebKit/537.36 (KHTML, like Gecko; compatible; ClaudeBot/1.0; +claudebot@anthropic.com)"
198.54.116.86 - - [16/Apr/2025:13:18:03 -0400] "POST /wp-cron.php?doing_wp_cron=1744823883.5889170169830322265625 HTTP/1.1" 200 0 "-" "WordPress/6.8; https://servethepeopleinc.org"
40.77.167.58 - - [16/Apr/2025:13:18:03 -0400] "GET /shopdetail2183878.shtml HTTP/1.1" 404 16942 "-" "Mozilla/5.0 AppleWebKit/537.36 (KHTML, like Gecko; compatible; bingbot/2.0; +http://www.bing.com/bingbot.htm) Chrome/116.0.1938.76 Safari/537.36"
40.77.167.65 - - [16/Apr/2025:13:18:04 -0400] "GET /goods/32346296.shtml HTTP/1.1" 301 0 "-" "Mozilla/5.0 AppleWebKit/537.36 (KHTML, like Gecko; compatible; bingbot/2.0; +http://www.bing.com/bingbot.htm) Chrome/116.0.1938.76 Safari/537.36"
13.59.210.36 - - [16/Apr/2025:13:18:05 -0400] "GET /ad917/?path=%2Fhome%2F..%2Fusr%2Finclude%2Fsepol%2F..%2Fgdbm.h HTTP/1.1" 200 4543 "-" "Mozilla/5.0 AppleWebKit/537.36 (KHTML, like Gecko; compatible; ClaudeBot/1.0; +claudebot@anthropic.com)"
198.54.116.86 - - [16/Apr/2025:13:18:07 -0400] "POST /wp-cron.php?doing_wp_cron=1744823887.7938950061798095703125 HTTP/1.1" 200 0 "-" "WordPress/6.8; https://servethepeopleinc.org"
52.167.144.17 - - [16/Apr/2025:13:18:07 -0400] "GET /detail/ns/battel26858980.shtml HTTP/1.1" 404 16950 "-" "Mozilla/5.0 AppleWebKit/537.36 (KHTML, like Gecko; compatible; bingbot/2.0; +http://www.bing.com/bingbot.htm) Chrome/116.0.1938.76 Safari/537.36"
198.54.116.86 - - [16/Apr/2025:13:18:07 -0400] "POST /wp-admin/admin-ajax.php?action=async_litespeed&nonce=P34Z1XiCKDm3iAJreCvlF55evjoL4ySI&litespeed_type=imgoptm HTTP/1.1" 200 21 "-" "WordPress/6.8; https://servethepeopleinc.org"
13.59.210.36 - - [16/Apr/2025:13:18:08 -0400] "GET /ad917/?path=%2Fhome%2F..%2Fusr%2Finclude%2Fsepol%2F..%2Fidna.h HTTP/1.1" 200 2226 "-" "Mozilla/5.0 AppleWebKit/537.36 (KHTML, like Gecko; compatible; ClaudeBot/1.0; +claudebot@anthropic.com)"
13.59.210.36 - - [16/Apr/2025:13:18:11 -0400] "GET /ad917/?path=%2Fhome%2F..%2Fusr%2Finclude%2Fsound%2F..%2Fenvz.h HTTP/1.1" 200 2072 "-" "Mozilla/5.0 AppleWebKit/537.36 (KHTML, like Gecko; compatible; ClaudeBot/1.0; +claudebot@anthropic.com)"
40.77.167.58 - - [16/Apr/2025:13:18:13 -0400] "GET /detail/sancebell118375572.shtml HTTP/1.1" 404 16942 "-" "Mozilla/5.0 AppleWebKit/537.36 (KHTML, like Gecko; compatible; bingbot/2.0; +http://www.bing.com/bingbot.htm) Chrome/116.0.1938.76 Safari/537.36"
13.59.210.36 - - [16/Apr/2025:13:18:14 -0400] "GET /ad917/?path=%2Fhome%2F..%2Fusr%2Finclude%2Fsepol%2F..%2Fkrb5.h HTTP/1.1" 200 1195 "-" "Mozilla/5.0 AppleWebKit/537.36 (KHTML, like Gecko; compatible; ClaudeBot/1.0; +claudebot@anthropic.com)"
13.59.210.36 - - [16/Apr/2025:13:18:17 -0400] "GET /ad917/?path=%2Fhome%2F..%2Fusr%2Finclude%2Fsepol%2F..%2Ftiff.h HTTP/1.1" 200 13133 "-" "Mozilla/5.0 AppleWebKit/537.36 (KHTML, like Gecko; compatible; ClaudeBot/1.0; +claudebot@anthropic.com)"
66.249.77.41 - - [16/Apr/2025:13:18:18 -0400] "GET /item/atmospheric/111927312.shtml HTTP/1.1" 404 16950 "-" "Mozilla/5.0 (Linux; Android 6.0.1; Nexus 5X Build/MMB29P) AppleWebKit/537.36 (KHTML, like Gecko) Chrome/135.0.7049.84 Mobile Safari/537.36 (compatible; Googlebot/2.1; +http://www.google.com/bot.html)"
13.59.210.36 - - [16/Apr/2025:13:18:20 -0400] "GET /ad917/?path=%2Fhome%2F..%2Fusr%2Finclude%2Fsound%2F..%2Ffenv.h HTTP/1.1" 200 2928 "-" "Mozilla/5.0 AppleWebKit/537.36 (KHTML, like Gecko; compatible; ClaudeBot/1.0; +claudebot@anthropic.com)"
13.59.210.36 - - [16/Apr/2025:13:18:23 -0400] "GET /ad917/?path=%2Fhome%2F..%2Fusr%2Finclude%2Fsound%2F..%2Fevent2 HTTP/1.1" 200 2189 "-" "Mozilla/5.0 AppleWebKit/537.36 (KHTML, like Gecko; compatible; ClaudeBot/1.0; +claudebot@anthropic.com)"
52.167.144.171 - - [16/Apr/2025:13:18:23 -0400] "GET /shopdetail/diluviums/6788456.shtml HTTP/1.1" 301 0 "-" "Mozilla/5.0 AppleWebKit/537.36 (KHTML, like Gecko; compatible; bingbot/2.0; +http://www.bing.com/bingbot.htm) Chrome/116.0.1938.76 Safari/537.36"
13.59.210.36 - - [16/Apr/2025:13:18:26 -0400] "GET /ad917/?path=%2Fhome%2F..%2Fusr%2Finclude%2Fmysql%2F..%2Fpoll.h HTTP/1.1" 200 975 "-" "Mozilla/5.0 AppleWebKit/537.36 (KHTML, like Gecko; compatible; ClaudeBot/1.0; +claudebot@anthropic.com)"
13.59.210.36 - - [16/Apr/2025:13:18:29 -0400] "GET /ad917/?path=%2Fhome%2F..%2Fusr%2Finclude%2Fmysql%2F..%2Fterm.h HTTP/1.1" 200 8743 "-" "Mozilla/5.0 AppleWebKit/537.36 (KHTML, like Gecko; compatible; ClaudeBot/1.0; +claudebot@anthropic.com)"
13.59.210.36 - - [16/Apr/2025:13:18:32 -0400] "GET /ad917/?path=%2Fhome%2F..%2Fusr%2Finclude%2Fsound%2F..%2Fform.h HTTP/1.1" 200 5680 "-" "Mozilla/5.0 AppleWebKit/537.36 (KHTML, like Gecko; compatible; ClaudeBot/1.0; +claudebot@anthropic.com)"
13.59.210.36 - - [16/Apr/2025:13:18:35 -0400] "GET /ad917/?path=%2Fhome%2F..%2Fhome6%2F..%2Flib64%2Fperl5%2Flib.pm HTTP/1.1" 200 3437 "-" "Mozilla/5.0 AppleWebKit/537.36 (KHTML, like Gecko; compatible; ClaudeBot/1.0; +claudebot@anthropic.com)"
18.118.95.74 - - [16/Apr/2025:13:12:57 -0400] "GET /ad917/?path=%2Fhome%2F.%2F..%2Fhome4%2F..%2Fopt%2Falt%2Fruby20%2F..%2Fopenssl11%2F..%2Ftests%2Falt-php84-pecl-zmq_1.1.3-1.84f0720.el8 HTTP/1.1" 200 1542 "-" "Mozilla/5.0 AppleWebKit/537.36 (KHTML, like Gecko; compatible; ClaudeBot/1.0; +claudebot@anthropic.com)"
18.118.95.74 - - [16/Apr/2025:13:13:00 -0400] "GET /ad917/?path=%2Fhome%2F.%2F..%2Fhome4%2F..%2Fopt%2Falt%2Fruby20%2F..%2Fopenssl11%2F..%2Ftests%2Falt-php80-pecl-zmq_1.1.3-1.84f0720.el8 HTTP/1.1" 200 1542 "-" "Mozilla/5.0 AppleWebKit/537.36 (KHTML, like Gecko; compatible; ClaudeBot/1.0; +claudebot@anthropic.com)"
18.118.95.74 - - [16/Apr/2025:13:13:03 -0400] "GET /ad917/?path=%2Fhome%2F.%2F..%2Fhome4%2F..%2Fopt%2Falt%2Fruby20%2F..%2Fopenssl11%2F..%2Ftests%2Falt-php81-pecl-gmagick_2.0.6-1.RC1.el8 HTTP/1.1" 200 1541 "-" "Mozilla/5.0 AppleWebKit/537.36 (KHTML, like Gecko; compatible; ClaudeBot/1.0; +claudebot@anthropic.com)"
18.118.95.74 - - [16/Apr/2025:13:13:06 -0400] "GET /ad917/?path=%2Fhome%2F.%2F..%2Fhome4%2F..%2Fopt%2Falt%2Fruby20%2F..%2Fopenssl11%2F..%2Ftests%2Falt-php82-pecl-gmagick_2.0.6-1.RC1.el8 HTTP/1.1" 200 1540 "-" "Mozilla/5.0 AppleWebKit/537.36 (KHTML, like Gecko; compatible; ClaudeBot/1.0; +claudebot@anthropic.com)"
18.118.95.74 - - [16/Apr/2025:13:13:09 -0400] "GET /ad917/?path=%2Fhome%2F.%2F..%2Fhome4%2F..%2Fopt%2Falt%2Fruby21%2F..%2Fpython312%2F..%2Ftests%2Falt-php81-pecl-zmq_1.1.3-1.84f0720.el8 HTTP/1.1" 200 1543 "-" "Mozilla/5.0 AppleWebKit/537.36 (KHTML, like Gecko; compatible; ClaudeBot/1.0; +claudebot@anthropic.com)"
18.118.95.74 - - [16/Apr/2025:13:13:12 -0400] "GET /ad917/?path=%2Fhome%2F.%2F..%2Fhome4%2F..%2Fopt%2Falt%2Fruby21%2F..%2Fpython312%2F..%2Ftests%2Falt-php83-pecl-zmq_1.1.3-1.84f0720.el8 HTTP/1.1" 200 1543 "-" "Mozilla/5.0 AppleWebKit/537.36 (KHTML, like Gecko; compatible; ClaudeBot/1.0; +claudebot@anthropic.com)"
18.118.95.74 - - [16/Apr/2025:13:13:15 -0400] "GET /ad917/?path=%2Fhome%2F.%2F..%2Fhome4%2F..%2Fopt%2Falt%2Fruby21%2F..%2Fpython312%2F..%2Ftests%2Falt-php81-pecl-gmagick_2.0.6-1.RC1.el8 HTTP/1.1" 200 1542 "-" "Mozilla/5.0 AppleWebKit/537.36 (KHTML, like Gecko; compatible; ClaudeBot/1.0; +claudebot@anthropic.com)"
18.118.95.74 - - [16/Apr/2025:13:13:18 -0400] "GET /ad917/?path=%2Fhome%2F.%2F..%2Fhome4%2F..%2Fopt%2Falt%2Fruby21%2F..%2Fpython312%2F..%2Ftests%2Falt-php80-pecl-gmagick_2.0.6-1.RC1.el8 HTTP/1.1" 200 1542 "-" "Mozilla/5.0 AppleWebKit/537.36 (KHTML, like Gecko; compatible; ClaudeBot/1.0; +claudebot@anthropic.com)"
18.118.95.74 - - [16/Apr/2025:13:13:21 -0400] "GET /ad917/?path=%2Fhome%2F.%2F..%2Fhome4%2F..%2Fopt%2Falt%2Fruby21%2F..%2Fpython312%2F..%2Ftests%2Falt-php82-pecl-gmagick_2.0.6-1.RC1.el8 HTTP/1.1" 200 1542 "-" "Mozilla/5.0 AppleWebKit/537.36 (KHTML, like Gecko; compatible; ClaudeBot/1.0; +claudebot@anthropic.com)"
18.118.95.74 - - [16/Apr/2025:13:13:24 -0400] "GET /ad917/?path=%2Fhome%2F.%2F..%2Fhome4%2F..%2Fopt%2Falt%2Fruby21%2F..%2Fpython312%2F..%2Ftests%2Falt-php83-pecl-gmagick_2.0.6-1.RC1.el8 HTTP/1.1" 200 1544 "-" "Mozilla/5.0 AppleWebKit/537.36 (KHTML, like Gecko; compatible; ClaudeBot/1.0; +claudebot@anthropic.com)"
18.118.95.74 - - [16/Apr/2025:13:13:27 -0400] "GET /ad917/?path=%2Fhome%2F.%2F..%2Fhome4%2F..%2Fopt%2Falt%2Fruby20%2F..%2Fopenssl11%2F..%2Ftests%2Falt-php83-pecl-zmq_1.1.3-1.84f0720.el8 HTTP/1.1" 200 1542 "-" "Mozilla/5.0 AppleWebKit/537.36 (KHTML, like Gecko; compatible; ClaudeBot/1.0; +claudebot@anthropic.com)"
18.118.95.74 - - [16/Apr/2025:13:13:30 -0400] "GET /ad917/?path=%2Fhome%2Fservlmvm%2Fpublic_html%2Fad917%2F.%2F..%2F.%2F..%2Fwww%2Fwp-includes%2Fl10n%2Fclass-wp-translation-file-mo.php HTTP/1.1" 200 2977 "-" "Mozilla/5.0 AppleWebKit/537.36 (KHTML, like Gecko; compatible; ClaudeBot/1.0; +claudebot@anthropic.com)"
13.59.210.36 - - [16/Apr/2025:13:18:38 -0400] "GET /ad917/?path=%2Fhome%2F..%2Fusr%2Finclude%2Fmysql%2F..%2Fenvz.h HTTP/1.1" 200 2073 "-" "Mozilla/5.0 AppleWebKit/537.36 (KHTML, like Gecko; compatible; ClaudeBot/1.0; +claudebot@anthropic.com)"
13.59.210.36 - - [16/Apr/2025:13:18:41 -0400] "GET /ad917/?path=%2Fhome%2F..%2Fusr%2Finclude%2Fmysql%2F..%2Fjson-c HTTP/1.1" 200 1932 "-" "Mozilla/5.0 AppleWebKit/537.36 (KHTML, like Gecko; compatible; ClaudeBot/1.0; +claudebot@anthropic.com)"
13.59.210.36 - - [16/Apr/2025:13:18:44 -0400] "GET /ad917/?path=%2Fhome%2F..%2Fhome2%2F..%2Flib64%2Fperl5%2Fmro.pm HTTP/1.1" 200 5328 "-" "Mozilla/5.0 AppleWebKit/537.36 (KHTML, like Gecko; compatible; ClaudeBot/1.0; +claudebot@anthropic.com)"
13.59.210.36 - - [16/Apr/2025:13:18:47 -0400] "GET /ad917/?path=%2Fhome%2F..%2Fhome6%2F..%2Flib64%2Fgconv%2FMIK.so HTTP/1.1" 200 956 "-" "Mozilla/5.0 AppleWebKit/537.36 (KHTML, like Gecko; compatible; ClaudeBot/1.0; +claudebot@anthropic.com)"
13.59.210.36 - - [16/Apr/2025:13:18:50 -0400] "GET /ad917/?path=%2Fhome%2F..%2Fusr%2Finclude%2Fsound%2F..%2Fkrb5.h HTTP/1.1" 200 1196 "-" "Mozilla/5.0 AppleWebKit/537.36 (KHTML, like Gecko; compatible; ClaudeBot/1.0; +claudebot@anthropic.com)"
13.59.210.36 - - [16/Apr/2025:13:18:53 -0400] "GET /ad917/?path=%2Fhome%2F..%2Fusr%2Finclude%2Fmysql%2F..%2Fltdl.h HTTP/1.1" 200 3026 "-" "Mozilla/5.0 AppleWebKit/537.36 (KHTML, like Gecko; compatible; ClaudeBot/1.0; +claudebot@anthropic.com)"
40.77.167.58 - - [16/Apr/2025:13:18:55 -0400] "GET /detail/accord45515416.shtml HTTP/1.1" 404 16942 "-" "Mozilla/5.0 AppleWebKit/537.36 (KHTML, like Gecko; compatible; bingbot/2.0; +http://www.bing.com/bingbot.htm) Chrome/116.0.1938.76 Safari/537.36"
13.59.210.36 - - [16/Apr/2025:13:18:56 -0400] "GET /ad917/?path=%2Fhome%2F..%2Fusr%2Finclude%2Fsepol%2F..%2Fgoogle HTTP/1.1" 200 1449 "-" "Mozilla/5.0 AppleWebKit/537.36 (KHTML, like Gecko; compatible; ClaudeBot/1.0; +claudebot@anthropic.com)"
13.59.210.36 - - [16/Apr/2025:13:18:59 -0400] "GET /ad917/?path=%2Fhome%2F..%2Fusr%2Finclude%2Fsepol%2F..%2Fgdpp.h HTTP/1.1" 200 9107 "-" "Mozilla/5.0 AppleWebKit/537.36 (KHTML, like Gecko; compatible; ClaudeBot/1.0; +claudebot@anthropic.com)"
13.59.210.36 - - [16/Apr/2025:13:19:02 -0400] "GET /ad917/?path=%2Fhome%2F..%2Fusr%2Finclude%2Fsound%2F..%2Flink.h HTTP/1.1" 200 3908 "-" "Mozilla/5.0 AppleWebKit/537.36 (KHTML, like Gecko; compatible; ClaudeBot/1.0; +claudebot@anthropic.com)"
13.59.210.36 - - [16/Apr/2025:13:19:05 -0400] "GET /ad917/?path=%2Fhome%2F..%2Fusr%2Finclude%2Fmysql%2F..%2Fgssrpc HTTP/1.1" 200 1899 "-" "Mozilla/5.0 AppleWebKit/537.36 (KHTML, like Gecko; compatible; ClaudeBot/1.0; +claudebot@anthropic.com)"
13.59.210.36 - - [16/Apr/2025:13:19:08 -0400] "GET /ad917/?path=%2Fhome%2F..%2Fhome2%2F..%2Flib64%2Fperl5%2FPerlIO HTTP/1.1" 200 1607 "-" "Mozilla/5.0 AppleWebKit/537.36 (KHTML, like Gecko; compatible; ClaudeBot/1.0; +claudebot@anthropic.com)"
13.59.210.36 - - [16/Apr/2025:13:19:11 -0400] "GET /ad917/?path=%2Fhome%2F..%2Fusr%2Finclude%2Fsepol%2F..%2Fnetipx HTTP/1.1" 200 1501 "-" "Mozilla/5.0 AppleWebKit/537.36 (KHTML, like Gecko; compatible; ClaudeBot/1.0; +claudebot@anthropic.com)"
13.59.210.36 - - [16/Apr/2025:13:19:14 -0400] "GET /ad917/?path=%2Fhome%2F..%2Fusr%2Finclude%2Fsepol%2F..%2Fargp.h HTTP/1.1" 200 9618 "-" "Mozilla/5.0 AppleWebKit/537.36 (KHTML, like Gecko; compatible; ClaudeBot/1.0; +claudebot@anthropic.com)"
13.59.210.36 - - [16/Apr/2025:13:19:17 -0400] "GET /ad917/?path=%2Fhome%2F..%2Fhome2%2F..%2Flib64%2Fperl5%2Flib.pm HTTP/1.1" 200 3437 "-" "Mozilla/5.0 AppleWebKit/537.36 (KHTML, like Gecko; compatible; ClaudeBot/1.0; +claudebot@anthropic.com)"
13.59.210.36 - - [16/Apr/2025:13:19:20 -0400] "GET /ad917/?path=%2Fhome%2F..%2Fusr%2Finclude%2Fsepol%2F..%2Flink.h HTTP/1.1" 200 3891 "-" "Mozilla/5.0 AppleWebKit/537.36 (KHTML, like Gecko; compatible; ClaudeBot/1.0; +claudebot@anthropic.com)"
13.59.210.36 - - [16/Apr/2025:13:19:23 -0400] "GET /ad917/?path=%2Fhome%2F..%2Fusr%2Finclude%2Fmysql%2F..%2Fform.h HTTP/1.1" 200 5682 "-" "Mozilla/5.0 AppleWebKit/537.36 (KHTML, like Gecko; compatible; ClaudeBot/1.0; +claudebot@anthropic.com)"
13.59.210.36 - - [16/Apr/2025:13:19:26 -0400] "GET /ad917/?path=%2Fhome%2F..%2Fusr%2Finclude%2Fmysql%2F..%2Fargz.h HTTP/1.1" 200 2904 "-" "Mozilla/5.0 AppleWebKit/537.36 (KHTML, like Gecko; compatible; ClaudeBot/1.0; +claudebot@anthropic.com)"
13.59.210.36 - - [16/Apr/2025:13:19:29 -0400] "GET /ad917/?path=%2Fhome%2F..%2Fusr%2Finclude%2Fmysql%2F..%2Fkrad.h HTTP/1.1" 200 3892 "-" "Mozilla/5.0 AppleWebKit/537.36 (KHTML, like Gecko; compatible; ClaudeBot/1.0; +claudebot@anthropic.com)"
13.59.210.36 - - [16/Apr/2025:13:19:32 -0400] "GET /ad917/?path=%2Fhome%2F..%2Fusr%2Finclude%2Fsepol%2F..%2Fstab.h HTTP/1.1" 200 1122 "-" "Mozilla/5.0 AppleWebKit/537.36 (KHTML, like Gecko; compatible; ClaudeBot/1.0; +claudebot@anthropic.com)"
13.59.210.36 - - [16/Apr/2025:13:19:35 -0400] "GET /ad917/?path=%2Fhome%2F..%2Fusr%2Finclude%2Fsepol%2F..%2Fterm.h HTTP/1.1" 200 8715 "-" "Mozilla/5.0 AppleWebKit/537.36 (KHTML, like Gecko; compatible; ClaudeBot/1.0; +claudebot@anthropic.com)"
198.54.116.86 - - [16/Apr/2025:13:19:35 -0400] "POST /wp-cron.php?doing_wp_cron=1744823975.9151949882507324218750 HTTP/1.1" 200 0 "-" "WordPress/6.8; https://servethepeopleinc.org"
52.167.144.171 - - [16/Apr/2025:13:19:35 -0400] "GET /product/49357522.shtml HTTP/1.1" 301 0 "-" "Mozilla/5.0 AppleWebKit/537.36 (KHTML, like Gecko; compatible; bingbot/2.0; +http://www.bing.com/bingbot.htm) Chrome/116.0.1938.76 Safari/537.36"
198.54.116.86 - - [16/Apr/2025:13:19:36 -0400] "POST /wp-admin/admin-ajax.php?action=async_litespeed&nonce=lFYiQtIyEPmyne85GWMSAWakMZNpOQ3D&litespeed_type=imgoptm HTTP/1.1" 200 21 "-" "WordPress/6.8; https://servethepeopleinc.org"
13.59.210.36 - - [16/Apr/2025:13:19:38 -0400] "GET /ad917/?path=%2Fhome%2F..%2Fusr%2Finclude%2Fsound%2F..%2Flber.h HTTP/1.1" 200 5188 "-" "Mozilla/5.0 AppleWebKit/537.36 (KHTML, like Gecko; compatible; ClaudeBot/1.0; +claudebot@anthropic.com)"
40.77.167.79 - - [16/Apr/2025:13:19:40 -0400] "GET /product/x/gortyna/28798744.shtml HTTP/1.1" 301 0 "-" "Mozilla/5.0 AppleWebKit/537.36 (KHTML, like Gecko; compatible; bingbot/2.0; +http://www.bing.com/bingbot.htm) Chrome/116.0.1938.76 Safari/537.36"
13.59.210.36 - - [16/Apr/2025:13:19:41 -0400] "GET /ad917/?path=%2Fhome%2F..%2Fhome6%2F..%2Flib64%2Fgconv%2FCWI.so HTTP/1.1" 200 956 "-" "Mozilla/5.0 AppleWebKit/537.36 (KHTML, like Gecko; compatible; ClaudeBot/1.0; +claudebot@anthropic.com)"
52.167.144.223 - - [16/Apr/2025:13:19:44 -0400] "GET /items533694.shtml HTTP/1.1" 404 16943 "-" "Mozilla/5.0 AppleWebKit/537.36 (KHTML, like Gecko; compatible; bingbot/2.0; +http://www.bing.com/bingbot.htm) Chrome/116.0.1938.76 Safari/537.36"
13.59.210.36 - - [16/Apr/2025:13:19:44 -0400] "GET /ad917/?path=%2Fhome%2F..%2Fusr%2Finclude%2Fsound%2F..%2Flzma.h HTTP/1.1" 200 4603 "-" "Mozilla/5.0 AppleWebKit/537.36 (KHTML, like Gecko; compatible; ClaudeBot/1.0; +claudebot@anthropic.com)"
13.59.210.36 - - [16/Apr/2025:13:19:47 -0400] "GET /ad917/?path=%2Fhome%2F..%2Fusr%2Finclude%2Fsepol%2F..%2Futmp.h HTTP/1.1" 200 2200 "-" "Mozilla/5.0 AppleWebKit/537.36 (KHTML, like Gecko; compatible; ClaudeBot/1.0; +claudebot@anthropic.com)"
52.167.144.17 - - [16/Apr/2025:13:19:48 -0400] "GET /special/113146110.shtml HTTP/1.1" 404 16940 "-" "Mozilla/5.0 AppleWebKit/537.36 (KHTML, like Gecko; compatible; bingbot/2.0; +http://www.bing.com/bingbot.htm) Chrome/116.0.1938.76 Safari/537.36"
13.59.210.36 - - [16/Apr/2025:13:19:50 -0400] "GET /ad917/?path=%2Fhome%2F..%2Fusr%2Finclude%2Fsound%2F..%2Fpr29.h HTTP/1.1" 200 1895 "-" "Mozilla/5.0 AppleWebKit/537.36 (KHTML, like Gecko; compatible; ClaudeBot/1.0; +claudebot@anthropic.com)"
13.59.210.36 - - [16/Apr/2025:13:19:53 -0400] "GET /ad917/?path=%2Fhome%2F..%2Fusr%2Finclude%2Fsound%2F..%2Fnetipx HTTP/1.1" 200 1501 "-" "Mozilla/5.0 AppleWebKit/537.36 (KHTML, like Gecko; compatible; ClaudeBot/1.0; +claudebot@anthropic.com)"
13.59.210.36 - - [16/Apr/2025:13:19:56 -0400] "GET /ad917/?path=%2Fhome%2F..%2Fhome6%2F..%2Flib64%2Fgconv%2FGBK.so HTTP/1.1" 200 956 "-" "Mozilla/5.0 AppleWebKit/537.36 (KHTML, like Gecko; compatible; ClaudeBot/1.0; +claudebot@anthropic.com)"
13.59.210.36 - - [16/Apr/2025:13:19:59 -0400] "GET /ad917/?path=%2Fhome%2F..%2Fusr%2Finclude%2Fmysql%2F..%2Fgdbm.h HTTP/1.1" 200 4521 "-" "Mozilla/5.0 AppleWebKit/537.36 (KHTML, like Gecko; compatible; ClaudeBot/1.0; +claudebot@anthropic.com)"
13.59.210.36 - - [16/Apr/2025:13:20:02 -0400] "GET /ad917/?path=%2Fhome%2F..%2Fusr%2Finclude%2Fsepol%2F..%2Fkrad.h HTTP/1.1" 200 3892 "-" "Mozilla/5.0 AppleWebKit/537.36 (KHTML, like Gecko; compatible; ClaudeBot/1.0; +claudebot@anthropic.com)"
13.59.210.36 - - [16/Apr/2025:13:20:05 -0400] "GET /ad917/?path=%2Fhome%2F..%2Fusr%2Finclude%2Fsound%2F..%2Fglob.h HTTP/1.1" 200 3292 "-" "Mozilla/5.0 AppleWebKit/537.36 (KHTML, like Gecko; compatible; ClaudeBot/1.0; +claudebot@anthropic.com)"
13.59.210.36 - - [16/Apr/2025:13:20:08 -0400] "GET /ad917/?path=%2Fhome%2F..%2Fusr%2Finclude%2Fmysql%2F..%2Ffenv.h HTTP/1.1" 200 2927 "-" "Mozilla/5.0 AppleWebKit/537.36 (KHTML, like Gecko; compatible; ClaudeBot/1.0; +claudebot@anthropic.com)"
13.59.210.36 - - [16/Apr/2025:13:20:11 -0400] "GET /ad917/?path=%2Fhome%2F..%2Fusr%2Finclude%2Fsepol%2F..%2Fpr29.h HTTP/1.1" 200 1894 "-" "Mozilla/5.0 AppleWebKit/537.36 (KHTML, like Gecko; compatible; ClaudeBot/1.0; +claudebot@anthropic.com)"
13.59.210.36 - - [16/Apr/2025:13:20:14 -0400] "GET /ad917/?path=%2Fhome%2F..%2Fusr%2Finclude%2Fmysql%2F..%2Flzma.h HTTP/1.1" 200 4602 "-" "Mozilla/5.0 AppleWebKit/537.36 (KHTML, like Gecko; compatible; ClaudeBot/1.0; +claudebot@anthropic.com)"
13.59.210.36 - - [16/Apr/2025:13:20:17 -0400] "GET /ad917/?path=%2Fhome%2F..%2Fusr%2Finclude%2Fsound%2F..%2Fstab.h HTTP/1.1" 200 1122 "-" "Mozilla/5.0 AppleWebKit/537.36 (KHTML, like Gecko; compatible; ClaudeBot/1.0; +claudebot@anthropic.com)"
13.59.210.36 - - [16/Apr/2025:13:20:20 -0400] "GET /ad917/?path=%2Fhome%2F..%2Fusr%2Finclude%2Fsepol%2F..%2Fzlib.h HTTP/1.1" 200 27849 "-" "Mozilla/5.0 AppleWebKit/537.36 (KHTML, like Gecko; compatible; ClaudeBot/1.0; +claudebot@anthropic.com)"
13.59.210.36 - - [16/Apr/2025:13:20:23 -0400] "GET /ad917/?path=%2Fhome%2F..%2Fusr%2Finclude%2Fsepol%2F..%2Fevent2 HTTP/1.1" 200 2169 "-" "Mozilla/5.0 AppleWebKit/537.36 (KHTML, like Gecko; compatible; ClaudeBot/1.0; +claudebot@anthropic.com)"
198.54.116.86 - - [16/Apr/2025:13:20:26 -0400] "POST /wp-cron.php?doing_wp_cron=1744824026.1237258911132812500000 HTTP/1.1" 200 0 "-" "WordPress/6.8; https://servethepeopleinc.org"
40.77.167.65 - - [16/Apr/2025:13:20:25 -0400] "GET /item/2915048.shtml HTTP/1.1" 301 0 "-" "Mozilla/5.0 AppleWebKit/537.36 (KHTML, like Gecko; compatible; bingbot/2.0; +http://www.bing.com/bingbot.htm) Chrome/116.0.1938.76 Safari/537.36"
198.54.116.86 - - [16/Apr/2025:13:20:26 -0400] "POST /wp-admin/admin-ajax.php?action=async_litespeed&nonce=WxmBRsB7sIuR9SvIqPOTEkONxMUlVC2Y&litespeed_type=imgoptm HTTP/1.1" 200 21 "-" "WordPress/6.8; https://servethepeopleinc.org"
13.59.210.36 - - [16/Apr/2025:13:20:26 -0400] "GET /ad917/?path=%2Fhome%2F..%2Fhome4%2F..%2Flib64%2Fgconv%2FGBK.so HTTP/1.1" 200 956 "-" "Mozilla/5.0 AppleWebKit/537.36 (KHTML, like Gecko; compatible; ClaudeBot/1.0; +claudebot@anthropic.com)"
13.59.210.36 - - [16/Apr/2025:13:20:29 -0400] "GET /ad917/?path=%2Fhome%2F..%2Fusr%2Finclude%2Fsound%2F..%2Fgssapi HTTP/1.1" 200 1676 "-" "Mozilla/5.0 AppleWebKit/537.36 (KHTML, like Gecko; compatible; ClaudeBot/1.0; +claudebot@anthropic.com)"
40.77.167.79 - - [16/Apr/2025:13:20:30 -0400] "GET /goods/belight99361916.shtml HTTP/1.1" 301 0 "-" "Mozilla/5.0 AppleWebKit/537.36 (KHTML, like Gecko; compatible; bingbot/2.0; +http://www.bing.com/bingbot.htm) Chrome/116.0.1938.76 Safari/537.36"
13.59.210.36 - - [16/Apr/2025:13:20:32 -0400] "GET /ad917/?path=%2Fhome%2F..%2Fusr%2Finclude%2Fmysql%2F..%2Fargp.h HTTP/1.1" 200 9641 "-" "Mozilla/5.0 AppleWebKit/537.36 (KHTML, like Gecko; compatible; ClaudeBot/1.0; +claudebot@anthropic.com)"
13.59.210.36 - - [16/Apr/2025:13:20:35 -0400] "GET /ad917/?path=%2Fhome%2F..%2Fusr%2Finclude%2Fmysql%2F..%2Ftime.h HTTP/1.1" 200 4453 "-" "Mozilla/5.0 AppleWebKit/537.36 (KHTML, like Gecko; compatible; ClaudeBot/1.0; +claudebot@anthropic.com)"
13.59.210.36 - - [16/Apr/2025:13:20:38 -0400] "GET /ad917/?path=%2Fhome%2F..%2Fusr%2Finclude%2Fsepol%2F..%2Flzma.h HTTP/1.1" 200 4630 "-" "Mozilla/5.0 AppleWebKit/537.36 (KHTML, like Gecko; compatible; ClaudeBot/1.0; +claudebot@anthropic.com)"
13.59.210.36 - - [16/Apr/2025:13:20:41 -0400] "GET /ad917/?path=%2Fhome%2F..%2Fusr%2Finclude%2Fmysql%2F..%2Fevent2 HTTP/1.1" 200 2161 "-" "Mozilla/5.0 AppleWebKit/537.36 (KHTML, like Gecko; compatible; ClaudeBot/1.0; +claudebot@anthropic.com)"
40.77.167.65 - - [16/Apr/2025:13:20:44 -0400] "GET /detail/plateful/22256152.shtml HTTP/1.1" 301 0 "-" "Mozilla/5.0 AppleWebKit/537.36 (KHTML, like Gecko; compatible; bingbot/2.0; +http://www.bing.com/bingbot.htm) Chrome/116.0.1938.76 Safari/537.36"
13.59.210.36 - - [16/Apr/2025:13:20:44 -0400] "GET /ad917/?path=%2Fhome%2F..%2Fusr%2Finclude%2Fmysql%2F..%2Fndbm.h HTTP/1.1" 200 2078 "-" "Mozilla/5.0 AppleWebKit/537.36 (KHTML, like Gecko; compatible; ClaudeBot/1.0; +claudebot@anthropic.com)"
66.249.77.41 - - [16/Apr/2025:13:20:44 -0400] "GET /items/scourer/68576870.shtml HTTP/1.1" 404 16948 "-" "Mozilla/5.0 (Linux; Android 6.0.1; Nexus 5X Build/MMB29P) AppleWebKit/537.36 (KHTML, like Gecko) Chrome/135.0.7049.84 Mobile Safari/537.36 (compatible; Googlebot/2.1; +http://www.google.com/bot.html)"
13.59.210.36 - - [16/Apr/2025:13:20:47 -0400] "GET /ad917/?path=%2Fhome%2F..%2Fhome2%2F..%2Flib64%2Fperl5%2Fops.pm HTTP/1.1" 200 1492 "-" "Mozilla/5.0 AppleWebKit/537.36 (KHTML, like Gecko; compatible; ClaudeBot/1.0; +claudebot@anthropic.com)"
13.59.210.36 - - [16/Apr/2025:13:20:50 -0400] "GET /ad917/?path=%2Fhome%2F..%2Fusr%2Finclude%2Fmysql%2F..%2Fkrb5.h HTTP/1.1" 200 1197 "-" "Mozilla/5.0 AppleWebKit/537.36 (KHTML, like Gecko; compatible; ClaudeBot/1.0; +claudebot@anthropic.com)"
52.167.144.171 - - [16/Apr/2025:13:20:55 -0400] "GET /shopping/hackled6786460.shtml HTTP/1.1" 301 0 "-" "Mozilla/5.0 AppleWebKit/537.36 (KHTML, like Gecko; compatible; bingbot/2.0; +http://www.bing.com/bingbot.htm) Chrome/116.0.1938.76 Safari/537.36"
52.167.144.223 - - [16/Apr/2025:13:20:55 -0400] "GET /product/gubernate/ HTTP/1.1" 404 16941 "-" "Mozilla/5.0 AppleWebKit/537.36 (KHTML, like Gecko; compatible; bingbot/2.0; +http://www.bing.com/bingbot.htm) Chrome/116.0.1938.76 Safari/537.36"
3.17.147.231 - - [16/Apr/2025:13:21:19 -0400] "GET /ad917/?path=%2Fhome%2F..%2Fusr%2Finclude%2Fmysql%2F..%2Fstdlib.h HTTP/1.1" 200 9411 "-" "Mozilla/5.0 AppleWebKit/537.36 (KHTML, like Gecko; compatible; ClaudeBot/1.0; +claudebot@anthropic.com)"
3.17.147.231 - - [16/Apr/2025:13:21:22 -0400] "GET /ad917/?path=%2Fhome%2F..%2Fhome4%2F..%2Flib64%2Fgconv%2FCP771.so HTTP/1.1" 200 962 "-" "Mozilla/5.0 AppleWebKit/537.36 (KHTML, like Gecko; compatible; ClaudeBot/1.0; +claudebot@anthropic.com)"
3.17.147.231 - - [16/Apr/2025:13:21:25 -0400] "GET /ad917/?path=%2Fhome%2F..%2Fusr%2Finclude%2Fsepol%2F..%2Falloca.h HTTP/1.1" 200 1568 "-" "Mozilla/5.0 AppleWebKit/537.36 (KHTML, like Gecko; compatible; ClaudeBot/1.0; +claudebot@anthropic.com)"
3.17.147.231 - - [16/Apr/2025:13:21:28 -0400] "GET /ad917/?path=%2Fhome%2F..%2Fusr%2Finclude%2Fmysql%2F..%2Ftiffio.h HTTP/1.1" 200 7776 "-" "Mozilla/5.0 AppleWebKit/537.36 (KHTML, like Gecko; compatible; ClaudeBot/1.0; +claudebot@anthropic.com)"
3.17.147.231 - - [16/Apr/2025:13:21:31 -0400] "GET /ad917/?path=%2Fhome%2F..%2Fusr%2Finclude%2Fsepol%2F..%2Fgetopt.h HTTP/1.1" 200 1672 "-" "Mozilla/5.0 AppleWebKit/537.36 (KHTML, like Gecko; compatible; ClaudeBot/1.0; +claudebot@anthropic.com)"
3.17.147.231 - - [16/Apr/2025:13:21:34 -0400] "GET /ad917/?path=%2Fhome%2F..%2Fhome6%2F..%2Flib64%2Fgconv%2FPT154.so HTTP/1.1" 200 962 "-" "Mozilla/5.0 AppleWebKit/537.36 (KHTML, like Gecko; compatible; ClaudeBot/1.0; +claudebot@anthropic.com)"
3.17.147.231 - - [16/Apr/2025:13:21:58 -0400] "GET /ad917/?path=%2Fhome%2F..%2Fusr%2Finclude%2Fsound%2F..%2Ffinclude HTTP/1.1" 200 1514 "-" "Mozilla/5.0 AppleWebKit/537.36 (KHTML, like Gecko; compatible; ClaudeBot/1.0; +claudebot@anthropic.com)"
3.17.147.231 - - [16/Apr/2025:13:22:01 -0400] "GET /ad917/?path=%2Fhome%2F..%2Fusr%2Finclude%2Fsepol%2F..%2Fgcrypt.h HTTP/1.1" 200 19470 "-" "Mozilla/5.0 AppleWebKit/537.36 (KHTML, like Gecko; compatible; ClaudeBot/1.0; +claudebot@anthropic.com)"
3.17.147.231 - - [16/Apr/2025:13:22:04 -0400] "GET /ad917/?path=%2Fhome%2F..%2Fusr%2Finclude%2Fsepol%2F..%2Funistd.h HTTP/1.1" 200 12667 "-" "Mozilla/5.0 AppleWebKit/537.36 (KHTML, like Gecko; compatible; ClaudeBot/1.0; +claudebot@anthropic.com)"
3.17.147.231 - - [16/Apr/2025:13:22:07 -0400] "GET /ad917/?path=%2Fhome%2F..%2Fusr%2Finclude%2Fsound%2F..%2Flibpng16 HTTP/1.1" 200 1565 "-" "Mozilla/5.0 AppleWebKit/537.36 (KHTML, like Gecko; compatible; ClaudeBot/1.0; +claudebot@anthropic.com)"
3.17.147.231 - - [16/Apr/2025:13:22:10 -0400] "GET /ad917/?path=%2Fhome%2F..%2Fusr%2Finclude%2Fmysql%2F..%2Fmqueue.h HTTP/1.1" 200 2379 "-" "Mozilla/5.0 AppleWebKit/537.36 (KHTML, like Gecko; compatible; ClaudeBot/1.0; +claudebot@anthropic.com)"
3.17.147.231 - - [16/Apr/2025:13:22:13 -0400] "GET /ad917/?path=%2Fhome%2F..%2Fhome6%2F..%2Flib64%2Fperl5%2FFcntl.pm HTTP/1.1" 200 2895 "-" "Mozilla/5.0 AppleWebKit/537.36 (KHTML, like Gecko; compatible; ClaudeBot/1.0; +claudebot@anthropic.com)"
198.54.116.86 - - [16/Apr/2025:13:22:14 -0400] "POST /wp-cron.php?doing_wp_cron=1744824134.7681190967559814453125 HTTP/1.1" 200 0 "-" "WordPress/6.8; https://servethepeopleinc.org"
40.77.167.65 - - [16/Apr/2025:13:22:14 -0400] "GET /info/6791446.shtml HTTP/1.1" 301 0 "-" "Mozilla/5.0 AppleWebKit/537.36 (KHTML, like Gecko; compatible; bingbot/2.0; +http://www.bing.com/bingbot.htm) Chrome/116.0.1938.76 Safari/537.36"
198.54.116.86 - - [16/Apr/2025:13:22:14 -0400] "POST /wp-admin/admin-ajax.php?action=async_litespeed&nonce=xOmmXT5fLULOs9pR7pT3jyjZ85onuW2N&litespeed_type=imgoptm HTTP/1.1" 200 21 "-" "WordPress/6.8; https://servethepeopleinc.org"
3.17.147.231 - - [16/Apr/2025:13:22:16 -0400] "GET /ad917/?path=%2Fhome%2F..%2Fhome4%2F..%2Flib64%2Fgconv%2FUTF-7.so HTTP/1.1" 200 962 "-" "Mozilla/5.0 AppleWebKit/537.36 (KHTML, like Gecko; compatible; ClaudeBot/1.0; +claudebot@anthropic.com)"
3.17.147.231 - - [16/Apr/2025:13:22:19 -0400] "GET /ad917/?path=%2Fhome%2F..%2Fusr%2Finclude%2Fmysql%2F..%2Fulimit.h HTTP/1.1" 200 1730 "-" "Mozilla/5.0 AppleWebKit/537.36 (KHTML, like Gecko; compatible; ClaudeBot/1.0; +claudebot@anthropic.com)"
3.17.147.231 - - [16/Apr/2025:13:22:22 -0400] "GET /ad917/?path=%2Fhome%2F..%2Fusr%2Finclude%2Fsepol%2F..%2Ftgmath.h HTTP/1.1" 200 6967 "-" "Mozilla/5.0 AppleWebKit/537.36 (KHTML, like Gecko; compatible; ClaudeBot/1.0; +claudebot@anthropic.com)"
3.17.147.231 - - [16/Apr/2025:13:22:25 -0400] "GET /ad917/?path=%2Fhome%2F..%2Fusr%2Finclude%2Fmysql%2F..%2Fresolv.h HTTP/1.1" 200 4942 "-" "Mozilla/5.0 AppleWebKit/537.36 (KHTML, like Gecko; compatible; ClaudeBot/1.0; +claudebot@anthropic.com)"
3.17.147.231 - - [16/Apr/2025:13:22:28 -0400] "GET /ad917/?path=%2Fhome%2F..%2Fusr%2Finclude%2Fsepol%2F..%2Fttyent.h HTTP/1.1" 200 2230 "-" "Mozilla/5.0 AppleWebKit/537.36 (KHTML, like Gecko; compatible; ClaudeBot/1.0; +claudebot@anthropic.com)"
3.17.147.231 - - [16/Apr/2025:13:22:31 -0400] "GET /ad917/?path=%2Fhome%2F..%2Fusr%2Finclude%2Fmysql%2F..%2Ftermio.h HTTP/1.1" 200 1074 "-" "Mozilla/5.0 AppleWebKit/537.36 (KHTML, like Gecko; compatible; ClaudeBot/1.0; +claudebot@anthropic.com)"
3.17.147.231 - - [16/Apr/2025:13:22:34 -0400] "GET /ad917/?path=%2Fhome%2F..%2Fusr%2Finclude%2Fmysql%2F..%2Fgssapi.h HTTP/1.1" 200 1059 "-" "Mozilla/5.0 AppleWebKit/537.36 (KHTML, like Gecko; compatible; ClaudeBot/1.0; +claudebot@anthropic.com)"
3.17.147.231 - - [16/Apr/2025:13:22:37 -0400] "GET /ad917/?path=%2Fhome%2F..%2Fhome4%2F..%2Flib64%2Fgconv%2FGBGBK.so HTTP/1.1" 200 962 "-" "Mozilla/5.0 AppleWebKit/537.36 (KHTML, like Gecko; compatible; ClaudeBot/1.0; +claudebot@anthropic.com)"
40.77.167.136 - - [16/Apr/2025:13:22:38 -0400] "GET /special47281180.shtml HTTP/1.1" 301 0 "-" "Mozilla/5.0 AppleWebKit/537.36 (KHTML, like Gecko; compatible; bingbot/2.0; +http://www.bing.com/bingbot.htm) Chrome/116.0.1938.76 Safari/537.36"
3.17.147.231 - - [16/Apr/2025:13:22:40 -0400] "GET /ad917/?path=%2Fhome%2F..%2Fusr%2Finclude%2Fsound%2F..%2Fncursesw HTTP/1.1" 200 2000 "-" "Mozilla/5.0 AppleWebKit/537.36 (KHTML, like Gecko; compatible; ClaudeBot/1.0; +claudebot@anthropic.com)"
3.17.147.231 - - [16/Apr/2025:13:22:43 -0400] "GET /ad917/?path=%2Fhome%2F..%2Fusr%2Finclude%2Fmysql%2F..%2Fdb_185.h HTTP/1.1" 200 3395 "-" "Mozilla/5.0 AppleWebKit/537.36 (KHTML, like Gecko; compatible; ClaudeBot/1.0; +claudebot@anthropic.com)"
52.167.144.223 - - [16/Apr/2025:13:22:46 -0400] "GET /product4734824.shtml HTTP/1.1" 404 16943 "-" "Mozilla/5.0 AppleWebKit/537.36 (KHTML, like Gecko; compatible; bingbot/2.0; +http://www.bing.com/bingbot.htm) Chrome/116.0.1938.76 Safari/537.36"
3.17.147.231 - - [16/Apr/2025:13:22:46 -0400] "GET /ad917/?path=%2Fhome%2F..%2Fusr%2Finclude%2Fmysql%2F..%2Fshadow.h HTTP/1.1" 200 2480 "-" "Mozilla/5.0 AppleWebKit/537.36 (KHTML, like Gecko; compatible; ClaudeBot/1.0; +claudebot@anthropic.com)"
3.17.147.231 - - [16/Apr/2025:13:22:49 -0400] "GET /ad917/?path=%2Fhome%2F..%2Fusr%2Finclude%2Fmysql%2F..%2Flibgen.h HTTP/1.1" 200 1634 "-" "Mozilla/5.0 AppleWebKit/537.36 (KHTML, like Gecko; compatible; ClaudeBot/1.0; +claudebot@anthropic.com)"
52.167.144.17 - - [16/Apr/2025:13:22:50 -0400] "GET /goodscode/inspissated/51310372.shtml HTTP/1.1" 404 16951 "-" "Mozilla/5.0 AppleWebKit/537.36 (KHTML, like Gecko; compatible; bingbot/2.0; +http://www.bing.com/bingbot.htm) Chrome/116.0.1938.76 Safari/537.36"
3.17.147.231 - - [16/Apr/2025:13:22:52 -0400] "GET /ad917/?path=%2Fhome%2F..%2Fusr%2Finclude%2Fsound%2F..%2Fsearch.h HTTP/1.1" 200 3008 "-" "Mozilla/5.0 AppleWebKit/537.36 (KHTML, like Gecko; compatible; ClaudeBot/1.0; +claudebot@anthropic.com)"
3.17.147.231 - - [16/Apr/2025:13:22:55 -0400] "GET /ad917/?path=%2Fhome%2F..%2F.%2Flib64%2Fgstreamer-1.0%2F..%2Fgawk HTTP/1.1" 200 1825 "-" "Mozilla/5.0 AppleWebKit/537.36 (KHTML, like Gecko; compatible; ClaudeBot/1.0; +claudebot@anthropic.com)"
52.167.144.17 - - [16/Apr/2025:13:22:58 -0400] "GET /products/plunket63990524.shtml HTTP/1.1" 404 16940 "-" "Mozilla/5.0 AppleWebKit/537.36 (KHTML, like Gecko; compatible; bingbot/2.0; +http://www.bing.com/bingbot.htm) Chrome/116.0.1938.76 Safari/537.36"
3.17.147.231 - - [16/Apr/2025:13:22:58 -0400] "GET /ad917/?path=%2Fhome%2F..%2Fhome1%2F..%2Flib64%2Fpython3.6%2Fjson HTTP/1.1" 200 1682 "-" "Mozilla/5.0 AppleWebKit/537.36 (KHTML, like Gecko; compatible; ClaudeBot/1.0; +claudebot@anthropic.com)"
3.17.147.231 - - [16/Apr/2025:13:23:01 -0400] "GET /ad917/?path=%2Fhome%2F..%2F.%2Flib64%2Fgstreamer-1.0%2F..%2Fgems HTTP/1.1" 200 1463 "-" "Mozilla/5.0 AppleWebKit/537.36 (KHTML, like Gecko; compatible; ClaudeBot/1.0; +claudebot@anthropic.com)"
3.17.147.231 - - [16/Apr/2025:13:23:04 -0400] "GET /ad917/?path=%2Fhome%2F..%2Fhome1%2F..%2Flib64%2Fpython3.6%2Fhtml HTTP/1.1" 200 1638 "-" "Mozilla/5.0 AppleWebKit/537.36 (KHTML, like Gecko; compatible; ClaudeBot/1.0; +claudebot@anthropic.com)"
3.17.147.231 - - [16/Apr/2025:13:23:07 -0400] "GET /ad917/?path=%2Fhome%2F..%2Fhome2%2F..%2Flib64%2Fpython3.6%2Fhtml HTTP/1.1" 200 1605 "-" "Mozilla/5.0 AppleWebKit/537.36 (KHTML, like Gecko; compatible; ClaudeBot/1.0; +claudebot@anthropic.com)"
3.17.147.231 - - [16/Apr/2025:13:23:10 -0400] "GET /ad917/?path=%2Fhome%2F..%2F.%2Flib64%2Fgstreamer-1.0%2F..%2Fsssd HTTP/1.1" 200 2013 "-" "Mozilla/5.0 AppleWebKit/537.36 (KHTML, like Gecko; compatible; ClaudeBot/1.0; +claudebot@anthropic.com)"
3.17.147.231 - - [16/Apr/2025:13:23:13 -0400] "GET /ad917/?path=%2Fhome%2F..%2F.%2Flib64%2Fgstreamer-1.0%2F..%2Fbind HTTP/1.1" 200 1437 "-" "Mozilla/5.0 AppleWebKit/537.36 (KHTML, like Gecko; compatible; ClaudeBot/1.0; +claudebot@anthropic.com)"
3.17.147.231 - - [16/Apr/2025:13:23:16 -0400] "GET /ad917/?path=%2Fhome%2F..%2F.%2Flib64%2Fgstreamer-1.0%2F..%2Fkrb5 HTTP/1.1" 200 1462 "-" "Mozilla/5.0 AppleWebKit/537.36 (KHTML, like Gecko; compatible; ClaudeBot/1.0; +claudebot@anthropic.com)"
3.17.147.231 - - [16/Apr/2025:13:23:19 -0400] "GET /ad917/?path=%2Fhome%2F..%2F.%2Flib64%2Fgstreamer-1.0%2F..%2Fsse2 HTTP/1.1" 200 1429 "-" "Mozilla/5.0 AppleWebKit/537.36 (KHTML, like Gecko; compatible; ClaudeBot/1.0; +claudebot@anthropic.com)"
3.17.147.231 - - [16/Apr/2025:13:23:22 -0400] "GET /ad917/?path=%2Fhome%2F..%2F.%2Flib64%2Fgstreamer-1.0%2F..%2Fruby HTTP/1.1" 200 2389 "-" "Mozilla/5.0 AppleWebKit/537.36 (KHTML, like Gecko; compatible; ClaudeBot/1.0; +claudebot@anthropic.com)"
3.17.147.231 - - [16/Apr/2025:13:23:25 -0400] "GET /ad917/?path=%2Fhome%2F..%2Fhome2%2F..%2Flib64%2Fpython3.6%2Ftest HTTP/1.1" 200 1573 "-" "Mozilla/5.0 AppleWebKit/537.36 (KHTML, like Gecko; compatible; ClaudeBot/1.0; +claudebot@anthropic.com)"
198.54.116.86 - - [16/Apr/2025:13:23:26 -0400] "POST /wp-cron.php?doing_wp_cron=1744824206.9044280052185058593750 HTTP/1.1" 200 0 "-" "WordPress/6.8; https://servethepeopleinc.org"
52.167.144.17 - - [16/Apr/2025:13:23:26 -0400] "GET /items/106954912.shtml HTTP/1.1" 404 16940 "-" "Mozilla/5.0 AppleWebKit/537.36 (KHTML, like Gecko; compatible; bingbot/2.0; +http://www.bing.com/bingbot.htm) Chrome/116.0.1938.76 Safari/537.36"
198.54.116.86 - - [16/Apr/2025:13:23:27 -0400] "POST /wp-admin/admin-ajax.php?action=async_litespeed&nonce=5UOdmGnk8W4m3CsVpfZHUAJpJuYafYon&litespeed_type=imgoptm HTTP/1.1" 200 21 "-" "WordPress/6.8; https://servethepeopleinc.org"
3.17.147.231 - - [16/Apr/2025:13:23:28 -0400] "GET /ad917/?path=%2Fhome%2F..%2Fhome2%2F..%2Flib64%2Fpython3.6%2Fhttp HTTP/1.1" 200 1686 "-" "Mozilla/5.0 AppleWebKit/537.36 (KHTML, like Gecko; compatible; ClaudeBot/1.0; +claudebot@anthropic.com)"
52.167.144.19 - - [16/Apr/2025:13:23:30 -0400] "GET /product116361230.shtml HTTP/1.1" 404 16941 "-" "Mozilla/5.0 AppleWebKit/537.36 (KHTML, like Gecko; compatible; bingbot/2.0; +http://www.bing.com/bingbot.htm) Chrome/116.0.1938.76 Safari/537.36"
3.17.147.231 - - [16/Apr/2025:13:23:31 -0400] "GET /ad917/?path=%2Fhome%2F..%2Fhome2%2F..%2Flib64%2Fpython3.6%2Fjson HTTP/1.1" 200 1681 "-" "Mozilla/5.0 AppleWebKit/537.36 (KHTML, like Gecko; compatible; ClaudeBot/1.0; +claudebot@anthropic.com)"
3.17.147.231 - - [16/Apr/2025:13:23:34 -0400] "GET /ad917/?path=%2Fhome%2F..%2Fhome2%2F..%2Flib64%2Fpython3.6%2Fvenv HTTP/1.1" 200 1630 "-" "Mozilla/5.0 AppleWebKit/537.36 (KHTML, like Gecko; compatible; ClaudeBot/1.0; +claudebot@anthropic.com)"
52.167.144.171 - - [16/Apr/2025:13:23:34 -0400] "GET /detail/lucidity46286352.shtml HTTP/1.1" 301 0 "-" "Mozilla/5.0 AppleWebKit/537.36 (KHTML, like Gecko; compatible; bingbot/2.0; +http://www.bing.com/bingbot.htm) Chrome/116.0.1938.76 Safari/537.36"
3.17.147.231 - - [16/Apr/2025:13:23:37 -0400] "GET /ad917/?path=%2Fhome%2F..%2Fhome1%2F..%2Flib64%2Fpython3.6%2Fvenv HTTP/1.1" 200 1629 "-" "Mozilla/5.0 AppleWebKit/537.36 (KHTML, like Gecko; compatible; ClaudeBot/1.0; +claudebot@anthropic.com)"
3.17.147.231 - - [16/Apr/2025:13:23:40 -0400] "GET /ad917/?path=%2Fhome%2F..%2Fhome1%2F..%2Flib64%2Fpython3.6%2Fhttp HTTP/1.1" 200 1686 "-" "Mozilla/5.0 AppleWebKit/537.36 (KHTML, like Gecko; compatible; ClaudeBot/1.0; +claudebot@anthropic.com)"
3.17.147.231 - - [16/Apr/2025:13:23:43 -0400] "GET /ad917/?path=%2Fhome%2F..%2Fhome1%2F..%2Flib64%2Fpython3.6%2Ftest HTTP/1.1" 200 1573 "-" "Mozilla/5.0 AppleWebKit/537.36 (KHTML, like Gecko; compatible; ClaudeBot/1.0; +claudebot@anthropic.com)"
3.17.147.231 - - [16/Apr/2025:13:23:46 -0400] "GET /ad917/?path=%2Fhome%2F..%2Fhome4%2F..%2Flib64%2Fbind9-export%2F. HTTP/1.1" 200 1753 "-" "Mozilla/5.0 AppleWebKit/537.36 (KHTML, like Gecko; compatible; ClaudeBot/1.0; +claudebot@anthropic.com)"
3.17.147.231 - - [16/Apr/2025:13:21:37 -0400] "GET /ad917/?path=%2Fhome%2F..%2Fusr%2Finclude%2Fsound%2F..%2Ftgmath.h HTTP/1.1" 200 6942 "-" "Mozilla/5.0 AppleWebKit/537.36 (KHTML, like Gecko; compatible; ClaudeBot/1.0; +claudebot@anthropic.com)"
3.17.147.231 - - [16/Apr/2025:13:21:40 -0400] "GET /ad917/?path=%2Fhome%2F..%2Fusr%2Finclude%2Fmysql%2F..%2Fregexp.h HTTP/1.1" 200 1689 "-" "Mozilla/5.0 AppleWebKit/537.36 (KHTML, like Gecko; compatible; ClaudeBot/1.0; +claudebot@anthropic.com)"
3.17.147.231 - - [16/Apr/2025:13:21:43 -0400] "GET /ad917/?path=%2Fhome%2F..%2Fusr%2Finclude%2Fsepol%2F..%2Fsyslog.h HTTP/1.1" 200 970 "-" "Mozilla/5.0 AppleWebKit/537.36 (KHTML, like Gecko; compatible; ClaudeBot/1.0; +claudebot@anthropic.com)"
198.54.116.86 - - [16/Apr/2025:13:21:45 -0400] "POST /wp-cron.php?doing_wp_cron=1744824104.9953041076660156250000 HTTP/1.1" 200 0 "-" "WordPress/6.8; https://servethepeopleinc.org"
40.77.167.58 - - [16/Apr/2025:13:21:44 -0400] "GET /detail/cvc/arthroderm30459938.shtml HTTP/1.1" 404 16952 "-" "Mozilla/5.0 AppleWebKit/537.36 (KHTML, like Gecko; compatible; bingbot/2.0; +http://www.bing.com/bingbot.htm) Chrome/116.0.1938.76 Safari/537.36"
198.54.116.86 - - [16/Apr/2025:13:21:45 -0400] "POST /wp-admin/admin-ajax.php?action=async_litespeed&nonce=vwuVhg2VIFWkzY74IdpttYMsoPLF8OLM&litespeed_type=imgoptm HTTP/1.1" 200 21 "-" "WordPress/6.8; https://servethepeopleinc.org"
3.17.147.231 - - [16/Apr/2025:13:21:46 -0400] "GET /ad917/?path=%2Fhome%2F..%2Fusr%2Finclude%2Fsound%2F..%2Ffmtmsg.h HTTP/1.1" 200 2242 "-" "Mozilla/5.0 AppleWebKit/537.36 (KHTML, like Gecko; compatible; ClaudeBot/1.0; +claudebot@anthropic.com)"
52.167.144.17 - - [16/Apr/2025:13:21:49 -0400] "GET /detail/wy/unaddressed19844290.shtml HTTP/1.1" 404 16950 "-" "Mozilla/5.0 AppleWebKit/537.36 (KHTML, like Gecko; compatible; bingbot/2.0; +http://www.bing.com/bingbot.htm) Chrome/116.0.1938.76 Safari/537.36"
3.17.147.231 - - [16/Apr/2025:13:21:49 -0400] "GET /ad917/?path=%2Fhome%2F..%2Fusr%2Finclude%2Fsepol%2F..%2Ffmtmsg.h HTTP/1.1" 200 2243 "-" "Mozilla/5.0 AppleWebKit/537.36 (KHTML, like Gecko; compatible; ClaudeBot/1.0; +claudebot@anthropic.com)"
3.17.147.231 - - [16/Apr/2025:13:21:52 -0400] "GET /ad917/?path=%2Fhome%2F..%2Fusr%2Finclude%2Fsound%2F..%2Fstdlib.h HTTP/1.1" 200 9412 "-" "Mozilla/5.0 AppleWebKit/537.36 (KHTML, like Gecko; compatible; ClaudeBot/1.0; +claudebot@anthropic.com)"
3.17.147.231 - - [16/Apr/2025:13:21:55 -0400] "GET /ad917/?path=%2Fhome%2F..%2Fusr%2Finclude%2Fmysql%2F..%2Fmcheck.h HTTP/1.1" 200 2036 "-" "Mozilla/5.0 AppleWebKit/537.36 (KHTML, like Gecko; compatible; ClaudeBot/1.0; +claudebot@anthropic.com)"
3.17.147.231 - - [16/Apr/2025:13:23:49 -0400] "GET /ad917/?path=%2Fhome%2F..%2Fhome1%2F..%2Flib%2Fnode_modules%2Fnpm HTTP/1.1" 200 2157 "-" "Mozilla/5.0 AppleWebKit/537.36 (KHTML, like Gecko; compatible; ClaudeBot/1.0; +claudebot@anthropic.com)"
3.17.147.231 - - [16/Apr/2025:13:23:52 -0400] "GET /ad917/?path=%2Fhome%2F..%2Flib64%2F..%2Flib%2Fnode_modules%2Fnpm HTTP/1.1" 200 2153 "-" "Mozilla/5.0 AppleWebKit/537.36 (KHTML, like Gecko; compatible; ClaudeBot/1.0; +claudebot@anthropic.com)"
3.17.147.231 - - [16/Apr/2025:13:23:55 -0400] "GET /ad917/?path=%2Fhome%2F..%2Flib64%2F.%2Flibmysqlclient21%2F.%2F.. HTTP/1.1" 200 44868 "-" "Mozilla/5.0 AppleWebKit/537.36 (KHTML, like Gecko; compatible; ClaudeBot/1.0; +claudebot@anthropic.com)"
3.17.147.231 - - [16/Apr/2025:13:23:58 -0400] "GET /ad917/?path=%2Fhome%2F..%2Fhome2%2F..%2Flib64%2Frpm-plugins%2F.. HTTP/1.1" 200 44639 "-" "Mozilla/5.0 AppleWebKit/537.36 (KHTML, like Gecko; compatible; ClaudeBot/1.0; +claudebot@anthropic.com)"
3.17.147.231 - - [16/Apr/2025:13:24:01 -0400] "GET /ad917/?path=%2Fhome%2Fservlmvm%2Fspekkshealth.com%2F..%2F.cpanel HTTP/1.1" 200 1788 "-" "Mozilla/5.0 AppleWebKit/537.36 (KHTML, like Gecko; compatible; ClaudeBot/1.0; +claudebot@anthropic.com)"
3.17.147.231 - - [16/Apr/2025:13:24:04 -0400] "GET /ad917/?path=%2Fhome%2F..%2Fusr%2Finclude%2Fsound%2F..%2Fexpat.h HTTP/1.1" 200 13018 "-" "Mozilla/5.0 AppleWebKit/537.36 (KHTML, like Gecko; compatible; ClaudeBot/1.0; +claudebot@anthropic.com)"
3.17.147.231 - - [16/Apr/2025:13:24:07 -0400] "GET /ad917/?path=%2Fhome%2F..%2Fhome2%2F..%2Flib64%2Fperl5%2Fmachine HTTP/1.1" 200 1430 "-" "Mozilla/5.0 AppleWebKit/537.36 (KHTML, like Gecko; compatible; ClaudeBot/1.0; +claudebot@anthropic.com)"
3.17.147.231 - - [16/Apr/2025:13:24:10 -0400] "GET /ad917/?path=%2Fhome%2F..%2Fusr%2Finclude%2Fsepol%2F..%2Fwchar.h HTTP/1.1" 200 6970 "-" "Mozilla/5.0 AppleWebKit/537.36 (KHTML, like Gecko; compatible; ClaudeBot/1.0; +claudebot@anthropic.com)"
3.17.147.231 - - [16/Apr/2025:13:24:13 -0400] "GET /ad917/?path=%2Fhome%2F..%2Fusr%2Finclude%2Fmysql%2F..%2Fevdns.h HTTP/1.1" 200 2019 "-" "Mozilla/5.0 AppleWebKit/537.36 (KHTML, like Gecko; compatible; ClaudeBot/1.0; +claudebot@anthropic.com)"
3.17.147.231 - - [16/Apr/2025:13:24:16 -0400] "GET /ad917/?path=%2Fhome%2F..%2Fusr%2Finclude%2Fsound%2F..%2Fselinux HTTP/1.1" 200 1756 "-" "Mozilla/5.0 AppleWebKit/537.36 (KHTML, like Gecko; compatible; ClaudeBot/1.0; +claudebot@anthropic.com)"
3.17.147.231 - - [16/Apr/2025:13:24:19 -0400] "GET /ad917/?path=%2Fhome%2F..%2Fusr%2Finclude%2Fsound%2F..%2Fuchar.h HTTP/1.1" 200 1783 "-" "Mozilla/5.0 AppleWebKit/537.36 (KHTML, like Gecko; compatible; ClaudeBot/1.0; +claudebot@anthropic.com)"
3.17.147.231 - - [16/Apr/2025:13:24:22 -0400] "GET /ad917/?path=%2Fhome%2F..%2Fusr%2Finclude%2Fsepol%2F..%2Fgpgrt.h HTTP/1.1" 200 17357 "-" "Mozilla/5.0 AppleWebKit/537.36 (KHTML, like Gecko; compatible; ClaudeBot/1.0; +claudebot@anthropic.com)"
3.17.147.231 - - [16/Apr/2025:13:24:25 -0400] "GET /ad917/?path=%2Fhome%2F..%2Fusr%2Finclude%2Fsound%2F..%2Flibxml2 HTTP/1.1" 200 1459 "-" "Mozilla/5.0 AppleWebKit/537.36 (KHTML, like Gecko; compatible; ClaudeBot/1.0; +claudebot@anthropic.com)"
3.17.147.231 - - [16/Apr/2025:13:24:28 -0400] "GET /ad917/?path=%2Fhome%2F..%2Fusr%2Finclude%2Fsound%2F..%2Fzconf.h HTTP/1.1" 200 5569 "-" "Mozilla/5.0 AppleWebKit/537.36 (KHTML, like Gecko; compatible; ClaudeBot/1.0; +claudebot@anthropic.com)"
