52.167.144.208 - - [16/Apr/2025:09:13:51 -0400] "GET /info/46786588.shtml HTTP/1.1" 301 0 "-" "Mozilla/5.0 AppleWebKit/537.36 (KHTML, like Gecko; compatible; bingbot/2.0; +http://www.bing.com/bingbot.htm) Chrome/116.0.1938.76 Safari/537.36"
198.54.116.86 - - [16/Apr/2025:09:13:51 -0400] "POST /wp-admin/admin-ajax.php?action=async_litespeed&nonce=rOj0gBZWgfoAWhlpEAgNw8ZfwkNtBSH9&litespeed_type=imgoptm HTTP/1.1" 200 21 "-" "WordPress/6.8; https://servethepeopleinc.org"
52.167.144.161 - - [16/Apr/2025:09:13:52 -0400] "GET /shopbrand12142430.shtml HTTP/1.1" 404 16939 "-" "Mozilla/5.0 AppleWebKit/537.36 (KHTML, like Gecko; compatible; bingbot/2.0; +http://www.bing.com/bingbot.htm) Chrome/116.0.1938.76 Safari/537.36"
3.149.239.87 - - [16/Apr/2025:09:13:53 -0400] "GET /ad917/?path=%2Fhome%2F.%2F..%2Flib%2Ffirmware%2Frtw88%2F..%2Fath10k%2F..%2Fcirrus%2Fcs35l41-dsp1-spk-prot-103c8974.bin HTTP/1.1" 200 1021 "-" "Mozilla/5.0 AppleWebKit/537.36 (KHTML, like Gecko; compatible; ClaudeBot/1.0; +claudebot@anthropic.com)"
3.149.239.87 - - [16/Apr/2025:09:13:56 -0400] "GET /ad917/?path=%2Fhome%2F.%2F..%2Flib%2Ffirmware%2Frtw88%2F..%2Fath10k%2F..%2Fcirrus%2Fcs35l54-b0-dsp1-misc-103c8d01.wmfw HTTP/1.1" 200 1020 "-" "Mozilla/5.0 AppleWebKit/537.36 (KHTML, like Gecko; compatible; ClaudeBot/1.0; +claudebot@anthropic.com)"
3.149.239.87 - - [16/Apr/2025:09:13:59 -0400] "GET /ad917/?path=%2Fhome%2F.%2F..%2Flib%2Ffirmware%2Frtw88%2F..%2Fath10k%2F..%2Fcirrus%2Fcs35l54-b0-dsp1-misc-103c8e18.wmfw HTTP/1.1" 200 1019 "-" "Mozilla/5.0 AppleWebKit/537.36 (KHTML, like Gecko; compatible; ClaudeBot/1.0; +claudebot@anthropic.com)"
3.149.239.87 - - [16/Apr/2025:09:14:02 -0400] "GET /ad917/?path=%2Fhome%2F.%2F..%2Flib%2Ffirmware%2Frtw88%2F..%2Fath10k%2F..%2Fcirrus%2Fcs35l56-b0-dsp1-misc-10431e13.wmfw HTTP/1.1" 200 1019 "-" "Mozilla/5.0 AppleWebKit/537.36 (KHTML, like Gecko; compatible; ClaudeBot/1.0; +claudebot@anthropic.com)"
198.54.116.86 - - [16/Apr/2025:09:14:02 -0400] "POST /wp-cron.php?doing_wp_cron=1744809242.4341440200805664062500 HTTP/1.1" 200 0 "-" "WordPress/6.8; https://servethepeopleinc.org"
52.167.144.161 - - [16/Apr/2025:09:14:02 -0400] "GET /detail/qw/allusory68819162.shtml HTTP/1.1" 404 16951 "-" "Mozilla/5.0 AppleWebKit/537.36 (KHTML, like Gecko; compatible; bingbot/2.0; +http://www.bing.com/bingbot.htm) Chrome/116.0.1938.76 Safari/537.36"
3.149.239.87 - - [16/Apr/2025:09:14:05 -0400] "GET /ad917/?path=%2Fhome%2F.%2F..%2Flib%2Ffirmware%2Frtw88%2F..%2Fath10k%2F..%2Fcirrus%2Fcs35l41-dsp1-spk-prot-103c8c49.bin HTTP/1.1" 200 1020 "-" "Mozilla/5.0 AppleWebKit/537.36 (KHTML, like Gecko; compatible; ClaudeBot/1.0; +claudebot@anthropic.com)"
3.149.239.87 - - [16/Apr/2025:09:14:08 -0400] "GET /ad917/?path=%2Fhome%2F.%2F..%2Flib%2Ffirmware%2Frtw88%2F..%2Fath10k%2F..%2Fcirrus%2Fcs35l41-dsp1-spk-prot-103c8b74.bin HTTP/1.1" 200 1020 "-" "Mozilla/5.0 AppleWebKit/537.36 (KHTML, like Gecko; compatible; ClaudeBot/1.0; +claudebot@anthropic.com)"
3.149.239.87 - - [16/Apr/2025:09:14:11 -0400] "GET /ad917/?path=%2Fhome%2F.%2F..%2Flib%2Ffirmware%2Frtw88%2F..%2Fath10k%2F..%2Fcirrus%2Fcs35l41-dsp1-spk-prot-103c8973.bin HTTP/1.1" 200 1021 "-" "Mozilla/5.0 AppleWebKit/537.36 (KHTML, like Gecko; compatible; ClaudeBot/1.0; +claudebot@anthropic.com)"
3.149.239.87 - - [16/Apr/2025:09:14:14 -0400] "GET /ad917/?path=%2Fhome%2F.%2F..%2Flib%2Ffirmware%2Frtw88%2F..%2Fath10k%2F..%2Fcirrus%2Fcs35l41-dsp1-spk-prot-103c8971.bin HTTP/1.1" 200 1021 "-" "Mozilla/5.0 AppleWebKit/537.36 (KHTML, like Gecko; compatible; ClaudeBot/1.0; +claudebot@anthropic.com)"
198.54.116.86 - - [16/Apr/2025:09:14:22 -0400] "POST /wp-cron.php?doing_wp_cron=1744809262.7321391105651855468750 HTTP/1.1" 200 0 "-" "WordPress/6.8; https://servethepeopleinc.org"
52.167.144.208 - - [16/Apr/2025:09:14:22 -0400] "GET /item29922208.shtml HTTP/1.1" 301 0 "-" "Mozilla/5.0 AppleWebKit/537.36 (KHTML, like Gecko; compatible; bingbot/2.0; +http://www.bing.com/bingbot.htm) Chrome/116.0.1938.76 Safari/537.36"
198.54.116.86 - - [16/Apr/2025:09:14:22 -0400] "POST /wp-admin/admin-ajax.php?action=async_litespeed&nonce=DbEuQ8vkpCZUkmnWNXiOnpRbLesGgWMp&litespeed_type=imgoptm HTTP/1.1" 200 21 "-" "WordPress/6.8; https://servethepeopleinc.org"
66.249.77.41 - - [16/Apr/2025:09:14:25 -0400] "GET /shopdetail/honeybird79048746.shtml HTTP/1.1" 404 16941 "-" "Mozilla/5.0 (Linux; Android 6.0.1; Nexus 5X Build/MMB29P) AppleWebKit/537.36 (KHTML, like Gecko) Chrome/135.0.7049.84 Mobile Safari/537.36 (compatible; Googlebot/2.1; +http://www.google.com/bot.html)"
52.167.144.161 - - [16/Apr/2025:09:14:51 -0400] "GET /shopbrand/22213968.shtml HTTP/1.1" 404 16941 "-" "Mozilla/5.0 AppleWebKit/537.36 (KHTML, like Gecko; compatible; bingbot/2.0; +http://www.bing.com/bingbot.htm) Chrome/116.0.1938.76 Safari/537.36"
3.133.123.185 - - [16/Apr/2025:09:14:52 -0400] "GET /ad917/?path=%2Fhome%2F.%2F..%2Flib%2Ffirmware%2Frtw88%2F..%2Fath10k%2F..%2Fcirrus%2Fcs35l41-dsp1-spk-prot-103c8bdf-spkid0-l0.bin HTTP/1.1" 200 1027 "-" "Mozilla/5.0 AppleWebKit/537.36 (KHTML, like Gecko; compatible; ClaudeBot/1.0; +claudebot@anthropic.com)"
3.133.123.185 - - [16/Apr/2025:09:14:54 -0400] "GET /ad917/?path=%2Fhome%2F.%2F..%2Flib%2Ffirmware%2Frtw88%2F..%2Fath10k%2F..%2Fcirrus%2Fcs35l41-dsp1-spk-prot-10431503-spkid0-r0.bin HTTP/1.1" 200 1027 "-" "Mozilla/5.0 AppleWebKit/537.36 (KHTML, like Gecko; compatible; ClaudeBot/1.0; +claudebot@anthropic.com)"
3.133.123.185 - - [16/Apr/2025:09:14:57 -0400] "GET /ad917/?path=%2Fhome%2F.%2F..%2Flib%2Ffirmware%2Frtw88%2F..%2Fath10k%2F..%2Fcirrus%2Fcs35l41-dsp1-spk-prot-17aa2317-spkid1-r0.bin HTTP/1.1" 200 1027 "-" "Mozilla/5.0 AppleWebKit/537.36 (KHTML, like Gecko; compatible; ClaudeBot/1.0; +claudebot@anthropic.com)"
3.133.123.185 - - [16/Apr/2025:09:15:00 -0400] "GET /ad917/?path=%2Fhome%2F.%2F..%2Flib%2Ffirmware%2Frtw88%2F..%2Fath10k%2F..%2Fcirrus%2Fcs35l41-dsp1-spk-prot-103c8c6a-spkid0-l0.bin HTTP/1.1" 200 1027 "-" "Mozilla/5.0 AppleWebKit/537.36 (KHTML, like Gecko; compatible; ClaudeBot/1.0; +claudebot@anthropic.com)"
198.54.116.86 - - [16/Apr/2025:09:15:01 -0400] "POST /wp-cron.php?doing_wp_cron=1744809301.2203629016876220703125 HTTP/1.1" 200 0 "-" "WordPress/6.8; https://servethepeopleinc.org"
52.167.144.161 - - [16/Apr/2025:09:15:01 -0400] "GET /items65711798.shtml HTTP/1.1" 404 16942 "-" "Mozilla/5.0 AppleWebKit/537.36 (KHTML, like Gecko; compatible; bingbot/2.0; +http://www.bing.com/bingbot.htm) Chrome/116.0.1938.76 Safari/537.36"
3.133.123.185 - - [16/Apr/2025:09:15:03 -0400] "GET /ad917/?path=%2Fhome%2F.%2F..%2Flib%2Ffirmware%2Frtw88%2F..%2Fath10k%2F..%2Fcirrus%2Fcs35l41-dsp1-spk-prot-10431c9f-spkid0-l0.bin HTTP/1.1" 200 1029 "-" "Mozilla/5.0 AppleWebKit/537.36 (KHTML, like Gecko; compatible; ClaudeBot/1.0; +claudebot@anthropic.com)"
3.133.123.185 - - [16/Apr/2025:09:15:06 -0400] "GET /ad917/?path=%2Fhome%2F.%2F..%2Flib%2Ffirmware%2Frtw88%2F..%2Fath10k%2F..%2Fcirrus%2Fcs35l41-dsp1-spk-prot-10431f62-spkid0-l0.bin HTTP/1.1" 200 1028 "-" "Mozilla/5.0 AppleWebKit/537.36 (KHTML, like Gecko; compatible; ClaudeBot/1.0; +claudebot@anthropic.com)"
3.133.123.185 - - [16/Apr/2025:09:15:09 -0400] "GET /ad917/?path=%2Fhome%2F.%2F..%2Flib%2Ffirmware%2Frtw88%2F..%2Fath10k%2F..%2Fcirrus%2Fcs35l41-dsp1-spk-prot-103c8a2d-spkid1-r0.bin HTTP/1.1" 200 1027 "-" "Mozilla/5.0 AppleWebKit/537.36 (KHTML, like Gecko; compatible; ClaudeBot/1.0; +claudebot@anthropic.com)"
3.133.123.185 - - [16/Apr/2025:09:15:12 -0400] "GET /ad917/?path=%2Fhome%2F.%2F..%2Flib%2Ffirmware%2Frtw88%2F..%2Fath10k%2F..%2Fcirrus%2Fcs35l41-dsp1-spk-prot-103c8b3a-spkid0-r0.bin HTTP/1.1" 200 1028 "-" "Mozilla/5.0 AppleWebKit/537.36 (KHTML, like Gecko; compatible; ClaudeBot/1.0; +claudebot@anthropic.com)"
3.133.123.185 - - [16/Apr/2025:09:15:15 -0400] "GET /ad917/?path=%2Fhome%2F.%2F..%2Flib%2Ffirmware%2Frtw88%2F..%2Fath10k%2F..%2Fcirrus%2Fcs35l41-dsp1-spk-prot-17aa38fa-spkid0-l0.bin HTTP/1.1" 200 1026 "-" "Mozilla/5.0 AppleWebKit/537.36 (KHTML, like Gecko; compatible; ClaudeBot/1.0; +claudebot@anthropic.com)"
3.133.123.185 - - [16/Apr/2025:09:15:18 -0400] "GET /ad917/?path=%2Fhome%2F.%2F..%2Flib%2Ffirmware%2Frtw88%2F..%2Fath10k%2F..%2Fcirrus%2Fcs35l41-dsp1-spk-prot-10433a20-spkid1-l0.bin HTTP/1.1" 200 1026 "-" "Mozilla/5.0 AppleWebKit/537.36 (KHTML, like Gecko; compatible; ClaudeBot/1.0; +claudebot@anthropic.com)"
3.133.123.185 - - [16/Apr/2025:09:15:21 -0400] "GET /ad917/?path=%2Fhome%2F.%2F..%2Flib%2Ffirmware%2Frtw88%2F..%2Fath10k%2F..%2Fcirrus%2Fcs35l41-dsp1-spk-prot-17aa2317-spkid0-r0.bin HTTP/1.1" 200 1027 "-" "Mozilla/5.0 AppleWebKit/537.36 (KHTML, like Gecko; compatible; ClaudeBot/1.0; +claudebot@anthropic.com)"
3.133.123.185 - - [16/Apr/2025:09:15:24 -0400] "GET /ad917/?path=%2Fhome%2F.%2F..%2Flib%2Ffirmware%2Frtw88%2F..%2Fath10k%2F..%2Fcirrus%2Fcs35l41-dsp1-spk-prot-10431f62-spkid1-r0.bin HTTP/1.1" 200 1027 "-" "Mozilla/5.0 AppleWebKit/537.36 (KHTML, like Gecko; compatible; ClaudeBot/1.0; +claudebot@anthropic.com)"
3.133.123.185 - - [16/Apr/2025:09:15:27 -0400] "GET /ad917/?path=%2Fhome%2F.%2F..%2Flib%2Ffirmware%2Frtw88%2F..%2Fath10k%2F..%2Fcirrus%2Fcs35l41-dsp1-spk-prot-103c8ce0-spkid0-r0.bin HTTP/1.1" 200 1027 "-" "Mozilla/5.0 AppleWebKit/537.36 (KHTML, like Gecko; compatible; ClaudeBot/1.0; +claudebot@anthropic.com)"
198.54.116.86 - - [16/Apr/2025:09:15:28 -0400] "POST /wp-cron.php?doing_wp_cron=1744809327.9958240985870361328125 HTTP/1.1" 200 0 "-" "WordPress/6.8; https://servethepeopleinc.org"
66.249.77.40 - - [16/Apr/2025:09:15:27 -0400] "GET /shopdetail/eyw/magnetron/9252226.shtml HTTP/1.1" 404 16948 "-" "Mozilla/5.0 (Linux; Android 6.0.1; Nexus 5X Build/MMB29P) AppleWebKit/537.36 (KHTML, like Gecko) Chrome/135.0.7049.84 Mobile Safari/537.36 (compatible; GoogleOther)"
198.54.116.86 - - [16/Apr/2025:09:15:28 -0400] "POST /wp-admin/admin-ajax.php?action=async_litespeed&nonce=JsqnPT0eE2h4XpoC3do81Z1tOuNoEtDV&litespeed_type=imgoptm HTTP/1.1" 200 21 "-" "WordPress/6.8; https://servethepeopleinc.org"
3.133.123.185 - - [16/Apr/2025:09:15:30 -0400] "GET /ad917/?path=%2Fhome%2F.%2F..%2Flib%2Ffirmware%2Frtw88%2F..%2Fath10k%2F..%2Fcirrus%2Fcs35l41-dsp1-spk-prot-103c8a29-spkid0-l0.bin HTTP/1.1" 200 1028 "-" "Mozilla/5.0 AppleWebKit/537.36 (KHTML, like Gecko; compatible; ClaudeBot/1.0; +claudebot@anthropic.com)"
3.133.123.185 - - [16/Apr/2025:09:15:33 -0400] "GET /ad917/?path=%2Fhome%2F.%2F..%2Flib%2Ffirmware%2Frtw88%2F..%2Fath10k%2F..%2Fcirrus%2Fcs35l41-dsp1-spk-prot-103c8cdf-spkid0-r0.bin HTTP/1.1" 200 1027 "-" "Mozilla/5.0 AppleWebKit/537.36 (KHTML, like Gecko; compatible; ClaudeBot/1.0; +claudebot@anthropic.com)"
3.133.123.185 - - [16/Apr/2025:09:15:36 -0400] "GET /ad917/?path=%2Fhome%2F.%2F..%2Flib%2Ffirmware%2Frtw88%2F..%2Fath10k%2F..%2Fcirrus%2Fcs35l41-dsp1-spk-prot-103c8a30-spkid0-r0.bin HTTP/1.1" 200 1028 "-" "Mozilla/5.0 AppleWebKit/537.36 (KHTML, like Gecko; compatible; ClaudeBot/1.0; +claudebot@anthropic.com)"
3.133.123.185 - - [16/Apr/2025:09:15:39 -0400] "GET /ad917/?path=%2Fhome%2F.%2F..%2Flib%2Ffirmware%2Frtw88%2F..%2Fath10k%2F..%2Fcirrus%2Fcs35l41-dsp1-spk-prot-10431a8f-spkid1-r0.bin HTTP/1.1" 200 1027 "-" "Mozilla/5.0 AppleWebKit/537.36 (KHTML, like Gecko; compatible; ClaudeBot/1.0; +claudebot@anthropic.com)"
3.133.123.185 - - [16/Apr/2025:09:15:42 -0400] "GET /ad917/?path=%2Fhome%2F.%2F..%2Flib%2Ffirmware%2Frtw88%2F..%2Fath10k%2F..%2Fcirrus%2Fcs35l41-dsp1-spk-prot-104316d3-spkid1-l0.bin HTTP/1.1" 200 1027 "-" "Mozilla/5.0 AppleWebKit/537.36 (KHTML, like Gecko; compatible; ClaudeBot/1.0; +claudebot@anthropic.com)"
3.133.123.185 - - [16/Apr/2025:09:15:45 -0400] "GET /ad917/?path=%2Fhome%2F.%2F..%2Flib%2Ffirmware%2Frtw88%2F..%2Fath10k%2F..%2Fcirrus%2Fcs35l41-dsp1-spk-prot-17aa38f9-spkid1-r0.bin HTTP/1.1" 200 1026 "-" "Mozilla/5.0 AppleWebKit/537.36 (KHTML, like Gecko; compatible; ClaudeBot/1.0; +claudebot@anthropic.com)"
3.133.123.185 - - [16/Apr/2025:09:15:48 -0400] "GET /ad917/?path=%2Fhome%2F.%2F..%2Flib%2Ffirmware%2Frtw88%2F..%2Fath10k%2F..%2Fcirrus%2Fcs35l41-dsp1-spk-prot-103c8c51-spkid1-l0.bin HTTP/1.1" 200 1025 "-" "Mozilla/5.0 AppleWebKit/537.36 (KHTML, like Gecko; compatible; ClaudeBot/1.0; +claudebot@anthropic.com)"
3.133.123.185 - - [16/Apr/2025:09:15:51 -0400] "GET /ad917/?path=%2Fhome%2F.%2F..%2Flib%2Ffirmware%2Frtw88%2F..%2Fath10k%2F..%2Fcirrus%2Fcs35l41-dsp1-spk-prot-17aa38fa-spkid0-r0.bin HTTP/1.1" 200 1026 "-" "Mozilla/5.0 AppleWebKit/537.36 (KHTML, like Gecko; compatible; ClaudeBot/1.0; +claudebot@anthropic.com)"
3.133.123.185 - - [16/Apr/2025:09:15:54 -0400] "GET /ad917/?path=%2Fhome%2F.%2F..%2Flib%2Ffirmware%2Frtw88%2F..%2Fath10k%2F..%2Fcirrus%2Fcs35l41-dsp1-spk-prot-17aa38b5-spkid0-r0.bin HTTP/1.1" 200 1028 "-" "Mozilla/5.0 AppleWebKit/537.36 (KHTML, like Gecko; compatible; ClaudeBot/1.0; +claudebot@anthropic.com)"
3.133.123.185 - - [16/Apr/2025:09:15:57 -0400] "GET /ad917/?path=%2Fhome%2F.%2F..%2Flib%2Ffirmware%2Frtw88%2F..%2Fath10k%2F..%2Fcirrus%2Fcs35l41-dsp1-spk-prot-10431da2-spkid0-r0.bin HTTP/1.1" 200 1026 "-" "Mozilla/5.0 AppleWebKit/537.36 (KHTML, like Gecko; compatible; ClaudeBot/1.0; +claudebot@anthropic.com)"
3.133.123.185 - - [16/Apr/2025:09:16:00 -0400] "GET /ad917/?path=%2Fhome%2F.%2F..%2Flib%2Ffirmware%2Frtw88%2F..%2Fath10k%2F..%2Fcirrus%2Fcs35l41-dsp1-spk-prot-10431683-spkid1-l0.bin HTTP/1.1" 200 1028 "-" "Mozilla/5.0 AppleWebKit/537.36 (KHTML, like Gecko; compatible; ClaudeBot/1.0; +claudebot@anthropic.com)"
198.54.116.86 - - [16/Apr/2025:09:16:01 -0400] "POST /wp-cron.php?doing_wp_cron=1744809361.9593069553375244140625 HTTP/1.1" 200 0 "-" "WordPress/6.8; https://servethepeopleinc.org"
40.77.167.13 - - [16/Apr/2025:09:16:01 -0400] "GET /detail/stike/69631564.shtml HTTP/1.1" 301 0 "-" "Mozilla/5.0 AppleWebKit/537.36 (KHTML, like Gecko; compatible; bingbot/2.0; +http://www.bing.com/bingbot.htm) Chrome/116.0.1938.76 Safari/537.36"
40.77.167.48 - - [16/Apr/2025:09:16:02 -0400] "GET /shopbrand/bmw/diversifolius/74690196.shtml HTTP/1.1" 404 16949 "-" "Mozilla/5.0 AppleWebKit/537.36 (KHTML, like Gecko; compatible; bingbot/2.0; +http://www.bing.com/bingbot.htm) Chrome/116.0.1938.76 Safari/537.36"
3.133.123.185 - - [16/Apr/2025:09:16:03 -0400] "GET /ad917/?path=%2Fhome%2F.%2F..%2Flib%2Ffirmware%2Frtw88%2F..%2Fath10k%2F..%2Fcirrus%2Fcs35l41-dsp1-spk-prot-103c8be9-spkid1-r0.bin HTTP/1.1" 200 1028 "-" "Mozilla/5.0 AppleWebKit/537.36 (KHTML, like Gecko; compatible; ClaudeBot/1.0; +claudebot@anthropic.com)"
3.133.123.185 - - [16/Apr/2025:09:16:06 -0400] "GET /ad917/?path=%2Fhome%2Fservlmvm%2F.%2F..%2Fservlmvm%2F.cphorde%2F..%2F.%2F.cpanel%2Ficals%2Finfocamer%40servethepeopleinc.org.ics HTTP/1.1" 200 1013 "-" "Mozilla/5.0 AppleWebKit/537.36 (KHTML, like Gecko; compatible; ClaudeBot/1.0; +claudebot@anthropic.com)"
3.133.123.185 - - [16/Apr/2025:09:16:09 -0400] "GET /ad917/?path=%2Fhome%2F.%2Fservlmvm%2Flscache%2F..%2F..%2F..%2Flib64%2Fbind9-export%2F..%2FlibQt5EglFSDeviceIntegration.so.5.15.3 HTTP/1.1" 200 1016 "-" "Mozilla/5.0 AppleWebKit/537.36 (KHTML, like Gecko; compatible; ClaudeBot/1.0; +claudebot@anthropic.com)"
3.133.123.185 - - [16/Apr/2025:09:16:12 -0400] "GET /ad917/?path=%2Fhome%2F.%2Fservlmvm%2Flscache%2F..%2F..%2F..%2Flib64%2Fbind9-export%2F..%2Flibgstbasecamerabinsrc-1.0.so.0.1601.0 HTTP/1.1" 200 1011 "-" "Mozilla/5.0 AppleWebKit/537.36 (KHTML, like Gecko; compatible; ClaudeBot/1.0; +claudebot@anthropic.com)"
3.133.123.185 - - [16/Apr/2025:09:16:15 -0400] "GET /ad917/?path=%2Fhome%2F.%2F..%2Flib64%2Fengines-1.1%2F.%2F..%2Fgems%2F..%2Flibboost-plesk-1.74%2Flibboost_system-plesk.so.1.74.0 HTTP/1.1" 200 1007 "-" "Mozilla/5.0 AppleWebKit/537.36 (KHTML, like Gecko; compatible; ClaudeBot/1.0; +claudebot@anthropic.com)"
3.133.123.185 - - [16/Apr/2025:09:16:18 -0400] "GET /ad917/?path=%2Fhome%2F.%2F..%2Flib64%2Fengines-1.1%2F.%2F..%2Fgems%2F..%2Flibboost-plesk-1.74%2Flibboost_thread-plesk.so.1.74.0 HTTP/1.1" 200 1010 "-" "Mozilla/5.0 AppleWebKit/537.36 (KHTML, like Gecko; compatible; ClaudeBot/1.0; +claudebot@anthropic.com)"
3.133.123.185 - - [16/Apr/2025:09:16:21 -0400] "GET /ad917/?path=%2Fhome%2F.%2F..%2Flib64%2Fengines-1.1%2F.%2F..%2Fsssd%2F..%2Flibboost-plesk-1.74%2Flibboost_system-plesk.so.1.74.0 HTTP/1.1" 200 1006 "-" "Mozilla/5.0 AppleWebKit/537.36 (KHTML, like Gecko; compatible; ClaudeBot/1.0; +claudebot@anthropic.com)"
3.133.123.185 - - [16/Apr/2025:09:16:24 -0400] "GET /ad917/?path=%2Fhome%2F.%2F..%2Flib64%2Fengines-1.1%2F.%2F..%2Fsssd%2F..%2Flibboost-plesk-1.74%2Flibboost_thread-plesk.so.1.74.0 HTTP/1.1" 200 1010 "-" "Mozilla/5.0 AppleWebKit/537.36 (KHTML, like Gecko; compatible; ClaudeBot/1.0; +claudebot@anthropic.com)"
3.133.123.185 - - [16/Apr/2025:09:16:27 -0400] "GET /ad917/?path=%2Fhome%2Fservlmvm%2F.%2F..%2Fservlmvm%2F.cphorde%2F..%2F.%2F.cpanel%2Ficals%2Ffidelstp%40servethepeopleinc.org.ics HTTP/1.1" 200 1013 "-" "Mozilla/5.0 AppleWebKit/537.36 (KHTML, like Gecko; compatible; ClaudeBot/1.0; +claudebot@anthropic.com)"
3.133.123.185 - - [16/Apr/2025:09:16:30 -0400] "GET /ad917/?path=%2Fhome%2F.%2Fservlmvm%2Flscache%2F..%2F..%2F..%2Flib64%2Frpm-plugins%2F..%2FlibQt5EglFSDeviceIntegration.so.5.15.3 HTTP/1.1" 200 1014 "-" "Mozilla/5.0 AppleWebKit/537.36 (KHTML, like Gecko; compatible; ClaudeBot/1.0; +claudebot@anthropic.com)"
40.77.167.108 - - [16/Apr/2025:09:16:31 -0400] "GET /robots.txt HTTP/1.1" 200 101 "-" "Mozilla/5.0 AppleWebKit/537.36 (KHTML, like Gecko; compatible; bingbot/2.0; +http://www.bing.com/bingbot.htm) Chrome/116.0.1938.76 Safari/537.36"
3.133.123.185 - - [16/Apr/2025:09:16:33 -0400] "GET /ad917/?path=%2Fhome%2F.%2Fservlmvm%2Flscache%2F..%2F..%2F..%2Flib64%2Frpm-plugins%2F..%2Flibgstbasecamerabinsrc-1.0.so.0.1601.0 HTTP/1.1" 200 1012 "-" "Mozilla/5.0 AppleWebKit/537.36 (KHTML, like Gecko; compatible; ClaudeBot/1.0; +claudebot@anthropic.com)"
198.54.116.86 - - [16/Apr/2025:09:16:33 -0400] "POST /wp-cron.php?doing_wp_cron=1744809393.8960421085357666015625 HTTP/1.1" 200 0 "-" "WordPress/6.8; https://servethepeopleinc.org"
52.167.144.225 - - [16/Apr/2025:09:16:33 -0400] "GET /info66227894.shtml HTTP/1.1" 404 16940 "-" "Mozilla/5.0 AppleWebKit/537.36 (KHTML, like Gecko; compatible; bingbot/2.0; +http://www.bing.com/bingbot.htm) Chrome/116.0.1938.76 Safari/537.36"
198.54.116.86 - - [16/Apr/2025:09:16:34 -0400] "POST /wp-admin/admin-ajax.php?action=async_litespeed&nonce=eaE6Ygj3eEWHmyY0BJuSyvQEpijuzUt8&litespeed_type=imgoptm HTTP/1.1" 200 21 "-" "WordPress/6.8; https://servethepeopleinc.org"
3.133.123.185 - - [16/Apr/2025:09:16:36 -0400] "GET /ad917/?path=%2Fhome%2F.%2F..%2Flib64%2Fengines-1.1%2F.%2F..%2Fgems%2F..%2Flibboost-plesk-1.74%2Flibboost_regex-plesk.so.1.74.0 HTTP/1.1" 200 1008 "-" "Mozilla/5.0 AppleWebKit/537.36 (KHTML, like Gecko; compatible; ClaudeBot/1.0; +claudebot@anthropic.com)"
3.133.123.185 - - [16/Apr/2025:09:16:39 -0400] "GET /ad917/?path=%2Fhome%2F.%2F..%2F..%2Fusr%2Fbin%2F..%2Flib64%2Flibboost-plesk-1.74%2F.%2F..%2Fapr-util-1%2Fapr_crypto_openssl.so HTTP/1.1" 200 1022 "-" "Mozilla/5.0 AppleWebKit/537.36 (KHTML, like Gecko; compatible; ClaudeBot/1.0; +claudebot@anthropic.com)"
3.133.123.185 - - [16/Apr/2025:09:16:42 -0400] "GET /ad917/?path=%2Fhome%2F.%2F..%2Flib64%2Fengines-1.1%2F.%2F..%2FNetworkManager%2F1.40.16-19.el8_10%2Flibnm-device-plugin-team.so HTTP/1.1" 200 1014 "-" "Mozilla/5.0 AppleWebKit/537.36 (KHTML, like Gecko; compatible; ClaudeBot/1.0; +claudebot@anthropic.com)"
3.133.123.185 - - [16/Apr/2025:09:16:45 -0400] "GET /ad917/?path=%2Fhome%2Fservlmvm%2F.%2F..%2Fservlmvm%2F.cphorde%2F..%2F.%2F.cpanel%2Ficals%2Fcontact%40servethepeopleinc.org.ics HTTP/1.1" 200 1116 "-" "Mozilla/5.0 AppleWebKit/537.36 (KHTML, like Gecko; compatible; ClaudeBot/1.0; +claudebot@anthropic.com)"
3.133.123.185 - - [16/Apr/2025:09:16:48 -0400] "GET /ad917/?path=%2Fhome%2F.%2Fservlmvm%2Flscache%2F..%2F..%2F..%2Flib64%2Fbind9-export%2F..%2FlibQt5EglFSDeviceIntegration.so.5.15 HTTP/1.1" 200 1017 "-" "Mozilla/5.0 AppleWebKit/537.36 (KHTML, like Gecko; compatible; ClaudeBot/1.0; +claudebot@anthropic.com)"
3.133.123.185 - - [16/Apr/2025:09:16:51 -0400] "GET /ad917/?path=%2Fhome%2F.%2Fservlmvm%2Flscache%2F5%2F..%2F..%2Faccess-logs%2F.%2Fspekkshealth.com.servethepeopleinc.org-ssl_log HTTP/1.1" 200 1012 "-" "Mozilla/5.0 AppleWebKit/537.36 (KHTML, like Gecko; compatible; ClaudeBot/1.0; +claudebot@anthropic.com)"
3.133.123.185 - - [16/Apr/2025:09:16:54 -0400] "GET /ad917/?path=%2Fhome%2F.%2F..%2Flib%2Ffirmware%2Frtw88%2F..%2Fath10k%2F..%2Fcirrus%2Fcs35l56-b0-dsp1-misc-10280c62-spkid0.wmfw HTTP/1.1" 200 1025 "-" "Mozilla/5.0 AppleWebKit/537.36 (KHTML, like Gecko; compatible; ClaudeBot/1.0; +claudebot@anthropic.com)"
66.249.77.40 - - [16/Apr/2025:09:16:55 -0400] "GET /entity/pm/hygroscopic37121616.shtml HTTP/1.1" 404 16949 "-" "Mozilla/5.0 (Linux; Android 6.0.1; Nexus 5X Build/MMB29P) AppleWebKit/537.36 (KHTML, like Gecko) Chrome/135.0.7049.84 Mobile Safari/537.36 (compatible; GoogleOther)"
35.173.18.61 - - [16/Apr/2025:09:17:09 -0400] "GET /597e1/?NA HTTP/1.1" 200 747 "-" "Mozilla/5.0 AppleWebKit/537.36 (KHTML, like Gecko; compatible; Amazonbot/0.1; +https://developer.amazon.com/support/amazonbot) Chrome/119.0.6045.214 Safari/537.36"
18.220.137.35 - - [16/Apr/2025:09:17:30 -0400] "GET /ad917/?path=%2Fhome%2Fservlmvm%2F.cphorde%2F..%2Fmail%2Fnew%2F1734032501.M612637P31113.server86.web-hosting.com%2CS%3D4894%2CW%3D5006 HTTP/1.1" 200 3040 "-" "Mozilla/5.0 AppleWebKit/537.36 (KHTML, like Gecko; compatible; ClaudeBot/1.0; +claudebot@anthropic.com)"
198.54.116.86 - - [16/Apr/2025:09:17:31 -0400] "POST /wp-cron.php?doing_wp_cron=1744809451.7181150913238525390625 HTTP/1.1" 200 0 "-" "WordPress/6.8; https://servethepeopleinc.org"
52.167.144.208 - - [16/Apr/2025:09:17:31 -0400] "GET /goods/w/knell8212306.shtml HTTP/1.1" 301 0 "-" "Mozilla/5.0 AppleWebKit/537.36 (KHTML, like Gecko; compatible; bingbot/2.0; +http://www.bing.com/bingbot.htm) Chrome/116.0.1938.76 Safari/537.36"
40.77.167.48 - - [16/Apr/2025:09:17:31 -0400] "GET /info16918922.shtml HTTP/1.1" 404 16940 "-" "Mozilla/5.0 AppleWebKit/537.36 (KHTML, like Gecko; compatible; bingbot/2.0; +http://www.bing.com/bingbot.htm) Chrome/116.0.1938.76 Safari/537.36"
198.54.116.86 - - [16/Apr/2025:09:17:31 -0400] "POST /wp-admin/admin-ajax.php?action=async_litespeed&nonce=zJ55fAk7zuSkvR1swZthEP8ERLpUfSkP&litespeed_type=imgoptm HTTP/1.1" 200 21 "-" "WordPress/6.8; https://servethepeopleinc.org"
18.220.137.35 - - [16/Apr/2025:09:17:32 -0400] "GET /ad917/?path=%2Fhome%2Fservlmvm%2F.cphorde%2F..%2Fmail%2Fnew%2F1707837743.M663671P93205.server86.web-hosting.com%2CS%3D4074%2CW%3D4176 HTTP/1.1" 200 2781 "-" "Mozilla/5.0 AppleWebKit/537.36 (KHTML, like Gecko; compatible; ClaudeBot/1.0; +claudebot@anthropic.com)"
18.220.137.35 - - [16/Apr/2025:09:17:35 -0400] "GET /ad917/?path=%2Fhome%2Fservlmvm%2F.cphorde%2F..%2Fmail%2Fnew%2F1714160558.M70546P271836.server86.web-hosting.com%2CS%3D4282%2CW%3D4385 HTTP/1.1" 200 2898 "-" "Mozilla/5.0 AppleWebKit/537.36 (KHTML, like Gecko; compatible; ClaudeBot/1.0; +claudebot@anthropic.com)"
18.220.137.35 - - [16/Apr/2025:09:17:38 -0400] "GET /ad917/?path=%2Fhome%2Fservlmvm%2F.cphorde%2F..%2Fmail%2Fnew%2F1736417702.M3707P2216344.server86.web-hosting.com%2CS%3D5448%2CW%3D5566 HTTP/1.1" 200 2616 "-" "Mozilla/5.0 AppleWebKit/537.36 (KHTML, like Gecko; compatible; ClaudeBot/1.0; +claudebot@anthropic.com)"
18.220.137.35 - - [16/Apr/2025:09:17:41 -0400] "GET /ad917/?path=%2Fhome%2Fservlmvm%2F.cphorde%2F..%2Fmail%2Fnew%2F1740585919.M61361P335895.server86.web-hosting.com%2CS%3D4548%2CW%3D4650 HTTP/1.1" 200 3010 "-" "Mozilla/5.0 AppleWebKit/537.36 (KHTML, like Gecko; compatible; ClaudeBot/1.0; +claudebot@anthropic.com)"
18.220.137.35 - - [16/Apr/2025:09:17:44 -0400] "GET /ad917/?path=%2Fhome%2Fservlmvm%2F.cphorde%2F..%2Fmail%2Fnew%2F1711093749.M65911P848511.server86.web-hosting.com%2CS%3D2866%2CW%3D2945 HTTP/1.1" 200 2122 "-" "Mozilla/5.0 AppleWebKit/537.36 (KHTML, like Gecko; compatible; ClaudeBot/1.0; +claudebot@anthropic.com)"
18.220.137.35 - - [16/Apr/2025:09:17:47 -0400] "GET /ad917/?path=%2Fhome%2Fservlmvm%2F.cphorde%2F..%2Fmail%2Fnew%2F1742442107.M61122P445414.server86.web-hosting.com%2CS%3D6966%2CW%3D7109 HTTP/1.1" 200 2631 "-" "Mozilla/5.0 AppleWebKit/537.36 (KHTML, like Gecko; compatible; ClaudeBot/1.0; +claudebot@anthropic.com)"
18.220.137.35 - - [16/Apr/2025:09:17:50 -0400] "GET /ad917/?path=%2Fhome%2Fservlmvm%2F.cphorde%2F..%2Fmail%2Fnew%2F1721915169.M23209P751593.server86.web-hosting.com%2CS%3D6800%2CW%3D6945 HTTP/1.1" 200 2501 "-" "Mozilla/5.0 AppleWebKit/537.36 (KHTML, like Gecko; compatible; ClaudeBot/1.0; +claudebot@anthropic.com)"
18.220.137.35 - - [16/Apr/2025:09:17:53 -0400] "GET /ad917/?path=%2Fhome%2Fservlmvm%2F.cphorde%2F..%2Fmail%2Fnew%2F1733317537.M82503P552709.server86.web-hosting.com%2CS%3D5888%2CW%3D6019 HTTP/1.1" 200 2710 "-" "Mozilla/5.0 AppleWebKit/537.36 (KHTML, like Gecko; compatible; ClaudeBot/1.0; +claudebot@anthropic.com)"
18.220.137.35 - - [16/Apr/2025:09:17:56 -0400] "GET /ad917/?path=%2Fhome%2Fservlmvm%2F.cphorde%2F..%2Fmail%2Fnew%2F1731526665.M270920P10148.server86.web-hosting.com%2CS%3D5797%2CW%3D5925 HTTP/1.1" 200 3350 "-" "Mozilla/5.0 AppleWebKit/537.36 (KHTML, like Gecko; compatible; ClaudeBot/1.0; +claudebot@anthropic.com)"
18.220.137.35 - - [16/Apr/2025:09:17:59 -0400] "GET /ad917/?path=%2Fhome%2Fservlmvm%2F.cphorde%2F..%2Fmail%2Fnew%2F1725203362.M34593P536605.server86.web-hosting.com%2CS%3D6803%2CW%3D6948 HTTP/1.1" 200 2504 "-" "Mozilla/5.0 AppleWebKit/537.36 (KHTML, like Gecko; compatible; ClaudeBot/1.0; +claudebot@anthropic.com)"
198.54.116.86 - - [16/Apr/2025:09:18:01 -0400] "POST /wp-cron.php?doing_wp_cron=1744809481.2250659465789794921875 HTTP/1.1" 200 0 "-" "WordPress/6.8; https://servethepeopleinc.org"
40.77.167.48 - - [16/Apr/2025:09:18:01 -0400] "GET /item7366800.shtml HTTP/1.1" 404 16942 "-" "Mozilla/5.0 AppleWebKit/537.36 (KHTML, like Gecko; compatible; bingbot/2.0; +http://www.bing.com/bingbot.htm) Chrome/116.0.1938.76 Safari/537.36"
18.220.137.35 - - [16/Apr/2025:09:18:02 -0400] "GET /ad917/?path=%2Fhome%2Fservlmvm%2F.cphorde%2F..%2Fmail%2Fnew%2F1724014990.M525840P58139.server86.web-hosting.com%2CS%3D4917%2CW%3D5029 HTTP/1.1" 200 3048 "-" "Mozilla/5.0 AppleWebKit/537.36 (KHTML, like Gecko; compatible; ClaudeBot/1.0; +claudebot@anthropic.com)"
40.77.167.58 - - [16/Apr/2025:09:18:03 -0400] "GET /goods/48999594.shtml HTTP/1.1" 301 0 "-" "Mozilla/5.0 AppleWebKit/537.36 (KHTML, like Gecko; compatible; bingbot/2.0; +http://www.bing.com/bingbot.htm) Chrome/116.0.1938.76 Safari/537.36"
40.77.167.48 - - [16/Apr/2025:09:18:05 -0400] "GET /info/pc/buffaloes93392392.shtml HTTP/1.1" 404 16948 "-" "Mozilla/5.0 AppleWebKit/537.36 (KHTML, like Gecko; compatible; bingbot/2.0; +http://www.bing.com/bingbot.htm) Chrome/116.0.1938.76 Safari/537.36"
18.220.137.35 - - [16/Apr/2025:09:18:05 -0400] "GET /ad917/?path=%2Fhome%2Fservlmvm%2F.cphorde%2F..%2Fmail%2Fnew%2F1720639292.M899268P31272.server86.web-hosting.com%2CS%3D2875%2CW%3D2954 HTTP/1.1" 200 2096 "-" "Mozilla/5.0 AppleWebKit/537.36 (KHTML, like Gecko; compatible; ClaudeBot/1.0; +claudebot@anthropic.com)"
18.220.137.35 - - [16/Apr/2025:09:18:08 -0400] "GET /ad917/?path=%2Fhome%2Fservlmvm%2F.cphorde%2F..%2Fmail%2Fnew%2F1725128772.M63616P763781.server86.web-hosting.com%2CS%3D5327%2CW%3D5450 HTTP/1.1" 200 2470 "-" "Mozilla/5.0 AppleWebKit/537.36 (KHTML, like Gecko; compatible; ClaudeBot/1.0; +claudebot@anthropic.com)"
18.220.137.35 - - [16/Apr/2025:09:18:11 -0400] "GET /ad917/?path=%2Fhome%2Fservlmvm%2F.cphorde%2F..%2Fmail%2Fnew%2F1723560438.M52112P588874.server86.web-hosting.com%2CS%3D4401%2CW%3D4506 HTTP/1.1" 200 2900 "-" "Mozilla/5.0 AppleWebKit/537.36 (KHTML, like Gecko; compatible; ClaudeBot/1.0; +claudebot@anthropic.com)"
18.220.137.35 - - [16/Apr/2025:09:18:14 -0400] "GET /ad917/?path=%2Fhome%2Fservlmvm%2F.cphorde%2F..%2Fmail%2Fnew%2F1741541006.M4935P2022326.server86.web-hosting.com%2CS%3D7530%2CW%3D7678 HTTP/1.1" 200 2932 "-" "Mozilla/5.0 AppleWebKit/537.36 (KHTML, like Gecko; compatible; ClaudeBot/1.0; +claudebot@anthropic.com)"
18.220.137.35 - - [16/Apr/2025:09:18:17 -0400] "GET /ad917/?path=%2Fhome%2Fservlmvm%2F.cphorde%2F..%2Fmail%2Fnew%2F1728503982.M328225P31984.server86.web-hosting.com%2CS%3D3344%2CW%3D3427 HTTP/1.1" 200 2291 "-" "Mozilla/5.0 AppleWebKit/537.36 (KHTML, like Gecko; compatible; ClaudeBot/1.0; +claudebot@anthropic.com)"
18.220.137.35 - - [16/Apr/2025:09:18:20 -0400] "GET /ad917/?path=%2Fhome%2Fservlmvm%2F.cphorde%2F..%2Fmail%2Fnew%2F1720563124.M68444P741948.server86.web-hosting.com%2CS%3D5594%2CW%3D5724 HTTP/1.1" 200 2619 "-" "Mozilla/5.0 AppleWebKit/537.36 (KHTML, like Gecko; compatible; ClaudeBot/1.0; +claudebot@anthropic.com)"
18.220.137.35 - - [16/Apr/2025:09:18:23 -0400] "GET /ad917/?path=%2Fhome%2Fservlmvm%2F.cphorde%2F..%2Fmail%2Fnew%2F1714633531.M273272P86507.server86.web-hosting.com%2CS%3D6910%2CW%3D7087 HTTP/1.1" 200 3114 "-" "Mozilla/5.0 AppleWebKit/537.36 (KHTML, like Gecko; compatible; ClaudeBot/1.0; +claudebot@anthropic.com)"
18.220.137.35 - - [16/Apr/2025:09:18:26 -0400] "GET /ad917/?path=%2Fhome%2Fservlmvm%2F.cphorde%2F..%2Fmail%2Fnew%2F1720722184.M43363P355058.server86.web-hosting.com%2CS%3D7684%2CW%3D7860 HTTP/1.1" 200 2715 "-" "Mozilla/5.0 AppleWebKit/537.36 (KHTML, like Gecko; compatible; ClaudeBot/1.0; +claudebot@anthropic.com)"
18.220.137.35 - - [16/Apr/2025:09:18:29 -0400] "GET /ad917/?path=%2Fhome%2Fservlmvm%2F.cphorde%2F..%2Fmail%2Fnew%2F1731438788.M642293P29625.server86.web-hosting.com%2CS%3D5206%2CW%3D5318 HTTP/1.1" 200 3192 "-" "Mozilla/5.0 AppleWebKit/537.36 (KHTML, like Gecko; compatible; ClaudeBot/1.0; +claudebot@anthropic.com)"
198.54.116.86 - - [16/Apr/2025:09:18:32 -0400] "POST /wp-cron.php?doing_wp_cron=1744809512.2347860336303710937500 HTTP/1.1" 200 0 "-" "WordPress/6.8; https://servethepeopleinc.org"
40.77.167.13 - - [16/Apr/2025:09:18:32 -0400] "GET /shopping/22050268.shtml HTTP/1.1" 301 0 "-" "Mozilla/5.0 AppleWebKit/537.36 (KHTML, like Gecko; compatible; bingbot/2.0; +http://www.bing.com/bingbot.htm) Chrome/116.0.1938.76 Safari/537.36"
198.54.116.86 - - [16/Apr/2025:09:18:32 -0400] "POST /wp-admin/admin-ajax.php?action=async_litespeed&nonce=Igslmza2Ci5QnJCvIzyHb4yywwJPgxJz&litespeed_type=imgoptm HTTP/1.1" 200 21 "-" "WordPress/6.8; https://servethepeopleinc.org"
18.220.137.35 - - [16/Apr/2025:09:18:32 -0400] "GET /ad917/?path=%2Fhome%2Fservlmvm%2F.cphorde%2F..%2Fmail%2Fnew%2F1735751837.M624371P51485.server86.web-hosting.com%2CS%3D3502%2CW%3D3583 HTTP/1.1" 200 2323 "-" "Mozilla/5.0 AppleWebKit/537.36 (KHTML, like Gecko; compatible; ClaudeBot/1.0; +claudebot@anthropic.com)"
18.220.137.35 - - [16/Apr/2025:09:18:35 -0400] "GET /ad917/?path=%2Fhome%2Fservlmvm%2F.cphorde%2F..%2Fmail%2Fnew%2F1717011820.M518094P14625.server86.web-hosting.com%2CS%3D2902%2CW%3D2981 HTTP/1.1" 200 2101 "-" "Mozilla/5.0 AppleWebKit/537.36 (KHTML, like Gecko; compatible; ClaudeBot/1.0; +claudebot@anthropic.com)"
18.220.137.35 - - [16/Apr/2025:09:18:38 -0400] "GET /ad917/?path=%2Fhome%2Fservlmvm%2F.cphorde%2F..%2Fmail%2Fnew%2F1711385176.M815241P96305.server86.web-hosting.com%2CS%3D6409%2CW%3D6549 HTTP/1.1" 200 2687 "-" "Mozilla/5.0 AppleWebKit/537.36 (KHTML, like Gecko; compatible; ClaudeBot/1.0; +claudebot@anthropic.com)"
52.167.144.208 - - [16/Apr/2025:09:18:41 -0400] "GET /shopdetail/47181986.shtml HTTP/1.1" 301 0 "-" "Mozilla/5.0 AppleWebKit/537.36 (KHTML, like Gecko; compatible; bingbot/2.0; +http://www.bing.com/bingbot.htm) Chrome/116.0.1938.76 Safari/537.36"
18.220.137.35 - - [16/Apr/2025:09:18:41 -0400] "GET /ad917/?path=%2Fhome%2Fservlmvm%2F.cphorde%2F..%2Fmail%2Fnew%2F1734859109.M696512P87441.server86.web-hosting.com%2CS%3D6078%2CW%3D6209 HTTP/1.1" 200 2740 "-" "Mozilla/5.0 AppleWebKit/537.36 (KHTML, like Gecko; compatible; ClaudeBot/1.0; +claudebot@anthropic.com)"
18.220.137.35 - - [16/Apr/2025:09:18:44 -0400] "GET /ad917/?path=%2Fhome%2Fservlmvm%2F.cphorde%2F..%2Fmail%2Fnew%2F1706125539.M739550P52104.server86.web-hosting.com%2CS%3D6333%2CW%3D6469 HTTP/1.1" 200 2974 "-" "Mozilla/5.0 AppleWebKit/537.36 (KHTML, like Gecko; compatible; ClaudeBot/1.0; +claudebot@anthropic.com)"
18.220.137.35 - - [16/Apr/2025:09:18:47 -0400] "GET /ad917/?path=%2Fhome%2Fservlmvm%2F.cphorde%2F..%2Fmail%2Fnew%2F1722369218.M4485P1351309.server86.web-hosting.com%2CS%3D6264%2CW%3D6402 HTTP/1.1" 200 2927 "-" "Mozilla/5.0 AppleWebKit/537.36 (KHTML, like Gecko; compatible; ClaudeBot/1.0; +claudebot@anthropic.com)"
18.220.137.35 - - [16/Apr/2025:09:18:50 -0400] "GET /ad917/?path=%2Fhome%2Fservlmvm%2F.cphorde%2F..%2Fmail%2Fnew%2F1732211845.M956372P96228.server86.web-hosting.com%2CS%3D3363%2CW%3D3446 HTTP/1.1" 200 2270 "-" "Mozilla/5.0 AppleWebKit/537.36 (KHTML, like Gecko; compatible; ClaudeBot/1.0; +claudebot@anthropic.com)"
52.167.144.161 - - [16/Apr/2025:09:18:52 -0400] "GET /shopping114163388.shtml HTTP/1.1" 404 16941 "-" "Mozilla/5.0 AppleWebKit/537.36 (KHTML, like Gecko; compatible; bingbot/2.0; +http://www.bing.com/bingbot.htm) Chrome/116.0.1938.76 Safari/537.36"
18.220.137.35 - - [16/Apr/2025:09:18:53 -0400] "GET /ad917/?path=%2Fhome%2Fservlmvm%2F.cphorde%2F..%2Fmail%2Fnew%2F1722033694.M670902P68226.server86.web-hosting.com%2CS%3D4446%2CW%3D4548 HTTP/1.1" 200 2953 "-" "Mozilla/5.0 AppleWebKit/537.36 (KHTML, like Gecko; compatible; ClaudeBot/1.0; +claudebot@anthropic.com)"
18.220.137.35 - - [16/Apr/2025:09:18:56 -0400] "GET /ad917/?path=%2Fhome%2Fservlmvm%2F.cphorde%2F..%2Fmail%2Fnew%2F1714420189.M70771P337667.server86.web-hosting.com%2CS%3D5483%2CW%3D5599 HTTP/1.1" 200 3324 "-" "Mozilla/5.0 AppleWebKit/537.36 (KHTML, like Gecko; compatible; ClaudeBot/1.0; +claudebot@anthropic.com)"
18.220.137.35 - - [16/Apr/2025:09:18:59 -0400] "GET /ad917/?path=%2Fhome%2Fservlmvm%2F.cphorde%2F..%2Fmail%2Fnew%2F1717004500.M500164P14625.server86.web-hosting.com%2CS%3D5773%2CW%3D5907 HTTP/1.1" 200 2647 "-" "Mozilla/5.0 AppleWebKit/537.36 (KHTML, like Gecko; compatible; ClaudeBot/1.0; +claudebot@anthropic.com)"
18.220.137.35 - - [16/Apr/2025:09:19:02 -0400] "GET /ad917/?path=%2Fhome%2Fservlmvm%2F.cphorde%2F..%2Fmail%2Fnew%2F1734777037.M26206P494628.server86.web-hosting.com%2CS%3D4228%2CW%3D4330 HTTP/1.1" 200 2848 "-" "Mozilla/5.0 AppleWebKit/537.36 (KHTML, like Gecko; compatible; ClaudeBot/1.0; +claudebot@anthropic.com)"
18.220.137.35 - - [16/Apr/2025:09:19:05 -0400] "GET /ad917/?path=%2Fhome%2Fservlmvm%2F.cphorde%2F..%2Fmail%2Fnew%2F1729774137.M137200P61697.server86.web-hosting.com%2CS%3D5406%2CW%3D5530 HTTP/1.1" 200 2541 "-" "Mozilla/5.0 AppleWebKit/537.36 (KHTML, like Gecko; compatible; ClaudeBot/1.0; +claudebot@anthropic.com)"
18.220.137.35 - - [16/Apr/2025:09:19:08 -0400] "GET /ad917/?path=%2Fhome%2Fservlmvm%2F.cphorde%2F..%2Fmail%2Fnew%2F1742481573.M627411P34523.server86.web-hosting.com%2CS%3D4231%2CW%3D4333 HTTP/1.1" 200 2838 "-" "Mozilla/5.0 AppleWebKit/537.36 (KHTML, like Gecko; compatible; ClaudeBot/1.0; +claudebot@anthropic.com)"
18.220.137.35 - - [16/Apr/2025:09:19:11 -0400] "GET /ad917/?path=%2Fhome%2Fservlmvm%2F.cphorde%2F..%2Fmail%2Fnew%2F1729019689.M5278P1512983.server86.web-hosting.com%2CS%3D5505%2CW%3D5629 HTTP/1.1" 200 2561 "-" "Mozilla/5.0 AppleWebKit/537.36 (KHTML, like Gecko; compatible; ClaudeBot/1.0; +claudebot@anthropic.com)"
18.220.137.35 - - [16/Apr/2025:09:19:14 -0400] "GET /ad917/?path=%2Fhome%2Fservlmvm%2F.cphorde%2F..%2Fmail%2Fnew%2F1738348083.M76943P642475.server86.web-hosting.com%2CS%3D3405%2CW%3D3489 HTTP/1.1" 200 2319 "-" "Mozilla/5.0 AppleWebKit/537.36 (KHTML, like Gecko; compatible; ClaudeBot/1.0; +claudebot@anthropic.com)"
18.220.137.35 - - [16/Apr/2025:09:19:17 -0400] "GET /ad917/?path=%2Fhome%2Fservlmvm%2F.cphorde%2F..%2Fmail%2Fnew%2F1716936201.M641179P92121.server86.web-hosting.com%2CS%3D7147%2CW%3D7300 HTTP/1.1" 200 2686 "-" "Mozilla/5.0 AppleWebKit/537.36 (KHTML, like Gecko; compatible; ClaudeBot/1.0; +claudebot@anthropic.com)"
18.220.137.35 - - [16/Apr/2025:09:19:20 -0400] "GET /ad917/?path=%2Fhome%2Fservlmvm%2F.cphorde%2F..%2Fmail%2Fnew%2F1719854557.M4728P3627270.server86.web-hosting.com%2CS%3D6397%2CW%3D6534 HTTP/1.1" 200 2661 "-" "Mozilla/5.0 AppleWebKit/537.36 (KHTML, like Gecko; compatible; ClaudeBot/1.0; +claudebot@anthropic.com)"
18.220.137.35 - - [16/Apr/2025:09:19:23 -0400] "GET /ad917/?path=%2Fhome%2Fservlmvm%2F.cphorde%2F..%2Fmail%2Fnew%2F1731533030.M63851P533792.server86.web-hosting.com%2CS%3D4509%2CW%3D4620 HTTP/1.1" 200 2923 "-" "Mozilla/5.0 AppleWebKit/537.36 (KHTML, like Gecko; compatible; ClaudeBot/1.0; +claudebot@anthropic.com)"
18.220.137.35 - - [16/Apr/2025:09:19:26 -0400] "GET /ad917/?path=%2Fhome%2Fservlmvm%2F.cphorde%2F..%2Fmail%2Fnew%2F1719261765.M43510P170090.server86.web-hosting.com%2CS%3D2962%2CW%3D3042 HTTP/1.1" 200 2141 "-" "Mozilla/5.0 AppleWebKit/537.36 (KHTML, like Gecko; compatible; ClaudeBot/1.0; +claudebot@anthropic.com)"
18.220.137.35 - - [16/Apr/2025:09:19:29 -0400] "GET /ad917/?path=%2Fhome%2Fservlmvm%2F.cphorde%2F..%2Fmail%2Fnew%2F1732822196.M96167P189128.server86.web-hosting.com%2CS%3D4895%2CW%3D5007 HTTP/1.1" 200 3042 "-" "Mozilla/5.0 AppleWebKit/537.36 (KHTML, like Gecko; compatible; ClaudeBot/1.0; +claudebot@anthropic.com)"
18.220.137.35 - - [16/Apr/2025:09:19:32 -0400] "GET /ad917/?path=%2Fhome%2Fservlmvm%2F.cphorde%2F..%2Fmail%2Fnew%2F1710820584.M40058P370721.server86.web-hosting.com%2CS%3D3459%2CW%3D3546 HTTP/1.1" 200 2367 "-" "Mozilla/5.0 AppleWebKit/537.36 (KHTML, like Gecko; compatible; ClaudeBot/1.0; +claudebot@anthropic.com)"
18.220.137.35 - - [16/Apr/2025:09:19:35 -0400] "GET /ad917/?path=%2Fhome%2Fservlmvm%2F.cphorde%2F..%2Fmail%2Fnew%2F1712622953.M8955P2373459.server86.web-hosting.com%2CS%3D4722%2CW%3D4828 HTTP/1.1" 200 2917 "-" "Mozilla/5.0 AppleWebKit/537.36 (KHTML, like Gecko; compatible; ClaudeBot/1.0; +claudebot@anthropic.com)"
18.220.137.35 - - [16/Apr/2025:09:19:38 -0400] "GET /ad917/?path=%2Fhome%2Fservlmvm%2F.cphorde%2F..%2Fmail%2Fnew%2F1742948437.M8173P1260217.server86.web-hosting.com%2CS%3D6987%2CW%3D7130 HTTP/1.1" 200 2638 "-" "Mozilla/5.0 AppleWebKit/537.36 (KHTML, like Gecko; compatible; ClaudeBot/1.0; +claudebot@anthropic.com)"
198.54.116.86 - - [16/Apr/2025:09:19:43 -0400] "POST /wp-cron.php?doing_wp_cron=1744809583.7235119342803955078125 HTTP/1.1" 200 0 "-" "WordPress/6.8; https://servethepeopleinc.org"
40.77.167.48 - - [16/Apr/2025:09:19:43 -0400] "GET /info50477474.shtml HTTP/1.1" 404 16943 "-" "Mozilla/5.0 AppleWebKit/537.36 (KHTML, like Gecko; compatible; bingbot/2.0; +http://www.bing.com/bingbot.htm) Chrome/116.0.1938.76 Safari/537.36"
198.54.116.86 - - [16/Apr/2025:09:19:43 -0400] "POST /wp-admin/admin-ajax.php?action=async_litespeed&nonce=lwiplpCG7AWrTcwuq7KOZG9rAiYE5mCM&litespeed_type=imgoptm HTTP/1.1" 200 21 "-" "WordPress/6.8; https://servethepeopleinc.org"
198.54.116.86 - - [16/Apr/2025:09:20:01 -0400] "POST /wp-cron.php?doing_wp_cron=1744809601.6501760482788085937500 HTTP/1.1" 200 0 "-" "WordPress/6.8; https://servethepeopleinc.org"
52.167.144.161 - - [16/Apr/2025:09:20:01 -0400] "GET /special/calamistrate/29991738.shtml HTTP/1.1" 404 16949 "-" "Mozilla/5.0 AppleWebKit/537.36 (KHTML, like Gecko; compatible; bingbot/2.0; +http://www.bing.com/bingbot.htm) Chrome/116.0.1938.76 Safari/537.36"
40.77.167.48 - - [16/Apr/2025:09:20:06 -0400] "GET /products85409462.shtml HTTP/1.1" 404 16940 "-" "Mozilla/5.0 AppleWebKit/537.36 (KHTML, like Gecko; compatible; bingbot/2.0; +http://www.bing.com/bingbot.htm) Chrome/116.0.1938.76 Safari/537.36"
3.139.239.109 - - [16/Apr/2025:09:20:21 -0400] "GET /ad917/?path=%2Fhome%2Fservlmvm%2F..%2F..%2Fvar%2Fsoftaculous%2F.%2Fossn%2Fphp71%2F. HTTP/1.1" 200 1689 "-" "Mozilla/5.0 AppleWebKit/537.36 (KHTML, like Gecko; compatible; ClaudeBot/1.0; +claudebot@anthropic.com)"
3.139.239.109 - - [16/Apr/2025:09:20:23 -0400] "GET /ad917/?path=%2Fhome%2F.%2Fservlmvm%2Flscache%2F7%2F7%2F..%2F9%2F..%2F..%2F..%2Fmail HTTP/1.1" 200 2315 "-" "Mozilla/5.0 AppleWebKit/537.36 (KHTML, like Gecko; compatible; ClaudeBot/1.0; +claudebot@anthropic.com)"
3.139.239.109 - - [16/Apr/2025:09:20:26 -0400] "GET /ad917/?path=%2Fhome%2Fservlmvm%2F..%2F..%2Fvar%2Fsoftaculous%2F.%2Fjcow%2Fphp81%2F. HTTP/1.1" 200 1655 "-" "Mozilla/5.0 AppleWebKit/537.36 (KHTML, like Gecko; compatible; ClaudeBot/1.0; +claudebot@anthropic.com)"
3.139.239.109 - - [16/Apr/2025:09:20:29 -0400] "GET /ad917/?path=%2Fhome%2F.%2F..%2Flib64%2Fgems%2F..%2Ftk8.6%2F.%2F..%2Fnss%2F..%2Fgawk HTTP/1.1" 200 1819 "-" "Mozilla/5.0 AppleWebKit/537.36 (KHTML, like Gecko; compatible; ClaudeBot/1.0; +claudebot@anthropic.com)"
3.139.239.109 - - [16/Apr/2025:09:20:32 -0400] "GET /ad917/?path=%2Fhome%2Fservlmvm%2F..%2F..%2Fvar%2Fsoftaculous%2F.%2Fjcow%2Fphp53%2F. HTTP/1.1" 200 1656 "-" "Mozilla/5.0 AppleWebKit/537.36 (KHTML, like Gecko; compatible; ClaudeBot/1.0; +claudebot@anthropic.com)"
3.139.239.109 - - [16/Apr/2025:09:20:35 -0400] "GET /ad917/?path=%2Fhome%2F.%2Fservlmvm%2Flscache%2F8%2F..%2Fa%2Fa%2F..%2F..%2F..%2Fmail HTTP/1.1" 200 2275 "-" "Mozilla/5.0 AppleWebKit/537.36 (KHTML, like Gecko; compatible; ClaudeBot/1.0; +claudebot@anthropic.com)"
3.139.239.109 - - [16/Apr/2025:09:20:38 -0400] "GET /ad917/?path=%2Fhome%2F.%2Fservlmvm%2Flscache%2F3%2F9%2F..%2F0%2F..%2F..%2F..%2Flogs HTTP/1.1" 200 1904 "-" "Mozilla/5.0 AppleWebKit/537.36 (KHTML, like Gecko; compatible; ClaudeBot/1.0; +claudebot@anthropic.com)"
3.139.239.109 - - [16/Apr/2025:09:20:41 -0400] "GET /ad917/?path=%2Fhome%2F.%2Fservlmvm%2Flscache%2F8%2F..%2Fa%2Fa%2F..%2F..%2F..%2Flogs HTTP/1.1" 200 1898 "-" "Mozilla/5.0 AppleWebKit/537.36 (KHTML, like Gecko; compatible; ClaudeBot/1.0; +claudebot@anthropic.com)"
198.54.116.86 - - [16/Apr/2025:09:20:44 -0400] "POST /wp-cron.php?doing_wp_cron=1744809644.0923290252685546875000 HTTP/1.1" 200 0 "-" "WordPress/6.8; https://servethepeopleinc.org"
40.77.167.159 - - [16/Apr/2025:09:20:43 -0400] "GET /goods96972288.shtml HTTP/1.1" 301 0 "-" "Mozilla/5.0 AppleWebKit/537.36 (KHTML, like Gecko; compatible; bingbot/2.0; +http://www.bing.com/bingbot.htm) Chrome/116.0.1938.76 Safari/537.36"
198.54.116.86 - - [16/Apr/2025:09:20:44 -0400] "POST /wp-admin/admin-ajax.php?action=async_litespeed&nonce=iDylGVgL5w2HKTiemTTvNjOjDLE0BUuR&litespeed_type=imgoptm HTTP/1.1" 200 21 "-" "WordPress/6.8; https://servethepeopleinc.org"
3.139.239.109 - - [16/Apr/2025:09:20:44 -0400] "GET /ad917/?path=%2Fhome%2F.%2Fservlmvm%2Flscache%2Fd%2F..%2Fa%2F9%2F..%2F..%2F..%2Fmail HTTP/1.1" 200 2305 "-" "Mozilla/5.0 AppleWebKit/537.36 (KHTML, like Gecko; compatible; ClaudeBot/1.0; +claudebot@anthropic.com)"
3.139.239.109 - - [16/Apr/2025:09:20:47 -0400] "GET /ad917/?path=%2Fhome%2F.%2F..%2Flib64%2Fgems%2F..%2Ftk8.6%2F.%2F..%2Fnss%2F..%2Fruby HTTP/1.1" 200 2481 "-" "Mozilla/5.0 AppleWebKit/537.36 (KHTML, like Gecko; compatible; ClaudeBot/1.0; +claudebot@anthropic.com)"
3.139.239.109 - - [16/Apr/2025:09:20:50 -0400] "GET /ad917/?path=%2Fhome%2Fservlmvm%2F..%2F..%2Fvar%2Fsoftaculous%2F.%2Fjcow%2Fphp56%2F. HTTP/1.1" 200 1687 "-" "Mozilla/5.0 AppleWebKit/537.36 (KHTML, like Gecko; compatible; ClaudeBot/1.0; +claudebot@anthropic.com)"
194.38.23.16 - - [16/Apr/2025:09:20:51 -0400] "GET /sites/all/libraries/elfinder/src/connectors/php/connector.php HTTP/1.1" 404 80512 "-" "ALittle Client"
3.139.239.109 - - [16/Apr/2025:09:20:53 -0400] "GET /ad917/?path=%2Fhome%2Fservlmvm%2F..%2F..%2Fvar%2Fsoftaculous%2F.%2Fconc%2Fphp81%2F. HTTP/1.1" 200 1663 "-" "Mozilla/5.0 AppleWebKit/537.36 (KHTML, like Gecko; compatible; ClaudeBot/1.0; +claudebot@anthropic.com)"
3.139.239.109 - - [16/Apr/2025:09:20:56 -0400] "GET /ad917/?path=%2Fhome%2F.%2F..%2Flib64%2Fgems%2F..%2Ftk8.6%2F.%2F..%2Fnss%2F..%2Fsse2 HTTP/1.1" 200 1468 "-" "Mozilla/5.0 AppleWebKit/537.36 (KHTML, like Gecko; compatible; ClaudeBot/1.0; +claudebot@anthropic.com)"
3.139.239.109 - - [16/Apr/2025:09:20:59 -0400] "GET /ad917/?path=%2Fhome%2F.%2Fservlmvm%2Flscache%2F7%2F7%2F..%2F1%2F..%2F..%2F..%2Fmail HTTP/1.1" 200 2280 "-" "Mozilla/5.0 AppleWebKit/537.36 (KHTML, like Gecko; compatible; ClaudeBot/1.0; +claudebot@anthropic.com)"
198.54.116.86 - - [16/Apr/2025:09:21:02 -0400] "POST /wp-cron.php?doing_wp_cron=1744809661.9955279827117919921875 HTTP/1.1" 200 0 "-" "WordPress/6.8; https://servethepeopleinc.org"
178.238.10.177 - - [16/Apr/2025:09:21:01 -0400] "GET / HTTP/1.1" 200 134645 "-" "Mozilla/5.0 (Windows NT 10.0; Win64; x64) AppleWebKit/537.36 (KHTML, like Gecko) Chrome/78.0.3904.108 Safari/537.36"
3.139.239.109 - - [16/Apr/2025:09:21:02 -0400] "GET /ad917/?path=%2Fhome%2Fservlmvm%2F..%2F..%2Fvar%2Fsoftaculous%2F.%2Fconc%2Fphp56%2F. HTTP/1.1" 200 1665 "-" "Mozilla/5.0 AppleWebKit/537.36 (KHTML, like Gecko; compatible; ClaudeBot/1.0; +claudebot@anthropic.com)"
178.238.10.177 - - [16/Apr/2025:09:21:02 -0400] "GET //wp-includes/wlwmanifest.xml HTTP/1.1" 301 0 "-" "Mozilla/5.0 (Windows NT 10.0; Win64; x64) AppleWebKit/537.36 (KHTML, like Gecko) Chrome/78.0.3904.108 Safari/537.36"
178.238.10.177 - - [16/Apr/2025:09:21:03 -0400] "GET / HTTP/1.1" 200 134645 "-" "Mozilla/5.0 (Windows NT 10.0; Win64; x64) AppleWebKit/537.36 (KHTML, like Gecko) Chrome/78.0.3904.108 Safari/537.36"
178.238.10.177 - - [16/Apr/2025:09:21:03 -0400] "GET //?author=1 HTTP/1.1" 301 0 "-" "Mozilla/5.0 (Windows NT 10.0; Win64; x64) AppleWebKit/537.36 (KHTML, like Gecko) Chrome/78.0.3904.108 Safari/537.36"
178.238.10.177 - - [16/Apr/2025:09:21:04 -0400] "GET //?author=2 HTTP/1.1" 301 0 "-" "Mozilla/5.0 (Windows NT 10.0; Win64; x64) AppleWebKit/537.36 (KHTML, like Gecko) Chrome/78.0.3904.108 Safari/537.36"
178.238.10.177 - - [16/Apr/2025:09:21:04 -0400] "GET //wp-json/wp/v2/users/ HTTP/1.1" 200 780 "-" "Mozilla/5.0 (Windows NT 10.0; Win64; x64) AppleWebKit/537.36 (KHTML, like Gecko) Chrome/78.0.3904.108 Safari/537.36"
3.139.239.109 - - [16/Apr/2025:09:21:05 -0400] "GET /ad917/?path=%2Fhome%2F.%2Fservlmvm%2Flscache%2F7%2F7%2F..%2F9%2F..%2F..%2F..%2Flogs HTTP/1.1" 200 1901 "-" "Mozilla/5.0 AppleWebKit/537.36 (KHTML, like Gecko; compatible; ClaudeBot/1.0; +claudebot@anthropic.com)"
3.139.239.109 - - [16/Apr/2025:09:21:08 -0400] "GET /ad917/?path=%2Fhome%2Fservlmvm%2F..%2F..%2Fvar%2Fsoftaculous%2F.%2Fjcow%2Fphp71%2F. HTTP/1.1" 200 1685 "-" "Mozilla/5.0 AppleWebKit/537.36 (KHTML, like Gecko; compatible; ClaudeBot/1.0; +claudebot@anthropic.com)"
3.139.239.109 - - [16/Apr/2025:09:21:11 -0400] "GET /ad917/?path=%2Fhome%2F.%2F..%2Flib64%2Fgems%2F..%2Ftk8.6%2F.%2F..%2Fnss%2F..%2Fkrb5 HTTP/1.1" 200 1499 "-" "Mozilla/5.0 AppleWebKit/537.36 (KHTML, like Gecko; compatible; ClaudeBot/1.0; +claudebot@anthropic.com)"
3.139.239.109 - - [16/Apr/2025:09:21:14 -0400] "GET /ad917/?path=%2Fhome%2Fservlmvm%2F..%2F..%2Fvar%2Fsoftaculous%2F.%2Fconc%2Fphp82%2F. HTTP/1.1" 200 1663 "-" "Mozilla/5.0 AppleWebKit/537.36 (KHTML, like Gecko; compatible; ClaudeBot/1.0; +claudebot@anthropic.com)"
3.139.239.109 - - [16/Apr/2025:09:21:17 -0400] "GET /ad917/?path=%2Fhome%2F.%2Fservlmvm%2Flscache%2Fd%2F..%2Fa%2F9%2F..%2F..%2F..%2Flogs HTTP/1.1" 200 1901 "-" "Mozilla/5.0 AppleWebKit/537.36 (KHTML, like Gecko; compatible; ClaudeBot/1.0; +claudebot@anthropic.com)"
3.139.239.109 - - [16/Apr/2025:09:21:20 -0400] "GET /ad917/?path=%2Fhome%2Fservlmvm%2F..%2F..%2Fvar%2Fsoftaculous%2F.%2Fjcow%2Fphp82%2F. HTTP/1.1" 200 1655 "-" "Mozilla/5.0 AppleWebKit/537.36 (KHTML, like Gecko; compatible; ClaudeBot/1.0; +claudebot@anthropic.com)"
3.139.239.109 - - [16/Apr/2025:09:21:23 -0400] "GET /ad917/?path=%2Fhome%2F.%2Fservlmvm%2Flscache%2F3%2F9%2F..%2F0%2F..%2F..%2F..%2Fwww HTTP/1.1" 200 2583 "-" "Mozilla/5.0 AppleWebKit/537.36 (KHTML, like Gecko; compatible; ClaudeBot/1.0; +claudebot@anthropic.com)"
3.139.239.109 - - [16/Apr/2025:09:21:26 -0400] "GET /ad917/?path=%2Fhome%2F.%2Fservlmvm%2Flscache%2Fd%2F..%2Fa%2F3%2F..%2F..%2F..%2Ftmp HTTP/1.1" 200 1918 "-" "Mozilla/5.0 AppleWebKit/537.36 (KHTML, like Gecko; compatible; ClaudeBot/1.0; +claudebot@anthropic.com)"
3.139.239.109 - - [16/Apr/2025:09:21:29 -0400] "GET /ad917/?path=%2Fhome%2F.%2Fservlmvm%2Flscache%2F3%2F9%2F..%2F1%2F..%2F..%2F..%2Fwww HTTP/1.1" 200 2519 "-" "Mozilla/5.0 AppleWebKit/537.36 (KHTML, like Gecko; compatible; ClaudeBot/1.0; +claudebot@anthropic.com)"
3.139.239.109 - - [16/Apr/2025:09:21:32 -0400] "GET /ad917/?path=%2Fhome%2F.%2Fservlmvm%2Flscache%2Fd%2F..%2Fa%2F3%2F..%2F..%2F..%2Fwww HTTP/1.1" 200 2473 "-" "Mozilla/5.0 AppleWebKit/537.36 (KHTML, like Gecko; compatible; ClaudeBot/1.0; +claudebot@anthropic.com)"
3.139.239.109 - - [16/Apr/2025:09:21:35 -0400] "GET /ad917/?path=%2Fhome%2Fservlmvm%2F.%2F.trash%2F..%2F..%2Fservlmvm%2Fmail%2Fnew%2F.. HTTP/1.1" 200 2284 "-" "Mozilla/5.0 AppleWebKit/537.36 (KHTML, like Gecko; compatible; ClaudeBot/1.0; +claudebot@anthropic.com)"
3.139.239.109 - - [16/Apr/2025:09:21:38 -0400] "GET /ad917/?path=%2Fhome%2F.%2F..%2Flib64%2Fgems%2F..%2Ftk8.6%2F.%2F..%2Fnss%2F..%2Fbpf HTTP/1.1" 200 1465 "-" "Mozilla/5.0 AppleWebKit/537.36 (KHTML, like Gecko; compatible; ClaudeBot/1.0; +claudebot@anthropic.com)"
3.139.239.109 - - [16/Apr/2025:09:21:41 -0400] "GET /ad917/?path=%2Fhome%2F.%2F..%2Flib64%2Fgems%2F..%2Ftk8.6%2F.%2F..%2Fnss%2F..%2Fqt5 HTTP/1.1" 200 1575 "-" "Mozilla/5.0 AppleWebKit/537.36 (KHTML, like Gecko; compatible; ClaudeBot/1.0; +claudebot@anthropic.com)"
3.139.239.109 - - [16/Apr/2025:09:21:44 -0400] "GET /ad917/?path=%2Fhome%2F.%2Fservlmvm%2Flscache%2Fd%2F..%2Fa%2F9%2F..%2F..%2F..%2Fetc HTTP/1.1" 200 1549 "-" "Mozilla/5.0 AppleWebKit/537.36 (KHTML, like Gecko; compatible; ClaudeBot/1.0; +claudebot@anthropic.com)"
3.139.239.109 - - [16/Apr/2025:09:21:47 -0400] "GET /ad917/?path=%2Fhome%2Fservlmvm%2F.%2F.trash%2F..%2F..%2Fservlmvm%2Fmail%2Fcur%2F.. HTTP/1.1" 200 2275 "-" "Mozilla/5.0 AppleWebKit/537.36 (KHTML, like Gecko; compatible; ClaudeBot/1.0; +claudebot@anthropic.com)"
3.139.239.109 - - [16/Apr/2025:09:21:50 -0400] "GET /ad917/?path=%2Fhome%2F.%2F..%2Flib64%2Fgems%2F..%2Ftk8.6%2F.%2F..%2Fnss%2F..%2Fgio HTTP/1.1" 200 1497 "-" "Mozilla/5.0 AppleWebKit/537.36 (KHTML, like Gecko; compatible; ClaudeBot/1.0; +claudebot@anthropic.com)"
198.54.116.86 - - [16/Apr/2025:09:21:52 -0400] "POST /wp-cron.php?doing_wp_cron=1744809712.7379579544067382812500 HTTP/1.1" 200 0 "-" "WordPress/6.8; https://servethepeopleinc.org"
