52.15.99.234 - - [17/Apr/2025:11:00:47 -0400] "GET /ad917/?path=%2Fhome%2Fservlmvm%2Fpublic_html%2Fwp-content%2Fplugins%2Flitespeed-cache%2F..%2Fwoodmart-core%2Fimporter HTTP/1.1" 200 1682 "-" "Mozilla/5.0 AppleWebKit/537.36 (KHTML, like Gecko; compatible; ClaudeBot/1.0; +claudebot@anthropic.com)"
40.77.167.64 - - [17/Apr/2025:11:00:49 -0400] "GET /detail/cagmag46373712.shtml HTTP/1.1" 301 0 "-" "Mozilla/5.0 AppleWebKit/537.36 (KHTML, like Gecko; compatible; bingbot/2.0; +http://www.bing.com/bingbot.htm) Chrome/116.0.1938.76 Safari/537.36"
52.15.99.234 - - [17/Apr/2025:11:00:50 -0400] "GET /ad917/?path=%2Fhome%2Fservlmvm%2F..%2F..%2Flib64%2FImageMagick-6.9.13%2F..%2Fbind9-export%2Flibisc-export.so.1107.0.7 HTTP/1.1" 200 1006 "-" "Mozilla/5.0 AppleWebKit/537.36 (KHTML, like Gecko; compatible; ClaudeBot/1.0; +claudebot@anthropic.com)"
40.77.167.151 - - [17/Apr/2025:11:00:52 -0400] "GET /detail/eii/expounded/67339046.shtml HTTP/1.1" 404 16947 "-" "Mozilla/5.0 AppleWebKit/537.36 (KHTML, like Gecko; compatible; bingbot/2.0; +http://www.bing.com/bingbot.htm) Chrome/116.0.1938.76 Safari/537.36"
52.15.99.234 - - [17/Apr/2025:11:00:53 -0400] "GET /ad917/?path=%2Fhome%2Fservlmvm%2F..%2Fservlmvm%2Fpublic_html%2F..%2Fmail%2F.contact%40servethepeopleinc_org%2F.Drafts HTTP/1.1" 200 1718 "-" "Mozilla/5.0 AppleWebKit/537.36 (KHTML, like Gecko; compatible; ClaudeBot/1.0; +claudebot@anthropic.com)"
52.167.144.171 - - [17/Apr/2025:11:00:54 -0400] "GET /info/rji/jynginae24459976.shtml HTTP/1.1" 301 0 "-" "Mozilla/5.0 AppleWebKit/537.36 (KHTML, like Gecko; compatible; bingbot/2.0; +http://www.bing.com/bingbot.htm) Chrome/116.0.1938.76 Safari/537.36"
52.15.99.234 - - [17/Apr/2025:11:00:56 -0400] "GET /ad917/?path=%2Fhome%2Fservlmvm%2Fpublic_html%2F..%2Fwww%2Fa4389%2F..%2Fwp-admin%2Fcss%2Fcustomize-widgets-rtl.min.css HTTP/1.1" 200 3019 "-" "Mozilla/5.0 AppleWebKit/537.36 (KHTML, like Gecko; compatible; ClaudeBot/1.0; +claudebot@anthropic.com)"
52.15.99.234 - - [17/Apr/2025:11:00:59 -0400] "GET /ad917/?path=%2Fhome%2Fservlmvm%2F.%2Fwww%2Fwp-includes%2FPHPMailer%2F..%2F.%2Fclass-wp-recovery-mode-key-service.php HTTP/1.1" 200 2398 "-" "Mozilla/5.0 AppleWebKit/537.36 (KHTML, like Gecko; compatible; ClaudeBot/1.0; +claudebot@anthropic.com)"
52.15.99.234 - - [17/Apr/2025:11:01:02 -0400] "GET /ad917/?path=%2Fhome%2Fservlmvm%2F.%2F.cpanel%2F..%2Fspekkshealth.com%2F..%2Flogs%2Fservethepeopleinc.org-Mar-2025.gz HTTP/1.1" 200 1272 "-" "Mozilla/5.0 AppleWebKit/537.36 (KHTML, like Gecko; compatible; ClaudeBot/1.0; +claudebot@anthropic.com)"
52.15.99.234 - - [17/Apr/2025:11:01:05 -0400] "GET /ad917/?path=%2Fhome%2Fservlmvm%2F.%2F.cl.selector%2F..%2Fpublic_html%2F..%2Fmail%2F.fidelstp%40servethepeopleinc_org HTTP/1.1" 200 2168 "-" "Mozilla/5.0 AppleWebKit/537.36 (KHTML, like Gecko; compatible; ClaudeBot/1.0; +claudebot@anthropic.com)"
52.15.99.234 - - [17/Apr/2025:11:01:08 -0400] "GET /ad917/?path=%2Fhome%2Fservlmvm%2F.%2F.cl.selector%2F..%2Fpublic_html%2F..%2Flogs%2Fservethepeopleinc.org-Apr-2025.gz HTTP/1.1" 200 1013 "-" "Mozilla/5.0 AppleWebKit/537.36 (KHTML, like Gecko; compatible; ClaudeBot/1.0; +claudebot@anthropic.com)"
52.15.99.234 - - [17/Apr/2025:11:01:11 -0400] "GET /ad917/?path=%2Fhome%2Fservlmvm%2F.%2Fwww%2Fwp-includes%2F.%2Fblock-patterns%2F..%2Fclass-wp-block-editor-context.php HTTP/1.1" 200 1516 "-" "Mozilla/5.0 AppleWebKit/537.36 (KHTML, like Gecko; compatible; ClaudeBot/1.0; +claudebot@anthropic.com)"
52.15.99.234 - - [17/Apr/2025:11:01:14 -0400] "GET /ad917/?path=%2Fhome%2Fservlmvm%2F.%2Fwww%2Fwp-includes%2F.%2Fblock-patterns%2F..%2Fclass-wp-feed-cache-transient.php HTTP/1.1" 200 2035 "-" "Mozilla/5.0 AppleWebKit/537.36 (KHTML, like Gecko; compatible; ClaudeBot/1.0; +claudebot@anthropic.com)"
198.54.116.86 - - [17/Apr/2025:11:01:14 -0400] "POST /wp-cron.php?doing_wp_cron=1744902074.9731659889221191406250 HTTP/1.1" 200 0 "-" "WordPress/6.8; https://servethepeopleinc.org"
52.167.144.195 - - [17/Apr/2025:11:01:14 -0400] "GET /info/83488314.shtml HTTP/1.1" 404 16937 "-" "Mozilla/5.0 AppleWebKit/537.36 (KHTML, like Gecko; compatible; bingbot/2.0; +http://www.bing.com/bingbot.htm) Chrome/116.0.1938.76 Safari/537.36"
198.54.116.86 - - [17/Apr/2025:11:01:15 -0400] "POST /wp-admin/admin-ajax.php?action=async_litespeed&nonce=PfJPe30IuIB4GVDBScbYtgLoU5T1Y0ff&litespeed_type=imgoptm HTTP/1.1" 200 21 "-" "WordPress/6.8; https://servethepeopleinc.org"
52.15.99.234 - - [17/Apr/2025:11:01:17 -0400] "GET /ad917/?path=%2Fhome%2Fservlmvm%2F.%2Fwww%2Fwp-includes%2Fcustomize%2F..%2F.%2Fclass-wp-paused-extensions-storage.php HTTP/1.1" 200 2247 "-" "Mozilla/5.0 AppleWebKit/537.36 (KHTML, like Gecko; compatible; ClaudeBot/1.0; +claudebot@anthropic.com)"
52.15.99.234 - - [17/Apr/2025:11:01:20 -0400] "GET /ad917/?path=%2Fhome%2Fservlmvm%2F.%2Fwww%2Fwp-includes%2F.%2Fblock-bindings%2F..%2Fclass-wp-feed-cache-transient.php HTTP/1.1" 200 2038 "-" "Mozilla/5.0 AppleWebKit/537.36 (KHTML, like Gecko; compatible; ClaudeBot/1.0; +claudebot@anthropic.com)"
52.15.99.234 - - [17/Apr/2025:11:01:23 -0400] "GET /ad917/?path=%2Fhome%2Fservlmvm%2F.%2Fspekkshealth.com%2F..%2F.cpanel%2F..%2Fmail%2F.fidelstp%40servethepeopleinc_org HTTP/1.1" 200 2194 "-" "Mozilla/5.0 AppleWebKit/537.36 (KHTML, like Gecko; compatible; ClaudeBot/1.0; +claudebot@anthropic.com)"
52.15.99.234 - - [17/Apr/2025:11:01:26 -0400] "GET /ad917/?path=%2Fhome%2Fservlmvm%2F.%2Fwww%2Fwp-includes%2Fcustomize%2F..%2F.%2Fclass-wp-recovery-mode-key-service.php HTTP/1.1" 200 2395 "-" "Mozilla/5.0 AppleWebKit/537.36 (KHTML, like Gecko; compatible; ClaudeBot/1.0; +claudebot@anthropic.com)"
52.15.99.234 - - [17/Apr/2025:11:01:29 -0400] "GET /ad917/?path=%2Fhome%2Fservlmvm%2F.%2F.cpanel%2F..%2Fspekkshealth.com%2F..%2Flogs%2Fservethepeopleinc.org-Apr-2025.gz HTTP/1.1" 200 1010 "-" "Mozilla/5.0 AppleWebKit/537.36 (KHTML, like Gecko; compatible; ClaudeBot/1.0; +claudebot@anthropic.com)"
52.15.99.234 - - [17/Apr/2025:11:01:32 -0400] "GET /ad917/?path=%2Fhome%2Fservlmvm%2F.%2Fspekkshealth.com%2F..%2F.cpanel%2F..%2Flogs%2Fservethepeopleinc.org-Apr-2025.gz HTTP/1.1" 200 1013 "-" "Mozilla/5.0 AppleWebKit/537.36 (KHTML, like Gecko; compatible; ClaudeBot/1.0; +claudebot@anthropic.com)"
52.167.144.162 - - [17/Apr/2025:11:01:35 -0400] "GET /product/bm/gladdon80378440.shtml HTTP/1.1" 301 0 "-" "Mozilla/5.0 AppleWebKit/537.36 (KHTML, like Gecko; compatible; bingbot/2.0; +http://www.bing.com/bingbot.htm) Chrome/116.0.1938.76 Safari/537.36"
52.15.99.234 - - [17/Apr/2025:11:01:35 -0400] "GET /ad917/?path=%2Fhome%2Fservlmvm%2Fpublic_html%2F..%2Ftmp%2F..%2Flogs%2F..%2Fmail%2F.infocamer%40servethepeopleinc_org HTTP/1.1" 200 2174 "-" "Mozilla/5.0 AppleWebKit/537.36 (KHTML, like Gecko; compatible; ClaudeBot/1.0; +claudebot@anthropic.com)"
52.15.99.234 - - [17/Apr/2025:11:01:38 -0400] "GET /ad917/?path=%2Fhome%2Fservlmvm%2F.%2Fwww%2Fwp-includes%2F.%2Fblock-bindings%2F..%2Fclass-wp-image-editor-imagick.php HTTP/1.1" 200 11017 "-" "Mozilla/5.0 AppleWebKit/537.36 (KHTML, like Gecko; compatible; ClaudeBot/1.0; +claudebot@anthropic.com)"
52.15.99.234 - - [17/Apr/2025:11:01:41 -0400] "GET /ad917/?path=%2Fhome%2Fservlmvm%2F.%2F.cpanel%2F..%2Fspekkshealth.com%2F..%2Fmail%2F.fidelstp%40servethepeopleinc_org HTTP/1.1" 200 2178 "-" "Mozilla/5.0 AppleWebKit/537.36 (KHTML, like Gecko; compatible; ClaudeBot/1.0; +claudebot@anthropic.com)"
52.15.99.234 - - [17/Apr/2025:11:01:44 -0400] "GET /ad917/?path=%2Fhome%2Fservlmvm%2F.%2Fspekkshealth.com%2F..%2F.cpanel%2F..%2Flogs%2Fservethepeopleinc.org-Mar-2025.gz HTTP/1.1" 200 1270 "-" "Mozilla/5.0 AppleWebKit/537.36 (KHTML, like Gecko; compatible; ClaudeBot/1.0; +claudebot@anthropic.com)"
52.167.144.171 - - [17/Apr/2025:11:01:44 -0400] "GET /info/pjc/unnobly46584904.shtml HTTP/1.1" 301 0 "-" "Mozilla/5.0 AppleWebKit/537.36 (KHTML, like Gecko; compatible; bingbot/2.0; +http://www.bing.com/bingbot.htm) Chrome/116.0.1938.76 Safari/537.36"
52.167.144.195 - - [17/Apr/2025:11:01:44 -0400] "GET /special49189270.shtml HTTP/1.1" 404 16938 "-" "Mozilla/5.0 AppleWebKit/537.36 (KHTML, like Gecko; compatible; bingbot/2.0; +http://www.bing.com/bingbot.htm) Chrome/116.0.1938.76 Safari/537.36"
52.15.99.234 - - [17/Apr/2025:11:01:47 -0400] "GET /ad917/?path=%2Fhome%2Fservlmvm%2F.%2F.spamassassin%2F..%2F.cpanel%2F.%2Ficals%2Ffidelstp%40servethepeopleinc.org.ics HTTP/1.1" 200 1004 "-" "Mozilla/5.0 AppleWebKit/537.36 (KHTML, like Gecko; compatible; ClaudeBot/1.0; +claudebot@anthropic.com)"
40.77.167.151 - - [17/Apr/2025:11:01:48 -0400] "GET /shopbrand/e/confrication5859446.shtml HTTP/1.1" 404 16949 "-" "Mozilla/5.0 AppleWebKit/537.36 (KHTML, like Gecko; compatible; bingbot/2.0; +http://www.bing.com/bingbot.htm) Chrome/116.0.1938.76 Safari/537.36"
52.15.99.234 - - [17/Apr/2025:11:01:50 -0400] "GET /ad917/?path=%2Fhome%2Fservlmvm%2F..%2Fservlmvm%2F.cpanel%2Fcaches%2F..%2Fvcards%2Fsabina%40servethepeopleinc.org.vcf HTTP/1.1" 200 996 "-" "Mozilla/5.0 AppleWebKit/537.36 (KHTML, like Gecko; compatible; ClaudeBot/1.0; +claudebot@anthropic.com)"
52.15.99.234 - - [17/Apr/2025:11:01:53 -0400] "GET /ad917/?path=%2Fhome%2Fservlmvm%2F.%2F.cl.selector%2F..%2Fpublic_html%2F..%2Flogs%2Fservethepeopleinc.org-Mar-2025.gz HTTP/1.1" 200 1266 "-" "Mozilla/5.0 AppleWebKit/537.36 (KHTML, like Gecko; compatible; ClaudeBot/1.0; +claudebot@anthropic.com)"
52.15.99.234 - - [17/Apr/2025:11:01:56 -0400] "GET /ad917/?path=%2Fhome%2Fservlmvm%2F..%2Fservlmvm%2F.cpanel%2Fvcards%2F..%2Fvcards%2Fsabina%40servethepeopleinc.org.vcf HTTP/1.1" 200 990 "-" "Mozilla/5.0 AppleWebKit/537.36 (KHTML, like Gecko; compatible; ClaudeBot/1.0; +claudebot@anthropic.com)"
52.15.99.234 - - [17/Apr/2025:11:01:59 -0400] "GET /ad917/?path=%2Fhome%2Fservlmvm%2F.%2Fwww%2Fwp-includes%2F.%2Fblock-bindings%2F..%2Fclass-wp-block-editor-context.php HTTP/1.1" 200 1519 "-" "Mozilla/5.0 AppleWebKit/537.36 (KHTML, like Gecko; compatible; ClaudeBot/1.0; +claudebot@anthropic.com)"
81.70.16.45 - - [17/Apr/2025:11:01:59 -0400] "GET /wp-login.php HTTP/1.1" 200 2027 "-" "GRequests/0.10"
198.54.116.86 - - [17/Apr/2025:11:02:01 -0400] "POST /wp-cron.php?doing_wp_cron=1744902121.0120229721069335937500 HTTP/1.1" 200 0 "-" "WordPress/6.8; https://servethepeopleinc.org"
81.70.16.45 - - [17/Apr/2025:11:02:00 -0400] "POST /wp-login.php HTTP/1.1" 200 2170 "-" "GRequests/0.10"
40.77.167.64 - - [17/Apr/2025:11:02:01 -0400] "GET /items/d/magosphaera/95380468.shtml HTTP/1.1" 301 0 "-" "Mozilla/5.0 AppleWebKit/537.36 (KHTML, like Gecko; compatible; bingbot/2.0; +http://www.bing.com/bingbot.htm) Chrome/116.0.1938.76 Safari/537.36"
52.15.99.234 - - [17/Apr/2025:11:02:02 -0400] "GET /ad917/?path=%2Fhome%2Fservlmvm%2F.%2Fwww%2Fwp-includes%2FPHPMailer%2F..%2F.%2Fclass-wp-paused-extensions-storage.php HTTP/1.1" 200 2250 "-" "Mozilla/5.0 AppleWebKit/537.36 (KHTML, like Gecko; compatible; ClaudeBot/1.0; +claudebot@anthropic.com)"
52.15.99.234 - - [17/Apr/2025:11:02:05 -0400] "GET /ad917/?path=%2Fhome%2Fservlmvm%2F.%2Fwww%2Fwp-includes%2FPHPMailer%2F..%2F.%2Fclass-wp-text-diff-renderer-inline.php HTTP/1.1" 200 1468 "-" "Mozilla/5.0 AppleWebKit/537.36 (KHTML, like Gecko; compatible; ClaudeBot/1.0; +claudebot@anthropic.com)"
52.15.99.234 - - [17/Apr/2025:11:02:08 -0400] "GET /ad917/?path=%2Fhome%2Fservlmvm%2F..%2Fservlmvm%2F.cpanel%2Fvcards%2F..%2Fdatastore%2F_Cpanel%3A%3AQuota.pm__servlmvm HTTP/1.1" 200 1079 "-" "Mozilla/5.0 AppleWebKit/537.36 (KHTML, like Gecko; compatible; ClaudeBot/1.0; +claudebot@anthropic.com)"
52.15.99.234 - - [17/Apr/2025:11:02:11 -0400] "GET /ad917/?path=%2Fhome%2Fservlmvm%2F.%2Fwww%2Fwp-includes%2Fcustomize%2F..%2Fhtml-api%2Fclass-wp-html-open-elements.php HTTP/1.1" 200 5869 "-" "Mozilla/5.0 AppleWebKit/537.36 (KHTML, like Gecko; compatible; ClaudeBot/1.0; +claudebot@anthropic.com)"
52.15.99.234 - - [17/Apr/2025:11:02:14 -0400] "GET /ad917/?path=%2Fhome%2Fservlmvm%2F..%2Fservlmvm%2F.cpanel%2Fcaches%2F..%2Fdatastore%2F_Cpanel%3A%3AQuota.pm__servlmvm HTTP/1.1" 200 1079 "-" "Mozilla/5.0 AppleWebKit/537.36 (KHTML, like Gecko; compatible; ClaudeBot/1.0; +claudebot@anthropic.com)"
52.15.99.234 - - [17/Apr/2025:11:02:17 -0400] "GET /ad917/?path=%2Fhome%2Fservlmvm%2F.%2F.spamassassin%2F..%2F.cpanel%2Ficals%2F.%2Ffidelstp%40servethepeopleinc.org.ics HTTP/1.1" 200 1007 "-" "Mozilla/5.0 AppleWebKit/537.36 (KHTML, like Gecko; compatible; ClaudeBot/1.0; +claudebot@anthropic.com)"
52.15.99.234 - - [17/Apr/2025:11:02:20 -0400] "GET /ad917/?path=%2Fhome%2Fservlmvm%2Fpublic_html%2Fad917%2F..%2F..%2F..%2Fservlmvm%2Fpuppiesoftexas.com%2Fwp-content%2F. HTTP/1.1" 200 1913 "-" "Mozilla/5.0 AppleWebKit/537.36 (KHTML, like Gecko; compatible; ClaudeBot/1.0; +claudebot@anthropic.com)"
52.15.99.234 - - [17/Apr/2025:11:02:23 -0400] "GET /ad917/?path=%2Fhome%2Fservlmvm%2Fpublic_html%2Fad917%2F..%2F..%2Fmail%2F.contact%40servethepeopleinc_org%2F.%2F.%2F. HTTP/1.1" 200 2224 "-" "Mozilla/5.0 AppleWebKit/537.36 (KHTML, like Gecko; compatible; ClaudeBot/1.0; +claudebot@anthropic.com)"
52.15.99.234 - - [17/Apr/2025:11:02:26 -0400] "GET /ad917/?path=%2Fhome%2Fservlmvm%2F.%2Fwww%2Fwp-includes%2FPHPMailer%2F..%2Fcustomize%2Fclass-wp-customize-partial.php HTTP/1.1" 200 3874 "-" "Mozilla/5.0 AppleWebKit/537.36 (KHTML, like Gecko; compatible; ClaudeBot/1.0; +claudebot@anthropic.com)"
52.15.99.234 - - [17/Apr/2025:11:02:29 -0400] "GET /ad917/?path=%2Fhome%2Fservlmvm%2F.%2Fwww%2Fwp-includes%2Fcustomize%2F..%2Fcustomize%2Fclass-wp-customize-partial.php HTTP/1.1" 200 3864 "-" "Mozilla/5.0 AppleWebKit/537.36 (KHTML, like Gecko; compatible; ClaudeBot/1.0; +claudebot@anthropic.com)"
52.15.99.234 - - [17/Apr/2025:11:02:32 -0400] "GET /ad917/?path=%2Fhome%2Fservlmvm%2F.%2Fwww%2Fwp-includes%2FSimplePie%2F..%2Fcustomize%2Fclass-wp-customize-partial.php HTTP/1.1" 200 3877 "-" "Mozilla/5.0 AppleWebKit/537.36 (KHTML, like Gecko; compatible; ClaudeBot/1.0; +claudebot@anthropic.com)"
52.15.99.234 - - [17/Apr/2025:11:02:35 -0400] "GET /ad917/?path=%2Fhome%2Fservlmvm%2F.%2Fwww%2Fwp-includes%2FSimplePie%2F..%2Fwidgets%2Fclass-wp-widget-recent-posts.php HTTP/1.1" 200 2985 "-" "Mozilla/5.0 AppleWebKit/537.36 (KHTML, like Gecko; compatible; ClaudeBot/1.0; +claudebot@anthropic.com)"
52.15.99.234 - - [17/Apr/2025:11:02:38 -0400] "GET /ad917/?path=%2Fhome%2Fservlmvm%2F.%2Fwww%2Fwp-includes%2FPHPMailer%2F..%2Fwidgets%2Fclass-wp-widget-recent-posts.php HTTP/1.1" 200 2985 "-" "Mozilla/5.0 AppleWebKit/537.36 (KHTML, like Gecko; compatible; ClaudeBot/1.0; +claudebot@anthropic.com)"
52.15.99.234 - - [17/Apr/2025:11:02:41 -0400] "GET /ad917/?path=%2Fhome%2Fservlmvm%2F.%2Fpublic_ftp%2F..%2Fpublic_ftp%2F..%2Faccess-logs%2Fservethepeopleinc.org-ssl_log HTTP/1.1" 200 88973 "-" "Mozilla/5.0 AppleWebKit/537.36 (KHTML, like Gecko; compatible; ClaudeBot/1.0; +claudebot@anthropic.com)"
198.54.116.86 - - [17/Apr/2025:11:02:41 -0400] "POST /wp-cron.php?doing_wp_cron=1744902161.9630200862884521484375 HTTP/1.1" 200 0 "-" "WordPress/6.8; https://servethepeopleinc.org"
40.77.167.64 - - [17/Apr/2025:11:02:41 -0400] "GET /detail/dummy22359876.shtml HTTP/1.1" 301 0 "-" "Mozilla/5.0 AppleWebKit/537.36 (KHTML, like Gecko; compatible; bingbot/2.0; +http://www.bing.com/bingbot.htm) Chrome/116.0.1938.76 Safari/537.36"
198.54.116.86 - - [17/Apr/2025:11:02:42 -0400] "POST /wp-admin/admin-ajax.php?action=async_litespeed&nonce=blu9EyDXCXFWqfnd1U3Yv05vZuHq4TxE&litespeed_type=imgoptm HTTP/1.1" 200 21 "-" "WordPress/6.8; https://servethepeopleinc.org"
40.77.167.151 - - [17/Apr/2025:11:02:44 -0400] "GET /shopbrand41295602.shtml HTTP/1.1" 404 16939 "-" "Mozilla/5.0 AppleWebKit/537.36 (KHTML, like Gecko; compatible; bingbot/2.0; +http://www.bing.com/bingbot.htm) Chrome/116.0.1938.76 Safari/537.36"
52.167.144.195 - - [17/Apr/2025:11:02:48 -0400] "GET /info/8156342.shtml HTTP/1.1" 404 16939 "-" "Mozilla/5.0 AppleWebKit/537.36 (KHTML, like Gecko; compatible; bingbot/2.0; +http://www.bing.com/bingbot.htm) Chrome/116.0.1938.76 Safari/537.36"
40.77.167.64 - - [17/Apr/2025:11:02:51 -0400] "GET /shopbrand/80365908.shtml HTTP/1.1" 301 0 "-" "Mozilla/5.0 AppleWebKit/537.36 (KHTML, like Gecko; compatible; bingbot/2.0; +http://www.bing.com/bingbot.htm) Chrome/116.0.1938.76 Safari/537.36"
52.167.144.171 - - [17/Apr/2025:11:02:56 -0400] "GET /info/instimulate/39711382.shtml HTTP/1.1" 301 0 "-" "Mozilla/5.0 AppleWebKit/537.36 (KHTML, like Gecko; compatible; bingbot/2.0; +http://www.bing.com/bingbot.htm) Chrome/116.0.1938.76 Safari/537.36"
3.142.53.239 - - [17/Apr/2025:11:03:14 -0400] "GET /ad917/?path=%2Fhome%2Fservlmvm%2Fpublic_html%2Fwp-content%2Fplugins%2Fgravityforms%2Fincludes%2Ftheme-layers%2Fframework HTTP/1.1" 200 1737 "-" "Mozilla/5.0 AppleWebKit/537.36 (KHTML, like Gecko; compatible; ClaudeBot/1.0; +claudebot@anthropic.com)"
198.54.116.86 - - [17/Apr/2025:11:03:14 -0400] "POST /wp-cron.php?doing_wp_cron=1744902194.6149868965148925781250 HTTP/1.1" 200 0 "-" "WordPress/6.8; https://servethepeopleinc.org"
66.249.77.42 - - [17/Apr/2025:11:03:14 -0400] "GET /entity/35632526.shtml HTTP/1.1" 404 16939 "-" "Mozilla/5.0 (Linux; Android 6.0.1; Nexus 5X Build/MMB29P) AppleWebKit/537.36 (KHTML, like Gecko) Chrome/135.0.7049.84 Mobile Safari/537.36 (compatible; GoogleOther)"
198.54.116.86 - - [17/Apr/2025:11:03:14 -0400] "POST /wp-admin/admin-ajax.php?action=async_litespeed&nonce=wlKV7AKq68mxLbWyx74QWMVB36o7RMUd&litespeed_type=imgoptm HTTP/1.1" 200 21 "-" "WordPress/6.8; https://servethepeopleinc.org"
3.142.53.239 - - [17/Apr/2025:11:03:17 -0400] "GET /ad917/?path=%2Fhome%2Fservlmvm%2Fpublic_html%2Fwp-includes%2Fblocks%2Fcomment-edit-link%2F..%2Ftemplate-part%2Ftheme.css HTTP/1.1" 200 1066 "-" "Mozilla/5.0 AppleWebKit/537.36 (KHTML, like Gecko; compatible; ClaudeBot/1.0; +claudebot@anthropic.com)"
3.142.53.239 - - [17/Apr/2025:11:03:20 -0400] "GET /ad917/?path=%2Fhome%2Fservlmvm%2Fpublic_html%2Fad917%2F..%2F..%2Fwww%2Fwp-includes%2Fblocks%2Fpost-template%2Feditor.css HTTP/1.1" 200 1267 "-" "Mozilla/5.0 AppleWebKit/537.36 (KHTML, like Gecko; compatible; ClaudeBot/1.0; +claudebot@anthropic.com)"
3.142.53.239 - - [17/Apr/2025:11:03:23 -0400] "GET /ad917/?path=%2Fhome%2Fservlmvm%2Fpublic_html%2Fwp-includes%2Fblocks%2Fcomment-edit-link%2F..%2Fpost-excerpt%2Feditor.css HTTP/1.1" 200 1042 "-" "Mozilla/5.0 AppleWebKit/537.36 (KHTML, like Gecko; compatible; ClaudeBot/1.0; +claudebot@anthropic.com)"
52.167.144.171 - - [17/Apr/2025:11:03:23 -0400] "GET /goodscode/29909506.shtml HTTP/1.1" 301 0 "-" "Mozilla/5.0 AppleWebKit/537.36 (KHTML, like Gecko; compatible; bingbot/2.0; +http://www.bing.com/bingbot.htm) Chrome/116.0.1938.76 Safari/537.36"
3.142.53.239 - - [17/Apr/2025:11:03:26 -0400] "GET /ad917/?path=%2Fhome%2Fservlmvm%2Fpublic_html%2Fad917%2F..%2F..%2Fwww%2Fwp-includes%2Fblocks%2Flegacy-widget%2Fblock.json HTTP/1.1" 200 1265 "-" "Mozilla/5.0 AppleWebKit/537.36 (KHTML, like Gecko; compatible; ClaudeBot/1.0; +claudebot@anthropic.com)"
3.142.53.239 - - [17/Apr/2025:11:03:29 -0400] "GET /ad917/?path=%2Fhome%2Fservlmvm%2Fpublic_html%2Fwp-content%2Fplugins%2Fgravityforms%2Fincludes%2Ftheme-layers%2F.htaccess HTTP/1.1" 403 1242 "-" "Mozilla/5.0 AppleWebKit/537.36 (KHTML, like Gecko; compatible; ClaudeBot/1.0; +claudebot@anthropic.com)"
3.142.53.239 - - [17/Apr/2025:11:03:32 -0400] "GET /ad917/?path=%2Fhome%2Fservlmvm%2Fpublic_html%2Fad917%2F..%2F..%2Fwww%2Fwp-includes%2Fblocks%2Ftemplate-part%2Fblock.json HTTP/1.1" 200 1330 "-" "Mozilla/5.0 AppleWebKit/537.36 (KHTML, like Gecko; compatible; ClaudeBot/1.0; +claudebot@anthropic.com)"
3.142.53.239 - - [17/Apr/2025:11:03:35 -0400] "GET /ad917/?path=%2Fhome%2Fservlmvm%2Fpublic_html%2Fwp-includes%2Fblocks%2Fcomment-edit-link%2F..%2Fsite-tagline%2Feditor.css HTTP/1.1" 200 1051 "-" "Mozilla/5.0 AppleWebKit/537.36 (KHTML, like Gecko; compatible; ClaudeBot/1.0; +claudebot@anthropic.com)"
3.142.53.239 - - [17/Apr/2025:11:03:38 -0400] "GET /ad917/?path=%2Fhome%2Fservlmvm%2Fpublic_html%2Fwp-includes%2Fblocks%2Fcomment-edit-link%2F..%2Fpost-template%2F.htaccess HTTP/1.1" 403 1242 "-" "Mozilla/5.0 AppleWebKit/537.36 (KHTML, like Gecko; compatible; ClaudeBot/1.0; +claudebot@anthropic.com)"
3.142.53.239 - - [17/Apr/2025:11:03:41 -0400] "GET /ad917/?path=%2Fhome%2Fservlmvm%2Fpublic_html%2Fad917%2F..%2F..%2Fwww%2Fwp-includes%2Fblocks%2Fpost-template%2Fblock.json HTTP/1.1" 200 1653 "-" "Mozilla/5.0 AppleWebKit/537.36 (KHTML, like Gecko; compatible; ClaudeBot/1.0; +claudebot@anthropic.com)"
3.142.53.239 - - [17/Apr/2025:11:03:44 -0400] "GET /ad917/?path=%2Fhome%2Fservlmvm%2Fpublic_html%2Fwp-includes%2Fblocks%2Fcomment-edit-link%2F..%2Fpost-content%2Fblock.json HTTP/1.1" 200 1561 "-" "Mozilla/5.0 AppleWebKit/537.36 (KHTML, like Gecko; compatible; ClaudeBot/1.0; +claudebot@anthropic.com)"
3.142.53.239 - - [17/Apr/2025:11:03:47 -0400] "GET /ad917/?path=%2Fhome%2Fservlmvm%2Fpuppiesoftexas.com%2F..%2Fpuppiesoftexas.com%2Fwp-includes%2Fsodium_compat%2Fnamespaced HTTP/1.1" 200 1678 "-" "Mozilla/5.0 AppleWebKit/537.36 (KHTML, like Gecko; compatible; ClaudeBot/1.0; +claudebot@anthropic.com)"
3.142.53.239 - - [17/Apr/2025:11:03:50 -0400] "GET /ad917/?path=%2Fhome%2Fservlmvm%2F.%2Fpuppiesoftexas.com%2F..%2Fpublic_html%2Fwp-includes%2Finteractivity-api%2F.htaccess HTTP/1.1" 403 1242 "-" "Mozilla/5.0 AppleWebKit/537.36 (KHTML, like Gecko; compatible; ClaudeBot/1.0; +claudebot@anthropic.com)"
3.142.53.239 - - [17/Apr/2025:11:03:53 -0400] "GET /ad917/?path=%2Fhome%2Fservlmvm%2F..%2Fservlmvm%2Fmail%2F.fidelstp%40servethepeopleinc_org%2F.%2F.Trash%2Fdovecot-uidlist HTTP/1.1" 200 1049 "-" "Mozilla/5.0 AppleWebKit/537.36 (KHTML, like Gecko; compatible; ClaudeBot/1.0; +claudebot@anthropic.com)"
40.77.167.151 - - [17/Apr/2025:11:03:55 -0400] "GET /detail/caging106503076.shtml HTTP/1.1" 404 16938 "-" "Mozilla/5.0 AppleWebKit/537.36 (KHTML, like Gecko; compatible; bingbot/2.0; +http://www.bing.com/bingbot.htm) Chrome/116.0.1938.76 Safari/537.36"
3.142.53.239 - - [17/Apr/2025:11:03:56 -0400] "GET /ad917/?path=%2Fhome%2Fservlmvm%2F..%2Fservlmvm%2Fmail%2F.contact%40servethepeopleinc_org%2F..%2Fsabina%2Fdovecot-uidlist HTTP/1.1" 200 2129 "-" "Mozilla/5.0 AppleWebKit/537.36 (KHTML, like Gecko; compatible; ClaudeBot/1.0; +claudebot@anthropic.com)"
3.142.53.239 - - [17/Apr/2025:11:03:59 -0400] "GET /ad917/?path=%2Fhome%2Fservlmvm%2F..%2Fservlmvm%2Fmail%2F.contact%40servethepeopleinc_org%2F..%2Ffidelstp%2Fdovecot-quota HTTP/1.1" 200 1030 "-" "Mozilla/5.0 AppleWebKit/537.36 (KHTML, like Gecko; compatible; ClaudeBot/1.0; +claudebot@anthropic.com)"
3.142.53.239 - - [17/Apr/2025:11:04:02 -0400] "GET /ad917/?path=%2Fhome%2Fservlmvm%2F.%2Fspekkshealth.com%2F..%2F.cpanel%2Fdatastore%2F.%2FCpanel%3A%3AMysqlRun%3A%3Arunning HTTP/1.1" 200 1038 "-" "Mozilla/5.0 AppleWebKit/537.36 (KHTML, like Gecko; compatible; ClaudeBot/1.0; +claudebot@anthropic.com)"
3.142.53.239 - - [17/Apr/2025:11:04:05 -0400] "GET /ad917/?path=%2Fhome%2Fservlmvm%2F..%2Fservlmvm%2Fmail%2F.contact%40servethepeopleinc_org%2F..%2Ffidelstp%2Fsubscriptions HTTP/1.1" 200 1015 "-" "Mozilla/5.0 AppleWebKit/537.36 (KHTML, like Gecko; compatible; ClaudeBot/1.0; +claudebot@anthropic.com)"
3.142.53.239 - - [17/Apr/2025:11:04:08 -0400] "GET /ad917/?path=%2Fhome%2Fservlmvm%2F..%2Fservlmvm%2Fmail%2F.contact%40servethepeopleinc_org%2F..%2Ffidelstp%2Fdovecot.index HTTP/1.1" 200 1007 "-" "Mozilla/5.0 AppleWebKit/537.36 (KHTML, like Gecko; compatible; ClaudeBot/1.0; +claudebot@anthropic.com)"
3.142.53.239 - - [17/Apr/2025:11:04:11 -0400] "GET /ad917/?path=%2Fhome%2Fservlmvm%2Fpublic_html%2Fwp-content%2Fplugins%2Fgravityforms%2Fimages%2Fbrowser-icons%2Fsafari.png HTTP/1.1" 200 1012 "-" "Mozilla/5.0 AppleWebKit/537.36 (KHTML, like Gecko; compatible; ClaudeBot/1.0; +claudebot@anthropic.com)"
3.142.53.239 - - [17/Apr/2025:11:04:14 -0400] "GET /ad917/?path=%2Fhome%2Fservlmvm%2Fpublic_html%2Fwp-content%2Fplugins%2Fgravityforms%2Fimages%2Fbrowser-icons%2Fchrome.png HTTP/1.1" 200 1012 "-" "Mozilla/5.0 AppleWebKit/537.36 (KHTML, like Gecko; compatible; ClaudeBot/1.0; +claudebot@anthropic.com)"
3.142.53.239 - - [17/Apr/2025:11:04:17 -0400] "GET /ad917/?path=%2Fhome%2Fservlmvm%2F.%2Fwww%2Fwp-includes%2Fcustomize%2F..%2F.%2Fclass-wp-recovery-mode-cookie-service.php HTTP/1.1" 200 3141 "-" "Mozilla/5.0 AppleWebKit/537.36 (KHTML, like Gecko; compatible; ClaudeBot/1.0; +claudebot@anthropic.com)"
3.142.53.239 - - [17/Apr/2025:11:04:20 -0400] "GET /ad917/?path=%2Fhome%2Fservlmvm%2F.%2Fwww%2Fwp-includes%2F.%2Fblock-patterns%2F..%2Fclass-wp-simplepie-sanitize-kses.php HTTP/1.1" 200 1900 "-" "Mozilla/5.0 AppleWebKit/537.36 (KHTML, like Gecko; compatible; ClaudeBot/1.0; +claudebot@anthropic.com)"
3.142.53.239 - - [17/Apr/2025:11:04:23 -0400] "GET /ad917/?path=%2Fhome%2Fservlmvm%2F.%2Fwww%2Fwp-includes%2F.%2Fblock-patterns%2F..%2Fclass-wp-block-metadata-registry.php HTTP/1.1" 200 4386 "-" "Mozilla/5.0 AppleWebKit/537.36 (KHTML, like Gecko; compatible; ClaudeBot/1.0; +claudebot@anthropic.com)"
3.142.53.239 - - [17/Apr/2025:11:04:26 -0400] "GET /ad917/?path=%2Fhome%2Fservlmvm%2F.%2Fwww%2Fwp-includes%2F.%2Fblock-patterns%2F..%2Fclass-wp-block-bindings-registry.php HTTP/1.1" 200 3191 "-" "Mozilla/5.0 AppleWebKit/537.36 (KHTML, like Gecko; compatible; ClaudeBot/1.0; +claudebot@anthropic.com)"
3.142.53.239 - - [17/Apr/2025:11:04:29 -0400] "GET /ad917/?path=%2Fhome%2Fservlmvm%2F.%2Fwww%2Fwp-includes%2F.%2Fblock-bindings%2F..%2Fclass-wp-block-metadata-registry.php HTTP/1.1" 200 4389 "-" "Mozilla/5.0 AppleWebKit/537.36 (KHTML, like Gecko; compatible; ClaudeBot/1.0; +claudebot@anthropic.com)"
3.142.53.239 - - [17/Apr/2025:11:04:32 -0400] "GET /ad917/?path=%2Fhome%2Fservlmvm%2F..%2Fservlmvm%2F.cpanel%2Fcaches%2F..%2Fvcards%2Finfocamer%40servethepeopleinc.org.vcf HTTP/1.1" 200 1000 "-" "Mozilla/5.0 AppleWebKit/537.36 (KHTML, like Gecko; compatible; ClaudeBot/1.0; +claudebot@anthropic.com)"
198.54.116.86 - - [17/Apr/2025:11:04:34 -0400] "POST /wp-cron.php?doing_wp_cron=1744902274.0545749664306640625000 HTTP/1.1" 200 0 "-" "WordPress/6.8; https://servethepeopleinc.org"
52.167.144.195 - - [17/Apr/2025:11:04:33 -0400] "GET /items/qw/fermentation12122522.shtml HTTP/1.1" 404 16949 "-" "Mozilla/5.0 AppleWebKit/537.36 (KHTML, like Gecko; compatible; bingbot/2.0; +http://www.bing.com/bingbot.htm) Chrome/116.0.1938.76 Safari/537.36"
198.54.116.86 - - [17/Apr/2025:11:04:34 -0400] "POST /wp-admin/admin-ajax.php?action=async_litespeed&nonce=kG3liVRuoO0QYnMBUUX3zd3p3wDL1YZ2&litespeed_type=imgoptm HTTP/1.1" 200 21 "-" "WordPress/6.8; https://servethepeopleinc.org"
3.142.53.239 - - [17/Apr/2025:11:04:35 -0400] "GET /ad917/?path=%2Fhome%2Fservlmvm%2F.%2Fwww%2Fwp-includes%2F.%2Fblock-bindings%2F..%2Fclass-wp-block-bindings-registry.php HTTP/1.1" 200 3210 "-" "Mozilla/5.0 AppleWebKit/537.36 (KHTML, like Gecko; compatible; ClaudeBot/1.0; +claudebot@anthropic.com)"
3.142.53.239 - - [17/Apr/2025:11:04:38 -0400] "GET /ad917/?path=%2Fhome%2Fservlmvm%2F.%2Fwww%2Fwp-includes%2F.%2Fblock-patterns%2F..%2Fclass-wp-block-patterns-registry.php HTTP/1.1" 200 3708 "-" "Mozilla/5.0 AppleWebKit/537.36 (KHTML, like Gecko; compatible; ClaudeBot/1.0; +claudebot@anthropic.com)"
3.142.53.239 - - [17/Apr/2025:11:04:41 -0400] "GET /ad917/?path=%2Fhome%2Fservlmvm%2F..%2Fservlmvm%2F.cpanel%2Fvcards%2F..%2Fvcards%2Finfocamer%40servethepeopleinc.org.vcf HTTP/1.1" 200 994 "-" "Mozilla/5.0 AppleWebKit/537.36 (KHTML, like Gecko; compatible; ClaudeBot/1.0; +claudebot@anthropic.com)"
3.142.53.239 - - [17/Apr/2025:11:04:44 -0400] "GET /ad917/?path=%2Fhome%2Fservlmvm%2F.%2Fwww%2Fwp-includes%2F.%2Fblock-bindings%2F..%2Fclass-wp-simplepie-sanitize-kses.php HTTP/1.1" 200 1903 "-" "Mozilla/5.0 AppleWebKit/537.36 (KHTML, like Gecko; compatible; ClaudeBot/1.0; +claudebot@anthropic.com)"
40.77.167.151 - - [17/Apr/2025:11:04:44 -0400] "GET /detail8356850.shtml HTTP/1.1" 404 16940 "-" "Mozilla/5.0 AppleWebKit/537.36 (KHTML, like Gecko; compatible; bingbot/2.0; +http://www.bing.com/bingbot.htm) Chrome/116.0.1938.76 Safari/537.36"
3.142.53.239 - - [17/Apr/2025:11:04:47 -0400] "GET /ad917/?path=%2Fhome%2Fservlmvm%2F.%2Fwww%2Fwp-includes%2F.%2Fblock-bindings%2F..%2Fclass-wp-block-patterns-registry.php HTTP/1.1" 200 3713 "-" "Mozilla/5.0 AppleWebKit/537.36 (KHTML, like Gecko; compatible; ClaudeBot/1.0; +claudebot@anthropic.com)"
3.142.53.239 - - [17/Apr/2025:11:04:50 -0400] "GET /ad917/?path=%2Fhome%2Fservlmvm%2F.%2Fwww%2Fwp-includes%2FPHPMailer%2F..%2F.%2Fclass-wp-recovery-mode-cookie-service.php HTTP/1.1" 200 3171 "-" "Mozilla/5.0 AppleWebKit/537.36 (KHTML, like Gecko; compatible; ClaudeBot/1.0; +claudebot@anthropic.com)"
3.142.53.239 - - [17/Apr/2025:11:04:53 -0400] "GET /ad917/?path=%2Fhome%2Fservlmvm%2F.%2Fwww%2Fwp-includes%2Fcustomize%2F..%2Fhtml-api%2Fclass-wp-html-text-replacement.php HTTP/1.1" 200 1511 "-" "Mozilla/5.0 AppleWebKit/537.36 (KHTML, like Gecko; compatible; ClaudeBot/1.0; +claudebot@anthropic.com)"
3.142.53.239 - - [17/Apr/2025:11:04:56 -0400] "GET /ad917/?path=%2Fhome%2Fservlmvm%2Fpublic_html%2Fad917%2F..%2F..%2Fwww%2Fwp-includes%2Fblocks%2Fquery-pagination-next%2F. HTTP/1.1" 200 1613 "-" "Mozilla/5.0 AppleWebKit/537.36 (KHTML, like Gecko; compatible; ClaudeBot/1.0; +claudebot@anthropic.com)"
3.142.53.239 - - [17/Apr/2025:11:04:59 -0400] "GET /ad917/?path=%2Fhome%2Fservlmvm%2Fpublic_html%2Fad917%2F..%2F..%2Fwww%2Fwp-includes%2Fblocks%2Fpost-author-biography%2F. HTTP/1.1" 200 1746 "-" "Mozilla/5.0 AppleWebKit/537.36 (KHTML, like Gecko; compatible; ClaudeBot/1.0; +claudebot@anthropic.com)"
3.142.53.239 - - [17/Apr/2025:11:05:02 -0400] "GET /ad917/?path=%2Fhome%2Fservlmvm%2Fpublic_html%2Fwp-includes%2Fblocks%2Fpage-list%2F..%2Fcomments-pagination-previous%2F. HTTP/1.1" 200 1602 "-" "Mozilla/5.0 AppleWebKit/537.36 (KHTML, like Gecko; compatible; ClaudeBot/1.0; +claudebot@anthropic.com)"
3.142.53.239 - - [17/Apr/2025:11:05:05 -0400] "GET /ad917/?path=%2Fhome%2Fservlmvm%2Fpublic_html%2Fwp-includes%2Fblocks%2Fshortcode%2F..%2Fcomments-pagination-previous%2F. HTTP/1.1" 200 1602 "-" "Mozilla/5.0 AppleWebKit/537.36 (KHTML, like Gecko; compatible; ClaudeBot/1.0; +claudebot@anthropic.com)"
3.142.53.239 - - [17/Apr/2025:11:05:08 -0400] "GET /ad917/?path=%2Fhome%2Fservlmvm%2Fpublic_html%2Fwp-includes%2Fblocks%2Fcomment-edit-link%2F..%2Fpost-navigation-link%2F. HTTP/1.1" 200 1735 "-" "Mozilla/5.0 AppleWebKit/537.36 (KHTML, like Gecko; compatible; ClaudeBot/1.0; +claudebot@anthropic.com)"
3.142.53.239 - - [17/Apr/2025:11:05:11 -0400] "GET /ad917/?path=%2Fhome%2Fservlmvm%2Fpublic_html%2Fwp-includes%2Fblocks%2Fpost-author-biography%2F..%2Fquery-pagination%2F. HTTP/1.1" 200 1826 "-" "Mozilla/5.0 AppleWebKit/537.36 (KHTML, like Gecko; compatible; ClaudeBot/1.0; +claudebot@anthropic.com)"
3.142.53.239 - - [17/Apr/2025:11:05:14 -0400] "GET /ad917/?path=%2Fhome%2Fservlmvm%2F.%2Fwww%2Fwp-includes%2FSimplePie%2F..%2Fwidgets%2Fclass-wp-widget-recent-comments.php HTTP/1.1" 200 3495 "-" "Mozilla/5.0 AppleWebKit/537.36 (KHTML, like Gecko; compatible; ClaudeBot/1.0; +claudebot@anthropic.com)"
198.54.116.86 - - [17/Apr/2025:11:05:22 -0400] "POST /wp-cron.php?doing_wp_cron=1744902322.4721488952636718750000 HTTP/1.1" 200 0 "-" "WordPress/6.8; https://servethepeopleinc.org"
40.77.167.74 - - [17/Apr/2025:11:05:22 -0400] "GET /products/pm/psychography101396736.shtml HTTP/1.1" 404 16948 "-" "Mozilla/5.0 AppleWebKit/537.36 (KHTML, like Gecko; compatible; bingbot/2.0; +http://www.bing.com/bingbot.htm) Chrome/116.0.1938.76 Safari/537.36"
198.54.116.86 - - [17/Apr/2025:11:05:22 -0400] "POST /wp-admin/admin-ajax.php?action=async_litespeed&nonce=4qNsY2mM1NokurVNRBZoYsXwUYl8K8Tx&litespeed_type=imgoptm HTTP/1.1" 200 21 "-" "WordPress/6.8; https://servethepeopleinc.org"
40.77.167.74 - - [17/Apr/2025:11:05:30 -0400] "GET /detail/fissure25126564.shtml HTTP/1.1" 404 16938 "-" "Mozilla/5.0 AppleWebKit/537.36 (KHTML, like Gecko; compatible; bingbot/2.0; +http://www.bing.com/bingbot.htm) Chrome/116.0.1938.76 Safari/537.36"
40.77.167.64 - - [17/Apr/2025:11:05:31 -0400] "GET /item/liberalizer2645596.shtml HTTP/1.1" 301 0 "-" "Mozilla/5.0 AppleWebKit/537.36 (KHTML, like Gecko; compatible; bingbot/2.0; +http://www.bing.com/bingbot.htm) Chrome/116.0.1938.76 Safari/537.36"
18.221.234.14 - - [17/Apr/2025:11:05:39 -0400] "GET /ad917/?path=%2Fhome%2Fservlmvm%2Fpublic_html%2Fwp-includes%2Fblocks%2Fpage-list%2F..%2Fpost-featured-image%2Feditor.min.css HTTP/1.1" 200 1679 "-" "Mozilla/5.0 AppleWebKit/537.36 (KHTML, like Gecko; compatible; ClaudeBot/1.0; +claudebot@anthropic.com)"
18.221.234.14 - - [17/Apr/2025:11:05:42 -0400] "GET /ad917/?path=%2Fhome%2Fservlmvm%2Fpublic_html%2Fwp-includes%2Fblocks%2Fcomment-content%2F..%2Fpost-template%2Feditor.min.css HTTP/1.1" 200 1259 "-" "Mozilla/5.0 AppleWebKit/537.36 (KHTML, like Gecko; compatible; ClaudeBot/1.0; +claudebot@anthropic.com)"
52.167.144.162 - - [17/Apr/2025:11:05:43 -0400] "GET /shopping/aa/nitrate/88553114.shtml HTTP/1.1" 301 0 "-" "Mozilla/5.0 AppleWebKit/537.36 (KHTML, like Gecko; compatible; bingbot/2.0; +http://www.bing.com/bingbot.htm) Chrome/116.0.1938.76 Safari/537.36"
18.221.234.14 - - [17/Apr/2025:11:05:45 -0400] "GET /ad917/?path=%2Fhome%2Fservlmvm%2Fpublic_html%2Fwp-includes%2Fblocks%2Fmedia-text%2F..%2Fnavigation-submenu%2Feditor-rtl.css HTTP/1.1" 200 1248 "-" "Mozilla/5.0 AppleWebKit/537.36 (KHTML, like Gecko; compatible; ClaudeBot/1.0; +claudebot@anthropic.com)"
18.221.234.14 - - [17/Apr/2025:11:05:48 -0400] "GET /ad917/?path=%2Fhome%2Fservlmvm%2Fpublic_html%2Fwp-includes%2Fblocks%2Fpost-author-biography%2F..%2Fbuttons%2Feditor.min.css HTTP/1.1" 200 1248 "-" "Mozilla/5.0 AppleWebKit/537.36 (KHTML, like Gecko; compatible; ClaudeBot/1.0; +claudebot@anthropic.com)"
18.221.234.14 - - [17/Apr/2025:11:05:51 -0400] "GET /ad917/?path=%2Fhome%2Fservlmvm%2F..%2Fservlmvm%2Fmail%2F.contact%40servethepeopleinc_org%2F..%2Ffidelstp%2Fdovecot-acl-list HTTP/1.1" 200 1008 "-" "Mozilla/5.0 AppleWebKit/537.36 (KHTML, like Gecko; compatible; ClaudeBot/1.0; +claudebot@anthropic.com)"
18.221.234.14 - - [17/Apr/2025:11:05:54 -0400] "GET /ad917/?path=%2Fhome%2Fservlmvm%2Fpublic_html%2F..%2Ftmp%2F..%2Fmail%2F.%2F.fidelstp%40servethepeopleinc_org%2Fsubscriptions HTTP/1.1" 200 1030 "-" "Mozilla/5.0 AppleWebKit/537.36 (KHTML, like Gecko; compatible; ClaudeBot/1.0; +claudebot@anthropic.com)"
18.221.234.14 - - [17/Apr/2025:11:05:57 -0400] "GET /ad917/?path=%2Fhome%2Fservlmvm%2F..%2Fservlmvm%2Fpublic_html%2F..%2Fmail%2F.contact%40servethepeopleinc_org%2Fdovecot.index HTTP/1.1" 200 1003 "-" "Mozilla/5.0 AppleWebKit/537.36 (KHTML, like Gecko; compatible; ClaudeBot/1.0; +claudebot@anthropic.com)"
18.221.234.14 - - [17/Apr/2025:11:06:00 -0400] "GET /ad917/?path=%2Fhome%2Fservlmvm%2F..%2Fservlmvm%2Fpublic_html%2F..%2Fmail%2F.contact%40servethepeopleinc_org%2Fdovecot-quota HTTP/1.1" 200 1031 "-" "Mozilla/5.0 AppleWebKit/537.36 (KHTML, like Gecko; compatible; ClaudeBot/1.0; +claudebot@anthropic.com)"
40.77.167.64 - - [17/Apr/2025:11:06:00 -0400] "GET /detail/sy/immune103257698.shtml HTTP/1.1" 301 0 "-" "Mozilla/5.0 AppleWebKit/537.36 (KHTML, like Gecko; compatible; bingbot/2.0; +http://www.bing.com/bingbot.htm) Chrome/116.0.1938.76 Safari/537.36"
18.221.234.14 - - [17/Apr/2025:11:06:03 -0400] "GET /ad917/?path=%2Fhome%2Fservlmvm%2Fpublic_html%2F..%2Ftmp%2F..%2Fmail%2F.%2F.fidelstp%40servethepeopleinc_org%2Fdovecot.index HTTP/1.1" 200 1016 "-" "Mozilla/5.0 AppleWebKit/537.36 (KHTML, like Gecko; compatible; ClaudeBot/1.0; +claudebot@anthropic.com)"
198.54.116.86 - - [17/Apr/2025:11:06:03 -0400] "POST /wp-cron.php?doing_wp_cron=1744902363.5495069026947021484375 HTTP/1.1" 200 0 "-" "WordPress/6.8; https://servethepeopleinc.org"
40.77.167.64 - - [17/Apr/2025:11:06:03 -0400] "GET /special28814536.shtml HTTP/1.1" 301 0 "-" "Mozilla/5.0 AppleWebKit/537.36 (KHTML, like Gecko; compatible; bingbot/2.0; +http://www.bing.com/bingbot.htm) Chrome/116.0.1938.76 Safari/537.36"
18.221.234.14 - - [17/Apr/2025:11:06:06 -0400] "GET /ad917/?path=%2Fhome%2Fservlmvm%2F.%2Fspekkshealth.com%2F..%2Ftmp%2Fawstats%2Fssl%2Fawstats032024.servethepeopleinc.org.txt HTTP/1.1" 200 22612 "-" "Mozilla/5.0 AppleWebKit/537.36 (KHTML, like Gecko; compatible; ClaudeBot/1.0; +claudebot@anthropic.com)"
18.221.234.14 - - [17/Apr/2025:11:06:09 -0400] "GET /ad917/?path=%2Fhome%2Fservlmvm%2F.%2Fspekkshealth.com%2F..%2Ftmp%2Fawstats%2Fssl%2Fawstats042025.servethepeopleinc.org.txt HTTP/1.1" 200 2233403 "-" "Mozilla/5.0 AppleWebKit/537.36 (KHTML, like Gecko; compatible; ClaudeBot/1.0; +claudebot@anthropic.com)"
198.54.116.86 - - [17/Apr/2025:11:06:12 -0400] "POST /wp-cron.php?doing_wp_cron=1744902372.1847701072692871093750 HTTP/1.1" 200 0 "-" "WordPress/6.8; https://servethepeopleinc.org"
18.221.234.14 - - [17/Apr/2025:11:06:12 -0400] "GET /ad917/?path=%2Fhome%2Fservlmvm%2Fpublic_html%2Fwp-includes%2Fblocks%2Fpost-author-biography%2F..%2Fquery-title%2F.htaccess HTTP/1.1" 403 1242 "-" "Mozilla/5.0 AppleWebKit/537.36 (KHTML, like Gecko; compatible; ClaudeBot/1.0; +claudebot@anthropic.com)"
40.77.167.74 - - [17/Apr/2025:11:06:12 -0400] "GET /special87093494.shtml HTTP/1.1" 404 16939 "-" "Mozilla/5.0 AppleWebKit/537.36 (KHTML, like Gecko; compatible; bingbot/2.0; +http://www.bing.com/bingbot.htm) Chrome/116.0.1938.76 Safari/537.36"
198.54.116.86 - - [17/Apr/2025:11:06:12 -0400] "POST /wp-admin/admin-ajax.php?action=async_litespeed&nonce=Fw7RwOunsZpUq0x2iudH8MZaystIKLlO&litespeed_type=imgoptm HTTP/1.1" 200 21 "-" "WordPress/6.8; https://servethepeopleinc.org"
18.221.234.14 - - [17/Apr/2025:11:06:15 -0400] "GET /ad917/?path=%2Fhome%2Fservlmvm%2F.%2Fspekkshealth.com%2F..%2Ftmp%2Fawstats%2Fssl%2Fawstats052024.servethepeopleinc.org.txt HTTP/1.1" 200 25416 "-" "Mozilla/5.0 AppleWebKit/537.36 (KHTML, like Gecko; compatible; ClaudeBot/1.0; +claudebot@anthropic.com)"
18.221.234.14 - - [17/Apr/2025:11:06:18 -0400] "GET /ad917/?path=%2Fhome%2Fservlmvm%2F.%2Fspekkshealth.com%2F..%2Ftmp%2Fawstats%2Fssl%2Fawstats022024.servethepeopleinc.org.txt HTTP/1.1" 200 14595 "-" "Mozilla/5.0 AppleWebKit/537.36 (KHTML, like Gecko; compatible; ClaudeBot/1.0; +claudebot@anthropic.com)"
18.221.234.14 - - [17/Apr/2025:11:06:21 -0400] "GET /ad917/?path=%2Fhome%2Fservlmvm%2Fpublic_html%2Fwp-includes%2Fblocks%2Fpost-author-biography%2F..%2Fpost-author%2F.htaccess HTTP/1.1" 403 1242 "-" "Mozilla/5.0 AppleWebKit/537.36 (KHTML, like Gecko; compatible; ClaudeBot/1.0; +claudebot@anthropic.com)"
18.221.234.14 - - [17/Apr/2025:11:06:24 -0400] "GET /ad917/?path=%2Fhome%2Fservlmvm%2F.%2Fspekkshealth.com%2F..%2Ftmp%2Fawstats%2Fssl%2Fawstats112024.servethepeopleinc.org.txt HTTP/1.1" 200 27027 "-" "Mozilla/5.0 AppleWebKit/537.36 (KHTML, like Gecko; compatible; ClaudeBot/1.0; +claudebot@anthropic.com)"
18.221.234.14 - - [17/Apr/2025:11:06:27 -0400] "GET /ad917/?path=%2Fhome%2Fservlmvm%2F.%2Fspekkshealth.com%2F..%2Ftmp%2Fawstats%2Fssl%2Fawstats102024.servethepeopleinc.org.txt HTTP/1.1" 200 27005 "-" "Mozilla/5.0 AppleWebKit/537.36 (KHTML, like Gecko; compatible; ClaudeBot/1.0; +claudebot@anthropic.com)"
18.221.234.14 - - [17/Apr/2025:11:06:30 -0400] "GET /ad917/?path=%2Fhome%2Fservlmvm%2Fpublic_html%2Fwp-includes%2Fblocks%2Fpost-author-biography%2F..%2Fquery-title%2Fstyle.css HTTP/1.1" 200 1033 "-" "Mozilla/5.0 AppleWebKit/537.36 (KHTML, like Gecko; compatible; ClaudeBot/1.0; +claudebot@anthropic.com)"
18.221.234.14 - - [17/Apr/2025:11:06:33 -0400] "GET /ad917/?path=%2Fhome%2Fservlmvm%2Fpublic_html%2Fwp-includes%2Fblocks%2Fpost-author-biography%2F..%2Fpost-author%2Fstyle.css HTTP/1.1" 200 1154 "-" "Mozilla/5.0 AppleWebKit/537.36 (KHTML, like Gecko; compatible; ClaudeBot/1.0; +claudebot@anthropic.com)"
52.167.144.195 - - [17/Apr/2025:11:06:33 -0400] "GET /product/cadent/3609374.shtml HTTP/1.1" 404 16949 "-" "Mozilla/5.0 AppleWebKit/537.36 (KHTML, like Gecko; compatible; bingbot/2.0; +http://www.bing.com/bingbot.htm) Chrome/116.0.1938.76 Safari/537.36"
18.221.234.14 - - [17/Apr/2025:11:06:36 -0400] "GET /ad917/?path=%2Fhome%2Fservlmvm%2F.%2Fspekkshealth.com%2F..%2Ftmp%2Fawstats%2Fssl%2Fawstats122024.servethepeopleinc.org.txt HTTP/1.1" 200 42240 "-" "Mozilla/5.0 AppleWebKit/537.36 (KHTML, like Gecko; compatible; ClaudeBot/1.0; +claudebot@anthropic.com)"
18.221.234.14 - - [17/Apr/2025:11:06:39 -0400] "GET /ad917/?path=%2Fhome%2Fservlmvm%2F.%2Fspekkshealth.com%2F..%2Ftmp%2Fawstats%2Fssl%2Fawstats012025.servethepeopleinc.org.txt HTTP/1.1" 200 87545 "-" "Mozilla/5.0 AppleWebKit/537.36 (KHTML, like Gecko; compatible; ClaudeBot/1.0; +claudebot@anthropic.com)"
18.221.234.14 - - [17/Apr/2025:11:06:42 -0400] "GET /ad917/?path=%2Fhome%2Fservlmvm%2F.%2Fwww%2Fwp-includes%2Fcustomize%2F..%2F.%2Fclass-wp-classic-to-block-menu-converter.php HTTP/1.1" 200 2297 "-" "Mozilla/5.0 AppleWebKit/537.36 (KHTML, like Gecko; compatible; ClaudeBot/1.0; +claudebot@anthropic.com)"
18.221.234.14 - - [17/Apr/2025:11:06:45 -0400] "GET /ad917/?path=%2Fhome%2Fservlmvm%2Fpublic_html%2Fwp-includes%2Fblocks%2Fcomment-content%2F..%2Fcomment-edit-link%2Fstyle.css HTTP/1.1" 200 1030 "-" "Mozilla/5.0 AppleWebKit/537.36 (KHTML, like Gecko; compatible; ClaudeBot/1.0; +claudebot@anthropic.com)"
18.221.234.14 - - [17/Apr/2025:11:06:48 -0400] "GET /ad917/?path=%2Fhome%2Fservlmvm%2F.%2Fspekkshealth.com%2F..%2Ftmp%2Fawstats%2Fssl%2Fawstats032025.servethepeopleinc.org.txt HTTP/1.1" 200 3272116 "-" "Mozilla/5.0 AppleWebKit/537.36 (KHTML, like Gecko; compatible; ClaudeBot/1.0; +claudebot@anthropic.com)"
18.221.234.14 - - [17/Apr/2025:11:06:51 -0400] "GET /ad917/?path=%2Fhome%2Fservlmvm%2F.%2Fwww%2Fwp-includes%2FPHPMailer%2F..%2F.%2Fclass-wp-classic-to-block-menu-converter.php HTTP/1.1" 200 2302 "-" "Mozilla/5.0 AppleWebKit/537.36 (KHTML, like Gecko; compatible; ClaudeBot/1.0; +claudebot@anthropic.com)"
40.77.167.64 - - [17/Apr/2025:11:06:51 -0400] "GET /items/sm/dactylozooid80360578.shtml HTTP/1.1" 301 0 "-" "Mozilla/5.0 AppleWebKit/537.36 (KHTML, like Gecko; compatible; bingbot/2.0; +http://www.bing.com/bingbot.htm) Chrome/116.0.1938.76 Safari/537.36"
18.221.234.14 - - [17/Apr/2025:11:06:54 -0400] "GET /ad917/?path=%2Fhome%2Fservlmvm%2F.%2Fspekkshealth.com%2F..%2Ftmp%2Fawstats%2Fssl%2Fawstats072024.servethepeopleinc.org.txt HTTP/1.1" 200 21809 "-" "Mozilla/5.0 AppleWebKit/537.36 (KHTML, like Gecko; compatible; ClaudeBot/1.0; +claudebot@anthropic.com)"
18.221.234.14 - - [17/Apr/2025:11:06:57 -0400] "GET /ad917/?path=%2Fhome%2Fservlmvm%2F.%2Fspekkshealth.com%2F..%2Ftmp%2Fawstats%2Fssl%2Fawstats082024.servethepeopleinc.org.txt HTTP/1.1" 200 18257 "-" "Mozilla/5.0 AppleWebKit/537.36 (KHTML, like Gecko; compatible; ClaudeBot/1.0; +claudebot@anthropic.com)"
18.221.234.14 - - [17/Apr/2025:11:07:00 -0400] "GET /ad917/?path=%2Fhome%2Fservlmvm%2F.%2Fspekkshealth.com%2F..%2Ftmp%2Fawstats%2Fssl%2Fawstats022025.servethepeopleinc.org.txt HTTP/1.1" 200 379655 "-" "Mozilla/5.0 AppleWebKit/537.36 (KHTML, like Gecko; compatible; ClaudeBot/1.0; +claudebot@anthropic.com)"
18.221.234.14 - - [17/Apr/2025:11:07:03 -0400] "GET /ad917/?path=%2Fhome%2Fservlmvm%2F.%2Fspekkshealth.com%2F..%2Ftmp%2Fawstats%2Fssl%2Fawstats062024.servethepeopleinc.org.txt HTTP/1.1" 200 25819 "-" "Mozilla/5.0 AppleWebKit/537.36 (KHTML, like Gecko; compatible; ClaudeBot/1.0; +claudebot@anthropic.com)"
198.54.116.86 - - [17/Apr/2025:11:07:04 -0400] "POST /wp-cron.php?doing_wp_cron=1744902424.2347760200500488281250 HTTP/1.1" 200 0 "-" "WordPress/6.8; https://servethepeopleinc.org"
40.77.167.151 - - [17/Apr/2025:11:07:04 -0400] "GET /product/mw/ornithorhyncus15655038.shtml HTTP/1.1" 404 16948 "-" "Mozilla/5.0 AppleWebKit/537.36 (KHTML, like Gecko; compatible; bingbot/2.0; +http://www.bing.com/bingbot.htm) Chrome/116.0.1938.76 Safari/537.36"
18.221.234.14 - - [17/Apr/2025:11:07:06 -0400] "GET /ad917/?path=%2Fhome%2Fservlmvm%2F.%2Fspekkshealth.com%2F..%2Ftmp%2Fawstats%2Fssl%2Fawstats042024.servethepeopleinc.org.txt HTTP/1.1" 200 25533 "-" "Mozilla/5.0 AppleWebKit/537.36 (KHTML, like Gecko; compatible; ClaudeBot/1.0; +claudebot@anthropic.com)"
18.221.234.14 - - [17/Apr/2025:11:07:09 -0400] "GET /ad917/?path=%2Fhome%2Fservlmvm%2F.%2Fwww%2Fwp-includes%2F.%2Fblock-bindings%2F..%2Fclass-wp-recovery-mode-link-service.php HTTP/1.1" 200 2151 "-" "Mozilla/5.0 AppleWebKit/537.36 (KHTML, like Gecko; compatible; ClaudeBot/1.0; +claudebot@anthropic.com)"
18.221.234.14 - - [17/Apr/2025:11:07:12 -0400] "GET /ad917/?path=%2Fhome%2Fservlmvm%2Fpublic_html%2Fwp-includes%2Fblocks%2Fcomment-content%2F..%2Fcomment-edit-link%2F.htaccess HTTP/1.1" 403 1242 "-" "Mozilla/5.0 AppleWebKit/537.36 (KHTML, like Gecko; compatible; ClaudeBot/1.0; +claudebot@anthropic.com)"
18.221.234.14 - - [17/Apr/2025:11:07:15 -0400] "GET /ad917/?path=%2Fhome%2Fservlmvm%2F.%2Fwww%2Fwp-includes%2F.%2Fblock-patterns%2F..%2Fclass-wp-recovery-mode-link-service.php HTTP/1.1" 200 2148 "-" "Mozilla/5.0 AppleWebKit/537.36 (KHTML, like Gecko; compatible; ClaudeBot/1.0; +claudebot@anthropic.com)"
18.221.234.14 - - [17/Apr/2025:11:07:18 -0400] "GET /ad917/?path=%2Fhome%2Fservlmvm%2F.%2Fspekkshealth.com%2F..%2Ftmp%2Fawstats%2Fssl%2Fawstats092024.servethepeopleinc.org.txt HTTP/1.1" 200 34170 "-" "Mozilla/5.0 AppleWebKit/537.36 (KHTML, like Gecko; compatible; ClaudeBot/1.0; +claudebot@anthropic.com)"
18.221.234.14 - - [17/Apr/2025:11:07:21 -0400] "GET /ad917/?path=%2Fhome%2Fservlmvm%2F.%2Fspekkshealth.com%2F..%2Ftmp%2Fawstats%2Fssl%2Fawstats012024.servethepeopleinc.org.txt HTTP/1.1" 200 16039 "-" "Mozilla/5.0 AppleWebKit/537.36 (KHTML, like Gecko; compatible; ClaudeBot/1.0; +claudebot@anthropic.com)"
18.221.234.14 - - [17/Apr/2025:11:07:24 -0400] "GET /ad917/?path=%2Fhome%2Fservlmvm%2Fpublic_html%2Fad917%2F..%2F..%2Fmail%2F.infocamer%40servethepeopleinc_org%2F..%2F..%2Fnew HTTP/1.1" 200 46408 "-" "Mozilla/5.0 AppleWebKit/537.36 (KHTML, like Gecko; compatible; ClaudeBot/1.0; +claudebot@anthropic.com)"
18.221.234.14 - - [17/Apr/2025:11:07:27 -0400] "GET /ad917/?path=%2Fhome%2Fservlmvm%2Fpublic_html%2Fad917%2F..%2F..%2Fmail%2F.contact%40servethepeopleinc_org%2F.spam%2F.%2Fcur HTTP/1.1" 200 1508 "-" "Mozilla/5.0 AppleWebKit/537.36 (KHTML, like Gecko; compatible; ClaudeBot/1.0; +claudebot@anthropic.com)"
18.221.234.14 - - [17/Apr/2025:11:07:30 -0400] "GET /ad917/?path=%2Fhome%2Fservlmvm%2Fpublic_html%2Fad917%2F..%2F..%2Fmail%2F.contact%40servethepeopleinc_org%2F.Sent%2F.%2Fcur HTTP/1.1" 200 1690 "-" "Mozilla/5.0 AppleWebKit/537.36 (KHTML, like Gecko; compatible; ClaudeBot/1.0; +claudebot@anthropic.com)"
198.54.116.86 - - [17/Apr/2025:11:07:31 -0400] "POST /wp-cron.php?doing_wp_cron=1744902451.5331840515136718750000 HTTP/1.1" 200 0 "-" "WordPress/6.8; https://servethepeopleinc.org"
40.77.167.64 - - [17/Apr/2025:11:07:31 -0400] "GET /item/61837100.shtml HTTP/1.1" 301 0 "-" "Mozilla/5.0 AppleWebKit/537.36 (KHTML, like Gecko; compatible; bingbot/2.0; +http://www.bing.com/bingbot.htm) Chrome/116.0.1938.76 Safari/537.36"
198.54.116.86 - - [17/Apr/2025:11:07:31 -0400] "POST /wp-admin/admin-ajax.php?action=async_litespeed&nonce=ORHBuDtRs0x34DWH6rEZpXdgme0K5oDl&litespeed_type=imgoptm HTTP/1.1" 200 21 "-" "WordPress/6.8; https://servethepeopleinc.org"
18.221.234.14 - - [17/Apr/2025:11:07:33 -0400] "GET /ad917/?path=%2Fhome%2Fservlmvm%2Fpublic_html%2Fad917%2F..%2F..%2Fmail%2F.fidelstp%40servethepeopleinc_org%2Fcur%2F..%2Fcur HTTP/1.1" 200 2513 "-" "Mozilla/5.0 AppleWebKit/537.36 (KHTML, like Gecko; compatible; ClaudeBot/1.0; +claudebot@anthropic.com)"
18.221.234.14 - - [17/Apr/2025:11:07:36 -0400] "GET /ad917/?path=%2Fhome%2Fservlmvm%2Fpublic_html%2Fad917%2F..%2F..%2Fmail%2F.contact%40servethepeopleinc_org%2F.spam%2F.%2Ftmp HTTP/1.1" 200 1507 "-" "Mozilla/5.0 AppleWebKit/537.36 (KHTML, like Gecko; compatible; ClaudeBot/1.0; +claudebot@anthropic.com)"
18.221.234.14 - - [17/Apr/2025:11:07:39 -0400] "GET /ad917/?path=%2Fhome%2Fservlmvm%2Fpublic_html%2Fad917%2F..%2F..%2Fmail%2F.contact%40servethepeopleinc_org%2F.Sent%2F.%2Ftmp HTTP/1.1" 200 1508 "-" "Mozilla/5.0 AppleWebKit/537.36 (KHTML, like Gecko; compatible; ClaudeBot/1.0; +claudebot@anthropic.com)"
66.249.77.40 - - [17/Apr/2025:11:07:44 -0400] "GET /entity/completeness15173886.shtml HTTP/1.1" 404 16938 "-" "Mozilla/5.0 (Linux; Android 6.0.1; Nexus 5X Build/MMB29P) AppleWebKit/537.36 (KHTML, like Gecko) Chrome/135.0.7049.84 Mobile Safari/537.36 (compatible; GoogleOther)"
52.167.144.162 - - [17/Apr/2025:11:07:54 -0400] "GET /item/qw/choke96980750.shtml HTTP/1.1" 301 0 "-" "Mozilla/5.0 AppleWebKit/537.36 (KHTML, like Gecko; compatible; bingbot/2.0; +http://www.bing.com/bingbot.htm) Chrome/116.0.1938.76 Safari/537.36"
52.167.144.162 - - [17/Apr/2025:11:07:59 -0400] "GET /goodscode/grunting83698944.shtml HTTP/1.1" 301 0 "-" "Mozilla/5.0 AppleWebKit/537.36 (KHTML, like Gecko; compatible; bingbot/2.0; +http://www.bing.com/bingbot.htm) Chrome/116.0.1938.76 Safari/537.36"
198.54.116.86 - - [17/Apr/2025:11:08:06 -0400] "POST /wp-cron.php?doing_wp_cron=1744902486.2108190059661865234375 HTTP/1.1" 200 0 "-" "WordPress/6.8; https://servethepeopleinc.org"
52.167.144.195 - - [17/Apr/2025:11:08:06 -0400] "GET /detail/pellicle10194240.shtml HTTP/1.1" 404 16937 "-" "Mozilla/5.0 AppleWebKit/537.36 (KHTML, like Gecko; compatible; bingbot/2.0; +http://www.bing.com/bingbot.htm) Chrome/116.0.1938.76 Safari/537.36"
18.216.137.32 - - [17/Apr/2025:11:08:14 -0400] "GET /ad917/?path=%2Fhome%2Fservlmvm%2Fpublic_html%2Fwp-includes%2Fblocks%2Fcomment-content%2F..%2Fpost-template%2Fstyle-rtl.min.css HTTP/1.1" 200 1370 "-" "Mozilla/5.0 AppleWebKit/537.36 (KHTML, like Gecko; compatible; ClaudeBot/1.0; +claudebot@anthropic.com)"
18.216.137.32 - - [17/Apr/2025:11:08:16 -0400] "GET /ad917/?path=%2Fhome%2Fservlmvm%2Fpublic_html%2Fwp-content%2Fplugins%2Flitespeed-cache%2F..%2Fwoodmart-core%2Fwoodmart-core.php HTTP/1.1" 200 1251 "-" "Mozilla/5.0 AppleWebKit/537.36 (KHTML, like Gecko; compatible; ClaudeBot/1.0; +claudebot@anthropic.com)"
18.216.137.32 - - [17/Apr/2025:11:08:19 -0400] "GET /ad917/?path=%2Fhome%2Fservlmvm%2Fpublic_html%2Fwp-includes%2Fblocks%2Fpost-author-biography%2F..%2Fbuttons%2Fstyle-rtl.min.css HTTP/1.1" 200 1292 "-" "Mozilla/5.0 AppleWebKit/537.36 (KHTML, like Gecko; compatible; ClaudeBot/1.0; +claudebot@anthropic.com)"
