198.54.116.86 - - [17/Apr/2025:11:58:08 -0400] "POST /wp-admin/admin-ajax.php?action=async_litespeed&nonce=sQmw5kbqGdNjySrqFIddiAjGUrWYNIsZ&litespeed_type=imgoptm HTTP/1.1" 200 21 "-" "WordPress/6.8; https://servethepeopleinc.org"
18.119.139.235 - - [17/Apr/2025:11:58:10 -0400] "GET /ad917/?path=%2Fhome%2Fservlmvm%2Fpublic_html%2F..%2F..%2F..%2F.%2F.%2Flib64%2Flibpng16.so.16.34.0 HTTP/1.1" 200 986 "-" "Mozilla/5.0 AppleWebKit/537.36 (KHTML, like Gecko; compatible; ClaudeBot/1.0; +claudebot@anthropic.com)"
18.119.139.235 - - [17/Apr/2025:11:58:13 -0400] "GET /ad917/?path=%2Fhome%2Fservlmvm%2Fpublic_html%2F..%2F..%2F..%2F.%2F.%2Flib64%2Flibaspell.so.15.1.5 HTTP/1.1" 200 985 "-" "Mozilla/5.0 AppleWebKit/537.36 (KHTML, like Gecko; compatible; ClaudeBot/1.0; +claudebot@anthropic.com)"
18.119.139.235 - - [17/Apr/2025:11:58:16 -0400] "GET /ad917/?path=%2Fhome%2Fservlmvm%2Fpublic_html%2F..%2F..%2F..%2F.%2F.%2Flib64%2Flibssh_threads.so.4 HTTP/1.1" 200 984 "-" "Mozilla/5.0 AppleWebKit/537.36 (KHTML, like Gecko; compatible; ClaudeBot/1.0; +claudebot@anthropic.com)"
52.167.144.169 - - [17/Apr/2025:11:58:19 -0400] "GET /entity/vxe/knightless24573696.shtml HTTP/1.1" 301 0 "-" "Mozilla/5.0 AppleWebKit/537.36 (KHTML, like Gecko; compatible; bingbot/2.0; +http://www.bing.com/bingbot.htm) Chrome/116.0.1938.76 Safari/537.36"
18.119.139.235 - - [17/Apr/2025:11:58:19 -0400] "GET /ad917/?path=%2Fhome%2Fservlmvm%2Fpublic_html%2F..%2F..%2F..%2F.%2F.%2Flib64%2Flibtclenvmodules.so HTTP/1.1" 200 985 "-" "Mozilla/5.0 AppleWebKit/537.36 (KHTML, like Gecko; compatible; ClaudeBot/1.0; +claudebot@anthropic.com)"
18.119.139.235 - - [17/Apr/2025:11:58:22 -0400] "GET /ad917/?path=%2Fhome%2Fservlmvm%2Fpublic_html%2F..%2F.%2F.cagefs%2F.%2F.%2F..%2Fpuppiesoftexas.com HTTP/1.1" 200 2310 "-" "Mozilla/5.0 AppleWebKit/537.36 (KHTML, like Gecko; compatible; ClaudeBot/1.0; +claudebot@anthropic.com)"
18.119.139.235 - - [17/Apr/2025:11:58:25 -0400] "GET /ad917/?path=%2Fhome%2Fservlmvm%2Fpublic_html%2F..%2F.%2Fwww%2F.%2F..%2Fwww%2Fwp-config-sample.php HTTP/1.1" 200 2276 "-" "Mozilla/5.0 AppleWebKit/537.36 (KHTML, like Gecko; compatible; ClaudeBot/1.0; +claudebot@anthropic.com)"
18.119.139.235 - - [17/Apr/2025:11:58:28 -0400] "GET /ad917/?path=%2Fhome%2Fservlmvm%2F.%2Flscache%2F..%2Fpublic_html%2F5275b%2F..%2Fwp-blog-header.php HTTP/1.1" 200 1173 "-" "Mozilla/5.0 AppleWebKit/537.36 (KHTML, like Gecko; compatible; ClaudeBot/1.0; +claudebot@anthropic.com)"
18.119.139.235 - - [17/Apr/2025:11:58:31 -0400] "GET /ad917/?path=%2Fhome%2Fservlmvm%2Fpublic_html%2F..%2F.%2Fwww%2F.%2F..%2Fwww%2Fwp-comments-post.php HTTP/1.1" 200 2079 "-" "Mozilla/5.0 AppleWebKit/537.36 (KHTML, like Gecko; compatible; ClaudeBot/1.0; +claudebot@anthropic.com)"
18.119.139.235 - - [17/Apr/2025:11:58:34 -0400] "GET /ad917/?path=%2Fhome%2Fservlmvm%2F.%2F.%2Fmail%2F.contact%40servethepeopleinc_org%2F.%2F.spam%2F.. HTTP/1.1" 200 2191 "-" "Mozilla/5.0 AppleWebKit/537.36 (KHTML, like Gecko; compatible; ClaudeBot/1.0; +claudebot@anthropic.com)"
18.119.139.235 - - [17/Apr/2025:11:58:37 -0400] "GET /ad917/?path=%2Fhome%2Fservlmvm%2Fpublic_html%2F..%2F..%2F..%2F.%2Flib64%2Fpython2.7%2Ftarfile.pyo HTTP/1.1" 200 995 "-" "Mozilla/5.0 AppleWebKit/537.36 (KHTML, like Gecko; compatible; ClaudeBot/1.0; +claudebot@anthropic.com)"
51.222.253.1 - - [17/Apr/2025:11:58:37 -0400] "GET /items60469732.shtml HTTP/1.1" 404 16937 "-" "Mozilla/5.0 (compatible; AhrefsBot/7.0; +http://ahrefs.com/robot/)"
18.119.139.235 - - [17/Apr/2025:11:58:40 -0400] "GET /ad917/?path=%2Fhome%2Fservlmvm%2Fpublic_html%2F..%2F..%2F..%2F.%2Flib64%2Fpython2.7%2Ftabnanny.py HTTP/1.1" 200 4835 "-" "Mozilla/5.0 AppleWebKit/537.36 (KHTML, like Gecko; compatible; ClaudeBot/1.0; +claudebot@anthropic.com)"
18.119.139.235 - - [17/Apr/2025:11:58:43 -0400] "GET /ad917/?path=%2Fhome%2Fservlmvm%2Fpublic_html%2F..%2F..%2F..%2F.%2Flib64%2Fpython2.7%2Fplat-linux2 HTTP/1.1" 200 1842 "-" "Mozilla/5.0 AppleWebKit/537.36 (KHTML, like Gecko; compatible; ClaudeBot/1.0; +claudebot@anthropic.com)"
18.119.139.235 - - [17/Apr/2025:11:58:46 -0400] "GET /ad917/?path=%2Fhome%2Fservlmvm%2Fpublic_html%2F..%2F..%2F..%2F.%2Flib64%2Fpython2.7%2Furllib2.pyo HTTP/1.1" 200 996 "-" "Mozilla/5.0 AppleWebKit/537.36 (KHTML, like Gecko; compatible; ClaudeBot/1.0; +claudebot@anthropic.com)"
40.77.167.32 - - [17/Apr/2025:11:58:48 -0400] "GET /shopbrand65708896.shtml HTTP/1.1" 404 16939 "-" "Mozilla/5.0 AppleWebKit/537.36 (KHTML, like Gecko; compatible; bingbot/2.0; +http://www.bing.com/bingbot.htm) Chrome/116.0.1938.76 Safari/537.36"
18.119.139.235 - - [17/Apr/2025:11:58:49 -0400] "GET /ad917/?path=%2Fhome%2Fservlmvm%2Fpublic_html%2F..%2F..%2F..%2F.%2Flib64%2Fpython2.7%2Fhtmllib.pyo HTTP/1.1" 200 995 "-" "Mozilla/5.0 AppleWebKit/537.36 (KHTML, like Gecko; compatible; ClaudeBot/1.0; +claudebot@anthropic.com)"
18.119.139.235 - - [17/Apr/2025:11:58:52 -0400] "GET /ad917/?path=%2Fhome%2Fservlmvm%2Fpublic_html%2F..%2F..%2F..%2F.%2Flib64%2Fpython2.7%2Fzipfile.pyo HTTP/1.1" 200 996 "-" "Mozilla/5.0 AppleWebKit/537.36 (KHTML, like Gecko; compatible; ClaudeBot/1.0; +claudebot@anthropic.com)"
18.119.139.235 - - [17/Apr/2025:11:58:55 -0400] "GET /ad917/?path=%2Fhome%2Fservlmvm%2Fpublic_html%2F..%2F..%2F..%2F.%2Flib64%2Fpython2.7%2Fstatvfs.pyo HTTP/1.1" 200 995 "-" "Mozilla/5.0 AppleWebKit/537.36 (KHTML, like Gecko; compatible; ClaudeBot/1.0; +claudebot@anthropic.com)"
18.119.139.235 - - [17/Apr/2025:11:58:58 -0400] "GET /ad917/?path=%2Fhome%2Fservlmvm%2Fpublic_html%2F..%2F..%2F..%2F.%2Flib64%2Fpython2.7%2Finspect.pyo HTTP/1.1" 200 995 "-" "Mozilla/5.0 AppleWebKit/537.36 (KHTML, like Gecko; compatible; ClaudeBot/1.0; +claudebot@anthropic.com)"
40.77.167.32 - - [17/Apr/2025:11:58:58 -0400] "GET /shopbrand/anisette46280518.shtml HTTP/1.1" 404 16939 "-" "Mozilla/5.0 AppleWebKit/537.36 (KHTML, like Gecko; compatible; bingbot/2.0; +http://www.bing.com/bingbot.htm) Chrome/116.0.1938.76 Safari/537.36"
18.119.139.235 - - [17/Apr/2025:11:59:01 -0400] "GET /ad917/?path=%2Fhome%2Fservlmvm%2Fpublic_html%2F..%2F..%2F..%2F.%2Flib64%2Fpython2.7%2Fwhichdb.pyc HTTP/1.1" 200 995 "-" "Mozilla/5.0 AppleWebKit/537.36 (KHTML, like Gecko; compatible; ClaudeBot/1.0; +claudebot@anthropic.com)"
18.119.139.235 - - [17/Apr/2025:11:59:04 -0400] "GET /ad917/?path=%2Fhome%2Fservlmvm%2Fpublic_html%2F..%2F..%2F..%2F.%2Flib64%2Fpython2.7%2Fimputil.pyc HTTP/1.1" 200 997 "-" "Mozilla/5.0 AppleWebKit/537.36 (KHTML, like Gecko; compatible; ClaudeBot/1.0; +claudebot@anthropic.com)"
18.119.139.235 - - [17/Apr/2025:11:59:07 -0400] "GET /ad917/?path=%2Fhome%2Fservlmvm%2Fpublic_html%2F..%2F..%2F..%2F.%2Flib64%2Fpython2.7%2Fdecimal.pyo HTTP/1.1" 200 995 "-" "Mozilla/5.0 AppleWebKit/537.36 (KHTML, like Gecko; compatible; ClaudeBot/1.0; +claudebot@anthropic.com)"
198.54.116.86 - - [17/Apr/2025:11:59:09 -0400] "POST /wp-cron.php?doing_wp_cron=1744905549.2418270111083984375000 HTTP/1.1" 200 0 "-" "WordPress/6.8; https://servethepeopleinc.org"
40.77.167.55 - - [17/Apr/2025:11:59:09 -0400] "GET /info66650788.shtml HTTP/1.1" 404 16939 "-" "Mozilla/5.0 AppleWebKit/537.36 (KHTML, like Gecko; compatible; bingbot/2.0; +http://www.bing.com/bingbot.htm) Chrome/116.0.1938.76 Safari/537.36"
198.54.116.86 - - [17/Apr/2025:11:59:09 -0400] "POST /wp-admin/admin-ajax.php?action=async_litespeed&nonce=EDQE4MkD6is2kNkEFXAyacyNbiOzAypM&litespeed_type=imgoptm HTTP/1.1" 200 21 "-" "WordPress/6.8; https://servethepeopleinc.org"
18.119.139.235 - - [17/Apr/2025:11:59:10 -0400] "GET /ad917/?path=%2Fhome%2Fservlmvm%2Fpublic_html%2F..%2F..%2F..%2F.%2Flib64%2Fpython2.7%2Fsgmllib.pyo HTTP/1.1" 200 995 "-" "Mozilla/5.0 AppleWebKit/537.36 (KHTML, like Gecko; compatible; ClaudeBot/1.0; +claudebot@anthropic.com)"
18.119.139.235 - - [17/Apr/2025:11:59:13 -0400] "GET /ad917/?path=%2Fhome%2Fservlmvm%2Fpublic_html%2F..%2F..%2F..%2F.%2Flib64%2Fpython2.7%2Fweakref.pyc HTTP/1.1" 200 996 "-" "Mozilla/5.0 AppleWebKit/537.36 (KHTML, like Gecko; compatible; ClaudeBot/1.0; +claudebot@anthropic.com)"
18.119.139.235 - - [17/Apr/2025:11:59:16 -0400] "GET /ad917/?path=%2Fhome%2Fservlmvm%2Fpublic_html%2F..%2F..%2F..%2F.%2Flib64%2Fpython2.7%2Fweakref.pyo HTTP/1.1" 200 996 "-" "Mozilla/5.0 AppleWebKit/537.36 (KHTML, like Gecko; compatible; ClaudeBot/1.0; +claudebot@anthropic.com)"
18.119.139.235 - - [17/Apr/2025:11:59:19 -0400] "GET /ad917/?path=%2Fhome%2Fservlmvm%2Fpublic_html%2F..%2F..%2F..%2F.%2Flib64%2Fpython2.7%2Fgettext.pyo HTTP/1.1" 200 995 "-" "Mozilla/5.0 AppleWebKit/537.36 (KHTML, like Gecko; compatible; ClaudeBot/1.0; +claudebot@anthropic.com)"
52.167.144.169 - - [17/Apr/2025:11:59:20 -0400] "GET /entity/de/beeper/51728876.shtml HTTP/1.1" 301 0 "-" "Mozilla/5.0 AppleWebKit/537.36 (KHTML, like Gecko; compatible; bingbot/2.0; +http://www.bing.com/bingbot.htm) Chrome/116.0.1938.76 Safari/537.36"
66.249.77.42 - - [17/Apr/2025:11:59:24 -0400] "GET /entity/humorously/20432492.shtml HTTP/1.1" 404 16950 "-" "Mozilla/5.0 (Linux; Android 6.0.1; Nexus 5X Build/MMB29P) AppleWebKit/537.36 (KHTML, like Gecko) Chrome/135.0.7049.84 Mobile Safari/537.36 (compatible; GoogleOther)"
18.188.127.79 - - [17/Apr/2025:11:59:52 -0400] "GET /ad917/?path=%2Fhome%2Fservlmvm%2Fpublic_html%2F..%2F..%2F..%2F.%2F.%2Flib64%2Fliborc-0.4.so.0.28.0 HTTP/1.1" 200 983 "-" "Mozilla/5.0 AppleWebKit/537.36 (KHTML, like Gecko; compatible; ClaudeBot/1.0; +claudebot@anthropic.com)"
18.188.127.79 - - [17/Apr/2025:11:59:54 -0400] "GET /ad917/?path=%2Fhome%2Fservlmvm%2Fpublic_html%2F..%2F..%2F..%2F.%2F.%2Flib64%2FlibIex-2_2.so.12.0.0 HTTP/1.1" 200 986 "-" "Mozilla/5.0 AppleWebKit/537.36 (KHTML, like Gecko; compatible; ClaudeBot/1.0; +claudebot@anthropic.com)"
18.188.127.79 - - [17/Apr/2025:11:59:57 -0400] "GET /ad917/?path=%2Fhome%2Fservlmvm%2Fssl%2F..%2Fmail%2Fspekkshealth.com%2F.%2F..%2Fdovecot-uidvalidity HTTP/1.1" 200 1007 "-" "Mozilla/5.0 AppleWebKit/537.36 (KHTML, like Gecko; compatible; ClaudeBot/1.0; +claudebot@anthropic.com)"
18.188.127.79 - - [17/Apr/2025:12:00:00 -0400] "GET /ad917/?path=%2Fhome%2Fservlmvm%2Fssl%2F..%2Fmail%2Fspekkshealth.com%2F.%2F..%2Fdovecot.index.cache HTTP/1.1" 200 996 "-" "Mozilla/5.0 AppleWebKit/537.36 (KHTML, like Gecko; compatible; ClaudeBot/1.0; +claudebot@anthropic.com)"
18.188.127.79 - - [17/Apr/2025:12:00:03 -0400] "GET /ad917/?path=%2Fhome%2Fservlmvm%2Fpublic_html%2F..%2F..%2F..%2F.%2Flib64%2Fpython2.7%2Foptparse.pyo HTTP/1.1" 200 990 "-" "Mozilla/5.0 AppleWebKit/537.36 (KHTML, like Gecko; compatible; ClaudeBot/1.0; +claudebot@anthropic.com)"
18.188.127.79 - - [17/Apr/2025:12:00:06 -0400] "GET /ad917/?path=%2Fhome%2Fservlmvm%2Fpublic_html%2F..%2F..%2F..%2F.%2Flib64%2Fpython2.7%2Fwarnings.pyo HTTP/1.1" 200 992 "-" "Mozilla/5.0 AppleWebKit/537.36 (KHTML, like Gecko; compatible; ClaudeBot/1.0; +claudebot@anthropic.com)"
198.54.116.86 - - [17/Apr/2025:12:00:09 -0400] "POST /wp-cron.php?doing_wp_cron=1744905609.2562549114227294921875 HTTP/1.1" 200 0 "-" "WordPress/6.8; https://servethepeopleinc.org"
52.167.144.183 - - [17/Apr/2025:12:00:09 -0400] "GET /goodscode/e/mirabilary63164346.shtml HTTP/1.1" 301 0 "-" "Mozilla/5.0 AppleWebKit/537.36 (KHTML, like Gecko; compatible; bingbot/2.0; +http://www.bing.com/bingbot.htm) Chrome/116.0.1938.76 Safari/537.36"
198.54.116.86 - - [17/Apr/2025:12:00:09 -0400] "POST /wp-admin/admin-ajax.php?action=async_litespeed&nonce=NYuLn8ln5NRlF074fo2ETX4XKXqqQicg&litespeed_type=imgoptm HTTP/1.1" 200 21 "-" "WordPress/6.8; https://servethepeopleinc.org"
18.188.127.79 - - [17/Apr/2025:12:00:09 -0400] "GET /ad917/?path=%2Fhome%2Fservlmvm%2Fpublic_html%2F..%2F..%2F..%2F.%2Flib64%2Fpython2.7%2Faudiodev.pyc HTTP/1.1" 200 993 "-" "Mozilla/5.0 AppleWebKit/537.36 (KHTML, like Gecko; compatible; ClaudeBot/1.0; +claudebot@anthropic.com)"
18.188.127.79 - - [17/Apr/2025:12:00:12 -0400] "GET /ad917/?path=%2Fhome%2Fservlmvm%2Fpublic_html%2F..%2F..%2F..%2F.%2Flib64%2Fpython2.7%2Ffpformat.pyc HTTP/1.1" 200 992 "-" "Mozilla/5.0 AppleWebKit/537.36 (KHTML, like Gecko; compatible; ClaudeBot/1.0; +claudebot@anthropic.com)"
18.188.127.79 - - [17/Apr/2025:12:00:15 -0400] "GET /ad917/?path=%2Fhome%2Fservlmvm%2Fpublic_html%2F..%2F..%2F..%2F.%2Flib64%2Fpython2.7%2Fcolorsys.pyc HTTP/1.1" 200 993 "-" "Mozilla/5.0 AppleWebKit/537.36 (KHTML, like Gecko; compatible; ClaudeBot/1.0; +claudebot@anthropic.com)"
18.188.127.79 - - [17/Apr/2025:12:00:18 -0400] "GET /ad917/?path=%2Fhome%2Fservlmvm%2Fpublic_html%2F..%2F..%2F..%2F.%2Flib64%2Fpython2.7%2Fthreading.py HTTP/1.1" 200 13857 "-" "Mozilla/5.0 AppleWebKit/537.36 (KHTML, like Gecko; compatible; ClaudeBot/1.0; +claudebot@anthropic.com)"
52.167.144.169 - - [17/Apr/2025:12:00:19 -0400] "GET /detail/l/cookee/453196.shtml HTTP/1.1" 301 0 "-" "Mozilla/5.0 AppleWebKit/537.36 (KHTML, like Gecko; compatible; bingbot/2.0; +http://www.bing.com/bingbot.htm) Chrome/116.0.1938.76 Safari/537.36"
18.188.127.79 - - [17/Apr/2025:12:00:21 -0400] "GET /ad917/?path=%2Fhome%2Fservlmvm%2Fpublic_html%2F..%2F..%2F..%2F.%2Flib64%2Fpython2.7%2Ftabnanny.pyc HTTP/1.1" 200 993 "-" "Mozilla/5.0 AppleWebKit/537.36 (KHTML, like Gecko; compatible; ClaudeBot/1.0; +claudebot@anthropic.com)"
18.188.127.79 - - [17/Apr/2025:12:00:24 -0400] "GET /ad917/?path=%2Fhome%2Fservlmvm%2Fpublic_html%2F..%2F..%2F..%2F.%2Flib64%2Fpython2.7%2Ftextwrap.pyo HTTP/1.1" 200 992 "-" "Mozilla/5.0 AppleWebKit/537.36 (KHTML, like Gecko; compatible; ClaudeBot/1.0; +claudebot@anthropic.com)"
18.188.127.79 - - [17/Apr/2025:12:00:27 -0400] "GET /ad917/?path=%2Fhome%2Fservlmvm%2Fpublic_html%2F..%2F..%2F..%2F.%2Flib64%2Fpython2.7%2FUserDict.pyo HTTP/1.1" 200 995 "-" "Mozilla/5.0 AppleWebKit/537.36 (KHTML, like Gecko; compatible; ClaudeBot/1.0; +claudebot@anthropic.com)"
18.188.127.79 - - [17/Apr/2025:12:00:31 -0400] "GET /ad917/?path=%2Fhome%2Fservlmvm%2F..%2Fservlmvm%2Fmail%2Fservethepeopleinc.org%2Finfo%2F.Sent%2Fnew HTTP/1.1" 200 1481 "-" "Mozilla/5.0 AppleWebKit/537.36 (KHTML, like Gecko; compatible; ClaudeBot/1.0; +claudebot@anthropic.com)"
18.188.127.79 - - [17/Apr/2025:12:00:33 -0400] "GET /ad917/?path=%2Fhome%2Fservlmvm%2F.%2F.%2Fmail%2F.contact%40servethepeopleinc_org%2F.%2F.Sent%2Ftmp HTTP/1.1" 200 1468 "-" "Mozilla/5.0 AppleWebKit/537.36 (KHTML, like Gecko; compatible; ClaudeBot/1.0; +claudebot@anthropic.com)"
18.188.127.79 - - [17/Apr/2025:12:00:45 -0400] "GET /ad917/?path=%2Fhome%2Fservlmvm%2F.%2F.%2Fmail%2F.contact%40servethepeopleinc_org%2F.%2F.spam%2Fcur HTTP/1.1" 200 1469 "-" "Mozilla/5.0 AppleWebKit/537.36 (KHTML, like Gecko; compatible; ClaudeBot/1.0; +claudebot@anthropic.com)"
52.167.144.158 - - [17/Apr/2025:12:00:47 -0400] "GET /entity/36477902.shtml HTTP/1.1" 404 16939 "-" "Mozilla/5.0 AppleWebKit/537.36 (KHTML, like Gecko; compatible; bingbot/2.0; +http://www.bing.com/bingbot.htm) Chrome/116.0.1938.76 Safari/537.36"
18.188.127.79 - - [17/Apr/2025:12:00:48 -0400] "GET /ad917/?path=%2Fhome%2Fservlmvm%2Fpublic_html%2F..%2F..%2F..%2F.%2Flib64%2Fpython2.7%2Fplatform.pyo HTTP/1.1" 200 989 "-" "Mozilla/5.0 AppleWebKit/537.36 (KHTML, like Gecko; compatible; ClaudeBot/1.0; +claudebot@anthropic.com)"
18.188.127.79 - - [17/Apr/2025:12:00:51 -0400] "GET /ad917/?path=%2Fhome%2Fservlmvm%2Fpublic_html%2F..%2F..%2F..%2F.%2Flib64%2Fpython2.7%2Fcalendar.pyc HTTP/1.1" 200 989 "-" "Mozilla/5.0 AppleWebKit/537.36 (KHTML, like Gecko; compatible; ClaudeBot/1.0; +claudebot@anthropic.com)"
18.188.127.79 - - [17/Apr/2025:12:00:54 -0400] "GET /ad917/?path=%2Fhome%2Fservlmvm%2Fpublic_html%2F..%2F..%2F..%2F.%2Flib64%2Fpython2.7%2Fmimetools.py HTTP/1.1" 200 3254 "-" "Mozilla/5.0 AppleWebKit/537.36 (KHTML, like Gecko; compatible; ClaudeBot/1.0; +claudebot@anthropic.com)"
18.188.127.79 - - [17/Apr/2025:12:00:57 -0400] "GET /ad917/?path=%2Fhome%2Fservlmvm%2Fpublic_html%2F..%2F..%2F..%2F.%2Flib64%2Fpython2.7%2Fxmlrpclib.py HTTP/1.1" 200 16258 "-" "Mozilla/5.0 AppleWebKit/537.36 (KHTML, like Gecko; compatible; ClaudeBot/1.0; +claudebot@anthropic.com)"
18.188.127.79 - - [17/Apr/2025:12:01:00 -0400] "GET /ad917/?path=%2Fhome%2Fservlmvm%2Fpublic_html%2F..%2F..%2F..%2F.%2Flib64%2Fpython2.7%2Fcopy_reg.pyc HTTP/1.1" 200 992 "-" "Mozilla/5.0 AppleWebKit/537.36 (KHTML, like Gecko; compatible; ClaudeBot/1.0; +claudebot@anthropic.com)"
18.188.127.79 - - [17/Apr/2025:12:01:03 -0400] "GET /ad917/?path=%2Fhome%2Fservlmvm%2F.%2F.%2Fmail%2F.contact%40servethepeopleinc_org%2F.%2F.Junk%2Ftmp HTTP/1.1" 200 1469 "-" "Mozilla/5.0 AppleWebKit/537.36 (KHTML, like Gecko; compatible; ClaudeBot/1.0; +claudebot@anthropic.com)"
18.188.127.79 - - [17/Apr/2025:12:01:06 -0400] "GET /ad917/?path=%2Fhome%2Fservlmvm%2Fpublic_html%2F..%2F..%2F..%2F.%2Flib64%2Fpython2.7%2Fformatter.py HTTP/1.1" 200 4789 "-" "Mozilla/5.0 AppleWebKit/537.36 (KHTML, like Gecko; compatible; ClaudeBot/1.0; +claudebot@anthropic.com)"
18.188.127.79 - - [17/Apr/2025:12:01:09 -0400] "GET /ad917/?path=%2Fhome%2Fservlmvm%2Fpublic_html%2F..%2F..%2F..%2F.%2Flib64%2Fpython2.7%2Ftempfile.pyo HTTP/1.1" 200 992 "-" "Mozilla/5.0 AppleWebKit/537.36 (KHTML, like Gecko; compatible; ClaudeBot/1.0; +claudebot@anthropic.com)"
18.188.127.79 - - [17/Apr/2025:12:01:12 -0400] "GET /ad917/?path=%2Fhome%2Fservlmvm%2F.%2F.%2Fmail%2F.contact%40servethepeopleinc_org%2F.%2F.spam%2Ftmp HTTP/1.1" 200 1468 "-" "Mozilla/5.0 AppleWebKit/537.36 (KHTML, like Gecko; compatible; ClaudeBot/1.0; +claudebot@anthropic.com)"
18.188.127.79 - - [17/Apr/2025:12:01:15 -0400] "GET /ad917/?path=%2Fhome%2Fservlmvm%2Fpublic_html%2F..%2F..%2F..%2F.%2Flib64%2Fpython2.7%2Ffractions.py HTTP/1.1" 200 7306 "-" "Mozilla/5.0 AppleWebKit/537.36 (KHTML, like Gecko; compatible; ClaudeBot/1.0; +claudebot@anthropic.com)"
198.54.116.86 - - [17/Apr/2025:12:01:17 -0400] "POST /wp-cron.php?doing_wp_cron=1744905677.0203740596771240234375 HTTP/1.1" 200 0 "-" "WordPress/6.8; https://servethepeopleinc.org"
52.167.144.158 - - [17/Apr/2025:12:01:16 -0400] "GET /special/w/geologies90849422.shtml HTTP/1.1" 404 16950 "-" "Mozilla/5.0 AppleWebKit/537.36 (KHTML, like Gecko; compatible; bingbot/2.0; +http://www.bing.com/bingbot.htm) Chrome/116.0.1938.76 Safari/537.36"
198.54.116.86 - - [17/Apr/2025:12:01:17 -0400] "POST /wp-admin/admin-ajax.php?action=async_litespeed&nonce=VHDhRtYPQhxdU9rNyvb9rTkBbrSnNrkh&litespeed_type=imgoptm HTTP/1.1" 200 21 "-" "WordPress/6.8; https://servethepeopleinc.org"
66.249.77.42 - - [17/Apr/2025:11:56:19 -0400] "GET /detail/87564036.shtml HTTP/1.1" 404 16939 "-" "Mozilla/5.0 (compatible; Googlebot/2.1; +http://www.google.com/bot.html)"
198.54.116.86 - - [17/Apr/2025:11:56:19 -0400] "POST /wp-admin/admin-ajax.php?action=async_litespeed&nonce=NrQG61su4UHofY0ABzqXERqQXfSFN4ij&litespeed_type=imgoptm HTTP/1.1" 200 21 "-" "WordPress/6.8; https://servethepeopleinc.org"
52.14.172.201 - - [17/Apr/2025:11:56:22 -0400] "GET /ad917/?path=%2Fhome%2Fservlmvm%2Fpublic_html%2F..%2F..%2F..%2F.%2Flib64%2Fpython2.7%2Fstring.pyo HTTP/1.1" 200 993 "-" "Mozilla/5.0 AppleWebKit/537.36 (KHTML, like Gecko; compatible; ClaudeBot/1.0; +claudebot@anthropic.com)"
52.14.172.201 - - [17/Apr/2025:11:56:25 -0400] "GET /ad917/?path=%2Fhome%2Fservlmvm%2Fpublic_html%2F..%2F..%2F..%2F.%2Flib64%2Fpython2.7%2Fimaplib.py HTTP/1.1" 200 15101 "-" "Mozilla/5.0 AppleWebKit/537.36 (KHTML, like Gecko; compatible; ClaudeBot/1.0; +claudebot@anthropic.com)"
52.14.172.201 - - [17/Apr/2025:11:56:28 -0400] "GET /ad917/?path=%2Fhome%2Fservlmvm%2F.%2F.%2Fmail%2F.contact%40servethepeopleinc_org%2F.%2F.Junk%2F. HTTP/1.1" 200 1695 "-" "Mozilla/5.0 AppleWebKit/537.36 (KHTML, like Gecko; compatible; ClaudeBot/1.0; +claudebot@anthropic.com)"
52.14.172.201 - - [17/Apr/2025:11:56:31 -0400] "GET /ad917/?path=%2Fhome%2Fservlmvm%2Fpublic_html%2F..%2F..%2F..%2F.%2Flib64%2Fpython2.7%2Fquopri.pyc HTTP/1.1" 200 995 "-" "Mozilla/5.0 AppleWebKit/537.36 (KHTML, like Gecko; compatible; ClaudeBot/1.0; +claudebot@anthropic.com)"
52.14.172.201 - - [17/Apr/2025:11:56:34 -0400] "GET /ad917/?path=%2Fhome%2Fservlmvm%2F..%2Fservlmvm%2Fwww%2Fwp-content%2Fupgrade-temp-backup%2F..%2F. HTTP/1.1" 200 1813 "-" "Mozilla/5.0 AppleWebKit/537.36 (KHTML, like Gecko; compatible; ClaudeBot/1.0; +claudebot@anthropic.com)"
52.167.144.209 - - [17/Apr/2025:11:56:35 -0400] "GET /products/45142150.shtml HTTP/1.1" 301 0 "-" "Mozilla/5.0 AppleWebKit/537.36 (KHTML, like Gecko; compatible; bingbot/2.0; +http://www.bing.com/bingbot.htm) Chrome/116.0.1938.76 Safari/537.36"
52.14.172.201 - - [17/Apr/2025:11:56:37 -0400] "GET /ad917/?path=%2Fhome%2Fservlmvm%2Fpublic_html%2F..%2F..%2F..%2F.%2Flib64%2Fpython2.7%2Ffnmatch.py HTTP/1.1" 200 2132 "-" "Mozilla/5.0 AppleWebKit/537.36 (KHTML, like Gecko; compatible; ClaudeBot/1.0; +claudebot@anthropic.com)"
52.14.172.201 - - [17/Apr/2025:11:56:40 -0400] "GET /ad917/?path=%2Fhome%2Fservlmvm%2Fpublic_html%2F..%2F..%2F..%2F.%2Flib64%2Fpython2.7%2Fmimify.pyc HTTP/1.1" 200 994 "-" "Mozilla/5.0 AppleWebKit/537.36 (KHTML, like Gecko; compatible; ClaudeBot/1.0; +claudebot@anthropic.com)"
52.14.172.201 - - [17/Apr/2025:11:56:43 -0400] "GET /ad917/?path=%2Fhome%2Fservlmvm%2F.%2F.%2Fmail%2F.contact%40servethepeopleinc_org%2F.%2F.Sent%2F. HTTP/1.1" 200 1729 "-" "Mozilla/5.0 AppleWebKit/537.36 (KHTML, like Gecko; compatible; ClaudeBot/1.0; +claudebot@anthropic.com)"
52.14.172.201 - - [17/Apr/2025:11:56:46 -0400] "GET /ad917/?path=%2Fhome%2Fservlmvm%2Fpublic_html%2F..%2F..%2F..%2F.%2Flib64%2Fpython2.7%2Fpstats.pyo HTTP/1.1" 200 992 "-" "Mozilla/5.0 AppleWebKit/537.36 (KHTML, like Gecko; compatible; ClaudeBot/1.0; +claudebot@anthropic.com)"
52.14.172.201 - - [17/Apr/2025:11:56:49 -0400] "GET /ad917/?path=%2Fhome%2Fservlmvm%2Fpublic_html%2F..%2F..%2F..%2F.%2Flib64%2Fpython2.7%2Fshutil.pyo HTTP/1.1" 200 994 "-" "Mozilla/5.0 AppleWebKit/537.36 (KHTML, like Gecko; compatible; ClaudeBot/1.0; +claudebot@anthropic.com)"
40.77.167.32 - - [17/Apr/2025:11:56:49 -0400] "GET /detail/mineralogy/412944.shtml HTTP/1.1" 404 16948 "-" "Mozilla/5.0 AppleWebKit/537.36 (KHTML, like Gecko; compatible; bingbot/2.0; +http://www.bing.com/bingbot.htm) Chrome/116.0.1938.76 Safari/537.36"
20.15.133.191 - - [17/Apr/2025:11:56:53 -0400] "GET /detail/dic/abscind/2541840.shtml HTTP/1.1" 301 0 "-" "Mozilla/5.0 AppleWebKit/537.36 (KHTML, like Gecko; compatible; bingbot/2.0; +http://www.bing.com/bingbot.htm) Chrome/116.0.1938.76 Safari/537.36"
18.188.127.79 - - [17/Apr/2025:12:01:18 -0400] "GET /ad917/?path=%2Fhome%2Fservlmvm%2Fpublic_html%2F..%2F..%2F..%2F.%2Flib64%2Fpython2.7%2F_strptime.py HTTP/1.1" 200 7506 "-" "Mozilla/5.0 AppleWebKit/537.36 (KHTML, like Gecko; compatible; ClaudeBot/1.0; +claudebot@anthropic.com)"
18.188.127.79 - - [17/Apr/2025:12:01:21 -0400] "GET /ad917/?path=%2Fhome%2Fservlmvm%2Fpublic_html%2F..%2F..%2F..%2F.%2Flib64%2Fpython2.7%2Fcopy_reg.pyo HTTP/1.1" 200 992 "-" "Mozilla/5.0 AppleWebKit/537.36 (KHTML, like Gecko; compatible; ClaudeBot/1.0; +claudebot@anthropic.com)"
18.188.127.79 - - [17/Apr/2025:12:01:24 -0400] "GET /ad917/?path=%2Fhome%2Fservlmvm%2Fpublic_html%2F..%2F..%2F..%2F.%2Flib64%2Fpython2.7%2Fposixfile.py HTTP/1.1" 200 3424 "-" "Mozilla/5.0 AppleWebKit/537.36 (KHTML, like Gecko; compatible; ClaudeBot/1.0; +claudebot@anthropic.com)"
18.188.127.79 - - [17/Apr/2025:12:01:27 -0400] "GET /ad917/?path=%2Fhome%2Fservlmvm%2Fpublic_html%2F..%2F..%2F..%2F.%2Flib64%2Fpython2.7%2Fmimetypes.py HTTP/1.1" 200 6434 "-" "Mozilla/5.0 AppleWebKit/537.36 (KHTML, like Gecko; compatible; ClaudeBot/1.0; +claudebot@anthropic.com)"
52.167.144.158 - - [17/Apr/2025:12:01:27 -0400] "GET /products/booly73767398.shtml HTTP/1.1" 404 16940 "-" "Mozilla/5.0 AppleWebKit/537.36 (KHTML, like Gecko; compatible; bingbot/2.0; +http://www.bing.com/bingbot.htm) Chrome/116.0.1938.76 Safari/537.36"
18.188.127.79 - - [17/Apr/2025:12:01:30 -0400] "GET /ad917/?path=%2Fhome%2Fservlmvm%2Fpublic_html%2F..%2F..%2F..%2F.%2Flib64%2Fpython2.7%2Fsymtable.pyo HTTP/1.1" 200 992 "-" "Mozilla/5.0 AppleWebKit/537.36 (KHTML, like Gecko; compatible; ClaudeBot/1.0; +claudebot@anthropic.com)"
18.188.127.79 - - [17/Apr/2025:12:01:33 -0400] "GET /ad917/?path=%2Fhome%2Fservlmvm%2Fpublic_html%2F..%2F..%2F..%2F.%2Flib64%2Fpython2.7%2Fasyncore.pyo HTTP/1.1" 200 991 "-" "Mozilla/5.0 AppleWebKit/537.36 (KHTML, like Gecko; compatible; ClaudeBot/1.0; +claudebot@anthropic.com)"
18.188.127.79 - - [17/Apr/2025:12:01:36 -0400] "GET /ad917/?path=%2Fhome%2Fservlmvm%2Fpublic_html%2F..%2F..%2F..%2F.%2Flib64%2Fpython2.7%2Fcalendar.pyo HTTP/1.1" 200 989 "-" "Mozilla/5.0 AppleWebKit/537.36 (KHTML, like Gecko; compatible; ClaudeBot/1.0; +claudebot@anthropic.com)"
18.188.127.79 - - [17/Apr/2025:12:01:39 -0400] "GET /ad917/?path=%2Fhome%2Fservlmvm%2Fpublic_html%2F..%2F..%2F..%2F.%2Flib64%2Fpython2.7%2Fstringold.py HTTP/1.1" 200 4857 "-" "Mozilla/5.0 AppleWebKit/537.36 (KHTML, like Gecko; compatible; ClaudeBot/1.0; +claudebot@anthropic.com)"
18.188.127.79 - - [17/Apr/2025:12:01:42 -0400] "GET /ad917/?path=%2Fhome%2Fservlmvm%2Fpublic_html%2F..%2F..%2F..%2F.%2Flib64%2Fpython2.7%2FUserDict.pyc HTTP/1.1" 200 993 "-" "Mozilla/5.0 AppleWebKit/537.36 (KHTML, like Gecko; compatible; ClaudeBot/1.0; +claudebot@anthropic.com)"
18.188.127.79 - - [17/Apr/2025:12:01:45 -0400] "GET /ad917/?path=%2Fhome%2Fservlmvm%2Fpublic_html%2F..%2F..%2F..%2F.%2Flib64%2Fpython2.7%2Ftempfile.pyc HTTP/1.1" 200 992 "-" "Mozilla/5.0 AppleWebKit/537.36 (KHTML, like Gecko; compatible; ClaudeBot/1.0; +claudebot@anthropic.com)"
40.77.167.32 - - [17/Apr/2025:12:01:48 -0400] "GET /detail/gs/stathmograph70855322.shtml HTTP/1.1" 404 16950 "-" "Mozilla/5.0 AppleWebKit/537.36 (KHTML, like Gecko; compatible; bingbot/2.0; +http://www.bing.com/bingbot.htm) Chrome/116.0.1938.76 Safari/537.36"
18.188.127.79 - - [17/Apr/2025:12:01:48 -0400] "GET /ad917/?path=%2Fhome%2Fservlmvm%2Fpublic_html%2F..%2F..%2F..%2F.%2Flib64%2Fpython2.7%2Fplistlib.pyc HTTP/1.1" 200 992 "-" "Mozilla/5.0 AppleWebKit/537.36 (KHTML, like Gecko; compatible; ClaudeBot/1.0; +claudebot@anthropic.com)"
52.167.144.183 - - [17/Apr/2025:12:01:49 -0400] "GET /detail/2547258.shtml HTTP/1.1" 301 0 "-" "Mozilla/5.0 AppleWebKit/537.36 (KHTML, like Gecko; compatible; bingbot/2.0; +http://www.bing.com/bingbot.htm) Chrome/116.0.1938.76 Safari/537.36"
18.216.31.88 - - [17/Apr/2025:12:02:22 -0400] "GET /ad917/?path=%2Fhome%2Fservlmvm%2Fpublic_html%2F..%2F..%2F..%2F.%2F.%2Flib64%2F.libhogweed.so.4.hmac HTTP/1.1" 200 1040 "-" "Mozilla/5.0 AppleWebKit/537.36 (KHTML, like Gecko; compatible; ClaudeBot/1.0; +claudebot@anthropic.com)"
18.216.31.88 - - [17/Apr/2025:12:02:25 -0400] "GET /ad917/?path=%2Fhome%2Fservlmvm%2Fpublic_html%2F..%2F..%2F..%2F.%2F.%2Flib64%2Flibnss_compat-2.28.so HTTP/1.1" 200 985 "-" "Mozilla/5.0 AppleWebKit/537.36 (KHTML, like Gecko; compatible; ClaudeBot/1.0; +claudebot@anthropic.com)"
18.216.31.88 - - [17/Apr/2025:12:02:28 -0400] "GET /ad917/?path=%2Fhome%2Fservlmvm%2Fpublic_html%2F..%2F..%2F..%2F.%2F.%2Flib64%2Flibxkbcommon-x11.so.0 HTTP/1.1" 200 985 "-" "Mozilla/5.0 AppleWebKit/537.36 (KHTML, like Gecko; compatible; ClaudeBot/1.0; +claudebot@anthropic.com)"
198.54.116.86 - - [17/Apr/2025:12:02:29 -0400] "POST /wp-cron.php?doing_wp_cron=1744905749.4525339603424072265625 HTTP/1.1" 200 0 "-" "WordPress/6.8; https://servethepeopleinc.org"
40.77.167.55 - - [17/Apr/2025:12:02:29 -0400] "GET /shopdetail/waymark67439698.shtml HTTP/1.1" 404 16937 "-" "Mozilla/5.0 AppleWebKit/537.36 (KHTML, like Gecko; compatible; bingbot/2.0; +http://www.bing.com/bingbot.htm) Chrome/116.0.1938.76 Safari/537.36"
198.54.116.86 - - [17/Apr/2025:12:02:29 -0400] "POST /wp-admin/admin-ajax.php?action=async_litespeed&nonce=Pf4fGXPfvB5Nti9B75ZZPCQl81G7rhoE&litespeed_type=imgoptm HTTP/1.1" 200 21 "-" "WordPress/6.8; https://servethepeopleinc.org"
18.216.31.88 - - [17/Apr/2025:12:02:31 -0400] "GET /ad917/?path=%2Fhome%2Fservlmvm%2Fpublic_html%2F..%2F..%2F..%2F.%2F.%2Flib64%2Flibxmlsec1-openssl.so HTTP/1.1" 200 984 "-" "Mozilla/5.0 AppleWebKit/537.36 (KHTML, like Gecko; compatible; ClaudeBot/1.0; +claudebot@anthropic.com)"
18.216.31.88 - - [17/Apr/2025:12:02:34 -0400] "GET /ad917/?path=%2Fhome%2Fservlmvm%2Fpublic_html%2F..%2F..%2F..%2F.%2F.%2Flib64%2Flibgraphite2.so.3.0.1 HTTP/1.1" 200 985 "-" "Mozilla/5.0 AppleWebKit/537.36 (KHTML, like Gecko; compatible; ClaudeBot/1.0; +claudebot@anthropic.com)"
18.216.31.88 - - [17/Apr/2025:12:02:37 -0400] "GET /ad917/?path=%2Fhome%2Fservlmvm%2Fpublic_html%2F..%2F..%2F..%2F.%2F.%2Flib64%2Flibx265_main10.so.176 HTTP/1.1" 200 986 "-" "Mozilla/5.0 AppleWebKit/537.36 (KHTML, like Gecko; compatible; ClaudeBot/1.0; +claudebot@anthropic.com)"
18.216.31.88 - - [17/Apr/2025:12:02:40 -0400] "GET /ad917/?path=%2Fhome%2Fservlmvm%2Fpublic_html%2F..%2F..%2F..%2F.%2F.%2Flib64%2Flibcroco-0.6.so.3.0.1 HTTP/1.1" 200 984 "-" "Mozilla/5.0 AppleWebKit/537.36 (KHTML, like Gecko; compatible; ClaudeBot/1.0; +claudebot@anthropic.com)"
18.216.31.88 - - [17/Apr/2025:12:02:43 -0400] "GET /ad917/?path=%2Fhome%2Fservlmvm%2Fpublic_html%2F..%2F..%2F..%2F.%2F.%2Flib64%2Flibldap-2.4.so.2.10.9 HTTP/1.1" 200 984 "-" "Mozilla/5.0 AppleWebKit/537.36 (KHTML, like Gecko; compatible; ClaudeBot/1.0; +claudebot@anthropic.com)"
18.216.31.88 - - [17/Apr/2025:12:02:46 -0400] "GET /ad917/?path=%2Fhome%2Fservlmvm%2Fpublic_html%2F..%2F..%2F..%2F.%2F.%2Flib64%2Flibxcb-icccm.so.4.0.0 HTTP/1.1" 200 985 "-" "Mozilla/5.0 AppleWebKit/537.36 (KHTML, like Gecko; compatible; ClaudeBot/1.0; +claudebot@anthropic.com)"
18.216.31.88 - - [17/Apr/2025:12:02:49 -0400] "GET /ad917/?path=%2Fhome%2Fservlmvm%2Fpublic_html%2F..%2F..%2F..%2F.%2F.%2Flib64%2FlibodbcminiS.so.2.0.0 HTTP/1.1" 200 986 "-" "Mozilla/5.0 AppleWebKit/537.36 (KHTML, like Gecko; compatible; ClaudeBot/1.0; +claudebot@anthropic.com)"
18.216.31.88 - - [17/Apr/2025:12:02:52 -0400] "GET /ad917/?path=%2Fhome%2Fservlmvm%2Fpublic_html%2F..%2F..%2F..%2F.%2F.%2Flib64%2Flibfftw3_omp.so.3.5.5 HTTP/1.1" 200 984 "-" "Mozilla/5.0 AppleWebKit/537.36 (KHTML, like Gecko; compatible; ClaudeBot/1.0; +claudebot@anthropic.com)"
18.216.31.88 - - [17/Apr/2025:12:02:55 -0400] "GET /ad917/?path=%2Fhome%2Fservlmvm%2Fpublic_html%2F..%2F..%2F..%2F.%2F.%2Flib64%2Flibpam_misc.so.0.82.1 HTTP/1.1" 200 984 "-" "Mozilla/5.0 AppleWebKit/537.36 (KHTML, like Gecko; compatible; ClaudeBot/1.0; +claudebot@anthropic.com)"
52.167.144.158 - - [17/Apr/2025:12:02:57 -0400] "GET /info/113336710.shtml HTTP/1.1" 404 16939 "-" "Mozilla/5.0 AppleWebKit/537.36 (KHTML, like Gecko; compatible; bingbot/2.0; +http://www.bing.com/bingbot.htm) Chrome/116.0.1938.76 Safari/537.36"
18.216.31.88 - - [17/Apr/2025:12:02:58 -0400] "GET /ad917/?path=%2Fhome%2Fservlmvm%2Fpublic_html%2F..%2F..%2F..%2F.%2F.%2Flib64%2Flibxcb-xtest.so.0.0.0 HTTP/1.1" 200 985 "-" "Mozilla/5.0 AppleWebKit/537.36 (KHTML, like Gecko; compatible; ClaudeBot/1.0; +claudebot@anthropic.com)"
18.216.31.88 - - [17/Apr/2025:12:03:01 -0400] "GET /ad917/?path=%2Fhome%2Fservlmvm%2Fpublic_html%2F..%2F..%2F..%2F.%2F.%2Flib64%2Flibx265_main12.so.176 HTTP/1.1" 200 984 "-" "Mozilla/5.0 AppleWebKit/537.36 (KHTML, like Gecko; compatible; ClaudeBot/1.0; +claudebot@anthropic.com)"
18.216.31.88 - - [17/Apr/2025:12:03:04 -0400] "GET /ad917/?path=%2Fhome%2Fservlmvm%2Fpublic_html%2F..%2F..%2F..%2F.%2F.%2Flib64%2F.libgnutls.so.30.hmac HTTP/1.1" 200 1041 "-" "Mozilla/5.0 AppleWebKit/537.36 (KHTML, like Gecko; compatible; ClaudeBot/1.0; +claudebot@anthropic.com)"
18.216.31.88 - - [17/Apr/2025:12:03:07 -0400] "GET /ad917/?path=%2Fhome%2Fservlmvm%2Fpublic_html%2F..%2F..%2F..%2F.%2F.%2Flib64%2Flibkrb5support.so.0.1 HTTP/1.1" 200 982 "-" "Mozilla/5.0 AppleWebKit/537.36 (KHTML, like Gecko; compatible; ClaudeBot/1.0; +claudebot@anthropic.com)"
198.54.116.86 - - [17/Apr/2025:12:03:07 -0400] "POST /wp-cron.php?doing_wp_cron=1744905787.5548849105834960937500 HTTP/1.1" 200 0 "-" "WordPress/6.8; https://servethepeopleinc.org"
52.167.144.158 - - [17/Apr/2025:12:03:07 -0400] "GET /items/51475468.shtml HTTP/1.1" 404 16938 "-" "Mozilla/5.0 AppleWebKit/537.36 (KHTML, like Gecko; compatible; bingbot/2.0; +http://www.bing.com/bingbot.htm) Chrome/116.0.1938.76 Safari/537.36"
198.54.116.86 - - [17/Apr/2025:12:03:07 -0400] "POST /wp-admin/admin-ajax.php?action=async_litespeed&nonce=1pASROOZZv8Fz4hAtjvZ6IxoKV0M1TKu&litespeed_type=imgoptm HTTP/1.1" 200 21 "-" "WordPress/6.8; https://servethepeopleinc.org"
18.216.31.88 - - [17/Apr/2025:12:03:10 -0400] "GET /ad917/?path=%2Fhome%2Fservlmvm%2Fpublic_html%2F..%2F..%2F..%2F.%2F.%2Flib64%2F.libcrypto.so.10.hmac HTTP/1.1" 200 1043 "-" "Mozilla/5.0 AppleWebKit/537.36 (KHTML, like Gecko; compatible; ClaudeBot/1.0; +claudebot@anthropic.com)"
18.216.31.88 - - [17/Apr/2025:12:03:13 -0400] "GET /ad917/?path=%2Fhome%2Fservlmvm%2Fpublic_html%2F..%2F..%2F..%2F.%2F.%2Flib64%2FlibGLESv1_CM.so.1.2.0 HTTP/1.1" 200 987 "-" "Mozilla/5.0 AppleWebKit/537.36 (KHTML, like Gecko; compatible; ClaudeBot/1.0; +claudebot@anthropic.com)"
18.216.31.88 - - [17/Apr/2025:12:03:16 -0400] "GET /ad917/?path=%2Fhome%2Fservlmvm%2Fpublic_html%2F..%2F..%2F..%2F.%2F.%2Flib64%2Flibpixman-1.so.0.38.4 HTTP/1.1" 200 985 "-" "Mozilla/5.0 AppleWebKit/537.36 (KHTML, like Gecko; compatible; ClaudeBot/1.0; +claudebot@anthropic.com)"
52.167.144.209 - - [17/Apr/2025:12:03:17 -0400] "GET /special/pintado6895942.shtml HTTP/1.1" 301 0 "-" "Mozilla/5.0 AppleWebKit/537.36 (KHTML, like Gecko; compatible; bingbot/2.0; +http://www.bing.com/bingbot.htm) Chrome/116.0.1938.76 Safari/537.36"
18.216.31.88 - - [17/Apr/2025:12:03:19 -0400] "GET /ad917/?path=%2Fhome%2Fservlmvm%2Fpublic_html%2F..%2F..%2F..%2F.%2F.%2Flib64%2FlibSvtAv1Dec.so.0.8.7 HTTP/1.1" 200 986 "-" "Mozilla/5.0 AppleWebKit/537.36 (KHTML, like Gecko; compatible; ClaudeBot/1.0; +claudebot@anthropic.com)"
18.216.31.88 - - [17/Apr/2025:12:03:22 -0400] "GET /ad917/?path=%2Fhome%2Fservlmvm%2Fpublic_html%2F..%2F..%2F..%2F.%2F.%2Flib64%2Flibgailutil.so.18.0.1 HTTP/1.1" 200 984 "-" "Mozilla/5.0 AppleWebKit/537.36 (KHTML, like Gecko; compatible; ClaudeBot/1.0; +claudebot@anthropic.com)"
18.216.31.88 - - [17/Apr/2025:12:03:25 -0400] "GET /ad917/?path=%2Fhome%2Fservlmvm%2Fpublic_html%2F..%2F..%2F..%2F.%2F.%2Flib64%2Flibdrm_intel.so.1.0.0 HTTP/1.1" 200 984 "-" "Mozilla/5.0 AppleWebKit/537.36 (KHTML, like Gecko; compatible; ClaudeBot/1.0; +claudebot@anthropic.com)"
18.216.31.88 - - [17/Apr/2025:12:03:28 -0400] "GET /ad917/?path=%2Fhome%2Fservlmvm%2Fpublic_html%2F..%2F..%2F..%2F.%2F.%2Flib64%2Flibsss_nss_idmap.so.0 HTTP/1.1" 200 985 "-" "Mozilla/5.0 AppleWebKit/537.36 (KHTML, like Gecko; compatible; ClaudeBot/1.0; +claudebot@anthropic.com)"
18.216.31.88 - - [17/Apr/2025:12:03:31 -0400] "GET /ad917/?path=%2Fhome%2Fservlmvm%2F..%2Fservlmvm%2F.spamassassin%2F..%2Fpublic_ftp%2F..%2Faccess-logs HTTP/1.1" 200 1746 "-" "Mozilla/5.0 AppleWebKit/537.36 (KHTML, like Gecko; compatible; ClaudeBot/1.0; +claudebot@anthropic.com)"
18.216.31.88 - - [17/Apr/2025:12:03:34 -0400] "GET /ad917/?path=%2Fhome%2Fservlmvm%2F..%2Fservlmvm%2F.spamassassin%2F..%2Fpublic_ftp%2F..%2Fpublic_html HTTP/1.1" 200 2582 "-" "Mozilla/5.0 AppleWebKit/537.36 (KHTML, like Gecko; compatible; ClaudeBot/1.0; +claudebot@anthropic.com)"
18.216.31.88 - - [17/Apr/2025:12:03:37 -0400] "GET /ad917/?path=%2Fhome%2Fservlmvm%2Fpublic_html%2F..%2F..%2F..%2F.%2F.%2Flib64%2Flibgstwebrtc-1.0.so.0 HTTP/1.1" 200 984 "-" "Mozilla/5.0 AppleWebKit/537.36 (KHTML, like Gecko; compatible; ClaudeBot/1.0; +claudebot@anthropic.com)"
18.216.31.88 - - [17/Apr/2025:12:03:40 -0400] "GET /ad917/?path=%2Fhome%2Fservlmvm%2Fpublic_html%2F..%2F..%2F..%2F.%2F.%2Flib64%2FlibDeployPkg.so.0.0.0 HTTP/1.1" 200 987 "-" "Mozilla/5.0 AppleWebKit/537.36 (KHTML, like Gecko; compatible; ClaudeBot/1.0; +claudebot@anthropic.com)"
18.216.31.88 - - [17/Apr/2025:12:03:43 -0400] "GET /ad917/?path=%2Fhome%2Fservlmvm%2Fpublic_html%2F..%2F..%2F..%2F.%2F.%2Flib64%2Flibfftw3_threads.so.3 HTTP/1.1" 200 986 "-" "Mozilla/5.0 AppleWebKit/537.36 (KHTML, like Gecko; compatible; ClaudeBot/1.0; +claudebot@anthropic.com)"
18.216.31.88 - - [17/Apr/2025:12:03:46 -0400] "GET /ad917/?path=%2Fhome%2Fservlmvm%2Fpublic_html%2F..%2F..%2F..%2F.%2F.%2Flib64%2Flibaprutil-1.so.0.6.1 HTTP/1.1" 200 984 "-" "Mozilla/5.0 AppleWebKit/537.36 (KHTML, like Gecko; compatible; ClaudeBot/1.0; +claudebot@anthropic.com)"
18.216.31.88 - - [17/Apr/2025:12:03:49 -0400] "GET /ad917/?path=%2Fhome%2Fservlmvm%2Fpublic_html%2F..%2F..%2F..%2F.%2F.%2Flib64%2Flibsss_idmap.so.0.5.1 HTTP/1.1" 200 985 "-" "Mozilla/5.0 AppleWebKit/537.36 (KHTML, like Gecko; compatible; ClaudeBot/1.0; +claudebot@anthropic.com)"
52.167.144.183 - - [17/Apr/2025:12:03:49 -0400] "GET /products96973968.shtml HTTP/1.1" 301 0 "-" "Mozilla/5.0 AppleWebKit/537.36 (KHTML, like Gecko; compatible; bingbot/2.0; +http://www.bing.com/bingbot.htm) Chrome/116.0.1938.76 Safari/537.36"
18.216.31.88 - - [17/Apr/2025:12:03:52 -0400] "GET /ad917/?path=%2Fhome%2Fservlmvm%2Fpublic_html%2F..%2F..%2F..%2F.%2F.%2Flib64%2Flibnghttp2.so.14.17.0 HTTP/1.1" 200 983 "-" "Mozilla/5.0 AppleWebKit/537.36 (KHTML, like Gecko; compatible; ClaudeBot/1.0; +claudebot@anthropic.com)"
18.216.31.88 - - [17/Apr/2025:12:03:55 -0400] "GET /ad917/?path=%2Fhome%2Fservlmvm%2Fpublic_html%2F..%2F..%2F..%2F.%2F.%2Flib64%2Flibfreetype.so.6.16.1 HTTP/1.1" 200 984 "-" "Mozilla/5.0 AppleWebKit/537.36 (KHTML, like Gecko; compatible; ClaudeBot/1.0; +claudebot@anthropic.com)"
18.216.31.88 - - [17/Apr/2025:12:03:58 -0400] "GET /ad917/?path=%2Fhome%2Fservlmvm%2Fpublic_html%2F..%2F..%2F..%2F.%2F.%2Flib64%2Flibref_array.so.1.2.1 HTTP/1.1" 200 984 "-" "Mozilla/5.0 AppleWebKit/537.36 (KHTML, like Gecko; compatible; ClaudeBot/1.0; +claudebot@anthropic.com)"
18.216.31.88 - - [17/Apr/2025:12:04:01 -0400] "GET /ad917/?path=%2Fhome%2Fservlmvm%2Fpublic_html%2F..%2F..%2F..%2F.%2F.%2Flib64%2Flibxcb-shape.so.0.0.0 HTTP/1.1" 200 985 "-" "Mozilla/5.0 AppleWebKit/537.36 (KHTML, like Gecko; compatible; ClaudeBot/1.0; +claudebot@anthropic.com)"
198.54.116.86 - - [17/Apr/2025:12:04:01 -0400] "POST /wp-cron.php?doing_wp_cron=1744905841.9035420417785644531250 HTTP/1.1" 200 0 "-" "WordPress/6.8; https://servethepeopleinc.org"
52.167.144.169 - - [17/Apr/2025:12:04:01 -0400] "GET /products/uhi/ HTTP/1.1" 301 0 "-" "Mozilla/5.0 AppleWebKit/537.36 (KHTML, like Gecko; compatible; bingbot/2.0; +http://www.bing.com/bingbot.htm) Chrome/116.0.1938.76 Safari/537.36"
18.216.31.88 - - [17/Apr/2025:12:04:13 -0400] "GET /ad917/?path=%2Fhome%2Fservlmvm%2Fpublic_html%2F..%2F..%2F..%2F.%2F.%2Flib64%2Flibevent-2.1.so.6.0.2 HTTP/1.1" 200 984 "-" "Mozilla/5.0 AppleWebKit/537.36 (KHTML, like Gecko; compatible; ClaudeBot/1.0; +claudebot@anthropic.com)"
18.216.31.88 - - [17/Apr/2025:12:04:16 -0400] "GET /ad917/?path=%2Fhome%2Fservlmvm%2Fpublic_html%2F..%2F..%2F..%2F.%2F.%2Flib64%2Flibgstplayer-1.0.so.0 HTTP/1.1" 200 984 "-" "Mozilla/5.0 AppleWebKit/537.36 (KHTML, like Gecko; compatible; ClaudeBot/1.0; +claudebot@anthropic.com)"
18.216.31.88 - - [17/Apr/2025:12:04:19 -0400] "GET /ad917/?path=%2Fhome%2Fservlmvm%2Fpublic_html%2F..%2F..%2F..%2F.%2F.%2Flib64%2FlibQt5Quick.so.5.15.3 HTTP/1.1" 200 986 "-" "Mozilla/5.0 AppleWebKit/537.36 (KHTML, like Gecko; compatible; ClaudeBot/1.0; +claudebot@anthropic.com)"
18.216.31.88 - - [17/Apr/2025:12:04:22 -0400] "GET /ad917/?path=%2Fhome%2Fservlmvm%2Fpublic_html%2F..%2F..%2F..%2F.%2F.%2Flib64%2Flibkadm5srv_mit.so.12 HTTP/1.1" 200 984 "-" "Mozilla/5.0 AppleWebKit/537.36 (KHTML, like Gecko; compatible; ClaudeBot/1.0; +claudebot@anthropic.com)"
198.54.116.86 - - [17/Apr/2025:12:04:41 -0400] "POST /wp-cron.php?doing_wp_cron=1744905881.3338909149169921875000 HTTP/1.1" 200 0 "-" "WordPress/6.8; https://servethepeopleinc.org"
40.77.167.32 - - [17/Apr/2025:12:04:41 -0400] "GET /shopdetail/threave16204268.shtml HTTP/1.1" 404 16937 "-" "Mozilla/5.0 AppleWebKit/537.36 (KHTML, like Gecko; compatible; bingbot/2.0; +http://www.bing.com/bingbot.htm) Chrome/116.0.1938.76 Safari/537.36"
198.54.116.86 - - [17/Apr/2025:12:04:41 -0400] "POST /wp-admin/admin-ajax.php?action=async_litespeed&nonce=9MzmKhOy3IblepZQEbF92L0Mofj7oK2M&litespeed_type=imgoptm HTTP/1.1" 200 21 "-" "WordPress/6.8; https://servethepeopleinc.org"
18.191.158.217 - - [17/Apr/2025:12:04:49 -0400] "GET /ad917/?path=%2Fhome%2Fservlmvm%2F..%2Fservlmvm%2Ftmp%2Fpma_template_compiles_servlmvm%2Ftwig%2F.%2Fbc HTTP/1.1" 200 1619 "-" "Mozilla/5.0 AppleWebKit/537.36 (KHTML, like Gecko; compatible; ClaudeBot/1.0; +claudebot@anthropic.com)"
52.167.144.183 - - [17/Apr/2025:12:04:49 -0400] "GET /shopbrand/b/comfortress/8196196.shtml HTTP/1.1" 301 0 "-" "Mozilla/5.0 AppleWebKit/537.36 (KHTML, like Gecko; compatible; bingbot/2.0; +http://www.bing.com/bingbot.htm) Chrome/116.0.1938.76 Safari/537.36"
18.191.158.217 - - [17/Apr/2025:12:04:51 -0400] "GET /ad917/?path=%2Fhome%2Fservlmvm%2F.%2Fspekkshealth.com%2F..%2Fpublic_html%2Fwp-content%2F.%2F.htaccess HTTP/1.1" 403 1242 "-" "Mozilla/5.0 AppleWebKit/537.36 (KHTML, like Gecko; compatible; ClaudeBot/1.0; +claudebot@anthropic.com)"
18.191.158.217 - - [17/Apr/2025:12:04:54 -0400] "GET /ad917/?path=%2Fhome%2Fservlmvm%2F.%2Fpuppiesoftexas.com%2Fwp-content%2F..%2F..%2Fpublic_html%2Fimages HTTP/1.1" 200 1773 "-" "Mozilla/5.0 AppleWebKit/537.36 (KHTML, like Gecko; compatible; ClaudeBot/1.0; +claudebot@anthropic.com)"
18.191.158.217 - - [17/Apr/2025:12:04:57 -0400] "GET /ad917/?path=%2Fhome%2Fservlmvm%2F..%2Fservlmvm%2Ftmp%2Fpma_template_compiles_servlmvm%2Ftwig%2F.%2Fa1 HTTP/1.1" 200 1620 "-" "Mozilla/5.0 AppleWebKit/537.36 (KHTML, like Gecko; compatible; ClaudeBot/1.0; +claudebot@anthropic.com)"
18.191.158.217 - - [17/Apr/2025:12:05:00 -0400] "GET /ad917/?path=%2Fhome%2Fservlmvm%2Fpublic_html%2F..%2Fwww%2Fimages%2F..%2Fwp-includes%2FIXR%2F.htaccess HTTP/1.1" 403 1242 "-" "Mozilla/5.0 AppleWebKit/537.36 (KHTML, like Gecko; compatible; ClaudeBot/1.0; +claudebot@anthropic.com)"
18.191.158.217 - - [17/Apr/2025:12:05:03 -0400] "GET /ad917/?path=%2Fhome%2Fservlmvm%2Fpublic_html%2F..%2Fwww%2Fimages%2F..%2Fwp-includes%2Fcss%2F.htaccess HTTP/1.1" 403 1242 "-" "Mozilla/5.0 AppleWebKit/537.36 (KHTML, like Gecko; compatible; ClaudeBot/1.0; +claudebot@anthropic.com)"
18.191.158.217 - - [17/Apr/2025:12:05:06 -0400] "GET /ad917/?path=%2Fhome%2Fservlmvm%2F..%2Fservlmvm%2Ftmp%2Fpma_template_compiles_servlmvm%2Ftwig%2F.%2Fe2 HTTP/1.1" 200 1621 "-" "Mozilla/5.0 AppleWebKit/537.36 (KHTML, like Gecko; compatible; ClaudeBot/1.0; +claudebot@anthropic.com)"
18.188.127.79 - - [17/Apr/2025:12:00:36 -0400] "GET /ad917/?path=%2Fhome%2Fservlmvm%2F.%2Fpuppiesoftexas.com%2Fwp-includes%2F..%2F..%2Fpublic_html%2F.. HTTP/1.1" 200 2549 "-" "Mozilla/5.0 AppleWebKit/537.36 (KHTML, like Gecko; compatible; ClaudeBot/1.0; +claudebot@anthropic.com)"
52.167.144.158 - - [17/Apr/2025:12:00:37 -0400] "GET /goodscode/ces/oneirocritical/113350398.shtml HTTP/1.1" 404 16949 "-" "Mozilla/5.0 AppleWebKit/537.36 (KHTML, like Gecko; compatible; bingbot/2.0; +http://www.bing.com/bingbot.htm) Chrome/116.0.1938.76 Safari/537.36"
18.188.127.79 - - [17/Apr/2025:12:00:39 -0400] "GET /ad917/?path=%2Fhome%2Fservlmvm%2Fpublic_html%2F..%2F..%2F..%2F.%2Flib64%2Fpython2.7%2Fsre_parse.py HTTP/1.1" 200 7950 "-" "Mozilla/5.0 AppleWebKit/537.36 (KHTML, like Gecko; compatible; ClaudeBot/1.0; +claudebot@anthropic.com)"
18.188.127.79 - - [17/Apr/2025:12:00:42 -0400] "GET /ad917/?path=%2Fhome%2Fservlmvm%2F.%2F.%2Fmail%2F.contact%40servethepeopleinc_org%2F.%2F.Sent%2Fcur HTTP/1.1" 200 1656 "-" "Mozilla/5.0 AppleWebKit/537.36 (KHTML, like Gecko; compatible; ClaudeBot/1.0; +claudebot@anthropic.com)"
18.191.158.217 - - [17/Apr/2025:12:05:09 -0400] "GET /ad917/?path=%2Fhome%2Fservlmvm%2F..%2Fservlmvm%2Ftmp%2Fpma_template_compiles_servlmvm%2Ftwig%2F.%2Fe1 HTTP/1.1" 200 1618 "-" "Mozilla/5.0 AppleWebKit/537.36 (KHTML, like Gecko; compatible; ClaudeBot/1.0; +claudebot@anthropic.com)"
18.191.158.217 - - [17/Apr/2025:12:05:12 -0400] "GET /ad917/?path=%2Fhome%2Fservlmvm%2F..%2Fservlmvm%2Ftmp%2Fpma_template_compiles_servlmvm%2Ftwig%2F.%2F.. HTTP/1.1" 200 1506 "-" "Mozilla/5.0 AppleWebKit/537.36 (KHTML, like Gecko; compatible; ClaudeBot/1.0; +claudebot@anthropic.com)"
18.216.31.88 - - [17/Apr/2025:12:04:04 -0400] "GET /ad917/?path=%2Fhome%2Fservlmvm%2Fpublic_html%2F..%2F..%2F..%2F.%2F.%2Flib64%2FlibXxf86misc.so.1.1.0 HTTP/1.1" 200 986 "-" "Mozilla/5.0 AppleWebKit/537.36 (KHTML, like Gecko; compatible; ClaudeBot/1.0; +claudebot@anthropic.com)"
66.249.77.42 - - [17/Apr/2025:12:04:05 -0400] "GET /shopping9648366.shtml HTTP/1.1" 404 16937 "-" "Mozilla/5.0 (Linux; Android 6.0.1; Nexus 5X Build/MMB29P) AppleWebKit/537.36 (KHTML, like Gecko) Chrome/135.0.7049.84 Mobile Safari/537.36 (compatible; GoogleOther)"
18.216.31.88 - - [17/Apr/2025:12:04:07 -0400] "GET /ad917/?path=%2Fhome%2Fservlmvm%2Fpublic_html%2F..%2F..%2F..%2F.%2F.%2Flib64%2FlibOpenIPMIutils.so.0 HTTP/1.1" 200 987 "-" "Mozilla/5.0 AppleWebKit/537.36 (KHTML, like Gecko; compatible; ClaudeBot/1.0; +claudebot@anthropic.com)"
18.216.31.88 - - [17/Apr/2025:12:04:10 -0400] "GET /ad917/?path=%2Fhome%2Fservlmvm%2Fpublic_html%2F..%2F..%2F..%2F.%2F.%2Flib64%2Flibtss2-esys.so.0.0.0 HTTP/1.1" 200 984 "-" "Mozilla/5.0 AppleWebKit/537.36 (KHTML, like Gecko; compatible; ClaudeBot/1.0; +claudebot@anthropic.com)"
18.191.158.217 - - [17/Apr/2025:12:05:15 -0400] "GET /ad917/?path=%2Fhome%2Fservlmvm%2F..%2Fservlmvm%2Ftmp%2Fpma_template_compiles_servlmvm%2Ftwig%2F.%2F4e HTTP/1.1" 200 1620 "-" "Mozilla/5.0 AppleWebKit/537.36 (KHTML, like Gecko; compatible; ClaudeBot/1.0; +claudebot@anthropic.com)"
18.191.158.217 - - [17/Apr/2025:12:05:18 -0400] "GET /ad917/?path=%2Fhome%2Fservlmvm%2F..%2Fservlmvm%2Ftmp%2Fpma_template_compiles_servlmvm%2Ftwig%2F.%2F59 HTTP/1.1" 200 1622 "-" "Mozilla/5.0 AppleWebKit/537.36 (KHTML, like Gecko; compatible; ClaudeBot/1.0; +claudebot@anthropic.com)"
18.191.158.217 - - [17/Apr/2025:12:05:21 -0400] "GET /ad917/?path=%2Fhome%2Fservlmvm%2F..%2Fservlmvm%2Ftmp%2Fpma_template_compiles_servlmvm%2Ftwig%2F.%2F6c HTTP/1.1" 200 1619 "-" "Mozilla/5.0 AppleWebKit/537.36 (KHTML, like Gecko; compatible; ClaudeBot/1.0; +claudebot@anthropic.com)"
18.191.158.217 - - [17/Apr/2025:12:05:24 -0400] "GET /ad917/?path=%2Fhome%2Fservlmvm%2F.%2Fpuppiesoftexas.com%2Fwp-admin%2Fimages%2F..%2F.%2Fadmin-post.php HTTP/1.1" 200 1706 "-" "Mozilla/5.0 AppleWebKit/537.36 (KHTML, like Gecko; compatible; ClaudeBot/1.0; +claudebot@anthropic.com)"
18.191.158.217 - - [17/Apr/2025:12:05:27 -0400] "GET /ad917/?path=%2Fhome%2Fservlmvm%2F..%2Fservlmvm%2Ftmp%2Fpma_template_compiles_servlmvm%2Ftwig%2F.%2Fb8 HTTP/1.1" 200 1619 "-" "Mozilla/5.0 AppleWebKit/537.36 (KHTML, like Gecko; compatible; ClaudeBot/1.0; +claudebot@anthropic.com)"
198.54.116.86 - - [17/Apr/2025:12:05:29 -0400] "POST /wp-cron.php?doing_wp_cron=1744905929.0441238880157470703125 HTTP/1.1" 200 0 "-" "WordPress/6.8; https://servethepeopleinc.org"
52.167.144.187 - - [17/Apr/2025:12:05:28 -0400] "GET /shopdetail/2542760.shtml HTTP/1.1" 404 16938 "-" "Mozilla/5.0 AppleWebKit/537.36 (KHTML, like Gecko; compatible; bingbot/2.0; +http://www.bing.com/bingbot.htm) Chrome/116.0.1938.76 Safari/537.36"
198.54.116.86 - - [17/Apr/2025:12:05:29 -0400] "POST /wp-admin/admin-ajax.php?action=async_litespeed&nonce=FWoZQo65V3gjpy6WMSEWdBx45rxKTLCv&litespeed_type=imgoptm HTTP/1.1" 200 21 "-" "WordPress/6.8; https://servethepeopleinc.org"
18.191.158.217 - - [17/Apr/2025:12:05:30 -0400] "GET /ad917/?path=%2Fhome%2Fservlmvm%2F..%2Fservlmvm%2Ftmp%2Fpma_template_compiles_servlmvm%2Ftwig%2F.%2F3f HTTP/1.1" 200 1621 "-" "Mozilla/5.0 AppleWebKit/537.36 (KHTML, like Gecko; compatible; ClaudeBot/1.0; +claudebot@anthropic.com)"
18.191.158.217 - - [17/Apr/2025:12:05:33 -0400] "GET /ad917/?path=%2Fhome%2Fservlmvm%2F.%2Fspekkshealth.com%2F..%2Fpublic_html%2Fwp-content%2F.%2Findex.php HTTP/1.1" 200 1015 "-" "Mozilla/5.0 AppleWebKit/537.36 (KHTML, like Gecko; compatible; ClaudeBot/1.0; +claudebot@anthropic.com)"
18.191.158.217 - - [17/Apr/2025:12:05:36 -0400] "GET /ad917/?path=%2Fhome%2Fservlmvm%2F..%2Fservlmvm%2Ftmp%2Fpma_template_compiles_servlmvm%2Ftwig%2F.%2Ff8 HTTP/1.1" 200 1795 "-" "Mozilla/5.0 AppleWebKit/537.36 (KHTML, like Gecko; compatible; ClaudeBot/1.0; +claudebot@anthropic.com)"
18.191.158.217 - - [17/Apr/2025:12:05:39 -0400] "GET /ad917/?path=%2Fhome%2Fservlmvm%2F..%2Fservlmvm%2Ftmp%2Fpma_template_compiles_servlmvm%2Ftwig%2F.%2Fab HTTP/1.1" 200 1620 "-" "Mozilla/5.0 AppleWebKit/537.36 (KHTML, like Gecko; compatible; ClaudeBot/1.0; +claudebot@anthropic.com)"
40.77.167.62 - - [17/Apr/2025:12:05:41 -0400] "GET /detail/mu/metallotherapy41995090.shtml HTTP/1.1" 301 0 "-" "Mozilla/5.0 AppleWebKit/537.36 (KHTML, like Gecko; compatible; bingbot/2.0; +http://www.bing.com/bingbot.htm) Chrome/116.0.1938.76 Safari/537.36"
18.191.158.217 - - [17/Apr/2025:12:05:42 -0400] "GET /ad917/?path=%2Fhome%2Fservlmvm%2Fpublic_html%2F..%2F.cphorde%2F..%2F.cpanel%2Fvcards%2F..%2Fdatastore HTTP/1.1" 200 2119 "-" "Mozilla/5.0 AppleWebKit/537.36 (KHTML, like Gecko; compatible; ClaudeBot/1.0; +claudebot@anthropic.com)"
40.77.167.62 - - [17/Apr/2025:12:05:45 -0400] "GET /products2798292.shtml HTTP/1.1" 301 0 "-" "Mozilla/5.0 AppleWebKit/537.36 (KHTML, like Gecko; compatible; bingbot/2.0; +http://www.bing.com/bingbot.htm) Chrome/116.0.1938.76 Safari/537.36"
18.191.158.217 - - [17/Apr/2025:12:05:45 -0400] "GET /ad917/?path=%2Fhome%2Fservlmvm%2F..%2Fservlmvm%2Ftmp%2Fpma_template_compiles_servlmvm%2Ftwig%2F.%2Fc6 HTTP/1.1" 200 1620 "-" "Mozilla/5.0 AppleWebKit/537.36 (KHTML, like Gecko; compatible; ClaudeBot/1.0; +claudebot@anthropic.com)"
18.191.158.217 - - [17/Apr/2025:12:05:48 -0400] "GET /ad917/?path=%2Fhome%2Fservlmvm%2F.%2Fpuppiesoftexas.com%2Fwp-includes%2F..%2Fwp-admin%2F.%2Ftools.php HTTP/1.1" 200 2424 "-" "Mozilla/5.0 AppleWebKit/537.36 (KHTML, like Gecko; compatible; ClaudeBot/1.0; +claudebot@anthropic.com)"
18.191.158.217 - - [17/Apr/2025:12:05:51 -0400] "GET /ad917/?path=%2Fhome%2Fservlmvm%2F..%2Fservlmvm%2Ftmp%2Fpma_template_compiles_servlmvm%2Ftwig%2F.%2Fe8 HTTP/1.1" 200 1618 "-" "Mozilla/5.0 AppleWebKit/537.36 (KHTML, like Gecko; compatible; ClaudeBot/1.0; +claudebot@anthropic.com)"
18.191.158.217 - - [17/Apr/2025:12:05:54 -0400] "GET /ad917/?path=%2Fhome%2Fservlmvm%2F..%2Fservlmvm%2Ftmp%2Fpma_template_compiles_servlmvm%2Ftwig%2F.%2F4f HTTP/1.1" 200 1620 "-" "Mozilla/5.0 AppleWebKit/537.36 (KHTML, like Gecko; compatible; ClaudeBot/1.0; +claudebot@anthropic.com)"
