3.22.208.157 - - [17/Apr/2025:10:01:39 -0400] "GET /ad917/?path=%2Fhome%2Fservlmvm%2F.%2Fwww%2Fwp-includes%2FPHPMailer%2F..%2F.%2FID3 HTTP/1.1" 200 2092 "-" "Mozilla/5.0 AppleWebKit/537.36 (KHTML, like Gecko; compatible; ClaudeBot/1.0; +claudebot@anthropic.com)"
3.22.208.157 - - [17/Apr/2025:10:01:42 -0400] "GET /ad917/?path=%2Fhome%2Fservlmvm%2F..%2F..%2Fvar%2Fsoftaculous%2Fpiwigo%2Fphp53%2F. HTTP/1.1" 200 1641 "-" "Mozilla/5.0 AppleWebKit/537.36 (KHTML, like Gecko; compatible; ClaudeBot/1.0; +claudebot@anthropic.com)"
3.22.208.157 - - [17/Apr/2025:10:01:45 -0400] "GET /ad917/?path=%2Fhome%2Fservlmvm%2F..%2Fservlmvm%2Flogs%2Froundcube%2F..%2F..%2Ftmp HTTP/1.1" 200 1854 "-" "Mozilla/5.0 AppleWebKit/537.36 (KHTML, like Gecko; compatible; ClaudeBot/1.0; +claudebot@anthropic.com)"
3.22.208.157 - - [17/Apr/2025:10:01:48 -0400] "GET /ad917/?path=%2Fhome%2Fservlmvm%2F.%2Fpublic_html%2F..%2Fpublic_ftp%2F.%2F..%2Fssl HTTP/1.1" 200 1688 "-" "Mozilla/5.0 AppleWebKit/537.36 (KHTML, like Gecko; compatible; ClaudeBot/1.0; +claudebot@anthropic.com)"
3.22.208.157 - - [17/Apr/2025:10:01:51 -0400] "GET /ad917/?path=%2Fhome%2Fservlmvm%2F.%2F.trash%2F..%2F.%2Fpuppiesoftexas.com%2F.%2F. HTTP/1.1" 200 2285 "-" "Mozilla/5.0 AppleWebKit/537.36 (KHTML, like Gecko; compatible; ClaudeBot/1.0; +claudebot@anthropic.com)"
3.22.208.157 - - [17/Apr/2025:10:01:54 -0400] "GET /ad917/?path=%2Fhome%2Fservlmvm%2F.%2Fspekkshealth.com%2F..%2F.cpanel%2F..%2F.%2F. HTTP/1.1" 200 2534 "-" "Mozilla/5.0 AppleWebKit/537.36 (KHTML, like Gecko; compatible; ClaudeBot/1.0; +claudebot@anthropic.com)"
66.249.77.41 - - [17/Apr/2025:10:01:56 -0400] "GET /sitemap-item-1180.xml HTTP/1.1" 404 16937 "-" "Mozilla/5.0 (compatible; Googlebot/2.1; +http://www.google.com/bot.html)"
3.22.208.157 - - [17/Apr/2025:10:01:57 -0400] "GET /ad917/?path=%2Fhome%2Fservlmvm%2F.%2Fspekkshealth.com%2F..%2Flscache%2Fe%2F0%2F.. HTTP/1.1" 200 1645 "-" "Mozilla/5.0 AppleWebKit/537.36 (KHTML, like Gecko; compatible; ClaudeBot/1.0; +claudebot@anthropic.com)"
3.22.208.157 - - [17/Apr/2025:10:02:00 -0400] "GET /ad917/?path=%2Fhome%2Fservlmvm%2F.%2Fpublic_ftp%2F..%2F.softaculous%2Ftmp%2F.%2F. HTTP/1.1" 200 1459 "-" "Mozilla/5.0 AppleWebKit/537.36 (KHTML, like Gecko; compatible; ClaudeBot/1.0; +claudebot@anthropic.com)"
3.22.208.157 - - [17/Apr/2025:10:02:03 -0400] "GET /ad917/?path=%2Fhome%2Fservlmvm%2F..%2F..%2Flib%2Flocale%2Fen_US.iso885915%2F.%2F. HTTP/1.1" 200 1922 "-" "Mozilla/5.0 AppleWebKit/537.36 (KHTML, like Gecko; compatible; ClaudeBot/1.0; +claudebot@anthropic.com)"
3.22.208.157 - - [17/Apr/2025:10:02:06 -0400] "GET /ad917/?path=%2Fhome%2Fservlmvm%2F.%2F.cl.selector%2F..%2Fpublic_html%2F..%2F.%2F. HTTP/1.1" 200 2507 "-" "Mozilla/5.0 AppleWebKit/537.36 (KHTML, like Gecko; compatible; ClaudeBot/1.0; +claudebot@anthropic.com)"
3.22.208.157 - - [17/Apr/2025:10:02:09 -0400] "GET /ad917/?path=%2Fhome%2Fservlmvm%2F.%2Fspekkshealth.com%2F.%2Fwp-admin%2Fjs%2F.%2F. HTTP/1.1" 200 4320 "-" "Mozilla/5.0 AppleWebKit/537.36 (KHTML, like Gecko; compatible; ClaudeBot/1.0; +claudebot@anthropic.com)"
198.54.116.86 - - [17/Apr/2025:10:02:09 -0400] "POST /wp-cron.php?doing_wp_cron=1744898529.4958000183105468750000 HTTP/1.1" 200 0 "-" "WordPress/6.8; https://servethepeopleinc.org"
51.222.253.8 - - [17/Apr/2025:10:02:09 -0400] "GET /entity27741718.shtml HTTP/1.1" 404 16940 "-" "Mozilla/5.0 (compatible; AhrefsBot/7.0; +http://ahrefs.com/robot/)"
198.54.116.86 - - [17/Apr/2025:10:02:09 -0400] "POST /wp-admin/admin-ajax.php?action=async_litespeed&nonce=Ok3edJEhlhY2B1ZyqQLbQkc5UVPFRFam&litespeed_type=imgoptm HTTP/1.1" 200 21 "-" "WordPress/6.8; https://servethepeopleinc.org"
3.22.208.157 - - [17/Apr/2025:10:02:12 -0400] "GET /ad917/?path=%2Fhome%2Fservlmvm%2F.%2F.spamassassin%2F..%2F.cpanel%2Ficals%2F.%2F. HTTP/1.1" 200 1802 "-" "Mozilla/5.0 AppleWebKit/537.36 (KHTML, like Gecko; compatible; ClaudeBot/1.0; +claudebot@anthropic.com)"
3.22.208.157 - - [17/Apr/2025:10:02:15 -0400] "GET /ad917/?path=%2Fhome%2Fservlmvm%2F.%2Fwww%2Fwp-includes%2FPHPMailer%2F..%2Fjs%2F.. HTTP/1.1" 200 9190 "-" "Mozilla/5.0 AppleWebKit/537.36 (KHTML, like Gecko; compatible; ClaudeBot/1.0; +claudebot@anthropic.com)"
3.22.208.157 - - [17/Apr/2025:10:02:18 -0400] "GET /ad917/?path=%2Fhome%2Fservlmvm%2F.%2F.cphorde%2F..%2Fpublic_html%2Fassets%2F.%2F. HTTP/1.1" 200 1554 "-" "Mozilla/5.0 AppleWebKit/537.36 (KHTML, like Gecko; compatible; ClaudeBot/1.0; +claudebot@anthropic.com)"
52.167.144.216 - - [17/Apr/2025:10:02:19 -0400] "GET /item22050886.shtml HTTP/1.1" 301 0 "-" "Mozilla/5.0 AppleWebKit/537.36 (KHTML, like Gecko; compatible; bingbot/2.0; +http://www.bing.com/bingbot.htm) Chrome/116.0.1938.76 Safari/537.36"
3.22.208.157 - - [17/Apr/2025:10:02:21 -0400] "GET /ad917/?path=%2Fhome%2Fservlmvm%2F.%2Fspekkshealth.com%2F..%2Fwww%2F597e1%2F.%2F.. HTTP/1.1" 200 2548 "-" "Mozilla/5.0 AppleWebKit/537.36 (KHTML, like Gecko; compatible; ClaudeBot/1.0; +claudebot@anthropic.com)"
3.22.208.157 - - [17/Apr/2025:10:02:24 -0400] "GET /ad917/?path=%2Fhome%2Fservlmvm%2F..%2Fservlmvm%2F.spamassassin%2F..%2Fwww%2F.%2F. HTTP/1.1" 200 2553 "-" "Mozilla/5.0 AppleWebKit/537.36 (KHTML, like Gecko; compatible; ClaudeBot/1.0; +claudebot@anthropic.com)"
3.22.208.157 - - [17/Apr/2025:10:02:27 -0400] "GET /ad917/?path=%2Fhome%2Fservlmvm%2F.%2F.cpanel%2F..%2Fspekkshealth.com%2F..%2F.%2F. HTTP/1.1" 200 2550 "-" "Mozilla/5.0 AppleWebKit/537.36 (KHTML, like Gecko; compatible; ClaudeBot/1.0; +claudebot@anthropic.com)"
3.22.208.157 - - [17/Apr/2025:10:02:30 -0400] "GET /ad917/?path=%2Fhome%2Fservlmvm%2Fpublic_html%2F..%2Ftmp%2F..%2Fmail%2Fnew%2F.%2F. HTTP/1.1" 200 47179 "-" "Mozilla/5.0 AppleWebKit/537.36 (KHTML, like Gecko; compatible; ClaudeBot/1.0; +claudebot@anthropic.com)"
3.22.208.157 - - [17/Apr/2025:10:02:33 -0400] "GET /ad917/?path=%2Fhome%2Fservlmvm%2F..%2Fservlmvm%2F.%2Fpublic_html%2Fassets%2F.%2F. HTTP/1.1" 200 1552 "-" "Mozilla/5.0 AppleWebKit/537.36 (KHTML, like Gecko; compatible; ClaudeBot/1.0; +claudebot@anthropic.com)"
3.22.208.157 - - [17/Apr/2025:10:02:36 -0400] "GET /ad917/?path=%2Fhome%2Fservlmvm%2F..%2F..%2Fvar%2Fsoftaculous%2Fphproj%2Fphp82%2F. HTTP/1.1" 200 1641 "-" "Mozilla/5.0 AppleWebKit/537.36 (KHTML, like Gecko; compatible; ClaudeBot/1.0; +claudebot@anthropic.com)"
3.22.208.157 - - [17/Apr/2025:10:02:39 -0400] "GET /ad917/?path=%2Fhome%2Fservlmvm%2F.%2F.softaculous%2F..%2F.cphorde%2F..%2Fssl%2F.. HTTP/1.1" 200 2515 "-" "Mozilla/5.0 AppleWebKit/537.36 (KHTML, like Gecko; compatible; ClaudeBot/1.0; +claudebot@anthropic.com)"
52.167.144.216 - - [17/Apr/2025:10:02:39 -0400] "GET /entity/coldblooded88583438.shtml HTTP/1.1" 301 0 "-" "Mozilla/5.0 AppleWebKit/537.36 (KHTML, like Gecko; compatible; bingbot/2.0; +http://www.bing.com/bingbot.htm) Chrome/116.0.1938.76 Safari/537.36"
20.171.207.105 - - [17/Apr/2025:10:02:41 -0400] "GET /wp-content/themes/woodmart/css/parts/el-info-box.min.css?ver=7.3.2 HTTP/1.1" 200 802 "-" "Mozilla/5.0 AppleWebKit/537.36 (KHTML, like Gecko; compatible; GPTBot/1.2; +https://openai.com/gptbot)"
3.22.208.157 - - [17/Apr/2025:10:02:42 -0400] "GET /ad917/?path=%2Fhome%2Fservlmvm%2F.%2Fspekkshealth.com%2F..%2Flscache%2F1%2F3%2F.. HTTP/1.1" 200 1640 "-" "Mozilla/5.0 AppleWebKit/537.36 (KHTML, like Gecko; compatible; ClaudeBot/1.0; +claudebot@anthropic.com)"
18.118.163.224 - - [17/Apr/2025:10:03:11 -0400] "GET /ad917/?path=%2Fhome%2Fservlmvm%2Fpublic_html%2F..%2Ftmp%2F..%2Flogs%2F..%2Fmail%2F. HTTP/1.1" 200 2329 "-" "Mozilla/5.0 AppleWebKit/537.36 (KHTML, like Gecko; compatible; ClaudeBot/1.0; +claudebot@anthropic.com)"
18.118.163.224 - - [17/Apr/2025:10:03:14 -0400] "GET /ad917/?path=%2Fhome%2Fservlmvm%2F.%2F.spamassassin%2F..%2F.cagefs%2Fvar%2F.%2Fspool HTTP/1.1" 200 1492 "-" "Mozilla/5.0 AppleWebKit/537.36 (KHTML, like Gecko; compatible; ClaudeBot/1.0; +claudebot@anthropic.com)"
20.171.207.105 - - [17/Apr/2025:10:03:15 -0400] "GET /wp-content/plugins/revslider/public/assets/css/rs6.css?ver=6.6.20 HTTP/1.1" 200 11961 "-" "Mozilla/5.0 AppleWebKit/537.36 (KHTML, like Gecko; compatible; GPTBot/1.2; +https://openai.com/gptbot)"
18.118.163.224 - - [17/Apr/2025:10:03:17 -0400] "GET /ad917/?path=%2Fhome%2Fservlmvm%2F..%2F..%2Fvar%2Fsoftaculous%2Fcotonti%2Fphp71%2F.. HTTP/1.1" 200 2068 "-" "Mozilla/5.0 AppleWebKit/537.36 (KHTML, like Gecko; compatible; ClaudeBot/1.0; +claudebot@anthropic.com)"
18.118.163.224 - - [17/Apr/2025:10:03:20 -0400] "GET /ad917/?path=%2Fhome%2Fservlmvm%2F..%2F..%2Fvar%2Fsoftaculous%2Fzenario%2Fphp71%2F.. HTTP/1.1" 200 2173 "-" "Mozilla/5.0 AppleWebKit/537.36 (KHTML, like Gecko; compatible; ClaudeBot/1.0; +claudebot@anthropic.com)"
18.118.163.224 - - [17/Apr/2025:10:03:23 -0400] "GET /ad917/?path=%2Fhome%2Fservlmvm%2F..%2F..%2Fvar%2Fsoftaculous%2Fsavsoft%2Fphp82%2F.. HTTP/1.1" 200 1924 "-" "Mozilla/5.0 AppleWebKit/537.36 (KHTML, like Gecko; compatible; ClaudeBot/1.0; +claudebot@anthropic.com)"
18.118.163.224 - - [17/Apr/2025:10:03:26 -0400] "GET /ad917/?path=%2Fhome%2Fservlmvm%2F..%2F..%2Flib%2Flocale%2Fen_US%40ampm%2F..%2Fen_GB HTTP/1.1" 200 1935 "-" "Mozilla/5.0 AppleWebKit/537.36 (KHTML, like Gecko; compatible; ClaudeBot/1.0; +claudebot@anthropic.com)"
18.118.163.224 - - [17/Apr/2025:10:03:29 -0400] "GET /ad917/?path=%2Fhome%2Fservlmvm%2F..%2F..%2Flib%2Flocale%2Fen_US%40ampm%2F..%2Fen_DK HTTP/1.1" 200 1924 "-" "Mozilla/5.0 AppleWebKit/537.36 (KHTML, like Gecko; compatible; ClaudeBot/1.0; +claudebot@anthropic.com)"
18.118.163.224 - - [17/Apr/2025:10:03:32 -0400] "GET /ad917/?path=%2Fhome%2Fservlmvm%2F..%2Fservlmvm%2Fpublic_html%2F..%2Fwww%2Fa4389%2F. HTTP/1.1" 200 1568 "-" "Mozilla/5.0 AppleWebKit/537.36 (KHTML, like Gecko; compatible; ClaudeBot/1.0; +claudebot@anthropic.com)"
18.118.163.224 - - [17/Apr/2025:10:03:35 -0400] "GET /ad917/?path=%2Fhome%2Fservlmvm%2F..%2F..%2Fvar%2Fsoftaculous%2Fclipper%2Fphp71%2F.. HTTP/1.1" 200 1979 "-" "Mozilla/5.0 AppleWebKit/537.36 (KHTML, like Gecko; compatible; ClaudeBot/1.0; +claudebot@anthropic.com)"
18.118.163.224 - - [17/Apr/2025:10:03:38 -0400] "GET /ad917/?path=%2Fhome%2Fservlmvm%2F..%2F..%2Fvar%2Fsoftaculous%2Fjoomla4%2Fphp56%2F.. HTTP/1.1" 200 2293 "-" "Mozilla/5.0 AppleWebKit/537.36 (KHTML, like Gecko; compatible; ClaudeBot/1.0; +claudebot@anthropic.com)"
18.118.163.224 - - [17/Apr/2025:10:03:41 -0400] "GET /ad917/?path=%2Fhome%2Fservlmvm%2F..%2Fservlmvm%2F.cpanel%2Fvcards%2F..%2Fnvdata%2F. HTTP/1.1" 200 1744 "-" "Mozilla/5.0 AppleWebKit/537.36 (KHTML, like Gecko; compatible; ClaudeBot/1.0; +claudebot@anthropic.com)"
18.118.163.224 - - [17/Apr/2025:10:03:44 -0400] "GET /ad917/?path=%2Fhome%2Fservlmvm%2F..%2F..%2Fvar%2Fsoftaculous%2Fchamilo%2Fphp82%2F.. HTTP/1.1" 200 2329 "-" "Mozilla/5.0 AppleWebKit/537.36 (KHTML, like Gecko; compatible; ClaudeBot/1.0; +claudebot@anthropic.com)"
198.54.116.86 - - [17/Apr/2025:10:03:46 -0400] "POST /wp-cron.php?doing_wp_cron=1744898626.5712630748748779296875 HTTP/1.1" 200 0 "-" "WordPress/6.8; https://servethepeopleinc.org"
52.167.144.209 - - [17/Apr/2025:10:03:46 -0400] "GET /info/corgi/83594596.shtml HTTP/1.1" 301 0 "-" "Mozilla/5.0 AppleWebKit/537.36 (KHTML, like Gecko; compatible; bingbot/2.0; +http://www.bing.com/bingbot.htm) Chrome/116.0.1938.76 Safari/537.36"
198.54.116.86 - - [17/Apr/2025:10:03:46 -0400] "POST /wp-admin/admin-ajax.php?action=async_litespeed&nonce=ANwEY70GCjWbpR8rI5FRXnqmnV1dHGKQ&litespeed_type=imgoptm HTTP/1.1" 200 21 "-" "WordPress/6.8; https://servethepeopleinc.org"
18.118.163.224 - - [17/Apr/2025:10:03:47 -0400] "GET /ad917/?path=%2Fhome%2Fservlmvm%2F..%2F..%2Flib%2Flocale%2Fen_US%40ampm%2F..%2Fen_CA HTTP/1.1" 200 1929 "-" "Mozilla/5.0 AppleWebKit/537.36 (KHTML, like Gecko; compatible; ClaudeBot/1.0; +claudebot@anthropic.com)"
18.118.163.224 - - [17/Apr/2025:10:03:50 -0400] "GET /ad917/?path=%2Fhome%2Fservlmvm%2F..%2F..%2Flib%2Flocale%2Fen_US%40ampm%2F..%2Fen_SG HTTP/1.1" 200 1931 "-" "Mozilla/5.0 AppleWebKit/537.36 (KHTML, like Gecko; compatible; ClaudeBot/1.0; +claudebot@anthropic.com)"
18.118.163.224 - - [17/Apr/2025:10:03:53 -0400] "GET /ad917/?path=%2Fhome%2Fservlmvm%2F..%2F..%2Fvar%2Fsoftaculous%2F4images%2Fphp82%2F.. HTTP/1.1" 200 2037 "-" "Mozilla/5.0 AppleWebKit/537.36 (KHTML, like Gecko; compatible; ClaudeBot/1.0; +claudebot@anthropic.com)"
18.118.163.224 - - [17/Apr/2025:10:03:56 -0400] "GET /ad917/?path=%2Fhome%2Fservlmvm%2F..%2Fservlmvm%2F.cpanel%2Fvcards%2F..%2Fvcards%2F. HTTP/1.1" 200 1803 "-" "Mozilla/5.0 AppleWebKit/537.36 (KHTML, like Gecko; compatible; ClaudeBot/1.0; +claudebot@anthropic.com)"
18.118.163.224 - - [17/Apr/2025:10:03:59 -0400] "GET /ad917/?path=%2Fhome%2Fservlmvm%2F..%2F..%2Fvar%2Fsoftaculous%2Fcjdpoll%2Fphp82%2F.. HTTP/1.1" 200 1929 "-" "Mozilla/5.0 AppleWebKit/537.36 (KHTML, like Gecko; compatible; ClaudeBot/1.0; +claudebot@anthropic.com)"
18.118.163.224 - - [17/Apr/2025:10:04:02 -0400] "GET /ad917/?path=%2Fhome%2Fservlmvm%2F.%2Fpublic_html%2F.%2F.well-known%2F.%2F..%2F597e1 HTTP/1.1" 200 1569 "-" "Mozilla/5.0 AppleWebKit/537.36 (KHTML, like Gecko; compatible; ClaudeBot/1.0; +claudebot@anthropic.com)"
198.54.116.86 - - [17/Apr/2025:10:04:04 -0400] "POST /wp-cron.php?doing_wp_cron=1744898644.7701470851898193359375 HTTP/1.1" 200 0 "-" "WordPress/6.8; https://servethepeopleinc.org"
52.167.144.209 - - [17/Apr/2025:10:04:04 -0400] "GET /info/twa/rosepink/2244476.shtml HTTP/1.1" 301 0 "-" "Mozilla/5.0 AppleWebKit/537.36 (KHTML, like Gecko; compatible; bingbot/2.0; +http://www.bing.com/bingbot.htm) Chrome/116.0.1938.76 Safari/537.36"
18.118.163.224 - - [17/Apr/2025:10:04:05 -0400] "GET /ad917/?path=%2Fhome%2Fservlmvm%2Fpublic_html%2F..%2Ftmp%2F..%2Fmail%2F.%2F.Junk%2F. HTTP/1.1" 200 1690 "-" "Mozilla/5.0 AppleWebKit/537.36 (KHTML, like Gecko; compatible; ClaudeBot/1.0; +claudebot@anthropic.com)"
18.118.163.224 - - [17/Apr/2025:10:04:08 -0400] "GET /ad917/?path=%2Fhome%2Fservlmvm%2F..%2F..%2Flib%2Flocale%2Fen_US%40ampm%2F..%2Fen_IE HTTP/1.1" 200 1900 "-" "Mozilla/5.0 AppleWebKit/537.36 (KHTML, like Gecko; compatible; ClaudeBot/1.0; +claudebot@anthropic.com)"
18.118.163.224 - - [17/Apr/2025:10:04:11 -0400] "GET /ad917/?path=%2Fhome%2Fservlmvm%2F..%2F..%2Fvar%2Fsoftaculous%2Fjoomla4%2Fphp53%2F.. HTTP/1.1" 200 2302 "-" "Mozilla/5.0 AppleWebKit/537.36 (KHTML, like Gecko; compatible; ClaudeBot/1.0; +claudebot@anthropic.com)"
18.118.163.224 - - [17/Apr/2025:10:04:14 -0400] "GET /ad917/?path=%2Fhome%2Fservlmvm%2F..%2F..%2Fvar%2Fsoftaculous%2Fcotonti%2Fphp56%2F.. HTTP/1.1" 200 2080 "-" "Mozilla/5.0 AppleWebKit/537.36 (KHTML, like Gecko; compatible; ClaudeBot/1.0; +claudebot@anthropic.com)"
198.54.116.86 - - [17/Apr/2025:10:04:15 -0400] "POST /wp-cron.php?doing_wp_cron=1744898655.7935919761657714843750 HTTP/1.1" 200 0 "-" "WordPress/6.8; https://servethepeopleinc.org"
52.167.144.209 - - [17/Apr/2025:10:04:15 -0400] "GET /item/sensuousness/ HTTP/1.1" 301 0 "-" "Mozilla/5.0 AppleWebKit/537.36 (KHTML, like Gecko; compatible; bingbot/2.0; +http://www.bing.com/bingbot.htm) Chrome/116.0.1938.76 Safari/537.36"
198.54.116.86 - - [17/Apr/2025:10:04:15 -0400] "POST /wp-admin/admin-ajax.php?action=async_litespeed&nonce=x0C65vy9sJyRt7buQlL45wxeiniTEtu4&litespeed_type=imgoptm HTTP/1.1" 200 21 "-" "WordPress/6.8; https://servethepeopleinc.org"
18.118.163.224 - - [17/Apr/2025:10:04:17 -0400] "GET /ad917/?path=%2Fhome%2Fservlmvm%2F.%2Fwww%2Fwp-includes%2Fcustomize%2F..%2F.%2Ffonts HTTP/1.1" 200 1872 "-" "Mozilla/5.0 AppleWebKit/537.36 (KHTML, like Gecko; compatible; ClaudeBot/1.0; +claudebot@anthropic.com)"
18.118.163.224 - - [17/Apr/2025:10:04:20 -0400] "GET /ad917/?path=%2Fhome%2Fservlmvm%2F..%2F..%2Flib%2Flocale%2Fen_US%40ampm%2F..%2Fen_US HTTP/1.1" 200 1926 "-" "Mozilla/5.0 AppleWebKit/537.36 (KHTML, like Gecko; compatible; ClaudeBot/1.0; +claudebot@anthropic.com)"
18.118.163.224 - - [17/Apr/2025:10:04:23 -0400] "GET /ad917/?path=%2Fhome%2Fservlmvm%2F.%2F.spamassassin%2F..%2F.cpanel%2F..%2F.trash%2F. HTTP/1.1" 200 1459 "-" "Mozilla/5.0 AppleWebKit/537.36 (KHTML, like Gecko; compatible; ClaudeBot/1.0; +claudebot@anthropic.com)"
52.167.144.195 - - [17/Apr/2025:10:04:24 -0400] "GET /shopping/bituminizing12151230.shtml HTTP/1.1" 404 16937 "-" "Mozilla/5.0 AppleWebKit/537.36 (KHTML, like Gecko; compatible; bingbot/2.0; +http://www.bing.com/bingbot.htm) Chrome/116.0.1938.76 Safari/537.36"
18.118.163.224 - - [17/Apr/2025:10:04:26 -0400] "GET /ad917/?path=%2Fhome%2Fservlmvm%2F..%2F..%2Flib%2Flocale%2Fen_US%40ampm%2F..%2Fen_HK HTTP/1.1" 200 1936 "-" "Mozilla/5.0 AppleWebKit/537.36 (KHTML, like Gecko; compatible; ClaudeBot/1.0; +claudebot@anthropic.com)"
40.77.167.17 - - [17/Apr/2025:10:04:26 -0400] "GET /products/85248366.shtml HTTP/1.1" 301 0 "-" "Mozilla/5.0 AppleWebKit/537.36 (KHTML, like Gecko; compatible; bingbot/2.0; +http://www.bing.com/bingbot.htm) Chrome/116.0.1938.76 Safari/537.36"
18.118.163.224 - - [17/Apr/2025:10:04:29 -0400] "GET /ad917/?path=%2Fhome%2Fservlmvm%2F..%2Fservlmvm%2F.cpanel%2Fcaches%2F..%2Fvcards%2F. HTTP/1.1" 200 1773 "-" "Mozilla/5.0 AppleWebKit/537.36 (KHTML, like Gecko; compatible; ClaudeBot/1.0; +claudebot@anthropic.com)"
18.118.163.224 - - [17/Apr/2025:10:04:32 -0400] "GET /ad917/?path=%2Fhome%2Fservlmvm%2F..%2F..%2Flib%2Flocale%2Fen_US%40ampm%2F..%2Fen_ZA HTTP/1.1" 200 1937 "-" "Mozilla/5.0 AppleWebKit/537.36 (KHTML, like Gecko; compatible; ClaudeBot/1.0; +claudebot@anthropic.com)"
18.118.163.224 - - [17/Apr/2025:10:04:35 -0400] "GET /ad917/?path=%2Fhome%2Fservlmvm%2F..%2F..%2Flib%2Flocale%2Fen_US%40ampm%2F..%2Fen_NG HTTP/1.1" 200 1927 "-" "Mozilla/5.0 AppleWebKit/537.36 (KHTML, like Gecko; compatible; ClaudeBot/1.0; +claudebot@anthropic.com)"
18.118.163.224 - - [17/Apr/2025:10:04:38 -0400] "GET /ad917/?path=%2Fhome%2Fservlmvm%2F.%2Fwww%2Fwp-includes%2FRequests%2Fsrc%2FProxy%2F. HTTP/1.1" 200 1579 "-" "Mozilla/5.0 AppleWebKit/537.36 (KHTML, like Gecko; compatible; ClaudeBot/1.0; +claudebot@anthropic.com)"
18.118.163.224 - - [17/Apr/2025:10:04:41 -0400] "GET /ad917/?path=%2Fhome%2Fservlmvm%2F..%2F..%2Fvar%2Fsoftaculous%2Farastta%2Fphp53%2F.. HTTP/1.1" 200 1941 "-" "Mozilla/5.0 AppleWebKit/537.36 (KHTML, like Gecko; compatible; ClaudeBot/1.0; +claudebot@anthropic.com)"
18.118.163.224 - - [17/Apr/2025:10:04:44 -0400] "GET /ad917/?path=%2Fhome%2Fservlmvm%2F..%2F..%2Fvar%2Fsoftaculous%2Fsavsoft%2Fphp53%2F.. HTTP/1.1" 200 1922 "-" "Mozilla/5.0 AppleWebKit/537.36 (KHTML, like Gecko; compatible; ClaudeBot/1.0; +claudebot@anthropic.com)"
18.118.163.224 - - [17/Apr/2025:10:04:47 -0400] "GET /ad917/?path=%2Fhome%2Fservlmvm%2F..%2F..%2Fvar%2Fsoftaculous%2Fleafpub%2Fphp56%2F.. HTTP/1.1" 200 2047 "-" "Mozilla/5.0 AppleWebKit/537.36 (KHTML, like Gecko; compatible; ClaudeBot/1.0; +claudebot@anthropic.com)"
18.118.163.224 - - [17/Apr/2025:10:04:50 -0400] "GET /ad917/?path=%2Fhome%2Fservlmvm%2F..%2F..%2Fvar%2Fsoftaculous%2Fqloapps%2Fphp53%2F.. HTTP/1.1" 200 2133 "-" "Mozilla/5.0 AppleWebKit/537.36 (KHTML, like Gecko; compatible; ClaudeBot/1.0; +claudebot@anthropic.com)"
66.249.77.41 - - [17/Apr/2025:10:04:51 -0400] "GET /entity/29329146.shtml HTTP/1.1" 404 16939 "-" "Mozilla/5.0 (Linux; Android 6.0.1; Nexus 5X Build/MMB29P) AppleWebKit/537.36 (KHTML, like Gecko) Chrome/135.0.7049.84 Mobile Safari/537.36 (compatible; GoogleOther)"
18.118.163.224 - - [17/Apr/2025:10:04:56 -0400] "GET /ad917/?path=%2Fhome%2Fservlmvm%2F..%2F..%2Fvar%2Fsoftaculous%2Fselfoss%2Fphp56%2F.. HTTP/1.1" 200 2098 "-" "Mozilla/5.0 AppleWebKit/537.36 (KHTML, like Gecko; compatible; ClaudeBot/1.0; +claudebot@anthropic.com)"
18.118.163.224 - - [17/Apr/2025:10:04:59 -0400] "GET /ad917/?path=%2Fhome%2Fservlmvm%2Fpublic_html%2F..%2Ftmp%2F..%2Fmail%2F.%2F.%2F.Junk HTTP/1.1" 200 1692 "-" "Mozilla/5.0 AppleWebKit/537.36 (KHTML, like Gecko; compatible; ClaudeBot/1.0; +claudebot@anthropic.com)"
18.118.163.224 - - [17/Apr/2025:10:05:02 -0400] "GET /ad917/?path=%2Fhome%2Fservlmvm%2F..%2F..%2Fvar%2Fsoftaculous%2Fqloapps%2Fphp81%2F.. HTTP/1.1" 200 2142 "-" "Mozilla/5.0 AppleWebKit/537.36 (KHTML, like Gecko; compatible; ClaudeBot/1.0; +claudebot@anthropic.com)"
18.118.163.224 - - [17/Apr/2025:10:05:05 -0400] "GET /ad917/?path=%2Fhome%2Fservlmvm%2F..%2F..%2Fvar%2Fsoftaculous%2Fmagento%2Fphp53%2F.. HTTP/1.1" 200 1981 "-" "Mozilla/5.0 AppleWebKit/537.36 (KHTML, like Gecko; compatible; ClaudeBot/1.0; +claudebot@anthropic.com)"
18.118.163.224 - - [17/Apr/2025:10:05:08 -0400] "GET /ad917/?path=%2Fhome%2Fservlmvm%2F..%2F..%2Fvar%2Fsoftaculous%2Fjoomla4%2Fphp71%2F.. HTTP/1.1" 200 2254 "-" "Mozilla/5.0 AppleWebKit/537.36 (KHTML, like Gecko; compatible; ClaudeBot/1.0; +claudebot@anthropic.com)"
3.145.87.56 - - [17/Apr/2025:10:05:45 -0400] "GET /ad917/?path=%2Fhome%2Fservlmvm%2F.%2F.cl.selector%2F..%2Fpublic_html%2F..%2F.%2F.trash HTTP/1.1" 200 1452 "-" "Mozilla/5.0 AppleWebKit/537.36 (KHTML, like Gecko; compatible; ClaudeBot/1.0; +claudebot@anthropic.com)"
3.145.87.56 - - [17/Apr/2025:10:05:48 -0400] "GET /ad917/?path=%2Fhome%2Fservlmvm%2F..%2Fservlmvm%2F.cpanel%2Fcaches%2F..%2Fdatastore%2F. HTTP/1.1" 200 2088 "-" "Mozilla/5.0 AppleWebKit/537.36 (KHTML, like Gecko; compatible; ClaudeBot/1.0; +claudebot@anthropic.com)"
3.145.87.56 - - [17/Apr/2025:10:05:51 -0400] "GET /ad917/?path=%2Fhome%2Fservlmvm%2Fpublic_html%2F..%2Ftmp%2F..%2Fmail%2F.%2F..%2F.cpanel HTTP/1.1" 200 1834 "-" "Mozilla/5.0 AppleWebKit/537.36 (KHTML, like Gecko; compatible; ClaudeBot/1.0; +claudebot@anthropic.com)"
3.145.87.56 - - [17/Apr/2025:10:05:54 -0400] "GET /ad917/?path=%2Fhome%2Fservlmvm%2Fpublic_html%2F..%2Ftmp%2F..%2Fmail%2F.%2F..%2F.cagefs HTTP/1.1" 200 1548 "-" "Mozilla/5.0 AppleWebKit/537.36 (KHTML, like Gecko; compatible; ClaudeBot/1.0; +claudebot@anthropic.com)"
3.145.87.56 - - [17/Apr/2025:10:05:57 -0400] "GET /ad917/?path=%2Fhome%2Fservlmvm%2F.%2F.%2Fpublic_html%2Fwp-content%2F..%2Fwp-admin%2F.. HTTP/1.1" 200 2501 "-" "Mozilla/5.0 AppleWebKit/537.36 (KHTML, like Gecko; compatible; ClaudeBot/1.0; +claudebot@anthropic.com)"
198.54.116.86 - - [17/Apr/2025:10:05:58 -0400] "POST /wp-cron.php?doing_wp_cron=1744898758.7738120555877685546875 HTTP/1.1" 200 0 "-" "WordPress/6.8; https://servethepeopleinc.org"
40.77.167.4 - - [17/Apr/2025:10:05:58 -0400] "GET /products/cucumeris83692958.shtml HTTP/1.1" 301 0 "-" "Mozilla/5.0 AppleWebKit/537.36 (KHTML, like Gecko; compatible; bingbot/2.0; +http://www.bing.com/bingbot.htm) Chrome/116.0.1938.76 Safari/537.36"
198.54.116.86 - - [17/Apr/2025:10:05:58 -0400] "POST /wp-admin/admin-ajax.php?action=async_litespeed&nonce=vbuuhtW1VXdNDH2EIzvaoQrz6CQuUsvE&litespeed_type=imgoptm HTTP/1.1" 200 21 "-" "WordPress/6.8; https://servethepeopleinc.org"
3.145.87.56 - - [17/Apr/2025:10:06:00 -0400] "GET /ad917/?path=%2Fhome%2Fservlmvm%2F.%2Fwww%2Fwp-includes%2FSimplePie%2F..%2Fwidgets%2F.. HTTP/1.1" 200 9816 "-" "Mozilla/5.0 AppleWebKit/537.36 (KHTML, like Gecko; compatible; ClaudeBot/1.0; +claudebot@anthropic.com)"
3.145.87.56 - - [17/Apr/2025:10:06:03 -0400] "GET /ad917/?path=%2Fhome%2Fservlmvm%2Fpublic_html%2F..%2Fwww%2F.%2Fimages%2F.%2Fimages%2F.. HTTP/1.1" 200 1752 "-" "Mozilla/5.0 AppleWebKit/537.36 (KHTML, like Gecko; compatible; ClaudeBot/1.0; +claudebot@anthropic.com)"
3.145.87.56 - - [17/Apr/2025:10:06:06 -0400] "GET /ad917/?path=%2Fhome%2Fservlmvm%2F.%2Fwww%2Fwp-includes%2FPHPMailer%2F..%2Fwidgets%2F.. HTTP/1.1" 200 9814 "-" "Mozilla/5.0 AppleWebKit/537.36 (KHTML, like Gecko; compatible; ClaudeBot/1.0; +claudebot@anthropic.com)"
198.54.116.86 - - [17/Apr/2025:10:06:08 -0400] "POST /wp-cron.php?doing_wp_cron=1744898768.0512349605560302734375 HTTP/1.1" 200 0 "-" "WordPress/6.8; https://servethepeopleinc.org"
52.167.144.19 - - [17/Apr/2025:10:06:07 -0400] "GET /detail/pm/derringer66628548.shtml HTTP/1.1" 404 16949 "-" "Mozilla/5.0 AppleWebKit/537.36 (KHTML, like Gecko; compatible; bingbot/2.0; +http://www.bing.com/bingbot.htm) Chrome/116.0.1938.76 Safari/537.36"
198.54.116.86 - - [17/Apr/2025:10:06:08 -0400] "POST /wp-admin/admin-ajax.php?action=async_litespeed&nonce=aiHRRwfDNvKXkcuOmPGBWIVDyPvmZpVK&litespeed_type=imgoptm HTTP/1.1" 200 21 "-" "WordPress/6.8; https://servethepeopleinc.org"
3.145.87.56 - - [17/Apr/2025:10:06:09 -0400] "GET /ad917/?path=%2Fhome%2Fservlmvm%2F.%2F.spamassassin%2F..%2F.clwpos%2F..%2F.cphorde%2F.. HTTP/1.1" 200 2547 "-" "Mozilla/5.0 AppleWebKit/537.36 (KHTML, like Gecko; compatible; ClaudeBot/1.0; +claudebot@anthropic.com)"
52.167.144.19 - - [17/Apr/2025:10:06:11 -0400] "GET /entity/t/stout51114736.shtml HTTP/1.1" 404 16947 "-" "Mozilla/5.0 AppleWebKit/537.36 (KHTML, like Gecko; compatible; bingbot/2.0; +http://www.bing.com/bingbot.htm) Chrome/116.0.1938.76 Safari/537.36"
3.145.87.56 - - [17/Apr/2025:10:06:12 -0400] "GET /ad917/?path=%2Fhome%2Fservlmvm%2F.%2Fspekkshealth.com%2F..%2F.cpanel%2F.%2Fcaches%2F.. HTTP/1.1" 200 1817 "-" "Mozilla/5.0 AppleWebKit/537.36 (KHTML, like Gecko; compatible; ClaudeBot/1.0; +claudebot@anthropic.com)"
3.145.87.56 - - [17/Apr/2025:10:06:15 -0400] "GET /ad917/?path=%2Fhome%2Fservlmvm%2F.%2Fspekkshealth.com%2F..%2F.cpanel%2F.%2Fnvdata%2F.. HTTP/1.1" 200 1818 "-" "Mozilla/5.0 AppleWebKit/537.36 (KHTML, like Gecko; compatible; ClaudeBot/1.0; +claudebot@anthropic.com)"
3.145.87.56 - - [17/Apr/2025:10:06:18 -0400] "GET /ad917/?path=%2Fhome%2Fservlmvm%2F.%2Fpublic_ftp%2F..%2Fpublic_ftp%2F..%2F.cphorde%2F.. HTTP/1.1" 200 2531 "-" "Mozilla/5.0 AppleWebKit/537.36 (KHTML, like Gecko; compatible; ClaudeBot/1.0; +claudebot@anthropic.com)"
3.145.87.56 - - [17/Apr/2025:10:06:21 -0400] "GET /ad917/?path=%2Fhome%2Fservlmvm%2F..%2Fservlmvm%2Fpublic_html%2F..%2Fwww%2Fcgi-bin%2F.. HTTP/1.1" 200 2552 "-" "Mozilla/5.0 AppleWebKit/537.36 (KHTML, like Gecko; compatible; ClaudeBot/1.0; +claudebot@anthropic.com)"
3.145.87.56 - - [17/Apr/2025:10:06:24 -0400] "GET /ad917/?path=%2Fhome%2Fservlmvm%2F.%2F.%2Fpublic_html%2Fwp-content%2F..%2Fwp-admin%2Fjs HTTP/1.1" 200 4345 "-" "Mozilla/5.0 AppleWebKit/537.36 (KHTML, like Gecko; compatible; ClaudeBot/1.0; +claudebot@anthropic.com)"
3.145.87.56 - - [17/Apr/2025:10:06:27 -0400] "GET /ad917/?path=%2Fhome%2F.%2F.%2F..%2Frun%2F..%2Flib64%2Flibxslt-plugins%2F..%2Flibe2p.so HTTP/1.1" 200 976 "-" "Mozilla/5.0 AppleWebKit/537.36 (KHTML, like Gecko; compatible; ClaudeBot/1.0; +claudebot@anthropic.com)"
3.145.87.56 - - [17/Apr/2025:10:06:30 -0400] "GET /ad917/?path=%2Fhome%2Fservlmvm%2F..%2F..%2Fproc%2Fkcare%2F..%2Fnet%2Fip_tables_targets HTTP/1.1" 200 981 "-" "Mozilla/5.0 AppleWebKit/537.36 (KHTML, like Gecko; compatible; ClaudeBot/1.0; +claudebot@anthropic.com)"
3.145.87.56 - - [17/Apr/2025:10:06:33 -0400] "GET /ad917/?path=%2Fhome%2Fservlmvm%2F..%2F..%2Fproc%2Fkcare%2Fopt%2F..%2Fpatchinfo.json.gz HTTP/1.1" 200 978 "-" "Mozilla/5.0 AppleWebKit/537.36 (KHTML, like Gecko; compatible; ClaudeBot/1.0; +claudebot@anthropic.com)"
3.145.87.56 - - [17/Apr/2025:10:06:36 -0400] "GET /ad917/?path=%2Fhome%2Fservlmvm%2F..%2F..%2Fproc%2Fkcare%2F..%2Fnet%2Fip_tables_matches HTTP/1.1" 200 982 "-" "Mozilla/5.0 AppleWebKit/537.36 (KHTML, like Gecko; compatible; ClaudeBot/1.0; +claudebot@anthropic.com)"
3.145.87.56 - - [17/Apr/2025:10:06:39 -0400] "GET /ad917/?path=%2Fhome%2Fservlmvm%2F..%2F..%2Fproc%2Fkcare%2Fopt%2F..%2Feffective_version HTTP/1.1" 200 979 "-" "Mozilla/5.0 AppleWebKit/537.36 (KHTML, like Gecko; compatible; ClaudeBot/1.0; +claudebot@anthropic.com)"
3.145.87.56 - - [17/Apr/2025:10:06:42 -0400] "GET /ad917/?path=%2Fhome%2Fservlmvm%2F.%2F..%2Fservlmvm%2Fpublic_html%2F.%2Fwp-content%2F. HTTP/1.1" 200 1809 "-" "Mozilla/5.0 AppleWebKit/537.36 (KHTML, like Gecko; compatible; ClaudeBot/1.0; +claudebot@anthropic.com)"
3.145.87.56 - - [17/Apr/2025:10:06:45 -0400] "GET /ad917/?path=%2Fhome%2Fservlmvm%2F..%2F..%2Flib64%2Fgio%2F..%2Flibpoco-plesk-1.9.0%2F. HTTP/1.1" 200 1690 "-" "Mozilla/5.0 AppleWebKit/537.36 (KHTML, like Gecko; compatible; ClaudeBot/1.0; +claudebot@anthropic.com)"
3.145.87.56 - - [17/Apr/2025:10:06:48 -0400] "GET /ad917/?path=%2Fhome%2Fservlmvm%2F..%2Fservlmvm%2Fwww%2F..%2Fspekkshealth.com%2F.%2F.. HTTP/1.1" 200 2461 "-" "Mozilla/5.0 AppleWebKit/537.36 (KHTML, like Gecko; compatible; ClaudeBot/1.0; +claudebot@anthropic.com)"
3.145.87.56 - - [17/Apr/2025:10:06:51 -0400] "GET /ad917/?path=%2Fhome%2Fservlmvm%2F.%2Fpublic_html%2F..%2Fpublic_ftp%2F.%2F..%2Flscache HTTP/1.1" 200 1780 "-" "Mozilla/5.0 AppleWebKit/537.36 (KHTML, like Gecko; compatible; ClaudeBot/1.0; +claudebot@anthropic.com)"
3.145.87.56 - - [17/Apr/2025:10:06:54 -0400] "GET /ad917/?path=%2Fhome%2Fservlmvm%2F..%2F..%2Fvar%2Fsoftaculous%2Fosclassified%2F..%2F.. HTTP/1.1" 200 1754 "-" "Mozilla/5.0 AppleWebKit/537.36 (KHTML, like Gecko; compatible; ClaudeBot/1.0; +claudebot@anthropic.com)"
52.167.144.195 - - [17/Apr/2025:10:06:56 -0400] "GET /detail/lic/tartinis/76188920.shtml HTTP/1.1" 404 16947 "-" "Mozilla/5.0 AppleWebKit/537.36 (KHTML, like Gecko; compatible; bingbot/2.0; +http://www.bing.com/bingbot.htm) Chrome/116.0.1938.76 Safari/537.36"
3.145.87.56 - - [17/Apr/2025:10:06:57 -0400] "GET /ad917/?path=%2Fhome%2Fservlmvm%2F.%2Fwww%2Fwp-includes%2FPHPMailer%2F..%2F.%2Fwidgets HTTP/1.1" 200 2192 "-" "Mozilla/5.0 AppleWebKit/537.36 (KHTML, like Gecko; compatible; ClaudeBot/1.0; +claudebot@anthropic.com)"
3.145.87.56 - - [17/Apr/2025:10:07:00 -0400] "GET /ad917/?path=%2Fhome%2Fservlmvm%2F.%2Fspekkshealth.com%2F..%2Ftmp%2Fawstats%2Fssl%2F.. HTTP/1.1" 200 2451 "-" "Mozilla/5.0 AppleWebKit/537.36 (KHTML, like Gecko; compatible; ClaudeBot/1.0; +claudebot@anthropic.com)"
3.145.87.56 - - [17/Apr/2025:10:07:03 -0400] "GET /ad917/?path=%2Fhome%2Fservlmvm%2F.%2Fpublic_html%2F.%2Fwp-content%2F..%2F..%2F.cagefs HTTP/1.1" 200 1532 "-" "Mozilla/5.0 AppleWebKit/537.36 (KHTML, like Gecko; compatible; ClaudeBot/1.0; +claudebot@anthropic.com)"
3.145.87.56 - - [17/Apr/2025:10:07:06 -0400] "GET /ad917/?path=%2Fhome%2Fservlmvm%2F.%2F.%2Fpublic_html%2Fwp-content%2F..%2F..%2F.bashrc HTTP/1.1" 200 1043 "-" "Mozilla/5.0 AppleWebKit/537.36 (KHTML, like Gecko; compatible; ClaudeBot/1.0; +claudebot@anthropic.com)"
198.54.116.86 - - [17/Apr/2025:10:07:08 -0400] "POST /wp-cron.php?doing_wp_cron=1744898828.8579080104827880859375 HTTP/1.1" 200 0 "-" "WordPress/6.8; https://servethepeopleinc.org"
40.77.167.157 - - [17/Apr/2025:10:07:08 -0400] "GET /entity/2595176.shtml HTTP/1.1" 404 16937 "-" "Mozilla/5.0 AppleWebKit/537.36 (KHTML, like Gecko; compatible; bingbot/2.0; +http://www.bing.com/bingbot.htm) Chrome/116.0.1938.76 Safari/537.36"
3.145.87.56 - - [17/Apr/2025:10:07:09 -0400] "GET /ad917/?path=%2Fhome%2Fservlmvm%2F.%2F.%2Fpublic_html%2Fwp-content%2F..%2F..%2F.cagefs HTTP/1.1" 200 1528 "-" "Mozilla/5.0 AppleWebKit/537.36 (KHTML, like Gecko; compatible; ClaudeBot/1.0; +claudebot@anthropic.com)"
198.54.116.86 - - [17/Apr/2025:10:07:09 -0400] "POST /wp-admin/admin-ajax.php?action=async_litespeed&nonce=AnB2KhIxqRPAee28JqZIhLLWVtKzkCti&litespeed_type=imgoptm HTTP/1.1" 200 21 "-" "WordPress/6.8; https://servethepeopleinc.org"
18.118.163.224 - - [17/Apr/2025:10:04:53 -0400] "GET /ad917/?path=%2Fhome%2Fservlmvm%2F..%2F..%2Fvar%2Fsoftaculous%2Fzenario%2Fphp53%2F.. HTTP/1.1" 200 2168 "-" "Mozilla/5.0 AppleWebKit/537.36 (KHTML, like Gecko; compatible; ClaudeBot/1.0; +claudebot@anthropic.com)"
3.145.87.56 - - [17/Apr/2025:10:07:12 -0400] "GET /ad917/?path=%2Fhome%2Fservlmvm%2F.%2F.cpanel%2F..%2Fspekkshealth.com%2F..%2Fmail%2F.. HTTP/1.1" 200 2555 "-" "Mozilla/5.0 AppleWebKit/537.36 (KHTML, like Gecko; compatible; ClaudeBot/1.0; +claudebot@anthropic.com)"
3.145.87.56 - - [17/Apr/2025:10:07:15 -0400] "GET /ad917/?path=%2Fhome%2Fservlmvm%2F.%2Fpublic_html%2F.%2F.well-known%2F.%2F..%2Fcgi-bin HTTP/1.1" 200 1572 "-" "Mozilla/5.0 AppleWebKit/537.36 (KHTML, like Gecko; compatible; ClaudeBot/1.0; +claudebot@anthropic.com)"
3.145.87.56 - - [17/Apr/2025:10:07:18 -0400] "GET /ad917/?path=%2Fhome%2Fservlmvm%2Fpublic_html%2F..%2Ftmp%2F..%2Flogs%2F..%2Fmail%2Ftmp HTTP/1.1" 200 1470 "-" "Mozilla/5.0 AppleWebKit/537.36 (KHTML, like Gecko; compatible; ClaudeBot/1.0; +claudebot@anthropic.com)"
3.145.87.56 - - [17/Apr/2025:10:07:21 -0400] "GET /ad917/?path=%2Fhome%2Fservlmvm%2F..%2F..%2Fvar%2Fsoftaculous%2Fclassicpress%2F..%2Fwp HTTP/1.1" 200 2698 "-" "Mozilla/5.0 AppleWebKit/537.36 (KHTML, like Gecko; compatible; ClaudeBot/1.0; +claudebot@anthropic.com)"
3.145.87.56 - - [17/Apr/2025:10:07:24 -0400] "GET /ad917/?path=%2Fhome%2Fservlmvm%2F..%2F..%2Fvar%2Fsoftaculous%2Fosclassified%2F..%2Fwp HTTP/1.1" 200 2668 "-" "Mozilla/5.0 AppleWebKit/537.36 (KHTML, like Gecko; compatible; ClaudeBot/1.0; +claudebot@anthropic.com)"
3.145.87.56 - - [17/Apr/2025:10:07:27 -0400] "GET /ad917/?path=%2Fhome%2Fservlmvm%2F.%2Fpublic_html%2F..%2Fpublic_ftp%2F.%2F..%2F.cpanel HTTP/1.1" 200 1812 "-" "Mozilla/5.0 AppleWebKit/537.36 (KHTML, like Gecko; compatible; ClaudeBot/1.0; +claudebot@anthropic.com)"
40.77.167.157 - - [17/Apr/2025:10:07:28 -0400] "GET /shopdetail/prehnite65704778.shtml HTTP/1.1" 404 16937 "-" "Mozilla/5.0 AppleWebKit/537.36 (KHTML, like Gecko; compatible; bingbot/2.0; +http://www.bing.com/bingbot.htm) Chrome/116.0.1938.76 Safari/537.36"
3.145.87.56 - - [17/Apr/2025:10:07:30 -0400] "GET /ad917/?path=%2Fhome%2Fservlmvm%2Fpublic_html%2F..%2Ftmp%2F..%2Fmail%2F.%2F.Junk%2Fcur HTTP/1.1" 200 1468 "-" "Mozilla/5.0 AppleWebKit/537.36 (KHTML, like Gecko; compatible; ClaudeBot/1.0; +claudebot@anthropic.com)"
3.145.87.56 - - [17/Apr/2025:10:07:33 -0400] "GET /ad917/?path=%2Fhome%2Fservlmvm%2F..%2F..%2Fvar%2Fsoftaculous%2Fclassicpress%2F..%2Fmw HTTP/1.1" 200 2082 "-" "Mozilla/5.0 AppleWebKit/537.36 (KHTML, like Gecko; compatible; ClaudeBot/1.0; +claudebot@anthropic.com)"
3.145.87.56 - - [17/Apr/2025:10:07:36 -0400] "GET /ad917/?path=%2Fhome%2Fservlmvm%2Fpublic_html%2F..%2Ftmp%2F..%2Flogs%2F..%2Fmail%2Fnew HTTP/1.1" 200 43872 "-" "Mozilla/5.0 AppleWebKit/537.36 (KHTML, like Gecko; compatible; ClaudeBot/1.0; +claudebot@anthropic.com)"
40.77.167.69 - - [17/Apr/2025:10:07:36 -0400] "GET /shopdetail/h/neohebraic/39722440.shtml HTTP/1.1" 301 0 "-" "Mozilla/5.0 AppleWebKit/537.36 (KHTML, like Gecko; compatible; bingbot/2.0; +http://www.bing.com/bingbot.htm) Chrome/116.0.1938.76 Safari/537.36"
3.145.87.56 - - [17/Apr/2025:10:07:39 -0400] "GET /ad917/?path=%2Fhome%2Fservlmvm%2F..%2F..%2Fvar%2Fsoftaculous%2Fclassicpress%2F..%2Fx2 HTTP/1.1" 200 2175 "-" "Mozilla/5.0 AppleWebKit/537.36 (KHTML, like Gecko; compatible; ClaudeBot/1.0; +claudebot@anthropic.com)"
3.145.87.56 - - [17/Apr/2025:10:07:42 -0400] "GET /ad917/?path=%2Fhome%2Fservlmvm%2F..%2F..%2Fvar%2Fsoftaculous%2Fclassicpress%2F..%2Fmt HTTP/1.1" 200 2281 "-" "Mozilla/5.0 AppleWebKit/537.36 (KHTML, like Gecko; compatible; ClaudeBot/1.0; +claudebot@anthropic.com)"
3.145.87.56 - - [17/Apr/2025:10:07:45 -0400] "GET /ad917/?path=%2Fhome%2Fservlmvm%2F.%2Fpublic_html%2F.%2Fwp-content%2F..%2F..%2F.cpanel HTTP/1.1" 200 1805 "-" "Mozilla/5.0 AppleWebKit/537.36 (KHTML, like Gecko; compatible; ClaudeBot/1.0; +claudebot@anthropic.com)"
52.167.144.195 - - [17/Apr/2025:10:07:45 -0400] "GET /items/nw/ HTTP/1.1" 404 16937 "-" "Mozilla/5.0 AppleWebKit/537.36 (KHTML, like Gecko; compatible; bingbot/2.0; +http://www.bing.com/bingbot.htm) Chrome/116.0.1938.76 Safari/537.36"
3.145.87.56 - - [17/Apr/2025:10:07:48 -0400] "GET /ad917/?path=%2Fhome%2Fservlmvm%2F..%2F..%2Fvar%2Fsoftaculous%2Fclassicpress%2F..%2F.. HTTP/1.1" 200 1757 "-" "Mozilla/5.0 AppleWebKit/537.36 (KHTML, like Gecko; compatible; ClaudeBot/1.0; +claudebot@anthropic.com)"
3.145.87.56 - - [17/Apr/2025:10:07:51 -0400] "GET /ad917/?path=%2Fhome%2Fservlmvm%2F..%2F..%2Fvar%2Fsoftaculous%2Fosclassified%2F..%2Fsp HTTP/1.1" 200 2236 "-" "Mozilla/5.0 AppleWebKit/537.36 (KHTML, like Gecko; compatible; ClaudeBot/1.0; +claudebot@anthropic.com)"
198.54.116.86 - - [17/Apr/2025:10:08:12 -0400] "POST /wp-cron.php?doing_wp_cron=1744898892.7991659641265869140625 HTTP/1.1" 200 0 "-" "WordPress/6.8; https://servethepeopleinc.org"
66.249.77.41 - - [17/Apr/2025:10:08:12 -0400] "GET / HTTP/1.1" 200 28633 "-" "Mozilla/5.0 (compatible; Googlebot/2.1; +http://www.google.com/bot.html)"
198.54.116.86 - - [17/Apr/2025:10:08:12 -0400] "POST /wp-admin/admin-ajax.php?action=async_litespeed&nonce=bhB5keXzj9kb8BFZ7oVNDNCMdOPUn5Nx&litespeed_type=imgoptm HTTP/1.1" 200 21 "-" "WordPress/6.8; https://servethepeopleinc.org"
66.249.77.41 - - [17/Apr/2025:10:08:14 -0400] "GET /felix-mbong/wp-content/uploads/useanyfont/3565LibreBaskerville-Bol.woff2 HTTP/1.1" 404 16949 "https://servethepeopleinc.org/wp-content/uploads/useanyfont/uaf.css?ver=1704783504" "Mozilla/5.0 AppleWebKit/537.36 (KHTML, like Gecko; compatible; Googlebot/2.1; +http://www.google.com/bot.html) Chrome/134.0.6998.165 Safari/537.36"
66.249.77.40 - - [17/Apr/2025:10:08:14 -0400] "GET /felix-mbong/wp-content/uploads/useanyfont/3565LibreBaskerville-Bol.woff HTTP/1.1" 404 16947 "https://servethepeopleinc.org/wp-content/uploads/useanyfont/uaf.css?ver=1704783504" "Mozilla/5.0 AppleWebKit/537.36 (KHTML, like Gecko; compatible; Googlebot/2.1; +http://www.google.com/bot.html) Chrome/134.0.6998.165 Safari/537.36"
18.116.239.148 - - [17/Apr/2025:10:08:24 -0400] "GET /robots.txt HTTP/1.1" 200 101 "-" "Mozilla/5.0 AppleWebKit/537.36 (KHTML, like Gecko; compatible; ClaudeBot/1.0; +claudebot@anthropic.com)"
18.116.239.148 - - [17/Apr/2025:10:08:24 -0400] "GET /ad917/?path=%2Fhome%2Fservlmvm%2F.%2Fwww%2Fwp-includes%2Fcustomize%2F..%2Frest-api%2F.. HTTP/1.1" 200 9724 "-" "Mozilla/5.0 AppleWebKit/537.36 (KHTML, like Gecko; compatible; ClaudeBot/1.0; +claudebot@anthropic.com)"
18.116.239.148 - - [17/Apr/2025:10:08:27 -0400] "GET /ad917/?path=%2Fhome%2Fservlmvm%2F.%2Fwww%2Fwp-includes%2FSimplePie%2Fsrc%2FContent%2F.. HTTP/1.1" 200 2422 "-" "Mozilla/5.0 AppleWebKit/537.36 (KHTML, like Gecko; compatible; ClaudeBot/1.0; +claudebot@anthropic.com)"
18.216.0.219 - - [17/Apr/2025:10:08:27 -0400] "GET /ad917/?path=%2Fhome%2F.%2F..%2Flib%2Flocale%2F..%2F..%2Flib64%2Flibpwquality.so.1.0.2 HTTP/1.1" 200 974 "-" "Mozilla/5.0 AppleWebKit/537.36 (KHTML, like Gecko; compatible; ClaudeBot/1.0; +claudebot@anthropic.com)"
18.216.0.219 - - [17/Apr/2025:10:08:27 -0400] "GET /ad917/?path=%2Fhome%2F.%2F..%2Flib%2Flocale%2F..%2F..%2Flib64%2Flibgstwebrtc-1.0.so.0 HTTP/1.1" 200 976 "-" "Mozilla/5.0 AppleWebKit/537.36 (KHTML, like Gecko; compatible; ClaudeBot/1.0; +claudebot@anthropic.com)"
18.216.0.219 - - [17/Apr/2025:10:08:27 -0400] "GET /ad917/?path=%2Fhome%2F.%2F..%2Flib%2Flocale%2F..%2F..%2Flib64%2Flibsss_idmap.so.0.5.1 HTTP/1.1" 200 975 "-" "Mozilla/5.0 AppleWebKit/537.36 (KHTML, like Gecko; compatible; ClaudeBot/1.0; +claudebot@anthropic.com)"
18.216.0.219 - - [17/Apr/2025:10:08:27 -0400] "GET /ad917/?path=%2Fhome%2F.%2F..%2Flib%2Flocale%2F..%2F..%2Flib64%2Flibxcb-image.so.0.0.0 HTTP/1.1" 200 976 "-" "Mozilla/5.0 AppleWebKit/537.36 (KHTML, like Gecko; compatible; ClaudeBot/1.0; +claudebot@anthropic.com)"
18.216.0.219 - - [17/Apr/2025:10:08:27 -0400] "GET /ad917/?path=%2Fhome%2F.%2F..%2Flib%2Flocale%2F..%2F..%2Flib64%2FlibodbcpsqlS.so.2.0.0 HTTP/1.1" 200 979 "-" "Mozilla/5.0 AppleWebKit/537.36 (KHTML, like Gecko; compatible; ClaudeBot/1.0; +claudebot@anthropic.com)"
18.216.0.219 - - [17/Apr/2025:10:08:28 -0400] "GET /ad917/?path=%2Fhome%2Fservlmvm%2F..%2F..%2Flib64%2Fldb%2F..%2Fxtables%2Flibxt_MARK.so HTTP/1.1" 200 983 "-" "Mozilla/5.0 AppleWebKit/537.36 (KHTML, like Gecko; compatible; ClaudeBot/1.0; +claudebot@anthropic.com)"
18.216.0.219 - - [17/Apr/2025:10:08:28 -0400] "GET /ad917/?path=%2Fhome%2Fservlmvm%2Fpuppiesoftexas.com%2Fwp-admin%2Foptions-writing.php HTTP/1.1" 200 4161 "-" "Mozilla/5.0 AppleWebKit/537.36 (KHTML, like Gecko; compatible; ClaudeBot/1.0; +claudebot@anthropic.com)"
18.216.0.219 - - [17/Apr/2025:10:08:28 -0400] "GET /ad917/?path=%2Fhome%2Fservlmvm%2F..%2F..%2Flib64%2Fldb%2F..%2Fxtables%2Flibxt_mark.so HTTP/1.1" 200 982 "-" "Mozilla/5.0 AppleWebKit/537.36 (KHTML, like Gecko; compatible; ClaudeBot/1.0; +claudebot@anthropic.com)"
18.116.239.148 - - [17/Apr/2025:10:08:30 -0400] "GET /ad917/?path=%2Fhome%2Fservlmvm%2Fpublic_html%2F..%2Ftmp%2F..%2Flogs%2F..%2F.clwpos%2F.. HTTP/1.1" 200 2525 "-" "Mozilla/5.0 AppleWebKit/537.36 (KHTML, like Gecko; compatible; ClaudeBot/1.0; +claudebot@anthropic.com)"
18.116.239.148 - - [17/Apr/2025:10:08:33 -0400] "GET /ad917/?path=%2Fhome%2Fservlmvm%2F.%2F.cl.selector%2F..%2Fpublic_html%2F..%2F.%2F.cagefs HTTP/1.1" 200 1541 "-" "Mozilla/5.0 AppleWebKit/537.36 (KHTML, like Gecko; compatible; ClaudeBot/1.0; +claudebot@anthropic.com)"
18.116.239.148 - - [17/Apr/2025:10:08:36 -0400] "GET /ad917/?path=%2Fhome%2Fservlmvm%2F..%2F..%2Flib%2Flocale%2Fen_US.iso885915%2F.%2FLC_TIME HTTP/1.1" 200 993 "-" "Mozilla/5.0 AppleWebKit/537.36 (KHTML, like Gecko; compatible; ClaudeBot/1.0; +claudebot@anthropic.com)"
18.116.239.148 - - [17/Apr/2025:10:08:39 -0400] "GET /ad917/?path=%2Fhome%2Fservlmvm%2Fpublic_html%2F..%2Ftmp%2F..%2Flogs%2F..%2F.cagefs%2F.. HTTP/1.1" 200 2546 "-" "Mozilla/5.0 AppleWebKit/537.36 (KHTML, like Gecko; compatible; ClaudeBot/1.0; +claudebot@anthropic.com)"
18.116.239.148 - - [17/Apr/2025:10:08:42 -0400] "GET /ad917/?path=%2Fhome%2Fservlmvm%2F.%2F.cpanel%2F..%2Fspekkshealth.com%2F..%2F.%2F.clwpos HTTP/1.1" 200 1548 "-" "Mozilla/5.0 AppleWebKit/537.36 (KHTML, like Gecko; compatible; ClaudeBot/1.0; +claudebot@anthropic.com)"
18.116.239.148 - - [17/Apr/2025:10:08:45 -0400] "GET /ad917/?path=%2Fhome%2Fservlmvm%2F.%2Fspekkshealth.com%2F.%2Fwp-admin%2Fjs%2F.%2Ftags.js HTTP/1.1" 200 2796 "-" "Mozilla/5.0 AppleWebKit/537.36 (KHTML, like Gecko; compatible; ClaudeBot/1.0; +claudebot@anthropic.com)"
18.116.239.148 - - [17/Apr/2025:10:08:48 -0400] "GET /ad917/?path=%2Fhome%2Fservlmvm%2F.%2Fspekkshealth.com%2F.%2Fwp-admin%2Fjs%2F.%2Flink.js HTTP/1.1" 200 2582 "-" "Mozilla/5.0 AppleWebKit/537.36 (KHTML, like Gecko; compatible; ClaudeBot/1.0; +claudebot@anthropic.com)"
18.116.239.148 - - [17/Apr/2025:10:08:51 -0400] "GET /ad917/?path=%2Fhome%2Fservlmvm%2F.%2Fwww%2Fwp-includes%2FPHPMailer%2F..%2Fjs%2Fplupload HTTP/1.1" 200 1820 "-" "Mozilla/5.0 AppleWebKit/537.36 (KHTML, like Gecko; compatible; ClaudeBot/1.0; +claudebot@anthropic.com)"
18.216.0.219 - - [17/Apr/2025:10:08:53 -0400] "GET /ad917/?path=%2Fhome%2Fservlmvm%2Fpublic_html%2Fwp-includes%2F.%2Fhttps-migration.php HTTP/1.1" 200 2550 "-" "Mozilla/5.0 AppleWebKit/537.36 (KHTML, like Gecko; compatible; ClaudeBot/1.0; +claudebot@anthropic.com)"
18.216.0.219 - - [17/Apr/2025:10:08:53 -0400] "GET /ad917/?path=%2Fhome%2F.%2F.%2F..%2F..%2Fhome5%2F..%2Flib64%2Fpython2.7%2Fsqlite3%2F.. HTTP/1.1" 200 16256 "-" "Mozilla/5.0 AppleWebKit/537.36 (KHTML, like Gecko; compatible; ClaudeBot/1.0; +claudebot@anthropic.com)"
18.216.0.219 - - [17/Apr/2025:10:08:53 -0400] "GET /ad917/?path=%2Fhome%2Fservlmvm%2Fpublic_html%2Fad917%2F..%2Fwp-admin%2Fjs%2Ftheme.js HTTP/1.1" 200 16303 "-" "Mozilla/5.0 AppleWebKit/537.36 (KHTML, like Gecko; compatible; ClaudeBot/1.0; +claudebot@anthropic.com)"
18.216.0.219 - - [17/Apr/2025:10:08:53 -0400] "GET /ad917/?path=%2Fhome%2F.%2F..%2Flib64%2Fengines-1.1%2F.%2F..%2Flibvorbisfile.so.3.3.7 HTTP/1.1" 200 971 "-" "Mozilla/5.0 AppleWebKit/537.36 (KHTML, like Gecko; compatible; ClaudeBot/1.0; +claudebot@anthropic.com)"
18.116.239.148 - - [17/Apr/2025:10:08:54 -0400] "GET /ad917/?path=%2Fhome%2Fservlmvm%2F..%2Fservlmvm%2F.cpanel%2Fcaches%2F..%2Fdatastore%2F.. HTTP/1.1" 200 1804 "-" "Mozilla/5.0 AppleWebKit/537.36 (KHTML, like Gecko; compatible; ClaudeBot/1.0; +claudebot@anthropic.com)"
18.116.239.148 - - [17/Apr/2025:10:08:57 -0400] "GET /ad917/?path=%2Fhome%2Fservlmvm%2F.%2F.cpanel%2F..%2Fspekkshealth.com%2F..%2F.%2F.cagefs HTTP/1.1" 200 1548 "-" "Mozilla/5.0 AppleWebKit/537.36 (KHTML, like Gecko; compatible; ClaudeBot/1.0; +claudebot@anthropic.com)"
18.116.239.148 - - [17/Apr/2025:10:09:00 -0400] "GET /ad917/?path=%2Fhome%2Fservlmvm%2F.%2F.cl.selector%2F..%2Fpublic_html%2F..%2F.%2Flscache HTTP/1.1" 200 1768 "-" "Mozilla/5.0 AppleWebKit/537.36 (KHTML, like Gecko; compatible; ClaudeBot/1.0; +claudebot@anthropic.com)"
52.167.144.19 - - [17/Apr/2025:10:09:00 -0400] "GET /products33092346.shtml HTTP/1.1" 404 16939 "-" "Mozilla/5.0 AppleWebKit/537.36 (KHTML, like Gecko; compatible; bingbot/2.0; +http://www.bing.com/bingbot.htm) Chrome/116.0.1938.76 Safari/537.36"
18.116.239.148 - - [17/Apr/2025:10:09:03 -0400] "GET /ad917/?path=%2Fhome%2Fservlmvm%2F..%2Fservlmvm%2Flogs%2Froundcube%2F..%2Froundcube%2F.. HTTP/1.1" 200 1874 "-" "Mozilla/5.0 AppleWebKit/537.36 (KHTML, like Gecko; compatible; ClaudeBot/1.0; +claudebot@anthropic.com)"
18.116.239.148 - - [17/Apr/2025:10:09:06 -0400] "GET /ad917/?path=%2Fhome%2Fservlmvm%2F.%2Fspekkshealth.com%2F..%2F.cpanel%2F..%2F.%2Flscache HTTP/1.1" 200 1759 "-" "Mozilla/5.0 AppleWebKit/537.36 (KHTML, like Gecko; compatible; ClaudeBot/1.0; +claudebot@anthropic.com)"
198.54.116.86 - - [17/Apr/2025:10:09:08 -0400] "POST /wp-cron.php?doing_wp_cron=1744898948.7960329055786132812500 HTTP/1.1" 200 0 "-" "WordPress/6.8; https://servethepeopleinc.org"
40.77.167.17 - - [17/Apr/2025:10:09:08 -0400] "GET /item/51514574.shtml HTTP/1.1" 301 0 "-" "Mozilla/5.0 AppleWebKit/537.36 (KHTML, like Gecko; compatible; bingbot/2.0; +http://www.bing.com/bingbot.htm) Chrome/116.0.1938.76 Safari/537.36"
198.54.116.86 - - [17/Apr/2025:10:09:08 -0400] "POST /wp-admin/admin-ajax.php?action=async_litespeed&nonce=kgJf1JUANVW5OuwDgNvMxkzAUMMEjMZf&litespeed_type=imgoptm HTTP/1.1" 200 21 "-" "WordPress/6.8; https://servethepeopleinc.org"
18.116.239.148 - - [17/Apr/2025:10:09:09 -0400] "GET /ad917/?path=%2Fhome%2Fservlmvm%2F.%2F.trash%2F..%2F.%2Fpuppiesoftexas.com%2F.%2Fphp.ini HTTP/1.1" 200 1042 "-" "Mozilla/5.0 AppleWebKit/537.36 (KHTML, like Gecko; compatible; ClaudeBot/1.0; +claudebot@anthropic.com)"
18.116.239.148 - - [17/Apr/2025:10:09:12 -0400] "GET /ad917/?path=%2Fhome%2Fservlmvm%2F.%2F.cpanel%2F..%2Fspekkshealth.com%2F..%2F.%2F.cpanel HTTP/1.1" 200 1816 "-" "Mozilla/5.0 AppleWebKit/537.36 (KHTML, like Gecko; compatible; ClaudeBot/1.0; +claudebot@anthropic.com)"
18.116.239.148 - - [17/Apr/2025:10:09:15 -0400] "GET /ad917/?path=%2Fhome%2Fservlmvm%2F.%2Fspekkshealth.com%2F..%2F.cpanel%2F..%2F.%2F.clwpos HTTP/1.1" 200 1540 "-" "Mozilla/5.0 AppleWebKit/537.36 (KHTML, like Gecko; compatible; ClaudeBot/1.0; +claudebot@anthropic.com)"
18.116.239.148 - - [17/Apr/2025:10:09:18 -0400] "GET /ad917/?path=%2Fhome%2Fservlmvm%2F.%2Fwww%2Fwp-includes%2FPHPMailer%2F..%2Frest-api%2F.. HTTP/1.1" 200 9433 "-" "Mozilla/5.0 AppleWebKit/537.36 (KHTML, like Gecko; compatible; ClaudeBot/1.0; +claudebot@anthropic.com)"
40.77.167.4 - - [17/Apr/2025:10:09:18 -0400] "GET /products/e/granitelike76143842.shtml HTTP/1.1" 301 0 "-" "Mozilla/5.0 AppleWebKit/537.36 (KHTML, like Gecko; compatible; bingbot/2.0; +http://www.bing.com/bingbot.htm) Chrome/116.0.1938.76 Safari/537.36"
18.116.239.148 - - [17/Apr/2025:10:09:21 -0400] "GET /ad917/?path=%2Fhome%2Fservlmvm%2F..%2F..%2Flib%2Flocale%2Fen_GB.iso885915%2F.%2FLC_NAME HTTP/1.1" 200 1040 "-" "Mozilla/5.0 AppleWebKit/537.36 (KHTML, like Gecko; compatible; ClaudeBot/1.0; +claudebot@anthropic.com)"
18.116.239.148 - - [17/Apr/2025:10:09:24 -0400] "GET /ad917/?path=%2Fhome%2Fservlmvm%2Fpublic_html%2F..%2Ftmp%2F..%2Fmail%2F.%2F..%2F.cphorde HTTP/1.1" 200 1602 "-" "Mozilla/5.0 AppleWebKit/537.36 (KHTML, like Gecko; compatible; ClaudeBot/1.0; +claudebot@anthropic.com)"
52.167.144.195 - - [17/Apr/2025:10:09:26 -0400] "GET /detail/pc/gentianose14698504.shtml HTTP/1.1" 404 16947 "-" "Mozilla/5.0 AppleWebKit/537.36 (KHTML, like Gecko; compatible; bingbot/2.0; +http://www.bing.com/bingbot.htm) Chrome/116.0.1938.76 Safari/537.36"
18.116.239.148 - - [17/Apr/2025:10:09:27 -0400] "GET /ad917/?path=%2Fhome%2Fservlmvm%2F.%2Fspekkshealth.com%2F.%2Fwp-admin%2Fjs%2F.%2Fwidgets HTTP/1.1" 200 1939 "-" "Mozilla/5.0 AppleWebKit/537.36 (KHTML, like Gecko; compatible; ClaudeBot/1.0; +claudebot@anthropic.com)"
18.116.239.148 - - [17/Apr/2025:10:09:30 -0400] "GET /ad917/?path=%2Fhome%2Fservlmvm%2F..%2Fservlmvm%2F.cpanel%2Fvcards%2F..%2Fdatastore%2F.. HTTP/1.1" 200 1805 "-" "Mozilla/5.0 AppleWebKit/537.36 (KHTML, like Gecko; compatible; ClaudeBot/1.0; +claudebot@anthropic.com)"
18.116.239.148 - - [17/Apr/2025:10:09:33 -0400] "GET /ad917/?path=%2Fhome%2Fservlmvm%2F.%2Fwww%2Fwp-includes%2FPHPMailer%2F..%2Fjs%2Fthickbox HTTP/1.1" 200 1721 "-" "Mozilla/5.0 AppleWebKit/537.36 (KHTML, like Gecko; compatible; ClaudeBot/1.0; +claudebot@anthropic.com)"
18.116.239.148 - - [17/Apr/2025:10:09:36 -0400] "GET /ad917/?path=%2Fhome%2Fservlmvm%2F..%2Fservlmvm%2F.spamassassin%2F..%2Fwww%2F.%2Fcgi-bin HTTP/1.1" 200 1571 "-" "Mozilla/5.0 AppleWebKit/537.36 (KHTML, like Gecko; compatible; ClaudeBot/1.0; +claudebot@anthropic.com)"
18.116.239.148 - - [17/Apr/2025:10:09:39 -0400] "GET /ad917/?path=%2Fhome%2Fservlmvm%2F.%2Fspekkshealth.com%2F..%2F.cpanel%2F..%2F.%2F.bashrc HTTP/1.1" 200 1051 "-" "Mozilla/5.0 AppleWebKit/537.36 (KHTML, like Gecko; compatible; ClaudeBot/1.0; +claudebot@anthropic.com)"
18.116.239.148 - - [17/Apr/2025:10:09:42 -0400] "GET /ad917/?path=%2Fhome%2Fservlmvm%2F.%2F.trash%2F..%2F.%2Fpuppiesoftexas.com%2F.%2F.hcflag HTTP/1.1" 200 1005 "-" "Mozilla/5.0 AppleWebKit/537.36 (KHTML, like Gecko; compatible; ClaudeBot/1.0; +claudebot@anthropic.com)"
66.249.77.40 - - [17/Apr/2025:10:09:43 -0400] "GET /entity/93573438.shtml HTTP/1.1" 404 16938 "-" "Mozilla/5.0 (Linux; Android 6.0.1; Nexus 5X Build/MMB29P) AppleWebKit/537.36 (KHTML, like Gecko) Chrome/135.0.7049.84 Mobile Safari/537.36 (compatible; GoogleOther)"
18.116.239.148 - - [17/Apr/2025:10:09:45 -0400] "GET /ad917/?path=%2Fhome%2Fservlmvm%2F.%2F.cpanel%2F..%2Fspekkshealth.com%2F..%2F.%2F.bashrc HTTP/1.1" 200 1049 "-" "Mozilla/5.0 AppleWebKit/537.36 (KHTML, like Gecko; compatible; ClaudeBot/1.0; +claudebot@anthropic.com)"
18.116.239.148 - - [17/Apr/2025:10:09:48 -0400] "GET /ad917/?path=%2Fhome%2Fservlmvm%2F.%2Fwww%2Fwp-includes%2FPHPMailer%2F..%2Fjs%2Fjson2.js HTTP/1.1" 200 6797 "-" "Mozilla/5.0 AppleWebKit/537.36 (KHTML, like Gecko; compatible; ClaudeBot/1.0; +claudebot@anthropic.com)"
18.116.239.148 - - [17/Apr/2025:10:09:51 -0400] "GET /ad917/?path=%2Fhome%2Fservlmvm%2F.%2F.cl.selector%2F..%2Fpublic_html%2F..%2F.%2F.bashrc HTTP/1.1" 200 1048 "-" "Mozilla/5.0 AppleWebKit/537.36 (KHTML, like Gecko; compatible; ClaudeBot/1.0; +claudebot@anthropic.com)"
