18.116.239.148 - - [17/Apr/2025:10:09:54 -0400] "GET /ad917/?path=%2Fhome%2Fservlmvm%2F..%2Fservlmvm%2Fpublic_html%2F..%2Fwww%2Fwp-admin%2Fjs HTTP/1.1" 200 4124 "-" "Mozilla/5.0 AppleWebKit/537.36 (KHTML, like Gecko; compatible; ClaudeBot/1.0; +claudebot@anthropic.com)"
18.116.239.148 - - [17/Apr/2025:10:09:57 -0400] "GET /ad917/?path=%2Fhome%2Fservlmvm%2F.%2Fwww%2Fwp-includes%2Fcustomize%2F..%2Fhtml-api%2F.. HTTP/1.1" 200 8819 "-" "Mozilla/5.0 AppleWebKit/537.36 (KHTML, like Gecko; compatible; ClaudeBot/1.0; +claudebot@anthropic.com)"
40.77.167.69 - - [17/Apr/2025:10:09:58 -0400] "GET /shopdetail/u/shampoo8194766.shtml HTTP/1.1" 301 0 "-" "Mozilla/5.0 AppleWebKit/537.36 (KHTML, like Gecko; compatible; bingbot/2.0; +http://www.bing.com/bingbot.htm) Chrome/116.0.1938.76 Safari/537.36"
18.116.239.148 - - [17/Apr/2025:10:10:00 -0400] "GET /ad917/?path=%2Fhome%2Fservlmvm%2F..%2F..%2Flib%2Flocale%2Fen_GB.iso885915%2F.%2FLC_TIME HTTP/1.1" 200 993 "-" "Mozilla/5.0 AppleWebKit/537.36 (KHTML, like Gecko; compatible; ClaudeBot/1.0; +claudebot@anthropic.com)"
18.116.239.148 - - [17/Apr/2025:10:10:03 -0400] "GET /ad917/?path=%2Fhome%2Fservlmvm%2F..%2F..%2Flib%2Flocale%2Fen_US.iso885915%2F.%2FLC_NAME HTTP/1.1" 200 1040 "-" "Mozilla/5.0 AppleWebKit/537.36 (KHTML, like Gecko; compatible; ClaudeBot/1.0; +claudebot@anthropic.com)"
18.116.239.148 - - [17/Apr/2025:10:10:06 -0400] "GET /ad917/?path=%2Fhome%2Fservlmvm%2F.%2F.cpanel%2F..%2Fspekkshealth.com%2F..%2F.%2Flscache HTTP/1.1" 200 1800 "-" "Mozilla/5.0 AppleWebKit/537.36 (KHTML, like Gecko; compatible; ClaudeBot/1.0; +claudebot@anthropic.com)"
18.116.239.148 - - [17/Apr/2025:10:10:09 -0400] "GET /ad917/?path=%2Fhome%2Fservlmvm%2F.%2F.cl.selector%2F..%2Fpublic_html%2F..%2F.%2F.clwpos HTTP/1.1" 200 1542 "-" "Mozilla/5.0 AppleWebKit/537.36 (KHTML, like Gecko; compatible; ClaudeBot/1.0; +claudebot@anthropic.com)"
18.116.239.148 - - [17/Apr/2025:10:10:12 -0400] "GET /ad917/?path=%2Fhome%2Fservlmvm%2F.%2Fspekkshealth.com%2F.%2Fwp-admin%2Fjs%2F.%2Fpost.js HTTP/1.1" 200 13623 "-" "Mozilla/5.0 AppleWebKit/537.36 (KHTML, like Gecko; compatible; ClaudeBot/1.0; +claudebot@anthropic.com)"
18.116.239.148 - - [17/Apr/2025:10:10:15 -0400] "GET /ad917/?path=%2Fhome%2Fservlmvm%2F.%2F.cl.selector%2F..%2Fpublic_html%2F..%2F.%2F.cpanel HTTP/1.1" 200 1810 "-" "Mozilla/5.0 AppleWebKit/537.36 (KHTML, like Gecko; compatible; ClaudeBot/1.0; +claudebot@anthropic.com)"
198.54.116.86 - - [17/Apr/2025:10:10:31 -0400] "POST /wp-cron.php?doing_wp_cron=1744899031.5442509651184082031250 HTTP/1.1" 200 0 "-" "WordPress/6.8; https://servethepeopleinc.org"
195.2.78.89 - - [17/Apr/2025:10:10:31 -0400] "GET / HTTP/1.1" 200 33522 "-" "Mozilla/5.0 (Macintosh; Intel Mac OS X 10_15_7) AppleWebKit/537.36 (KHTML, like Gecko) Chrome/133.0.0.0 Safari/537.36"
198.54.116.86 - - [17/Apr/2025:10:10:31 -0400] "POST /wp-admin/admin-ajax.php?action=async_litespeed&nonce=Csx4R9ENHbIDNIz9jgM8X2bVVwEQv5bu&litespeed_type=imgoptm HTTP/1.1" 200 21 "-" "WordPress/6.8; https://servethepeopleinc.org"
113.173.254.8 - - [17/Apr/2025:10:10:34 -0400] "POST / HTTP/1.1" 200 30421 "-" "Mozilla/5.0 (Macintosh; Intel Mac OS X 10_15_7) AppleWebKit/537.36 (KHTML, like Gecko) Chrome/133.0.0.0 Safari/537.36"
113.173.254.8 - - [17/Apr/2025:10:10:36 -0400] "POST / HTTP/1.1" 200 33472 "-" "Mozilla/5.0 (Windows NT 10.0; Win64; x64) AppleWebKit/537.36 (KHTML, like Gecko) Chrome/120.0.0.0 Safari/537.36"
195.2.78.89 - - [17/Apr/2025:10:10:37 -0400] "GET /comments/feed/ HTTP/1.1" 200 740 "-" "Mozilla/5.0 (Macintosh; Intel Mac OS X 10_15_7) AppleWebKit/537.36 (KHTML, like Gecko) Chrome/133.0.0.0 Safari/537.36"
195.2.78.89 - - [17/Apr/2025:10:10:48 -0400] "GET /contact-us/ HTTP/1.1" 200 26688 "-" "Mozilla/5.0 (Macintosh; Intel Mac OS X 10_15_7) AppleWebKit/537.36 (KHTML, like Gecko) Chrome/133.0.0.0 Safari/537.36"
113.173.254.8 - - [17/Apr/2025:10:10:49 -0400] "POST /contact-us/ HTTP/1.1" 200 23250 "-" "Mozilla/5.0 (Macintosh; Intel Mac OS X 10_15_7) AppleWebKit/537.36 (KHTML, like Gecko) Chrome/133.0.0.0 Safari/537.36"
18.219.161.122 - - [17/Apr/2025:10:10:51 -0400] "GET /ad917/?path=%2Fhome%2Fservlmvm%2F.%2F.spamassassin%2F..%2F.clwpos%2F..%2Fpublic_html%2F. HTTP/1.1" 200 2541 "-" "Mozilla/5.0 AppleWebKit/537.36 (KHTML, like Gecko; compatible; ClaudeBot/1.0; +claudebot@anthropic.com)"
113.173.254.8 - - [17/Apr/2025:10:10:51 -0400] "POST /contact-us/ HTTP/1.1" 200 26639 "-" "Mozilla/5.0 (Windows NT 10.0; Win64; x64) AppleWebKit/537.36 (KHTML, like Gecko) Chrome/120.0.0.0 Safari/537.36"
18.219.161.122 - - [17/Apr/2025:10:10:54 -0400] "GET /ad917/?path=%2Fhome%2Fservlmvm%2F..%2Fservlmvm%2Fpublic_html%2F..%2Flogs%2Froundcube%2F. HTTP/1.1" 200 1636 "-" "Mozilla/5.0 AppleWebKit/537.36 (KHTML, like Gecko; compatible; ClaudeBot/1.0; +claudebot@anthropic.com)"
195.2.78.89 - - [17/Apr/2025:10:10:54 -0400] "GET /join-stp/ HTTP/1.1" 200 20846 "-" "Mozilla/5.0 (Macintosh; Intel Mac OS X 10_15_7) AppleWebKit/537.36 (KHTML, like Gecko) Chrome/133.0.0.0 Safari/537.36"
18.219.161.122 - - [17/Apr/2025:10:10:57 -0400] "GET /ad917/?path=%2Fhome%2Fservlmvm%2F.%2Fpublic_ftp%2F..%2Fpublic_ftp%2F..%2Faccess-logs%2F. HTTP/1.1" 200 1729 "-" "Mozilla/5.0 AppleWebKit/537.36 (KHTML, like Gecko; compatible; ClaudeBot/1.0; +claudebot@anthropic.com)"
40.77.167.17 - - [17/Apr/2025:10:10:59 -0400] "GET /products/e/latakia/39830426.shtml HTTP/1.1" 301 0 "-" "Mozilla/5.0 AppleWebKit/537.36 (KHTML, like Gecko; compatible; bingbot/2.0; +http://www.bing.com/bingbot.htm) Chrome/116.0.1938.76 Safari/537.36"
18.219.161.122 - - [17/Apr/2025:10:11:00 -0400] "GET /ad917/?path=%2Fhome%2Fservlmvm%2F.%2Fspekkshealth.com%2F..%2F.cpanel%2Fdatastore%2F.%2F. HTTP/1.1" 200 2109 "-" "Mozilla/5.0 AppleWebKit/537.36 (KHTML, like Gecko; compatible; ClaudeBot/1.0; +claudebot@anthropic.com)"
18.219.161.122 - - [17/Apr/2025:10:11:03 -0400] "GET /ad917/?path=%2Fhome%2F.%2F..%2F..%2F..%2Flib64%2F.%2Faspell-0.60%2F..%2Flibcpupower.so.0 HTTP/1.1" 200 976 "-" "Mozilla/5.0 AppleWebKit/537.36 (KHTML, like Gecko; compatible; ClaudeBot/1.0; +claudebot@anthropic.com)"
18.219.161.122 - - [17/Apr/2025:10:11:06 -0400] "GET /ad917/?path=%2Fhome%2Fservlmvm%2F..%2F..%2Fproc%2Fkcare%2F..%2Fself%2Fcpu_resctrl_groups HTTP/1.1" 200 986 "-" "Mozilla/5.0 AppleWebKit/537.36 (KHTML, like Gecko; compatible; ClaudeBot/1.0; +claudebot@anthropic.com)"
18.219.161.122 - - [17/Apr/2025:10:11:09 -0400] "GET /ad917/?path=%2Fhome%2Fservlmvm%2F..%2F..%2Fproc%2Fkcare%2F..%2Fkcare%2Fpatchinfo.json.gz HTTP/1.1" 200 971 "-" "Mozilla/5.0 AppleWebKit/537.36 (KHTML, like Gecko; compatible; ClaudeBot/1.0; +claudebot@anthropic.com)"
18.219.161.122 - - [17/Apr/2025:10:11:12 -0400] "GET /ad917/?path=%2Fhome%2Fservlmvm%2F..%2F..%2Fproc%2Fkcare%2F..%2Fnet%2Fnf_conntrack_expect HTTP/1.1" 200 980 "-" "Mozilla/5.0 AppleWebKit/537.36 (KHTML, like Gecko; compatible; ClaudeBot/1.0; +claudebot@anthropic.com)"
18.219.161.122 - - [17/Apr/2025:10:11:15 -0400] "GET /ad917/?path=%2Fhome%2Fservlmvm%2Fpublic_html%2F..%2F..%2F..%2F.%2Flib64%2Fapr-util-1%2F. HTTP/1.1" 200 1599 "-" "Mozilla/5.0 AppleWebKit/537.36 (KHTML, like Gecko; compatible; ClaudeBot/1.0; +claudebot@anthropic.com)"
198.54.116.86 - - [17/Apr/2025:10:11:16 -0400] "POST /wp-cron.php?doing_wp_cron=1744899076.4163949489593505859375 HTTP/1.1" 200 0 "-" "WordPress/6.8; https://servethepeopleinc.org"
40.77.167.69 - - [17/Apr/2025:10:11:16 -0400] "GET /info/whippletree/61736162.shtml HTTP/1.1" 301 0 "-" "Mozilla/5.0 AppleWebKit/537.36 (KHTML, like Gecko; compatible; bingbot/2.0; +http://www.bing.com/bingbot.htm) Chrome/116.0.1938.76 Safari/537.36"
198.54.116.86 - - [17/Apr/2025:10:11:16 -0400] "POST /wp-admin/admin-ajax.php?action=async_litespeed&nonce=9FB68vAYKySGSYTIXHNHp4e3TDuJnkMl&litespeed_type=imgoptm HTTP/1.1" 200 21 "-" "WordPress/6.8; https://servethepeopleinc.org"
18.219.161.122 - - [17/Apr/2025:10:11:18 -0400] "GET /ad917/?path=%2Fhome%2Fservlmvm%2F.%2Fpublic_html%2Fwp-includes%2Fjs%2Fcodemirror%2F.%2F. HTTP/1.1" 200 1826 "-" "Mozilla/5.0 AppleWebKit/537.36 (KHTML, like Gecko; compatible; ClaudeBot/1.0; +claudebot@anthropic.com)"
20.171.207.105 - - [17/Apr/2025:10:11:19 -0400] "GET /wp-content/plugins/revslider/public/assets/fonts/revicons/revicons.woff?5510888 HTTP/1.1" 200 7536 "-" "Mozilla/5.0 AppleWebKit/537.36 (KHTML, like Gecko; compatible; GPTBot/1.2; +https://openai.com/gptbot)"
18.219.161.122 - - [17/Apr/2025:10:11:21 -0400] "GET /ad917/?path=%2Fhome%2Fservlmvm%2F..%2F..%2Fproc%2Fkcare%2F..%2Fkcare%2Feffective_version HTTP/1.1" 200 978 "-" "Mozilla/5.0 AppleWebKit/537.36 (KHTML, like Gecko; compatible; ClaudeBot/1.0; +claudebot@anthropic.com)"
18.219.161.122 - - [17/Apr/2025:10:11:24 -0400] "GET /ad917/?path=%2Fhome%2Fservlmvm%2F..%2Fservlmvm%2F.spamassassin%2F..%2Fpublic_ftp%2F.%2F. HTTP/1.1" 200 1490 "-" "Mozilla/5.0 AppleWebKit/537.36 (KHTML, like Gecko; compatible; ClaudeBot/1.0; +claudebot@anthropic.com)"
18.219.161.122 - - [17/Apr/2025:10:11:27 -0400] "GET /ad917/?path=%2Fhome%2Fservlmvm%2F.%2Fpublic_html%2Fwp-includes%2F..%2Fwp-content%2F.%2F. HTTP/1.1" 200 1832 "-" "Mozilla/5.0 AppleWebKit/537.36 (KHTML, like Gecko; compatible; ClaudeBot/1.0; +claudebot@anthropic.com)"
18.219.161.122 - - [17/Apr/2025:10:11:30 -0400] "GET /ad917/?path=%2Fhome%2Fservlmvm%2F.%2Fpublic_html%2F.well-known%2F..%2Fwp-content%2F.%2F. HTTP/1.1" 200 1833 "-" "Mozilla/5.0 AppleWebKit/537.36 (KHTML, like Gecko; compatible; ClaudeBot/1.0; +claudebot@anthropic.com)"
18.219.161.122 - - [17/Apr/2025:10:11:33 -0400] "GET /ad917/?path=%2Fhome%2Fservlmvm%2Fssl%2Fcsrs%2F..%2Fcerts%2F..%2F..%2F.spamassassinenable HTTP/1.1" 200 980 "-" "Mozilla/5.0 AppleWebKit/537.36 (KHTML, like Gecko; compatible; ClaudeBot/1.0; +claudebot@anthropic.com)"
18.219.161.122 - - [17/Apr/2025:10:11:36 -0400] "GET /ad917/?path=%2Fhome%2Fservlmvm%2F..%2F..%2Fvar%2Fsoftaculous%2Fosclassified%2F..%2Fqcms HTTP/1.1" 200 2008 "-" "Mozilla/5.0 AppleWebKit/537.36 (KHTML, like Gecko; compatible; ClaudeBot/1.0; +claudebot@anthropic.com)"
18.219.161.122 - - [17/Apr/2025:10:11:39 -0400] "GET /ad917/?path=%2Fhome%2Fservlmvm%2F..%2F..%2Fvar%2Fsoftaculous%2Fclassicpress%2F..%2Fwp62 HTTP/1.1" 200 2551 "-" "Mozilla/5.0 AppleWebKit/537.36 (KHTML, like Gecko; compatible; ClaudeBot/1.0; +claudebot@anthropic.com)"
18.219.161.122 - - [17/Apr/2025:10:11:42 -0400] "GET /ad917/?path=%2Fhome%2Fservlmvm%2F.%2Fwww%2Fwp-includes%2FPHPMailer%2F..%2F.%2Fwp-db.php HTTP/1.1" 200 1225 "-" "Mozilla/5.0 AppleWebKit/537.36 (KHTML, like Gecko; compatible; ClaudeBot/1.0; +claudebot@anthropic.com)"
18.219.161.122 - - [17/Apr/2025:10:11:45 -0400] "GET /ad917/?path=%2Fhome%2Fservlmvm%2F..%2F..%2Fvar%2Fsoftaculous%2Fclassicpress%2F..%2Ftypo HTTP/1.1" 200 2111 "-" "Mozilla/5.0 AppleWebKit/537.36 (KHTML, like Gecko; compatible; ClaudeBot/1.0; +claudebot@anthropic.com)"
40.77.167.69 - - [17/Apr/2025:10:11:45 -0400] "GET /shopping/supramaxilla/22381758.shtml HTTP/1.1" 301 0 "-" "Mozilla/5.0 AppleWebKit/537.36 (KHTML, like Gecko; compatible; bingbot/2.0; +http://www.bing.com/bingbot.htm) Chrome/116.0.1938.76 Safari/537.36"
18.219.161.122 - - [17/Apr/2025:10:11:48 -0400] "GET /ad917/?path=%2Fhome%2Fservlmvm%2F..%2F..%2Fvar%2Fsoftaculous%2Fclassicpress%2F..%2Fdojo HTTP/1.1" 200 1914 "-" "Mozilla/5.0 AppleWebKit/537.36 (KHTML, like Gecko; compatible; ClaudeBot/1.0; +claudebot@anthropic.com)"
18.219.161.122 - - [17/Apr/2025:10:11:51 -0400] "GET /ad917/?path=%2Fhome%2Fservlmvm%2F..%2F..%2Fvar%2Fsoftaculous%2Fosclassified%2F..%2Fruko HTTP/1.1" 200 2190 "-" "Mozilla/5.0 AppleWebKit/537.36 (KHTML, like Gecko; compatible; ClaudeBot/1.0; +claudebot@anthropic.com)"
18.219.161.122 - - [17/Apr/2025:10:11:54 -0400] "GET /ad917/?path=%2Fhome%2Fservlmvm%2F.%2Fwww%2Fwp-includes%2FPHPMailer%2F..%2F.%2FPHPMailer HTTP/1.1" 200 1674 "-" "Mozilla/5.0 AppleWebKit/537.36 (KHTML, like Gecko; compatible; ClaudeBot/1.0; +claudebot@anthropic.com)"
20.171.207.105 - - [17/Apr/2025:10:11:55 -0400] "GET /wp-content/plugins/revslider/public/assets/fonts/revicons/revicons.eot?5510888 HTTP/1.1" 200 12136 "-" "Mozilla/5.0 AppleWebKit/537.36 (KHTML, like Gecko; compatible; GPTBot/1.2; +https://openai.com/gptbot)"
18.219.161.122 - - [17/Apr/2025:10:11:57 -0400] "GET /ad917/?path=%2Fhome%2Fservlmvm%2F..%2F..%2Fvar%2Fsoftaculous%2Fosclassified%2F..%2Fhesk HTTP/1.1" 200 2219 "-" "Mozilla/5.0 AppleWebKit/537.36 (KHTML, like Gecko; compatible; ClaudeBot/1.0; +claudebot@anthropic.com)"
18.219.161.122 - - [17/Apr/2025:10:12:00 -0400] "GET /ad917/?path=%2Fhome%2Fservlmvm%2F..%2F..%2Fvar%2Fsoftaculous%2Fclassicpress%2F..%2Fmw14 HTTP/1.1" 200 2097 "-" "Mozilla/5.0 AppleWebKit/537.36 (KHTML, like Gecko; compatible; ClaudeBot/1.0; +claudebot@anthropic.com)"
18.219.161.122 - - [17/Apr/2025:10:12:03 -0400] "GET /ad917/?path=%2Fhome%2Fservlmvm%2F..%2F..%2Fvar%2Fsoftaculous%2Fosclassified%2F..%2Fconc HTTP/1.1" 200 2135 "-" "Mozilla/5.0 AppleWebKit/537.36 (KHTML, like Gecko; compatible; ClaudeBot/1.0; +claudebot@anthropic.com)"
18.219.161.122 - - [17/Apr/2025:10:12:06 -0400] "GET /ad917/?path=%2Fhome%2Fservlmvm%2F..%2F..%2Fvar%2Fsoftaculous%2Fosclassified%2F..%2Fwp52 HTTP/1.1" 200 2535 "-" "Mozilla/5.0 AppleWebKit/537.36 (KHTML, like Gecko; compatible; ClaudeBot/1.0; +claudebot@anthropic.com)"
198.54.116.86 - - [17/Apr/2025:10:12:06 -0400] "POST /wp-cron.php?doing_wp_cron=1744899126.2125380039215087890625 HTTP/1.1" 200 0 "-" "WordPress/6.8; https://servethepeopleinc.org"
52.167.144.195 - - [17/Apr/2025:10:12:06 -0400] "GET /detail/humorously47890412.shtml HTTP/1.1" 404 16937 "-" "Mozilla/5.0 AppleWebKit/537.36 (KHTML, like Gecko; compatible; bingbot/2.0; +http://www.bing.com/bingbot.htm) Chrome/116.0.1938.76 Safari/537.36"
18.219.161.122 - - [17/Apr/2025:10:12:09 -0400] "GET /ad917/?path=%2Fhome%2Fservlmvm%2F..%2F..%2Fvar%2Fsoftaculous%2Fosclassified%2F..%2Fwp64 HTTP/1.1" 200 2569 "-" "Mozilla/5.0 AppleWebKit/537.36 (KHTML, like Gecko; compatible; ClaudeBot/1.0; +claudebot@anthropic.com)"
18.219.161.122 - - [17/Apr/2025:10:12:12 -0400] "GET /ad917/?path=%2Fhome%2Fservlmvm%2F.%2Fpublic_html%2F.%2F.well-known%2F.%2F..%2Findex.php HTTP/1.1" 200 1192 "-" "Mozilla/5.0 AppleWebKit/537.36 (KHTML, like Gecko; compatible; ClaudeBot/1.0; +claudebot@anthropic.com)"
18.219.161.122 - - [17/Apr/2025:10:12:15 -0400] "GET /ad917/?path=%2Fhome%2Fservlmvm%2F.%2Fwww%2Fwp-includes%2FPHPMailer%2F..%2F.%2F.htaccess HTTP/1.1" 403 1242 "-" "Mozilla/5.0 AppleWebKit/537.36 (KHTML, like Gecko; compatible; ClaudeBot/1.0; +claudebot@anthropic.com)"
18.219.161.122 - - [17/Apr/2025:10:12:18 -0400] "GET /ad917/?path=%2Fhome%2Fservlmvm%2F..%2F..%2Fvar%2Fsoftaculous%2Fclassicpress%2F..%2Felgg HTTP/1.1" 200 2131 "-" "Mozilla/5.0 AppleWebKit/537.36 (KHTML, like Gecko; compatible; ClaudeBot/1.0; +claudebot@anthropic.com)"
18.219.161.122 - - [17/Apr/2025:10:12:21 -0400] "GET /ad917/?path=%2Fhome%2Fservlmvm%2F.%2Fwww%2Fwp-includes%2Fcustomize%2F..%2F.%2FPHPMailer HTTP/1.1" 200 1681 "-" "Mozilla/5.0 AppleWebKit/537.36 (KHTML, like Gecko; compatible; ClaudeBot/1.0; +claudebot@anthropic.com)"
18.219.161.122 - - [17/Apr/2025:10:12:24 -0400] "GET /ad917/?path=%2Fhome%2Fservlmvm%2F..%2F..%2Fvar%2Fsoftaculous%2Fosclassified%2F..%2Fleto HTTP/1.1" 200 2092 "-" "Mozilla/5.0 AppleWebKit/537.36 (KHTML, like Gecko; compatible; ClaudeBot/1.0; +claudebot@anthropic.com)"
18.219.161.122 - - [17/Apr/2025:10:12:27 -0400] "GET /ad917/?path=%2Fhome%2Fservlmvm%2F.%2Fwww%2Fwp-includes%2FPHPMailer%2F..%2F.%2Fembed.php HTTP/1.1" 200 11874 "-" "Mozilla/5.0 AppleWebKit/537.36 (KHTML, like Gecko; compatible; ClaudeBot/1.0; +claudebot@anthropic.com)"
18.219.161.122 - - [17/Apr/2025:10:12:30 -0400] "GET /ad917/?path=%2Fhome%2Fservlmvm%2F..%2F..%2Fvar%2Fsoftaculous%2Fclassicpress%2F..%2Fwp54 HTTP/1.1" 200 2498 "-" "Mozilla/5.0 AppleWebKit/537.36 (KHTML, like Gecko; compatible; ClaudeBot/1.0; +claudebot@anthropic.com)"
20.171.207.105 - - [17/Apr/2025:10:12:32 -0400] "GET /wp-content/plugins/revslider/public/assets/fonts/revicons/revicons.ttf?5510888 HTTP/1.1" 200 11968 "-" "Mozilla/5.0 AppleWebKit/537.36 (KHTML, like Gecko; compatible; GPTBot/1.2; +https://openai.com/gptbot)"
18.219.161.122 - - [17/Apr/2025:10:12:33 -0400] "GET /ad917/?path=%2Fhome%2Fservlmvm%2F..%2F..%2Fvar%2Fsoftaculous%2Fclassicpress%2F..%2Fcube HTTP/1.1" 200 2161 "-" "Mozilla/5.0 AppleWebKit/537.36 (KHTML, like Gecko; compatible; ClaudeBot/1.0; +claudebot@anthropic.com)"
18.219.161.122 - - [17/Apr/2025:10:12:36 -0400] "GET /ad917/?path=%2Fhome%2Fservlmvm%2F..%2F..%2Fvar%2Fsoftaculous%2Fosclassified%2F..%2Fcftp HTTP/1.1" 200 2205 "-" "Mozilla/5.0 AppleWebKit/537.36 (KHTML, like Gecko; compatible; ClaudeBot/1.0; +claudebot@anthropic.com)"
198.54.116.86 - - [17/Apr/2025:10:12:38 -0400] "POST /wp-cron.php?doing_wp_cron=1744899157.9971849918365478515625 HTTP/1.1" 200 0 "-" "WordPress/6.8; https://servethepeopleinc.org"
40.77.167.4 - - [17/Apr/2025:10:12:37 -0400] "GET /goodscode/mucocele/39838108.shtml HTTP/1.1" 301 0 "-" "Mozilla/5.0 AppleWebKit/537.36 (KHTML, like Gecko; compatible; bingbot/2.0; +http://www.bing.com/bingbot.htm) Chrome/116.0.1938.76 Safari/537.36"
198.54.116.86 - - [17/Apr/2025:10:12:38 -0400] "POST /wp-admin/admin-ajax.php?action=async_litespeed&nonce=7fhNyJgjyI3FQKi3Bxblo8pEpqTK8rhr&litespeed_type=imgoptm HTTP/1.1" 200 21 "-" "WordPress/6.8; https://servethepeopleinc.org"
18.219.161.122 - - [17/Apr/2025:10:12:39 -0400] "GET /ad917/?path=%2Fhome%2Fservlmvm%2F..%2F..%2Fvar%2Fsoftaculous%2Fosclassified%2F..%2Fossn HTTP/1.1" 200 2244 "-" "Mozilla/5.0 AppleWebKit/537.36 (KHTML, like Gecko; compatible; ClaudeBot/1.0; +claudebot@anthropic.com)"
18.219.161.122 - - [17/Apr/2025:10:12:42 -0400] "GET /ad917/?path=%2Fhome%2Fservlmvm%2F.%2Fwww%2Fwp-includes%2F.%2Fblock-patterns%2F..%2Fl10n HTTP/1.1" 200 1723 "-" "Mozilla/5.0 AppleWebKit/537.36 (KHTML, like Gecko; compatible; ClaudeBot/1.0; +claudebot@anthropic.com)"
18.219.161.122 - - [17/Apr/2025:10:12:45 -0400] "GET /ad917/?path=%2Fhome%2Fservlmvm%2F..%2F..%2Fvar%2Fsoftaculous%2Fosclassified%2F..%2Fless HTTP/1.1" 200 1923 "-" "Mozilla/5.0 AppleWebKit/537.36 (KHTML, like Gecko; compatible; ClaudeBot/1.0; +claudebot@anthropic.com)"
40.77.167.69 - - [17/Apr/2025:10:12:46 -0400] "GET /special/2537514.shtml HTTP/1.1" 301 0 "-" "Mozilla/5.0 AppleWebKit/537.36 (KHTML, like Gecko; compatible; bingbot/2.0; +http://www.bing.com/bingbot.htm) Chrome/116.0.1938.76 Safari/537.36"
18.219.161.122 - - [17/Apr/2025:10:12:48 -0400] "GET /ad917/?path=%2Fhome%2Fservlmvm%2F..%2F..%2Fvar%2Fsoftaculous%2Fclassicpress%2F..%2Fyeti HTTP/1.1" 200 2216 "-" "Mozilla/5.0 AppleWebKit/537.36 (KHTML, like Gecko; compatible; ClaudeBot/1.0; +claudebot@anthropic.com)"
18.219.161.122 - - [17/Apr/2025:10:12:51 -0400] "GET /ad917/?path=%2Fhome%2Fservlmvm%2F..%2F..%2Fvar%2Fsoftaculous%2Fclassicpress%2F..%2Fwp53 HTTP/1.1" 200 2526 "-" "Mozilla/5.0 AppleWebKit/537.36 (KHTML, like Gecko; compatible; ClaudeBot/1.0; +claudebot@anthropic.com)"
20.171.207.105 - - [17/Apr/2025:10:13:09 -0400] "GET /wp-content/plugins/revslider/public/assets/fonts/revicons/revicons.svg?5510888 HTTP/1.1" 200 4447 "-" "Mozilla/5.0 AppleWebKit/537.36 (KHTML, like Gecko; compatible; GPTBot/1.2; +https://openai.com/gptbot)"
198.54.116.86 - - [17/Apr/2025:10:13:10 -0400] "POST /wp-cron.php?doing_wp_cron=1744899190.4879169464111328125000 HTTP/1.1" 200 0 "-" "WordPress/6.8; https://servethepeopleinc.org"
40.77.167.17 - - [17/Apr/2025:10:13:10 -0400] "GET /product/piacaba44243178.shtml HTTP/1.1" 301 0 "-" "Mozilla/5.0 AppleWebKit/537.36 (KHTML, like Gecko; compatible; bingbot/2.0; +http://www.bing.com/bingbot.htm) Chrome/116.0.1938.76 Safari/537.36"
198.54.116.86 - - [17/Apr/2025:10:13:10 -0400] "POST /wp-admin/admin-ajax.php?action=async_litespeed&nonce=FTQBU4GYn1LPj6nosmNulwVWFth7JuCF&litespeed_type=imgoptm HTTP/1.1" 200 21 "-" "WordPress/6.8; https://servethepeopleinc.org"
52.167.144.19 - - [17/Apr/2025:10:13:20 -0400] "GET /detail28036360.shtml HTTP/1.1" 404 16941 "-" "Mozilla/5.0 AppleWebKit/537.36 (KHTML, like Gecko; compatible; bingbot/2.0; +http://www.bing.com/bingbot.htm) Chrome/116.0.1938.76 Safari/537.36"
40.77.167.69 - - [17/Apr/2025:10:13:27 -0400] "GET /entity/nicker525840.shtml HTTP/1.1" 301 0 "-" "Mozilla/5.0 AppleWebKit/537.36 (KHTML, like Gecko; compatible; bingbot/2.0; +http://www.bing.com/bingbot.htm) Chrome/116.0.1938.76 Safari/537.36"
3.12.161.230 - - [17/Apr/2025:10:13:27 -0400] "GET /ad917/?path=%2Fhome%2Fservlmvm%2F..%2F..%2Fvar%2Fsoftaculous%2Fclassicpress%2F..%2Fopenb HTTP/1.1" 200 2175 "-" "Mozilla/5.0 AppleWebKit/537.36 (KHTML, like Gecko; compatible; ClaudeBot/1.0; +claudebot@anthropic.com)"
52.167.144.19 - - [17/Apr/2025:10:13:29 -0400] "GET /shopping/crowtoe111053104.shtml HTTP/1.1" 404 16941 "-" "Mozilla/5.0 AppleWebKit/537.36 (KHTML, like Gecko; compatible; bingbot/2.0; +http://www.bing.com/bingbot.htm) Chrome/116.0.1938.76 Safari/537.36"
3.12.161.230 - - [17/Apr/2025:10:13:30 -0400] "GET /ad917/?path=%2Fhome%2Fservlmvm%2F..%2F..%2Fvar%2Fsoftaculous%2Fphproj%2Fphp81%2Fedit.php HTTP/1.1" 200 4149 "-" "Mozilla/5.0 AppleWebKit/537.36 (KHTML, like Gecko; compatible; ClaudeBot/1.0; +claudebot@anthropic.com)"
3.12.161.230 - - [17/Apr/2025:10:13:33 -0400] "GET /ad917/?path=%2Fhome%2Fservlmvm%2F..%2F..%2Fvar%2Fsoftaculous%2Fosclassified%2F..%2Fepesi HTTP/1.1" 200 2112 "-" "Mozilla/5.0 AppleWebKit/537.36 (KHTML, like Gecko; compatible; ClaudeBot/1.0; +claudebot@anthropic.com)"
3.12.161.230 - - [17/Apr/2025:10:13:36 -0400] "GET /ad917/?path=%2Fhome%2Fservlmvm%2F..%2F..%2Fvar%2Fsoftaculous%2Fosclassified%2F..%2Flime5 HTTP/1.1" 200 2254 "-" "Mozilla/5.0 AppleWebKit/537.36 (KHTML, like Gecko; compatible; ClaudeBot/1.0; +claudebot@anthropic.com)"
3.12.161.230 - - [17/Apr/2025:10:13:39 -0400] "GET /ad917/?path=%2Fhome%2Fservlmvm%2F..%2F..%2Fvar%2Fsoftaculous%2Fclassicpress%2F..%2Fredax HTTP/1.1" 200 2080 "-" "Mozilla/5.0 AppleWebKit/537.36 (KHTML, like Gecko; compatible; ClaudeBot/1.0; +claudebot@anthropic.com)"
40.77.167.4 - - [17/Apr/2025:10:13:40 -0400] "GET /item46671786.shtml HTTP/1.1" 301 0 "-" "Mozilla/5.0 AppleWebKit/537.36 (KHTML, like Gecko; compatible; bingbot/2.0; +http://www.bing.com/bingbot.htm) Chrome/116.0.1938.76 Safari/537.36"
66.249.77.42 - - [17/Apr/2025:10:13:41 -0400] "GET /detail/em/waker/86918558.shtml HTTP/1.1" 404 16950 "-" "Mozilla/5.0 (Linux; Android 6.0.1; Nexus 5X Build/MMB29P) AppleWebKit/537.36 (KHTML, like Gecko) Chrome/135.0.7049.84 Mobile Safari/537.36 (compatible; Googlebot/2.1; +http://www.google.com/bot.html)"
3.12.161.230 - - [17/Apr/2025:10:13:42 -0400] "GET /ad917/?path=%2Fhome%2Fservlmvm%2F..%2F..%2Fvar%2Fsoftaculous%2Fosclassified%2F..%2Fomeka HTTP/1.1" 200 2136 "-" "Mozilla/5.0 AppleWebKit/537.36 (KHTML, like Gecko; compatible; ClaudeBot/1.0; +claudebot@anthropic.com)"
3.12.161.230 - - [17/Apr/2025:10:13:45 -0400] "GET /ad917/?path=%2Fhome%2Fservlmvm%2F..%2F..%2Fvar%2Fsoftaculous%2Fosclassified%2F..%2Fhizup HTTP/1.1" 200 2164 "-" "Mozilla/5.0 AppleWebKit/537.36 (KHTML, like Gecko; compatible; ClaudeBot/1.0; +claudebot@anthropic.com)"
20.171.207.105 - - [17/Apr/2025:10:13:45 -0400] "GET /wp-content/plugins/revslider/public/assets/css/openhand.cur HTTP/1.1" 200 326 "-" "Mozilla/5.0 AppleWebKit/537.36 (KHTML, like Gecko; compatible; GPTBot/1.2; +https://openai.com/gptbot)"
3.12.161.230 - - [17/Apr/2025:10:13:48 -0400] "GET /ad917/?path=%2Fhome%2Fservlmvm%2F..%2F..%2Flib%2Flocale%2Fen_US%40ampm%2F..%2Fen_BW.utf8 HTTP/1.1" 200 1950 "-" "Mozilla/5.0 AppleWebKit/537.36 (KHTML, like Gecko; compatible; ClaudeBot/1.0; +claudebot@anthropic.com)"
3.12.161.230 - - [17/Apr/2025:10:13:51 -0400] "GET /ad917/?path=%2Fhome%2Fservlmvm%2F..%2F..%2Fvar%2Fsoftaculous%2Fclassicpress%2F..%2Fsugar HTTP/1.1" 200 2095 "-" "Mozilla/5.0 AppleWebKit/537.36 (KHTML, like Gecko; compatible; ClaudeBot/1.0; +claudebot@anthropic.com)"
3.12.161.230 - - [17/Apr/2025:10:13:54 -0400] "GET /ad917/?path=%2Fhome%2Fservlmvm%2F..%2F..%2Fvar%2Fsoftaculous%2Fosclassified%2F..%2Fpydio HTTP/1.1" 200 2051 "-" "Mozilla/5.0 AppleWebKit/537.36 (KHTML, like Gecko; compatible; ClaudeBot/1.0; +claudebot@anthropic.com)"
3.12.161.230 - - [17/Apr/2025:10:13:57 -0400] "GET /ad917/?path=%2Fhome%2Fservlmvm%2F..%2F..%2Fvar%2Fsoftaculous%2Fclassicpress%2F..%2Feasyp HTTP/1.1" 200 2060 "-" "Mozilla/5.0 AppleWebKit/537.36 (KHTML, like Gecko; compatible; ClaudeBot/1.0; +claudebot@anthropic.com)"
3.12.161.230 - - [17/Apr/2025:10:14:00 -0400] "GET /ad917/?path=%2Fhome%2Fservlmvm%2F..%2F..%2Fvar%2Fsoftaculous%2Fclassicpress%2F..%2Ffaveo HTTP/1.1" 200 2052 "-" "Mozilla/5.0 AppleWebKit/537.36 (KHTML, like Gecko; compatible; ClaudeBot/1.0; +claudebot@anthropic.com)"
3.12.161.230 - - [17/Apr/2025:10:14:03 -0400] "GET /ad917/?path=%2Fhome%2Fservlmvm%2F..%2F..%2Fvar%2Fsoftaculous%2Fthbees%2Fphp53%2Fedit.php HTTP/1.1" 200 5851 "-" "Mozilla/5.0 AppleWebKit/537.36 (KHTML, like Gecko; compatible; ClaudeBot/1.0; +claudebot@anthropic.com)"
3.12.161.230 - - [17/Apr/2025:10:14:06 -0400] "GET /ad917/?path=%2Fhome%2Fservlmvm%2F..%2F..%2Fvar%2Fsoftaculous%2Fosclassified%2F..%2Fricar HTTP/1.1" 200 2027 "-" "Mozilla/5.0 AppleWebKit/537.36 (KHTML, like Gecko; compatible; ClaudeBot/1.0; +claudebot@anthropic.com)"
198.54.116.86 - - [17/Apr/2025:10:14:07 -0400] "POST /wp-cron.php?doing_wp_cron=1744899247.1814210414886474609375 HTTP/1.1" 200 0 "-" "WordPress/6.8; https://servethepeopleinc.org"
40.77.167.69 - - [17/Apr/2025:10:14:06 -0400] "GET /info/36364822.shtml HTTP/1.1" 301 0 "-" "Mozilla/5.0 AppleWebKit/537.36 (KHTML, like Gecko; compatible; bingbot/2.0; +http://www.bing.com/bingbot.htm) Chrome/116.0.1938.76 Safari/537.36"
198.54.116.86 - - [17/Apr/2025:10:14:07 -0400] "POST /wp-admin/admin-ajax.php?action=async_litespeed&nonce=pTAW2fbaXaWhrI1Uqrbea387RcBVOsrX&litespeed_type=imgoptm HTTP/1.1" 200 21 "-" "WordPress/6.8; https://servethepeopleinc.org"
3.12.161.230 - - [17/Apr/2025:10:14:09 -0400] "GET /ad917/?path=%2Fhome%2Fservlmvm%2F..%2F..%2Fvar%2Fsoftaculous%2Fclassicpress%2F..%2Fepesi HTTP/1.1" 200 2131 "-" "Mozilla/5.0 AppleWebKit/537.36 (KHTML, like Gecko; compatible; ClaudeBot/1.0; +claudebot@anthropic.com)"
3.12.161.230 - - [17/Apr/2025:10:14:12 -0400] "GET /ad917/?path=%2Fhome%2Fservlmvm%2F..%2F..%2Fvar%2Fsoftaculous%2Fclassicpress%2F..%2Flime3 HTTP/1.1" 200 2183 "-" "Mozilla/5.0 AppleWebKit/537.36 (KHTML, like Gecko; compatible; ClaudeBot/1.0; +claudebot@anthropic.com)"
3.12.161.230 - - [17/Apr/2025:10:14:15 -0400] "GET /ad917/?path=%2Fhome%2Fservlmvm%2F..%2F..%2Fvar%2Fsoftaculous%2Fosclassified%2F..%2Fforma HTTP/1.1" 200 2048 "-" "Mozilla/5.0 AppleWebKit/537.36 (KHTML, like Gecko; compatible; ClaudeBot/1.0; +claudebot@anthropic.com)"
3.12.161.230 - - [17/Apr/2025:10:14:18 -0400] "GET /ad917/?path=%2Fhome%2Fservlmvm%2F.%2Fpublic_html%2F.%2F.well-known%2F.%2F..%2Fxmlrpc.php HTTP/1.1" 200 2455 "-" "Mozilla/5.0 AppleWebKit/537.36 (KHTML, like Gecko; compatible; ClaudeBot/1.0; +claudebot@anthropic.com)"
52.167.144.195 - - [17/Apr/2025:10:14:19 -0400] "GET /detail/metamorphosing24003352.shtml HTTP/1.1" 404 16940 "-" "Mozilla/5.0 AppleWebKit/537.36 (KHTML, like Gecko; compatible; bingbot/2.0; +http://www.bing.com/bingbot.htm) Chrome/116.0.1938.76 Safari/537.36"
20.171.207.105 - - [17/Apr/2025:10:14:20 -0400] "GET /wp-content/plugins/revslider/public/assets/css/closedhand.cur HTTP/1.1" 200 326 "-" "Mozilla/5.0 AppleWebKit/537.36 (KHTML, like Gecko; compatible; GPTBot/1.2; +https://openai.com/gptbot)"
3.12.161.230 - - [17/Apr/2025:10:14:21 -0400] "GET /ad917/?path=%2Fhome%2Fservlmvm%2F..%2F..%2Fvar%2Fsoftaculous%2Fclassicpress%2F..%2Fmyweb HTTP/1.1" 200 1937 "-" "Mozilla/5.0 AppleWebKit/537.36 (KHTML, like Gecko; compatible; ClaudeBot/1.0; +claudebot@anthropic.com)"
3.12.161.230 - - [17/Apr/2025:10:14:24 -0400] "GET /ad917/?path=%2Fhome%2Fservlmvm%2F..%2F..%2Fvar%2Fsoftaculous%2Fclassicpress%2F..%2Fzurmo HTTP/1.1" 200 2172 "-" "Mozilla/5.0 AppleWebKit/537.36 (KHTML, like Gecko; compatible; ClaudeBot/1.0; +claudebot@anthropic.com)"
3.12.161.230 - - [17/Apr/2025:10:14:27 -0400] "GET /ad917/?path=%2Fhome%2Fservlmvm%2F..%2F..%2Fvar%2Fsoftaculous%2Fosclassified%2F..%2Fxoops HTTP/1.1" 200 2090 "-" "Mozilla/5.0 AppleWebKit/537.36 (KHTML, like Gecko; compatible; ClaudeBot/1.0; +claudebot@anthropic.com)"
3.12.161.230 - - [17/Apr/2025:10:14:30 -0400] "GET /ad917/?path=%2Fhome%2Fservlmvm%2F.%2F.%2Fpublic_html%2Fwp-content%2F..%2F..%2Fpublic_ftp HTTP/1.1" 200 1491 "-" "Mozilla/5.0 AppleWebKit/537.36 (KHTML, like Gecko; compatible; ClaudeBot/1.0; +claudebot@anthropic.com)"
3.12.161.230 - - [17/Apr/2025:10:14:33 -0400] "GET /ad917/?path=%2Fhome%2Fservlmvm%2F..%2F..%2Fvar%2Fsoftaculous%2Felgg33%2Fphp82%2Fedit.php HTTP/1.1" 200 4486 "-" "Mozilla/5.0 AppleWebKit/537.36 (KHTML, like Gecko; compatible; ClaudeBot/1.0; +claudebot@anthropic.com)"
66.249.77.41 - - [17/Apr/2025:10:14:35 -0400] "GET /entity/conservant36686222.shtml HTTP/1.1" 404 16939 "-" "Mozilla/5.0 (Linux; Android 6.0.1; Nexus 5X Build/MMB29P) AppleWebKit/537.36 (KHTML, like Gecko) Chrome/135.0.7049.84 Mobile Safari/537.36 (compatible; GoogleOther)"
3.12.161.230 - - [17/Apr/2025:10:14:36 -0400] "GET /ad917/?path=%2Fhome%2Fservlmvm%2F.%2Fwww%2Fwp-includes%2FPHPMailer%2F..%2F.%2Foption.php HTTP/1.1" 200 20859 "-" "Mozilla/5.0 AppleWebKit/537.36 (KHTML, like Gecko; compatible; ClaudeBot/1.0; +claudebot@anthropic.com)"
3.12.161.230 - - [17/Apr/2025:10:14:39 -0400] "GET /ad917/?path=%2Fhome%2Fservlmvm%2F..%2F..%2Fvar%2Fsoftaculous%2Fclassicpress%2F..%2Flibre HTTP/1.1" 200 1959 "-" "Mozilla/5.0 AppleWebKit/537.36 (KHTML, like Gecko; compatible; ClaudeBot/1.0; +claudebot@anthropic.com)"
40.77.167.4 - - [17/Apr/2025:10:14:39 -0400] "GET /info47376604.shtml HTTP/1.1" 301 0 "-" "Mozilla/5.0 AppleWebKit/537.36 (KHTML, like Gecko; compatible; bingbot/2.0; +http://www.bing.com/bingbot.htm) Chrome/116.0.1938.76 Safari/537.36"
3.12.161.230 - - [17/Apr/2025:10:14:42 -0400] "GET /ad917/?path=%2Fhome%2Fservlmvm%2F..%2Fservlmvm%2Flogs%2Froundcube%2F..%2F..%2F.htpasswds HTTP/1.1" 403 1242 "-" "Mozilla/5.0 AppleWebKit/537.36 (KHTML, like Gecko; compatible; ClaudeBot/1.0; +claudebot@anthropic.com)"
3.12.161.230 - - [17/Apr/2025:10:14:45 -0400] "GET /ad917/?path=%2Fhome%2Fservlmvm%2F..%2F..%2Fvar%2Fsoftaculous%2Fosclassified%2F..%2Fslims HTTP/1.1" 200 2139 "-" "Mozilla/5.0 AppleWebKit/537.36 (KHTML, like Gecko; compatible; ClaudeBot/1.0; +claudebot@anthropic.com)"
3.12.161.230 - - [17/Apr/2025:10:14:48 -0400] "GET /ad917/?path=%2Fhome%2Fservlmvm%2F..%2F..%2Fvar%2Fsoftaculous%2Fosclassified%2F..%2Fsugar HTTP/1.1" 200 2114 "-" "Mozilla/5.0 AppleWebKit/537.36 (KHTML, like Gecko; compatible; ClaudeBot/1.0; +claudebot@anthropic.com)"
3.12.161.230 - - [17/Apr/2025:10:14:51 -0400] "GET /ad917/?path=%2Fhome%2Fservlmvm%2F..%2F..%2Fvar%2Fsoftaculous%2Fclassicpress%2F..%2Fmyfaq HTTP/1.1" 200 2097 "-" "Mozilla/5.0 AppleWebKit/537.36 (KHTML, like Gecko; compatible; ClaudeBot/1.0; +claudebot@anthropic.com)"
3.12.161.230 - - [17/Apr/2025:10:14:54 -0400] "GET /ad917/?path=%2Fhome%2Fservlmvm%2F..%2F..%2Fvar%2Fsoftaculous%2Fclassicpress%2F..%2Ffront HTTP/1.1" 200 2237 "-" "Mozilla/5.0 AppleWebKit/537.36 (KHTML, like Gecko; compatible; ClaudeBot/1.0; +claudebot@anthropic.com)"
3.12.161.230 - - [17/Apr/2025:10:14:57 -0400] "GET /ad917/?path=%2Fhome%2Fservlmvm%2F.%2Fpublic_html%2F.%2Fwp-content%2F..%2F..%2Fpublic_ftp HTTP/1.1" 200 1496 "-" "Mozilla/5.0 AppleWebKit/537.36 (KHTML, like Gecko; compatible; ClaudeBot/1.0; +claudebot@anthropic.com)"
3.12.161.230 - - [17/Apr/2025:10:15:00 -0400] "GET /ad917/?path=%2Fhome%2Fservlmvm%2F.%2F.%2Fpublic_html%2Fwp-content%2F..%2F..%2F.htpasswds HTTP/1.1" 403 1242 "-" "Mozilla/5.0 AppleWebKit/537.36 (KHTML, like Gecko; compatible; ClaudeBot/1.0; +claudebot@anthropic.com)"
3.12.161.230 - - [17/Apr/2025:10:15:03 -0400] "GET /ad917/?path=%2Fhome%2Fservlmvm%2F..%2F..%2Fvar%2Fsoftaculous%2Fclassicpress%2F..%2Fphpbb HTTP/1.1" 200 2138 "-" "Mozilla/5.0 AppleWebKit/537.36 (KHTML, like Gecko; compatible; ClaudeBot/1.0; +claudebot@anthropic.com)"
3.12.161.230 - - [17/Apr/2025:10:15:06 -0400] "GET /ad917/?path=%2Fhome%2Fservlmvm%2F..%2F..%2Fvar%2Fsoftaculous%2Felgg33%2Fphp81%2Fedit.php HTTP/1.1" 200 4508 "-" "Mozilla/5.0 AppleWebKit/537.36 (KHTML, like Gecko; compatible; ClaudeBot/1.0; +claudebot@anthropic.com)"
3.12.161.230 - - [17/Apr/2025:10:15:09 -0400] "GET /ad917/?path=%2Fhome%2Fservlmvm%2F..%2F..%2Fvar%2Fsoftaculous%2Fclassicpress%2F..%2Fojs33 HTTP/1.1" 200 2143 "-" "Mozilla/5.0 AppleWebKit/537.36 (KHTML, like Gecko; compatible; ClaudeBot/1.0; +claudebot@anthropic.com)"
3.12.161.230 - - [17/Apr/2025:10:15:12 -0400] "GET /ad917/?path=%2Fhome%2Fservlmvm%2F.%2Fpublic_html%2F..%2Fpublic_ftp%2F.%2F..%2F.htpasswds HTTP/1.1" 403 1242 "-" "Mozilla/5.0 AppleWebKit/537.36 (KHTML, like Gecko; compatible; ClaudeBot/1.0; +claudebot@anthropic.com)"
3.12.161.230 - - [17/Apr/2025:10:15:15 -0400] "GET /ad917/?path=%2Fhome%2Fservlmvm%2F..%2F..%2Fvar%2Fsoftaculous%2Fclassicpress%2F..%2Ftypo8 HTTP/1.1" 200 2277 "-" "Mozilla/5.0 AppleWebKit/537.36 (KHTML, like Gecko; compatible; ClaudeBot/1.0; +claudebot@anthropic.com)"
3.12.161.230 - - [17/Apr/2025:10:15:18 -0400] "GET /ad917/?path=%2Fhome%2Fservlmvm%2F..%2F..%2Fvar%2Fsoftaculous%2Fosclassified%2F..%2Fkoken HTTP/1.1" 200 2017 "-" "Mozilla/5.0 AppleWebKit/537.36 (KHTML, like Gecko; compatible; ClaudeBot/1.0; +claudebot@anthropic.com)"
3.12.161.230 - - [17/Apr/2025:10:15:21 -0400] "GET /ad917/?path=%2Fhome%2Fservlmvm%2F..%2F..%2Fvar%2Fsoftaculous%2Fclassicpress%2F..%2Fricar HTTP/1.1" 200 1992 "-" "Mozilla/5.0 AppleWebKit/537.36 (KHTML, like Gecko; compatible; ClaudeBot/1.0; +claudebot@anthropic.com)"
198.54.116.86 - - [17/Apr/2025:10:15:21 -0400] "POST /wp-cron.php?doing_wp_cron=1744899321.9399240016937255859375 HTTP/1.1" 200 0 "-" "WordPress/6.8; https://servethepeopleinc.org"
40.77.167.157 - - [17/Apr/2025:10:15:19 -0400] "GET /detail/loitered/67450320.shtml HTTP/1.1" 404 16950 "-" "Mozilla/5.0 AppleWebKit/537.36 (KHTML, like Gecko; compatible; bingbot/2.0; +http://www.bing.com/bingbot.htm) Chrome/116.0.1938.76 Safari/537.36"
198.54.116.86 - - [17/Apr/2025:10:15:22 -0400] "POST /wp-admin/admin-ajax.php?action=async_litespeed&nonce=M8W3LFNMMjYkbMy2ZaApQAafwi11CVD6&litespeed_type=imgoptm HTTP/1.1" 200 21 "-" "WordPress/6.8; https://servethepeopleinc.org"
3.12.161.230 - - [17/Apr/2025:10:15:24 -0400] "GET /ad917/?path=%2Fhome%2Fservlmvm%2F.%2F.cpanel%2F..%2Fspekkshealth.com%2F..%2Fmail%2F.Junk HTTP/1.1" 200 1711 "-" "Mozilla/5.0 AppleWebKit/537.36 (KHTML, like Gecko; compatible; ClaudeBot/1.0; +claudebot@anthropic.com)"
3.12.161.230 - - [17/Apr/2025:10:15:27 -0400] "GET /ad917/?path=%2Fhome%2Fservlmvm%2F..%2F..%2Fvar%2Fsoftaculous%2Fosclassified%2F..%2Fmaian HTTP/1.1" 200 2209 "-" "Mozilla/5.0 AppleWebKit/537.36 (KHTML, like Gecko; compatible; ClaudeBot/1.0; +claudebot@anthropic.com)"
3.12.161.230 - - [17/Apr/2025:10:15:30 -0400] "GET /ad917/?path=%2Fhome%2Fservlmvm%2F.%2Fspekkshealth.com%2F..%2F.cpanel%2F..%2Fmail%2F.Sent HTTP/1.1" 200 1690 "-" "Mozilla/5.0 AppleWebKit/537.36 (KHTML, like Gecko; compatible; ClaudeBot/1.0; +claudebot@anthropic.com)"
3.138.139.225 - - [17/Apr/2025:10:15:55 -0400] "GET /ad917/?path=%2Fhome%2Fservlmvm%2F..%2F..%2Fvar%2Fsoftaculous%2Fclassicpress%2F..%2Fvtiger HTTP/1.1" 200 2365 "-" "Mozilla/5.0 AppleWebKit/537.36 (KHTML, like Gecko; compatible; ClaudeBot/1.0; +claudebot@anthropic.com)"
3.138.139.225 - - [17/Apr/2025:10:15:58 -0400] "GET /ad917/?path=%2Fhome%2Fservlmvm%2F..%2F..%2Fvar%2Fsoftaculous%2Fosclassified%2F..%2Fmonsta HTTP/1.1" 200 2067 "-" "Mozilla/5.0 AppleWebKit/537.36 (KHTML, like Gecko; compatible; ClaudeBot/1.0; +claudebot@anthropic.com)"
3.138.139.225 - - [17/Apr/2025:10:16:01 -0400] "GET /ad917/?path=%2Fhome%2Fservlmvm%2F..%2F..%2Fvar%2Fsoftaculous%2Fclassicpress%2F..%2Fkopage HTTP/1.1" 200 1916 "-" "Mozilla/5.0 AppleWebKit/537.36 (KHTML, like Gecko; compatible; ClaudeBot/1.0; +claudebot@anthropic.com)"
3.138.139.225 - - [17/Apr/2025:10:16:04 -0400] "GET /ad917/?path=%2Fhome%2Fservlmvm%2F..%2F..%2Fvar%2Fsoftaculous%2Fosclassified%2F..%2Fstripe HTTP/1.1" 200 2279 "-" "Mozilla/5.0 AppleWebKit/537.36 (KHTML, like Gecko; compatible; ClaudeBot/1.0; +claudebot@anthropic.com)"
3.138.139.225 - - [17/Apr/2025:10:16:07 -0400] "GET /ad917/?path=%2Fhome%2Fservlmvm%2F..%2F..%2Fvar%2Fsoftaculous%2Fosclassified%2F..%2Fzikula HTTP/1.1" 200 2301 "-" "Mozilla/5.0 AppleWebKit/537.36 (KHTML, like Gecko; compatible; ClaudeBot/1.0; +claudebot@anthropic.com)"
198.54.116.86 - - [17/Apr/2025:10:16:10 -0400] "POST /wp-cron.php?doing_wp_cron=1744899370.3421380519866943359375 HTTP/1.1" 200 0 "-" "WordPress/6.8; https://servethepeopleinc.org"
40.77.167.157 - - [17/Apr/2025:10:16:10 -0400] "GET /entity12834234.shtml HTTP/1.1" 404 16939 "-" "Mozilla/5.0 AppleWebKit/537.36 (KHTML, like Gecko; compatible; bingbot/2.0; +http://www.bing.com/bingbot.htm) Chrome/116.0.1938.76 Safari/537.36"
198.54.116.86 - - [17/Apr/2025:10:16:10 -0400] "POST /wp-admin/admin-ajax.php?action=async_litespeed&nonce=Dylq1Gvz6gmrJPPOAgYPx4qiqi4bIZuD&litespeed_type=imgoptm HTTP/1.1" 200 21 "-" "WordPress/6.8; https://servethepeopleinc.org"
3.138.139.225 - - [17/Apr/2025:10:16:10 -0400] "GET /ad917/?path=%2Fhome%2Fservlmvm%2F..%2F..%2Fvar%2Fsoftaculous%2Fosclassified%2F..%2Fgpeasy HTTP/1.1" 200 1911 "-" "Mozilla/5.0 AppleWebKit/537.36 (KHTML, like Gecko; compatible; ClaudeBot/1.0; +claudebot@anthropic.com)"
3.138.139.225 - - [17/Apr/2025:10:16:13 -0400] "GET /ad917/?path=%2Fhome%2Fservlmvm%2F..%2F..%2Fvar%2Fsoftaculous%2Fpiwigo%2Fphp53%2Fclone.php HTTP/1.1" 200 3737 "-" "Mozilla/5.0 AppleWebKit/537.36 (KHTML, like Gecko; compatible; ClaudeBot/1.0; +claudebot@anthropic.com)"
3.138.139.225 - - [17/Apr/2025:10:16:16 -0400] "GET /ad917/?path=%2Fhome%2Fservlmvm%2F..%2F..%2Fvar%2Fsoftaculous%2Fosclassified%2F..%2Fmahara HTTP/1.1" 200 2174 "-" "Mozilla/5.0 AppleWebKit/537.36 (KHTML, like Gecko; compatible; ClaudeBot/1.0; +claudebot@anthropic.com)"
40.77.167.69 - - [17/Apr/2025:10:16:16 -0400] "GET /products23107640.shtml HTTP/1.1" 301 0 "-" "Mozilla/5.0 AppleWebKit/537.36 (KHTML, like Gecko; compatible; bingbot/2.0; +http://www.bing.com/bingbot.htm) Chrome/116.0.1938.76 Safari/537.36"
3.138.139.225 - - [17/Apr/2025:10:16:19 -0400] "GET /ad917/?path=%2Fhome%2Fservlmvm%2F..%2F..%2Fvar%2Fsoftaculous%2Fsavsoft%2Fphp71%2Fedit.php HTTP/1.1" 200 4656 "-" "Mozilla/5.0 AppleWebKit/537.36 (KHTML, like Gecko; compatible; ClaudeBot/1.0; +claudebot@anthropic.com)"
3.138.139.225 - - [17/Apr/2025:10:16:22 -0400] "GET /ad917/?path=%2Fhome%2Fservlmvm%2F.%2Fwww%2Fwp-includes%2Fcustomize%2F..%2F.%2Fwp-diff.php HTTP/1.1" 200 1301 "-" "Mozilla/5.0 AppleWebKit/537.36 (KHTML, like Gecko; compatible; ClaudeBot/1.0; +claudebot@anthropic.com)"
3.138.139.225 - - [17/Apr/2025:10:16:25 -0400] "GET /ad917/?path=%2Fhome%2Fservlmvm%2F.%2Flscache%2F..%2F.softaculous%2Ftmp%2F..%2Fsitepad.php HTTP/1.1" 200 1103 "-" "Mozilla/5.0 AppleWebKit/537.36 (KHTML, like Gecko; compatible; ClaudeBot/1.0; +claudebot@anthropic.com)"
40.77.167.58 - - [17/Apr/2025:10:16:25 -0400] "GET /items/condescension52992702.shtml HTTP/1.1" 404 16937 "-" "Mozilla/5.0 AppleWebKit/537.36 (KHTML, like Gecko; compatible; bingbot/2.0; +http://www.bing.com/bingbot.htm) Chrome/116.0.1938.76 Safari/537.36"
52.167.144.162 - - [17/Apr/2025:10:16:27 -0400] "GET /detail/delineating22269602.shtml HTTP/1.1" 301 0 "-" "Mozilla/5.0 AppleWebKit/537.36 (KHTML, like Gecko; compatible; bingbot/2.0; +http://www.bing.com/bingbot.htm) Chrome/116.0.1938.76 Safari/537.36"
3.138.139.225 - - [17/Apr/2025:10:16:28 -0400] "GET /ad917/?path=%2Fhome%2Fservlmvm%2F..%2F..%2Fvar%2Fsoftaculous%2Fosclassified%2F..%2Fostic2 HTTP/1.1" 200 2170 "-" "Mozilla/5.0 AppleWebKit/537.36 (KHTML, like Gecko; compatible; ClaudeBot/1.0; +claudebot@anthropic.com)"
40.77.167.157 - - [17/Apr/2025:10:16:30 -0400] "GET /goodscode/71468292.shtml HTTP/1.1" 404 16940 "-" "Mozilla/5.0 AppleWebKit/537.36 (KHTML, like Gecko; compatible; bingbot/2.0; +http://www.bing.com/bingbot.htm) Chrome/116.0.1938.76 Safari/537.36"
3.138.139.225 - - [17/Apr/2025:10:16:31 -0400] "GET /ad917/?path=%2Fhome%2Fservlmvm%2F..%2F..%2Fvar%2Fsoftaculous%2Fqloapps%2Fphp82%2Fedit.php HTTP/1.1" 200 4319 "-" "Mozilla/5.0 AppleWebKit/537.36 (KHTML, like Gecko; compatible; ClaudeBot/1.0; +claudebot@anthropic.com)"
3.138.139.225 - - [17/Apr/2025:10:16:34 -0400] "GET /ad917/?path=%2Fhome%2Fservlmvm%2F..%2F..%2Fvar%2Fsoftaculous%2Fclassicpress%2F..%2Focart2 HTTP/1.1" 200 2197 "-" "Mozilla/5.0 AppleWebKit/537.36 (KHTML, like Gecko; compatible; ClaudeBot/1.0; +claudebot@anthropic.com)"
3.138.139.225 - - [17/Apr/2025:10:16:37 -0400] "GET /ad917/?path=%2Fhome%2Fservlmvm%2F..%2F..%2Fvar%2Fsoftaculous%2Fzenario%2Fphp53%2Fedit.php HTTP/1.1" 200 4295 "-" "Mozilla/5.0 AppleWebKit/537.36 (KHTML, like Gecko; compatible; ClaudeBot/1.0; +claudebot@anthropic.com)"
3.138.139.225 - - [17/Apr/2025:10:16:40 -0400] "GET /ad917/?path=%2Fhome%2Fservlmvm%2F..%2F..%2Fvar%2Fsoftaculous%2Fjoomla4%2Fphp81%2Fedit.php HTTP/1.1" 200 5380 "-" "Mozilla/5.0 AppleWebKit/537.36 (KHTML, like Gecko; compatible; ClaudeBot/1.0; +claudebot@anthropic.com)"
3.138.139.225 - - [17/Apr/2025:10:16:43 -0400] "GET /ad917/?path=%2Fhome%2Fservlmvm%2F..%2F..%2Fvar%2Fsoftaculous%2Fclassicpress%2F..%2Fobcard HTTP/1.1" 200 1995 "-" "Mozilla/5.0 AppleWebKit/537.36 (KHTML, like Gecko; compatible; ClaudeBot/1.0; +claudebot@anthropic.com)"
3.138.139.225 - - [17/Apr/2025:10:16:46 -0400] "GET /ad917/?path=%2Fhome%2Fservlmvm%2F..%2F..%2Fvar%2Fsoftaculous%2Fosclassified%2F..%2Fjqplot HTTP/1.1" 200 1798 "-" "Mozilla/5.0 AppleWebKit/537.36 (KHTML, like Gecko; compatible; ClaudeBot/1.0; +claudebot@anthropic.com)"
3.138.139.225 - - [17/Apr/2025:10:16:49 -0400] "GET /ad917/?path=%2Fhome%2Fservlmvm%2F..%2F..%2Fvar%2Fsoftaculous%2Fosclassified%2F..%2Ficehrm HTTP/1.1" 200 2062 "-" "Mozilla/5.0 AppleWebKit/537.36 (KHTML, like Gecko; compatible; ClaudeBot/1.0; +claudebot@anthropic.com)"
40.77.167.23 - - [17/Apr/2025:10:16:49 -0400] "GET /items/48984410.shtml HTTP/1.1" 301 0 "-" "Mozilla/5.0 AppleWebKit/537.36 (KHTML, like Gecko; compatible; bingbot/2.0; +http://www.bing.com/bingbot.htm) Chrome/116.0.1938.76 Safari/537.36"
40.77.167.54 - - [17/Apr/2025:10:16:49 -0400] "GET /detail/p/subdominant/1500640.shtml HTTP/1.1" 404 16950 "-" "Mozilla/5.0 AppleWebKit/537.36 (KHTML, like Gecko; compatible; bingbot/2.0; +http://www.bing.com/bingbot.htm) Chrome/116.0.1938.76 Safari/537.36"
3.138.139.225 - - [17/Apr/2025:10:16:52 -0400] "GET /ad917/?path=%2Fhome%2Fservlmvm%2F..%2F..%2Fvar%2Fsoftaculous%2Fclassicpress%2F..%2Fanchor HTTP/1.1" 200 2110 "-" "Mozilla/5.0 AppleWebKit/537.36 (KHTML, like Gecko; compatible; ClaudeBot/1.0; +claudebot@anthropic.com)"
3.138.139.225 - - [17/Apr/2025:10:16:55 -0400] "GET /ad917/?path=%2Fhome%2Fservlmvm%2F..%2F..%2Fvar%2Fsoftaculous%2Fclassicpress%2F..%2Fcszcms HTTP/1.1" 200 2096 "-" "Mozilla/5.0 AppleWebKit/537.36 (KHTML, like Gecko; compatible; ClaudeBot/1.0; +claudebot@anthropic.com)"
3.138.139.225 - - [17/Apr/2025:10:16:58 -0400] "GET /ad917/?path=%2Fhome%2Fservlmvm%2F..%2F..%2Fvar%2Fsoftaculous%2Fosclassified%2F..%2Fsizzle HTTP/1.1" 200 1888 "-" "Mozilla/5.0 AppleWebKit/537.36 (KHTML, like Gecko; compatible; ClaudeBot/1.0; +claudebot@anthropic.com)"
52.167.144.195 - - [17/Apr/2025:10:17:00 -0400] "GET /detail/80204540.shtml HTTP/1.1" 404 16939 "-" "Mozilla/5.0 AppleWebKit/537.36 (KHTML, like Gecko; compatible; bingbot/2.0; +http://www.bing.com/bingbot.htm) Chrome/116.0.1938.76 Safari/537.36"
3.138.139.225 - - [17/Apr/2025:10:17:01 -0400] "GET /ad917/?path=%2Fhome%2Fservlmvm%2F..%2F..%2Fvar%2Fsoftaculous%2Fosclassified%2F..%2Fsmarty HTTP/1.1" 200 1923 "-" "Mozilla/5.0 AppleWebKit/537.36 (KHTML, like Gecko; compatible; ClaudeBot/1.0; +claudebot@anthropic.com)"
3.138.139.225 - - [17/Apr/2025:10:17:04 -0400] "GET /ad917/?path=%2Fhome%2Fservlmvm%2F..%2F..%2Fvar%2Fsoftaculous%2Fosclassified%2F..%2Fthelia HTTP/1.1" 200 2185 "-" "Mozilla/5.0 AppleWebKit/537.36 (KHTML, like Gecko; compatible; ClaudeBot/1.0; +claudebot@anthropic.com)"
198.54.116.86 - - [17/Apr/2025:10:17:06 -0400] "POST /wp-cron.php?doing_wp_cron=1744899426.7377450466156005859375 HTTP/1.1" 200 0 "-" "WordPress/6.8; https://servethepeopleinc.org"
40.77.167.58 - - [17/Apr/2025:10:17:06 -0400] "GET /info/surveyal25344628.shtml HTTP/1.1" 404 16937 "-" "Mozilla/5.0 AppleWebKit/537.36 (KHTML, like Gecko; compatible; bingbot/2.0; +http://www.bing.com/bingbot.htm) Chrome/116.0.1938.76 Safari/537.36"
3.138.139.225 - - [17/Apr/2025:10:17:07 -0400] "GET /ad917/?path=%2Fhome%2Fservlmvm%2F..%2F..%2Fvar%2Fsoftaculous%2Fosclassified%2F..%2Fluxcal HTTP/1.1" 200 2169 "-" "Mozilla/5.0 AppleWebKit/537.36 (KHTML, like Gecko; compatible; ClaudeBot/1.0; +claudebot@anthropic.com)"
3.138.139.225 - - [17/Apr/2025:10:17:10 -0400] "GET /ad917/?path=%2Fhome%2Fservlmvm%2F..%2F..%2Fvar%2Fsoftaculous%2Fosclassified%2F..%2Funmark HTTP/1.1" 200 2012 "-" "Mozilla/5.0 AppleWebKit/537.36 (KHTML, like Gecko; compatible; ClaudeBot/1.0; +claudebot@anthropic.com)"
3.138.139.225 - - [17/Apr/2025:10:17:13 -0400] "GET /ad917/?path=%2Fhome%2Fservlmvm%2F..%2F..%2Fvar%2Fsoftaculous%2F4images%2Fphp82%2Fedit.php HTTP/1.1" 200 4254 "-" "Mozilla/5.0 AppleWebKit/537.36 (KHTML, like Gecko; compatible; ClaudeBot/1.0; +claudebot@anthropic.com)"
3.138.139.225 - - [17/Apr/2025:10:17:16 -0400] "GET /ad917/?path=%2Fhome%2Fservlmvm%2F..%2F..%2Fvar%2Fsoftaculous%2Fsavsoft%2Fphp82%2Fedit.php HTTP/1.1" 200 4096 "-" "Mozilla/5.0 AppleWebKit/537.36 (KHTML, like Gecko; compatible; ClaudeBot/1.0; +claudebot@anthropic.com)"
3.138.139.225 - - [17/Apr/2025:10:17:19 -0400] "GET /ad917/?path=%2Fhome%2Fservlmvm%2F..%2F..%2Fvar%2Fsoftaculous%2Fclassicpress%2F..%2Fostic2 HTTP/1.1" 200 2142 "-" "Mozilla/5.0 AppleWebKit/537.36 (KHTML, like Gecko; compatible; ClaudeBot/1.0; +claudebot@anthropic.com)"
3.138.139.225 - - [17/Apr/2025:10:17:22 -0400] "GET /ad917/?path=%2Fhome%2Fservlmvm%2F..%2F..%2Fvar%2Fsoftaculous%2Fosclassified%2F..%2Fcollab HTTP/1.1" 200 2068 "-" "Mozilla/5.0 AppleWebKit/537.36 (KHTML, like Gecko; compatible; ClaudeBot/1.0; +claudebot@anthropic.com)"
3.138.139.225 - - [17/Apr/2025:10:17:25 -0400] "GET /ad917/?path=%2Fhome%2Fservlmvm%2F..%2F..%2Fvar%2Fsoftaculous%2Fosclassified%2F..%2Fmantis HTTP/1.1" 200 2094 "-" "Mozilla/5.0 AppleWebKit/537.36 (KHTML, like Gecko; compatible; ClaudeBot/1.0; +claudebot@anthropic.com)"
198.54.116.86 - - [17/Apr/2025:10:17:28 -0400] "POST /wp-cron.php?doing_wp_cron=1744899448.5147581100463867187500 HTTP/1.1" 200 0 "-" "WordPress/6.8; https://servethepeopleinc.org"
40.77.167.54 - - [17/Apr/2025:10:17:28 -0400] "GET /shopbrand85369784.shtml HTTP/1.1" 404 16936 "-" "Mozilla/5.0 AppleWebKit/537.36 (KHTML, like Gecko; compatible; bingbot/2.0; +http://www.bing.com/bingbot.htm) Chrome/116.0.1938.76 Safari/537.36"
3.138.139.225 - - [17/Apr/2025:10:17:28 -0400] "GET /ad917/?path=%2Fhome%2Fservlmvm%2F..%2F..%2Fvar%2Fsoftaculous%2Fclassicpress%2F..%2Falegro HTTP/1.1" 200 2079 "-" "Mozilla/5.0 AppleWebKit/537.36 (KHTML, like Gecko; compatible; ClaudeBot/1.0; +claudebot@anthropic.com)"
198.54.116.86 - - [17/Apr/2025:10:17:28 -0400] "POST /wp-admin/admin-ajax.php?action=async_litespeed&nonce=jkaiacdspbsNKRSojAwTLn5hyAuaa8rf&litespeed_type=imgoptm HTTP/1.1" 200 21 "-" "WordPress/6.8; https://servethepeopleinc.org"
3.138.139.225 - - [17/Apr/2025:10:17:31 -0400] "GET /ad917/?path=%2Fhome%2Fservlmvm%2F..%2F..%2Fvar%2Fsoftaculous%2Fclassicpress%2F..%2Fblesta HTTP/1.1" 200 2083 "-" "Mozilla/5.0 AppleWebKit/537.36 (KHTML, like Gecko; compatible; ClaudeBot/1.0; +claudebot@anthropic.com)"
3.138.139.225 - - [17/Apr/2025:10:17:34 -0400] "GET /ad917/?path=%2Fhome%2Fservlmvm%2F..%2Fservlmvm%2Flogs%2Froundcube%2F..%2F..%2Faccess-logs HTTP/1.1" 200 1731 "-" "Mozilla/5.0 AppleWebKit/537.36 (KHTML, like Gecko; compatible; ClaudeBot/1.0; +claudebot@anthropic.com)"
3.138.139.225 - - [17/Apr/2025:10:17:37 -0400] "GET /ad917/?path=%2Fhome%2Fservlmvm%2F.%2Fpublic_html%2F..%2Fpublic_ftp%2F.%2F..%2Faccess-logs HTTP/1.1" 200 1749 "-" "Mozilla/5.0 AppleWebKit/537.36 (KHTML, like Gecko; compatible; ClaudeBot/1.0; +claudebot@anthropic.com)"
3.138.139.225 - - [17/Apr/2025:10:17:40 -0400] "GET /ad917/?path=%2Fhome%2Fservlmvm%2F..%2F..%2Fvar%2Fsoftaculous%2Fosclassified%2F..%2Fanchor HTTP/1.1" 200 2089 "-" "Mozilla/5.0 AppleWebKit/537.36 (KHTML, like Gecko; compatible; ClaudeBot/1.0; +claudebot@anthropic.com)"
3.138.139.225 - - [17/Apr/2025:10:17:43 -0400] "GET /ad917/?path=%2Fhome%2Fservlmvm%2F..%2F..%2Fvar%2Fsoftaculous%2Fosclassified%2F..%2Fjquery HTTP/1.1" 200 1948 "-" "Mozilla/5.0 AppleWebKit/537.36 (KHTML, like Gecko; compatible; ClaudeBot/1.0; +claudebot@anthropic.com)"
3.138.139.225 - - [17/Apr/2025:10:17:46 -0400] "GET /ad917/?path=%2Fhome%2Fservlmvm%2F..%2F..%2Fvar%2Fsoftaculous%2Fclassicpress%2F..%2Funmark HTTP/1.1" 200 2012 "-" "Mozilla/5.0 AppleWebKit/537.36 (KHTML, like Gecko; compatible; ClaudeBot/1.0; +claudebot@anthropic.com)"
3.138.139.225 - - [17/Apr/2025:10:17:49 -0400] "GET /ad917/?path=%2Fhome%2Fservlmvm%2F.%2F.%2Fpublic_html%2Fwp-content%2F..%2F..%2Faccess-logs HTTP/1.1" 200 1746 "-" "Mozilla/5.0 AppleWebKit/537.36 (KHTML, like Gecko; compatible; ClaudeBot/1.0; +claudebot@anthropic.com)"
40.77.167.23 - - [17/Apr/2025:10:17:50 -0400] "GET /shopping/6873212.shtml HTTP/1.1" 301 0 "-" "Mozilla/5.0 AppleWebKit/537.36 (KHTML, like Gecko; compatible; bingbot/2.0; +http://www.bing.com/bingbot.htm) Chrome/116.0.1938.76 Safari/537.36"
3.138.139.225 - - [17/Apr/2025:10:17:53 -0400] "GET /ad917/?path=%2Fhome%2Fservlmvm%2F..%2F..%2Fvar%2Fsoftaculous%2Fclassicpress%2F..%2Fcollab HTTP/1.1" 200 2088 "-" "Mozilla/5.0 AppleWebKit/537.36 (KHTML, like Gecko; compatible; ClaudeBot/1.0; +claudebot@anthropic.com)"
198.54.116.86 - - [17/Apr/2025:10:18:19 -0400] "POST /wp-cron.php?doing_wp_cron=1744899499.1382360458374023437500 HTTP/1.1" 200 0 "-" "WordPress/6.8; https://servethepeopleinc.org"
