40.77.167.151 - - [17/Apr/2025:09:22:06 -0400] "GET /detail/46593788.shtml HTTP/1.1" 301 0 "-" "Mozilla/5.0 AppleWebKit/537.36 (KHTML, like Gecko; compatible; bingbot/2.0; +http://www.bing.com/bingbot.htm) Chrome/116.0.1938.76 Safari/537.36"
3.144.97.63 - - [17/Apr/2025:09:22:09 -0400] "GET /ad917/?path=%2Fhome%2Fservlmvm%2F..%2F..%2Flib64%2Frpm-plugins%2F..%2Fpython2.7%2Fnntplib.pyc HTTP/1.1" 200 980 "-" "Mozilla/5.0 AppleWebKit/537.36 (KHTML, like Gecko; compatible; ClaudeBot/1.0; +claudebot@anthropic.com)"
3.144.97.63 - - [17/Apr/2025:09:22:12 -0400] "GET /ad917/?path=%2Fhome%2Fservlmvm%2F..%2F..%2Flib64%2Frpm-plugins%2F..%2Fpython2.7%2Fsgmllib.pyo HTTP/1.1" 200 980 "-" "Mozilla/5.0 AppleWebKit/537.36 (KHTML, like Gecko; compatible; ClaudeBot/1.0; +claudebot@anthropic.com)"
3.144.97.63 - - [17/Apr/2025:09:22:15 -0400] "GET /ad917/?path=%2Fhome%2Fservlmvm%2F..%2F..%2Flib64%2Frpm-plugins%2F..%2Fpython2.7%2Fcommands.py HTTP/1.1" 200 2103 "-" "Mozilla/5.0 AppleWebKit/537.36 (KHTML, like Gecko; compatible; ClaudeBot/1.0; +claudebot@anthropic.com)"
3.144.97.63 - - [17/Apr/2025:09:22:18 -0400] "GET /ad917/?path=%2Fhome%2Fservlmvm%2F..%2F..%2Flib64%2Frpm-plugins%2F..%2Fpython2.7%2Fnntplib.pyo HTTP/1.1" 200 980 "-" "Mozilla/5.0 AppleWebKit/537.36 (KHTML, like Gecko; compatible; ClaudeBot/1.0; +claudebot@anthropic.com)"
3.144.97.63 - - [17/Apr/2025:09:22:21 -0400] "GET /ad917/?path=%2Fhome%2Fservlmvm%2F..%2F..%2Flib64%2Frpm-plugins%2F..%2Fpython2.7%2Fhashlib.pyc HTTP/1.1" 200 980 "-" "Mozilla/5.0 AppleWebKit/537.36 (KHTML, like Gecko; compatible; ClaudeBot/1.0; +claudebot@anthropic.com)"
3.144.97.63 - - [17/Apr/2025:09:22:24 -0400] "GET /ad917/?path=%2Fhome%2Fservlmvm%2F..%2F..%2Flib64%2Frpm-plugins%2F..%2Fpython2.7%2Furllib2.pyo HTTP/1.1" 200 981 "-" "Mozilla/5.0 AppleWebKit/537.36 (KHTML, like Gecko; compatible; ClaudeBot/1.0; +claudebot@anthropic.com)"
3.144.97.63 - - [17/Apr/2025:09:22:27 -0400] "GET /ad917/?path=%2Fhome%2Fservlmvm%2F..%2F..%2Flib64%2Frpm-plugins%2F..%2Fpython2.7%2Ftabnanny.py HTTP/1.1" 200 4765 "-" "Mozilla/5.0 AppleWebKit/537.36 (KHTML, like Gecko; compatible; ClaudeBot/1.0; +claudebot@anthropic.com)"
3.144.97.63 - - [17/Apr/2025:09:22:30 -0400] "GET /ad917/?path=%2Fhome%2Fservlmvm%2F..%2F..%2Flib64%2Frpm-plugins%2F..%2Fpython2.7%2Furlparse.py HTTP/1.1" 200 7739 "-" "Mozilla/5.0 AppleWebKit/537.36 (KHTML, like Gecko; compatible; ClaudeBot/1.0; +claudebot@anthropic.com)"
198.54.116.86 - - [17/Apr/2025:09:22:31 -0400] "POST /wp-cron.php?doing_wp_cron=1744896151.3259150981903076171875 HTTP/1.1" 200 0 "-" "WordPress/6.8; https://servethepeopleinc.org"
66.249.77.41 - - [17/Apr/2025:09:22:31 -0400] "GET /item/nicotian7613844.shtml HTTP/1.1" 404 16937 "-" "Mozilla/5.0 (Linux; Android 6.0.1; Nexus 5X Build/MMB29P) AppleWebKit/537.36 (KHTML, like Gecko) Chrome/135.0.7049.84 Mobile Safari/537.36 (compatible; GoogleOther)"
198.54.116.86 - - [17/Apr/2025:09:22:31 -0400] "POST /wp-admin/admin-ajax.php?action=async_litespeed&nonce=ThLnbJu1WutQAJIMB00ffFzz8PjdF9cO&litespeed_type=imgoptm HTTP/1.1" 200 21 "-" "WordPress/6.8; https://servethepeopleinc.org"
3.144.97.63 - - [17/Apr/2025:09:22:33 -0400] "GET /ad917/?path=%2Fhome%2Fservlmvm%2F..%2F..%2Flib64%2Frpm-plugins%2F..%2Fpython2.7%2Fzipfile.pyc HTTP/1.1" 200 980 "-" "Mozilla/5.0 AppleWebKit/537.36 (KHTML, like Gecko; compatible; ClaudeBot/1.0; +claudebot@anthropic.com)"
52.167.144.210 - - [17/Apr/2025:09:22:35 -0400] "GET /shopping36353856.shtml HTTP/1.1" 301 0 "-" "Mozilla/5.0 AppleWebKit/537.36 (KHTML, like Gecko; compatible; bingbot/2.0; +http://www.bing.com/bingbot.htm) Chrome/116.0.1938.76 Safari/537.36"
3.144.97.63 - - [17/Apr/2025:09:22:36 -0400] "GET /ad917/?path=%2Fhome%2Fservlmvm%2F..%2F..%2Flib64%2Frpm-plugins%2F..%2Fpython2.7%2Fcalendar.py HTTP/1.1" 200 7086 "-" "Mozilla/5.0 AppleWebKit/537.36 (KHTML, like Gecko; compatible; ClaudeBot/1.0; +claudebot@anthropic.com)"
3.144.97.63 - - [17/Apr/2025:09:22:39 -0400] "GET /ad917/?path=%2Fhome%2Fservlmvm%2F..%2F..%2Flib64%2Frpm-plugins%2F..%2Fpython2.7%2Fdecimal.pyo HTTP/1.1" 200 980 "-" "Mozilla/5.0 AppleWebKit/537.36 (KHTML, like Gecko; compatible; ClaudeBot/1.0; +claudebot@anthropic.com)"
3.144.97.63 - - [17/Apr/2025:09:22:42 -0400] "GET /ad917/?path=%2Fhome%2Fservlmvm%2F..%2F..%2Flib64%2Frpm-plugins%2F..%2Fpython2.7%2Fwhichdb.pyc HTTP/1.1" 200 981 "-" "Mozilla/5.0 AppleWebKit/537.36 (KHTML, like Gecko; compatible; ClaudeBot/1.0; +claudebot@anthropic.com)"
3.144.97.63 - - [17/Apr/2025:09:22:45 -0400] "GET /ad917/?path=%2Fhome%2Fservlmvm%2F..%2F..%2Flib64%2Frpm-plugins%2F..%2Fpython2.7%2Fplatform.py HTTP/1.1" 200 17706 "-" "Mozilla/5.0 AppleWebKit/537.36 (KHTML, like Gecko; compatible; ClaudeBot/1.0; +claudebot@anthropic.com)"
3.144.97.63 - - [17/Apr/2025:09:22:48 -0400] "GET /ad917/?path=%2Fhome%2Fservlmvm%2F..%2F..%2Flib64%2Frpm-plugins%2F..%2Fpython2.7%2Finspect.pyc HTTP/1.1" 200 980 "-" "Mozilla/5.0 AppleWebKit/537.36 (KHTML, like Gecko; compatible; ClaudeBot/1.0; +claudebot@anthropic.com)"
3.144.97.63 - - [17/Apr/2025:09:22:51 -0400] "GET /ad917/?path=%2Fhome%2Fservlmvm%2F..%2F..%2Flib64%2Frpm-plugins%2F..%2Fpython2.7%2Fprofile.pyc HTTP/1.1" 200 980 "-" "Mozilla/5.0 AppleWebKit/537.36 (KHTML, like Gecko; compatible; ClaudeBot/1.0; +claudebot@anthropic.com)"
3.144.97.63 - - [17/Apr/2025:09:22:54 -0400] "GET /ad917/?path=%2Fhome%2Fservlmvm%2F..%2F..%2Flib64%2Frpm-plugins%2F..%2Fpython2.7%2Fimaplib.pyc HTTP/1.1" 200 980 "-" "Mozilla/5.0 AppleWebKit/537.36 (KHTML, like Gecko; compatible; ClaudeBot/1.0; +claudebot@anthropic.com)"
3.144.97.63 - - [17/Apr/2025:09:22:57 -0400] "GET /ad917/?path=%2Fhome%2Fservlmvm%2F..%2F..%2Flib64%2Frpm-plugins%2F..%2Fpython2.7%2Fasynchat.py HTTP/1.1" 200 4895 "-" "Mozilla/5.0 AppleWebKit/537.36 (KHTML, like Gecko; compatible; ClaudeBot/1.0; +claudebot@anthropic.com)"
3.144.97.63 - - [17/Apr/2025:09:23:00 -0400] "GET /ad917/?path=%2Fhome%2Fservlmvm%2F..%2F..%2Flib64%2Frpm-plugins%2F..%2Fpython2.7%2Fhtmllib.pyc HTTP/1.1" 200 980 "-" "Mozilla/5.0 AppleWebKit/537.36 (KHTML, like Gecko; compatible; ClaudeBot/1.0; +claudebot@anthropic.com)"
18.116.81.133 - - [17/Apr/2025:09:23:27 -0400] "GET /ad917/?path=%2Fhome%2Fservlmvm%2F..%2F..%2Fvar%2Fsoftaculous%2F.%2Fjoomla310%2Fupdate_pass.php HTTP/1.1" 200 1296 "-" "Mozilla/5.0 AppleWebKit/537.36 (KHTML, like Gecko; compatible; ClaudeBot/1.0; +claudebot@anthropic.com)"
18.116.81.133 - - [17/Apr/2025:09:23:30 -0400] "GET /ad917/?path=%2Fhome%2Fservlmvm%2F..%2F..%2Fvar%2Fsoftaculous%2F.%2Fjoomla310%2Fsample_data.sql HTTP/1.1" 200 9341 "-" "Mozilla/5.0 AppleWebKit/537.36 (KHTML, like Gecko; compatible; ClaudeBot/1.0; +claudebot@anthropic.com)"
198.54.116.86 - - [17/Apr/2025:09:23:32 -0400] "POST /wp-cron.php?doing_wp_cron=1744896212.3704459667205810546875 HTTP/1.1" 200 0 "-" "WordPress/6.8; https://servethepeopleinc.org"
52.167.144.187 - - [17/Apr/2025:09:23:32 -0400] "GET /detail/a/fostress59213258.shtml HTTP/1.1" 404 16950 "-" "Mozilla/5.0 AppleWebKit/537.36 (KHTML, like Gecko; compatible; bingbot/2.0; +http://www.bing.com/bingbot.htm) Chrome/116.0.1938.76 Safari/537.36"
198.54.116.86 - - [17/Apr/2025:09:23:32 -0400] "POST /wp-admin/admin-ajax.php?action=async_litespeed&nonce=KHP8fxPgbE6sxajJN904otRMO2EXDFi3&litespeed_type=imgoptm HTTP/1.1" 200 21 "-" "WordPress/6.8; https://servethepeopleinc.org"
18.116.81.133 - - [17/Apr/2025:09:23:33 -0400] "GET /ad917/?path=%2Fhome%2Fservlmvm%2F..%2F..%2Flib64%2Frpm-plugins%2F..%2Fpython2.7%2Ftabnanny.pyc HTTP/1.1" 200 983 "-" "Mozilla/5.0 AppleWebKit/537.36 (KHTML, like Gecko; compatible; ClaudeBot/1.0; +claudebot@anthropic.com)"
18.116.81.133 - - [17/Apr/2025:09:23:36 -0400] "GET /ad917/?path=%2Fhome%2Fservlmvm%2F..%2F..%2Flib64%2Frpm-plugins%2F..%2Fpython2.7%2Fplistlib.pyo HTTP/1.1" 200 982 "-" "Mozilla/5.0 AppleWebKit/537.36 (KHTML, like Gecko; compatible; ClaudeBot/1.0; +claudebot@anthropic.com)"
18.116.81.133 - - [17/Apr/2025:09:23:39 -0400] "GET /ad917/?path=%2Fhome%2Fservlmvm%2F..%2F..%2Flib64%2Frpm-plugins%2F..%2Fpython2.7%2F_strptime.py HTTP/1.1" 200 7492 "-" "Mozilla/5.0 AppleWebKit/537.36 (KHTML, like Gecko; compatible; ClaudeBot/1.0; +claudebot@anthropic.com)"
18.116.81.133 - - [17/Apr/2025:09:23:42 -0400] "GET /ad917/?path=%2Fhome%2Fservlmvm%2F..%2F..%2Flib64%2Frpm-plugins%2F..%2Fpython2.7%2Ffunctools.py HTTP/1.1" 200 2344 "-" "Mozilla/5.0 AppleWebKit/537.36 (KHTML, like Gecko; compatible; ClaudeBot/1.0; +claudebot@anthropic.com)"
52.167.144.187 - - [17/Apr/2025:09:23:42 -0400] "GET /products/disenroll54190900.shtml HTTP/1.1" 404 16937 "-" "Mozilla/5.0 AppleWebKit/537.36 (KHTML, like Gecko; compatible; bingbot/2.0; +http://www.bing.com/bingbot.htm) Chrome/116.0.1938.76 Safari/537.36"
18.116.81.133 - - [17/Apr/2025:09:23:45 -0400] "GET /ad917/?path=%2Fhome%2Fservlmvm%2F..%2F..%2Flib64%2Frpm-plugins%2F..%2Fpython2.7%2Foptparse.pyc HTTP/1.1" 200 983 "-" "Mozilla/5.0 AppleWebKit/537.36 (KHTML, like Gecko; compatible; ClaudeBot/1.0; +claudebot@anthropic.com)"
18.116.81.133 - - [17/Apr/2025:09:23:48 -0400] "GET /ad917/?path=%2Fhome%2Fservlmvm%2F..%2F..%2Flib64%2Frpm-plugins%2F..%2Fpython2.7%2FUserDict.pyc HTTP/1.1" 200 986 "-" "Mozilla/5.0 AppleWebKit/537.36 (KHTML, like Gecko; compatible; ClaudeBot/1.0; +claudebot@anthropic.com)"
18.116.81.133 - - [17/Apr/2025:09:23:51 -0400] "GET /ad917/?path=%2Fhome%2Fservlmvm%2F..%2F..%2Flib64%2Frpm-plugins%2F..%2Fpython2.7%2Ftokenize.pyo HTTP/1.1" 200 983 "-" "Mozilla/5.0 AppleWebKit/537.36 (KHTML, like Gecko; compatible; ClaudeBot/1.0; +claudebot@anthropic.com)"
52.167.144.187 - - [17/Apr/2025:09:23:52 -0400] "GET /goodscode/malana96444962.shtml HTTP/1.1" 404 16937 "-" "Mozilla/5.0 AppleWebKit/537.36 (KHTML, like Gecko; compatible; bingbot/2.0; +http://www.bing.com/bingbot.htm) Chrome/116.0.1938.76 Safari/537.36"
18.116.81.133 - - [17/Apr/2025:09:23:54 -0400] "GET /ad917/?path=%2Fhome%2Fservlmvm%2F..%2F..%2Flib64%2Frpm-plugins%2F..%2Fpython2.7%2Ffpformat.pyc HTTP/1.1" 200 984 "-" "Mozilla/5.0 AppleWebKit/537.36 (KHTML, like Gecko; compatible; ClaudeBot/1.0; +claudebot@anthropic.com)"
18.116.81.133 - - [17/Apr/2025:09:23:57 -0400] "GET /ad917/?path=%2Fhome%2Fservlmvm%2F..%2F..%2Flib64%2Frpm-plugins%2F..%2Fpython2.7%2Ftokenize.pyc HTTP/1.1" 200 983 "-" "Mozilla/5.0 AppleWebKit/537.36 (KHTML, like Gecko; compatible; ClaudeBot/1.0; +claudebot@anthropic.com)"
18.116.81.133 - - [17/Apr/2025:09:24:00 -0400] "GET /ad917/?path=%2Fhome%2Fservlmvm%2F..%2F..%2Flib64%2Frpm-plugins%2F..%2Fpython2.7%2Furlparse.pyc HTTP/1.1" 200 984 "-" "Mozilla/5.0 AppleWebKit/537.36 (KHTML, like Gecko; compatible; ClaudeBot/1.0; +claudebot@anthropic.com)"
198.54.116.86 - - [17/Apr/2025:09:24:02 -0400] "POST /wp-cron.php?doing_wp_cron=1744896242.7282450199127197265625 HTTP/1.1" 200 0 "-" "WordPress/6.8; https://servethepeopleinc.org"
52.167.144.187 - - [17/Apr/2025:09:24:02 -0400] "GET /items114873360.shtml HTTP/1.1" 404 16940 "-" "Mozilla/5.0 AppleWebKit/537.36 (KHTML, like Gecko; compatible; bingbot/2.0; +http://www.bing.com/bingbot.htm) Chrome/116.0.1938.76 Safari/537.36"
18.116.81.133 - - [17/Apr/2025:09:24:03 -0400] "GET /ad917/?path=%2Fhome%2Fservlmvm%2F..%2F..%2Flib64%2Frpm-plugins%2F..%2Fpython2.7%2Fposixpath.py HTTP/1.1" 200 6087 "-" "Mozilla/5.0 AppleWebKit/537.36 (KHTML, like Gecko; compatible; ClaudeBot/1.0; +claudebot@anthropic.com)"
18.116.81.133 - - [17/Apr/2025:09:24:06 -0400] "GET /ad917/?path=%2Fhome%2Fservlmvm%2F..%2F..%2Flib64%2Frpm-plugins%2F..%2Fpython2.7%2Ffileinput.py HTTP/1.1" 200 4920 "-" "Mozilla/5.0 AppleWebKit/537.36 (KHTML, like Gecko; compatible; ClaudeBot/1.0; +claudebot@anthropic.com)"
18.116.81.133 - - [17/Apr/2025:09:24:09 -0400] "GET /ad917/?path=%2Fhome%2Fservlmvm%2F..%2F..%2Flib64%2Frpm-plugins%2F..%2Fpython2.7%2Fasynchat.pyo HTTP/1.1" 200 983 "-" "Mozilla/5.0 AppleWebKit/537.36 (KHTML, like Gecko; compatible; ClaudeBot/1.0; +claudebot@anthropic.com)"
18.116.81.133 - - [17/Apr/2025:09:24:12 -0400] "GET /ad917/?path=%2Fhome%2Fservlmvm%2F..%2F..%2Flib64%2Frpm-plugins%2F..%2Fpython2.7%2Fcalendar.pyo HTTP/1.1" 200 980 "-" "Mozilla/5.0 AppleWebKit/537.36 (KHTML, like Gecko; compatible; ClaudeBot/1.0; +claudebot@anthropic.com)"
18.116.81.133 - - [17/Apr/2025:09:24:15 -0400] "GET /ad917/?path=%2Fhome%2Fservlmvm%2F..%2F..%2Flib64%2Frpm-plugins%2F..%2Fpython2.7%2Fsunaudio.pyc HTTP/1.1" 200 984 "-" "Mozilla/5.0 AppleWebKit/537.36 (KHTML, like Gecko; compatible; ClaudeBot/1.0; +claudebot@anthropic.com)"
18.116.81.133 - - [17/Apr/2025:09:24:18 -0400] "GET /ad917/?path=%2Fhome%2Fservlmvm%2F..%2F..%2Flib64%2Frpm-plugins%2F..%2Fpython2.7%2Fcolorsys.pyc HTTP/1.1" 200 984 "-" "Mozilla/5.0 AppleWebKit/537.36 (KHTML, like Gecko; compatible; ClaudeBot/1.0; +claudebot@anthropic.com)"
18.116.81.133 - - [17/Apr/2025:09:24:21 -0400] "GET /ad917/?path=%2Fhome%2Fservlmvm%2F..%2F..%2Flib64%2Frpm-plugins%2F..%2Fpython2.7%2Fformatter.py HTTP/1.1" 200 4783 "-" "Mozilla/5.0 AppleWebKit/537.36 (KHTML, like Gecko; compatible; ClaudeBot/1.0; +claudebot@anthropic.com)"
18.116.81.133 - - [17/Apr/2025:09:24:24 -0400] "GET /ad917/?path=%2Fhome%2Fservlmvm%2F..%2F..%2Flib64%2Frpm-plugins%2F..%2Fpython2.7%2Fxmlrpclib.py HTTP/1.1" 200 16280 "-" "Mozilla/5.0 AppleWebKit/537.36 (KHTML, like Gecko; compatible; ClaudeBot/1.0; +claudebot@anthropic.com)"
18.116.81.133 - - [17/Apr/2025:09:24:27 -0400] "GET /ad917/?path=%2Fhome%2Fservlmvm%2F..%2F..%2Flib64%2Frpm-plugins%2F..%2Fpython2.7%2Fsymtable.pyc HTTP/1.1" 200 982 "-" "Mozilla/5.0 AppleWebKit/537.36 (KHTML, like Gecko; compatible; ClaudeBot/1.0; +claudebot@anthropic.com)"
18.116.81.133 - - [17/Apr/2025:09:24:30 -0400] "GET /ad917/?path=%2Fhome%2Fservlmvm%2F..%2F..%2Flib64%2Frpm-plugins%2F..%2Fpython2.7%2Fasyncore.pyo HTTP/1.1" 200 982 "-" "Mozilla/5.0 AppleWebKit/537.36 (KHTML, like Gecko; compatible; ClaudeBot/1.0; +claudebot@anthropic.com)"
18.116.81.133 - - [17/Apr/2025:09:24:33 -0400] "GET /ad917/?path=%2Fhome%2Fservlmvm%2F..%2F..%2Flib64%2Frpm-plugins%2F..%2Fpython2.7%2Foptparse.pyo HTTP/1.1" 200 983 "-" "Mozilla/5.0 AppleWebKit/537.36 (KHTML, like Gecko; compatible; ClaudeBot/1.0; +claudebot@anthropic.com)"
198.54.116.86 - - [17/Apr/2025:09:24:35 -0400] "POST /wp-cron.php?doing_wp_cron=1744896275.5460219383239746093750 HTTP/1.1" 200 0 "-" "WordPress/6.8; https://servethepeopleinc.org"
52.167.144.140 - - [17/Apr/2025:09:24:35 -0400] "GET /detail82105564.shtml HTTP/1.1" 404 16938 "-" "Mozilla/5.0 AppleWebKit/537.36 (KHTML, like Gecko; compatible; bingbot/2.0; +http://www.bing.com/bingbot.htm) Chrome/116.0.1938.76 Safari/537.36"
198.54.116.86 - - [17/Apr/2025:09:24:35 -0400] "POST /wp-admin/admin-ajax.php?action=async_litespeed&nonce=yYDTbnH5l7s0hQ02RhyO59ZDa1sKrTVW&litespeed_type=imgoptm HTTP/1.1" 200 21 "-" "WordPress/6.8; https://servethepeopleinc.org"
18.116.81.133 - - [17/Apr/2025:09:24:36 -0400] "GET /ad917/?path=%2Fhome%2Fservlmvm%2F..%2F..%2Flib64%2Frpm-plugins%2F..%2Fpython2.7%2Ftabnanny.pyo HTTP/1.1" 200 983 "-" "Mozilla/5.0 AppleWebKit/537.36 (KHTML, like Gecko; compatible; ClaudeBot/1.0; +claudebot@anthropic.com)"
18.116.81.133 - - [17/Apr/2025:09:24:39 -0400] "GET /ad917/?path=%2Fhome%2Fservlmvm%2F..%2F..%2Flib64%2Frpm-plugins%2F..%2Fpython2.7%2Fcopy_reg.pyc HTTP/1.1" 200 983 "-" "Mozilla/5.0 AppleWebKit/537.36 (KHTML, like Gecko; compatible; ClaudeBot/1.0; +claudebot@anthropic.com)"
18.116.81.133 - - [17/Apr/2025:09:24:42 -0400] "GET /ad917/?path=%2Fhome%2Fservlmvm%2F..%2F..%2Flib64%2Frpm-plugins%2F..%2Fpython2.7%2Ftempfile.pyo HTTP/1.1" 200 983 "-" "Mozilla/5.0 AppleWebKit/537.36 (KHTML, like Gecko; compatible; ClaudeBot/1.0; +claudebot@anthropic.com)"
18.116.81.133 - - [17/Apr/2025:09:24:45 -0400] "GET /ad917/?path=%2Fhome%2Fservlmvm%2F..%2F..%2Flib64%2Frpm-plugins%2F..%2Fpython2.7%2Fposixfile.py HTTP/1.1" 200 3425 "-" "Mozilla/5.0 AppleWebKit/537.36 (KHTML, like Gecko; compatible; ClaudeBot/1.0; +claudebot@anthropic.com)"
18.116.81.133 - - [17/Apr/2025:09:24:48 -0400] "GET /ad917/?path=%2Fhome%2Fservlmvm%2F..%2F..%2Flib64%2Frpm-plugins%2F..%2Fpython2.7%2Ftelnetlib.py HTTP/1.1" 200 8249 "-" "Mozilla/5.0 AppleWebKit/537.36 (KHTML, like Gecko; compatible; ClaudeBot/1.0; +claudebot@anthropic.com)"
18.116.81.133 - - [17/Apr/2025:09:24:51 -0400] "GET /ad917/?path=%2Fhome%2Fservlmvm%2F..%2F..%2Flib64%2Frpm-plugins%2F..%2Fpython2.7%2Fcommands.pyo HTTP/1.1" 200 983 "-" "Mozilla/5.0 AppleWebKit/537.36 (KHTML, like Gecko; compatible; ClaudeBot/1.0; +claudebot@anthropic.com)"
52.167.144.198 - - [17/Apr/2025:09:24:51 -0400] "GET /items/recapitulate/115032482.shtml HTTP/1.1" 301 0 "-" "Mozilla/5.0 AppleWebKit/537.36 (KHTML, like Gecko; compatible; bingbot/2.0; +http://www.bing.com/bingbot.htm) Chrome/116.0.1938.76 Safari/537.36"
18.116.81.133 - - [17/Apr/2025:09:24:54 -0400] "GET /ad917/?path=%2Fhome%2Fservlmvm%2F..%2F..%2Flib64%2Frpm-plugins%2F..%2Fpython2.7%2Fmimetools.py HTTP/1.1" 200 3279 "-" "Mozilla/5.0 AppleWebKit/537.36 (KHTML, like Gecko; compatible; ClaudeBot/1.0; +claudebot@anthropic.com)"
52.167.144.198 - - [17/Apr/2025:09:24:55 -0400] "GET /products/gs/proselyted/2698142.shtml HTTP/1.1" 301 0 "-" "Mozilla/5.0 AppleWebKit/537.36 (KHTML, like Gecko; compatible; bingbot/2.0; +http://www.bing.com/bingbot.htm) Chrome/116.0.1938.76 Safari/537.36"
18.116.81.133 - - [17/Apr/2025:09:24:57 -0400] "GET /ad917/?path=%2Fhome%2Fservlmvm%2F..%2F..%2Flib64%2Frpm-plugins%2F..%2Fpython2.7%2FUserDict.pyo HTTP/1.1" 200 986 "-" "Mozilla/5.0 AppleWebKit/537.36 (KHTML, like Gecko; compatible; ClaudeBot/1.0; +claudebot@anthropic.com)"
18.116.81.133 - - [17/Apr/2025:09:25:00 -0400] "GET /ad917/?path=%2Fhome%2Fservlmvm%2F..%2F..%2Flib64%2Frpm-plugins%2F..%2Fpython2.7%2Ftextwrap.pyc HTTP/1.1" 200 983 "-" "Mozilla/5.0 AppleWebKit/537.36 (KHTML, like Gecko; compatible; ClaudeBot/1.0; +claudebot@anthropic.com)"
18.116.81.133 - - [17/Apr/2025:09:25:03 -0400] "GET /ad917/?path=%2Fhome%2Fservlmvm%2F..%2F..%2Flib64%2Frpm-plugins%2F..%2Fpython2.7%2Fmultifile.py HTTP/1.1" 200 2584 "-" "Mozilla/5.0 AppleWebKit/537.36 (KHTML, like Gecko; compatible; ClaudeBot/1.0; +claudebot@anthropic.com)"
18.116.81.133 - - [17/Apr/2025:09:25:06 -0400] "GET /ad917/?path=%2Fhome%2Fservlmvm%2F..%2F..%2Flib64%2Frpm-plugins%2F..%2Fpython2.7%2Fsymtable.pyo HTTP/1.1" 200 982 "-" "Mozilla/5.0 AppleWebKit/537.36 (KHTML, like Gecko; compatible; ClaudeBot/1.0; +claudebot@anthropic.com)"
18.116.81.133 - - [17/Apr/2025:09:25:09 -0400] "GET /ad917/?path=%2Fhome%2Fservlmvm%2F..%2F..%2Flib64%2Frpm-plugins%2F..%2Fpython2.7%2Ftempfile.pyc HTTP/1.1" 200 984 "-" "Mozilla/5.0 AppleWebKit/537.36 (KHTML, like Gecko; compatible; ClaudeBot/1.0; +claudebot@anthropic.com)"
18.116.81.133 - - [17/Apr/2025:09:25:12 -0400] "GET /ad917/?path=%2Fhome%2Fservlmvm%2F..%2F..%2Flib64%2Frpm-plugins%2F..%2Fpython2.7%2Fasynchat.pyc HTTP/1.1" 200 983 "-" "Mozilla/5.0 AppleWebKit/537.36 (KHTML, like Gecko; compatible; ClaudeBot/1.0; +claudebot@anthropic.com)"
18.116.81.133 - - [17/Apr/2025:09:25:15 -0400] "GET /ad917/?path=%2Fhome%2Fservlmvm%2F..%2F..%2Flib64%2Frpm-plugins%2F..%2Fpython2.7%2FUserList.pyo HTTP/1.1" 200 985 "-" "Mozilla/5.0 AppleWebKit/537.36 (KHTML, like Gecko; compatible; ClaudeBot/1.0; +claudebot@anthropic.com)"
18.116.81.133 - - [17/Apr/2025:09:25:18 -0400] "GET /ad917/?path=%2Fhome%2Fservlmvm%2F.%2F..%2F..%2Flib64%2Fpython3.6%2Fsite-packages%2F_unbound.so HTTP/1.1" 200 985 "-" "Mozilla/5.0 AppleWebKit/537.36 (KHTML, like Gecko; compatible; ClaudeBot/1.0; +claudebot@anthropic.com)"
18.116.81.133 - - [17/Apr/2025:09:25:21 -0400] "GET /ad917/?path=%2Fhome%2Fservlmvm%2F.%2F..%2F..%2Flib64%2Fpython3.6%2Fsite-packages%2F__pycache__ HTTP/1.1" 200 1838 "-" "Mozilla/5.0 AppleWebKit/537.36 (KHTML, like Gecko; compatible; ClaudeBot/1.0; +claudebot@anthropic.com)"
18.116.81.133 - - [17/Apr/2025:09:25:24 -0400] "GET /ad917/?path=%2Fhome%2Fservlmvm%2F.%2F..%2F..%2Flib64%2Fpython3.6%2Fsite-packages%2Fpygtkcompat HTTP/1.1" 200 1645 "-" "Mozilla/5.0 AppleWebKit/537.36 (KHTML, like Gecko; compatible; ClaudeBot/1.0; +claudebot@anthropic.com)"
18.116.81.133 - - [17/Apr/2025:09:25:27 -0400] "GET /ad917/?path=%2Fhome%2Fservlmvm%2F.%2F.%2Fpublic_html%2Fwp-includes%2F.%2Ffonts%2Fdashicons.svg HTTP/1.1" 200 42290 "-" "Mozilla/5.0 AppleWebKit/537.36 (KHTML, like Gecko; compatible; ClaudeBot/1.0; +claudebot@anthropic.com)"
198.54.116.86 - - [17/Apr/2025:09:25:32 -0400] "POST /wp-cron.php?doing_wp_cron=1744896332.2627871036529541015625 HTTP/1.1" 200 0 "-" "WordPress/6.8; https://servethepeopleinc.org"
52.167.144.187 - - [17/Apr/2025:09:25:32 -0400] "GET /detail117777156.shtml HTTP/1.1" 404 16937 "-" "Mozilla/5.0 AppleWebKit/537.36 (KHTML, like Gecko; compatible; bingbot/2.0; +http://www.bing.com/bingbot.htm) Chrome/116.0.1938.76 Safari/537.36"
198.54.116.86 - - [17/Apr/2025:09:25:32 -0400] "POST /wp-admin/admin-ajax.php?action=async_litespeed&nonce=VW2BUPY6VbyI0jcMXZkT4Yo0JFndxB70&litespeed_type=imgoptm HTTP/1.1" 200 21 "-" "WordPress/6.8; https://servethepeopleinc.org"
40.77.167.151 - - [17/Apr/2025:09:25:36 -0400] "GET /shopbrand83660824.shtml HTTP/1.1" 301 0 "-" "Mozilla/5.0 AppleWebKit/537.36 (KHTML, like Gecko; compatible; bingbot/2.0; +http://www.bing.com/bingbot.htm) Chrome/116.0.1938.76 Safari/537.36"
20.171.207.105 - - [17/Apr/2025:09:25:36 -0400] "GET /wp-content/themes/woodmart/js/scripts/global/hiddenSidebar.min.js?ver=7.3.2 HTTP/1.1" 200 479 "-" "Mozilla/5.0 AppleWebKit/537.36 (KHTML, like Gecko; compatible; GPTBot/1.2; +https://openai.com/gptbot)"
40.77.167.151 - - [17/Apr/2025:09:25:54 -0400] "GET /item/x/secondsight6894380.shtml HTTP/1.1" 301 0 "-" "Mozilla/5.0 AppleWebKit/537.36 (KHTML, like Gecko; compatible; bingbot/2.0; +http://www.bing.com/bingbot.htm) Chrome/116.0.1938.76 Safari/537.36"
66.249.77.41 - - [17/Apr/2025:09:25:56 -0400] "GET /goodscode/dec/incontracted/18436992.shtml HTTP/1.1" 404 16948 "-" "Mozilla/5.0 (Linux; Android 6.0.1; Nexus 5X Build/MMB29P) AppleWebKit/537.36 (KHTML, like Gecko) Chrome/135.0.7049.84 Mobile Safari/537.36 (compatible; GoogleOther)"
40.77.167.151 - - [17/Apr/2025:09:25:59 -0400] "GET /detail/jk/whizzing36381004.shtml HTTP/1.1" 301 0 "-" "Mozilla/5.0 AppleWebKit/537.36 (KHTML, like Gecko; compatible; bingbot/2.0; +http://www.bing.com/bingbot.htm) Chrome/116.0.1938.76 Safari/537.36"
18.218.26.136 - - [17/Apr/2025:09:26:00 -0400] "GET /ad917/?path=%2Fhome%2Fservlmvm%2F..%2F..%2Flib64%2Frpm-plugins%2F..%2Fpython2.7%2FUserString.py HTTP/1.1" 200 3351 "-" "Mozilla/5.0 AppleWebKit/537.36 (KHTML, like Gecko; compatible; ClaudeBot/1.0; +claudebot@anthropic.com)"
18.218.26.136 - - [17/Apr/2025:09:26:02 -0400] "GET /ad917/?path=%2Fhome%2Fservlmvm%2F..%2F..%2Flib64%2Frpm-plugins%2F..%2Fpython2.7%2F__future__.py HTTP/1.1" 200 2539 "-" "Mozilla/5.0 AppleWebKit/537.36 (KHTML, like Gecko; compatible; ClaudeBot/1.0; +claudebot@anthropic.com)"
18.218.26.136 - - [17/Apr/2025:09:26:05 -0400] "GET /ad917/?path=%2Fhome%2Fservlmvm%2F..%2F..%2Flib64%2Frpm-plugins%2F..%2Fpython2.7%2Fposixfile.pyc HTTP/1.1" 200 982 "-" "Mozilla/5.0 AppleWebKit/537.36 (KHTML, like Gecko; compatible; ClaudeBot/1.0; +claudebot@anthropic.com)"
198.54.116.86 - - [17/Apr/2025:09:26:06 -0400] "POST /wp-cron.php?doing_wp_cron=1744896366.9407160282135009765625 HTTP/1.1" 200 0 "-" "WordPress/6.8; https://servethepeopleinc.org"
40.77.167.151 - - [17/Apr/2025:09:26:06 -0400] "GET /shopbrand29286244.shtml HTTP/1.1" 301 0 "-" "Mozilla/5.0 AppleWebKit/537.36 (KHTML, like Gecko; compatible; bingbot/2.0; +http://www.bing.com/bingbot.htm) Chrome/116.0.1938.76 Safari/537.36"
52.167.144.170 - - [17/Apr/2025:09:26:06 -0400] "GET /entity/22376990.shtml HTTP/1.1" 404 16940 "-" "Mozilla/5.0 AppleWebKit/537.36 (KHTML, like Gecko; compatible; bingbot/2.0; +http://www.bing.com/bingbot.htm) Chrome/116.0.1938.76 Safari/537.36"
198.54.116.86 - - [17/Apr/2025:09:26:07 -0400] "POST /wp-admin/admin-ajax.php?action=async_litespeed&nonce=knIlFRpvsZetBJYqBCpoXXxYZs25f6ON&litespeed_type=imgoptm HTTP/1.1" 200 21 "-" "WordPress/6.8; https://servethepeopleinc.org"
20.171.207.105 - - [17/Apr/2025:09:26:08 -0400] "GET /wp-content/themes/woodmart/css/parts/blog-single-base.min.css?ver=7.3.2 HTTP/1.1" 200 1078 "-" "Mozilla/5.0 AppleWebKit/537.36 (KHTML, like Gecko; compatible; GPTBot/1.2; +https://openai.com/gptbot)"
18.218.26.136 - - [17/Apr/2025:09:26:08 -0400] "GET /ad917/?path=%2Fhome%2Fservlmvm%2F..%2F..%2Flib64%2Frpm-plugins%2F..%2Fpython2.7%2Ftraceback.pyo HTTP/1.1" 200 982 "-" "Mozilla/5.0 AppleWebKit/537.36 (KHTML, like Gecko; compatible; ClaudeBot/1.0; +claudebot@anthropic.com)"
40.77.167.151 - - [17/Apr/2025:09:26:09 -0400] "GET /shopping/m/loomed/68343958.shtml HTTP/1.1" 301 0 "-" "Mozilla/5.0 AppleWebKit/537.36 (KHTML, like Gecko; compatible; bingbot/2.0; +http://www.bing.com/bingbot.htm) Chrome/116.0.1938.76 Safari/537.36"
18.218.26.136 - - [17/Apr/2025:09:26:11 -0400] "GET /ad917/?path=%2Fhome%2Fservlmvm%2F..%2F..%2Flib64%2Frpm-plugins%2F..%2Fpython2.7%2Ffractions.pyc HTTP/1.1" 200 981 "-" "Mozilla/5.0 AppleWebKit/537.36 (KHTML, like Gecko; compatible; ClaudeBot/1.0; +claudebot@anthropic.com)"
18.218.26.136 - - [17/Apr/2025:09:26:14 -0400] "GET /ad917/?path=%2Fhome%2Fservlmvm%2F..%2F..%2Flib64%2Frpm-plugins%2F..%2Fpython2.7%2Fmimetypes.pyo HTTP/1.1" 200 981 "-" "Mozilla/5.0 AppleWebKit/537.36 (KHTML, like Gecko; compatible; ClaudeBot/1.0; +claudebot@anthropic.com)"
18.218.26.136 - - [17/Apr/2025:09:26:17 -0400] "GET /ad917/?path=%2Fhome%2Fservlmvm%2F..%2F..%2Fvar%2Fsoftaculous%2F.%2Fjoomla310%2Fsample_learn.sql HTTP/1.1" 200 47141 "-" "Mozilla/5.0 AppleWebKit/537.36 (KHTML, like Gecko; compatible; ClaudeBot/1.0; +claudebot@anthropic.com)"
18.218.26.136 - - [17/Apr/2025:09:26:20 -0400] "GET /ad917/?path=%2Fhome%2Fservlmvm%2F..%2F..%2Flib64%2Frpm-plugins%2F..%2Fpython2.7%2Flinecache.pyc HTTP/1.1" 200 982 "-" "Mozilla/5.0 AppleWebKit/537.36 (KHTML, like Gecko; compatible; ClaudeBot/1.0; +claudebot@anthropic.com)"
18.218.26.136 - - [17/Apr/2025:09:26:23 -0400] "GET /ad917/?path=%2Fhome%2Fservlmvm%2F..%2F..%2Flib64%2Frpm-plugins%2F..%2Fpython2.7%2Fsysconfig.pyo HTTP/1.1" 200 983 "-" "Mozilla/5.0 AppleWebKit/537.36 (KHTML, like Gecko; compatible; ClaudeBot/1.0; +claudebot@anthropic.com)"
18.218.26.136 - - [17/Apr/2025:09:26:26 -0400] "GET /ad917/?path=%2Fhome%2Fservlmvm%2F..%2F..%2Flib64%2Frpm-plugins%2F..%2Fpython2.7%2Fformatter.pyo HTTP/1.1" 200 982 "-" "Mozilla/5.0 AppleWebKit/537.36 (KHTML, like Gecko; compatible; ClaudeBot/1.0; +claudebot@anthropic.com)"
18.218.26.136 - - [17/Apr/2025:09:26:29 -0400] "GET /ad917/?path=%2Fhome%2Fservlmvm%2F..%2F..%2Flib64%2Frpm-plugins%2F..%2Fpython2.7%2Fposixfile.pyo HTTP/1.1" 200 982 "-" "Mozilla/5.0 AppleWebKit/537.36 (KHTML, like Gecko; compatible; ClaudeBot/1.0; +claudebot@anthropic.com)"
18.218.26.136 - - [17/Apr/2025:09:26:32 -0400] "GET /ad917/?path=%2Fhome%2Fservlmvm%2F..%2F..%2Flib64%2Frpm-plugins%2F..%2Fpython2.7%2Fstringprep.py HTTP/1.1" 200 4621 "-" "Mozilla/5.0 AppleWebKit/537.36 (KHTML, like Gecko; compatible; ClaudeBot/1.0; +claudebot@anthropic.com)"
18.218.26.136 - - [17/Apr/2025:09:26:35 -0400] "GET /ad917/?path=%2Fhome%2Fservlmvm%2F..%2F..%2Flib64%2Frpm-plugins%2F..%2Fpython2.7%2Fposixpath.pyc HTTP/1.1" 200 983 "-" "Mozilla/5.0 AppleWebKit/537.36 (KHTML, like Gecko; compatible; ClaudeBot/1.0; +claudebot@anthropic.com)"
52.167.144.140 - - [17/Apr/2025:09:26:36 -0400] "GET /items/c/polydipsia114753538.shtml HTTP/1.1" 404 16948 "-" "Mozilla/5.0 AppleWebKit/537.36 (KHTML, like Gecko; compatible; bingbot/2.0; +http://www.bing.com/bingbot.htm) Chrome/116.0.1938.76 Safari/537.36"
18.218.26.136 - - [17/Apr/2025:09:26:38 -0400] "GET /ad917/?path=%2Fhome%2Fservlmvm%2F..%2F..%2Flib64%2Frpm-plugins%2F..%2Fpython2.7%2Fmarkupbase.py HTTP/1.1" 200 4783 "-" "Mozilla/5.0 AppleWebKit/537.36 (KHTML, like Gecko; compatible; ClaudeBot/1.0; +claudebot@anthropic.com)"
18.218.26.136 - - [17/Apr/2025:09:26:41 -0400] "GET /ad917/?path=%2Fhome%2Fservlmvm%2F..%2F..%2Flib64%2Frpm-plugins%2F..%2Fpython2.7%2Fmimetools.pyo HTTP/1.1" 200 981 "-" "Mozilla/5.0 AppleWebKit/537.36 (KHTML, like Gecko; compatible; ClaudeBot/1.0; +claudebot@anthropic.com)"
20.171.207.105 - - [17/Apr/2025:09:26:42 -0400] "GET /wp-content/themes/woodmart/js/scripts/wc/stickySidebarBtn.min.js?ver=7.3.2 HTTP/1.1" 200 246 "-" "Mozilla/5.0 AppleWebKit/537.36 (KHTML, like Gecko; compatible; GPTBot/1.2; +https://openai.com/gptbot)"
18.218.26.136 - - [17/Apr/2025:09:26:44 -0400] "GET /ad917/?path=%2Fhome%2Fservlmvm%2F..%2F..%2Flib64%2Frpm-plugins%2F..%2Fpython2.7%2F_strptime.pyc HTTP/1.1" 200 982 "-" "Mozilla/5.0 AppleWebKit/537.36 (KHTML, like Gecko; compatible; ClaudeBot/1.0; +claudebot@anthropic.com)"
52.167.144.170 - - [17/Apr/2025:09:26:46 -0400] "GET /products/cc/vertiginous106992758.shtml HTTP/1.1" 404 16949 "-" "Mozilla/5.0 AppleWebKit/537.36 (KHTML, like Gecko; compatible; bingbot/2.0; +http://www.bing.com/bingbot.htm) Chrome/116.0.1938.76 Safari/537.36"
18.218.26.136 - - [17/Apr/2025:09:26:48 -0400] "GET /ad917/?path=%2Fhome%2Fservlmvm%2F..%2F..%2Flib64%2Frpm-plugins%2F..%2Fpython2.7%2Fmimetypes.pyc HTTP/1.1" 200 981 "-" "Mozilla/5.0 AppleWebKit/537.36 (KHTML, like Gecko; compatible; ClaudeBot/1.0; +claudebot@anthropic.com)"
18.218.26.136 - - [17/Apr/2025:09:26:51 -0400] "GET /ad917/?path=%2Fhome%2Fservlmvm%2F..%2F..%2Flib64%2Frpm-plugins%2F..%2Fpython2.7%2Fthreading.pyo HTTP/1.1" 200 982 "-" "Mozilla/5.0 AppleWebKit/537.36 (KHTML, like Gecko; compatible; ClaudeBot/1.0; +claudebot@anthropic.com)"
52.167.144.210 - - [17/Apr/2025:09:26:53 -0400] "GET /goodscode/dc/dasyprocta32349072.shtml HTTP/1.1" 301 0 "-" "Mozilla/5.0 AppleWebKit/537.36 (KHTML, like Gecko; compatible; bingbot/2.0; +http://www.bing.com/bingbot.htm) Chrome/116.0.1938.76 Safari/537.36"
18.218.26.136 - - [17/Apr/2025:09:26:54 -0400] "GET /ad917/?path=%2Fhome%2Fservlmvm%2F..%2F..%2Flib64%2Frpm-plugins%2F..%2Fpython2.7%2Ffractions.pyo HTTP/1.1" 200 981 "-" "Mozilla/5.0 AppleWebKit/537.36 (KHTML, like Gecko; compatible; ClaudeBot/1.0; +claudebot@anthropic.com)"
18.218.26.136 - - [17/Apr/2025:09:26:57 -0400] "GET /ad917/?path=%2Fhome%2Fservlmvm%2F..%2F..%2Flib64%2Frpm-plugins%2F..%2Fpython2.7%2Fsysconfig.pyc HTTP/1.1" 200 983 "-" "Mozilla/5.0 AppleWebKit/537.36 (KHTML, like Gecko; compatible; ClaudeBot/1.0; +claudebot@anthropic.com)"
40.77.167.151 - - [17/Apr/2025:09:26:57 -0400] "GET /goodscode/teo/feeler/46678984.shtml HTTP/1.1" 301 0 "-" "Mozilla/5.0 AppleWebKit/537.36 (KHTML, like Gecko; compatible; bingbot/2.0; +http://www.bing.com/bingbot.htm) Chrome/116.0.1938.76 Safari/537.36"
18.218.26.136 - - [17/Apr/2025:09:27:00 -0400] "GET /ad917/?path=%2Fhome%2Fservlmvm%2F..%2F..%2Flib64%2Frpm-plugins%2F..%2Fpython2.7%2FHTMLParser.py HTTP/1.1" 200 5966 "-" "Mozilla/5.0 AppleWebKit/537.36 (KHTML, like Gecko; compatible; ClaudeBot/1.0; +claudebot@anthropic.com)"
198.54.116.86 - - [17/Apr/2025:09:27:02 -0400] "POST /wp-cron.php?doing_wp_cron=1744896422.6663050651550292968750 HTTP/1.1" 200 0 "-" "WordPress/6.8; https://servethepeopleinc.org"
52.167.144.198 - - [17/Apr/2025:09:27:02 -0400] "GET /special2700310.shtml HTTP/1.1" 301 0 "-" "Mozilla/5.0 AppleWebKit/537.36 (KHTML, like Gecko; compatible; bingbot/2.0; +http://www.bing.com/bingbot.htm) Chrome/116.0.1938.76 Safari/537.36"
18.218.26.136 - - [17/Apr/2025:09:27:03 -0400] "GET /ad917/?path=%2Fhome%2Fservlmvm%2F..%2F..%2Flib64%2Frpm-plugins%2F..%2Fpython2.7%2Fstringold.pyc HTTP/1.1" 200 981 "-" "Mozilla/5.0 AppleWebKit/537.36 (KHTML, like Gecko; compatible; ClaudeBot/1.0; +claudebot@anthropic.com)"
18.218.26.136 - - [17/Apr/2025:09:27:06 -0400] "GET /ad917/?path=%2Fhome%2Fservlmvm%2F..%2F..%2Flib64%2Frpm-plugins%2F..%2Fpython2.7%2Fsite-packages HTTP/1.1" 200 1598 "-" "Mozilla/5.0 AppleWebKit/537.36 (KHTML, like Gecko; compatible; ClaudeBot/1.0; +claudebot@anthropic.com)"
18.218.26.136 - - [17/Apr/2025:09:27:09 -0400] "GET /ad917/?path=%2Fhome%2Fservlmvm%2F..%2F..%2Flib64%2Frpm-plugins%2F..%2Fpython2.7%2Fnturl2path.py HTTP/1.1" 200 1869 "-" "Mozilla/5.0 AppleWebKit/537.36 (KHTML, like Gecko; compatible; ClaudeBot/1.0; +claudebot@anthropic.com)"
18.218.26.136 - - [17/Apr/2025:09:27:12 -0400] "GET /ad917/?path=%2Fhome%2Fservlmvm%2F..%2F..%2Flib64%2Frpm-plugins%2F..%2Fpython2.7%2Ftelnetlib.pyc HTTP/1.1" 200 981 "-" "Mozilla/5.0 AppleWebKit/537.36 (KHTML, like Gecko; compatible; ClaudeBot/1.0; +claudebot@anthropic.com)"
198.54.116.86 - - [17/Apr/2025:09:27:12 -0400] "POST /wp-cron.php?doing_wp_cron=1744896432.5896580219268798828125 HTTP/1.1" 200 0 "-" "WordPress/6.8; https://servethepeopleinc.org"
52.167.144.198 - - [17/Apr/2025:09:27:12 -0400] "GET /goods83896910.shtml HTTP/1.1" 301 0 "-" "Mozilla/5.0 AppleWebKit/537.36 (KHTML, like Gecko; compatible; bingbot/2.0; +http://www.bing.com/bingbot.htm) Chrome/116.0.1938.76 Safari/537.36"
198.54.116.86 - - [17/Apr/2025:09:27:12 -0400] "POST /wp-admin/admin-ajax.php?action=async_litespeed&nonce=vqNDlGJzpfNlexoF0mjhnlz1Cx0P1QhE&litespeed_type=imgoptm HTTP/1.1" 200 21 "-" "WordPress/6.8; https://servethepeopleinc.org"
18.218.26.136 - - [17/Apr/2025:09:27:15 -0400] "GET /ad917/?path=%2Fhome%2Fservlmvm%2F..%2F..%2Flib64%2Frpm-plugins%2F..%2Fpython2.7%2Fxmlrpclib.pyo HTTP/1.1" 200 982 "-" "Mozilla/5.0 AppleWebKit/537.36 (KHTML, like Gecko; compatible; ClaudeBot/1.0; +claudebot@anthropic.com)"
18.218.26.136 - - [17/Apr/2025:09:27:18 -0400] "GET /ad917/?path=%2Fhome%2Fservlmvm%2F..%2F..%2Flib64%2Frpm-plugins%2F..%2Fpython2.7%2FMimeWriter.py HTTP/1.1" 200 3207 "-" "Mozilla/5.0 AppleWebKit/537.36 (KHTML, like Gecko; compatible; ClaudeBot/1.0; +claudebot@anthropic.com)"
20.171.207.105 - - [17/Apr/2025:09:27:18 -0400] "GET /wp-content/themes/woodmart/css/parts/mod-page-navigation.min.css?ver=7.3.2 HTTP/1.1" 200 541 "-" "Mozilla/5.0 AppleWebKit/537.36 (KHTML, like Gecko; compatible; GPTBot/1.2; +https://openai.com/gptbot)"
18.218.26.136 - - [17/Apr/2025:09:27:21 -0400] "GET /ad917/?path=%2Fhome%2Fservlmvm%2F..%2F..%2Flib64%2Frpm-plugins%2F..%2Fpython2.7%2Fstringold.pyo HTTP/1.1" 200 981 "-" "Mozilla/5.0 AppleWebKit/537.36 (KHTML, like Gecko; compatible; ClaudeBot/1.0; +claudebot@anthropic.com)"
52.167.144.187 - - [17/Apr/2025:09:27:22 -0400] "GET /info107223018.shtml HTTP/1.1" 404 16937 "-" "Mozilla/5.0 AppleWebKit/537.36 (KHTML, like Gecko; compatible; bingbot/2.0; +http://www.bing.com/bingbot.htm) Chrome/116.0.1938.76 Safari/537.36"
18.218.26.136 - - [17/Apr/2025:09:27:24 -0400] "GET /ad917/?path=%2Fhome%2Fservlmvm%2F..%2F..%2Flib64%2Frpm-plugins%2F..%2Fpython2.7%2Fsre_parse.pyc HTTP/1.1" 200 982 "-" "Mozilla/5.0 AppleWebKit/537.36 (KHTML, like Gecko; compatible; ClaudeBot/1.0; +claudebot@anthropic.com)"
18.218.26.136 - - [17/Apr/2025:09:27:27 -0400] "GET /ad917/?path=%2Fhome%2Fservlmvm%2F..%2F..%2Flib64%2Frpm-plugins%2F..%2Fpython2.7%2Fposixpath.pyo HTTP/1.1" 200 983 "-" "Mozilla/5.0 AppleWebKit/537.36 (KHTML, like Gecko; compatible; ClaudeBot/1.0; +claudebot@anthropic.com)"
18.218.26.136 - - [17/Apr/2025:09:27:30 -0400] "GET /ad917/?path=%2Fhome%2Fservlmvm%2F..%2F..%2Flib64%2Frpm-plugins%2F..%2Fpython2.7%2Ffileinput.pyo HTTP/1.1" 200 981 "-" "Mozilla/5.0 AppleWebKit/537.36 (KHTML, like Gecko; compatible; ClaudeBot/1.0; +claudebot@anthropic.com)"
18.218.26.136 - - [17/Apr/2025:09:27:33 -0400] "GET /ad917/?path=%2Fhome%2Fservlmvm%2F..%2F..%2Flib64%2Frpm-plugins%2F..%2Fpython2.7%2Fmultifile.pyo HTTP/1.1" 200 983 "-" "Mozilla/5.0 AppleWebKit/537.36 (KHTML, like Gecko; compatible; ClaudeBot/1.0; +claudebot@anthropic.com)"
18.218.26.136 - - [17/Apr/2025:09:27:36 -0400] "GET /ad917/?path=%2Fhome%2Fservlmvm%2F..%2F..%2Flib64%2Frpm-plugins%2F..%2Fpython2.7%2Ftraceback.pyc HTTP/1.1" 200 982 "-" "Mozilla/5.0 AppleWebKit/537.36 (KHTML, like Gecko; compatible; ClaudeBot/1.0; +claudebot@anthropic.com)"
40.77.167.151 - - [17/Apr/2025:09:27:36 -0400] "GET /info/ijy/opencollared80373278.shtml HTTP/1.1" 301 0 "-" "Mozilla/5.0 AppleWebKit/537.36 (KHTML, like Gecko; compatible; bingbot/2.0; +http://www.bing.com/bingbot.htm) Chrome/116.0.1938.76 Safari/537.36"
18.218.26.136 - - [17/Apr/2025:09:27:39 -0400] "GET /ad917/?path=%2Fhome%2Fservlmvm%2F..%2F..%2Flib64%2Frpm-plugins%2F..%2Fpython2.7%2Fthreading.pyc HTTP/1.1" 200 982 "-" "Mozilla/5.0 AppleWebKit/537.36 (KHTML, like Gecko; compatible; ClaudeBot/1.0; +claudebot@anthropic.com)"
18.218.26.136 - - [17/Apr/2025:09:27:42 -0400] "GET /ad917/?path=%2Fhome%2Fservlmvm%2F.%2F..%2F..%2Flib64%2Fpython3.6%2Fsite-packages%2Fdmidecode.py HTTP/1.1" 200 2152 "-" "Mozilla/5.0 AppleWebKit/537.36 (KHTML, like Gecko; compatible; ClaudeBot/1.0; +claudebot@anthropic.com)"
18.218.26.136 - - [17/Apr/2025:09:27:45 -0400] "GET /ad917/?path=%2Fhome%2Fservlmvm%2F.%2F..%2F..%2Flib64%2Fpython3.6%2Fsite-packages%2Fcryptography HTTP/1.1" 200 1783 "-" "Mozilla/5.0 AppleWebKit/537.36 (KHTML, like Gecko; compatible; ClaudeBot/1.0; +claudebot@anthropic.com)"
18.218.26.136 - - [17/Apr/2025:09:27:48 -0400] "GET /ad917/?path=%2Fhome%2Fservlmvm%2F.%2F.spamassassin%2F..%2F.softaculous%2F..%2Faccess-logs%2F.. HTTP/1.1" 200 1229 "-" "Mozilla/5.0 AppleWebKit/537.36 (KHTML, like Gecko; compatible; ClaudeBot/1.0; +claudebot@anthropic.com)"
18.218.26.136 - - [17/Apr/2025:09:27:51 -0400] "GET /ad917/?path=%2Fhome%2Fservlmvm%2F.%2F.%2Fmail%2Fnew%2F..%2F.info%40servethepeopleinc_org%2Ftmp HTTP/1.1" 200 1470 "-" "Mozilla/5.0 AppleWebKit/537.36 (KHTML, like Gecko; compatible; ClaudeBot/1.0; +claudebot@anthropic.com)"
20.171.207.105 - - [17/Apr/2025:09:27:52 -0400] "GET /wp-content/themes/woodmart/css/parts/mod-comments.min.css?ver=7.3.2 HTTP/1.1" 200 1037 "-" "Mozilla/5.0 AppleWebKit/537.36 (KHTML, like Gecko; compatible; GPTBot/1.2; +https://openai.com/gptbot)"
18.218.26.136 - - [17/Apr/2025:09:27:54 -0400] "GET /ad917/?path=%2Fhome%2Fservlmvm%2F..%2F.%2Fservlmvm%2Fwww%2Fwp-admin%2Fincludes%2Fdashboard.php HTTP/1.1" 200 20565 "-" "Mozilla/5.0 AppleWebKit/537.36 (KHTML, like Gecko; compatible; ClaudeBot/1.0; +claudebot@anthropic.com)"
18.218.26.136 - - [17/Apr/2025:09:27:57 -0400] "GET /ad917/?path=%2Fhome%2Fservlmvm%2F.%2F.%2F.%2Fspekkshealth.com%2Fwp-admin%2Fcss%2Fforms.min.css HTTP/1.1" 200 7977 "-" "Mozilla/5.0 AppleWebKit/537.36 (KHTML, like Gecko; compatible; ClaudeBot/1.0; +claudebot@anthropic.com)"
18.218.26.136 - - [17/Apr/2025:09:28:00 -0400] "GET /ad917/?path=%2Fhome%2Fservlmvm%2F.%2Fpublic_html%2F5275b%2F..%2Fwp-admin%2Fcss%2Fmedia.min.css HTTP/1.1" 200 5935 "-" "Mozilla/5.0 AppleWebKit/537.36 (KHTML, like Gecko; compatible; ClaudeBot/1.0; +claudebot@anthropic.com)"
198.54.116.86 - - [17/Apr/2025:09:28:28 -0400] "POST /wp-cron.php?doing_wp_cron=1744896508.2370569705963134765625 HTTP/1.1" 200 0 "-" "WordPress/6.8; https://servethepeopleinc.org"
20.171.207.105 - - [17/Apr/2025:09:28:28 -0400] "GET /wp-json/wp/v2/posts/1 HTTP/1.1" 200 1933 "-" "Mozilla/5.0 AppleWebKit/537.36 (KHTML, like Gecko; compatible; GPTBot/1.2; +https://openai.com/gptbot)"
198.54.116.86 - - [17/Apr/2025:09:28:28 -0400] "POST /wp-admin/admin-ajax.php?action=async_litespeed&nonce=VoaRkKiolev2koL90HC2AyzOoF34ODxx&litespeed_type=imgoptm HTTP/1.1" 200 21 "-" "WordPress/6.8; https://servethepeopleinc.org"
3.143.248.25 - - [17/Apr/2025:09:28:34 -0400] "GET /ad917/?path=%2Fhome%2Fservlmvm%2F.%2Fpublic_html%2F5275b%2F..%2Fwp-admin%2Fcss%2Finstall-rtl.css HTTP/1.1" 200 2960 "-" "Mozilla/5.0 AppleWebKit/537.36 (KHTML, like Gecko; compatible; ClaudeBot/1.0; +claudebot@anthropic.com)"
3.143.248.25 - - [17/Apr/2025:09:28:36 -0400] "GET /ad917/?path=%2Fhome%2Fservlmvm%2F..%2F.%2Fservlmvm%2Fwww%2Fwp-admin%2Fincludes%2Fupdate-core.php HTTP/1.1" 200 16546 "-" "Mozilla/5.0 AppleWebKit/537.36 (KHTML, like Gecko; compatible; ClaudeBot/1.0; +claudebot@anthropic.com)"
3.143.248.25 - - [17/Apr/2025:09:28:39 -0400] "GET /ad917/?path=%2Fhome%2Fservlmvm%2F..%2F.%2Fservlmvm%2F.softaculous%2F..%2F.softaculous%2Fuser.php HTTP/1.1" 200 1343 "-" "Mozilla/5.0 AppleWebKit/537.36 (KHTML, like Gecko; compatible; ClaudeBot/1.0; +claudebot@anthropic.com)"
3.143.248.25 - - [17/Apr/2025:09:28:42 -0400] "GET /ad917/?path=%2Fhome%2Fservlmvm%2F.%2Fpublic_html%2F5275b%2F..%2Fwp-admin%2Fcss%2Fwidgets-rtl.css HTTP/1.1" 200 5136 "-" "Mozilla/5.0 AppleWebKit/537.36 (KHTML, like Gecko; compatible; ClaudeBot/1.0; +claudebot@anthropic.com)"
3.143.248.25 - - [17/Apr/2025:09:28:45 -0400] "GET /ad917/?path=%2Fhome%2Fservlmvm%2F.%2Fpublic_html%2F5275b%2F..%2Fwp-admin%2Fcss%2Finstall.min.css HTTP/1.1" 200 2669 "-" "Mozilla/5.0 AppleWebKit/537.36 (KHTML, like Gecko; compatible; ClaudeBot/1.0; +claudebot@anthropic.com)"
3.143.248.25 - - [17/Apr/2025:09:28:48 -0400] "GET /ad917/?path=%2Fhome%2Fservlmvm%2F.%2F.spamassassin%2F..%2F.cl.selector%2F..%2F.spamassassin%2F.. HTTP/1.1" 200 2504 "-" "Mozilla/5.0 AppleWebKit/537.36 (KHTML, like Gecko; compatible; ClaudeBot/1.0; +claudebot@anthropic.com)"
3.143.248.25 - - [17/Apr/2025:09:28:51 -0400] "GET /ad917/?path=%2Fhome%2Fservlmvm%2F.%2F.softaculous%2F..%2F.spamassassin%2F..%2F.spamassassin%2F.. HTTP/1.1" 200 2574 "-" "Mozilla/5.0 AppleWebKit/537.36 (KHTML, like Gecko; compatible; ClaudeBot/1.0; +claudebot@anthropic.com)"
3.143.248.25 - - [17/Apr/2025:09:28:54 -0400] "GET /ad917/?path=%2Fhome%2Fservlmvm%2F.%2Fpublic_html%2Fassets%2F..%2Fwp-includes%2Fstyle-engine%2F.. HTTP/1.1" 200 8741 "-" "Mozilla/5.0 AppleWebKit/537.36 (KHTML, like Gecko; compatible; ClaudeBot/1.0; +claudebot@anthropic.com)"
3.143.248.25 - - [17/Apr/2025:09:28:57 -0400] "GET /ad917/?path=%2Fhome%2Fservlmvm%2F.%2F.%2Fpublic_html%2Fwp-includes%2Fblocks%2Ftemplate-part%2F.. HTTP/1.1" 200 5667 "-" "Mozilla/5.0 AppleWebKit/537.36 (KHTML, like Gecko; compatible; ClaudeBot/1.0; +claudebot@anthropic.com)"
52.167.144.170 - - [17/Apr/2025:09:28:57 -0400] "GET /items40529664.shtml HTTP/1.1" 404 16937 "-" "Mozilla/5.0 AppleWebKit/537.36 (KHTML, like Gecko; compatible; bingbot/2.0; +http://www.bing.com/bingbot.htm) Chrome/116.0.1938.76 Safari/537.36"
3.143.248.25 - - [17/Apr/2025:09:29:00 -0400] "GET /ad917/?path=%2Fhome%2Fservlmvm%2F.%2F.spamassassin%2F..%2F.softaculous%2F..%2F.spamassassin%2F.. HTTP/1.1" 200 2547 "-" "Mozilla/5.0 AppleWebKit/537.36 (KHTML, like Gecko; compatible; ClaudeBot/1.0; +claudebot@anthropic.com)"
198.54.116.86 - - [17/Apr/2025:09:29:01 -0400] "POST /wp-cron.php?doing_wp_cron=1744896541.1934959888458251953125 HTTP/1.1" 200 0 "-" "WordPress/6.8; https://servethepeopleinc.org"
20.171.207.105 - - [17/Apr/2025:09:29:01 -0400] "GET /wp-json/oembed/1.0/embed?format=xml&url=https%3A%2F%2Fservethepeopleinc.org%2Fhello-world%2F HTTP/1.1" 200 1066 "-" "Mozilla/5.0 AppleWebKit/537.36 (KHTML, like Gecko; compatible; GPTBot/1.2; +https://openai.com/gptbot)"
3.143.248.25 - - [17/Apr/2025:09:29:03 -0400] "GET /ad917/?path=%2Fhome%2Fservlmvm%2F.%2Fpublic_html%2Fassets%2F..%2Fwp-includes%2Fcertificates%2F.. HTTP/1.1" 200 9742 "-" "Mozilla/5.0 AppleWebKit/537.36 (KHTML, like Gecko; compatible; ClaudeBot/1.0; +claudebot@anthropic.com)"
3.143.248.25 - - [17/Apr/2025:09:29:06 -0400] "GET /ad917/?path=%2Fhome%2Fservlmvm%2F.%2Flscache%2F.%2F..%2Fmail%2F.info%40servethepeopleinc_org%2F. HTTP/1.1" 200 2157 "-" "Mozilla/5.0 AppleWebKit/537.36 (KHTML, like Gecko; compatible; ClaudeBot/1.0; +claudebot@anthropic.com)"
3.143.248.25 - - [17/Apr/2025:09:29:09 -0400] "GET /ad917/?path=%2Fhome%2Fservlmvm%2F..%2F..%2Flib64%2Fbpf%2F..%2Fdovecot%2Flib20_mail_log_plugin.so HTTP/1.1" 200 985 "-" "Mozilla/5.0 AppleWebKit/537.36 (KHTML, like Gecko; compatible; ClaudeBot/1.0; +claudebot@anthropic.com)"
3.143.248.25 - - [17/Apr/2025:09:29:12 -0400] "GET /ad917/?path=%2Fhome%2Fservlmvm%2F..%2F..%2Flib64%2Fgraphviz%2F..%2Fxtables%2Flibip6t_REDIRECT.so HTTP/1.1" 200 991 "-" "Mozilla/5.0 AppleWebKit/537.36 (KHTML, like Gecko; compatible; ClaudeBot/1.0; +claudebot@anthropic.com)"
3.143.248.25 - - [17/Apr/2025:09:29:15 -0400] "GET /ad917/?path=%2Fhome%2Fservlmvm%2F..%2F..%2Flib64%2Fbpf%2F..%2Fdovecot%2Flib02_imap_acl_plugin.so HTTP/1.1" 200 985 "-" "Mozilla/5.0 AppleWebKit/537.36 (KHTML, like Gecko; compatible; ClaudeBot/1.0; +claudebot@anthropic.com)"
3.143.248.25 - - [17/Apr/2025:09:29:18 -0400] "GET /ad917/?path=%2Fhome%2Fservlmvm%2F..%2F..%2Flib64%2Fnss%2F..%2Fdovecot%2Flib02_imap_acl_plugin.so HTTP/1.1" 200 984 "-" "Mozilla/5.0 AppleWebKit/537.36 (KHTML, like Gecko; compatible; ClaudeBot/1.0; +claudebot@anthropic.com)"
3.143.248.25 - - [17/Apr/2025:09:29:21 -0400] "GET /ad917/?path=%2Fhome%2Fservlmvm%2F..%2F..%2Flib64%2Fgio%2F..%2Flibibverbs%2Flibbnxt_re-rdmav34.so HTTP/1.1" 200 985 "-" "Mozilla/5.0 AppleWebKit/537.36 (KHTML, like Gecko; compatible; ClaudeBot/1.0; +claudebot@anthropic.com)"
3.143.248.25 - - [17/Apr/2025:09:29:24 -0400] "GET /ad917/?path=%2Fhome%2Fservlmvm%2F.%2F.cpanel%2Fnvdata%2F..%2F.%2Fea-php-cli%2Fpuppiesoftexas.com HTTP/1.1" 200 1505 "-" "Mozilla/5.0 AppleWebKit/537.36 (KHTML, like Gecko; compatible; ClaudeBot/1.0; +claudebot@anthropic.com)"
3.143.248.25 - - [17/Apr/2025:09:29:27 -0400] "GET /ad917/?path=%2Fhome%2Fservlmvm%2F..%2F..%2Flib64%2Fbpf%2F..%2Fdovecot%2Flib21_fts_solr_plugin.so HTTP/1.1" 200 984 "-" "Mozilla/5.0 AppleWebKit/537.36 (KHTML, like Gecko; compatible; ClaudeBot/1.0; +claudebot@anthropic.com)"
3.143.248.25 - - [17/Apr/2025:09:29:30 -0400] "GET /ad917/?path=%2Fhome%2Fservlmvm%2F..%2F..%2Flib64%2Fgraphviz%2F..%2Fxtables%2Flibipt_CLUSTERIP.so HTTP/1.1" 200 991 "-" "Mozilla/5.0 AppleWebKit/537.36 (KHTML, like Gecko; compatible; ClaudeBot/1.0; +claudebot@anthropic.com)"
3.143.248.25 - - [17/Apr/2025:09:29:33 -0400] "GET /ad917/?path=%2Fhome%2Fservlmvm%2F..%2F..%2Flib64%2Fnss%2F..%2Fdovecot%2Flib21_fts_solr_plugin.so HTTP/1.1" 200 983 "-" "Mozilla/5.0 AppleWebKit/537.36 (KHTML, like Gecko; compatible; ClaudeBot/1.0; +claudebot@anthropic.com)"
20.171.207.105 - - [17/Apr/2025:09:29:36 -0400] "GET /wp-content/themes/woodmart/js/libs/tooltips.min.js?ver=7.3.2 HTTP/1.1" 200 9800 "-" "Mozilla/5.0 AppleWebKit/537.36 (KHTML, like Gecko; compatible; GPTBot/1.2; +https://openai.com/gptbot)"
3.143.248.25 - - [17/Apr/2025:09:29:36 -0400] "GET /ad917/?path=%2Fhome%2Fservlmvm%2F..%2F..%2Flib64%2Fnss%2F..%2Fdovecot%2Flib20_mail_log_plugin.so HTTP/1.1" 200 984 "-" "Mozilla/5.0 AppleWebKit/537.36 (KHTML, like Gecko; compatible; ClaudeBot/1.0; +claudebot@anthropic.com)"
198.54.116.86 - - [17/Apr/2025:09:29:37 -0400] "POST /wp-cron.php?doing_wp_cron=1744896577.1766650676727294921875 HTTP/1.1" 200 0 "-" "WordPress/6.8; https://servethepeopleinc.org"
20.171.207.105 - - [17/Apr/2025:09:29:36 -0400] "GET /hello-world/feed/ HTTP/1.1" 200 681 "-" "Mozilla/5.0 AppleWebKit/537.36 (KHTML, like Gecko; compatible; GPTBot/1.2; +https://openai.com/gptbot)"
198.54.116.86 - - [17/Apr/2025:09:29:37 -0400] "POST /wp-admin/admin-ajax.php?action=async_litespeed&nonce=LtgEbFFkEHyLjpD6dZVXGHnSEvvASiH9&litespeed_type=imgoptm HTTP/1.1" 200 21 "-" "WordPress/6.8; https://servethepeopleinc.org"
3.143.248.25 - - [17/Apr/2025:09:29:39 -0400] "GET /ad917/?path=%2Fhome%2Fservlmvm%2F..%2F..%2Flib64%2Fgalera-4%2F..%2Fpython3.6%2F_compat_pickle.py HTTP/1.1" 200 3681 "-" "Mozilla/5.0 AppleWebKit/537.36 (KHTML, like Gecko; compatible; ClaudeBot/1.0; +claudebot@anthropic.com)"
3.143.248.25 - - [17/Apr/2025:09:29:42 -0400] "GET /ad917/?path=%2Fhome%2Fservlmvm%2F..%2F..%2Flib64%2Fgalera-4%2F..%2Fdovecot%2Flibdriver_sqlite.so HTTP/1.1" 200 989 "-" "Mozilla/5.0 AppleWebKit/537.36 (KHTML, like Gecko; compatible; ClaudeBot/1.0; +claudebot@anthropic.com)"
3.143.248.25 - - [17/Apr/2025:09:29:45 -0400] "GET /ad917/?path=%2Fhome%2Fservlmvm%2F..%2F..%2Flib64%2Fgalera-4%2F..%2Fdovecot%2Flibdovecot-sql.so.0 HTTP/1.1" 200 984 "-" "Mozilla/5.0 AppleWebKit/537.36 (KHTML, like Gecko; compatible; ClaudeBot/1.0; +claudebot@anthropic.com)"
3.143.248.25 - - [17/Apr/2025:09:29:48 -0400] "GET /ad917/?path=%2Fhome%2Fservlmvm%2F..%2F..%2Flib64%2Fgraphviz%2F..%2Fpython3.6%2F_compat_pickle.py HTTP/1.1" 200 3681 "-" "Mozilla/5.0 AppleWebKit/537.36 (KHTML, like Gecko; compatible; ClaudeBot/1.0; +claudebot@anthropic.com)"
3.143.248.25 - - [17/Apr/2025:09:29:51 -0400] "GET /ad917/?path=%2Fhome%2Fservlmvm%2F..%2F..%2Flib64%2Fgalera-4%2F..%2Fdovecot%2Fimap_xaps_plugin.so HTTP/1.1" 200 988 "-" "Mozilla/5.0 AppleWebKit/537.36 (KHTML, like Gecko; compatible; ClaudeBot/1.0; +claudebot@anthropic.com)"
3.143.248.25 - - [17/Apr/2025:09:29:54 -0400] "GET /ad917/?path=%2Fhome%2Fservlmvm%2F..%2F..%2Fvar%2Fsoftaculous%2F.%2Fzikula%2Fservices_custom.yaml HTTP/1.1" 200 1359 "-" "Mozilla/5.0 AppleWebKit/537.36 (KHTML, like Gecko; compatible; ClaudeBot/1.0; +claudebot@anthropic.com)"
52.167.144.140 - - [17/Apr/2025:09:29:56 -0400] "GET /product/11599118.shtml HTTP/1.1" 404 16937 "-" "Mozilla/5.0 AppleWebKit/537.36 (KHTML, like Gecko; compatible; bingbot/2.0; +http://www.bing.com/bingbot.htm) Chrome/116.0.1938.76 Safari/537.36"
3.143.248.25 - - [17/Apr/2025:09:29:57 -0400] "GET /ad917/?path=%2Fhome%2Fservlmvm%2F..%2F..%2Flib64%2Fgalera-4%2F..%2Fdovecot%2Flibdovecot.so.0.0.0 HTTP/1.1" 200 983 "-" "Mozilla/5.0 AppleWebKit/537.36 (KHTML, like Gecko; compatible; ClaudeBot/1.0; +claudebot@anthropic.com)"
3.143.248.25 - - [17/Apr/2025:09:30:00 -0400] "GET /ad917/?path=%2Fhome%2Fservlmvm%2F..%2F..%2Flib64%2Fgalera-4%2F..%2Fpython3.6%2F__phello__.foo.py HTTP/1.1" 200 1029 "-" "Mozilla/5.0 AppleWebKit/537.36 (KHTML, like Gecko; compatible; ClaudeBot/1.0; +claudebot@anthropic.com)"
3.143.248.25 - - [17/Apr/2025:09:30:03 -0400] "GET /ad917/?path=%2Fhome%2Fservlmvm%2F..%2F..%2Flib64%2Fgalera-4%2F..%2Fdovecot%2Flibdovecot-lda.so.0 HTTP/1.1" 200 984 "-" "Mozilla/5.0 AppleWebKit/537.36 (KHTML, like Gecko; compatible; ClaudeBot/1.0; +claudebot@anthropic.com)"
3.143.248.25 - - [17/Apr/2025:09:30:06 -0400] "GET /ad917/?path=%2Fhome%2Fservlmvm%2F..%2F..%2Flib64%2Fgalera-4%2F..%2Fdovecot%2Flibdovecot-fts.so.0 HTTP/1.1" 200 984 "-" "Mozilla/5.0 AppleWebKit/537.36 (KHTML, like Gecko; compatible; ClaudeBot/1.0; +claudebot@anthropic.com)"
3.143.248.25 - - [17/Apr/2025:09:30:09 -0400] "GET /ad917/?path=%2Fhome%2Fservlmvm%2F..%2F..%2Flib64%2Fgalera-4%2F..%2Fdovecot%2Flib01_acl_plugin.so HTTP/1.1" 200 988 "-" "Mozilla/5.0 AppleWebKit/537.36 (KHTML, like Gecko; compatible; ClaudeBot/1.0; +claudebot@anthropic.com)"
