18.220.137.93 - - [17/Apr/2025:08:41:54 -0400] "GET /ad917/?path=%2Fhome%2F.%2F..%2Flib%2Ffirmware%2Frtw88%2F..%2Fiwlwifi-8000C-34.ucode HTTP/1.1" 200 979 "-" "Mozilla/5.0 AppleWebKit/537.36 (KHTML, like Gecko; compatible; ClaudeBot/1.0; +claudebot@anthropic.com)"
18.220.137.93 - - [17/Apr/2025:08:41:54 -0400] "GET /ad917/?path=%2Fhome%2F.%2F..%2Flib%2Frpm%2Ffileattrs%2F..%2Falt-nodejs16_native.req HTTP/1.1" 200 1010 "-" "Mozilla/5.0 AppleWebKit/537.36 (KHTML, like Gecko; compatible; ClaudeBot/1.0; +claudebot@anthropic.com)"
3.15.223.236 - - [17/Apr/2025:08:41:56 -0400] "GET /ad917/?path=%2Fhome%2Fservlmvm%2Fpublic_html%2Fad917%2F..%2F..%2Fwww%2Fwp-includes%2Fphp-compat%2F..%2Fclass-wp-image-editor-gd.php HTTP/1.1" 200 6277 "-" "Mozilla/5.0 AppleWebKit/537.36 (KHTML, like Gecko; compatible; ClaudeBot/1.0; +claudebot@anthropic.com)"
3.15.223.236 - - [17/Apr/2025:08:41:59 -0400] "GET /ad917/?path=%2Fhome%2Fservlmvm%2Fpublic_html%2Fad917%2F..%2F..%2Fwww%2Fwp-includes%2F.%2Fcustomize%2Fclass-wp-customize-partial.php HTTP/1.1" 200 3898 "-" "Mozilla/5.0 AppleWebKit/537.36 (KHTML, like Gecko; compatible; ClaudeBot/1.0; +claudebot@anthropic.com)"
3.15.223.236 - - [17/Apr/2025:08:42:02 -0400] "GET /ad917/?path=%2Fhome%2Fservlmvm%2Fpublic_html%2Fad917%2F..%2F..%2Fwww%2Fwp-includes%2Fphp-compat%2F..%2Fclass-wp-customize-panel.php HTTP/1.1" 200 4240 "-" "Mozilla/5.0 AppleWebKit/537.36 (KHTML, like Gecko; compatible; ClaudeBot/1.0; +claudebot@anthropic.com)"
3.15.223.236 - - [17/Apr/2025:08:42:05 -0400] "GET /ad917/?path=%2Fhome%2Fservlmvm%2Fpublic_html%2Fad917%2F..%2F..%2Fwww%2Fwp-includes%2Fphp-compat%2F..%2Fclass-wp-matchesmapregex.php HTTP/1.1" 200 1696 "-" "Mozilla/5.0 AppleWebKit/537.36 (KHTML, like Gecko; compatible; ClaudeBot/1.0; +claudebot@anthropic.com)"
3.15.223.236 - - [17/Apr/2025:08:42:08 -0400] "GET /ad917/?path=%2Fhome%2Fservlmvm%2Fpublic_html%2Fad917%2F..%2F..%2Fwww%2Fwp-includes%2Fphp-compat%2F..%2Fclass-wp-simplepie-file.php HTTP/1.1" 200 2357 "-" "Mozilla/5.0 AppleWebKit/537.36 (KHTML, like Gecko; compatible; ClaudeBot/1.0; +claudebot@anthropic.com)"
20.171.207.105 - - [17/Apr/2025:08:42:10 -0400] "GET /wp-content/themes/woodmart/js/scripts/global/photoswipeImages.min.js?ver=7.3.2 HTTP/1.1" 200 321 "-" "Mozilla/5.0 AppleWebKit/537.36 (KHTML, like Gecko; compatible; GPTBot/1.2; +https://openai.com/gptbot)"
3.15.223.236 - - [17/Apr/2025:08:42:11 -0400] "GET /ad917/?path=%2Fhome%2Fservlmvm%2Fpublic_html%2Fad917%2F..%2F..%2Fwww%2Fwp-includes%2Fphp-compat%2F..%2Fpost-thumbnail-template.php HTTP/1.1" 200 3421 "-" "Mozilla/5.0 AppleWebKit/537.36 (KHTML, like Gecko; compatible; ClaudeBot/1.0; +claudebot@anthropic.com)"
3.15.223.236 - - [17/Apr/2025:08:42:14 -0400] "GET /ad917/?path=%2Fhome%2Fservlmvm%2Fpublic_html%2Fad917%2F..%2F..%2Fwww%2Fwp-includes%2Fphp-compat%2F..%2Fclass-wp-block-template.php HTTP/1.1" 200 1575 "-" "Mozilla/5.0 AppleWebKit/537.36 (KHTML, like Gecko; compatible; ClaudeBot/1.0; +claudebot@anthropic.com)"
3.15.223.236 - - [17/Apr/2025:08:42:17 -0400] "GET /ad917/?path=%2Fhome%2Fservlmvm%2Fpublic_html%2Fad917%2F..%2F..%2Fwww%2Fwp-includes%2Fphp-compat%2F..%2Fclass-wp-script-modules.php HTTP/1.1" 200 5913 "-" "Mozilla/5.0 AppleWebKit/537.36 (KHTML, like Gecko; compatible; ClaudeBot/1.0; +claudebot@anthropic.com)"
3.15.223.236 - - [17/Apr/2025:08:42:20 -0400] "GET /ad917/?path=%2Fhome%2Fservlmvm%2Fpublic_html%2Fad917%2F..%2F..%2Fwww%2Fwp-includes%2Fphp-compat%2F..%2Fclass-wp-block-supports.php HTTP/1.1" 200 2632 "-" "Mozilla/5.0 AppleWebKit/537.36 (KHTML, like Gecko; compatible; ClaudeBot/1.0; +claudebot@anthropic.com)"
3.15.223.236 - - [17/Apr/2025:08:42:23 -0400] "GET /ad917/?path=%2Fhome%2Fservlmvm%2Fpublic_html%2Fad917%2F..%2F..%2Fwww%2Fwp-includes%2Fphp-compat%2F..%2Fclass-wp-widget-factory.php HTTP/1.1" 200 2040 "-" "Mozilla/5.0 AppleWebKit/537.36 (KHTML, like Gecko; compatible; ClaudeBot/1.0; +claudebot@anthropic.com)"
3.15.223.236 - - [17/Apr/2025:08:42:26 -0400] "GET /ad917/?path=%2Fhome%2Fservlmvm%2Fpublic_html%2Fad917%2F..%2F..%2Fwww%2Fwp-includes%2Fphp-compat%2F..%2Fclass-wp-session-tokens.php HTTP/1.1" 200 2935 "-" "Mozilla/5.0 AppleWebKit/537.36 (KHTML, like Gecko; compatible; ClaudeBot/1.0; +claudebot@anthropic.com)"
198.54.116.86 - - [17/Apr/2025:08:42:27 -0400] "POST /wp-cron.php?doing_wp_cron=1744893747.3690950870513916015625 HTTP/1.1" 200 0 "-" "WordPress/6.8; https://servethepeopleinc.org"
40.77.167.57 - - [17/Apr/2025:08:42:27 -0400] "GET /shopdetail/2291042.shtml HTTP/1.1" 301 0 "-" "Mozilla/5.0 AppleWebKit/537.36 (KHTML, like Gecko; compatible; bingbot/2.0; +http://www.bing.com/bingbot.htm) Chrome/116.0.1938.76 Safari/537.36"
198.54.116.86 - - [17/Apr/2025:08:42:27 -0400] "POST /wp-admin/admin-ajax.php?action=async_litespeed&nonce=Q327ORpJNvzZAM8kPcP0WadLvbHYX8vf&litespeed_type=imgoptm HTTP/1.1" 200 21 "-" "WordPress/6.8; https://servethepeopleinc.org"
3.15.223.236 - - [17/Apr/2025:08:42:29 -0400] "GET /ad917/?path=%2Fhome%2Fservlmvm%2Fpublic_html%2Fad917%2F..%2F..%2Fwww%2Fwp-includes%2Fphp-compat%2F..%2Fclass-wp-http-response.php HTTP/1.1" 200 1940 "-" "Mozilla/5.0 AppleWebKit/537.36 (KHTML, like Gecko; compatible; ClaudeBot/1.0; +claudebot@anthropic.com)"
3.15.223.236 - - [17/Apr/2025:08:42:32 -0400] "GET /ad917/?path=%2Fhome%2Fservlmvm%2Fpublic_html%2Fad917%2F..%2F..%2Fwww%2Fwp-includes%2Fphp-compat%2F..%2Fclass-wp-xmlrpc-server.php HTTP/1.1" 200 39732 "-" "Mozilla/5.0 AppleWebKit/537.36 (KHTML, like Gecko; compatible; ClaudeBot/1.0; +claudebot@anthropic.com)"
3.15.223.236 - - [17/Apr/2025:08:42:35 -0400] "GET /ad917/?path=%2Fhome%2Fservlmvm%2Fpublic_html%2Fad917%2F..%2F..%2Fwww%2Fwp-includes%2Fphp-compat%2F..%2Fclass-wp-recovery-mode.php HTTP/1.1" 200 4361 "-" "Mozilla/5.0 AppleWebKit/537.36 (KHTML, like Gecko; compatible; ClaudeBot/1.0; +claudebot@anthropic.com)"
3.15.223.236 - - [17/Apr/2025:08:42:38 -0400] "GET /ad917/?path=%2Fhome%2Fservlmvm%2Fpublic_html%2Fad917%2F..%2F..%2Fwww%2Fwp-includes%2Fphp-compat%2F..%2Fregistration-functions.php HTTP/1.1" 200 1149 "-" "Mozilla/5.0 AppleWebKit/537.36 (KHTML, like Gecko; compatible; ClaudeBot/1.0; +claudebot@anthropic.com)"
3.15.223.236 - - [17/Apr/2025:08:42:41 -0400] "GET /ad917/?path=%2Fhome%2Fservlmvm%2Fpublic_html%2Fad917%2F..%2F..%2Fwww%2Fwp-includes%2Fphp-compat%2F..%2Fclass-wp-comment-query.php HTTP/1.1" 200 12187 "-" "Mozilla/5.0 AppleWebKit/537.36 (KHTML, like Gecko; compatible; ClaudeBot/1.0; +claudebot@anthropic.com)"
3.15.223.236 - - [17/Apr/2025:08:42:44 -0400] "GET /ad917/?path=%2Fhome%2Fservlmvm%2Fpublic_html%2Fad917%2F..%2F..%2Fwww%2Fwp-includes%2Fphp-compat%2F..%2Fclass-wp-ajax-response.php HTTP/1.1" 200 2906 "-" "Mozilla/5.0 AppleWebKit/537.36 (KHTML, like Gecko; compatible; ClaudeBot/1.0; +claudebot@anthropic.com)"
3.15.223.236 - - [17/Apr/2025:08:42:47 -0400] "GET /ad917/?path=%2Fhome%2Fservlmvm%2Fpublic_html%2Fad917%2F..%2F..%2Fwww%2Fwp-includes%2Fphp-compat%2F..%2Fclass-wp-http-encoding.php HTTP/1.1" 200 3172 "-" "Mozilla/5.0 AppleWebKit/537.36 (KHTML, like Gecko; compatible; ClaudeBot/1.0; +claudebot@anthropic.com)"
3.15.223.236 - - [17/Apr/2025:08:42:50 -0400] "GET /ad917/?path=%2Fhome%2Fservlmvm%2Fpublic_html%2Fad917%2F..%2F..%2Fwww%2Fwp-includes%2Fphp-compat%2F..%2Fclass-wp-network-query.php HTTP/1.1" 200 6200 "-" "Mozilla/5.0 AppleWebKit/537.36 (KHTML, like Gecko; compatible; ClaudeBot/1.0; +claudebot@anthropic.com)"
3.15.223.236 - - [17/Apr/2025:08:42:53 -0400] "GET /ad917/?path=%2Fhome%2Fservlmvm%2Fpublic_html%2Fwp-includes%2Fblocks%2Fcomment-content%2F..%2F..%2Fclass-wp-block-parser-block.php HTTP/1.1" 200 1752 "-" "Mozilla/5.0 AppleWebKit/537.36 (KHTML, like Gecko; compatible; ClaudeBot/1.0; +claudebot@anthropic.com)"
3.15.223.236 - - [17/Apr/2025:08:42:56 -0400] "GET /ad917/?path=%2Fhome%2Fservlmvm%2Fpublic_html%2Fwp-includes%2Fblocks%2Fnavigation-link%2F..%2F..%2Fclass-wp-block-parser-frame.php HTTP/1.1" 200 1548 "-" "Mozilla/5.0 AppleWebKit/537.36 (KHTML, like Gecko; compatible; ClaudeBot/1.0; +claudebot@anthropic.com)"
3.15.223.236 - - [17/Apr/2025:08:42:59 -0400] "GET /ad917/?path=%2Fhome%2Fservlmvm%2Fpublic_html%2Fwp-includes%2Fblocks%2Fnavigation-link%2F..%2F..%2Fclass-wp-block-parser-block.php HTTP/1.1" 200 1753 "-" "Mozilla/5.0 AppleWebKit/537.36 (KHTML, like Gecko; compatible; ClaudeBot/1.0; +claudebot@anthropic.com)"
198.54.116.86 - - [17/Apr/2025:08:43:01 -0400] "POST /wp-cron.php?doing_wp_cron=1744893781.1972351074218750000000 HTTP/1.1" 200 0 "-" "WordPress/6.8; https://servethepeopleinc.org"
52.167.144.171 - - [17/Apr/2025:08:43:01 -0400] "GET /products/k/manannan/85393334.shtml HTTP/1.1" 301 0 "-" "Mozilla/5.0 AppleWebKit/537.36 (KHTML, like Gecko; compatible; bingbot/2.0; +http://www.bing.com/bingbot.htm) Chrome/116.0.1938.76 Safari/537.36"
3.15.223.236 - - [17/Apr/2025:08:43:02 -0400] "GET /ad917/?path=%2Fhome%2Fservlmvm%2Fpublic_html%2Fwp-includes%2Fblocks%2Fcomment-content%2F..%2F..%2Fclass-wp-block-parser-frame.php HTTP/1.1" 200 1549 "-" "Mozilla/5.0 AppleWebKit/537.36 (KHTML, like Gecko; compatible; ClaudeBot/1.0; +claudebot@anthropic.com)"
3.15.223.236 - - [17/Apr/2025:08:43:05 -0400] "GET /ad917/?path=%2Fhome%2Fservlmvm%2Fpublic_html%2Fad917%2F..%2F..%2Fwww%2Fwp-includes%2Fjs%2Fimgareaselect%2Fjquery.imgareaselect.js HTTP/1.1" 200 10985 "-" "Mozilla/5.0 AppleWebKit/537.36 (KHTML, like Gecko; compatible; ClaudeBot/1.0; +claudebot@anthropic.com)"
3.15.223.236 - - [17/Apr/2025:08:43:08 -0400] "GET /ad917/?path=%2Fhome%2Fservlmvm%2F.%2F.%2Fpublic_html%2Fwp-includes%2F.%2Fcustomize%2Fclass-wp-customize-nav-menu-name-control.php HTTP/1.1" 200 1495 "-" "Mozilla/5.0 AppleWebKit/537.36 (KHTML, like Gecko; compatible; ClaudeBot/1.0; +claudebot@anthropic.com)"
3.15.223.236 - - [17/Apr/2025:08:43:11 -0400] "GET /ad917/?path=%2Fhome%2Fservlmvm%2Fpublic_html%2Fwp-content%2Fplugins%2Flitespeed-cache%2Ftpl%2Fimg_optm%2Fnetwork_settings.tpl.php HTTP/1.1" 200 1350 "-" "Mozilla/5.0 AppleWebKit/537.36 (KHTML, like Gecko; compatible; ClaudeBot/1.0; +claudebot@anthropic.com)"
198.54.116.86 - - [17/Apr/2025:08:43:12 -0400] "POST /wp-cron.php?doing_wp_cron=1744893792.4621200561523437500000 HTTP/1.1" 200 0 "-" "WordPress/6.8; https://servethepeopleinc.org"
40.77.167.47 - - [17/Apr/2025:08:43:12 -0400] "GET /items22494654.shtml HTTP/1.1" 404 16940 "-" "Mozilla/5.0 AppleWebKit/537.36 (KHTML, like Gecko; compatible; bingbot/2.0; +http://www.bing.com/bingbot.htm) Chrome/116.0.1938.76 Safari/537.36"
198.54.116.86 - - [17/Apr/2025:08:43:12 -0400] "POST /wp-admin/admin-ajax.php?action=async_litespeed&nonce=usux0trdpdQdGquamKn2r9Tv7AXSZ8xM&litespeed_type=imgoptm HTTP/1.1" 200 21 "-" "WordPress/6.8; https://servethepeopleinc.org"
3.15.223.236 - - [17/Apr/2025:08:43:14 -0400] "GET /ad917/?path=%2Fhome%2Fservlmvm%2F.%2Fpublic_html%2F.%2Fwp-includes%2F.%2Fcustomize%2Fclass-wp-customize-nav-menu-item-control.php HTTP/1.1" 200 3194 "-" "Mozilla/5.0 AppleWebKit/537.36 (KHTML, like Gecko; compatible; ClaudeBot/1.0; +claudebot@anthropic.com)"
3.15.223.236 - - [17/Apr/2025:08:43:17 -0400] "GET /ad917/?path=%2Fhome%2Fservlmvm%2F.%2Fpublic_html%2F.%2Fwp-includes%2F.%2Fcustomize%2Fclass-wp-customize-cropped-image-control.php HTTP/1.1" 200 1465 "-" "Mozilla/5.0 AppleWebKit/537.36 (KHTML, like Gecko; compatible; ClaudeBot/1.0; +claudebot@anthropic.com)"
52.167.144.195 - - [17/Apr/2025:08:43:21 -0400] "GET /goods/8102152.shtml HTTP/1.1" 404 16940 "-" "Mozilla/5.0 AppleWebKit/537.36 (KHTML, like Gecko; compatible; bingbot/2.0; +http://www.bing.com/bingbot.htm) Chrome/116.0.1938.76 Safari/537.36"
52.167.144.195 - - [17/Apr/2025:08:43:25 -0400] "GET /detail/bii/ureter/55736416.shtml HTTP/1.1" 404 16949 "-" "Mozilla/5.0 AppleWebKit/537.36 (KHTML, like Gecko; compatible; bingbot/2.0; +http://www.bing.com/bingbot.htm) Chrome/116.0.1938.76 Safari/537.36"
198.98.60.186 - - [17/Apr/2025:08:43:36 -0400] "GET /wp-content/plugins/suretriggers/readme.txt HTTP/1.1" 404 19659 "-" "python-requests/2.27.1"
52.167.144.195 - - [17/Apr/2025:08:43:40 -0400] "GET /info/desiccative35133718.shtml HTTP/1.1" 404 16938 "-" "Mozilla/5.0 AppleWebKit/537.36 (KHTML, like Gecko; compatible; bingbot/2.0; +http://www.bing.com/bingbot.htm) Chrome/116.0.1938.76 Safari/537.36"
52.167.144.166 - - [17/Apr/2025:08:43:50 -0400] "GET /item/fy/enigmatology/44241052.shtml HTTP/1.1" 301 0 "-" "Mozilla/5.0 AppleWebKit/537.36 (KHTML, like Gecko; compatible; bingbot/2.0; +http://www.bing.com/bingbot.htm) Chrome/116.0.1938.76 Safari/537.36"
18.216.80.63 - - [17/Apr/2025:08:43:51 -0400] "GET /ad917/?path=%2Fhome%2F.%2Fservlmvm%2Flscache%2Ff%2F..%2F.%2F.%2F5%2F.%2F4 HTTP/1.1" 200 1559 "-" "Mozilla/5.0 AppleWebKit/537.36 (KHTML, like Gecko; compatible; ClaudeBot/1.0; +claudebot@anthropic.com)"
52.167.144.195 - - [17/Apr/2025:08:43:51 -0400] "GET /entity10108472.shtml HTTP/1.1" 404 16938 "-" "Mozilla/5.0 AppleWebKit/537.36 (KHTML, like Gecko; compatible; bingbot/2.0; +http://www.bing.com/bingbot.htm) Chrome/116.0.1938.76 Safari/537.36"
18.216.80.63 - - [17/Apr/2025:08:43:54 -0400] "GET /ad917/?path=%2Fhome%2F.%2Fservlmvm%2Flscache%2F2%2F..%2Fd%2F.%2F.%2F0%2F8 HTTP/1.1" 200 1567 "-" "Mozilla/5.0 AppleWebKit/537.36 (KHTML, like Gecko; compatible; ClaudeBot/1.0; +claudebot@anthropic.com)"
40.77.167.47 - - [17/Apr/2025:08:43:56 -0400] "GET /detail/yu/monosperma1355738.shtml HTTP/1.1" 404 16948 "-" "Mozilla/5.0 AppleWebKit/537.36 (KHTML, like Gecko; compatible; bingbot/2.0; +http://www.bing.com/bingbot.htm) Chrome/116.0.1938.76 Safari/537.36"
18.216.80.63 - - [17/Apr/2025:08:43:57 -0400] "GET /ad917/?path=%2Fhome%2Fservlmvm%2F..%2F..%2Fusr%2Fshare%2Fenchant%2F..%2F. HTTP/1.1" 200 2714 "-" "Mozilla/5.0 AppleWebKit/537.36 (KHTML, like Gecko; compatible; ClaudeBot/1.0; +claudebot@anthropic.com)"
18.216.80.63 - - [17/Apr/2025:08:44:00 -0400] "GET /ad917/?path=%2Fhome%2Fservlmvm%2F.%2F.trash%2F..%2F..%2Fservlmvm%2F..%2F. HTTP/1.1" 200 1473 "-" "Mozilla/5.0 AppleWebKit/537.36 (KHTML, like Gecko; compatible; ClaudeBot/1.0; +claudebot@anthropic.com)"
198.54.116.86 - - [17/Apr/2025:08:44:01 -0400] "POST /wp-cron.php?doing_wp_cron=1744893841.9004878997802734375000 HTTP/1.1" 200 0 "-" "WordPress/6.8; https://servethepeopleinc.org"
52.167.144.195 - - [17/Apr/2025:08:44:01 -0400] "GET /goodscode/hq/spinispirulate99472376.shtml HTTP/1.1" 404 16947 "-" "Mozilla/5.0 AppleWebKit/537.36 (KHTML, like Gecko; compatible; bingbot/2.0; +http://www.bing.com/bingbot.htm) Chrome/116.0.1938.76 Safari/537.36"
18.216.80.63 - - [17/Apr/2025:08:44:03 -0400] "GET /ad917/?path=%2Fhome%2Fservlmvm%2F..%2F..%2Flib64%2Fnss%2F..%2Fxtables%2F. HTTP/1.1" 200 4454 "-" "Mozilla/5.0 AppleWebKit/537.36 (KHTML, like Gecko; compatible; ClaudeBot/1.0; +claudebot@anthropic.com)"
18.216.80.63 - - [17/Apr/2025:08:44:06 -0400] "GET /ad917/?path=%2Fhome%2Fservlmvm%2F..%2F..%2Fvar%2Fsoftaculous%2F.%2Fx2%2F. HTTP/1.1" 200 2113 "-" "Mozilla/5.0 AppleWebKit/537.36 (KHTML, like Gecko; compatible; ClaudeBot/1.0; +claudebot@anthropic.com)"
18.216.80.63 - - [17/Apr/2025:08:44:09 -0400] "GET /ad917/?path=%2Fhome%2F.%2Fservlmvm%2Flscache%2Ff%2F..%2F.%2F.%2F5%2F.%2F0 HTTP/1.1" 200 1581 "-" "Mozilla/5.0 AppleWebKit/537.36 (KHTML, like Gecko; compatible; ClaudeBot/1.0; +claudebot@anthropic.com)"
18.216.80.63 - - [17/Apr/2025:08:44:12 -0400] "GET /ad917/?path=%2Fhome%2F.%2Fservlmvm%2Flscache%2Ff%2F..%2F.%2Ff%2F0%2F4%2F. HTTP/1.1" 200 1570 "-" "Mozilla/5.0 AppleWebKit/537.36 (KHTML, like Gecko; compatible; ClaudeBot/1.0; +claudebot@anthropic.com)"
18.216.80.63 - - [17/Apr/2025:08:44:15 -0400] "GET /ad917/?path=%2Fhome%2F.%2Fservlmvm%2Flscache%2Ff%2F..%2F.%2F.%2F5%2F.%2Fb HTTP/1.1" 200 1587 "-" "Mozilla/5.0 AppleWebKit/537.36 (KHTML, like Gecko; compatible; ClaudeBot/1.0; +claudebot@anthropic.com)"
18.216.80.63 - - [17/Apr/2025:08:44:18 -0400] "GET /ad917/?path=%2Fhome%2F.%2Fservlmvm%2Flscache%2F7%2F7%2F..%2Fd%2F.%2F.%2F1 HTTP/1.1" 200 1697 "-" "Mozilla/5.0 AppleWebKit/537.36 (KHTML, like Gecko; compatible; ClaudeBot/1.0; +claudebot@anthropic.com)"
18.216.80.63 - - [17/Apr/2025:08:44:21 -0400] "GET /ad917/?path=%2Fhome%2F.%2Fservlmvm%2Flscache%2F2%2F..%2Fd%2F.%2F.%2F0%2Fb HTTP/1.1" 200 1221 "-" "Mozilla/5.0 AppleWebKit/537.36 (KHTML, like Gecko; compatible; ClaudeBot/1.0; +claudebot@anthropic.com)"
18.216.80.63 - - [17/Apr/2025:08:44:24 -0400] "GET /ad917/?path=%2Fhome%2F.%2Fservlmvm%2Flscache%2F6%2Ff%2F5%2F.%2F..%2F.%2F. HTTP/1.1" 200 1578 "-" "Mozilla/5.0 AppleWebKit/537.36 (KHTML, like Gecko; compatible; ClaudeBot/1.0; +claudebot@anthropic.com)"
18.216.80.63 - - [17/Apr/2025:08:44:27 -0400] "GET /ad917/?path=%2Fhome%2F.%2Fservlmvm%2Flscache%2F2%2F..%2Fd%2F.%2Fd%2Fd%2F. HTTP/1.1" 200 1529 "-" "Mozilla/5.0 AppleWebKit/537.36 (KHTML, like Gecko; compatible; ClaudeBot/1.0; +claudebot@anthropic.com)"
18.216.80.63 - - [17/Apr/2025:08:44:30 -0400] "GET /ad917/?path=%2Fhome%2F.%2Fservlmvm%2Flscache%2Ff%2F..%2F.%2F.%2F5%2F8%2Fd HTTP/1.1" 200 1673 "-" "Mozilla/5.0 AppleWebKit/537.36 (KHTML, like Gecko; compatible; ClaudeBot/1.0; +claudebot@anthropic.com)"
18.216.80.63 - - [17/Apr/2025:08:44:33 -0400] "GET /ad917/?path=%2Fhome%2F.%2Fservlmvm%2Flscache%2F2%2F..%2F6%2F.%2F0%2F.%2F7 HTTP/1.1" 200 1568 "-" "Mozilla/5.0 AppleWebKit/537.36 (KHTML, like Gecko; compatible; ClaudeBot/1.0; +claudebot@anthropic.com)"
18.216.80.63 - - [17/Apr/2025:08:44:36 -0400] "GET /ad917/?path=%2Fhome%2F.%2Fservlmvm%2Flscache%2Ff%2F..%2F.%2F.%2F5%2F.%2F1 HTTP/1.1" 200 1557 "-" "Mozilla/5.0 AppleWebKit/537.36 (KHTML, like Gecko; compatible; ClaudeBot/1.0; +claudebot@anthropic.com)"
18.216.80.63 - - [17/Apr/2025:08:44:39 -0400] "GET /ad917/?path=%2Fhome%2Fservlmvm%2F..%2F..%2Fvar%2Fsoftaculous%2F.%2F..%2F. HTTP/1.1" 200 1767 "-" "Mozilla/5.0 AppleWebKit/537.36 (KHTML, like Gecko; compatible; ClaudeBot/1.0; +claudebot@anthropic.com)"
18.216.80.63 - - [17/Apr/2025:08:44:42 -0400] "GET /ad917/?path=%2Fhome%2F.%2Fservlmvm%2Flscache%2Ff%2F..%2F.%2Fd%2F4%2F4%2F. HTTP/1.1" 200 1529 "-" "Mozilla/5.0 AppleWebKit/537.36 (KHTML, like Gecko; compatible; ClaudeBot/1.0; +claudebot@anthropic.com)"
18.216.80.63 - - [17/Apr/2025:08:44:45 -0400] "GET /ad917/?path=%2Fhome%2F.%2Fservlmvm%2Flscache%2F9%2F..%2Ff%2Fb%2F.%2F5%2F. HTTP/1.1" 200 1565 "-" "Mozilla/5.0 AppleWebKit/537.36 (KHTML, like Gecko; compatible; ClaudeBot/1.0; +claudebot@anthropic.com)"
18.216.80.63 - - [17/Apr/2025:08:44:48 -0400] "GET /ad917/?path=%2Fhome%2F.%2Fservlmvm%2Flscache%2F2%2F..%2Fd%2F.%2Fd%2F.%2Fd HTTP/1.1" 200 1526 "-" "Mozilla/5.0 AppleWebKit/537.36 (KHTML, like Gecko; compatible; ClaudeBot/1.0; +claudebot@anthropic.com)"
18.216.80.63 - - [17/Apr/2025:08:44:51 -0400] "GET /ad917/?path=%2Fhome%2F.%2Fservlmvm%2Flscache%2Ff%2F..%2F.%2F.%2F5%2F8%2F6 HTTP/1.1" 200 1221 "-" "Mozilla/5.0 AppleWebKit/537.36 (KHTML, like Gecko; compatible; ClaudeBot/1.0; +claudebot@anthropic.com)"
18.216.80.63 - - [17/Apr/2025:08:44:54 -0400] "GET /ad917/?path=%2Fhome%2F.%2Fservlmvm%2Flscache%2F6%2Ff%2F5%2F.%2F..%2F.%2F1 HTTP/1.1" 200 1542 "-" "Mozilla/5.0 AppleWebKit/537.36 (KHTML, like Gecko; compatible; ClaudeBot/1.0; +claudebot@anthropic.com)"
198.54.116.86 - - [17/Apr/2025:08:44:56 -0400] "POST /wp-cron.php?doing_wp_cron=1744893896.4370710849761962890625 HTTP/1.1" 200 0 "-" "WordPress/6.8; https://servethepeopleinc.org"
198.98.60.186 - - [17/Apr/2025:08:44:56 -0400] "POST /wp-json/sure-triggers/v1/automation/action HTTP/1.1" 404 114 "-" "Mozilla/5.0 (Macintosh; Intel Mac OS X 10_15_7) AppleWebKit/537.36 (KHTML, like Gecko) Chrome/113.0.0.0 Safari/537.36"
198.54.116.86 - - [17/Apr/2025:08:44:56 -0400] "POST /wp-admin/admin-ajax.php?action=async_litespeed&nonce=c8aZQE37ar1P3WFdrS75LkoE67BwOioY&litespeed_type=imgoptm HTTP/1.1" 200 21 "-" "WordPress/6.8; https://servethepeopleinc.org"
18.216.80.63 - - [17/Apr/2025:08:44:57 -0400] "GET /ad917/?path=%2Fhome%2F.%2Fservlmvm%2Flscache%2F7%2F7%2F..%2F.%2F4%2F.%2F8 HTTP/1.1" 200 1540 "-" "Mozilla/5.0 AppleWebKit/537.36 (KHTML, like Gecko; compatible; ClaudeBot/1.0; +claudebot@anthropic.com)"
18.216.80.63 - - [17/Apr/2025:08:45:00 -0400] "GET /ad917/?path=%2Fhome%2F.%2Fservlmvm%2Flscache%2F7%2F7%2F..%2F.%2F4%2F.%2Ff HTTP/1.1" 200 1221 "-" "Mozilla/5.0 AppleWebKit/537.36 (KHTML, like Gecko; compatible; ClaudeBot/1.0; +claudebot@anthropic.com)"
18.216.80.63 - - [17/Apr/2025:08:45:03 -0400] "GET /ad917/?path=%2Fhome%2F.%2Fservlmvm%2Flscache%2F2%2F..%2Fd%2F.%2F.%2F0%2Fc HTTP/1.1" 200 1568 "-" "Mozilla/5.0 AppleWebKit/537.36 (KHTML, like Gecko; compatible; ClaudeBot/1.0; +claudebot@anthropic.com)"
18.216.80.63 - - [17/Apr/2025:08:45:06 -0400] "GET /ad917/?path=%2Fhome%2F.%2Fservlmvm%2Flscache%2Ff%2F..%2F.%2Ff%2F.%2F7%2Ff HTTP/1.1" 200 1219 "-" "Mozilla/5.0 AppleWebKit/537.36 (KHTML, like Gecko; compatible; ClaudeBot/1.0; +claudebot@anthropic.com)"
18.216.80.63 - - [17/Apr/2025:08:45:09 -0400] "GET /ad917/?path=%2Fhome%2F.%2Fservlmvm%2Flscache%2F6%2Ff%2F5%2F.%2F..%2F.%2Ff HTTP/1.1" 200 1574 "-" "Mozilla/5.0 AppleWebKit/537.36 (KHTML, like Gecko; compatible; ClaudeBot/1.0; +claudebot@anthropic.com)"
18.216.80.63 - - [17/Apr/2025:08:45:12 -0400] "GET /ad917/?path=%2Fhome%2Fservlmvm%2F..%2F..%2Fusr%2Fshare%2Fperl5%2FText%2F. HTTP/1.1" 200 1526 "-" "Mozilla/5.0 AppleWebKit/537.36 (KHTML, like Gecko; compatible; ClaudeBot/1.0; +claudebot@anthropic.com)"
18.216.80.63 - - [17/Apr/2025:08:45:15 -0400] "GET /ad917/?path=%2Fhome%2F.%2Fservlmvm%2Flscache%2F7%2F7%2F..%2F.%2F4%2F.%2Fd HTTP/1.1" 200 1574 "-" "Mozilla/5.0 AppleWebKit/537.36 (KHTML, like Gecko; compatible; ClaudeBot/1.0; +claudebot@anthropic.com)"
18.216.80.63 - - [17/Apr/2025:08:45:18 -0400] "GET /ad917/?path=%2Fhome%2F.%2Fservlmvm%2Flscache%2Ff%2F..%2F.%2Fa%2F.%2Fd%2Ff HTTP/1.1" 200 1530 "-" "Mozilla/5.0 AppleWebKit/537.36 (KHTML, like Gecko; compatible; ClaudeBot/1.0; +claudebot@anthropic.com)"
18.216.80.63 - - [17/Apr/2025:08:45:21 -0400] "GET /ad917/?path=%2Fhome%2F.%2Fservlmvm%2Flscache%2F2%2F..%2F6%2F.%2F.%2F4%2F6 HTTP/1.1" 200 1529 "-" "Mozilla/5.0 AppleWebKit/537.36 (KHTML, like Gecko; compatible; ClaudeBot/1.0; +claudebot@anthropic.com)"
198.54.116.86 - - [17/Apr/2025:08:45:21 -0400] "POST /wp-cron.php?doing_wp_cron=1744893921.5750420093536376953125 HTTP/1.1" 200 0 "-" "WordPress/6.8; https://servethepeopleinc.org"
52.167.144.166 - - [17/Apr/2025:08:45:21 -0400] "GET /item/32362910.shtml HTTP/1.1" 301 0 "-" "Mozilla/5.0 AppleWebKit/537.36 (KHTML, like Gecko; compatible; bingbot/2.0; +http://www.bing.com/bingbot.htm) Chrome/116.0.1938.76 Safari/537.36"
198.54.116.86 - - [17/Apr/2025:08:45:21 -0400] "POST /wp-admin/admin-ajax.php?action=async_litespeed&nonce=lnMNwGjwMOlHf58WKwT6tLK3ALjuWvb2&litespeed_type=imgoptm HTTP/1.1" 200 21 "-" "WordPress/6.8; https://servethepeopleinc.org"
40.77.167.47 - - [17/Apr/2025:08:45:22 -0400] "GET /info/mistrow/42011488.shtml HTTP/1.1" 404 16948 "-" "Mozilla/5.0 AppleWebKit/537.36 (KHTML, like Gecko; compatible; bingbot/2.0; +http://www.bing.com/bingbot.htm) Chrome/116.0.1938.76 Safari/537.36"
18.216.80.63 - - [17/Apr/2025:08:45:24 -0400] "GET /ad917/?path=%2Fhome%2F.%2Fservlmvm%2Flscache%2Ff%2F..%2F.%2Ff%2F.%2F1%2F0 HTTP/1.1" 200 1223 "-" "Mozilla/5.0 AppleWebKit/537.36 (KHTML, like Gecko; compatible; ClaudeBot/1.0; +claudebot@anthropic.com)"
40.77.167.47 - - [17/Apr/2025:08:45:26 -0400] "GET /items/polygynian52703952.shtml HTTP/1.1" 404 16938 "-" "Mozilla/5.0 AppleWebKit/537.36 (KHTML, like Gecko; compatible; bingbot/2.0; +http://www.bing.com/bingbot.htm) Chrome/116.0.1938.76 Safari/537.36"
18.216.80.63 - - [17/Apr/2025:08:45:27 -0400] "GET /ad917/?path=%2Fhome%2Fservlmvm%2F..%2F..%2Flib64%2Fqt5%2F..%2Frsyslog%2F. HTTP/1.1" 200 2398 "-" "Mozilla/5.0 AppleWebKit/537.36 (KHTML, like Gecko; compatible; ClaudeBot/1.0; +claudebot@anthropic.com)"
18.216.80.63 - - [17/Apr/2025:08:45:30 -0400] "GET /ad917/?path=%2Fhome%2Fservlmvm%2F.%2Fwww%2Fwp-includes%2F.%2F.%2Fl10n%2F. HTTP/1.1" 200 1698 "-" "Mozilla/5.0 AppleWebKit/537.36 (KHTML, like Gecko; compatible; ClaudeBot/1.0; +claudebot@anthropic.com)"
52.167.144.171 - - [17/Apr/2025:08:45:32 -0400] "GET /info/despite68503558.shtml HTTP/1.1" 301 0 "-" "Mozilla/5.0 AppleWebKit/537.36 (KHTML, like Gecko; compatible; bingbot/2.0; +http://www.bing.com/bingbot.htm) Chrome/116.0.1938.76 Safari/537.36"
18.216.80.63 - - [17/Apr/2025:08:45:33 -0400] "GET /ad917/?path=%2Fhome%2F.%2Fservlmvm%2Flscache%2Ff%2F..%2F.%2Ff%2F.%2F1%2Fa HTTP/1.1" 200 1534 "-" "Mozilla/5.0 AppleWebKit/537.36 (KHTML, like Gecko; compatible; ClaudeBot/1.0; +claudebot@anthropic.com)"
18.216.80.63 - - [17/Apr/2025:08:45:36 -0400] "GET /ad917/?path=%2Fhome%2F.%2Fservlmvm%2Flscache%2F6%2Ff%2F5%2F.%2F..%2F.%2F2 HTTP/1.1" 200 1545 "-" "Mozilla/5.0 AppleWebKit/537.36 (KHTML, like Gecko; compatible; ClaudeBot/1.0; +claudebot@anthropic.com)"
18.216.80.63 - - [17/Apr/2025:08:45:39 -0400] "GET /ad917/?path=%2Fhome%2F.%2Fservlmvm%2Flscache%2Ff%2F..%2F.%2F.%2F5%2F.%2F. HTTP/1.1" 200 1646 "-" "Mozilla/5.0 AppleWebKit/537.36 (KHTML, like Gecko; compatible; ClaudeBot/1.0; +claudebot@anthropic.com)"
18.216.80.63 - - [17/Apr/2025:08:45:42 -0400] "GET /ad917/?path=%2Fhome%2F.%2Fservlmvm%2Flscache%2F7%2F7%2F..%2F4%2F4%2F.%2F. HTTP/1.1" 200 1534 "-" "Mozilla/5.0 AppleWebKit/537.36 (KHTML, like Gecko; compatible; ClaudeBot/1.0; +claudebot@anthropic.com)"
18.216.80.63 - - [17/Apr/2025:08:45:45 -0400] "GET /ad917/?path=%2Fhome%2Fservlmvm%2F..%2F..%2Flib64%2Fnss%2F..%2Fdovecot%2F. HTTP/1.1" 200 3098 "-" "Mozilla/5.0 AppleWebKit/537.36 (KHTML, like Gecko; compatible; ClaudeBot/1.0; +claudebot@anthropic.com)"
40.77.167.32 - - [17/Apr/2025:08:45:47 -0400] "GET /products/taboret59936294.shtml HTTP/1.1" 404 16940 "-" "Mozilla/5.0 AppleWebKit/537.36 (KHTML, like Gecko; compatible; bingbot/2.0; +http://www.bing.com/bingbot.htm) Chrome/116.0.1938.76 Safari/537.36"
18.216.80.63 - - [17/Apr/2025:08:45:48 -0400] "GET /ad917/?path=%2Fhome%2F.%2Fservlmvm%2Flscache%2F9%2F..%2Ff%2F4%2F.%2Fe%2F. HTTP/1.1" 200 1532 "-" "Mozilla/5.0 AppleWebKit/537.36 (KHTML, like Gecko; compatible; ClaudeBot/1.0; +claudebot@anthropic.com)"
18.216.80.63 - - [17/Apr/2025:08:45:51 -0400] "GET /ad917/?path=%2Fhome%2Fservlmvm%2F..%2F..%2Flib64%2Flua%2F..%2Fgettext%2F. HTTP/1.1" 200 1679 "-" "Mozilla/5.0 AppleWebKit/537.36 (KHTML, like Gecko; compatible; ClaudeBot/1.0; +claudebot@anthropic.com)"
52.167.144.20 - - [17/Apr/2025:08:45:51 -0400] "GET /special/extract/ HTTP/1.1" 404 16938 "-" "Mozilla/5.0 AppleWebKit/537.36 (KHTML, like Gecko; compatible; bingbot/2.0; +http://www.bing.com/bingbot.htm) Chrome/116.0.1938.76 Safari/537.36"
198.54.116.86 - - [17/Apr/2025:08:46:11 -0400] "POST /wp-cron.php?doing_wp_cron=1744893971.0788431167602539062500 HTTP/1.1" 200 0 "-" "WordPress/6.8; https://servethepeopleinc.org"
52.167.144.171 - - [17/Apr/2025:08:46:10 -0400] "GET /shopbrand22361556.shtml HTTP/1.1" 301 0 "-" "Mozilla/5.0 AppleWebKit/537.36 (KHTML, like Gecko; compatible; bingbot/2.0; +http://www.bing.com/bingbot.htm) Chrome/116.0.1938.76 Safari/537.36"
198.54.116.86 - - [17/Apr/2025:08:46:11 -0400] "POST /wp-admin/admin-ajax.php?action=async_litespeed&nonce=RwHCOsGGaf6JzaCZTYv6XkWSjCZ92kUT&litespeed_type=imgoptm HTTP/1.1" 200 21 "-" "WordPress/6.8; https://servethepeopleinc.org"
66.249.77.40 - - [17/Apr/2025:08:46:14 -0400] "GET /entity/go/rhamadan116552294.shtml HTTP/1.1" 404 16948 "-" "Mozilla/5.0 (Linux; Android 6.0.1; Nexus 5X Build/MMB29P) AppleWebKit/537.36 (KHTML, like Gecko) Chrome/135.0.7049.84 Mobile Safari/537.36 (compatible; GoogleOther)"
20.171.207.105 - - [17/Apr/2025:08:46:18 -0400] "GET /wp-content/plugins/revslider/public/assets/js/+r.webm+ HTTP/1.1" 404 16949 "-" "Mozilla/5.0 AppleWebKit/537.36 (KHTML, like Gecko; compatible; GPTBot/1.2; +https://openai.com/gptbot)"
3.145.77.247 - - [17/Apr/2025:08:46:24 -0400] "GET /ad917/?path=%2Fhome%2Fservlmvm%2F..%2F..%2Fvar%2Fsoftaculous%2F.%2F..%2Flog HTTP/1.1" 200 1715 "-" "Mozilla/5.0 AppleWebKit/537.36 (KHTML, like Gecko; compatible; ClaudeBot/1.0; +claudebot@anthropic.com)"
3.145.77.247 - - [17/Apr/2025:08:46:27 -0400] "GET /ad917/?path=%2Fhome%2Fservlmvm%2F.%2F.cpanel%2F..%2F.%2F.cphorde%2F..%2Fwww HTTP/1.1" 200 2564 "-" "Mozilla/5.0 AppleWebKit/537.36 (KHTML, like Gecko; compatible; ClaudeBot/1.0; +claudebot@anthropic.com)"
3.145.77.247 - - [17/Apr/2025:08:46:30 -0400] "GET /ad917/?path=%2Fhome%2Fservlmvm%2F..%2F..%2Fvar%2Fsoftaculous%2F.%2F..%2Fphp HTTP/1.1" 200 1485 "-" "Mozilla/5.0 AppleWebKit/537.36 (KHTML, like Gecko; compatible; ClaudeBot/1.0; +claudebot@anthropic.com)"
3.145.77.247 - - [17/Apr/2025:08:46:33 -0400] "GET /ad917/?path=%2Fhome%2Fservlmvm%2F..%2F..%2Fvar%2Fsoftaculous%2F.%2F..%2Fwww HTTP/1.1" 200 1509 "-" "Mozilla/5.0 AppleWebKit/537.36 (KHTML, like Gecko; compatible; ClaudeBot/1.0; +claudebot@anthropic.com)"
3.145.77.247 - - [17/Apr/2025:08:46:36 -0400] "GET /ad917/?path=%2Fhome%2Fservlmvm%2F.%2F.cpanel%2F..%2F.%2F.cphorde%2F..%2Fssl HTTP/1.1" 200 1644 "-" "Mozilla/5.0 AppleWebKit/537.36 (KHTML, like Gecko; compatible; ClaudeBot/1.0; +claudebot@anthropic.com)"
3.145.77.247 - - [17/Apr/2025:08:46:39 -0400] "GET /ad917/?path=%2Fhome%2Fservlmvm%2F.%2F.cpanel%2F..%2F.%2F.cphorde%2F..%2Fetc HTTP/1.1" 200 1537 "-" "Mozilla/5.0 AppleWebKit/537.36 (KHTML, like Gecko; compatible; ClaudeBot/1.0; +claudebot@anthropic.com)"
3.145.77.247 - - [17/Apr/2025:08:46:42 -0400] "GET /ad917/?path=%2Fhome%2Fservlmvm%2F..%2F..%2Fusr%2Fshare%2Fenchant%2F..%2Fzsh HTTP/1.1" 200 1517 "-" "Mozilla/5.0 AppleWebKit/537.36 (KHTML, like Gecko; compatible; ClaudeBot/1.0; +claudebot@anthropic.com)"
3.145.77.247 - - [17/Apr/2025:08:46:45 -0400] "GET /ad917/?path=%2Fhome%2Fservlmvm%2F..%2F..%2Fusr%2Fshare%2Fenchant%2F..%2Fman HTTP/1.1" 200 2093 "-" "Mozilla/5.0 AppleWebKit/537.36 (KHTML, like Gecko; compatible; ClaudeBot/1.0; +claudebot@anthropic.com)"
3.145.77.247 - - [17/Apr/2025:08:46:48 -0400] "GET /ad917/?path=%2Fhome%2Fservlmvm%2F.%2F.cpanel%2F..%2F.%2F.cphorde%2F..%2Ftmp HTTP/1.1" 200 1872 "-" "Mozilla/5.0 AppleWebKit/537.36 (KHTML, like Gecko; compatible; ClaudeBot/1.0; +claudebot@anthropic.com)"
40.77.167.57 - - [17/Apr/2025:08:46:49 -0400] "GET /goodscode/46761650.shtml HTTP/1.1" 301 0 "-" "Mozilla/5.0 AppleWebKit/537.36 (KHTML, like Gecko; compatible; bingbot/2.0; +http://www.bing.com/bingbot.htm) Chrome/116.0.1938.76 Safari/537.36"
3.145.77.247 - - [17/Apr/2025:08:46:51 -0400] "GET /ad917/?path=%2Fhome%2Fservlmvm%2F..%2F..%2Fvar%2Fsoftaculous%2F.%2F..%2Frun HTTP/1.1" 200 1872 "-" "Mozilla/5.0 AppleWebKit/537.36 (KHTML, like Gecko; compatible; ClaudeBot/1.0; +claudebot@anthropic.com)"
20.171.207.105 - - [17/Apr/2025:08:46:51 -0400] "GET /wp-content/plugins/revslider/public/assets/js/+r.mp4+ HTTP/1.1" 404 16948 "-" "Mozilla/5.0 AppleWebKit/537.36 (KHTML, like Gecko; compatible; GPTBot/1.2; +https://openai.com/gptbot)"
3.145.77.247 - - [17/Apr/2025:08:46:54 -0400] "GET /ad917/?path=%2Fhome%2Fservlmvm%2F..%2F..%2Fusr%2Fshare%2Fenchant%2F..%2Fvim HTTP/1.1" 200 1505 "-" "Mozilla/5.0 AppleWebKit/537.36 (KHTML, like Gecko; compatible; ClaudeBot/1.0; +claudebot@anthropic.com)"
3.145.77.247 - - [17/Apr/2025:08:46:57 -0400] "GET /ad917/?path=%2Fhome%2Fservlmvm%2F..%2F..%2Fusr%2Fshare%2Fenchant%2F..%2Fxml HTTP/1.1" 200 1483 "-" "Mozilla/5.0 AppleWebKit/537.36 (KHTML, like Gecko; compatible; ClaudeBot/1.0; +claudebot@anthropic.com)"
66.249.77.40 - - [17/Apr/2025:08:46:58 -0400] "GET /goodscode/constituted/90817234.shtml HTTP/1.1" 404 16948 "-" "Mozilla/5.0 (Linux; Android 6.0.1; Nexus 5X Build/MMB29P) AppleWebKit/537.36 (KHTML, like Gecko) Chrome/135.0.7049.84 Mobile Safari/537.36 (compatible; Googlebot/2.1; +http://www.google.com/bot.html)"
3.145.77.247 - - [17/Apr/2025:08:47:00 -0400] "GET /ad917/?path=%2Fhome%2Fservlmvm%2F..%2F..%2Fvar%2Fsoftaculous%2F.%2F..%2Flib HTTP/1.1" 200 1639 "-" "Mozilla/5.0 AppleWebKit/537.36 (KHTML, like Gecko; compatible; ClaudeBot/1.0; +claudebot@anthropic.com)"
3.145.77.247 - - [17/Apr/2025:08:47:03 -0400] "GET /ad917/?path=%2Fhome%2Fservlmvm%2F..%2F..%2Fvar%2Fsoftaculous%2F.%2F..%2Flve HTTP/1.1" 200 1608 "-" "Mozilla/5.0 AppleWebKit/537.36 (KHTML, like Gecko; compatible; ClaudeBot/1.0; +claudebot@anthropic.com)"
3.145.77.247 - - [17/Apr/2025:08:47:06 -0400] "GET /ad917/?path=%2Fhome%2Fservlmvm%2F..%2F..%2Fvar%2Fsoftaculous%2F.%2Fx2%2Fmd5 HTTP/1.1" 200 3376 "-" "Mozilla/5.0 AppleWebKit/537.36 (KHTML, like Gecko; compatible; ClaudeBot/1.0; +claudebot@anthropic.com)"
3.145.77.247 - - [17/Apr/2025:08:47:09 -0400] "GET /ad917/?path=%2Fhome%2Fservlmvm%2F..%2F..%2Flib64%2Fbpf%2F..%2Fapache2%2F.. HTTP/1.1" 200 43621 "-" "Mozilla/5.0 AppleWebKit/537.36 (KHTML, like Gecko; compatible; ClaudeBot/1.0; +claudebot@anthropic.com)"
3.145.77.247 - - [17/Apr/2025:08:47:12 -0400] "GET /ad917/?path=%2Fhome%2Fservlmvm%2F..%2F..%2Flib64%2Fldb%2F..%2Fgettext%2F.. HTTP/1.1" 200 42898 "-" "Mozilla/5.0 AppleWebKit/537.36 (KHTML, like Gecko; compatible; ClaudeBot/1.0; +claudebot@anthropic.com)"
3.145.77.247 - - [17/Apr/2025:08:47:15 -0400] "GET /ad917/?path=%2Fhome%2Fservlmvm%2F..%2F..%2Flib64%2Fbpf%2F..%2Fdovecot%2F.. HTTP/1.1" 200 42336 "-" "Mozilla/5.0 AppleWebKit/537.36 (KHTML, like Gecko; compatible; ClaudeBot/1.0; +claudebot@anthropic.com)"
3.145.77.247 - - [17/Apr/2025:08:47:18 -0400] "GET /ad917/?path=%2Fhome%2F.%2Fservlmvm%2Flscache%2Ff%2F..%2F.%2F5%2F5%2Fb%2F.. HTTP/1.1" 200 1546 "-" "Mozilla/5.0 AppleWebKit/537.36 (KHTML, like Gecko; compatible; ClaudeBot/1.0; +claudebot@anthropic.com)"
3.145.77.247 - - [17/Apr/2025:08:47:21 -0400] "GET /ad917/?path=%2Fhome%2Fservlmvm%2F..%2Fservlmvm%2Fwww%2F5275b%2F.%2F..%2F.. HTTP/1.1" 200 2544 "-" "Mozilla/5.0 AppleWebKit/537.36 (KHTML, like Gecko; compatible; ClaudeBot/1.0; +claudebot@anthropic.com)"
3.145.77.247 - - [17/Apr/2025:08:47:24 -0400] "GET /ad917/?path=%2Fhome%2F.%2Fservlmvm%2Flscache%2F2%2F..%2Fd%2F.%2Fd%2Fd%2F.. HTTP/1.1" 200 1497 "-" "Mozilla/5.0 AppleWebKit/537.36 (KHTML, like Gecko; compatible; ClaudeBot/1.0; +claudebot@anthropic.com)"
198.54.116.86 - - [17/Apr/2025:08:47:25 -0400] "POST /wp-cron.php?doing_wp_cron=1744894045.8173940181732177734375 HTTP/1.1" 200 0 "-" "WordPress/6.8; https://servethepeopleinc.org"
20.171.207.105 - - [17/Apr/2025:08:47:25 -0400] "GET /wp-content/plugins/revslider/public/assets/js/+l+ HTTP/1.1" 404 16948 "-" "Mozilla/5.0 AppleWebKit/537.36 (KHTML, like Gecko; compatible; GPTBot/1.2; +https://openai.com/gptbot)"
198.54.116.86 - - [17/Apr/2025:08:47:26 -0400] "POST /wp-admin/admin-ajax.php?action=async_litespeed&nonce=yUFezSmjtkrYA9zwJeIWciDyJjlhQ8jW&litespeed_type=imgoptm HTTP/1.1" 200 21 "-" "WordPress/6.8; https://servethepeopleinc.org"
3.145.77.247 - - [17/Apr/2025:08:47:27 -0400] "GET /ad917/?path=%2Fhome%2F.%2Fservlmvm%2Flscache%2F3%2F9%2F..%2Fc%2F.%2Fe%2F.. HTTP/1.1" 200 1604 "-" "Mozilla/5.0 AppleWebKit/537.36 (KHTML, like Gecko; compatible; ClaudeBot/1.0; +claudebot@anthropic.com)"
40.77.167.57 - - [17/Apr/2025:08:47:27 -0400] "GET /detail/zs/niceness/69652796.shtml HTTP/1.1" 301 0 "-" "Mozilla/5.0 AppleWebKit/537.36 (KHTML, like Gecko; compatible; bingbot/2.0; +http://www.bing.com/bingbot.htm) Chrome/116.0.1938.76 Safari/537.36"
3.145.77.247 - - [17/Apr/2025:08:47:30 -0400] "GET /ad917/?path=%2Fhome%2F.%2Fservlmvm%2Flscache%2F9%2F..%2Ff%2F4%2F.%2F9%2F.. HTTP/1.1" 200 1582 "-" "Mozilla/5.0 AppleWebKit/537.36 (KHTML, like Gecko; compatible; ClaudeBot/1.0; +claudebot@anthropic.com)"
40.77.167.57 - - [17/Apr/2025:08:47:31 -0400] "GET /item/u/ochymy58233482.shtml HTTP/1.1" 301 0 "-" "Mozilla/5.0 AppleWebKit/537.36 (KHTML, like Gecko; compatible; bingbot/2.0; +http://www.bing.com/bingbot.htm) Chrome/116.0.1938.76 Safari/537.36"
3.145.77.247 - - [17/Apr/2025:08:47:33 -0400] "GET /ad917/?path=%2Fhome%2Fservlmvm%2F..%2F..%2Flib64%2Fnss%2F..%2Fdovecot%2F.. HTTP/1.1" 200 41353 "-" "Mozilla/5.0 AppleWebKit/537.36 (KHTML, like Gecko; compatible; ClaudeBot/1.0; +claudebot@anthropic.com)"
3.145.77.247 - - [17/Apr/2025:08:47:36 -0400] "GET /ad917/?path=%2Fhome%2F.%2Fservlmvm%2Flscache%2F7%2F7%2F..%2Fd%2F.%2F.%2F.. HTTP/1.1" 200 1651 "-" "Mozilla/5.0 AppleWebKit/537.36 (KHTML, like Gecko; compatible; ClaudeBot/1.0; +claudebot@anthropic.com)"
40.77.167.57 - - [17/Apr/2025:08:47:38 -0400] "GET /items10319568.shtml HTTP/1.1" 301 0 "-" "Mozilla/5.0 AppleWebKit/537.36 (KHTML, like Gecko; compatible; bingbot/2.0; +http://www.bing.com/bingbot.htm) Chrome/116.0.1938.76 Safari/537.36"
3.145.77.247 - - [17/Apr/2025:08:47:39 -0400] "GET /ad917/?path=%2Fhome%2Fservlmvm%2F..%2F..%2Fusr%2Fshare%2Fperl5%2FText%2F.. HTTP/1.1" 200 4060 "-" "Mozilla/5.0 AppleWebKit/537.36 (KHTML, like Gecko; compatible; ClaudeBot/1.0; +claudebot@anthropic.com)"
3.145.77.247 - - [17/Apr/2025:08:47:42 -0400] "GET /ad917/?path=%2Fhome%2F.%2Fservlmvm%2Flscache%2Ff%2F..%2F.%2Ff%2F.%2F7%2F.. HTTP/1.1" 200 1659 "-" "Mozilla/5.0 AppleWebKit/537.36 (KHTML, like Gecko; compatible; ClaudeBot/1.0; +claudebot@anthropic.com)"
3.145.77.247 - - [17/Apr/2025:08:47:45 -0400] "GET /ad917/?path=%2Fhome%2Fservlmvm%2F.%2F.cpanel%2F..%2F.%2F.cphorde%2F..%2F.. HTTP/1.1" 200 1486 "-" "Mozilla/5.0 AppleWebKit/537.36 (KHTML, like Gecko; compatible; ClaudeBot/1.0; +claudebot@anthropic.com)"
3.145.77.247 - - [17/Apr/2025:08:47:48 -0400] "GET /ad917/?path=%2Fhome%2Fservlmvm%2F..%2F..%2Flib64%2Fqt5%2F..%2Fenchant%2F.. HTTP/1.1" 200 43933 "-" "Mozilla/5.0 AppleWebKit/537.36 (KHTML, like Gecko; compatible; ClaudeBot/1.0; +claudebot@anthropic.com)"
3.145.77.247 - - [17/Apr/2025:08:47:51 -0400] "GET /ad917/?path=%2Fhome%2F.%2Fservlmvm%2Flscache%2F7%2F7%2F..%2F4%2F4%2F.%2F.. HTTP/1.1" 200 1507 "-" "Mozilla/5.0 AppleWebKit/537.36 (KHTML, like Gecko; compatible; ClaudeBot/1.0; +claudebot@anthropic.com)"
3.145.77.247 - - [17/Apr/2025:08:47:54 -0400] "GET /ad917/?path=%2Fhome%2F.%2Fservlmvm%2Flscache%2Ff%2F..%2F.%2Fd%2F4%2F4%2F.. HTTP/1.1" 200 1588 "-" "Mozilla/5.0 AppleWebKit/537.36 (KHTML, like Gecko; compatible; ClaudeBot/1.0; +claudebot@anthropic.com)"
3.145.77.247 - - [17/Apr/2025:08:47:57 -0400] "GET /ad917/?path=%2Fhome%2F.%2Fservlmvm%2Flscache%2Ff%2F..%2F.%2F0%2F1%2Ff%2F.. HTTP/1.1" 200 1611 "-" "Mozilla/5.0 AppleWebKit/537.36 (KHTML, like Gecko; compatible; ClaudeBot/1.0; +claudebot@anthropic.com)"
20.171.207.105 - - [17/Apr/2025:08:47:57 -0400] "GET /wp-json/wp/v2/pages/301 HTTP/1.1" 200 66839 "-" "Mozilla/5.0 AppleWebKit/537.36 (KHTML, like Gecko; compatible; GPTBot/1.2; +https://openai.com/gptbot)"
3.145.77.247 - - [17/Apr/2025:08:48:00 -0400] "GET /ad917/?path=%2Fhome%2F.%2Fservlmvm%2Flscache%2F2%2F..%2F6%2F.%2F.%2F4%2F.. HTTP/1.1" 200 1669 "-" "Mozilla/5.0 AppleWebKit/537.36 (KHTML, like Gecko; compatible; ClaudeBot/1.0; +claudebot@anthropic.com)"
198.54.116.86 - - [17/Apr/2025:08:48:02 -0400] "POST /wp-cron.php?doing_wp_cron=1744894082.8090720176696777343750 HTTP/1.1" 200 0 "-" "WordPress/6.8; https://servethepeopleinc.org"
52.167.144.195 - - [17/Apr/2025:08:48:02 -0400] "GET /shopdetail/85419914.shtml HTTP/1.1" 404 16940 "-" "Mozilla/5.0 AppleWebKit/537.36 (KHTML, like Gecko; compatible; bingbot/2.0; +http://www.bing.com/bingbot.htm) Chrome/116.0.1938.76 Safari/537.36"
3.145.77.247 - - [17/Apr/2025:08:48:03 -0400] "GET /ad917/?path=%2Fhome%2Fservlmvm%2F..%2F..%2Flib64%2Fgio%2Fmodules%2F..%2F.. HTTP/1.1" 200 45117 "-" "Mozilla/5.0 AppleWebKit/537.36 (KHTML, like Gecko; compatible; ClaudeBot/1.0; +claudebot@anthropic.com)"
3.145.77.247 - - [17/Apr/2025:08:48:06 -0400] "GET /ad917/?path=%2Fhome%2F.%2Fservlmvm%2Flscache%2F3%2F9%2F..%2F.%2Fd%2F9%2F.. HTTP/1.1" 200 1559 "-" "Mozilla/5.0 AppleWebKit/537.36 (KHTML, like Gecko; compatible; ClaudeBot/1.0; +claudebot@anthropic.com)"
3.145.77.247 - - [17/Apr/2025:08:48:09 -0400] "GET /ad917/?path=%2Fhome%2F.%2Fservlmvm%2Flscache%2Ff%2F..%2F.%2Fa%2Fc%2Fb%2F.. HTTP/1.1" 200 1559 "-" "Mozilla/5.0 AppleWebKit/537.36 (KHTML, like Gecko; compatible; ClaudeBot/1.0; +claudebot@anthropic.com)"
3.145.77.247 - - [17/Apr/2025:08:48:12 -0400] "GET /ad917/?path=%2Fhome%2F.%2Fservlmvm%2Flscache%2Ff%2F..%2F.%2F4%2Fc%2F.%2F.. HTTP/1.1" 200 1676 "-" "Mozilla/5.0 AppleWebKit/537.36 (KHTML, like Gecko; compatible; ClaudeBot/1.0; +claudebot@anthropic.com)"
3.145.77.247 - - [17/Apr/2025:08:48:15 -0400] "GET /ad917/?path=%2Fhome%2Fservlmvm%2F..%2F..%2Flib64%2Fgio%2F..%2Fenchant%2F.. HTTP/1.1" 200 43968 "-" "Mozilla/5.0 AppleWebKit/537.36 (KHTML, like Gecko; compatible; ClaudeBot/1.0; +claudebot@anthropic.com)"
3.145.77.247 - - [17/Apr/2025:08:48:18 -0400] "GET /ad917/?path=%2Fhome%2Fservlmvm%2F..%2F..%2Flib64%2Flua%2F..%2Fgettext%2F.. HTTP/1.1" 200 45479 "-" "Mozilla/5.0 AppleWebKit/537.36 (KHTML, like Gecko; compatible; ClaudeBot/1.0; +claudebot@anthropic.com)"
3.145.77.247 - - [17/Apr/2025:08:48:21 -0400] "GET /ad917/?path=%2Fhome%2F.%2Fservlmvm%2Flscache%2F2%2F..%2Fd%2F9%2F.%2F9%2F.. HTTP/1.1" 200 1513 "-" "Mozilla/5.0 AppleWebKit/537.36 (KHTML, like Gecko; compatible; ClaudeBot/1.0; +claudebot@anthropic.com)"
3.145.77.247 - - [17/Apr/2025:08:48:24 -0400] "GET /ad917/?path=%2Fhome%2Fservlmvm%2F..%2F..%2Fvar%2Fsoftaculous%2F.%2Fx2%2F.. HTTP/1.1" 200 12412 "-" "Mozilla/5.0 AppleWebKit/537.36 (KHTML, like Gecko; compatible; ClaudeBot/1.0; +claudebot@anthropic.com)"
20.171.207.105 - - [17/Apr/2025:08:48:31 -0400] "GET /wp-content/themes/woodmart/js/scripts/global/callPhotoSwipe.min.js?ver=7.3.2 HTTP/1.1" 200 524 "-" "Mozilla/5.0 AppleWebKit/537.36 (KHTML, like Gecko; compatible; GPTBot/1.2; +https://openai.com/gptbot)"
3.137.208.89 - - [17/Apr/2025:08:48:52 -0400] "GET /ad917/?path=%2Fhome%2Fservlmvm%2F.%2F.cl.selector%2F..%2Flscache%2F5%2F3%2F2 HTTP/1.1" 200 1621 "-" "Mozilla/5.0 AppleWebKit/537.36 (KHTML, like Gecko; compatible; ClaudeBot/1.0; +claudebot@anthropic.com)"
3.137.208.89 - - [17/Apr/2025:08:48:55 -0400] "GET /ad917/?path=%2Fhome%2Fservlmvm%2F..%2F..%2Fvar%2Fsoftaculous%2F.%2Fkoken%2F. HTTP/1.1" 200 2012 "-" "Mozilla/5.0 AppleWebKit/537.36 (KHTML, like Gecko; compatible; ClaudeBot/1.0; +claudebot@anthropic.com)"
3.137.208.89 - - [17/Apr/2025:08:48:58 -0400] "GET /ad917/?path=%2Fhome%2Fservlmvm%2F.%2F.cl.selector%2F..%2Flscache%2Fd%2F0%2F2 HTTP/1.1" 200 1549 "-" "Mozilla/5.0 AppleWebKit/537.36 (KHTML, like Gecko; compatible; ClaudeBot/1.0; +claudebot@anthropic.com)"
3.137.208.89 - - [17/Apr/2025:08:49:01 -0400] "GET /ad917/?path=%2Fhome%2Fservlmvm%2F.%2F.cl.selector%2F..%2Flscache%2F8%2Fd%2F. HTTP/1.1" 200 1589 "-" "Mozilla/5.0 AppleWebKit/537.36 (KHTML, like Gecko; compatible; ClaudeBot/1.0; +claudebot@anthropic.com)"
3.137.208.89 - - [17/Apr/2025:08:49:04 -0400] "GET /ad917/?path=%2Fhome%2Fservlmvm%2F.%2F.cl.selector%2F..%2Flscache%2Fe%2F3%2Fd HTTP/1.1" 200 1549 "-" "Mozilla/5.0 AppleWebKit/537.36 (KHTML, like Gecko; compatible; ClaudeBot/1.0; +claudebot@anthropic.com)"
20.171.207.105 - - [17/Apr/2025:08:49:04 -0400] "GET /wp-content/themes/woodmart/js/libs/photoswipe-bundle.min.js?ver=7.3.2 HTTP/1.1" 200 14371 "-" "Mozilla/5.0 AppleWebKit/537.36 (KHTML, like Gecko; compatible; GPTBot/1.2; +https://openai.com/gptbot)"
3.137.208.89 - - [17/Apr/2025:08:49:07 -0400] "GET /ad917/?path=%2Fhome%2Fservlmvm%2F.%2F.cl.selector%2F..%2Flscache%2F5%2F9%2Fa HTTP/1.1" 200 1549 "-" "Mozilla/5.0 AppleWebKit/537.36 (KHTML, like Gecko; compatible; ClaudeBot/1.0; +claudebot@anthropic.com)"
3.137.208.89 - - [17/Apr/2025:08:49:10 -0400] "GET /ad917/?path=%2Fhome%2Fservlmvm%2F.%2F.cl.selector%2F..%2Flscache%2F5%2Fd%2F6 HTTP/1.1" 200 1217 "-" "Mozilla/5.0 AppleWebKit/537.36 (KHTML, like Gecko; compatible; ClaudeBot/1.0; +claudebot@anthropic.com)"
3.137.208.89 - - [17/Apr/2025:08:49:13 -0400] "GET /ad917/?path=%2Fhome%2Fservlmvm%2F..%2F..%2Fvar%2Fsoftaculous%2F.%2Fdolph%2F. HTTP/1.1" 200 2058 "-" "Mozilla/5.0 AppleWebKit/537.36 (KHTML, like Gecko; compatible; ClaudeBot/1.0; +claudebot@anthropic.com)"
3.137.208.89 - - [17/Apr/2025:08:49:16 -0400] "GET /ad917/?path=%2Fhome%2Fservlmvm%2F.%2F.cl.selector%2F..%2Flscache%2F8%2Fd%2Fa HTTP/1.1" 200 1550 "-" "Mozilla/5.0 AppleWebKit/537.36 (KHTML, like Gecko; compatible; ClaudeBot/1.0; +claudebot@anthropic.com)"
3.137.208.89 - - [17/Apr/2025:08:49:19 -0400] "GET /ad917/?path=%2Fhome%2Fservlmvm%2F.%2F.cl.selector%2F..%2Flscache%2F5%2Ff%2Fa HTTP/1.1" 200 1218 "-" "Mozilla/5.0 AppleWebKit/537.36 (KHTML, like Gecko; compatible; ClaudeBot/1.0; +claudebot@anthropic.com)"
198.54.116.86 - - [17/Apr/2025:08:49:22 -0400] "POST /wp-cron.php?doing_wp_cron=1744894162.2083969116210937500000 HTTP/1.1" 200 0 "-" "WordPress/6.8; https://servethepeopleinc.org"
3.137.208.89 - - [17/Apr/2025:08:49:22 -0400] "GET /ad917/?path=%2Fhome%2Fservlmvm%2F.%2F.cl.selector%2F..%2Flscache%2F5%2Fd%2F3 HTTP/1.1" 200 1219 "-" "Mozilla/5.0 AppleWebKit/537.36 (KHTML, like Gecko; compatible; ClaudeBot/1.0; +claudebot@anthropic.com)"
52.167.144.20 - - [17/Apr/2025:08:49:22 -0400] "GET /special52995348.shtml HTTP/1.1" 404 16940 "-" "Mozilla/5.0 AppleWebKit/537.36 (KHTML, like Gecko; compatible; bingbot/2.0; +http://www.bing.com/bingbot.htm) Chrome/116.0.1938.76 Safari/537.36"
198.54.116.86 - - [17/Apr/2025:08:49:22 -0400] "POST /wp-admin/admin-ajax.php?action=async_litespeed&nonce=GHBJgqnh4xPdcUtSoPVJIfQgHmjn3e40&litespeed_type=imgoptm HTTP/1.1" 200 21 "-" "WordPress/6.8; https://servethepeopleinc.org"
40.77.167.243 - - [17/Apr/2025:08:49:23 -0400] "GET /product/46864792.shtml HTTP/1.1" 301 0 "-" "Mozilla/5.0 AppleWebKit/537.36 (KHTML, like Gecko; compatible; bingbot/2.0; +http://www.bing.com/bingbot.htm) Chrome/116.0.1938.76 Safari/537.36"
3.137.208.89 - - [17/Apr/2025:08:49:25 -0400] "GET /ad917/?path=%2Fhome%2Fservlmvm%2F.%2F.cl.selector%2F..%2Flscache%2F5%2F3%2Fc HTTP/1.1" 200 1219 "-" "Mozilla/5.0 AppleWebKit/537.36 (KHTML, like Gecko; compatible; ClaudeBot/1.0; +claudebot@anthropic.com)"
3.137.208.89 - - [17/Apr/2025:08:49:28 -0400] "GET /ad917/?path=%2Fhome%2Fservlmvm%2F.%2F.cl.selector%2F..%2Flscache%2Fd%2F0%2F3 HTTP/1.1" 200 1549 "-" "Mozilla/5.0 AppleWebKit/537.36 (KHTML, like Gecko; compatible; ClaudeBot/1.0; +claudebot@anthropic.com)"
3.137.208.89 - - [17/Apr/2025:08:49:31 -0400] "GET /ad917/?path=%2Fhome%2Fservlmvm%2F.%2F.cl.selector%2F..%2Flscache%2Fe%2Ff%2F1 HTTP/1.1" 200 1218 "-" "Mozilla/5.0 AppleWebKit/537.36 (KHTML, like Gecko; compatible; ClaudeBot/1.0; +claudebot@anthropic.com)"
66.249.77.40 - - [17/Apr/2025:08:49:32 -0400] "GET /goodscode2194630.shtml HTTP/1.1" 404 16938 "-" "Mozilla/5.0 (Linux; Android 6.0.1; Nexus 5X Build/MMB29P) AppleWebKit/537.36 (KHTML, like Gecko) Chrome/135.0.7049.84 Mobile Safari/537.36 (compatible; GoogleOther)"
3.137.208.89 - - [17/Apr/2025:08:49:34 -0400] "GET /ad917/?path=%2Fhome%2Fservlmvm%2F.%2F.cl.selector%2F..%2Flscache%2F5%2Ff%2F8 HTTP/1.1" 200 1589 "-" "Mozilla/5.0 AppleWebKit/537.36 (KHTML, like Gecko; compatible; ClaudeBot/1.0; +claudebot@anthropic.com)"
3.137.208.89 - - [17/Apr/2025:08:49:37 -0400] "GET /ad917/?path=%2Fhome%2Fservlmvm%2F..%2F..%2Fusr%2Fshare%2Fenchant%2F..%2Ffile HTTP/1.1" 200 1522 "-" "Mozilla/5.0 AppleWebKit/537.36 (KHTML, like Gecko; compatible; ClaudeBot/1.0; +claudebot@anthropic.com)"
20.171.207.105 - - [17/Apr/2025:08:49:38 -0400] "GET /wp-content/themes/woodmart/js/libs/isotope-bundle.min.js?ver=7.3.2 HTTP/1.1" 200 13240 "-" "Mozilla/5.0 AppleWebKit/537.36 (KHTML, like Gecko; compatible; GPTBot/1.2; +https://openai.com/gptbot)"
3.137.208.89 - - [17/Apr/2025:08:49:40 -0400] "GET /ad917/?path=%2Fhome%2Fservlmvm%2F.%2F.cl.selector%2F..%2Flscache%2Fd%2F0%2F4 HTTP/1.1" 200 1218 "-" "Mozilla/5.0 AppleWebKit/537.36 (KHTML, like Gecko; compatible; ClaudeBot/1.0; +claudebot@anthropic.com)"
3.137.208.89 - - [17/Apr/2025:08:49:43 -0400] "GET /ad917/?path=%2Fhome%2Fservlmvm%2F.%2F.cl.selector%2F..%2Flscache%2F5%2Ff%2F5 HTTP/1.1" 200 1215 "-" "Mozilla/5.0 AppleWebKit/537.36 (KHTML, like Gecko; compatible; ClaudeBot/1.0; +claudebot@anthropic.com)"
3.137.208.89 - - [17/Apr/2025:08:49:46 -0400] "GET /ad917/?path=%2Fhome%2Fservlmvm%2F..%2F..%2Flib64%2Fgio%2F..%2Fpulseaudio%2F. HTTP/1.1" 200 1563 "-" "Mozilla/5.0 AppleWebKit/537.36 (KHTML, like Gecko; compatible; ClaudeBot/1.0; +claudebot@anthropic.com)"
3.137.208.89 - - [17/Apr/2025:08:49:49 -0400] "GET /ad917/?path=%2Fhome%2Fservlmvm%2F.%2F.cl.selector%2F..%2Flscache%2F8%2Fd%2F5 HTTP/1.1" 200 1217 "-" "Mozilla/5.0 AppleWebKit/537.36 (KHTML, like Gecko; compatible; ClaudeBot/1.0; +claudebot@anthropic.com)"
3.137.208.89 - - [17/Apr/2025:08:49:52 -0400] "GET /ad917/?path=%2Fhome%2Fservlmvm%2F.%2F.cl.selector%2F..%2Flscache%2F3%2Fd%2Fa HTTP/1.1" 200 1549 "-" "Mozilla/5.0 AppleWebKit/537.36 (KHTML, like Gecko; compatible; ClaudeBot/1.0; +claudebot@anthropic.com)"
3.137.208.89 - - [17/Apr/2025:08:49:55 -0400] "GET /ad917/?path=%2Fhome%2Fservlmvm%2F.%2F.cl.selector%2F..%2Flscache%2Fd%2F0%2F8 HTTP/1.1" 200 1589 "-" "Mozilla/5.0 AppleWebKit/537.36 (KHTML, like Gecko; compatible; ClaudeBot/1.0; +claudebot@anthropic.com)"
3.137.208.89 - - [17/Apr/2025:08:49:58 -0400] "GET /ad917/?path=%2Fhome%2Fservlmvm%2F.%2F.cl.selector%2F..%2Flscache%2F8%2Fd%2Fb HTTP/1.1" 200 1218 "-" "Mozilla/5.0 AppleWebKit/537.36 (KHTML, like Gecko; compatible; ClaudeBot/1.0; +claudebot@anthropic.com)"
3.137.208.89 - - [17/Apr/2025:08:50:01 -0400] "GET /ad917/?path=%2Fhome%2Fservlmvm%2F.%2F.cl.selector%2F..%2Flscache%2F5%2Ff%2F1 HTTP/1.1" 200 1219 "-" "Mozilla/5.0 AppleWebKit/537.36 (KHTML, like Gecko; compatible; ClaudeBot/1.0; +claudebot@anthropic.com)"
198.54.116.86 - - [17/Apr/2025:08:50:01 -0400] "POST /wp-cron.php?doing_wp_cron=1744894201.9193379878997802734375 HTTP/1.1" 200 0 "-" "WordPress/6.8; https://servethepeopleinc.org"
40.77.167.243 - - [17/Apr/2025:08:50:01 -0400] "GET /entity/vxg/incommiscible83920700.shtml HTTP/1.1" 301 0 "-" "Mozilla/5.0 AppleWebKit/537.36 (KHTML, like Gecko; compatible; bingbot/2.0; +http://www.bing.com/bingbot.htm) Chrome/116.0.1938.76 Safari/537.36"
3.137.208.89 - - [17/Apr/2025:08:50:04 -0400] "GET /ad917/?path=%2Fhome%2Fservlmvm%2F.%2F.cl.selector%2F..%2Flscache%2F5%2F4%2F9 HTTP/1.1" 200 1219 "-" "Mozilla/5.0 AppleWebKit/537.36 (KHTML, like Gecko; compatible; ClaudeBot/1.0; +claudebot@anthropic.com)"
3.137.208.89 - - [17/Apr/2025:08:50:07 -0400] "GET /ad917/?path=%2Fhome%2Fservlmvm%2F..%2F..%2Fusr%2Fshare%2Fenchant%2F..%2Finfo HTTP/1.1" 200 1539 "-" "Mozilla/5.0 AppleWebKit/537.36 (KHTML, like Gecko; compatible; ClaudeBot/1.0; +claudebot@anthropic.com)"
