18.226.52.105 - - [17/Apr/2025:09:38:38 -0400] "GET /ad917/?path=%2Fhome%2Fservlmvm%2F.%2Fpublic_html%2F..%2Fpuppiesoftexas.com%2Fwp-admin%2F.%2Fmedia.php HTTP/1.1" 200 1383 "-" "Mozilla/5.0 AppleWebKit/537.36 (KHTML, like Gecko; compatible; ClaudeBot/1.0; +claudebot@anthropic.com)"
18.226.52.105 - - [17/Apr/2025:09:38:41 -0400] "GET /ad917/?path=%2Fhome%2Fservlmvm%2F.%2Fpublic_html%2F.%2F..%2Fspekkshealth.com%2Fwp-admin%2Fwidgets.php HTTP/1.1" 200 1538 "-" "Mozilla/5.0 AppleWebKit/537.36 (KHTML, like Gecko; compatible; ClaudeBot/1.0; +claudebot@anthropic.com)"
18.226.52.105 - - [17/Apr/2025:09:38:44 -0400] "GET /ad917/?path=%2Fhome%2Fservlmvm%2F.%2Fpublic_html%2F..%2Fpuppiesoftexas.com%2Fwp-admin%2F.%2Ftools.php HTTP/1.1" 200 2416 "-" "Mozilla/5.0 AppleWebKit/537.36 (KHTML, like Gecko; compatible; ClaudeBot/1.0; +claudebot@anthropic.com)"
198.54.116.86 - - [17/Apr/2025:09:38:46 -0400] "POST /wp-cron.php?doing_wp_cron=1744897126.6693930625915527343750 HTTP/1.1" 200 0 "-" "WordPress/6.8; https://servethepeopleinc.org"
40.77.167.47 - - [17/Apr/2025:09:38:46 -0400] "GET /entity/malleal/121721354.shtml HTTP/1.1" 301 0 "-" "Mozilla/5.0 AppleWebKit/537.36 (KHTML, like Gecko; compatible; bingbot/2.0; +http://www.bing.com/bingbot.htm) Chrome/116.0.1938.76 Safari/537.36"
198.54.116.86 - - [17/Apr/2025:09:38:46 -0400] "POST /wp-admin/admin-ajax.php?action=async_litespeed&nonce=itJMGrGoeiTzzt9H4pKDVUPlzqHJs4oV&litespeed_type=imgoptm HTTP/1.1" 200 21 "-" "WordPress/6.8; https://servethepeopleinc.org"
18.226.52.105 - - [17/Apr/2025:09:38:47 -0400] "GET /ad917/?path=%2Fhome%2Fservlmvm%2F.%2Fpublic_html%2F5275b%2F..%2Fwp-admin%2Fcss%2Fdeprecated-media.css HTTP/1.1" 200 2842 "-" "Mozilla/5.0 AppleWebKit/537.36 (KHTML, like Gecko; compatible; ClaudeBot/1.0; +claudebot@anthropic.com)"
18.226.52.105 - - [17/Apr/2025:09:38:50 -0400] "GET /ad917/?path=%2Fhome%2Fservlmvm%2F.%2Fpublic_html%2F.%2Fwp-includes%2F.%2Ftheme-compat%2Fembed-404.php HTTP/1.1" 200 1513 "-" "Mozilla/5.0 AppleWebKit/537.36 (KHTML, like Gecko; compatible; ClaudeBot/1.0; +claudebot@anthropic.com)"
20.171.207.105 - - [17/Apr/2025:09:38:52 -0400] "GET /hello-world/embed/ HTTP/1.1" 200 6182 "-" "Mozilla/5.0 AppleWebKit/537.36 (KHTML, like Gecko; compatible; GPTBot/1.2; +https://openai.com/gptbot)"
18.226.52.105 - - [17/Apr/2025:09:38:53 -0400] "GET /ad917/?path=%2Fhome%2Fservlmvm%2F.%2Fpublic_html%2F..%2Fpuppiesoftexas.com%2Fwp-admin%2F.%2Ferror_log HTTP/1.1" 200 1272 "-" "Mozilla/5.0 AppleWebKit/537.36 (KHTML, like Gecko; compatible; ClaudeBot/1.0; +claudebot@anthropic.com)"
18.226.52.105 - - [17/Apr/2025:09:38:56 -0400] "GET /ad917/?path=%2Fhome%2Fservlmvm%2F.%2F.spamassassin%2F..%2Fspekkshealth.com%2Fwp-admin%2F.%2Findex.php HTTP/1.1" 200 4072 "-" "Mozilla/5.0 AppleWebKit/537.36 (KHTML, like Gecko; compatible; ClaudeBot/1.0; +claudebot@anthropic.com)"
18.226.52.105 - - [17/Apr/2025:09:38:59 -0400] "GET /ad917/?path=%2Fhome%2Fservlmvm%2F.%2Fpublic_html%2F5275b%2F..%2Fwp-admin%2Fcss%2Fcolor-picker-rtl.css HTTP/1.1" 200 2000 "-" "Mozilla/5.0 AppleWebKit/537.36 (KHTML, like Gecko; compatible; ClaudeBot/1.0; +claudebot@anthropic.com)"
18.226.52.105 - - [17/Apr/2025:09:39:02 -0400] "GET /ad917/?path=%2Fhome%2Fservlmvm%2F.%2Fpublic_html%2F..%2F.%2Fspekkshealth.com%2Fwp-admin%2Fplugins.php HTTP/1.1" 200 9032 "-" "Mozilla/5.0 AppleWebKit/537.36 (KHTML, like Gecko; compatible; ClaudeBot/1.0; +claudebot@anthropic.com)"
18.226.52.105 - - [17/Apr/2025:09:39:05 -0400] "GET /ad917/?path=%2Fhome%2Fservlmvm%2F..%2F.%2Fservlmvm%2Fwww%2Fwp-admin%2Fincludes%2Fms-admin-filters.php HTTP/1.1" 200 1428 "-" "Mozilla/5.0 AppleWebKit/537.36 (KHTML, like Gecko; compatible; ClaudeBot/1.0; +claudebot@anthropic.com)"
18.226.52.105 - - [17/Apr/2025:09:39:08 -0400] "GET /ad917/?path=%2Fhome%2Fservlmvm%2F.%2Fpublic_html%2F..%2Fpuppiesoftexas.com%2Fwp-admin%2F.%2Fabout.php HTTP/1.1" 200 5997 "-" "Mozilla/5.0 AppleWebKit/537.36 (KHTML, like Gecko; compatible; ClaudeBot/1.0; +claudebot@anthropic.com)"
18.226.52.105 - - [17/Apr/2025:09:39:11 -0400] "GET /ad917/?path=%2Fhome%2Fservlmvm%2F.%2Fpublic_html%2F..%2Fpuppiesoftexas.com%2Fwp-admin%2F.%2F.htaccess HTTP/1.1" 403 1242 "-" "Mozilla/5.0 AppleWebKit/537.36 (KHTML, like Gecko; compatible; ClaudeBot/1.0; +claudebot@anthropic.com)"
198.54.116.86 - - [17/Apr/2025:09:39:13 -0400] "POST /wp-cron.php?doing_wp_cron=1744897153.3361709117889404296875 HTTP/1.1" 200 0 "-" "WordPress/6.8; https://servethepeopleinc.org"
51.222.253.17 - - [17/Apr/2025:09:39:13 -0400] "GET /detail47218142.shtml HTTP/1.1" 404 16939 "-" "Mozilla/5.0 (compatible; AhrefsBot/7.0; +http://ahrefs.com/robot/)"
198.54.116.86 - - [17/Apr/2025:09:39:13 -0400] "POST /wp-admin/admin-ajax.php?action=async_litespeed&nonce=MvAp7XhTFUydjXjxkVTV5kGjaPDzsyB7&litespeed_type=imgoptm HTTP/1.1" 200 21 "-" "WordPress/6.8; https://servethepeopleinc.org"
18.226.52.105 - - [17/Apr/2025:09:39:14 -0400] "GET /ad917/?path=%2Fhome%2Fservlmvm%2F..%2F.%2F..%2Flib%2Fpython2.7%2Fsite-packages%2Fsix-1.11.0.dist-info HTTP/1.1" 200 1726 "-" "Mozilla/5.0 AppleWebKit/537.36 (KHTML, like Gecko; compatible; ClaudeBot/1.0; +claudebot@anthropic.com)"
18.226.52.105 - - [17/Apr/2025:09:39:17 -0400] "GET /ad917/?path=%2Fhome%2Fservlmvm%2F.%2Fpublic_html%2F..%2F.%2Fspekkshealth.com%2Fwp-admin%2Fms-edit.php HTTP/1.1" 200 1137 "-" "Mozilla/5.0 AppleWebKit/537.36 (KHTML, like Gecko; compatible; ClaudeBot/1.0; +claudebot@anthropic.com)"
18.226.52.105 - - [17/Apr/2025:09:39:20 -0400] "GET /ad917/?path=%2Fhome%2Fservlmvm%2F.%2F.%2F.%2Fspekkshealth.com%2Fwp-admin%2Fcss%2Fwp-admin-rtl.min.css HTTP/1.1" 200 1108 "-" "Mozilla/5.0 AppleWebKit/537.36 (KHTML, like Gecko; compatible; ClaudeBot/1.0; +claudebot@anthropic.com)"
18.226.52.105 - - [17/Apr/2025:09:39:23 -0400] "GET /ad917/?path=%2Fhome%2Fservlmvm%2F.%2Fpublic_html%2F..%2Fpuppiesoftexas.com%2Fwp-admin%2F.%2Fadmin.php HTTP/1.1" 200 4918 "-" "Mozilla/5.0 AppleWebKit/537.36 (KHTML, like Gecko; compatible; ClaudeBot/1.0; +claudebot@anthropic.com)"
40.77.167.116 - - [17/Apr/2025:09:39:23 -0400] "GET /shopping/mammonish/2617372.shtml HTTP/1.1" 301 0 "-" "Mozilla/5.0 AppleWebKit/537.36 (KHTML, like Gecko; compatible; bingbot/2.0; +http://www.bing.com/bingbot.htm) Chrome/116.0.1938.76 Safari/537.36"
18.226.52.105 - - [17/Apr/2025:09:39:26 -0400] "GET /ad917/?path=%2Fhome%2Fservlmvm%2F.%2F.%2F.%2Fspekkshealth.com%2Fwp-admin%2Fcss%2Fcolor-picker-rtl.css HTTP/1.1" 200 1986 "-" "Mozilla/5.0 AppleWebKit/537.36 (KHTML, like Gecko; compatible; ClaudeBot/1.0; +claudebot@anthropic.com)"
52.167.144.150 - - [17/Apr/2025:09:39:28 -0400] "GET /goodscode/q/protectorial538586.shtml HTTP/1.1" 301 0 "-" "Mozilla/5.0 AppleWebKit/537.36 (KHTML, like Gecko; compatible; bingbot/2.0; +http://www.bing.com/bingbot.htm) Chrome/116.0.1938.76 Safari/537.36"
18.226.52.105 - - [17/Apr/2025:09:39:29 -0400] "GET /ad917/?path=%2Fhome%2Fservlmvm%2F.%2Fpublic_html%2F.%2F..%2Fspekkshealth.com%2Fwp-admin%2Fms-edit.php HTTP/1.1" 200 1135 "-" "Mozilla/5.0 AppleWebKit/537.36 (KHTML, like Gecko; compatible; ClaudeBot/1.0; +claudebot@anthropic.com)"
18.226.52.105 - - [17/Apr/2025:09:39:32 -0400] "GET /ad917/?path=%2Fhome%2Fservlmvm%2F.%2F.%2F.%2Fspekkshealth.com%2Fwp-admin%2Fcss%2Fcolor-picker.min.css HTTP/1.1" 200 1771 "-" "Mozilla/5.0 AppleWebKit/537.36 (KHTML, like Gecko; compatible; ClaudeBot/1.0; +claudebot@anthropic.com)"
18.226.52.105 - - [17/Apr/2025:09:39:35 -0400] "GET /ad917/?path=%2Fhome%2Fservlmvm%2F.%2Fpublic_html%2F..%2F.%2Fspekkshealth.com%2Fwp-admin%2Fcredits.php HTTP/1.1" 200 2281 "-" "Mozilla/5.0 AppleWebKit/537.36 (KHTML, like Gecko; compatible; ClaudeBot/1.0; +claudebot@anthropic.com)"
40.77.167.47 - - [17/Apr/2025:09:39:36 -0400] "GET /entity/megacosm/99465874.shtml HTTP/1.1" 301 0 "-" "Mozilla/5.0 AppleWebKit/537.36 (KHTML, like Gecko; compatible; bingbot/2.0; +http://www.bing.com/bingbot.htm) Chrome/116.0.1938.76 Safari/537.36"
18.226.52.105 - - [17/Apr/2025:09:39:38 -0400] "GET /ad917/?path=%2Fhome%2Fservlmvm%2F.%2Fpublic_html%2F5275b%2F..%2Fwp-admin%2Fcss%2Fcolor-picker.min.css HTTP/1.1" 200 1790 "-" "Mozilla/5.0 AppleWebKit/537.36 (KHTML, like Gecko; compatible; ClaudeBot/1.0; +claudebot@anthropic.com)"
18.226.52.105 - - [17/Apr/2025:09:39:41 -0400] "GET /ad917/?path=%2Fhome%2Fservlmvm%2F.%2Fpublic_html%2F..%2Fpuppiesoftexas.com%2Fwp-admin%2F.%2Findex.php HTTP/1.1" 200 4101 "-" "Mozilla/5.0 AppleWebKit/537.36 (KHTML, like Gecko; compatible; ClaudeBot/1.0; +claudebot@anthropic.com)"
18.226.52.105 - - [17/Apr/2025:09:39:44 -0400] "GET /ad917/?path=%2Fhome%2Fservlmvm%2F.%2Fpublic_html%2F..%2F.%2Fspekkshealth.com%2Fwp-admin%2Fprofile.php HTTP/1.1" 200 1171 "-" "Mozilla/5.0 AppleWebKit/537.36 (KHTML, like Gecko; compatible; ClaudeBot/1.0; +claudebot@anthropic.com)"
18.226.52.105 - - [17/Apr/2025:09:39:47 -0400] "GET /ad917/?path=%2Fhome%2Fservlmvm%2F.%2Fpublic_html%2F597e1%2F..%2Fwp-admin%2Fcss%2Fcolor-picker-rtl.css HTTP/1.1" 200 1999 "-" "Mozilla/5.0 AppleWebKit/537.36 (KHTML, like Gecko; compatible; ClaudeBot/1.0; +claudebot@anthropic.com)"
18.226.52.105 - - [17/Apr/2025:09:39:50 -0400] "GET /ad917/?path=%2Fhome%2Fservlmvm%2F.%2Fpublic_html%2F597e1%2F..%2Fwp-admin%2Fcss%2Fdeprecated-media.css HTTP/1.1" 200 2811 "-" "Mozilla/5.0 AppleWebKit/537.36 (KHTML, like Gecko; compatible; ClaudeBot/1.0; +claudebot@anthropic.com)"
18.226.52.105 - - [17/Apr/2025:09:39:53 -0400] "GET /ad917/?path=%2Fhome%2Fservlmvm%2F.%2Fpublic_html%2F5275b%2F..%2Fwp-admin%2Fcss%2Fwp-admin-rtl.min.css HTTP/1.1" 200 1122 "-" "Mozilla/5.0 AppleWebKit/537.36 (KHTML, like Gecko; compatible; ClaudeBot/1.0; +claudebot@anthropic.com)"
18.226.52.105 - - [17/Apr/2025:09:39:56 -0400] "GET /ad917/?path=%2Fhome%2Fservlmvm%2F.%2F.spamassassin%2F..%2Fspekkshealth.com%2Fwp-admin%2F.%2Fadmin.php HTTP/1.1" 200 4913 "-" "Mozilla/5.0 AppleWebKit/537.36 (KHTML, like Gecko; compatible; ClaudeBot/1.0; +claudebot@anthropic.com)"
18.226.52.105 - - [17/Apr/2025:09:39:59 -0400] "GET /ad917/?path=%2Fhome%2Fservlmvm%2F.%2Fpublic_html%2F597e1%2F..%2Fwp-admin%2Fcss%2Fwp-admin-rtl.min.css HTTP/1.1" 200 1122 "-" "Mozilla/5.0 AppleWebKit/537.36 (KHTML, like Gecko; compatible; ClaudeBot/1.0; +claudebot@anthropic.com)"
18.226.52.105 - - [17/Apr/2025:09:40:02 -0400] "GET /ad917/?path=%2Fhome%2Fservlmvm%2F.%2Fpublic_html%2F.%2F..%2Fspekkshealth.com%2Fwp-admin%2Foptions.php HTTP/1.1" 200 5719 "-" "Mozilla/5.0 AppleWebKit/537.36 (KHTML, like Gecko; compatible; ClaudeBot/1.0; +claudebot@anthropic.com)"
198.54.116.86 - - [17/Apr/2025:09:40:04 -0400] "POST /wp-cron.php?doing_wp_cron=1744897204.9122629165649414062500 HTTP/1.1" 200 0 "-" "WordPress/6.8; https://servethepeopleinc.org"
52.167.144.211 - - [17/Apr/2025:09:40:04 -0400] "GET /items/dysphonia/1614228.shtml HTTP/1.1" 404 16949 "-" "Mozilla/5.0 AppleWebKit/537.36 (KHTML, like Gecko; compatible; bingbot/2.0; +http://www.bing.com/bingbot.htm) Chrome/116.0.1938.76 Safari/537.36"
18.226.52.105 - - [17/Apr/2025:09:40:05 -0400] "GET /ad917/?path=%2Fhome%2Fservlmvm%2F.%2Fpublic_html%2F.%2F..%2Fspekkshealth.com%2Fwp-admin%2Fprofile.php HTTP/1.1" 200 1171 "-" "Mozilla/5.0 AppleWebKit/537.36 (KHTML, like Gecko; compatible; ClaudeBot/1.0; +claudebot@anthropic.com)"
18.226.52.105 - - [17/Apr/2025:09:40:08 -0400] "GET /ad917/?path=%2Fhome%2Fservlmvm%2F.%2F.%2Fpublic_html%2Fwp-includes%2F.%2Ftheme-compat%2Fembed-404.php HTTP/1.1" 200 1511 "-" "Mozilla/5.0 AppleWebKit/537.36 (KHTML, like Gecko; compatible; ClaudeBot/1.0; +claudebot@anthropic.com)"
18.226.52.105 - - [17/Apr/2025:09:40:11 -0400] "GET /ad917/?path=%2Fhome%2F.%2F..%2F..%2Fvar%2Flib%2F..%2Fsoftaculous%2Fmyadmin49%2F..%2Ftiki22%2Fedit.php HTTP/1.1" 200 4298 "-" "Mozilla/5.0 AppleWebKit/537.36 (KHTML, like Gecko; compatible; ClaudeBot/1.0; +claudebot@anthropic.com)"
18.226.52.105 - - [17/Apr/2025:09:40:14 -0400] "GET /ad917/?path=%2Fhome%2Fservlmvm%2F.%2Fpublic_html%2Fassets%2F..%2Fwp-includes%2Finteractivity-api%2F.. HTTP/1.1" 200 9794 "-" "Mozilla/5.0 AppleWebKit/537.36 (KHTML, like Gecko; compatible; ClaudeBot/1.0; +claudebot@anthropic.com)"
18.226.52.105 - - [17/Apr/2025:09:40:17 -0400] "GET /ad917/?path=%2Fhome%2Fservlmvm%2F.%2Flscache%2F.%2F..%2Fmail%2F.info%40servethepeopleinc_org%2F.Trash HTTP/1.1" 200 1756 "-" "Mozilla/5.0 AppleWebKit/537.36 (KHTML, like Gecko; compatible; ClaudeBot/1.0; +claudebot@anthropic.com)"
18.226.52.105 - - [17/Apr/2025:09:40:20 -0400] "GET /ad917/?path=%2Fhome%2Fservlmvm%2F.%2F.spamassassin%2F..%2F.softaculous%2F..%2Fpuppiesoftexas.com%2F.. HTTP/1.1" 200 2529 "-" "Mozilla/5.0 AppleWebKit/537.36 (KHTML, like Gecko; compatible; ClaudeBot/1.0; +claudebot@anthropic.com)"
18.226.52.105 - - [17/Apr/2025:09:40:23 -0400] "GET /ad917/?path=%2Fhome%2Fservlmvm%2F.%2F.%2Fpublic_html%2Fwp-includes%2Fblocks%2Fcomment-reply-link%2F.. HTTP/1.1" 200 5846 "-" "Mozilla/5.0 AppleWebKit/537.36 (KHTML, like Gecko; compatible; ClaudeBot/1.0; +claudebot@anthropic.com)"
18.226.52.105 - - [17/Apr/2025:09:40:26 -0400] "GET /ad917/?path=%2Fhome%2Fservlmvm%2F.%2F.softaculous%2F..%2F.spamassassin%2F..%2Fpuppiesoftexas.com%2F.. HTTP/1.1" 200 2550 "-" "Mozilla/5.0 AppleWebKit/537.36 (KHTML, like Gecko; compatible; ClaudeBot/1.0; +claudebot@anthropic.com)"
198.54.116.86 - - [17/Apr/2025:09:40:32 -0400] "POST /wp-cron.php?doing_wp_cron=1744897232.4300820827484130859375 HTTP/1.1" 200 0 "-" "WordPress/6.8; https://servethepeopleinc.org"
66.249.77.42 - - [17/Apr/2025:09:40:32 -0400] "GET /item/say/blackguarded/30119906.shtml HTTP/1.1" 404 16949 "-" "Mozilla/5.0 (Linux; Android 6.0.1; Nexus 5X Build/MMB29P) AppleWebKit/537.36 (KHTML, like Gecko) Chrome/135.0.7049.84 Mobile Safari/537.36 (compatible; GoogleOther)"
198.54.116.86 - - [17/Apr/2025:09:40:32 -0400] "POST /wp-admin/admin-ajax.php?action=async_litespeed&nonce=ZDjp4UeWaZYwnPRKnIhYibrUln5s64iO&litespeed_type=imgoptm HTTP/1.1" 200 21 "-" "WordPress/6.8; https://servethepeopleinc.org"
40.77.167.116 - - [17/Apr/2025:09:40:33 -0400] "GET /shopping/edifyingly/ HTTP/1.1" 301 0 "-" "Mozilla/5.0 AppleWebKit/537.36 (KHTML, like Gecko; compatible; bingbot/2.0; +http://www.bing.com/bingbot.htm) Chrome/116.0.1938.76 Safari/537.36"
3.14.132.221 - - [17/Apr/2025:09:40:59 -0400] "GET /ad917/?path=%2Fhome%2Fservlmvm%2F.%2F.softaculous%2F..%2F.spamassassin%2F..%2Fpublic_html%2Fwp-mail.php HTTP/1.1" 200 4250 "-" "Mozilla/5.0 AppleWebKit/537.36 (KHTML, like Gecko; compatible; ClaudeBot/1.0; +claudebot@anthropic.com)"
3.14.132.221 - - [17/Apr/2025:09:41:02 -0400] "GET /ad917/?path=%2Fhome%2Fservlmvm%2F.%2Fpublic_html%2F597e1%2F..%2Fwp-admin%2Fcss%2Fcustomize-controls.css HTTP/1.1" 200 14532 "-" "Mozilla/5.0 AppleWebKit/537.36 (KHTML, like Gecko; compatible; ClaudeBot/1.0; +claudebot@anthropic.com)"
3.14.132.221 - - [17/Apr/2025:09:41:05 -0400] "GET /ad917/?path=%2Fhome%2Fservlmvm%2F.%2Fpublic_html%2F597e1%2F..%2Fwp-admin%2Fcss%2Ffarbtastic-rtl.min.css HTTP/1.1" 200 1173 "-" "Mozilla/5.0 AppleWebKit/537.36 (KHTML, like Gecko; compatible; ClaudeBot/1.0; +claudebot@anthropic.com)"
3.14.132.221 - - [17/Apr/2025:09:41:08 -0400] "GET /ad917/?path=%2Fhome%2Fservlmvm%2F.%2F.softaculous%2F..%2F.spamassassin%2F..%2Fpublic_html%2Fwp-includes HTTP/1.1" 200 9878 "-" "Mozilla/5.0 AppleWebKit/537.36 (KHTML, like Gecko; compatible; ClaudeBot/1.0; +claudebot@anthropic.com)"
3.14.132.221 - - [17/Apr/2025:09:41:11 -0400] "GET /ad917/?path=%2Fhome%2Fservlmvm%2F.%2F.softaculous%2F..%2F.spamassassin%2F..%2Fpublic_html%2Fwp-cron.php HTTP/1.1" 200 3122 "-" "Mozilla/5.0 AppleWebKit/537.36 (KHTML, like Gecko; compatible; ClaudeBot/1.0; +claudebot@anthropic.com)"
198.54.116.86 - - [17/Apr/2025:09:41:13 -0400] "POST /wp-cron.php?doing_wp_cron=1744897273.6145880222320556640625 HTTP/1.1" 200 0 "-" "WordPress/6.8; https://servethepeopleinc.org"
40.77.167.75 - - [17/Apr/2025:09:41:13 -0400] "GET /shopping/66913606.shtml HTTP/1.1" 404 16938 "-" "Mozilla/5.0 AppleWebKit/537.36 (KHTML, like Gecko; compatible; bingbot/2.0; +http://www.bing.com/bingbot.htm) Chrome/116.0.1938.76 Safari/537.36"
198.54.116.86 - - [17/Apr/2025:09:41:13 -0400] "POST /wp-admin/admin-ajax.php?action=async_litespeed&nonce=LQW4n7D8xei3mK6nV8Qb2Z4L1X1NI1xh&litespeed_type=imgoptm HTTP/1.1" 200 21 "-" "WordPress/6.8; https://servethepeopleinc.org"
3.14.132.221 - - [17/Apr/2025:09:41:14 -0400] "GET /ad917/?path=%2Fhome%2Fservlmvm%2F.%2F.%2Fpublic_html%2Fwp-includes%2Fblocks%2Fseparator%2Fstyle-rtl.css HTTP/1.1" 200 1182 "-" "Mozilla/5.0 AppleWebKit/537.36 (KHTML, like Gecko; compatible; ClaudeBot/1.0; +claudebot@anthropic.com)"
3.14.132.221 - - [17/Apr/2025:09:41:17 -0400] "GET /ad917/?path=%2Fhome%2Fservlmvm%2F.%2Fpublic_html%2F.%2F..%2Fspekkshealth.com%2Fwp-admin%2Fms-themes.php HTTP/1.1" 200 1139 "-" "Mozilla/5.0 AppleWebKit/537.36 (KHTML, like Gecko; compatible; ClaudeBot/1.0; +claudebot@anthropic.com)"
3.14.132.221 - - [17/Apr/2025:09:41:20 -0400] "GET /ad917/?path=%2Fhome%2Fservlmvm%2F.%2Fpublic_html%2F..%2F.%2Fspekkshealth.com%2Fwp-admin%2Fms-themes.php HTTP/1.1" 200 1137 "-" "Mozilla/5.0 AppleWebKit/537.36 (KHTML, like Gecko; compatible; ClaudeBot/1.0; +claudebot@anthropic.com)"
40.77.167.75 - - [17/Apr/2025:09:41:23 -0400] "GET /goods101603624.shtml HTTP/1.1" 404 16938 "-" "Mozilla/5.0 AppleWebKit/537.36 (KHTML, like Gecko; compatible; bingbot/2.0; +http://www.bing.com/bingbot.htm) Chrome/116.0.1938.76 Safari/537.36"
3.14.132.221 - - [17/Apr/2025:09:41:23 -0400] "GET /ad917/?path=%2Fhome%2Fservlmvm%2F.%2Fpublic_html%2Fassets%2F..%2Fwp-includes%2Fcertificates%2F.htaccess HTTP/1.1" 403 1242 "-" "Mozilla/5.0 AppleWebKit/537.36 (KHTML, like Gecko; compatible; ClaudeBot/1.0; +claudebot@anthropic.com)"
3.14.132.221 - - [17/Apr/2025:09:41:26 -0400] "GET /ad917/?path=%2Fhome%2Fservlmvm%2F.%2F.%2Fpublic_html%2Fwp-includes%2Fblocks%2Ftemplate-part%2Ftheme.css HTTP/1.1" 200 1048 "-" "Mozilla/5.0 AppleWebKit/537.36 (KHTML, like Gecko; compatible; ClaudeBot/1.0; +claudebot@anthropic.com)"
3.14.132.221 - - [17/Apr/2025:09:41:29 -0400] "GET /ad917/?path=%2Fhome%2Fservlmvm%2F.%2Fpublic_html%2Fassets%2F..%2Fwp-includes%2Fstyle-engine%2F.htaccess HTTP/1.1" 403 1242 "-" "Mozilla/5.0 AppleWebKit/537.36 (KHTML, like Gecko; compatible; ClaudeBot/1.0; +claudebot@anthropic.com)"
3.14.132.221 - - [17/Apr/2025:09:41:32 -0400] "GET /ad917/?path=%2Fhome%2Fservlmvm%2F.%2F.%2Fpublic_html%2Fwp-includes%2Fblocks%2Ftemplate-part%2F.htaccess HTTP/1.1" 403 1242 "-" "Mozilla/5.0 AppleWebKit/537.36 (KHTML, like Gecko; compatible; ClaudeBot/1.0; +claudebot@anthropic.com)"
3.14.132.221 - - [17/Apr/2025:09:41:35 -0400] "GET /ad917/?path=%2Fhome%2Fservlmvm%2F.%2Flscache%2F..%2Fmail%2F.info%40servethepeopleinc_org%2F..%2Fcontact HTTP/1.1" 200 2233 "-" "Mozilla/5.0 AppleWebKit/537.36 (KHTML, like Gecko; compatible; ClaudeBot/1.0; +claudebot@anthropic.com)"
3.14.132.221 - - [17/Apr/2025:09:41:38 -0400] "GET /ad917/?path=%2Fhome%2Fservlmvm%2F..%2F.%2Fservlmvm%2Fmail%2F.infocamer%40servethepeopleinc_org%2F..%2F. HTTP/1.1" 200 1639 "-" "Mozilla/5.0 AppleWebKit/537.36 (KHTML, like Gecko; compatible; ClaudeBot/1.0; +claudebot@anthropic.com)"
3.14.132.221 - - [17/Apr/2025:09:41:41 -0400] "GET /ad917/?path=%2Fhome%2Fservlmvm%2F.%2Flscache%2F..%2Ftmp%2Fpma_template_compiles_servlmvm%2F..%2Fawstats HTTP/1.1" 200 2550 "-" "Mozilla/5.0 AppleWebKit/537.36 (KHTML, like Gecko; compatible; ClaudeBot/1.0; +claudebot@anthropic.com)"
40.77.167.75 - - [17/Apr/2025:09:41:43 -0400] "GET /goods76107422.shtml HTTP/1.1" 404 16937 "-" "Mozilla/5.0 AppleWebKit/537.36 (KHTML, like Gecko; compatible; bingbot/2.0; +http://www.bing.com/bingbot.htm) Chrome/116.0.1938.76 Safari/537.36"
3.14.132.221 - - [17/Apr/2025:09:41:44 -0400] "GET /ad917/?path=%2Fhome%2Fservlmvm%2F.%2Fpublic_html%2F..%2Fmail%2F.sabina%40servethepeopleinc_org%2F..%2F. HTTP/1.1" 200 1640 "-" "Mozilla/5.0 AppleWebKit/537.36 (KHTML, like Gecko; compatible; ClaudeBot/1.0; +claudebot@anthropic.com)"
3.14.132.221 - - [17/Apr/2025:09:41:47 -0400] "GET /ad917/?path=%2Fhome%2Fservlmvm%2F.%2Fpublic_ftp%2F..%2Fmail%2F.contact%40servethepeopleinc_org%2F..%2F. HTTP/1.1" 200 1636 "-" "Mozilla/5.0 AppleWebKit/537.36 (KHTML, like Gecko; compatible; ClaudeBot/1.0; +claudebot@anthropic.com)"
3.14.132.221 - - [17/Apr/2025:09:41:50 -0400] "GET /ad917/?path=%2Fhome%2Fservlmvm%2F.%2F.%2Fpublic_html%2Fwp-includes%2Fblocks%2Fquery-pagination-next%2F. HTTP/1.1" 200 1587 "-" "Mozilla/5.0 AppleWebKit/537.36 (KHTML, like Gecko; compatible; ClaudeBot/1.0; +claudebot@anthropic.com)"
3.14.132.221 - - [17/Apr/2025:09:41:53 -0400] "GET /ad917/?path=%2Fhome%2Fservlmvm%2F.%2Flscache%2F.%2F..%2Fmail%2F.info%40servethepeopleinc_org%2F.Archive HTTP/1.1" 200 1780 "-" "Mozilla/5.0 AppleWebKit/537.36 (KHTML, like Gecko; compatible; ClaudeBot/1.0; +claudebot@anthropic.com)"
40.77.167.75 - - [17/Apr/2025:09:41:53 -0400] "GET /special/85417668.shtml HTTP/1.1" 404 16939 "-" "Mozilla/5.0 AppleWebKit/537.36 (KHTML, like Gecko; compatible; bingbot/2.0; +http://www.bing.com/bingbot.htm) Chrome/116.0.1938.76 Safari/537.36"
3.14.132.221 - - [17/Apr/2025:09:41:56 -0400] "GET /ad917/?path=%2Fhome%2Fservlmvm%2F.%2F.cphorde%2F..%2Fmail%2F.infocamer%40servethepeopleinc_org%2F..%2F. HTTP/1.1" 200 1633 "-" "Mozilla/5.0 AppleWebKit/537.36 (KHTML, like Gecko; compatible; ClaudeBot/1.0; +claudebot@anthropic.com)"
40.77.167.57 - - [17/Apr/2025:09:41:58 -0400] "GET /goodscode/72102052.shtml HTTP/1.1" 404 16937 "-" "Mozilla/5.0 AppleWebKit/537.36 (KHTML, like Gecko; compatible; bingbot/2.0; +http://www.bing.com/bingbot.htm) Chrome/116.0.1938.76 Safari/537.36"
3.14.132.221 - - [17/Apr/2025:09:41:59 -0400] "GET /ad917/?path=%2Fhome%2Fservlmvm%2F.%2F.%2Fpublic_html%2Fwp-includes%2Fblocks%2Fpost-author-biography%2F. HTTP/1.1" 200 1716 "-" "Mozilla/5.0 AppleWebKit/537.36 (KHTML, like Gecko; compatible; ClaudeBot/1.0; +claudebot@anthropic.com)"
3.14.132.221 - - [17/Apr/2025:09:42:02 -0400] "GET /ad917/?path=%2Fhome%2Fservlmvm%2F.%2F.spamassassin%2F..%2Ftmp%2Fpma_template_compiles_servlmvm%2F..%2F. HTTP/1.1" 200 1898 "-" "Mozilla/5.0 AppleWebKit/537.36 (KHTML, like Gecko; compatible; ClaudeBot/1.0; +claudebot@anthropic.com)"
3.14.132.221 - - [17/Apr/2025:09:42:05 -0400] "GET /ad917/?path=%2Fhome%2Fservlmvm%2F..%2Fservlmvm%2F.%2Fmail%2F.infocamer%40servethepeopleinc_org%2F..%2F. HTTP/1.1" 200 1598 "-" "Mozilla/5.0 AppleWebKit/537.36 (KHTML, like Gecko; compatible; ClaudeBot/1.0; +claudebot@anthropic.com)"
3.14.132.221 - - [17/Apr/2025:09:42:08 -0400] "GET /ad917/?path=%2Fhome%2Fservlmvm%2F.%2Flscache%2F..%2Fmail%2F.info%40servethepeopleinc_org%2F.Archive%2F. HTTP/1.1" 200 1727 "-" "Mozilla/5.0 AppleWebKit/537.36 (KHTML, like Gecko; compatible; ClaudeBot/1.0; +claudebot@anthropic.com)"
3.14.132.221 - - [17/Apr/2025:09:42:11 -0400] "GET /ad917/?path=%2Fhome%2Fservlmvm%2F.%2F.spamassassin%2F..%2Fmail%2F.info%40servethepeopleinc_org%2F..%2F. HTTP/1.1" 200 1594 "-" "Mozilla/5.0 AppleWebKit/537.36 (KHTML, like Gecko; compatible; ClaudeBot/1.0; +claudebot@anthropic.com)"
3.14.132.221 - - [17/Apr/2025:09:42:14 -0400] "GET /ad917/?path=%2Fhome%2Fservlmvm%2F..%2F..%2Flib64%2Fnss%2F..%2Fdovecot%2Flibdovecot-compression.so.0.0.0 HTTP/1.1" 200 989 "-" "Mozilla/5.0 AppleWebKit/537.36 (KHTML, like Gecko; compatible; ClaudeBot/1.0; +claudebot@anthropic.com)"
3.14.132.221 - - [17/Apr/2025:09:42:17 -0400] "GET /ad917/?path=%2Fhome%2Fservlmvm%2F..%2F..%2Flib64%2Fbpf%2F..%2Fdovecot%2Flibdovecot-compression.so.0.0.0 HTTP/1.1" 200 990 "-" "Mozilla/5.0 AppleWebKit/537.36 (KHTML, like Gecko; compatible; ClaudeBot/1.0; +claudebot@anthropic.com)"
3.14.132.221 - - [17/Apr/2025:09:42:20 -0400] "GET /ad917/?path=%2Fhome%2Fservlmvm%2F..%2F..%2Flib64%2Fgalera-4%2F..%2Fdovecot%2Flib11_imap_quota_plugin.so HTTP/1.1" 200 992 "-" "Mozilla/5.0 AppleWebKit/537.36 (KHTML, like Gecko; compatible; ClaudeBot/1.0; +claudebot@anthropic.com)"
3.14.132.221 - - [17/Apr/2025:09:42:23 -0400] "GET /ad917/?path=%2Fhome%2Fservlmvm%2F..%2F..%2Flib64%2Fqt5%2Fplugins%2Fgeneric%2Flibqevdevkeyboardplugin.so HTTP/1.1" 200 994 "-" "Mozilla/5.0 AppleWebKit/537.36 (KHTML, like Gecko; compatible; ClaudeBot/1.0; +claudebot@anthropic.com)"
3.14.132.221 - - [17/Apr/2025:09:42:26 -0400] "GET /ad917/?path=%2Fhome%2Fservlmvm%2F..%2F..%2Flib64%2Fgalera-4%2F..%2Fdovecot%2Flib10_mail_crypt_plugin.so HTTP/1.1" 200 991 "-" "Mozilla/5.0 AppleWebKit/537.36 (KHTML, like Gecko; compatible; ClaudeBot/1.0; +claudebot@anthropic.com)"
3.14.132.221 - - [17/Apr/2025:09:42:29 -0400] "GET /ad917/?path=%2Fhome%2Fservlmvm%2F..%2F..%2Flib64%2Fgalera-4%2F..%2Fdovecot%2Flib20_listescape_plugin.so HTTP/1.1" 200 990 "-" "Mozilla/5.0 AppleWebKit/537.36 (KHTML, like Gecko; compatible; ClaudeBot/1.0; +claudebot@anthropic.com)"
3.14.132.221 - - [17/Apr/2025:09:42:32 -0400] "GET /ad917/?path=%2Fhome%2Fservlmvm%2F..%2F..%2Flib64%2Fgalera-4%2F..%2Fdovecot%2Flibssl_iostream_openssl.so HTTP/1.1" 200 988 "-" "Mozilla/5.0 AppleWebKit/537.36 (KHTML, like Gecko; compatible; ClaudeBot/1.0; +claudebot@anthropic.com)"
3.14.132.221 - - [17/Apr/2025:09:42:35 -0400] "GET /ad917/?path=%2Fhome%2Fservlmvm%2F..%2F..%2Flib64%2Frpm-plugins%2F..%2Fpython2.7%2F_MozillaCookieJar.pyc HTTP/1.1" 200 995 "-" "Mozilla/5.0 AppleWebKit/537.36 (KHTML, like Gecko; compatible; ClaudeBot/1.0; +claudebot@anthropic.com)"
3.14.132.221 - - [17/Apr/2025:09:42:38 -0400] "GET /ad917/?path=%2Fhome%2Fservlmvm%2F..%2F..%2Flib64%2Frpm-plugins%2F..%2Fpython2.7%2FSimpleXMLRPCServer.py HTTP/1.1" 200 8363 "-" "Mozilla/5.0 AppleWebKit/537.36 (KHTML, like Gecko; compatible; ClaudeBot/1.0; +claudebot@anthropic.com)"
3.14.132.221 - - [17/Apr/2025:09:42:41 -0400] "GET /ad917/?path=%2Fhome%2Fservlmvm%2F..%2F..%2Flib64%2Frpm-plugins%2F..%2Fpython2.7%2F_MozillaCookieJar.pyo HTTP/1.1" 200 995 "-" "Mozilla/5.0 AppleWebKit/537.36 (KHTML, like Gecko; compatible; ClaudeBot/1.0; +claudebot@anthropic.com)"
3.14.132.221 - - [17/Apr/2025:09:42:44 -0400] "GET /ad917/?path=%2Fhome%2Fservlmvm%2F..%2F..%2Flib64%2Fsecurity%2F..%2Fgirepository-1.0%2Fcairo-1.0.typelib HTTP/1.1" 200 984 "-" "Mozilla/5.0 AppleWebKit/537.36 (KHTML, like Gecko; compatible; ClaudeBot/1.0; +claudebot@anthropic.com)"
3.14.132.221 - - [17/Apr/2025:09:42:47 -0400] "GET /ad917/?path=%2Fhome%2Fservlmvm%2F..%2F..%2Flib64%2Fsecurity%2F..%2Fgirepository-1.0%2Fwin32-1.0.typelib HTTP/1.1" 200 985 "-" "Mozilla/5.0 AppleWebKit/537.36 (KHTML, like Gecko; compatible; ClaudeBot/1.0; +claudebot@anthropic.com)"
3.14.132.221 - - [17/Apr/2025:09:42:50 -0400] "GET /ad917/?path=%2Fhome%2Fservlmvm%2F..%2F..%2Flib64%2Fsecurity%2F..%2Fgirepository-1.0%2FGstGL-1.0.typelib HTTP/1.1" 200 988 "-" "Mozilla/5.0 AppleWebKit/537.36 (KHTML, like Gecko; compatible; ClaudeBot/1.0; +claudebot@anthropic.com)"
3.14.132.221 - - [17/Apr/2025:09:42:53 -0400] "GET /ad917/?path=%2Fhome%2Fservlmvm%2F..%2F..%2Flib64%2Fsecurity%2F..%2Fgirepository-1.0%2FPango-1.0.typelib HTTP/1.1" 200 987 "-" "Mozilla/5.0 AppleWebKit/537.36 (KHTML, like Gecko; compatible; ClaudeBot/1.0; +claudebot@anthropic.com)"
3.14.132.221 - - [17/Apr/2025:09:42:56 -0400] "GET /ad917/?path=%2Fhome%2Fservlmvm%2F..%2F..%2Flib64%2Fsecurity%2F..%2Fgirepository-1.0%2FGUdev-1.0.typelib HTTP/1.1" 200 988 "-" "Mozilla/5.0 AppleWebKit/537.36 (KHTML, like Gecko; compatible; ClaudeBot/1.0; +claudebot@anthropic.com)"
198.54.116.86 - - [17/Apr/2025:09:43:16 -0400] "POST /wp-cron.php?doing_wp_cron=1744897396.8896958827972412109375 HTTP/1.1" 200 0 "-" "WordPress/6.8; https://servethepeopleinc.org"
52.167.144.162 - - [17/Apr/2025:09:43:16 -0400] "GET /products/96968740.shtml HTTP/1.1" 301 0 "-" "Mozilla/5.0 AppleWebKit/537.36 (KHTML, like Gecko; compatible; bingbot/2.0; +http://www.bing.com/bingbot.htm) Chrome/116.0.1938.76 Safari/537.36"
198.54.116.86 - - [17/Apr/2025:09:43:17 -0400] "POST /wp-admin/admin-ajax.php?action=async_litespeed&nonce=kIXHztKEb8gaXjuxazXAZCmawdN0UpGV&litespeed_type=imgoptm HTTP/1.1" 200 21 "-" "WordPress/6.8; https://servethepeopleinc.org"
52.167.144.211 - - [17/Apr/2025:09:43:17 -0400] "GET /entity527668.shtml HTTP/1.1" 404 16938 "-" "Mozilla/5.0 AppleWebKit/537.36 (KHTML, like Gecko; compatible; bingbot/2.0; +http://www.bing.com/bingbot.htm) Chrome/116.0.1938.76 Safari/537.36"
3.147.6.203 - - [17/Apr/2025:09:43:21 -0400] "GET /ad917/?path=%2Fhome%2Fservlmvm%2F..%2F..%2Flib64%2Fnss%2F..%2Fdovecot%2Flib20_push_notification_plugin.so HTTP/1.1" 200 986 "-" "Mozilla/5.0 AppleWebKit/537.36 (KHTML, like Gecko; compatible; ClaudeBot/1.0; +claudebot@anthropic.com)"
3.147.6.203 - - [17/Apr/2025:09:43:24 -0400] "GET /ad917/?path=%2Fhome%2Fservlmvm%2F..%2F..%2Flib64%2Fgalera-4%2F..%2Fdovecot%2Flib02_lazy_expunge_plugin.so HTTP/1.1" 200 991 "-" "Mozilla/5.0 AppleWebKit/537.36 (KHTML, like Gecko; compatible; ClaudeBot/1.0; +claudebot@anthropic.com)"
3.147.6.203 - - [17/Apr/2025:09:43:27 -0400] "GET /ad917/?path=%2Fhome%2Fservlmvm%2F..%2F..%2Flib64%2Fsecurity%2F..%2Fgirepository-1.0%2FGstRtsp-1.0.typelib HTTP/1.1" 200 994 "-" "Mozilla/5.0 AppleWebKit/537.36 (KHTML, like Gecko; compatible; ClaudeBot/1.0; +claudebot@anthropic.com)"
3.147.6.203 - - [17/Apr/2025:09:43:30 -0400] "GET /ad917/?path=%2Fhome%2Fservlmvm%2F..%2F..%2Flib64%2Fsecurity%2F..%2Fgirepository-1.0%2FGObject-2.0.typelib HTTP/1.1" 200 994 "-" "Mozilla/5.0 AppleWebKit/537.36 (KHTML, like Gecko; compatible; ClaudeBot/1.0; +claudebot@anthropic.com)"
3.147.6.203 - - [17/Apr/2025:09:43:33 -0400] "GET /ad917/?path=%2Fhome%2Fservlmvm%2F..%2F..%2Flib64%2Fsecurity%2F..%2Fgirepository-1.0%2Flibxml2-2.0.typelib HTTP/1.1" 200 993 "-" "Mozilla/5.0 AppleWebKit/537.36 (KHTML, like Gecko; compatible; ClaudeBot/1.0; +claudebot@anthropic.com)"
3.147.6.203 - - [17/Apr/2025:09:43:36 -0400] "GET /ad917/?path=%2Fhome%2Fservlmvm%2F..%2F..%2Flib64%2Fsecurity%2F..%2Fgirepository-1.0%2FGstBase-1.0.typelib HTTP/1.1" 200 993 "-" "Mozilla/5.0 AppleWebKit/537.36 (KHTML, like Gecko; compatible; ClaudeBot/1.0; +claudebot@anthropic.com)"
40.77.167.57 - - [17/Apr/2025:09:43:37 -0400] "GET /shopbrand/so/juniperus21020286.shtml HTTP/1.1" 404 16949 "-" "Mozilla/5.0 AppleWebKit/537.36 (KHTML, like Gecko; compatible; bingbot/2.0; +http://www.bing.com/bingbot.htm) Chrome/116.0.1938.76 Safari/537.36"
3.147.6.203 - - [17/Apr/2025:09:43:39 -0400] "GET /ad917/?path=%2Fhome%2Fservlmvm%2F..%2F..%2Flib64%2Fsecurity%2F..%2Fgirepository-1.0%2FGModule-2.0.typelib HTTP/1.1" 200 995 "-" "Mozilla/5.0 AppleWebKit/537.36 (KHTML, like Gecko; compatible; ClaudeBot/1.0; +claudebot@anthropic.com)"
20.171.207.105 - - [17/Apr/2025:09:43:40 -0400] "GET /hello-world/?replytocom=1 HTTP/1.1" 200 19970 "-" "Mozilla/5.0 AppleWebKit/537.36 (KHTML, like Gecko; compatible; GPTBot/1.2; +https://openai.com/gptbot)"
3.147.6.203 - - [17/Apr/2025:09:43:42 -0400] "GET /ad917/?path=%2Fhome%2Fservlmvm%2F.%2F..%2F..%2Flib64%2Fpython3.6%2Fsite-packages%2F_dbus_glib_bindings.so HTTP/1.1" 200 992 "-" "Mozilla/5.0 AppleWebKit/537.36 (KHTML, like Gecko; compatible; ClaudeBot/1.0; +claudebot@anthropic.com)"
3.147.6.203 - - [17/Apr/2025:09:43:45 -0400] "GET /ad917/?path=%2Fhome%2Fservlmvm%2F.%2Fpublic_html%2F..%2Fpuppiesoftexas.com%2Fwp-admin%2F.%2Fpost-new.php HTTP/1.1" 200 2060 "-" "Mozilla/5.0 AppleWebKit/537.36 (KHTML, like Gecko; compatible; ClaudeBot/1.0; +claudebot@anthropic.com)"
52.167.144.142 - - [17/Apr/2025:09:43:46 -0400] "GET /products/officinalis66821512.shtml HTTP/1.1" 404 16936 "-" "Mozilla/5.0 AppleWebKit/537.36 (KHTML, like Gecko; compatible; bingbot/2.0; +http://www.bing.com/bingbot.htm) Chrome/116.0.1938.76 Safari/537.36"
3.147.6.203 - - [17/Apr/2025:09:43:48 -0400] "GET /ad917/?path=%2Fhome%2Fservlmvm%2F.%2Fpublic_html%2F..%2Fpuppiesoftexas.com%2Fwp-admin%2F.%2Ffreedoms.php HTTP/1.1" 200 2672 "-" "Mozilla/5.0 AppleWebKit/537.36 (KHTML, like Gecko; compatible; ClaudeBot/1.0; +claudebot@anthropic.com)"
3.147.6.203 - - [17/Apr/2025:09:43:51 -0400] "GET /ad917/?path=%2Fhome%2Fservlmvm%2F.%2F.%2Fpublic_html%2Fwp-includes%2Fblocks%2Fpage-list%2Feditor-rtl.css HTTP/1.1" 200 1326 "-" "Mozilla/5.0 AppleWebKit/537.36 (KHTML, like Gecko; compatible; ClaudeBot/1.0; +claudebot@anthropic.com)"
3.147.6.203 - - [17/Apr/2025:09:43:54 -0400] "GET /ad917/?path=%2Fhome%2Fservlmvm%2F.%2Fpublic_html%2Fassets%2F..%2Fwp-includes%2Fphp-compat%2Freadonly.php HTTP/1.1" 200 1512 "-" "Mozilla/5.0 AppleWebKit/537.36 (KHTML, like Gecko; compatible; ClaudeBot/1.0; +claudebot@anthropic.com)"
52.167.144.142 - - [17/Apr/2025:09:43:57 -0400] "GET /special559100.shtml HTTP/1.1" 404 16939 "-" "Mozilla/5.0 AppleWebKit/537.36 (KHTML, like Gecko; compatible; bingbot/2.0; +http://www.bing.com/bingbot.htm) Chrome/116.0.1938.76 Safari/537.36"
3.147.6.203 - - [17/Apr/2025:09:43:57 -0400] "GET /ad917/?path=%2Fhome%2Fservlmvm%2F.%2Fpublic_html%2F..%2F.%2Fspekkshealth.com%2Fwp-admin%2Fms-options.php HTTP/1.1" 200 1133 "-" "Mozilla/5.0 AppleWebKit/537.36 (KHTML, like Gecko; compatible; ClaudeBot/1.0; +claudebot@anthropic.com)"
3.147.6.203 - - [17/Apr/2025:09:44:00 -0400] "GET /ad917/?path=%2Fhome%2Fservlmvm%2F.%2F.%2Fpublic_html%2Fwp-includes%2F.%2Ftheme-compat%2Fheader-embed.php HTTP/1.1" 200 1382 "-" "Mozilla/5.0 AppleWebKit/537.36 (KHTML, like Gecko; compatible; ClaudeBot/1.0; +claudebot@anthropic.com)"
3.147.6.203 - - [17/Apr/2025:09:44:03 -0400] "GET /ad917/?path=%2Fhome%2Fservlmvm%2F.%2F.%2Fpublic_html%2Fwp-includes%2Fblocks%2Fseparator%2Feditor-rtl.css HTTP/1.1" 200 1046 "-" "Mozilla/5.0 AppleWebKit/537.36 (KHTML, like Gecko; compatible; ClaudeBot/1.0; +claudebot@anthropic.com)"
3.147.6.203 - - [17/Apr/2025:09:44:06 -0400] "GET /ad917/?path=%2Fhome%2Fservlmvm%2F.%2Fpublic_html%2F..%2Fpuppiesoftexas.com%2Fwp-admin%2F.%2Fms-admin.php HTTP/1.1" 200 1124 "-" "Mozilla/5.0 AppleWebKit/537.36 (KHTML, like Gecko; compatible; ClaudeBot/1.0; +claudebot@anthropic.com)"
3.147.6.203 - - [17/Apr/2025:09:44:09 -0400] "GET /ad917/?path=%2Fhome%2Fservlmvm%2F.%2F.cphorde%2F..%2Fwww%2Fwp-admin%2Fincludes%2Fclass-wp-debug-data.php HTTP/1.1" 200 15927 "-" "Mozilla/5.0 AppleWebKit/537.36 (KHTML, like Gecko; compatible; ClaudeBot/1.0; +claudebot@anthropic.com)"
3.147.6.203 - - [17/Apr/2025:09:44:12 -0400] "GET /ad917/?path=%2Fhome%2Fservlmvm%2F.%2Fpublic_html%2F.%2F..%2Fspekkshealth.com%2Fwp-admin%2Fms-options.php HTTP/1.1" 200 1137 "-" "Mozilla/5.0 AppleWebKit/537.36 (KHTML, like Gecko; compatible; ClaudeBot/1.0; +claudebot@anthropic.com)"
3.147.6.203 - - [17/Apr/2025:09:44:15 -0400] "GET /ad917/?path=%2Fhome%2Fservlmvm%2F.%2Fpublic_html%2F.%2Fwp-includes%2F.%2Ffonts%2Fclass-wp-font-utils.php HTTP/1.1" 200 4060 "-" "Mozilla/5.0 AppleWebKit/537.36 (KHTML, like Gecko; compatible; ClaudeBot/1.0; +claudebot@anthropic.com)"
3.147.6.203 - - [17/Apr/2025:09:44:18 -0400] "GET /ad917/?path=%2Fhome%2Fservlmvm%2F.%2F.%2F.%2Fspekkshealth.com%2Fwp-admin%2Fcss%2Flist-tables-rtl.min.css HTTP/1.1" 200 8580 "-" "Mozilla/5.0 AppleWebKit/537.36 (KHTML, like Gecko; compatible; ClaudeBot/1.0; +claudebot@anthropic.com)"
198.54.116.86 - - [17/Apr/2025:09:44:19 -0400] "POST /wp-cron.php?doing_wp_cron=1744897459.6320769786834716796875 HTTP/1.1" 200 0 "-" "WordPress/6.8; https://servethepeopleinc.org"
20.171.207.105 - - [17/Apr/2025:09:44:19 -0400] "GET /2024/01/ HTTP/1.1" 200 17867 "-" "Mozilla/5.0 AppleWebKit/537.36 (KHTML, like Gecko; compatible; GPTBot/1.2; +https://openai.com/gptbot)"
198.54.116.86 - - [17/Apr/2025:09:44:19 -0400] "POST /wp-admin/admin-ajax.php?action=async_litespeed&nonce=MjjuoHPgucsLJkZAYqOm2XVSuUP9Zu6X&litespeed_type=imgoptm HTTP/1.1" 200 21 "-" "WordPress/6.8; https://servethepeopleinc.org"
3.147.6.203 - - [17/Apr/2025:09:44:21 -0400] "GET /ad917/?path=%2Fhome%2Fservlmvm%2F.%2F.%2Fpublic_html%2Fwp-includes%2Fblocks%2Fshortcode%2Feditor.min.css HTTP/1.1" 200 1194 "-" "Mozilla/5.0 AppleWebKit/537.36 (KHTML, like Gecko; compatible; ClaudeBot/1.0; +claudebot@anthropic.com)"
3.147.6.203 - - [17/Apr/2025:09:44:24 -0400] "GET /ad917/?path=%2Fhome%2Fservlmvm%2F.%2F.%2Fpublic_html%2Fwp-includes%2F.%2Ftheme-compat%2Ffooter-embed.php HTTP/1.1" 200 1224 "-" "Mozilla/5.0 AppleWebKit/537.36 (KHTML, like Gecko; compatible; ClaudeBot/1.0; +claudebot@anthropic.com)"
52.167.144.197 - - [17/Apr/2025:09:44:24 -0400] "GET /detail/wy/turmerol70744594.shtml HTTP/1.1" 404 16950 "-" "Mozilla/5.0 AppleWebKit/537.36 (KHTML, like Gecko; compatible; bingbot/2.0; +http://www.bing.com/bingbot.htm) Chrome/116.0.1938.76 Safari/537.36"
3.147.6.203 - - [17/Apr/2025:09:44:27 -0400] "GET /ad917/?path=%2Fhome%2Fservlmvm%2F.%2F.cphorde%2F..%2Fwww%2Fwp-admin%2Fincludes%2Ftranslation-install.php HTTP/1.1" 200 4162 "-" "Mozilla/5.0 AppleWebKit/537.36 (KHTML, like Gecko; compatible; ClaudeBot/1.0; +claudebot@anthropic.com)"
3.147.6.203 - - [17/Apr/2025:09:44:30 -0400] "GET /ad917/?path=%2Fhome%2F.%2Fservlmvm%2Fpuppiesoftexas.com%2Fwp-includes%2Fsodium_compat%2F.%2Fautoload.php HTTP/1.1" 200 2019 "-" "Mozilla/5.0 AppleWebKit/537.36 (KHTML, like Gecko; compatible; ClaudeBot/1.0; +claudebot@anthropic.com)"
3.147.6.203 - - [17/Apr/2025:09:44:33 -0400] "GET /ad917/?path=%2Fhome%2Fservlmvm%2F.%2F.spamassassin%2F..%2Fspekkshealth.com%2Fwp-admin%2F.%2Ffreedoms.php HTTP/1.1" 200 2677 "-" "Mozilla/5.0 AppleWebKit/537.36 (KHTML, like Gecko; compatible; ClaudeBot/1.0; +claudebot@anthropic.com)"
3.147.6.203 - - [17/Apr/2025:09:44:36 -0400] "GET /ad917/?path=%2Fhome%2Fservlmvm%2F.%2F.%2Fmail%2F.Junk%2F..%2F.support%40spekkshealth_com%2Fsubscriptions HTTP/1.1" 200 1007 "-" "Mozilla/5.0 AppleWebKit/537.36 (KHTML, like Gecko; compatible; ClaudeBot/1.0; +claudebot@anthropic.com)"
3.147.6.203 - - [17/Apr/2025:09:44:39 -0400] "GET /ad917/?path=%2Fhome%2Fservlmvm%2F.%2F.spamassassin%2F..%2Fspekkshealth.com%2Fwp-admin%2F.%2Fmy-sites.php HTTP/1.1" 200 3042 "-" "Mozilla/5.0 AppleWebKit/537.36 (KHTML, like Gecko; compatible; ClaudeBot/1.0; +claudebot@anthropic.com)"
3.147.6.203 - - [17/Apr/2025:09:45:03 -0400] "GET /ad917/?path=%2Fhome%2Fservlmvm%2F.%2F.cphorde%2F..%2Fwww%2Fwp-admin%2Fincludes%2Fclass-wp-list-table.php HTTP/1.1" 200 14277 "-" "Mozilla/5.0 AppleWebKit/537.36 (KHTML, like Gecko; compatible; ClaudeBot/1.0; +claudebot@anthropic.com)"
3.147.6.203 - - [17/Apr/2025:09:45:06 -0400] "GET /ad917/?path=%2Fhome%2Fservlmvm%2F.%2Fpublic_html%2F.%2F..%2Fspekkshealth.com%2Fwp-admin%2Fadmin-ajax.php HTTP/1.1" 200 2843 "-" "Mozilla/5.0 AppleWebKit/537.36 (KHTML, like Gecko; compatible; ClaudeBot/1.0; +claudebot@anthropic.com)"
3.147.6.203 - - [17/Apr/2025:09:45:09 -0400] "GET /ad917/?path=%2Fhome%2Fservlmvm%2F.%2F.%2F.%2Fspekkshealth.com%2Fwp-admin%2Fcss%2Fcustomize-nav-menus.css HTTP/1.1" 200 5453 "-" "Mozilla/5.0 AppleWebKit/537.36 (KHTML, like Gecko; compatible; ClaudeBot/1.0; +claudebot@anthropic.com)"
3.147.6.203 - - [17/Apr/2025:09:45:12 -0400] "GET /ad917/?path=%2Fhome%2Fservlmvm%2F.%2Fpublic_html%2F5275b%2F..%2Fwp-admin%2Fcss%2Fsite-health-rtl.min.css HTTP/1.1" 200 2515 "-" "Mozilla/5.0 AppleWebKit/537.36 (KHTML, like Gecko; compatible; ClaudeBot/1.0; +claudebot@anthropic.com)"
3.147.6.203 - - [17/Apr/2025:09:45:15 -0400] "GET /ad917/?path=%2Fhome%2Fservlmvm%2F.%2F.%2Fpublic_html%2F.%2Fwp-admin%2Fincludes%2Fclass-wp-list-table.php HTTP/1.1" 200 14314 "-" "Mozilla/5.0 AppleWebKit/537.36 (KHTML, like Gecko; compatible; ClaudeBot/1.0; +claudebot@anthropic.com)"
198.54.116.86 - - [17/Apr/2025:09:45:16 -0400] "POST /wp-cron.php?doing_wp_cron=1744897516.7625861167907714843750 HTTP/1.1" 200 0 "-" "WordPress/6.8; https://servethepeopleinc.org"
40.77.167.57 - - [17/Apr/2025:09:45:16 -0400] "GET /shopping/formality7671766.shtml HTTP/1.1" 404 16937 "-" "Mozilla/5.0 AppleWebKit/537.36 (KHTML, like Gecko; compatible; bingbot/2.0; +http://www.bing.com/bingbot.htm) Chrome/116.0.1938.76 Safari/537.36"
198.54.116.86 - - [17/Apr/2025:09:45:16 -0400] "POST /wp-admin/admin-ajax.php?action=async_litespeed&nonce=PLLbyRtHgcj2esJQMjU43YvTxZUfbXPM&litespeed_type=imgoptm HTTP/1.1" 200 21 "-" "WordPress/6.8; https://servethepeopleinc.org"
3.147.6.203 - - [17/Apr/2025:09:45:18 -0400] "GET /ad917/?path=%2Fhome%2Fservlmvm%2F.%2F.%2Fmail%2Fnew%2F..%2F.info%40servethepeopleinc_org%2Fsubscriptions HTTP/1.1" 200 1006 "-" "Mozilla/5.0 AppleWebKit/537.36 (KHTML, like Gecko; compatible; ClaudeBot/1.0; +claudebot@anthropic.com)"
66.249.77.41 - - [17/Apr/2025:09:45:24 -0400] "GET /special123800338.shtml HTTP/1.1" 404 16937 "-" "Mozilla/5.0 (Linux; Android 6.0.1; Nexus 5X Build/MMB29P) AppleWebKit/537.36 (KHTML, like Gecko) Chrome/135.0.7049.84 Mobile Safari/537.36 (compatible; GoogleOther)"
20.171.207.105 - - [17/Apr/2025:09:45:31 -0400] "GET /category/uncategorized/ HTTP/1.1" 200 17961 "-" "Mozilla/5.0 AppleWebKit/537.36 (KHTML, like Gecko; compatible; GPTBot/1.2; +https://openai.com/gptbot)"
40.77.167.152 - - [17/Apr/2025:09:45:47 -0400] "GET /products/103275506.shtml HTTP/1.1" 301 0 "-" "Mozilla/5.0 AppleWebKit/537.36 (KHTML, like Gecko; compatible; bingbot/2.0; +http://www.bing.com/bingbot.htm) Chrome/116.0.1938.76 Safari/537.36"
18.219.116.52 - - [17/Apr/2025:09:45:51 -0400] "GET /ad917/?path=%2Fhome%2Fservlmvm%2F.%2Fwww%2Fwp-includes%2F.%2F.%2Fl10n%2Fclass-wp-translation-controller.php HTTP/1.1" 200 3510 "-" "Mozilla/5.0 AppleWebKit/537.36 (KHTML, like Gecko; compatible; ClaudeBot/1.0; +claudebot@anthropic.com)"
18.219.116.52 - - [17/Apr/2025:09:45:54 -0400] "GET /ad917/?path=%2Fhome%2Fservlmvm%2F..%2F..%2Flib64%2Fgalera-4%2F..%2Fdovecot%2Flib05_pop3_migration_plugin.so HTTP/1.1" 200 994 "-" "Mozilla/5.0 AppleWebKit/537.36 (KHTML, like Gecko; compatible; ClaudeBot/1.0; +claudebot@anthropic.com)"
18.219.116.52 - - [17/Apr/2025:09:45:57 -0400] "GET /ad917/?path=%2Fhome%2Fservlmvm%2F..%2F..%2Flib64%2Fgalera-4%2F..%2Fdovecot%2Flib05_mail_crypt_acl_plugin.so HTTP/1.1" 200 998 "-" "Mozilla/5.0 AppleWebKit/537.36 (KHTML, like Gecko; compatible; ClaudeBot/1.0; +claudebot@anthropic.com)"
40.77.167.57 - - [17/Apr/2025:09:45:57 -0400] "GET /detail/twelvemonth38056562.shtml HTTP/1.1" 404 16937 "-" "Mozilla/5.0 AppleWebKit/537.36 (KHTML, like Gecko; compatible; bingbot/2.0; +http://www.bing.com/bingbot.htm) Chrome/116.0.1938.76 Safari/537.36"
40.77.167.152 - - [17/Apr/2025:09:45:58 -0400] "GET /detail/24457718.shtml HTTP/1.1" 301 0 "-" "Mozilla/5.0 AppleWebKit/537.36 (KHTML, like Gecko; compatible; bingbot/2.0; +http://www.bing.com/bingbot.htm) Chrome/116.0.1938.76 Safari/537.36"
18.219.116.52 - - [17/Apr/2025:09:46:00 -0400] "GET /ad917/?path=%2Fhome%2Fservlmvm%2F..%2F..%2Flib64%2Fgalera-4%2F..%2Fpython3.6%2Fconfig-3.6m-x86_64-linux-gnu HTTP/1.1" 200 1933 "-" "Mozilla/5.0 AppleWebKit/537.36 (KHTML, like Gecko; compatible; ClaudeBot/1.0; +claudebot@anthropic.com)"
18.219.116.52 - - [17/Apr/2025:09:46:03 -0400] "GET /ad917/?path=%2Fhome%2Fservlmvm%2F..%2F..%2Flib64%2Fgraphviz%2F..%2Fpython3.6%2Fconfig-3.6m-x86_64-linux-gnu HTTP/1.1" 200 1932 "-" "Mozilla/5.0 AppleWebKit/537.36 (KHTML, like Gecko; compatible; ClaudeBot/1.0; +claudebot@anthropic.com)"
198.54.116.86 - - [17/Apr/2025:09:46:04 -0400] "POST /wp-cron.php?doing_wp_cron=1744897564.2499990463256835937500 HTTP/1.1" 200 0 "-" "WordPress/6.8; https://servethepeopleinc.org"
52.167.144.197 - - [17/Apr/2025:09:46:04 -0400] "GET /shopping8204044.shtml HTTP/1.1" 404 16939 "-" "Mozilla/5.0 AppleWebKit/537.36 (KHTML, like Gecko; compatible; bingbot/2.0; +http://www.bing.com/bingbot.htm) Chrome/116.0.1938.76 Safari/537.36"
18.219.116.52 - - [17/Apr/2025:09:46:06 -0400] "GET /ad917/?path=%2Fhome%2Fservlmvm%2F..%2F..%2Flib64%2Fgalera-4%2F..%2Fdovecot%2Flib95_imap_old_stats_plugin.so HTTP/1.1" 200 999 "-" "Mozilla/5.0 AppleWebKit/537.36 (KHTML, like Gecko; compatible; ClaudeBot/1.0; +claudebot@anthropic.com)"
198.54.116.86 - - [17/Apr/2025:09:46:07 -0400] "POST /wp-cron.php?doing_wp_cron=1744897567.6363480091094970703125 HTTP/1.1" 200 0 "-" "WordPress/6.8; https://servethepeopleinc.org"
20.171.207.105 - - [17/Apr/2025:09:46:07 -0400] "GET /wp-json/oembed/1.0/embed?format=xml&url=https%3A%2F%2Fservethepeopleinc.org%2Fwhere-we-work%2F HTTP/1.1" 200 1072 "-" "Mozilla/5.0 AppleWebKit/537.36 (KHTML, like Gecko; compatible; GPTBot/1.2; +https://openai.com/gptbot)"
198.54.116.86 - - [17/Apr/2025:09:46:07 -0400] "POST /wp-admin/admin-ajax.php?action=async_litespeed&nonce=y1wJjJ9Bx6WGZQgTL4BbaVoIGUjJtTLO&litespeed_type=imgoptm HTTP/1.1" 200 21 "-" "WordPress/6.8; https://servethepeopleinc.org"
18.219.116.52 - - [17/Apr/2025:09:46:09 -0400] "GET /ad917/?path=%2Fhome%2Fservlmvm%2F..%2F..%2Flib64%2Fsecurity%2F..%2Fgirepository-1.0%2FGstMpegts-1.0.typelib HTTP/1.1" 200 993 "-" "Mozilla/5.0 AppleWebKit/537.36 (KHTML, like Gecko; compatible; ClaudeBot/1.0; +claudebot@anthropic.com)"
18.219.116.52 - - [17/Apr/2025:09:46:12 -0400] "GET /ad917/?path=%2Fhome%2Fservlmvm%2F..%2F..%2Flib64%2Fqt5%2F..%2Flibpoco-plesk-1.9.0%2FlibPocoFoundation.so.60 HTTP/1.1" 200 996 "-" "Mozilla/5.0 AppleWebKit/537.36 (KHTML, like Gecko; compatible; ClaudeBot/1.0; +claudebot@anthropic.com)"
18.219.116.52 - - [17/Apr/2025:09:46:15 -0400] "GET /ad917/?path=%2Fhome%2Fservlmvm%2F..%2F..%2Flib64%2Fsecurity%2F..%2Fgirepository-1.0%2FGstPlayer-1.0.typelib HTTP/1.1" 200 993 "-" "Mozilla/5.0 AppleWebKit/537.36 (KHTML, like Gecko; compatible; ClaudeBot/1.0; +claudebot@anthropic.com)"
18.219.116.52 - - [17/Apr/2025:09:46:18 -0400] "GET /ad917/?path=%2Fhome%2Fservlmvm%2F..%2F..%2Flib64%2Fsecurity%2F..%2Fgirepository-1.0%2Ffreetype2-2.0.typelib HTTP/1.1" 200 992 "-" "Mozilla/5.0 AppleWebKit/537.36 (KHTML, like Gecko; compatible; ClaudeBot/1.0; +claudebot@anthropic.com)"
18.219.116.52 - - [17/Apr/2025:09:46:21 -0400] "GET /ad917/?path=%2Fhome%2Fservlmvm%2F..%2F..%2Flib64%2Fsecurity%2F..%2Fgirepository-1.0%2FGdkPixbuf-2.0.typelib HTTP/1.1" 200 995 "-" "Mozilla/5.0 AppleWebKit/537.36 (KHTML, like Gecko; compatible; ClaudeBot/1.0; +claudebot@anthropic.com)"
18.219.116.52 - - [17/Apr/2025:09:46:24 -0400] "GET /ad917/?path=%2Fhome%2Fservlmvm%2F.%2F..%2F..%2Flib64%2Fpython3.6%2Fsite-packages%2Fpylve-2.1-py3.6.egg-info HTTP/1.1" 200 1682 "-" "Mozilla/5.0 AppleWebKit/537.36 (KHTML, like Gecko; compatible; ClaudeBot/1.0; +claudebot@anthropic.com)"
18.219.116.52 - - [17/Apr/2025:09:46:27 -0400] "GET /ad917/?path=%2Fhome%2Fservlmvm%2F.%2F.spamassassin%2F..%2Fspekkshealth.com%2Fwp-admin%2F.%2Fadmin-post.php HTTP/1.1" 200 1709 "-" "Mozilla/5.0 AppleWebKit/537.36 (KHTML, like Gecko; compatible; ClaudeBot/1.0; +claudebot@anthropic.com)"
18.219.116.52 - - [17/Apr/2025:09:46:30 -0400] "GET /ad917/?path=%2Fhome%2Fservlmvm%2F.%2Fpublic_html%2F597e1%2F..%2Fwp-admin%2Fcss%2Fcustomize-widgets.min.css HTTP/1.1" 200 2977 "-" "Mozilla/5.0 AppleWebKit/537.36 (KHTML, like Gecko; compatible; ClaudeBot/1.0; +claudebot@anthropic.com)"
18.219.116.52 - - [17/Apr/2025:09:46:33 -0400] "GET /ad917/?path=%2Fhome%2Fservlmvm%2F.%2Fpublic_html%2F..%2F.%2Fspekkshealth.com%2Fwp-admin%2Fwidgets-form.php HTTP/1.1" 200 7316 "-" "Mozilla/5.0 AppleWebKit/537.36 (KHTML, like Gecko; compatible; ClaudeBot/1.0; +claudebot@anthropic.com)"
18.219.116.52 - - [17/Apr/2025:09:46:36 -0400] "GET /ad917/?path=%2Fhome%2Fservlmvm%2F..%2F.%2F..%2Flib%2Fpython2.7%2Fsite-packages%2Fcrit-0.0.1-py2.7.egg-info HTTP/1.1" 200 1134 "-" "Mozilla/5.0 AppleWebKit/537.36 (KHTML, like Gecko; compatible; ClaudeBot/1.0; +claudebot@anthropic.com)"
18.219.116.52 - - [17/Apr/2025:09:46:39 -0400] "GET /ad917/?path=%2Fhome%2Fservlmvm%2F.%2Fpublic_html%2F.%2F..%2Fspekkshealth.com%2Fwp-admin%2Foptions-head.php HTTP/1.1" 200 1358 "-" "Mozilla/5.0 AppleWebKit/537.36 (KHTML, like Gecko; compatible; ClaudeBot/1.0; +claudebot@anthropic.com)"
18.219.116.52 - - [17/Apr/2025:09:46:42 -0400] "GET /ad917/?path=%2Fhome%2Fservlmvm%2F.%2Fpublic_html%2F..%2Fpuppiesoftexas.com%2Fwp-admin%2F.%2Fadmin-post.php HTTP/1.1" 200 1706 "-" "Mozilla/5.0 AppleWebKit/537.36 (KHTML, like Gecko; compatible; ClaudeBot/1.0; +claudebot@anthropic.com)"
52.167.144.197 - - [17/Apr/2025:09:46:43 -0400] "GET /product30862184.shtml HTTP/1.1" 404 16937 "-" "Mozilla/5.0 AppleWebKit/537.36 (KHTML, like Gecko; compatible; bingbot/2.0; +http://www.bing.com/bingbot.htm) Chrome/116.0.1938.76 Safari/537.36"
18.219.116.52 - - [17/Apr/2025:09:46:45 -0400] "GET /ad917/?path=%2Fhome%2Fservlmvm%2F.%2Fpublic_html%2F..%2Fpuppiesoftexas.com%2Fwp-admin%2F.%2Fcontribute.php HTTP/1.1" 200 3004 "-" "Mozilla/5.0 AppleWebKit/537.36 (KHTML, like Gecko; compatible; ClaudeBot/1.0; +claudebot@anthropic.com)"
18.219.116.52 - - [17/Apr/2025:09:46:48 -0400] "GET /ad917/?path=%2Fhome%2Fservlmvm%2F.%2Fpublic_html%2F.%2F..%2Fspekkshealth.com%2Fwp-admin%2Fload-scripts.php HTTP/1.1" 200 1983 "-" "Mozilla/5.0 AppleWebKit/537.36 (KHTML, like Gecko; compatible; ClaudeBot/1.0; +claudebot@anthropic.com)"
18.219.116.52 - - [17/Apr/2025:09:46:51 -0400] "GET /ad917/?path=%2Fhome%2Fservlmvm%2F.%2F.spamassassin%2F..%2Fspekkshealth.com%2Fwp-admin%2F.%2Fadmin-ajax.php HTTP/1.1" 200 2875 "-" "Mozilla/5.0 AppleWebKit/537.36 (KHTML, like Gecko; compatible; ClaudeBot/1.0; +claudebot@anthropic.com)"
18.219.116.52 - - [17/Apr/2025:09:46:54 -0400] "GET /ad917/?path=%2Fhome%2Fservlmvm%2F.%2F.%2F.%2Fspekkshealth.com%2Fwp-admin%2Fcss%2Fcustomize-widgets-rtl.css HTTP/1.1" 200 3764 "-" "Mozilla/5.0 AppleWebKit/537.36 (KHTML, like Gecko; compatible; ClaudeBot/1.0; +claudebot@anthropic.com)"
18.219.116.52 - - [17/Apr/2025:09:46:57 -0400] "GET /ad917/?path=%2Fhome%2Fservlmvm%2F.%2Fpublic_html%2F.%2F..%2Fspekkshealth.com%2Fwp-admin%2Ftheme-editor.php HTTP/1.1" 200 6683 "-" "Mozilla/5.0 AppleWebKit/537.36 (KHTML, like Gecko; compatible; ClaudeBot/1.0; +claudebot@anthropic.com)"
18.219.116.52 - - [17/Apr/2025:09:47:00 -0400] "GET /ad917/?path=%2Fhome%2Fservlmvm%2F.%2Fpublic_html%2F.%2F..%2Fspekkshealth.com%2Fwp-admin%2Fsetup-config.php HTTP/1.1" 200 7068 "-" "Mozilla/5.0 AppleWebKit/537.36 (KHTML, like Gecko; compatible; ClaudeBot/1.0; +claudebot@anthropic.com)"
18.219.116.52 - - [17/Apr/2025:09:47:03 -0400] "GET /ad917/?path=%2Fhome%2Fservlmvm%2F.%2Fpublic_html%2F.%2F..%2Fspekkshealth.com%2Fwp-admin%2Fadmin-footer.php HTTP/1.1" 200 2077 "-" "Mozilla/5.0 AppleWebKit/537.36 (KHTML, like Gecko; compatible; ClaudeBot/1.0; +claudebot@anthropic.com)"
