18.220.112.188 - - [17/Apr/2025:12:38:27 -0400] "GET /ad917/?path=%2Fhome%2F.%2F..%2Flib64%2F.%2Fpython2.7%2Fpydoc_data%2F..%2F..%2Flibudev.so.1.6.11 HTTP/1.1" 200 988 "-" "Mozilla/5.0 AppleWebKit/537.36 (KHTML, like Gecko; compatible; ClaudeBot/1.0; +claudebot@anthropic.com)"
18.220.112.188 - - [17/Apr/2025:12:38:30 -0400] "GET /ad917/?path=%2Fhome%2F.%2F..%2Flib64%2F.%2Fpython2.7%2Fpydoc_data%2F..%2F..%2Flibfftw3_omp.so.3 HTTP/1.1" 200 990 "-" "Mozilla/5.0 AppleWebKit/537.36 (KHTML, like Gecko; compatible; ClaudeBot/1.0; +claudebot@anthropic.com)"
18.220.112.188 - - [17/Apr/2025:12:38:33 -0400] "GET /ad917/?path=%2Fhome%2F.%2F..%2Flib64%2F.%2Fpython2.7%2Fpydoc_data%2F..%2F..%2Flibip6tc.so.2.0.0 HTTP/1.1" 200 988 "-" "Mozilla/5.0 AppleWebKit/537.36 (KHTML, like Gecko; compatible; ClaudeBot/1.0; +claudebot@anthropic.com)"
18.220.112.188 - - [17/Apr/2025:12:38:36 -0400] "GET /ad917/?path=%2Fhome%2F.%2F..%2Flib64%2F.%2Fpython2.7%2Fpydoc_data%2F..%2F..%2Flibncurses++.so.5 HTTP/1.1" 200 1245 "-" "Mozilla/5.0 AppleWebKit/537.36 (KHTML, like Gecko; compatible; ClaudeBot/1.0; +claudebot@anthropic.com)"
66.249.77.41 - - [17/Apr/2025:12:38:54 -0400] "GET /shopping/113447308.shtml HTTP/1.1" 404 16938 "-" "Mozilla/5.0 (Linux; Android 6.0.1; Nexus 5X Build/MMB29P) AppleWebKit/537.36 (KHTML, like Gecko) Chrome/135.0.7049.84 Mobile Safari/537.36 (compatible; Googlebot/2.1; +http://www.google.com/bot.html)"
18.218.229.244 - - [17/Apr/2025:12:39:04 -0400] "GET /ad917/?path=%2Fhome%2Fservlmvm%2Fpublic_html%2F..%2F.%2Fpublic_ftp%2F..%2F.cphorde%2F..%2F.gemrc HTTP/1.1" 200 1087 "-" "Mozilla/5.0 AppleWebKit/537.36 (KHTML, like Gecko; compatible; ClaudeBot/1.0; +claudebot@anthropic.com)"
18.218.229.244 - - [17/Apr/2025:12:39:06 -0400] "GET /ad917/?path=%2Fhome%2Fservlmvm%2Fpublic_html%2F..%2F.%2F.softaculous%2F..%2F.trash%2F..%2F.trash HTTP/1.1" 200 1471 "-" "Mozilla/5.0 AppleWebKit/537.36 (KHTML, like Gecko; compatible; ClaudeBot/1.0; +claudebot@anthropic.com)"
18.218.229.244 - - [17/Apr/2025:12:39:09 -0400] "GET /ad917/?path=%2Fhome%2Fservlmvm%2Fpublic_html%2F..%2F.cpanel%2Fcaches%2F..%2Fvcards%2F..%2Fvcards HTTP/1.1" 200 1823 "-" "Mozilla/5.0 AppleWebKit/537.36 (KHTML, like Gecko; compatible; ClaudeBot/1.0; +claudebot@anthropic.com)"
18.218.229.244 - - [17/Apr/2025:12:39:12 -0400] "GET /ad917/?path=%2Fhome%2Fservlmvm%2Fpublic_html%2F..%2F.cpanel%2Fcaches%2Fconfig%2F..%2F..%2Fvcards HTTP/1.1" 200 1838 "-" "Mozilla/5.0 AppleWebKit/537.36 (KHTML, like Gecko; compatible; ClaudeBot/1.0; +claudebot@anthropic.com)"
198.54.116.86 - - [17/Apr/2025:12:39:13 -0400] "POST /wp-cron.php?doing_wp_cron=1744907953.6883039474487304687500 HTTP/1.1" 200 0 "-" "WordPress/6.8; https://servethepeopleinc.org"
66.249.77.41 - - [17/Apr/2025:12:39:13 -0400] "GET /categories/157204?num=33171 HTTP/1.1" 404 16938 "-" "Mozilla/5.0 (Linux; Android 6.0.1; Nexus 5X Build/MMB29P) AppleWebKit/537.36 (KHTML, like Gecko) Chrome/135.0.7049.84 Mobile Safari/537.36 (compatible; GoogleOther)"
198.54.116.86 - - [17/Apr/2025:12:39:13 -0400] "POST /wp-admin/admin-ajax.php?action=async_litespeed&nonce=RBfprPDicfNfLeAUYstxlIgkDqtEiIMe&litespeed_type=imgoptm HTTP/1.1" 200 21 "-" "WordPress/6.8; https://servethepeopleinc.org"
52.167.144.194 - - [17/Apr/2025:12:39:14 -0400] "GET /shopping/16022290.shtml HTTP/1.1" 404 16937 "-" "Mozilla/5.0 AppleWebKit/537.36 (KHTML, like Gecko; compatible; bingbot/2.0; +http://www.bing.com/bingbot.htm) Chrome/116.0.1938.76 Safari/537.36"
18.218.229.244 - - [17/Apr/2025:12:39:15 -0400] "GET /ad917/?path=%2Fhome%2Fservlmvm%2Fpublic_html%2F..%2Fwww%2Fwp-content%2F..%2Fimages%2F..%2Fimages HTTP/1.1" 200 1762 "-" "Mozilla/5.0 AppleWebKit/537.36 (KHTML, like Gecko; compatible; ClaudeBot/1.0; +claudebot@anthropic.com)"
18.218.229.244 - - [17/Apr/2025:12:39:18 -0400] "GET /ad917/?path=%2Fhome%2Fservlmvm%2Fpublic_html%2F..%2Fwww%2Fwp-includes%2F.%2FSimplePie%2F..%2FIXR HTTP/1.1" 200 1901 "-" "Mozilla/5.0 AppleWebKit/537.36 (KHTML, like Gecko; compatible; ClaudeBot/1.0; +claudebot@anthropic.com)"
18.218.229.244 - - [17/Apr/2025:12:39:21 -0400] "GET /ad917/?path=%2Fhome%2Fservlmvm%2Fpublic_html%2F..%2Fwww%2Fwp-includes%2F..%2F5275b%2F..%2Fimages HTTP/1.1" 200 1773 "-" "Mozilla/5.0 AppleWebKit/537.36 (KHTML, like Gecko; compatible; ClaudeBot/1.0; +claudebot@anthropic.com)"
18.218.229.244 - - [17/Apr/2025:12:39:24 -0400] "GET /ad917/?path=%2Fhome%2Fservlmvm%2Fpublic_html%2F..%2F.cpanel%2Fvcards%2F..%2Fnvdata%2F..%2Fnvdata HTTP/1.1" 200 1758 "-" "Mozilla/5.0 AppleWebKit/537.36 (KHTML, like Gecko; compatible; ClaudeBot/1.0; +claudebot@anthropic.com)"
18.218.229.244 - - [17/Apr/2025:12:39:27 -0400] "GET /ad917/?path=%2Fhome%2Fservlmvm%2Fpublic_html%2F..%2F.softaculous%2F..%2F.trash%2F.%2F..%2F.gemrc HTTP/1.1" 200 1096 "-" "Mozilla/5.0 AppleWebKit/537.36 (KHTML, like Gecko; compatible; ClaudeBot/1.0; +claudebot@anthropic.com)"
18.218.229.244 - - [17/Apr/2025:12:39:30 -0400] "GET /ad917/?path=%2Fhome%2Fservlmvm%2Fpublic_html%2F..%2Fwww%2Fwp-includes%2F.%2Fassets%2F..%2Fassets HTTP/1.1" 200 1803 "-" "Mozilla/5.0 AppleWebKit/537.36 (KHTML, like Gecko; compatible; ClaudeBot/1.0; +claudebot@anthropic.com)"
52.167.144.158 - - [17/Apr/2025:12:39:32 -0400] "GET /product/q/deerstalker/48967694.shtml HTTP/1.1" 301 0 "-" "Mozilla/5.0 AppleWebKit/537.36 (KHTML, like Gecko; compatible; bingbot/2.0; +http://www.bing.com/bingbot.htm) Chrome/116.0.1938.76 Safari/537.36"
18.218.229.244 - - [17/Apr/2025:12:39:33 -0400] "GET /ad917/?path=%2Fhome%2Fservlmvm%2Fpublic_html%2F..%2F.%2F.softaculous%2F..%2F.trash%2F..%2F.gemrc HTTP/1.1" 200 1085 "-" "Mozilla/5.0 AppleWebKit/537.36 (KHTML, like Gecko; compatible; ClaudeBot/1.0; +claudebot@anthropic.com)"
18.218.229.244 - - [17/Apr/2025:12:39:36 -0400] "GET /ad917/?path=%2Fhome%2Fservlmvm%2F.%2Fpuppiesoftexas.com%2Fwp-includes%2Fblocks%2F..%2F.%2Fimages HTTP/1.1" 200 2298 "-" "Mozilla/5.0 AppleWebKit/537.36 (KHTML, like Gecko; compatible; ClaudeBot/1.0; +claudebot@anthropic.com)"
18.218.229.244 - - [17/Apr/2025:12:39:39 -0400] "GET /ad917/?path=%2Fhome%2Fservlmvm%2Fpublic_html%2F..%2Fwww%2Fwp-content%2Fuploads%2F..%2F.%2Fthemes HTTP/1.1" 200 1748 "-" "Mozilla/5.0 AppleWebKit/537.36 (KHTML, like Gecko; compatible; ClaudeBot/1.0; +claudebot@anthropic.com)"
18.218.229.244 - - [17/Apr/2025:12:39:42 -0400] "GET /ad917/?path=%2Fhome%2Fservlmvm%2F.%2Fpuppiesoftexas.com%2F..%2Fpublic_html%2F5275b%2F..%2Fassets HTTP/1.1" 200 1582 "-" "Mozilla/5.0 AppleWebKit/537.36 (KHTML, like Gecko; compatible; ClaudeBot/1.0; +claudebot@anthropic.com)"
18.218.229.244 - - [17/Apr/2025:12:39:45 -0400] "GET /ad917/?path=%2Fhome%2Fservlmvm%2Fpublic_html%2F..%2F.cpanel%2Fcaches%2F..%2Fvcards%2F..%2Fcaches HTTP/1.1" 200 1524 "-" "Mozilla/5.0 AppleWebKit/537.36 (KHTML, like Gecko; compatible; ClaudeBot/1.0; +claudebot@anthropic.com)"
18.218.229.244 - - [17/Apr/2025:12:39:48 -0400] "GET /ad917/?path=%2Fhome%2Fservlmvm%2Fpublic_html%2F..%2F.%2F.softaculous%2F..%2F.trash%2F..%2F.zshrc HTTP/1.1" 200 1355 "-" "Mozilla/5.0 AppleWebKit/537.36 (KHTML, like Gecko; compatible; ClaudeBot/1.0; +claudebot@anthropic.com)"
18.218.229.244 - - [17/Apr/2025:12:39:51 -0400] "GET /ad917/?path=%2Fhome%2Fservlmvm%2Fpublic_html%2F..%2F.softaculous%2F.%2F..%2F.trash%2F..%2F.trash HTTP/1.1" 200 1480 "-" "Mozilla/5.0 AppleWebKit/537.36 (KHTML, like Gecko; compatible; ClaudeBot/1.0; +claudebot@anthropic.com)"
107.189.3.116 - - [17/Apr/2025:12:39:54 -0400] "GET /wp-login.php HTTP/1.1" 200 6153 "-" "Mozilla/5.0 (Macintosh; Intel Mac OS X 10_8_5) AppleWebKit/537.36 (KHTML, like Gecko) Chrome/36.0.1985.125 Safari/537.36"
18.218.229.244 - - [17/Apr/2025:12:39:54 -0400] "GET /ad917/?path=%2Fhome%2Fservlmvm%2Fpublic_html%2F..%2Fwww%2F..%2Fpublic_html%2Fimages%2F.%2Fimages HTTP/1.1" 200 1731 "-" "Mozilla/5.0 AppleWebKit/537.36 (KHTML, like Gecko; compatible; ClaudeBot/1.0; +claudebot@anthropic.com)"
18.218.229.244 - - [17/Apr/2025:12:39:57 -0400] "GET /ad917/?path=%2Fhome%2Fservlmvm%2F.%2Fpuppiesoftexas.com%2F..%2Fpublic_html%2F597e1%2F..%2Fimages HTTP/1.1" 200 1757 "-" "Mozilla/5.0 AppleWebKit/537.36 (KHTML, like Gecko; compatible; ClaudeBot/1.0; +claudebot@anthropic.com)"
18.218.229.244 - - [17/Apr/2025:12:40:00 -0400] "GET /ad917/?path=%2Fhome%2Fservlmvm%2Fpublic_html%2F..%2F.cpanel%2Fcaches%2Fconfig%2F..%2F..%2Fnvdata HTTP/1.1" 200 1769 "-" "Mozilla/5.0 AppleWebKit/537.36 (KHTML, like Gecko; compatible; ClaudeBot/1.0; +claudebot@anthropic.com)"
18.218.229.244 - - [17/Apr/2025:12:40:03 -0400] "GET /ad917/?path=%2Fhome%2Fservlmvm%2Fpublic_html%2F..%2Fwww%2F..%2Fpublic_html%2F597e1%2F..%2Fimages HTTP/1.1" 200 1737 "-" "Mozilla/5.0 AppleWebKit/537.36 (KHTML, like Gecko; compatible; ClaudeBot/1.0; +claudebot@anthropic.com)"
18.218.229.244 - - [17/Apr/2025:12:40:06 -0400] "GET /ad917/?path=%2Fhome%2Fservlmvm%2Fpublic_html%2F..%2F.softaculous%2F.%2F..%2F.trash%2F..%2F.zshrc HTTP/1.1" 200 1368 "-" "Mozilla/5.0 AppleWebKit/537.36 (KHTML, like Gecko; compatible; ClaudeBot/1.0; +claudebot@anthropic.com)"
198.54.116.86 - - [17/Apr/2025:12:40:08 -0400] "POST /wp-cron.php?doing_wp_cron=1744908008.5754709243774414062500 HTTP/1.1" 200 0 "-" "WordPress/6.8; https://servethepeopleinc.org"
107.189.3.116 - - [17/Apr/2025:12:40:08 -0400] "POST /wp-login.php HTTP/1.1" 200 6636 "-" "Mozilla/5.0 (Macintosh; Intel Mac OS X 10_8_5) AppleWebKit/537.36 (KHTML, like Gecko) Chrome/36.0.1985.125 Safari/537.36"
198.54.116.86 - - [17/Apr/2025:12:40:08 -0400] "POST /wp-admin/admin-ajax.php?action=async_litespeed&nonce=ML21bWbdDdAp56qgkMCyGx8vmDOELfcL&litespeed_type=imgoptm HTTP/1.1" 200 21 "-" "WordPress/6.8; https://servethepeopleinc.org"
18.218.229.244 - - [17/Apr/2025:12:40:09 -0400] "GET /ad917/?path=%2Fhome%2Fservlmvm%2Fpublic_html%2F..%2F.cpanel%2Fvcards%2F..%2Fvcards%2F..%2Fvcards HTTP/1.1" 200 1818 "-" "Mozilla/5.0 AppleWebKit/537.36 (KHTML, like Gecko; compatible; ClaudeBot/1.0; +claudebot@anthropic.com)"
18.218.229.244 - - [17/Apr/2025:12:40:12 -0400] "GET /ad917/?path=%2Fhome%2Fservlmvm%2Fpublic_html%2F..%2Fwww%2Fwp-content%2Fupgrade%2F.%2F..%2Fwflogs HTTP/1.1" 200 1876 "-" "Mozilla/5.0 AppleWebKit/537.36 (KHTML, like Gecko; compatible; ClaudeBot/1.0; +claudebot@anthropic.com)"
18.218.229.244 - - [17/Apr/2025:12:40:15 -0400] "GET /ad917/?path=%2Fhome%2Fservlmvm%2Fpublic_html%2F..%2Fwww%2Fimages%2Fimages%2Fimages%2F..%2Fimages HTTP/1.1" 200 1807 "-" "Mozilla/5.0 AppleWebKit/537.36 (KHTML, like Gecko; compatible; ClaudeBot/1.0; +claudebot@anthropic.com)"
18.218.229.244 - - [17/Apr/2025:12:40:18 -0400] "GET /ad917/?path=%2Fhome%2Fservlmvm%2Fpublic_html%2F..%2F.%2Fwww%2Fwp-content%2Fupgrade%2F..%2Fthemes HTTP/1.1" 200 1759 "-" "Mozilla/5.0 AppleWebKit/537.36 (KHTML, like Gecko; compatible; ClaudeBot/1.0; +claudebot@anthropic.com)"
18.218.229.244 - - [17/Apr/2025:12:40:21 -0400] "GET /ad917/?path=%2Fhome%2Fservlmvm%2Fpublic_html%2F..%2F.cpanel%2Fcaches%2F..%2Fvcards%2F..%2Fnvdata HTTP/1.1" 200 1768 "-" "Mozilla/5.0 AppleWebKit/537.36 (KHTML, like Gecko; compatible; ClaudeBot/1.0; +claudebot@anthropic.com)"
54.36.149.64 - - [17/Apr/2025:12:40:23 -0400] "GET /robots.txt HTTP/1.1" 200 101 "-" "Mozilla/5.0 (compatible; AhrefsBot/7.0; +http://ahrefs.com/robot/)"
18.218.229.244 - - [17/Apr/2025:12:40:24 -0400] "GET /ad917/?path=%2Fhome%2Fservlmvm%2Fpublic_html%2F..%2F.cpanel%2Fcaches%2F..%2Fnvdata%2F..%2Fnvdata HTTP/1.1" 200 1758 "-" "Mozilla/5.0 AppleWebKit/537.36 (KHTML, like Gecko; compatible; ClaudeBot/1.0; +claudebot@anthropic.com)"
51.222.253.10 - - [17/Apr/2025:12:40:27 -0400] "GET /products/71836930.shtml HTTP/1.1" 404 16940 "-" "Mozilla/5.0 (compatible; AhrefsBot/7.0; +http://ahrefs.com/robot/)"
18.218.229.244 - - [17/Apr/2025:12:40:27 -0400] "GET /ad917/?path=%2Fhome%2Fservlmvm%2Fpublic_html%2F..%2Fssl%2F..%2Fpublic_html%2F5275b%2F..%2Fassets HTTP/1.1" 200 1591 "-" "Mozilla/5.0 AppleWebKit/537.36 (KHTML, like Gecko; compatible; ClaudeBot/1.0; +claudebot@anthropic.com)"
40.77.167.13 - - [17/Apr/2025:12:40:30 -0400] "GET /goodscode/a/ HTTP/1.1" 301 0 "-" "Mozilla/5.0 AppleWebKit/537.36 (KHTML, like Gecko; compatible; bingbot/2.0; +http://www.bing.com/bingbot.htm) Chrome/116.0.1938.76 Safari/537.36"
18.218.229.244 - - [17/Apr/2025:12:40:30 -0400] "GET /ad917/?path=%2Fhome%2Fservlmvm%2Fpublic_html%2F..%2F.softaculous%2F..%2F.%2F.trash%2F..%2F.zshrc HTTP/1.1" 200 1360 "-" "Mozilla/5.0 AppleWebKit/537.36 (KHTML, like Gecko; compatible; ClaudeBot/1.0; +claudebot@anthropic.com)"
52.167.144.24 - - [17/Apr/2025:12:40:33 -0400] "GET /detail/bluff82394740.shtml HTTP/1.1" 404 16943 "-" "Mozilla/5.0 AppleWebKit/537.36 (KHTML, like Gecko; compatible; bingbot/2.0; +http://www.bing.com/bingbot.htm) Chrome/116.0.1938.76 Safari/537.36"
18.218.229.244 - - [17/Apr/2025:12:40:33 -0400] "GET /ad917/?path=%2Fhome%2Fservlmvm%2Fpublic_html%2F..%2Fwww%2Fwp-content%2F..%2Fassets%2F..%2Fassets HTTP/1.1" 200 1573 "-" "Mozilla/5.0 AppleWebKit/537.36 (KHTML, like Gecko; compatible; ClaudeBot/1.0; +claudebot@anthropic.com)"
18.218.229.244 - - [17/Apr/2025:12:40:36 -0400] "GET /ad917/?path=%2Fhome%2Fservlmvm%2Fpublic_html%2F..%2F.cpanel%2Fcaches%2Fconfig%2F..%2F..%2Fcaches HTTP/1.1" 200 1519 "-" "Mozilla/5.0 AppleWebKit/537.36 (KHTML, like Gecko; compatible; ClaudeBot/1.0; +claudebot@anthropic.com)"
18.218.229.244 - - [17/Apr/2025:12:40:39 -0400] "GET /ad917/?path=%2Fhome%2Fservlmvm%2Fpublic_html%2F..%2F.cpanel%2Fvcards%2F..%2Fnvdata%2F..%2Fvcards HTTP/1.1" 200 1790 "-" "Mozilla/5.0 AppleWebKit/537.36 (KHTML, like Gecko; compatible; ClaudeBot/1.0; +claudebot@anthropic.com)"
18.218.229.244 - - [17/Apr/2025:12:40:42 -0400] "GET /ad917/?path=%2Fhome%2Fservlmvm%2Fpublic_html%2F..%2F.softaculous%2F..%2F.trash%2F..%2F.%2F.gemrc HTTP/1.1" 200 1090 "-" "Mozilla/5.0 AppleWebKit/537.36 (KHTML, like Gecko; compatible; ClaudeBot/1.0; +claudebot@anthropic.com)"
52.167.144.158 - - [17/Apr/2025:12:40:43 -0400] "GET /shopdetail/exanimous39819208.shtml HTTP/1.1" 301 0 "-" "Mozilla/5.0 AppleWebKit/537.36 (KHTML, like Gecko; compatible; bingbot/2.0; +http://www.bing.com/bingbot.htm) Chrome/116.0.1938.76 Safari/537.36"
18.218.229.244 - - [17/Apr/2025:12:40:45 -0400] "GET /ad917/?path=%2Fhome%2Fservlmvm%2Fpublic_html%2F..%2F.softaculous%2F..%2F.trash%2F.%2F..%2F.zshrc HTTP/1.1" 200 1363 "-" "Mozilla/5.0 AppleWebKit/537.36 (KHTML, like Gecko; compatible; ClaudeBot/1.0; +claudebot@anthropic.com)"
18.218.229.244 - - [17/Apr/2025:12:40:48 -0400] "GET /ad917/?path=%2Fhome%2Fservlmvm%2Fpublic_html%2F..%2F.%2Fpublic_ftp%2F..%2F.cphorde%2F..%2F.trash HTTP/1.1" 200 1480 "-" "Mozilla/5.0 AppleWebKit/537.36 (KHTML, like Gecko; compatible; ClaudeBot/1.0; +claudebot@anthropic.com)"
18.218.229.244 - - [17/Apr/2025:12:40:51 -0400] "GET /ad917/?path=%2Fhome%2Fservlmvm%2Fpublic_html%2F..%2F.softaculous%2F..%2Fmail%2Ftmp%2F..%2F.Trash HTTP/1.1" 200 1714 "-" "Mozilla/5.0 AppleWebKit/537.36 (KHTML, like Gecko; compatible; ClaudeBot/1.0; +claudebot@anthropic.com)"
18.218.229.244 - - [17/Apr/2025:12:40:54 -0400] "GET /ad917/?path=%2Fhome%2Fservlmvm%2Fpublic_html%2F..%2Fwww%2Fwp-content%2Fuploads%2F..%2F.%2Fwflogs HTTP/1.1" 200 1834 "-" "Mozilla/5.0 AppleWebKit/537.36 (KHTML, like Gecko; compatible; ClaudeBot/1.0; +claudebot@anthropic.com)"
18.218.229.244 - - [17/Apr/2025:12:40:57 -0400] "GET /ad917/?path=%2Fhome%2Fservlmvm%2Fpublic_html%2F..%2F.%2Fwww%2Fwp-content%2Fuploads%2F..%2Fthemes HTTP/1.1" 200 1718 "-" "Mozilla/5.0 AppleWebKit/537.36 (KHTML, like Gecko; compatible; ClaudeBot/1.0; +claudebot@anthropic.com)"
18.218.229.244 - - [17/Apr/2025:12:41:00 -0400] "GET /ad917/?path=%2Fhome%2Fservlmvm%2Fpublic_html%2F..%2F.cpanel%2Fnvdata%2F..%2Fcaches%2F..%2Fnvdata HTTP/1.1" 200 1727 "-" "Mozilla/5.0 AppleWebKit/537.36 (KHTML, like Gecko; compatible; ClaudeBot/1.0; +claudebot@anthropic.com)"
198.54.116.86 - - [17/Apr/2025:12:41:12 -0400] "POST /wp-cron.php?doing_wp_cron=1744908072.2657740116119384765625 HTTP/1.1" 200 0 "-" "WordPress/6.8; https://servethepeopleinc.org"
52.167.144.158 - - [17/Apr/2025:12:41:12 -0400] "GET /shopping/vfq/ambiguity88027696.shtml HTTP/1.1" 301 0 "-" "Mozilla/5.0 AppleWebKit/537.36 (KHTML, like Gecko; compatible; bingbot/2.0; +http://www.bing.com/bingbot.htm) Chrome/116.0.1938.76 Safari/537.36"
198.54.116.86 - - [17/Apr/2025:12:41:12 -0400] "POST /wp-admin/admin-ajax.php?action=async_litespeed&nonce=jg33eZCmLeJOjS1HFI5w6Y5JlyigENK9&litespeed_type=imgoptm HTTP/1.1" 200 21 "-" "WordPress/6.8; https://servethepeopleinc.org"
52.167.144.158 - - [17/Apr/2025:12:41:23 -0400] "GET /detail/mg/phosphonium/2604530.shtml HTTP/1.1" 301 0 "-" "Mozilla/5.0 AppleWebKit/537.36 (KHTML, like Gecko; compatible; bingbot/2.0; +http://www.bing.com/bingbot.htm) Chrome/116.0.1938.76 Safari/537.36"
18.221.161.189 - - [17/Apr/2025:12:41:30 -0400] "GET /ad917/?path=%2Fhome%2Fservlmvm%2F.%2Fpuppiesoftexas.com%2Fwp-content%2F.%2Fuploads%2F..%2Fphp.ini HTTP/1.1" 200 1049 "-" "Mozilla/5.0 AppleWebKit/537.36 (KHTML, like Gecko; compatible; ClaudeBot/1.0; +claudebot@anthropic.com)"
18.221.161.189 - - [17/Apr/2025:12:41:33 -0400] "GET /ad917/?path=%2Fhome%2Fservlmvm%2Fpublic_html%2F..%2Fwww%2Fwp-content%2Fuploads%2F..%2F.%2Fupgrade HTTP/1.1" 200 1489 "-" "Mozilla/5.0 AppleWebKit/537.36 (KHTML, like Gecko; compatible; ClaudeBot/1.0; +claudebot@anthropic.com)"
52.167.144.158 - - [17/Apr/2025:12:41:33 -0400] "GET /goods/96960406.shtml HTTP/1.1" 301 0 "-" "Mozilla/5.0 AppleWebKit/537.36 (KHTML, like Gecko; compatible; bingbot/2.0; +http://www.bing.com/bingbot.htm) Chrome/116.0.1938.76 Safari/537.36"
18.221.161.189 - - [17/Apr/2025:12:41:36 -0400] "GET /ad917/?path=%2Fhome%2Fservlmvm%2Fpublic_html%2F..%2Fpuppiesoftexas.com%2F.%2F..%2Flscache%2Fe%2Fb HTTP/1.1" 200 1630 "-" "Mozilla/5.0 AppleWebKit/537.36 (KHTML, like Gecko; compatible; ClaudeBot/1.0; +claudebot@anthropic.com)"
18.221.161.189 - - [17/Apr/2025:12:41:39 -0400] "GET /ad917/?path=%2Fhome%2Fservlmvm%2Fpublic_html%2F..%2F.softaculous%2F..%2F.%2F.trash%2F..%2F.bashrc HTTP/1.1" 200 1061 "-" "Mozilla/5.0 AppleWebKit/537.36 (KHTML, like Gecko; compatible; ClaudeBot/1.0; +claudebot@anthropic.com)"
18.221.161.189 - - [17/Apr/2025:12:41:42 -0400] "GET /ad917/?path=%2Fhome%2Fservlmvm%2Fpublic_html%2F..%2F.%2F.spamassassin%2F..%2F.softaculous%2F.%2F. HTTP/1.1" 200 1710 "-" "Mozilla/5.0 AppleWebKit/537.36 (KHTML, like Gecko; compatible; ClaudeBot/1.0; +claudebot@anthropic.com)"
18.221.161.189 - - [17/Apr/2025:12:41:45 -0400] "GET /ad917/?path=%2Fhome%2Fservlmvm%2Fpublic_html%2F..%2Fpuppiesoftexas.com%2F.%2F..%2Flscache%2Fc%2F9 HTTP/1.1" 200 1598 "-" "Mozilla/5.0 AppleWebKit/537.36 (KHTML, like Gecko; compatible; ClaudeBot/1.0; +claudebot@anthropic.com)"
18.221.161.189 - - [17/Apr/2025:12:41:48 -0400] "GET /ad917/?path=%2Fhome%2Fservlmvm%2Fpublic_html%2F..%2Fpuppiesoftexas.com%2F.%2F..%2Flscache%2F9%2F5 HTTP/1.1" 200 1598 "-" "Mozilla/5.0 AppleWebKit/537.36 (KHTML, like Gecko; compatible; ClaudeBot/1.0; +claudebot@anthropic.com)"
18.221.161.189 - - [17/Apr/2025:12:41:51 -0400] "GET /ad917/?path=%2Fhome%2Fservlmvm%2Fpublic_html%2F..%2F.%2Fpublic_ftp%2F..%2F.cphorde%2F..%2Flscache HTTP/1.1" 200 1779 "-" "Mozilla/5.0 AppleWebKit/537.36 (KHTML, like Gecko; compatible; ClaudeBot/1.0; +claudebot@anthropic.com)"
40.77.167.13 - - [17/Apr/2025:12:41:51 -0400] "GET /product51716260.shtml HTTP/1.1" 301 0 "-" "Mozilla/5.0 AppleWebKit/537.36 (KHTML, like Gecko; compatible; bingbot/2.0; +http://www.bing.com/bingbot.htm) Chrome/116.0.1938.76 Safari/537.36"
18.221.161.189 - - [17/Apr/2025:12:41:54 -0400] "GET /ad917/?path=%2Fhome%2Fservlmvm%2Fpublic_html%2F..%2Fpuppiesoftexas.com%2F.%2F..%2Flscache%2F5%2F6 HTTP/1.1" 200 1611 "-" "Mozilla/5.0 AppleWebKit/537.36 (KHTML, like Gecko; compatible; ClaudeBot/1.0; +claudebot@anthropic.com)"
52.167.144.158 - - [17/Apr/2025:12:41:56 -0400] "GET /products52252158.shtml HTTP/1.1" 301 0 "-" "Mozilla/5.0 AppleWebKit/537.36 (KHTML, like Gecko; compatible; bingbot/2.0; +http://www.bing.com/bingbot.htm) Chrome/116.0.1938.76 Safari/537.36"
18.221.161.189 - - [17/Apr/2025:12:41:57 -0400] "GET /ad917/?path=%2Fhome%2Fservlmvm%2Fpublic_html%2F..%2Fpuppiesoftexas.com%2F.%2F..%2Flscache%2Fc%2Ff HTTP/1.1" 200 1574 "-" "Mozilla/5.0 AppleWebKit/537.36 (KHTML, like Gecko; compatible; ClaudeBot/1.0; +claudebot@anthropic.com)"
18.221.161.189 - - [17/Apr/2025:12:42:00 -0400] "GET /ad917/?path=%2Fhome%2Fservlmvm%2Fpublic_html%2F..%2F.%2Fpublic_ftp%2F..%2F.cphorde%2F..%2F.cagefs HTTP/1.1" 200 1580 "-" "Mozilla/5.0 AppleWebKit/537.36 (KHTML, like Gecko; compatible; ClaudeBot/1.0; +claudebot@anthropic.com)"
18.221.161.189 - - [17/Apr/2025:12:42:03 -0400] "GET /ad917/?path=%2Fhome%2Fservlmvm%2Fpublic_html%2F..%2Fpuppiesoftexas.com%2F.%2F..%2Flscache%2Fe%2F5 HTTP/1.1" 200 1587 "-" "Mozilla/5.0 AppleWebKit/537.36 (KHTML, like Gecko; compatible; ClaudeBot/1.0; +claudebot@anthropic.com)"
18.221.161.189 - - [17/Apr/2025:12:42:06 -0400] "GET /ad917/?path=%2Fhome%2Fservlmvm%2Fpublic_html%2F..%2Fwww%2Fwp-content%2Fupgrade%2F.%2F..%2Fplugins HTTP/1.1" 200 2105 "-" "Mozilla/5.0 AppleWebKit/537.36 (KHTML, like Gecko; compatible; ClaudeBot/1.0; +claudebot@anthropic.com)"
18.221.161.189 - - [17/Apr/2025:12:42:09 -0400] "GET /ad917/?path=%2Fhome%2Fservlmvm%2Fpublic_html%2F..%2Fpuppiesoftexas.com%2F.%2F..%2Flscache%2Ff%2F7 HTTP/1.1" 200 1588 "-" "Mozilla/5.0 AppleWebKit/537.36 (KHTML, like Gecko; compatible; ClaudeBot/1.0; +claudebot@anthropic.com)"
18.221.161.189 - - [17/Apr/2025:12:42:12 -0400] "GET /ad917/?path=%2Fhome%2Fservlmvm%2Fpublic_html%2F..%2F.softaculous%2F..%2F.trash%2F.%2F..%2F.cpanel HTTP/1.1" 200 1839 "-" "Mozilla/5.0 AppleWebKit/537.36 (KHTML, like Gecko; compatible; ClaudeBot/1.0; +claudebot@anthropic.com)"
18.221.161.189 - - [17/Apr/2025:12:42:15 -0400] "GET /ad917/?path=%2Fhome%2Fservlmvm%2Fpublic_html%2F..%2Fwww%2Fwp-content%2F..%2Fwp-includes%2Fcss%2F. HTTP/1.1" 200 2516 "-" "Mozilla/5.0 AppleWebKit/537.36 (KHTML, like Gecko; compatible; ClaudeBot/1.0; +claudebot@anthropic.com)"
18.221.161.189 - - [17/Apr/2025:12:42:18 -0400] "GET /ad917/?path=%2Fhome%2Fservlmvm%2Fpublic_html%2F..%2F.softaculous%2F.%2F..%2F.trash%2F..%2F.bashrc HTTP/1.1" 200 1064 "-" "Mozilla/5.0 AppleWebKit/537.36 (KHTML, like Gecko; compatible; ClaudeBot/1.0; +claudebot@anthropic.com)"
198.54.116.86 - - [17/Apr/2025:12:42:19 -0400] "POST /wp-cron.php?doing_wp_cron=1744908139.9827389717102050781250 HTTP/1.1" 200 0 "-" "WordPress/6.8; https://servethepeopleinc.org"
52.167.144.223 - - [17/Apr/2025:12:42:19 -0400] "GET /detail/tartralic27753868.shtml HTTP/1.1" 404 16939 "-" "Mozilla/5.0 AppleWebKit/537.36 (KHTML, like Gecko; compatible; bingbot/2.0; +http://www.bing.com/bingbot.htm) Chrome/116.0.1938.76 Safari/537.36"
198.54.116.86 - - [17/Apr/2025:12:42:20 -0400] "POST /wp-admin/admin-ajax.php?action=async_litespeed&nonce=hWQvbnN1rJ8HFYlxNY0aiGXOh5HgpgEL&litespeed_type=imgoptm HTTP/1.1" 200 21 "-" "WordPress/6.8; https://servethepeopleinc.org"
18.221.161.189 - - [17/Apr/2025:12:42:21 -0400] "GET /ad917/?path=%2Fhome%2Fservlmvm%2Fpublic_html%2F..%2Fpuppiesoftexas.com%2F.%2F..%2Flscache%2F7%2F3 HTTP/1.1" 200 1574 "-" "Mozilla/5.0 AppleWebKit/537.36 (KHTML, like Gecko; compatible; ClaudeBot/1.0; +claudebot@anthropic.com)"
18.221.161.189 - - [17/Apr/2025:12:42:24 -0400] "GET /ad917/?path=%2Fhome%2Fservlmvm%2F.%2Fpuppiesoftexas.com%2Fwp-includes%2Fblocks%2Fcalendar%2F.%2F. HTTP/1.1" 200 1679 "-" "Mozilla/5.0 AppleWebKit/537.36 (KHTML, like Gecko; compatible; ClaudeBot/1.0; +claudebot@anthropic.com)"
18.221.161.189 - - [17/Apr/2025:12:42:27 -0400] "GET /ad917/?path=%2Fhome%2Fservlmvm%2Fpublic_html%2F..%2Fpuppiesoftexas.com%2F.%2F..%2Flscache%2Fc%2F8 HTTP/1.1" 200 1595 "-" "Mozilla/5.0 AppleWebKit/537.36 (KHTML, like Gecko; compatible; ClaudeBot/1.0; +claudebot@anthropic.com)"
18.221.161.189 - - [17/Apr/2025:12:42:30 -0400] "GET /ad917/?path=%2Fhome%2Fservlmvm%2Fpublic_html%2F..%2F.softaculous%2F.%2F..%2F.trash%2F..%2F.clwpos HTTP/1.1" 200 1549 "-" "Mozilla/5.0 AppleWebKit/537.36 (KHTML, like Gecko; compatible; ClaudeBot/1.0; +claudebot@anthropic.com)"
18.221.161.189 - - [17/Apr/2025:12:42:33 -0400] "GET /ad917/?path=%2Fhome%2Fservlmvm%2Fpublic_html%2F..%2F.%2F.softaculous%2F..%2F.trash%2F..%2F.cpanel HTTP/1.1" 200 1845 "-" "Mozilla/5.0 AppleWebKit/537.36 (KHTML, like Gecko; compatible; ClaudeBot/1.0; +claudebot@anthropic.com)"
18.221.161.189 - - [17/Apr/2025:12:42:36 -0400] "GET /ad917/?path=%2Fhome%2Fservlmvm%2Fpublic_html%2F..%2Fpuppiesoftexas.com%2F.%2F..%2Flscache%2F7%2Fa HTTP/1.1" 200 1612 "-" "Mozilla/5.0 AppleWebKit/537.36 (KHTML, like Gecko; compatible; ClaudeBot/1.0; +claudebot@anthropic.com)"
18.221.161.189 - - [17/Apr/2025:12:42:39 -0400] "GET /ad917/?path=%2Fhome%2Fservlmvm%2Fpublic_html%2F..%2F.%2F.softaculous%2F..%2F.trash%2F..%2F.clwpos HTTP/1.1" 200 1560 "-" "Mozilla/5.0 AppleWebKit/537.36 (KHTML, like Gecko; compatible; ClaudeBot/1.0; +claudebot@anthropic.com)"
18.221.161.189 - - [17/Apr/2025:12:42:42 -0400] "GET /ad917/?path=%2Fhome%2Fservlmvm%2Fpublic_html%2F..%2Fpuppiesoftexas.com%2F.%2F..%2Flscache%2F9%2F9 HTTP/1.1" 200 1549 "-" "Mozilla/5.0 AppleWebKit/537.36 (KHTML, like Gecko; compatible; ClaudeBot/1.0; +claudebot@anthropic.com)"
18.221.161.189 - - [17/Apr/2025:12:42:45 -0400] "GET /ad917/?path=%2Fhome%2Fservlmvm%2Fpublic_html%2F..%2Fpuppiesoftexas.com%2F.%2F..%2Flscache%2Ff%2F2 HTTP/1.1" 200 1571 "-" "Mozilla/5.0 AppleWebKit/537.36 (KHTML, like Gecko; compatible; ClaudeBot/1.0; +claudebot@anthropic.com)"
18.221.161.189 - - [17/Apr/2025:12:42:48 -0400] "GET /ad917/?path=%2Fhome%2Fservlmvm%2Fpublic_html%2F..%2Fpuppiesoftexas.com%2F.%2F..%2Flscache%2Fe%2Fc HTTP/1.1" 200 1603 "-" "Mozilla/5.0 AppleWebKit/537.36 (KHTML, like Gecko; compatible; ClaudeBot/1.0; +claudebot@anthropic.com)"
18.221.161.189 - - [17/Apr/2025:12:42:51 -0400] "GET /ad917/?path=%2Fhome%2Fservlmvm%2Fpublic_html%2F..%2F.clwpos%2F..%2Fpublic_html%2F..%2Flscache%2F0 HTTP/1.1" 200 1668 "-" "Mozilla/5.0 AppleWebKit/537.36 (KHTML, like Gecko; compatible; ClaudeBot/1.0; +claudebot@anthropic.com)"
18.221.161.189 - - [17/Apr/2025:12:42:54 -0400] "GET /ad917/?path=%2Fhome%2Fservlmvm%2Fpublic_html%2F..%2Fwww%2Fwp-includes%2F.%2Fassets%2F..%2Frss.php HTTP/1.1" 200 8111 "-" "Mozilla/5.0 AppleWebKit/537.36 (KHTML, like Gecko; compatible; ClaudeBot/1.0; +claudebot@anthropic.com)"
18.221.161.189 - - [17/Apr/2025:12:42:57 -0400] "GET /ad917/?path=%2Fhome%2Fservlmvm%2Fpublic_html%2F..%2Fpuppiesoftexas.com%2F.%2F..%2Flscache%2F7%2F7 HTTP/1.1" 200 1557 "-" "Mozilla/5.0 AppleWebKit/537.36 (KHTML, like Gecko; compatible; ClaudeBot/1.0; +claudebot@anthropic.com)"
18.221.161.189 - - [17/Apr/2025:12:43:00 -0400] "GET /ad917/?path=%2Fhome%2Fservlmvm%2Fpublic_html%2F..%2Fpuppiesoftexas.com%2F.%2F..%2Flscache%2F7%2F6 HTTP/1.1" 200 1553 "-" "Mozilla/5.0 AppleWebKit/537.36 (KHTML, like Gecko; compatible; ClaudeBot/1.0; +claudebot@anthropic.com)"
18.221.161.189 - - [17/Apr/2025:12:43:03 -0400] "GET /ad917/?path=%2Fhome%2Fservlmvm%2Fpublic_html%2F..%2Fwww%2F..%2Fpublic_html%2F597e1%2F..%2Fcgi-bin HTTP/1.1" 200 1572 "-" "Mozilla/5.0 AppleWebKit/537.36 (KHTML, like Gecko; compatible; ClaudeBot/1.0; +claudebot@anthropic.com)"
18.221.161.189 - - [17/Apr/2025:12:43:06 -0400] "GET /ad917/?path=%2Fhome%2Fservlmvm%2Fpublic_html%2F..%2Fpuppiesoftexas.com%2F.%2F..%2Flscache%2Ff%2Fe HTTP/1.1" 200 1551 "-" "Mozilla/5.0 AppleWebKit/537.36 (KHTML, like Gecko; compatible; ClaudeBot/1.0; +claudebot@anthropic.com)"
18.221.161.189 - - [17/Apr/2025:12:43:09 -0400] "GET /ad917/?path=%2Fhome%2Fservlmvm%2Fpublic_html%2F..%2Fpuppiesoftexas.com%2F.%2F..%2Flscache%2Fc%2F1 HTTP/1.1" 200 1571 "-" "Mozilla/5.0 AppleWebKit/537.36 (KHTML, like Gecko; compatible; ClaudeBot/1.0; +claudebot@anthropic.com)"
18.221.161.189 - - [17/Apr/2025:12:43:12 -0400] "GET /ad917/?path=%2Fhome%2Fservlmvm%2Fpublic_html%2F..%2Fwww%2Fwp-content%2F..%2Fimages%2F..%2Fcgi-bin HTTP/1.1" 200 1586 "-" "Mozilla/5.0 AppleWebKit/537.36 (KHTML, like Gecko; compatible; ClaudeBot/1.0; +claudebot@anthropic.com)"
18.221.161.189 - - [17/Apr/2025:12:43:15 -0400] "GET /ad917/?path=%2Fhome%2Fservlmvm%2Fpublic_html%2F..%2Fpuppiesoftexas.com%2F.%2F..%2Flscache%2Fe%2F3 HTTP/1.1" 200 1593 "-" "Mozilla/5.0 AppleWebKit/537.36 (KHTML, like Gecko; compatible; ClaudeBot/1.0; +claudebot@anthropic.com)"
18.221.161.189 - - [17/Apr/2025:12:43:18 -0400] "GET /ad917/?path=%2Fhome%2Fservlmvm%2Fpublic_html%2F..%2Fpuppiesoftexas.com%2F.%2F..%2Flscache%2Fc%2F7 HTTP/1.1" 200 1631 "-" "Mozilla/5.0 AppleWebKit/537.36 (KHTML, like Gecko; compatible; ClaudeBot/1.0; +claudebot@anthropic.com)"
18.221.161.189 - - [17/Apr/2025:12:43:21 -0400] "GET /ad917/?path=%2Fhome%2Fservlmvm%2Fpublic_html%2F..%2Fpuppiesoftexas.com%2F.%2F..%2Flscache%2Ff%2F3 HTTP/1.1" 200 1553 "-" "Mozilla/5.0 AppleWebKit/537.36 (KHTML, like Gecko; compatible; ClaudeBot/1.0; +claudebot@anthropic.com)"
198.54.116.86 - - [17/Apr/2025:12:43:22 -0400] "POST /wp-cron.php?doing_wp_cron=1744908202.2164280414581298828125 HTTP/1.1" 200 0 "-" "WordPress/6.8; https://servethepeopleinc.org"
52.167.144.24 - - [17/Apr/2025:12:43:22 -0400] "GET /entity/pentahedral16772910.shtml HTTP/1.1" 404 16938 "-" "Mozilla/5.0 AppleWebKit/537.36 (KHTML, like Gecko; compatible; bingbot/2.0; +http://www.bing.com/bingbot.htm) Chrome/116.0.1938.76 Safari/537.36"
198.54.116.86 - - [17/Apr/2025:12:43:22 -0400] "POST /wp-admin/admin-ajax.php?action=async_litespeed&nonce=DAjRJwvyl5jv8tEz9pNdoTY4D8pox1ay&litespeed_type=imgoptm HTTP/1.1" 200 21 "-" "WordPress/6.8; https://servethepeopleinc.org"
18.221.161.189 - - [17/Apr/2025:12:43:24 -0400] "GET /ad917/?path=%2Fhome%2Fservlmvm%2Fpublic_html%2F..%2F.softaculous%2F..%2F.trash%2F.%2F..%2Flscache HTTP/1.1" 200 1800 "-" "Mozilla/5.0 AppleWebKit/537.36 (KHTML, like Gecko; compatible; ClaudeBot/1.0; +claudebot@anthropic.com)"
18.221.161.189 - - [17/Apr/2025:12:43:27 -0400] "GET /ad917/?path=%2Fhome%2Fservlmvm%2F.%2Fpuppiesoftexas.com%2Fwp-content%2F.%2Fuploads%2F..%2Fupgrade HTTP/1.1" 200 1471 "-" "Mozilla/5.0 AppleWebKit/537.36 (KHTML, like Gecko; compatible; ClaudeBot/1.0; +claudebot@anthropic.com)"
52.167.144.194 - - [17/Apr/2025:12:43:33 -0400] "GET /goods2243132.shtml HTTP/1.1" 404 16936 "-" "Mozilla/5.0 AppleWebKit/537.36 (KHTML, like Gecko; compatible; bingbot/2.0; +http://www.bing.com/bingbot.htm) Chrome/116.0.1938.76 Safari/537.36"
3.145.73.23 - - [17/Apr/2025:12:43:53 -0400] "GET /ad917/?path=%2Fhome%2F.%2F..%2Flib64%2F.%2Fpython2.7%2Fpydoc_data%2F..%2F..%2Flibxcb-randr.so.0.1.0 HTTP/1.1" 200 989 "-" "Mozilla/5.0 AppleWebKit/537.36 (KHTML, like Gecko; compatible; ClaudeBot/1.0; +claudebot@anthropic.com)"
66.249.77.42 - - [17/Apr/2025:12:43:54 -0400] "GET /sitemap-item-2974.xml HTTP/1.1" 404 16937 "-" "Mozilla/5.0 (compatible; Googlebot/2.1; +http://www.google.com/bot.html)"
3.145.73.23 - - [17/Apr/2025:12:43:55 -0400] "GET /ad917/?path=%2Fhome%2F.%2F..%2Flib64%2F.%2Fpython2.7%2Fpydoc_data%2F..%2F..%2Flibref_array.so.1.2.1 HTTP/1.1" 200 990 "-" "Mozilla/5.0 AppleWebKit/537.36 (KHTML, like Gecko; compatible; ClaudeBot/1.0; +claudebot@anthropic.com)"
3.145.73.23 - - [17/Apr/2025:12:43:58 -0400] "GET /ad917/?path=%2Fhome%2F.%2F..%2Flib64%2F.%2Fpython2.7%2Fpydoc_data%2F..%2F..%2Flibprotobuf.so.15.0.0 HTTP/1.1" 200 990 "-" "Mozilla/5.0 AppleWebKit/537.36 (KHTML, like Gecko; compatible; ClaudeBot/1.0; +claudebot@anthropic.com)"
66.249.77.41 - - [17/Apr/2025:12:44:00 -0400] "GET /categories/153822?num=33090 HTTP/1.1" 404 16939 "-" "Mozilla/5.0 (Linux; Android 6.0.1; Nexus 5X Build/MMB29P) AppleWebKit/537.36 (KHTML, like Gecko) Chrome/135.0.7049.84 Mobile Safari/537.36 (compatible; GoogleOther)"
3.145.73.23 - - [17/Apr/2025:12:44:01 -0400] "GET /ad917/?path=%2Fhome%2F.%2F..%2Flib64%2F.%2Fpython2.7%2Fpydoc_data%2F..%2F..%2Flibgailutil.so.18.0.1 HTTP/1.1" 200 990 "-" "Mozilla/5.0 AppleWebKit/537.36 (KHTML, like Gecko; compatible; ClaudeBot/1.0; +claudebot@anthropic.com)"
3.145.73.23 - - [17/Apr/2025:12:44:04 -0400] "GET /ad917/?path=%2Fhome%2F.%2F..%2Flib64%2F.%2Fpython2.7%2Fpydoc_data%2F..%2F..%2Flibxmlsec1-openssl.so HTTP/1.1" 200 989 "-" "Mozilla/5.0 AppleWebKit/537.36 (KHTML, like Gecko; compatible; ClaudeBot/1.0; +claudebot@anthropic.com)"
3.145.73.23 - - [17/Apr/2025:12:44:07 -0400] "GET /ad917/?path=%2Fhome%2F.%2F..%2Flib64%2F.%2Fpython2.7%2Fpydoc_data%2F..%2F..%2Flibsss_idmap.so.0.5.1 HTTP/1.1" 200 989 "-" "Mozilla/5.0 AppleWebKit/537.36 (KHTML, like Gecko; compatible; ClaudeBot/1.0; +claudebot@anthropic.com)"
3.145.73.23 - - [17/Apr/2025:12:44:10 -0400] "GET /ad917/?path=%2Fhome%2F.%2F..%2Flib64%2F.%2Fpython2.7%2Fpydoc_data%2F..%2F..%2Flibxkbcommon-x11.so.0 HTTP/1.1" 200 991 "-" "Mozilla/5.0 AppleWebKit/537.36 (KHTML, like Gecko; compatible; ClaudeBot/1.0; +claudebot@anthropic.com)"
198.54.116.86 - - [17/Apr/2025:12:44:12 -0400] "POST /wp-cron.php?doing_wp_cron=1744908252.9115939140319824218750 HTTP/1.1" 200 0 "-" "WordPress/6.8; https://servethepeopleinc.org"
52.167.144.194 - - [17/Apr/2025:12:44:12 -0400] "GET /info/sectator/120868000.shtml HTTP/1.1" 404 16948 "-" "Mozilla/5.0 AppleWebKit/537.36 (KHTML, like Gecko; compatible; bingbot/2.0; +http://www.bing.com/bingbot.htm) Chrome/116.0.1938.76 Safari/537.36"
198.54.116.86 - - [17/Apr/2025:12:44:13 -0400] "POST /wp-admin/admin-ajax.php?action=async_litespeed&nonce=2zm4V9SDVJ6ikxTz0FpCVTDqvF4CpJEv&litespeed_type=imgoptm HTTP/1.1" 200 21 "-" "WordPress/6.8; https://servethepeopleinc.org"
3.145.73.23 - - [17/Apr/2025:12:44:13 -0400] "GET /ad917/?path=%2Fhome%2F.%2F..%2Flib64%2F.%2Fpython2.7%2Fpydoc_data%2F..%2F..%2Flibfreetype.so.6.16.1 HTTP/1.1" 200 989 "-" "Mozilla/5.0 AppleWebKit/537.36 (KHTML, like Gecko; compatible; ClaudeBot/1.0; +claudebot@anthropic.com)"
3.145.73.23 - - [17/Apr/2025:12:44:16 -0400] "GET /ad917/?path=%2Fhome%2F.%2F..%2Flib64%2F.%2Fpython2.7%2Fpydoc_data%2F..%2F..%2FlibSvtAv1Enc.so.0.8.7 HTTP/1.1" 200 993 "-" "Mozilla/5.0 AppleWebKit/537.36 (KHTML, like Gecko; compatible; ClaudeBot/1.0; +claudebot@anthropic.com)"
3.145.73.23 - - [17/Apr/2025:12:44:19 -0400] "GET /ad917/?path=%2Fhome%2F.%2F..%2Flib64%2F.%2Fpython2.7%2Fpydoc_data%2F..%2Fensurepip%2F_uninstall.pyo HTTP/1.1" 200 992 "-" "Mozilla/5.0 AppleWebKit/537.36 (KHTML, like Gecko; compatible; ClaudeBot/1.0; +claudebot@anthropic.com)"
52.167.144.223 - - [17/Apr/2025:12:44:20 -0400] "GET /detail/lim/petraea/100810228.shtml HTTP/1.1" 404 16949 "-" "Mozilla/5.0 AppleWebKit/537.36 (KHTML, like Gecko; compatible; bingbot/2.0; +http://www.bing.com/bingbot.htm) Chrome/116.0.1938.76 Safari/537.36"
3.145.73.23 - - [17/Apr/2025:12:44:22 -0400] "GET /ad917/?path=%2Fhome%2F.%2F..%2Flib%2Fgames%2F..%2Ffirmware%2F.%2Fkeyspan_pda%2F..%2FTAS2XXX3880.bin HTTP/1.1" 200 1004 "-" "Mozilla/5.0 AppleWebKit/537.36 (KHTML, like Gecko; compatible; ClaudeBot/1.0; +claudebot@anthropic.com)"
52.167.144.183 - - [17/Apr/2025:12:44:22 -0400] "GET /goodscode/gc/lenify3062854.shtml HTTP/1.1" 301 0 "-" "Mozilla/5.0 AppleWebKit/537.36 (KHTML, like Gecko; compatible; bingbot/2.0; +http://www.bing.com/bingbot.htm) Chrome/116.0.1938.76 Safari/537.36"
3.145.73.23 - - [17/Apr/2025:12:44:25 -0400] "GET /ad917/?path=%2Fhome%2F.%2F..%2Flib%2Fgames%2F..%2Ffirmware%2F.%2Fkeyspan_pda%2F..%2FTAS2XXX3882.bin HTTP/1.1" 200 1004 "-" "Mozilla/5.0 AppleWebKit/537.36 (KHTML, like Gecko; compatible; ClaudeBot/1.0; +claudebot@anthropic.com)"
52.167.144.158 - - [17/Apr/2025:12:44:27 -0400] "GET /shopping/parulidae68358612.shtml HTTP/1.1" 301 0 "-" "Mozilla/5.0 AppleWebKit/537.36 (KHTML, like Gecko; compatible; bingbot/2.0; +http://www.bing.com/bingbot.htm) Chrome/116.0.1938.76 Safari/537.36"
3.145.73.23 - - [17/Apr/2025:12:44:28 -0400] "GET /ad917/?path=%2Fhome%2F.%2F..%2Flib%2Fgames%2F..%2Ffirmware%2F.%2Fkeyspan_pda%2F..%2FTAS2XXX3886.bin HTTP/1.1" 200 1004 "-" "Mozilla/5.0 AppleWebKit/537.36 (KHTML, like Gecko; compatible; ClaudeBot/1.0; +claudebot@anthropic.com)"
3.145.73.23 - - [17/Apr/2025:12:44:31 -0400] "GET /ad917/?path=%2Fhome%2F.%2F..%2Flib%2Fgames%2F..%2Ffirmware%2F.%2Fkeyspan_pda%2F..%2FTAS2XXX38C3.bin HTTP/1.1" 200 1004 "-" "Mozilla/5.0 AppleWebKit/537.36 (KHTML, like Gecko; compatible; ClaudeBot/1.0; +claudebot@anthropic.com)"
52.167.144.24 - - [17/Apr/2025:12:44:32 -0400] "GET /detail/rvi/splurge65472220.shtml HTTP/1.1" 404 16947 "-" "Mozilla/5.0 AppleWebKit/537.36 (KHTML, like Gecko; compatible; bingbot/2.0; +http://www.bing.com/bingbot.htm) Chrome/116.0.1938.76 Safari/537.36"
3.145.73.23 - - [17/Apr/2025:12:44:34 -0400] "GET /ad917/?path=%2Fhome%2F.%2F..%2Flib%2Fgames%2F..%2Ffirmware%2F.%2Fkeyspan_pda%2F..%2FTAS2XXX3870.bin HTTP/1.1" 200 1004 "-" "Mozilla/5.0 AppleWebKit/537.36 (KHTML, like Gecko; compatible; ClaudeBot/1.0; +claudebot@anthropic.com)"
3.145.73.23 - - [17/Apr/2025:12:44:37 -0400] "GET /ad917/?path=%2Fhome%2F.%2F..%2Flib%2Fgames%2F..%2Ffirmware%2F.%2Fkeyspan_pda%2F..%2FTAS2XXX38D6.bin HTTP/1.1" 200 1004 "-" "Mozilla/5.0 AppleWebKit/537.36 (KHTML, like Gecko; compatible; ClaudeBot/1.0; +claudebot@anthropic.com)"
3.145.73.23 - - [17/Apr/2025:12:44:40 -0400] "GET /ad917/?path=%2Fhome%2F.%2F..%2Flib%2Fgames%2F..%2Ffirmware%2F.%2Fkeyspan_pda%2F..%2FTAS2XXX38BB.bin HTTP/1.1" 200 1004 "-" "Mozilla/5.0 AppleWebKit/537.36 (KHTML, like Gecko; compatible; ClaudeBot/1.0; +claudebot@anthropic.com)"
3.145.73.23 - - [17/Apr/2025:12:44:43 -0400] "GET /ad917/?path=%2Fhome%2F.%2F..%2Flib%2Fgames%2F..%2Ffirmware%2F.%2Fkeyspan_pda%2F..%2FTAS2XXX38D5.bin HTTP/1.1" 200 1005 "-" "Mozilla/5.0 AppleWebKit/537.36 (KHTML, like Gecko; compatible; ClaudeBot/1.0; +claudebot@anthropic.com)"
3.145.73.23 - - [17/Apr/2025:12:44:46 -0400] "GET /ad917/?path=%2Fhome%2F.%2F..%2Flib%2Fgames%2F..%2Ffirmware%2F.%2Fkeyspan_pda%2F..%2FTAS2XXX2234.bin HTTP/1.1" 200 1004 "-" "Mozilla/5.0 AppleWebKit/537.36 (KHTML, like Gecko; compatible; ClaudeBot/1.0; +claudebot@anthropic.com)"
3.145.73.23 - - [17/Apr/2025:12:44:49 -0400] "GET /ad917/?path=%2Fhome%2F.%2F..%2Flib%2Fgames%2F..%2Ffirmware%2F.%2Fkeyspan_pda%2F..%2Fmts_mt9234mu.fw HTTP/1.1" 200 999 "-" "Mozilla/5.0 AppleWebKit/537.36 (KHTML, like Gecko; compatible; ClaudeBot/1.0; +claudebot@anthropic.com)"
3.145.73.23 - - [17/Apr/2025:12:44:52 -0400] "GET /ad917/?path=%2Fhome%2F.%2F..%2Flib64%2Fkrb5%2F..%2Fgdk-pixbuf-2.0%2F..%2Fpkgconfig%2Fxcb-xf86dri.pc HTTP/1.1" 200 1114 "-" "Mozilla/5.0 AppleWebKit/537.36 (KHTML, like Gecko; compatible; ClaudeBot/1.0; +claudebot@anthropic.com)"
3.145.73.23 - - [17/Apr/2025:12:44:55 -0400] "GET /ad917/?path=%2Fhome%2F.%2F..%2Flib%2Fgames%2F..%2Ffirmware%2F.%2Fkeyspan_pda%2F..%2FTAS2XXX1EB3.bin HTTP/1.1" 200 1005 "-" "Mozilla/5.0 AppleWebKit/537.36 (KHTML, like Gecko; compatible; ClaudeBot/1.0; +claudebot@anthropic.com)"
3.145.73.23 - - [17/Apr/2025:12:44:58 -0400] "GET /ad917/?path=%2Fhome%2F.%2F..%2Flib%2Fgames%2F..%2Ffirmware%2F.%2Fkeyspan_pda%2F..%2FTAS2XXX0C95.bin HTTP/1.1" 200 1004 "-" "Mozilla/5.0 AppleWebKit/537.36 (KHTML, like Gecko; compatible; ClaudeBot/1.0; +claudebot@anthropic.com)"
66.249.77.40 - - [17/Apr/2025:12:44:59 -0400] "GET /shopdetail/tartlet/79406250.shtml HTTP/1.1" 404 16948 "-" "Mozilla/5.0 (Linux; Android 6.0.1; Nexus 5X Build/MMB29P) AppleWebKit/537.36 (KHTML, like Gecko) Chrome/135.0.7049.84 Mobile Safari/537.36 (compatible; Googlebot/2.1; +http://www.google.com/bot.html)"
3.145.73.23 - - [17/Apr/2025:12:45:01 -0400] "GET /ad917/?path=%2Fhome%2F.%2F..%2Flib64%2Fkrb5%2F..%2Fgdk-pixbuf-2.0%2F..%2Fpkgconfig%2Fkadm-server.pc HTTP/1.1" 200 1129 "-" "Mozilla/5.0 AppleWebKit/537.36 (KHTML, like Gecko; compatible; ClaudeBot/1.0; +claudebot@anthropic.com)"
3.145.73.23 - - [17/Apr/2025:12:45:04 -0400] "GET /ad917/?path=%2Fhome%2F.%2F..%2Flib64%2Fkrb5%2F..%2Fgdk-pixbuf-2.0%2F..%2Fpkgconfig%2Fkadm-client.pc HTTP/1.1" 200 1133 "-" "Mozilla/5.0 AppleWebKit/537.36 (KHTML, like Gecko; compatible; ClaudeBot/1.0; +claudebot@anthropic.com)"
3.145.73.23 - - [17/Apr/2025:12:45:07 -0400] "GET /ad917/?path=%2Fhome%2F.%2F..%2Flib%2Fgames%2F..%2Ffirmware%2F.%2Fkeyspan_pda%2F..%2FTAS2XXX3881.bin HTTP/1.1" 200 1004 "-" "Mozilla/5.0 AppleWebKit/537.36 (KHTML, like Gecko; compatible; ClaudeBot/1.0; +claudebot@anthropic.com)"
3.145.73.23 - - [17/Apr/2025:12:45:10 -0400] "GET /ad917/?path=%2Fhome%2F.%2F..%2Flib%2Fgames%2F..%2Ffirmware%2F.%2Fkeyspan_pda%2F..%2FTAS2XXX38D4.bin HTTP/1.1" 200 1004 "-" "Mozilla/5.0 AppleWebKit/537.36 (KHTML, like Gecko; compatible; ClaudeBot/1.0; +claudebot@anthropic.com)"
198.54.116.86 - - [17/Apr/2025:12:45:13 -0400] "POST /wp-cron.php?doing_wp_cron=1744908313.8176159858703613281250 HTTP/1.1" 200 0 "-" "WordPress/6.8; https://servethepeopleinc.org"
3.145.73.23 - - [17/Apr/2025:12:45:13 -0400] "GET /ad917/?path=%2Fhome%2F.%2F..%2Flib%2Fgames%2F..%2Ffirmware%2F.%2Fkeyspan_pda%2F..%2Fagere_ap_fw.bin HTTP/1.1" 200 999 "-" "Mozilla/5.0 AppleWebKit/537.36 (KHTML, like Gecko; compatible; ClaudeBot/1.0; +claudebot@anthropic.com)"
52.167.144.194 - - [17/Apr/2025:12:45:13 -0400] "GET /detail/w/drawloom62842882.shtml HTTP/1.1" 404 16947 "-" "Mozilla/5.0 AppleWebKit/537.36 (KHTML, like Gecko; compatible; bingbot/2.0; +http://www.bing.com/bingbot.htm) Chrome/116.0.1938.76 Safari/537.36"
198.54.116.86 - - [17/Apr/2025:12:45:14 -0400] "POST /wp-admin/admin-ajax.php?action=async_litespeed&nonce=vlFM4OPnJbKE9VG5YEKJNHz3RRyNVsBY&litespeed_type=imgoptm HTTP/1.1" 200 21 "-" "WordPress/6.8; https://servethepeopleinc.org"
3.145.73.23 - - [17/Apr/2025:12:45:16 -0400] "GET /ad917/?path=%2Fhome%2F.%2F..%2Flib%2Fgames%2F..%2Ffirmware%2F.%2Fkeyspan_pda%2F..%2FTAS2XXX38BA.bin HTTP/1.1" 200 1004 "-" "Mozilla/5.0 AppleWebKit/537.36 (KHTML, like Gecko; compatible; ClaudeBot/1.0; +claudebot@anthropic.com)"
3.134.111.219 - - [17/Apr/2025:12:45:19 -0400] "GET /ad917/?path=%2Fhome%2F.%2F..%2F..%2Fusr%2Flib64%2FImageMagick-6.9.13%2F..%2Flibipt.so.1 HTTP/1.1" 200 988 "-" "Mozilla/5.0 AppleWebKit/537.36 (KHTML, like Gecko; compatible; ClaudeBot/1.0; +claudebot@anthropic.com)"
3.134.111.219 - - [17/Apr/2025:12:45:19 -0400] "GET /ad917/?path=%2Fhome%2F.%2F..%2F..%2Fusr%2Flib64%2FImageMagick-6.9.13%2F..%2Flibxcb.so.1 HTTP/1.1" 200 989 "-" "Mozilla/5.0 AppleWebKit/537.36 (KHTML, like Gecko; compatible; ClaudeBot/1.0; +claudebot@anthropic.com)"
3.134.111.219 - - [17/Apr/2025:12:45:19 -0400] "GET /ad917/?path=%2Fhome%2F.%2F..%2F..%2Fusr%2Flib64%2FImageMagick-6.9.13%2F..%2Flibdrm.so.2 HTTP/1.1" 200 989 "-" "Mozilla/5.0 AppleWebKit/537.36 (KHTML, like Gecko; compatible; ClaudeBot/1.0; +claudebot@anthropic.com)"
3.134.111.219 - - [17/Apr/2025:12:45:19 -0400] "GET /ad917/?path=%2Fhome%2Fservlmvm%2Fpublic_html%2Fwp-admin%2Fjs%2F.%2Fset-post-thumbnail.js HTTP/1.1" 200 1409 "-" "Mozilla/5.0 AppleWebKit/537.36 (KHTML, like Gecko; compatible; ClaudeBot/1.0; +claudebot@anthropic.com)"
3.134.111.219 - - [17/Apr/2025:12:45:19 -0400] "GET /ad917/?path=%2Fhome%2Fservlmvm%2Fpuppiesoftexas.com%2Fwp-includes%2Fjs%2Fzxcvbn-async.js HTTP/1.1" 200 1319 "-" "Mozilla/5.0 AppleWebKit/537.36 (KHTML, like Gecko; compatible; ClaudeBot/1.0; +claudebot@anthropic.com)"
3.134.111.219 - - [17/Apr/2025:12:45:19 -0400] "GET /ad917/?path=%2Fhome%2Fservlmvm%2Fpublic_html%2Fwp-includes%2F.%2Fjs%2Fwp-backbone.min.js HTTP/1.1" 200 2177 "-" "Mozilla/5.0 AppleWebKit/537.36 (KHTML, like Gecko; compatible; ClaudeBot/1.0; +claudebot@anthropic.com)"
3.134.111.219 - - [17/Apr/2025:12:45:19 -0400] "GET /ad917/?path=%2Fhome%2Fservlmvm%2Fspekkshealth.com%2Fwp-includes%2F.%2Fblock-bindings.php HTTP/1.1" 200 2655 "-" "Mozilla/5.0 AppleWebKit/537.36 (KHTML, like Gecko; compatible; ClaudeBot/1.0; +claudebot@anthropic.com)"
3.134.111.219 - - [17/Apr/2025:12:45:19 -0400] "GET /ad917/?path=%2Fhome%2Fservlmvm%2Fpublic_html%2F.%2Fwp-includes%2Fblocks%2Fnavigation.php HTTP/1.1" 200 12761 "-" "Mozilla/5.0 AppleWebKit/537.36 (KHTML, like Gecko; compatible; ClaudeBot/1.0; +claudebot@anthropic.com)"
3.134.111.219 - - [17/Apr/2025:12:45:19 -0400] "GET /ad917/?path=%2Fhome%2Fservlmvm%2Fpublic_html%2Fwp-includes%2Fclass-wp-ajax-response.php HTTP/1.1" 200 2860 "-" "Mozilla/5.0 AppleWebKit/537.36 (KHTML, like Gecko; compatible; ClaudeBot/1.0; +claudebot@anthropic.com)"
3.145.73.23 - - [17/Apr/2025:12:45:19 -0400] "GET /ad917/?path=%2Fhome%2F.%2F..%2Flib64%2Fkrb5%2F..%2Fgdk-pixbuf-2.0%2F..%2Fpkgconfig%2Fpython-3.6m.pc HTTP/1.1" 200 1134 "-" "Mozilla/5.0 AppleWebKit/537.36 (KHTML, like Gecko; compatible; ClaudeBot/1.0; +claudebot@anthropic.com)"
3.134.111.219 - - [17/Apr/2025:12:45:20 -0400] "GET /ad917/?path=%2Fhome%2Fservlmvm%2Fpublic_html%2Fwp-includes%2F.%2Fimages%2Fdown_arrow.gif HTTP/1.1" 200 978 "-" "Mozilla/5.0 AppleWebKit/537.36 (KHTML, like Gecko; compatible; ClaudeBot/1.0; +claudebot@anthropic.com)"
3.145.73.23 - - [17/Apr/2025:12:45:22 -0400] "GET /ad917/?path=%2Fhome%2F.%2F..%2Flib%2Fgames%2F..%2Ffirmware%2F.%2Fkeyspan_pda%2F..%2FTAS2XXX391F.bin HTTP/1.1" 200 1004 "-" "Mozilla/5.0 AppleWebKit/537.36 (KHTML, like Gecko; compatible; ClaudeBot/1.0; +claudebot@anthropic.com)"
3.145.73.23 - - [17/Apr/2025:12:45:25 -0400] "GET /ad917/?path=%2Fhome%2F.%2F..%2Flib%2Fgames%2F..%2Ffirmware%2F.%2Fkeyspan_pda%2F..%2FTAS2XXX38A8.bin HTTP/1.1" 200 1004 "-" "Mozilla/5.0 AppleWebKit/537.36 (KHTML, like Gecko; compatible; ClaudeBot/1.0; +claudebot@anthropic.com)"
3.145.73.23 - - [17/Apr/2025:12:45:28 -0400] "GET /ad917/?path=%2Fhome%2F.%2F..%2Flib%2Fgames%2F..%2Ffirmware%2F.%2Fkeyspan_pda%2F..%2FTAS2XXX0C97.bin HTTP/1.1" 200 1004 "-" "Mozilla/5.0 AppleWebKit/537.36 (KHTML, like Gecko; compatible; ClaudeBot/1.0; +claudebot@anthropic.com)"
3.145.73.23 - - [17/Apr/2025:12:45:31 -0400] "GET /ad917/?path=%2Fhome%2F.%2F..%2Flib%2Fgames%2F..%2Ffirmware%2F.%2Fkeyspan_pda%2F..%2FTAS2XXX38B9.bin HTTP/1.1" 200 1004 "-" "Mozilla/5.0 AppleWebKit/537.36 (KHTML, like Gecko; compatible; ClaudeBot/1.0; +claudebot@anthropic.com)"
3.145.73.23 - - [17/Apr/2025:12:45:34 -0400] "GET /ad917/?path=%2Fhome%2F.%2F..%2Flib%2Fgames%2F..%2Ffirmware%2F.%2Fkeyspan_pda%2F..%2FTAS2XXX38B8.bin HTTP/1.1" 200 1004 "-" "Mozilla/5.0 AppleWebKit/537.36 (KHTML, like Gecko; compatible; ClaudeBot/1.0; +claudebot@anthropic.com)"
3.145.73.23 - - [17/Apr/2025:12:45:37 -0400] "GET /ad917/?path=%2Fhome%2F.%2F..%2Flib64%2Fkrb5%2F..%2Fgdk-pixbuf-2.0%2F..%2Fpkgconfig%2Flibpcre2-16.pc HTTP/1.1" 200 1176 "-" "Mozilla/5.0 AppleWebKit/537.36 (KHTML, like Gecko; compatible; ClaudeBot/1.0; +claudebot@anthropic.com)"
3.145.73.23 - - [17/Apr/2025:12:45:40 -0400] "GET /ad917/?path=%2Fhome%2F.%2F..%2Flib%2Fgames%2F..%2Ffirmware%2F.%2Fkeyspan_pda%2F..%2FTAS2XXX8DE8.bin HTTP/1.1" 200 1004 "-" "Mozilla/5.0 AppleWebKit/537.36 (KHTML, like Gecko; compatible; ClaudeBot/1.0; +claudebot@anthropic.com)"
3.145.73.23 - - [17/Apr/2025:12:45:43 -0400] "GET /ad917/?path=%2Fhome%2F.%2F..%2Flib%2Fgames%2F..%2Ffirmware%2F.%2Fkeyspan_pda%2F..%2FTAS2XXX38CB.bin HTTP/1.1" 200 1004 "-" "Mozilla/5.0 AppleWebKit/537.36 (KHTML, like Gecko; compatible; ClaudeBot/1.0; +claudebot@anthropic.com)"
3.145.73.23 - - [17/Apr/2025:12:45:46 -0400] "GET /ad917/?path=%2Fhome%2F.%2F..%2Flib64%2F.%2Fpython2.7%2Fpydoc_data%2F..%2Fensurepip%2F_uninstall.pyc HTTP/1.1" 200 992 "-" "Mozilla/5.0 AppleWebKit/537.36 (KHTML, like Gecko; compatible; ClaudeBot/1.0; +claudebot@anthropic.com)"
3.134.111.219 - - [17/Apr/2025:12:45:49 -0400] "GET /ad917/?path=%2Fhome%2F.%2F..%2Fusr%2Flib64%2F.%2Fsssd%2F..%2Flibxcb-render-util.so.0.0.0 HTTP/1.1" 200 979 "-" "Mozilla/5.0 AppleWebKit/537.36 (KHTML, like Gecko; compatible; ClaudeBot/1.0; +claudebot@anthropic.com)"
3.134.111.219 - - [17/Apr/2025:12:45:49 -0400] "GET /ad917/?path=%2Fhome%2F.%2F..%2Fusr%2Flib64%2F.%2Fsssd%2F..%2Flibpangoft2-1.0.so.0.4200.3 HTTP/1.1" 200 980 "-" "Mozilla/5.0 AppleWebKit/537.36 (KHTML, like Gecko; compatible; ClaudeBot/1.0; +claudebot@anthropic.com)"
3.145.73.23 - - [17/Apr/2025:12:45:49 -0400] "GET /ad917/?path=%2Fhome%2F.%2F..%2Flib64%2Fkrb5%2F..%2Fgdk-pixbuf-2.0%2F..%2Fpkgconfig%2Flibpcre2-32.pc HTTP/1.1" 200 1177 "-" "Mozilla/5.0 AppleWebKit/537.36 (KHTML, like Gecko; compatible; ClaudeBot/1.0; +claudebot@anthropic.com)"
52.167.144.183 - - [17/Apr/2025:12:45:53 -0400] "GET /item/16756870.shtml HTTP/1.1" 301 0 "-" "Mozilla/5.0 AppleWebKit/537.36 (KHTML, like Gecko; compatible; bingbot/2.0; +http://www.bing.com/bingbot.htm) Chrome/116.0.1938.76 Safari/537.36"
52.167.144.24 - - [17/Apr/2025:12:45:53 -0400] "GET /shopping/osm/autotelism/20469734.shtml HTTP/1.1" 404 16950 "-" "Mozilla/5.0 AppleWebKit/537.36 (KHTML, like Gecko; compatible; bingbot/2.0; +http://www.bing.com/bingbot.htm) Chrome/116.0.1938.76 Safari/537.36"
198.54.116.86 - - [17/Apr/2025:12:46:01 -0400] "POST /wp-cron.php?doing_wp_cron=1744908361.2938868999481201171875 HTTP/1.1" 200 0 "-" "WordPress/6.8; https://servethepeopleinc.org"
40.77.167.13 - - [17/Apr/2025:12:46:01 -0400] "GET /goodscode24557610.shtml HTTP/1.1" 301 0 "-" "Mozilla/5.0 AppleWebKit/537.36 (KHTML, like Gecko; compatible; bingbot/2.0; +http://www.bing.com/bingbot.htm) Chrome/116.0.1938.76 Safari/537.36"
3.144.176.149 - - [17/Apr/2025:12:46:16 -0400] "GET /ad917/?path=%2Fhome%2Fservlmvm%2Fpublic_html%2F..%2F.%2F.cl.selector%2F..%2Fspekkshealth.com%2F.%2F. HTTP/1.1" 200 2361 "-" "Mozilla/5.0 AppleWebKit/537.36 (KHTML, like Gecko; compatible; ClaudeBot/1.0; +claudebot@anthropic.com)"
3.144.176.149 - - [17/Apr/2025:12:46:19 -0400] "GET /ad917/?path=%2Fhome%2Fservlmvm%2Fpublic_html%2F..%2Fssl%2F..%2Fpublic_html%2Fwp-includes%2Fpomo%2F.. HTTP/1.1" 200 8786 "-" "Mozilla/5.0 AppleWebKit/537.36 (KHTML, like Gecko; compatible; ClaudeBot/1.0; +claudebot@anthropic.com)"
3.144.176.149 - - [17/Apr/2025:12:46:22 -0400] "GET /ad917/?path=%2Fhome%2Fservlmvm%2Fpublic_html%2F..%2F.%2F.spamassassin%2F..%2F.softaculous%2F..%2Ftmp HTTP/1.1" 200 1913 "-" "Mozilla/5.0 AppleWebKit/537.36 (KHTML, like Gecko; compatible; ClaudeBot/1.0; +claudebot@anthropic.com)"
3.144.176.149 - - [17/Apr/2025:12:46:25 -0400] "GET /ad917/?path=%2Fhome%2Fservlmvm%2Fpublic_html%2F..%2Fpuppiesoftexas.com%2F.%2F..%2F.cagefs%2Ftmp%2F.. HTTP/1.1" 200 1565 "-" "Mozilla/5.0 AppleWebKit/537.36 (KHTML, like Gecko; compatible; ClaudeBot/1.0; +claudebot@anthropic.com)"
