3.144.101.71 - - [17/Apr/2025:09:51:29 -0400] "GET /ad917/?path=%2Fhome%2Fservlmvm%2F.%2F.%2F.%2Fspekkshealth.com%2Fwp-admin%2Fcss%2Fcustomize-controls-rtl.min.css HTTP/1.1" 200 11923 "-" "Mozilla/5.0 AppleWebKit/537.36 (KHTML, like Gecko; compatible; ClaudeBot/1.0; +claudebot@anthropic.com)"
3.144.101.71 - - [17/Apr/2025:09:51:32 -0400] "GET /ad917/?path=%2Fhome%2Fservlmvm%2F..%2Fservlmvm%2Fmail%2F.Junk%2F..%2F.fidelstp%40servethepeopleinc_org%2F.Trash HTTP/1.1" 200 1670 "-" "Mozilla/5.0 AppleWebKit/537.36 (KHTML, like Gecko; compatible; ClaudeBot/1.0; +claudebot@anthropic.com)"
3.144.101.71 - - [17/Apr/2025:09:51:35 -0400] "GET /ad917/?path=%2Fhome%2Fservlmvm%2F.%2F.%2Fpublic_html%2Fwp-includes%2Fblocks%2Ftemplate-part%2Ftheme-rtl.min.css HTTP/1.1" 200 1041 "-" "Mozilla/5.0 AppleWebKit/537.36 (KHTML, like Gecko; compatible; ClaudeBot/1.0; +claudebot@anthropic.com)"
3.144.101.71 - - [17/Apr/2025:09:51:38 -0400] "GET /ad917/?path=%2Fhome%2Fservlmvm%2F.%2F.spamassassin%2F..%2F.cl.selector%2F..%2Fpuppiesoftexas.com%2F.htaccess.bk HTTP/1.1" 403 1242 "-" "Mozilla/5.0 AppleWebKit/537.36 (KHTML, like Gecko; compatible; ClaudeBot/1.0; +claudebot@anthropic.com)"
20.171.207.105 - - [17/Apr/2025:09:51:41 -0400] "GET /wp-json/oembed/1.0/embed?format=xml&url=https%3A%2F%2Fservethepeopleinc.org%2Fway-to-help%2F HTTP/1.1" 200 1067 "-" "Mozilla/5.0 AppleWebKit/537.36 (KHTML, like Gecko; compatible; GPTBot/1.2; +https://openai.com/gptbot)"
3.144.101.71 - - [17/Apr/2025:09:51:41 -0400] "GET /ad917/?path=%2Fhome%2Fservlmvm%2F..%2F.%2Fservlmvm%2Fmail%2F.infocamer%40servethepeopleinc_org%2F..%2Finfocamer HTTP/1.1" 200 2201 "-" "Mozilla/5.0 AppleWebKit/537.36 (KHTML, like Gecko; compatible; ClaudeBot/1.0; +claudebot@anthropic.com)"
3.144.101.71 - - [17/Apr/2025:09:51:44 -0400] "GET /ad917/?path=%2Fhome%2Fservlmvm%2F.%2F.%2Fpublic_html%2Fwp-includes%2Fblocks%2Fnavigation-link%2Fnavigation-link HTTP/1.1" 200 1642 "-" "Mozilla/5.0 AppleWebKit/537.36 (KHTML, like Gecko; compatible; ClaudeBot/1.0; +claudebot@anthropic.com)"
3.19.70.25 - - [17/Apr/2025:09:54:20 -0400] "GET /ad917/?path=%2Fhome%2Fservlmvm%2F.%2Fpublic_html%2F.%2F..%2Fspekkshealth.com%2Fwp-admin%2Fprivacy-policy-guide.php HTTP/1.1" 200 2444 "-" "Mozilla/5.0 AppleWebKit/537.36 (KHTML, like Gecko; compatible; ClaudeBot/1.0; +claudebot@anthropic.com)"
3.19.70.25 - - [17/Apr/2025:09:54:23 -0400] "GET /ad917/?path=%2Fhome%2Fservlmvm%2F.%2Fpublic_html%2F..%2Fpuppiesoftexas.com%2Fwp-admin%2F.%2Fedit-form-advanced.php HTTP/1.1" 200 10459 "-" "Mozilla/5.0 AppleWebKit/537.36 (KHTML, like Gecko; compatible; ClaudeBot/1.0; +claudebot@anthropic.com)"
3.19.70.25 - - [17/Apr/2025:09:54:26 -0400] "GET /ad917/?path=%2Fhome%2Fservlmvm%2F.%2F.cphorde%2F..%2Fwww%2Fwp-admin%2Fincludes%2Fclass-automatic-upgrader-skin.php HTTP/1.1" 200 2367 "-" "Mozilla/5.0 AppleWebKit/537.36 (KHTML, like Gecko; compatible; ClaudeBot/1.0; +claudebot@anthropic.com)"
3.19.70.25 - - [17/Apr/2025:09:54:29 -0400] "GET /ad917/?path=%2Fhome%2Fservlmvm%2F.%2F.%2Fpublic_html%2F.%2Fwp-admin%2Fincludes%2Fclass-wp-ms-themes-list-table.php HTTP/1.1" 200 8258 "-" "Mozilla/5.0 AppleWebKit/537.36 (KHTML, like Gecko; compatible; ClaudeBot/1.0; +claudebot@anthropic.com)"
3.19.70.25 - - [17/Apr/2025:09:54:32 -0400] "GET /ad917/?path=%2Fhome%2Fservlmvm%2F.%2Fpublic_html%2F..%2Fpuppiesoftexas.com%2Fwp-admin%2F.%2Fms-upgrade-network.php HTTP/1.1" 200 1141 "-" "Mozilla/5.0 AppleWebKit/537.36 (KHTML, like Gecko; compatible; ClaudeBot/1.0; +claudebot@anthropic.com)"
198.54.116.86 - - [17/Apr/2025:09:54:33 -0400] "POST /wp-cron.php?doing_wp_cron=1744898073.5413150787353515625000 HTTP/1.1" 200 0 "-" "WordPress/6.8; https://servethepeopleinc.org"
20.171.207.105 - - [17/Apr/2025:09:54:33 -0400] "GET /wp-json/wp/v2/categories/1 HTTP/1.1" 200 673 "-" "Mozilla/5.0 AppleWebKit/537.36 (KHTML, like Gecko; compatible; GPTBot/1.2; +https://openai.com/gptbot)"
198.54.116.86 - - [17/Apr/2025:09:54:33 -0400] "POST /wp-admin/admin-ajax.php?action=async_litespeed&nonce=S8momNHzYyGeXw2XwcJEkTdsbnC3qcpb&litespeed_type=imgoptm HTTP/1.1" 200 21 "-" "WordPress/6.8; https://servethepeopleinc.org"
3.19.70.25 - - [17/Apr/2025:09:54:35 -0400] "GET /ad917/?path=%2Fhome%2Fservlmvm%2F.%2Fpublic_html%2F.%2F..%2Fspekkshealth.com%2Fwp-admin%2Fexport-personal-data.php HTTP/1.1" 200 4034 "-" "Mozilla/5.0 AppleWebKit/537.36 (KHTML, like Gecko; compatible; ClaudeBot/1.0; +claudebot@anthropic.com)"
3.19.70.25 - - [17/Apr/2025:09:54:38 -0400] "GET /ad917/?path=%2Fhome%2Fservlmvm%2F.%2F.%2Fpublic_html%2F.%2Fwp-admin%2Fincludes%2Fclass-automatic-upgrader-skin.php HTTP/1.1" 200 2353 "-" "Mozilla/5.0 AppleWebKit/537.36 (KHTML, like Gecko; compatible; ClaudeBot/1.0; +claudebot@anthropic.com)"
3.19.70.25 - - [17/Apr/2025:09:54:41 -0400] "GET /ad917/?path=%2Fhome%2Fservlmvm%2F.%2F.spamassassin%2F..%2Fspekkshealth.com%2Fwp-admin%2F.%2Fedit-form-advanced.php HTTP/1.1" 200 10415 "-" "Mozilla/5.0 AppleWebKit/537.36 (KHTML, like Gecko; compatible; ClaudeBot/1.0; +claudebot@anthropic.com)"
3.19.70.25 - - [17/Apr/2025:09:54:44 -0400] "GET /ad917/?path=%2Fhome%2Fservlmvm%2F..%2F.%2Fservlmvm%2Fwww%2Fwp-admin%2Fincludes%2Fclass-wp-ms-themes-list-table.php HTTP/1.1" 200 8263 "-" "Mozilla/5.0 AppleWebKit/537.36 (KHTML, like Gecko; compatible; ClaudeBot/1.0; +claudebot@anthropic.com)"
3.19.70.25 - - [17/Apr/2025:09:54:47 -0400] "GET /ad917/?path=%2Fhome%2Fservlmvm%2F.%2Fpublic_html%2F..%2Fpuppiesoftexas.com%2Fwp-admin%2F.%2Foptions-discussion.php HTTP/1.1" 200 5568 "-" "Mozilla/5.0 AppleWebKit/537.36 (KHTML, like Gecko; compatible; ClaudeBot/1.0; +claudebot@anthropic.com)"
3.19.70.25 - - [17/Apr/2025:09:54:50 -0400] "GET /ad917/?path=%2Fhome%2Fservlmvm%2F.%2F.%2Fpublic_html%2Fwp-includes%2Fblocks%2Fnavigation-link%2Feditor-rtl.min.css HTTP/1.1" 200 1487 "-" "Mozilla/5.0 AppleWebKit/537.36 (KHTML, like Gecko; compatible; ClaudeBot/1.0; +claudebot@anthropic.com)"
3.19.70.25 - - [17/Apr/2025:09:54:53 -0400] "GET /ad917/?path=%2Fhome%2Fservlmvm%2F.%2Flscache%2F.%2F..%2Fmail%2F.info%40servethepeopleinc_org%2Fdovecot.index.cache HTTP/1.1" 200 1004 "-" "Mozilla/5.0 AppleWebKit/537.36 (KHTML, like Gecko; compatible; ClaudeBot/1.0; +claudebot@anthropic.com)"
3.19.70.25 - - [17/Apr/2025:09:54:56 -0400] "GET /ad917/?path=%2Fhome%2Fservlmvm%2F.%2F.spamassassin%2F..%2Ftmp%2Fpma_template_compiles_servlmvm%2F..%2Fwebalizerftp HTTP/1.1" 200 1495 "-" "Mozilla/5.0 AppleWebKit/537.36 (KHTML, like Gecko; compatible; ClaudeBot/1.0; +claudebot@anthropic.com)"
52.167.144.180 - - [17/Apr/2025:09:54:57 -0400] "GET /item/strigiostris/93962800.shtml HTTP/1.1" 301 0 "-" "Mozilla/5.0 AppleWebKit/537.36 (KHTML, like Gecko; compatible; bingbot/2.0; +http://www.bing.com/bingbot.htm) Chrome/116.0.1938.76 Safari/537.36"
40.77.167.67 - - [17/Apr/2025:09:54:58 -0400] "GET /product/johnstoni/20232702.shtml HTTP/1.1" 404 16951 "-" "Mozilla/5.0 AppleWebKit/537.36 (KHTML, like Gecko; compatible; bingbot/2.0; +http://www.bing.com/bingbot.htm) Chrome/116.0.1938.76 Safari/537.36"
3.19.70.25 - - [17/Apr/2025:09:54:59 -0400] "GET /ad917/?path=%2Fhome%2Fservlmvm%2F.%2F.softaculous%2F..%2F.spamassassin%2F..%2Fpuppiesoftexas.com%2Fwp-activate.php HTTP/1.1" 200 3675 "-" "Mozilla/5.0 AppleWebKit/537.36 (KHTML, like Gecko; compatible; ClaudeBot/1.0; +claudebot@anthropic.com)"
3.19.70.25 - - [17/Apr/2025:09:55:02 -0400] "GET /ad917/?path=%2Fhome%2Fservlmvm%2F.%2F.spamassassin%2F..%2F.cl.selector%2F..%2Fpuppiesoftexas.com%2Fwp-settings.php HTTP/1.1" 200 6985 "-" "Mozilla/5.0 AppleWebKit/537.36 (KHTML, like Gecko; compatible; ClaudeBot/1.0; +claudebot@anthropic.com)"
198.54.116.86 - - [17/Apr/2025:09:55:02 -0400] "POST /wp-cron.php?doing_wp_cron=1744898102.3281939029693603515625 HTTP/1.1" 200 0 "-" "WordPress/6.8; https://servethepeopleinc.org"
52.167.144.216 - - [17/Apr/2025:09:55:02 -0400] "GET /entity/29311544.shtml HTTP/1.1" 301 0 "-" "Mozilla/5.0 AppleWebKit/537.36 (KHTML, like Gecko; compatible; bingbot/2.0; +http://www.bing.com/bingbot.htm) Chrome/116.0.1938.76 Safari/537.36"
3.19.70.25 - - [17/Apr/2025:09:55:05 -0400] "GET /ad917/?path=%2Fhome%2Fservlmvm%2F.%2F.spamassassin%2F..%2F.cl.selector%2F..%2Fpuppiesoftexas.com%2Fwp-activate.php HTTP/1.1" 200 3642 "-" "Mozilla/5.0 AppleWebKit/537.36 (KHTML, like Gecko; compatible; ClaudeBot/1.0; +claudebot@anthropic.com)"
198.54.116.86 - - [17/Apr/2025:09:55:08 -0400] "POST /wp-cron.php?doing_wp_cron=1744898108.1388840675354003906250 HTTP/1.1" 200 0 "-" "WordPress/6.8; https://servethepeopleinc.org"
3.19.70.25 - - [17/Apr/2025:09:55:08 -0400] "GET /ad917/?path=%2Fhome%2Fservlmvm%2F.%2F.spamassassin%2F..%2F.softaculous%2F..%2Fpuppiesoftexas.com%2Fwp-settings.php HTTP/1.1" 200 7013 "-" "Mozilla/5.0 AppleWebKit/537.36 (KHTML, like Gecko; compatible; ClaudeBot/1.0; +claudebot@anthropic.com)"
66.249.77.40 - - [17/Apr/2025:09:55:08 -0400] "GET /entity/e/misappropriated/68867782.shtml HTTP/1.1" 404 16949 "-" "Mozilla/5.0 (Linux; Android 6.0.1; Nexus 5X Build/MMB29P) AppleWebKit/537.36 (KHTML, like Gecko) Chrome/135.0.7049.84 Mobile Safari/537.36 (compatible; GoogleOther)"
198.54.116.86 - - [17/Apr/2025:09:55:08 -0400] "POST /wp-admin/admin-ajax.php?action=async_litespeed&nonce=ycuvEOiAQdU6PrzqgqktClN6RWWjWBIM&litespeed_type=imgoptm HTTP/1.1" 200 21 "-" "WordPress/6.8; https://servethepeopleinc.org"
3.19.70.25 - - [17/Apr/2025:09:55:11 -0400] "GET /ad917/?path=%2Fhome%2Fservlmvm%2F.%2Flscache%2F.%2F..%2Fmail%2F.info%40servethepeopleinc_org%2Fdovecot.mailbox.log HTTP/1.1" 200 1005 "-" "Mozilla/5.0 AppleWebKit/537.36 (KHTML, like Gecko; compatible; ClaudeBot/1.0; +claudebot@anthropic.com)"
20.171.207.105 - - [17/Apr/2025:09:55:12 -0400] "GET /wp-content/themes/woodmart/css/parts/el-list.min.css?ver=7.3.2 HTTP/1.1" 200 387 "-" "Mozilla/5.0 AppleWebKit/537.36 (KHTML, like Gecko; compatible; GPTBot/1.2; +https://openai.com/gptbot)"
3.19.70.25 - - [17/Apr/2025:09:55:14 -0400] "GET /ad917/?path=%2Fhome%2Fservlmvm%2F.%2Flscache%2F.%2F..%2Fmail%2F.info%40servethepeopleinc_org%2Fdovecot-uidvalidity HTTP/1.1" 200 1014 "-" "Mozilla/5.0 AppleWebKit/537.36 (KHTML, like Gecko; compatible; ClaudeBot/1.0; +claudebot@anthropic.com)"
3.19.70.25 - - [17/Apr/2025:09:55:17 -0400] "GET /ad917/?path=%2Fhome%2Fservlmvm%2F.%2F.softaculous%2F..%2F.spamassassin%2F..%2Fpuppiesoftexas.com%2Fwp-settings.php HTTP/1.1" 200 7022 "-" "Mozilla/5.0 AppleWebKit/537.36 (KHTML, like Gecko; compatible; ClaudeBot/1.0; +claudebot@anthropic.com)"
3.19.70.25 - - [17/Apr/2025:09:55:20 -0400] "GET /ad917/?path=%2Fhome%2Fservlmvm%2F.%2F.spamassassin%2F..%2F.softaculous%2F..%2Fpuppiesoftexas.com%2Fwp-activate.php HTTP/1.1" 200 3645 "-" "Mozilla/5.0 AppleWebKit/537.36 (KHTML, like Gecko; compatible; ClaudeBot/1.0; +claudebot@anthropic.com)"
52.167.144.209 - - [17/Apr/2025:09:55:26 -0400] "GET /goodscode/gladding/16744502.shtml HTTP/1.1" 301 0 "-" "Mozilla/5.0 AppleWebKit/537.36 (KHTML, like Gecko; compatible; bingbot/2.0; +http://www.bing.com/bingbot.htm) Chrome/116.0.1938.76 Safari/537.36"
134.209.179.173 - - [17/Apr/2025:09:55:34 -0400] "GET /activities/ HTTP/1.1" 200 21288 "-" "Mozilla/5.0 (Windows NT 10.0; Win64; x64) AppleWebKit/537.36 (KHTML, like Gecko) Chrome/124.0.0.0 Safari/537.36"
52.167.144.209 - - [17/Apr/2025:09:55:43 -0400] "GET /goodscode/biasing/68361950.shtml HTTP/1.1" 301 0 "-" "Mozilla/5.0 AppleWebKit/537.36 (KHTML, like Gecko; compatible; bingbot/2.0; +http://www.bing.com/bingbot.htm) Chrome/116.0.1938.76 Safari/537.36"
40.77.167.67 - - [17/Apr/2025:09:55:48 -0400] "GET /product/38913100.shtml HTTP/1.1" 404 16939 "-" "Mozilla/5.0 AppleWebKit/537.36 (KHTML, like Gecko; compatible; bingbot/2.0; +http://www.bing.com/bingbot.htm) Chrome/116.0.1938.76 Safari/537.36"
3.145.60.120 - - [17/Apr/2025:09:55:49 -0400] "GET /ad917/?path=%2Fhome%2F.%2F.%2F..%2F..%2Flib64%2Fkrb5%2F..%2Fpython3.6%2Fencodings%2F__pycache__%2Fquopri_codec.cpython-36.opt-1.pyc HTTP/1.1" 200 1023 "-" "Mozilla/5.0 AppleWebKit/537.36 (KHTML, like Gecko; compatible; ClaudeBot/1.0; +claudebot@anthropic.com)"
20.171.207.105 - - [17/Apr/2025:09:55:50 -0400] "GET /wp-content/themes/woodmart/css/parts/el-social-icons.min.css?ver=7.3.2 HTTP/1.1" 200 1130 "-" "Mozilla/5.0 AppleWebKit/537.36 (KHTML, like Gecko; compatible; GPTBot/1.2; +https://openai.com/gptbot)"
3.145.60.120 - - [17/Apr/2025:09:55:52 -0400] "GET /ad917/?path=%2Fhome%2Fservlmvm%2F.%2Fpublic_html%2Fassets%2F..%2Fwp-includes%2Fhtml-api%2Fclass-wp-html-unsupported-exception.php HTTP/1.1" 200 2096 "-" "Mozilla/5.0 AppleWebKit/537.36 (KHTML, like Gecko; compatible; ClaudeBot/1.0; +claudebot@anthropic.com)"
3.145.60.120 - - [17/Apr/2025:09:55:55 -0400] "GET /ad917/?path=%2Fhome%2Fservlmvm%2F.%2Fpublic_html%2Fimages%2F..%2Fwp-includes%2Fhtml-api%2Fclass-wp-html-unsupported-exception.php HTTP/1.1" 200 2094 "-" "Mozilla/5.0 AppleWebKit/537.36 (KHTML, like Gecko; compatible; ClaudeBot/1.0; +claudebot@anthropic.com)"
3.145.60.120 - - [17/Apr/2025:09:55:58 -0400] "GET /ad917/?path=%2Fhome%2Fservlmvm%2F.%2Fpublic_html%2F.%2Fwp-includes%2F.%2Fstyle-engine%2Fclass-wp-style-engine-css-rules-store.php HTTP/1.1" 200 2047 "-" "Mozilla/5.0 AppleWebKit/537.36 (KHTML, like Gecko; compatible; ClaudeBot/1.0; +claudebot@anthropic.com)"
3.145.60.120 - - [17/Apr/2025:09:56:01 -0400] "GET /ad917/?path=%2Fhome%2Fservlmvm%2F.%2Fpublic_html%2Fassets%2F..%2Fwp-includes%2Fstyle-engine%2Fclass-wp-style-engine-processor.php HTTP/1.1" 200 2709 "-" "Mozilla/5.0 AppleWebKit/537.36 (KHTML, like Gecko; compatible; ClaudeBot/1.0; +claudebot@anthropic.com)"
3.145.60.120 - - [17/Apr/2025:09:56:04 -0400] "GET /ad917/?path=%2Fhome%2Fservlmvm%2F.%2Fpublic_html%2Fassets%2F..%2Fwp-includes%2Finteractivity-api%2Fclass-wp-interactivity-api.php HTTP/1.1" 200 12162 "-" "Mozilla/5.0 AppleWebKit/537.36 (KHTML, like Gecko; compatible; ClaudeBot/1.0; +claudebot@anthropic.com)"
3.145.60.120 - - [17/Apr/2025:09:56:07 -0400] "GET /ad917/?path=%2Fhome%2Fservlmvm%2F.%2Fpublic_html%2Fimages%2F..%2Fwp-includes%2Finteractivity-api%2Fclass-wp-interactivity-api.php HTTP/1.1" 200 12181 "-" "Mozilla/5.0 AppleWebKit/537.36 (KHTML, like Gecko; compatible; ClaudeBot/1.0; +claudebot@anthropic.com)"
3.145.60.120 - - [17/Apr/2025:09:56:10 -0400] "GET /ad917/?path=%2Fhome%2Fservlmvm%2F.%2Fpublic_html%2Fassets%2F..%2Fwp-includes%2Fstyle-engine%2Fclass-wp-style-engine-css-rule.php HTTP/1.1" 200 2432 "-" "Mozilla/5.0 AppleWebKit/537.36 (KHTML, like Gecko; compatible; ClaudeBot/1.0; +claudebot@anthropic.com)"
3.145.60.120 - - [17/Apr/2025:09:56:13 -0400] "GET /ad917/?path=%2Fhome%2Fservlmvm%2F.%2F..%2F..%2Flib64%2Fpython3.6%2Fsite-packages%2F_cffi_backend.cpython-36m-x86_64-linux-gnu.so HTTP/1.1" 200 1012 "-" "Mozilla/5.0 AppleWebKit/537.36 (KHTML, like Gecko; compatible; ClaudeBot/1.0; +claudebot@anthropic.com)"
3.145.60.120 - - [17/Apr/2025:09:56:16 -0400] "GET /ad917/?path=%2Fhome%2Fservlmvm%2F..%2Fservlmvm%2Fmail%2F.Junk%2F..%2F.fidelstp%40servethepeopleinc_org%2Fdovecot.list.index.log HTTP/1.1" 200 1008 "-" "Mozilla/5.0 AppleWebKit/537.36 (KHTML, like Gecko; compatible; ClaudeBot/1.0; +claudebot@anthropic.com)"
3.145.60.120 - - [17/Apr/2025:09:56:19 -0400] "GET /ad917/?path=%2Fhome%2Fservlmvm%2F.%2F..%2F..%2Flib64%2Fpython3.6%2Fsite-packages%2Fdmidecodemod.cpython-36m-x86_64-linux-gnu.so HTTP/1.1" 200 1007 "-" "Mozilla/5.0 AppleWebKit/537.36 (KHTML, like Gecko; compatible; ClaudeBot/1.0; +claudebot@anthropic.com)"
3.145.60.120 - - [17/Apr/2025:09:56:22 -0400] "GET /ad917/?path=%2Fhome%2Fservlmvm%2F..%2F.%2Fservlmvm%2Fwww%2Fwp-admin%2Fincludes%2Fclass-wp-application-passwords-list-table.php HTTP/1.1" 200 3115 "-" "Mozilla/5.0 AppleWebKit/537.36 (KHTML, like Gecko; compatible; ClaudeBot/1.0; +claudebot@anthropic.com)"
3.145.60.120 - - [17/Apr/2025:09:56:25 -0400] "GET /ad917/?path=%2Fhome%2Fservlmvm%2F.%2Fpublic_html%2Fimages%2F..%2Fwp-includes%2Fhtml-api%2Fhtml5-named-character-references.php HTTP/1.1" 200 29469 "-" "Mozilla/5.0 AppleWebKit/537.36 (KHTML, like Gecko; compatible; ClaudeBot/1.0; +claudebot@anthropic.com)"
198.54.116.86 - - [17/Apr/2025:09:56:25 -0400] "POST /wp-cron.php?doing_wp_cron=1744898185.7972960472106933593750 HTTP/1.1" 200 0 "-" "WordPress/6.8; https://servethepeopleinc.org"
52.167.144.161 - - [17/Apr/2025:09:56:25 -0400] "GET /shopbrand/8930628.shtml HTTP/1.1" 404 16942 "-" "Mozilla/5.0 AppleWebKit/537.36 (KHTML, like Gecko; compatible; bingbot/2.0; +http://www.bing.com/bingbot.htm) Chrome/116.0.1938.76 Safari/537.36"
198.54.116.86 - - [17/Apr/2025:09:56:26 -0400] "POST /wp-admin/admin-ajax.php?action=async_litespeed&nonce=VaF47Et4JZ0hxJMp3OQlqhc7eII5kgVe&litespeed_type=imgoptm HTTP/1.1" 200 21 "-" "WordPress/6.8; https://servethepeopleinc.org"
3.145.60.120 - - [17/Apr/2025:09:56:28 -0400] "GET /ad917/?path=%2Fhome%2Fservlmvm%2F.%2F.cphorde%2F..%2Fwww%2Fwp-admin%2Fincludes%2Fclass-wp-application-passwords-list-table.php HTTP/1.1" 200 3130 "-" "Mozilla/5.0 AppleWebKit/537.36 (KHTML, like Gecko; compatible; ClaudeBot/1.0; +claudebot@anthropic.com)"
3.145.60.120 - - [17/Apr/2025:09:56:31 -0400] "GET /ad917/?path=%2Fhome%2Fservlmvm%2F.%2Fpublic_html%2Fassets%2F..%2Fwp-includes%2Fhtml-api%2Fhtml5-named-character-references.php HTTP/1.1" 200 29473 "-" "Mozilla/5.0 AppleWebKit/537.36 (KHTML, like Gecko; compatible; ClaudeBot/1.0; +claudebot@anthropic.com)"
3.145.60.120 - - [17/Apr/2025:09:56:34 -0400] "GET /ad917/?path=%2Fhome%2Fservlmvm%2F.%2F.%2Fpublic_html%2F.%2Fwp-admin%2Fincludes%2Fclass-wp-application-passwords-list-table.php HTTP/1.1" 200 3129 "-" "Mozilla/5.0 AppleWebKit/537.36 (KHTML, like Gecko; compatible; ClaudeBot/1.0; +claudebot@anthropic.com)"
3.145.60.120 - - [17/Apr/2025:09:56:37 -0400] "GET /ad917/?path=%2Fhome%2F.%2Fservlmvm%2Fpuppiesoftexas.com%2Fwp-includes%2Finteractivity-api%2F.%2Fclass-wp-interactivity-api.php HTTP/1.1" 200 11508 "-" "Mozilla/5.0 AppleWebKit/537.36 (KHTML, like Gecko; compatible; ClaudeBot/1.0; +claudebot@anthropic.com)"
3.145.60.120 - - [17/Apr/2025:09:56:40 -0400] "GET /ad917/?path=%2Fhome%2Fservlmvm%2F.%2Flscache%2F..%2Ftmp%2Fpma_template_compiles_servlmvm%2F..%2Fpma_template_compiles_servlmvm HTTP/1.1" 200 1499 "-" "Mozilla/5.0 AppleWebKit/537.36 (KHTML, like Gecko; compatible; ClaudeBot/1.0; +claudebot@anthropic.com)"
3.145.60.120 - - [17/Apr/2025:09:56:43 -0400] "GET /ad917/?path=%2Fhome%2Fservlmvm%2F.%2Fpublic_html%2Fimages%2F..%2Fwp-includes%2Fhtml-api%2Fclass-wp-html-text-replacement.php HTTP/1.1" 200 1508 "-" "Mozilla/5.0 AppleWebKit/537.36 (KHTML, like Gecko; compatible; ClaudeBot/1.0; +claudebot@anthropic.com)"
3.145.60.120 - - [17/Apr/2025:09:56:46 -0400] "GET /ad917/?path=%2Fhome%2Fservlmvm%2F.%2Fpublic_html%2Fassets%2F..%2Fwp-includes%2Fhtml-api%2Fclass-wp-html-text-replacement.php HTTP/1.1" 200 1510 "-" "Mozilla/5.0 AppleWebKit/537.36 (KHTML, like Gecko; compatible; ClaudeBot/1.0; +claudebot@anthropic.com)"
3.145.60.120 - - [17/Apr/2025:09:56:49 -0400] "GET /ad917/?path=%2Fhome%2Fservlmvm%2F..%2Fservlmvm%2Fmail%2F.Junk%2F..%2F.fidelstp%40servethepeopleinc_org%2Fdovecot.index.cache HTTP/1.1" 200 1008 "-" "Mozilla/5.0 AppleWebKit/537.36 (KHTML, like Gecko; compatible; ClaudeBot/1.0; +claudebot@anthropic.com)"
3.145.60.120 - - [17/Apr/2025:09:56:52 -0400] "GET /ad917/?path=%2Fhome%2Fservlmvm%2F..%2Fservlmvm%2Fmail%2F.Junk%2F..%2F.fidelstp%40servethepeopleinc_org%2Fdovecot-uidvalidity HTTP/1.1" 200 1017 "-" "Mozilla/5.0 AppleWebKit/537.36 (KHTML, like Gecko; compatible; ClaudeBot/1.0; +claudebot@anthropic.com)"
3.145.60.120 - - [17/Apr/2025:09:56:55 -0400] "GET /ad917/?path=%2Fhome%2Fservlmvm%2F..%2Fservlmvm%2Fmail%2F.Junk%2F..%2F.fidelstp%40servethepeopleinc_org%2Fdovecot.mailbox.log HTTP/1.1" 200 1009 "-" "Mozilla/5.0 AppleWebKit/537.36 (KHTML, like Gecko; compatible; ClaudeBot/1.0; +claudebot@anthropic.com)"
3.145.60.120 - - [17/Apr/2025:09:56:58 -0400] "GET /ad917/?path=%2Fhome%2Fservlmvm%2F.%2F.cl.selector%2F.%2F..%2F.%2Flogs%2Fpuppiesoftexas.com.servethepeopleinc.org-Jan-2025.gz HTTP/1.1" 200 1007 "-" "Mozilla/5.0 AppleWebKit/537.36 (KHTML, like Gecko; compatible; ClaudeBot/1.0; +claudebot@anthropic.com)"
3.145.60.120 - - [17/Apr/2025:09:57:01 -0400] "GET /ad917/?path=%2Fhome%2Fservlmvm%2F..%2F..%2Flib64%2Fbpf%2F..%2Flibboost-plesk-1.74%2Flibboost_program_options-plesk.so.1.74.0 HTTP/1.1" 200 1002 "-" "Mozilla/5.0 AppleWebKit/537.36 (KHTML, like Gecko; compatible; ClaudeBot/1.0; +claudebot@anthropic.com)"
3.145.60.120 - - [17/Apr/2025:09:57:04 -0400] "GET /ad917/?path=%2Fhome%2Fservlmvm%2F.%2F..%2F..%2Flib64%2Fpython3.6%2Fsite-packages%2Fnetifaces.cpython-36m-x86_64-linux-gnu.so HTTP/1.1" 200 1005 "-" "Mozilla/5.0 AppleWebKit/537.36 (KHTML, like Gecko; compatible; ClaudeBot/1.0; +claudebot@anthropic.com)"
3.145.60.120 - - [17/Apr/2025:09:57:07 -0400] "GET /ad917/?path=%2Fhome%2Fservlmvm%2F.%2Fpublic_html%2Fimages%2F..%2Fwp-includes%2Fhtml-api%2Fclass-wp-html-attribute-token.php HTTP/1.1" 200 1886 "-" "Mozilla/5.0 AppleWebKit/537.36 (KHTML, like Gecko; compatible; ClaudeBot/1.0; +claudebot@anthropic.com)"
198.54.116.86 - - [17/Apr/2025:09:57:08 -0400] "POST /wp-cron.php?doing_wp_cron=1744898228.7603011131286621093750 HTTP/1.1" 200 0 "-" "WordPress/6.8; https://servethepeopleinc.org"
52.167.144.216 - - [17/Apr/2025:09:57:08 -0400] "GET /shopdetail/wo/provenient/83881370.shtml HTTP/1.1" 301 0 "-" "Mozilla/5.0 AppleWebKit/537.36 (KHTML, like Gecko; compatible; bingbot/2.0; +http://www.bing.com/bingbot.htm) Chrome/116.0.1938.76 Safari/537.36"
198.54.116.86 - - [17/Apr/2025:09:57:08 -0400] "POST /wp-admin/admin-ajax.php?action=async_litespeed&nonce=EgiIb9SV1XPzdAylcSpirOmIG9XVm0rm&litespeed_type=imgoptm HTTP/1.1" 200 21 "-" "WordPress/6.8; https://servethepeopleinc.org"
3.145.60.120 - - [17/Apr/2025:09:57:10 -0400] "GET /ad917/?path=%2Fhome%2Fservlmvm%2F.%2Fpublic_html%2Fassets%2F..%2Fwp-includes%2Fhtml-api%2Fclass-wp-html-processor-state.php HTTP/1.1" 200 3303 "-" "Mozilla/5.0 AppleWebKit/537.36 (KHTML, like Gecko; compatible; ClaudeBot/1.0; +claudebot@anthropic.com)"
52.167.144.216 - - [17/Apr/2025:09:57:11 -0400] "GET /shopping/lividity/45309306.shtml HTTP/1.1" 301 0 "-" "Mozilla/5.0 AppleWebKit/537.36 (KHTML, like Gecko; compatible; bingbot/2.0; +http://www.bing.com/bingbot.htm) Chrome/116.0.1938.76 Safari/537.36"
3.145.60.120 - - [17/Apr/2025:09:57:13 -0400] "GET /ad917/?path=%2Fhome%2Fservlmvm%2F.%2Fpublic_html%2F.%2Fwp-includes%2F.%2Fstyle-engine%2Fclass-wp-style-engine-processor.php HTTP/1.1" 200 2706 "-" "Mozilla/5.0 AppleWebKit/537.36 (KHTML, like Gecko; compatible; ClaudeBot/1.0; +claudebot@anthropic.com)"
3.145.60.120 - - [17/Apr/2025:09:57:16 -0400] "GET /ad917/?path=%2Fhome%2Fservlmvm%2F.%2Fpublic_html%2Fimages%2F..%2Fwp-includes%2Fhtml-api%2Fclass-wp-html-processor-state.php HTTP/1.1" 200 3300 "-" "Mozilla/5.0 AppleWebKit/537.36 (KHTML, like Gecko; compatible; ClaudeBot/1.0; +claudebot@anthropic.com)"
3.145.60.120 - - [17/Apr/2025:09:57:19 -0400] "GET /ad917/?path=%2Fhome%2Fservlmvm%2F.%2Fpublic_html%2Fassets%2F..%2Fwp-includes%2Fhtml-api%2Fclass-wp-html-attribute-token.php HTTP/1.1" 200 1888 "-" "Mozilla/5.0 AppleWebKit/537.36 (KHTML, like Gecko; compatible; ClaudeBot/1.0; +claudebot@anthropic.com)"
3.145.60.120 - - [17/Apr/2025:09:57:22 -0400] "GET /ad917/?path=%2Fhome%2Fservlmvm%2F.%2Fpublic_html%2F..%2Fmail%2F.sabina%40servethepeopleinc_org%2F.Trash%2Fdovecot.index.log HTTP/1.1" 200 1016 "-" "Mozilla/5.0 AppleWebKit/537.36 (KHTML, like Gecko; compatible; ClaudeBot/1.0; +claudebot@anthropic.com)"
3.145.60.120 - - [17/Apr/2025:09:57:25 -0400] "GET /ad917/?path=%2Fhome%2Fservlmvm%2F.%2Fpublic_html%2Fassets%2F..%2Fwp-includes%2Fblock-patterns%2Fquery-large-title-posts.php HTTP/1.1" 200 1777 "-" "Mozilla/5.0 AppleWebKit/537.36 (KHTML, like Gecko; compatible; ClaudeBot/1.0; +claudebot@anthropic.com)"
52.167.144.180 - - [17/Apr/2025:09:57:27 -0400] "GET /products/3063374.shtml HTTP/1.1" 301 0 "-" "Mozilla/5.0 AppleWebKit/537.36 (KHTML, like Gecko; compatible; bingbot/2.0; +http://www.bing.com/bingbot.htm) Chrome/116.0.1938.76 Safari/537.36"
3.145.60.120 - - [17/Apr/2025:09:57:28 -0400] "GET /ad917/?path=%2Fhome%2Fservlmvm%2F.%2Fpublic_html%2Fimages%2F..%2Fwp-includes%2Fblock-patterns%2Fquery-large-title-posts.php HTTP/1.1" 200 1776 "-" "Mozilla/5.0 AppleWebKit/537.36 (KHTML, like Gecko; compatible; ClaudeBot/1.0; +claudebot@anthropic.com)"
3.145.60.120 - - [17/Apr/2025:09:57:31 -0400] "GET /ad917/?path=%2Fhome%2Fservlmvm%2F.%2Flscache%2F.%2F..%2Fmail%2F.info%40servethepeopleinc_org%2Fdovecot-uidvalidity.65ab002a HTTP/1.1" 200 1012 "-" "Mozilla/5.0 AppleWebKit/537.36 (KHTML, like Gecko; compatible; ClaudeBot/1.0; +claudebot@anthropic.com)"
3.145.60.120 - - [17/Apr/2025:09:57:34 -0400] "GET /ad917/?path=%2Fhome%2Fservlmvm%2F.%2F..%2F..%2Flib64%2Fpython3.6%2Fsite-packages%2F_selinux.cpython-36m-x86_64-linux-gnu.so HTTP/1.1" 200 1004 "-" "Mozilla/5.0 AppleWebKit/537.36 (KHTML, like Gecko; compatible; ClaudeBot/1.0; +claudebot@anthropic.com)"
3.145.60.120 - - [17/Apr/2025:09:57:37 -0400] "GET /ad917/?path=%2Fhome%2Fservlmvm%2F.%2Fpublic_html%2Fimages%2F..%2Fwp-includes%2Fsitemaps%2Fclass-wp-sitemaps-stylesheet.php HTTP/1.1" 200 3198 "-" "Mozilla/5.0 AppleWebKit/537.36 (KHTML, like Gecko; compatible; ClaudeBot/1.0; +claudebot@anthropic.com)"
52.167.144.180 - - [17/Apr/2025:09:57:37 -0400] "GET /info/andromeda72782854.shtml HTTP/1.1" 301 0 "-" "Mozilla/5.0 AppleWebKit/537.36 (KHTML, like Gecko; compatible; bingbot/2.0; +http://www.bing.com/bingbot.htm) Chrome/116.0.1938.76 Safari/537.36"
3.145.60.120 - - [17/Apr/2025:09:57:40 -0400] "GET /ad917/?path=%2Fhome%2Fservlmvm%2F.%2Fpublic_html%2F.%2Fwp-includes%2F.%2Fstyle-engine%2Fclass-wp-style-engine-css-rule.php HTTP/1.1" 200 2429 "-" "Mozilla/5.0 AppleWebKit/537.36 (KHTML, like Gecko; compatible; ClaudeBot/1.0; +claudebot@anthropic.com)"
3.145.60.120 - - [17/Apr/2025:09:57:43 -0400] "GET /ad917/?path=%2Fhome%2Fservlmvm%2F.%2Fpublic_html%2Fassets%2F..%2Fwp-includes%2Fsitemaps%2Fclass-wp-sitemaps-stylesheet.php HTTP/1.1" 200 3232 "-" "Mozilla/5.0 AppleWebKit/537.36 (KHTML, like Gecko; compatible; ClaudeBot/1.0; +claudebot@anthropic.com)"
20.15.133.175 - - [17/Apr/2025:09:57:44 -0400] "GET /product/beaupere67408786.shtml HTTP/1.1" 404 16940 "-" "Mozilla/5.0 AppleWebKit/537.36 (KHTML, like Gecko; compatible; bingbot/2.0; +http://www.bing.com/bingbot.htm) Chrome/116.0.1938.76 Safari/537.36"
52.167.144.161 - - [17/Apr/2025:09:57:45 -0400] "GET /item/39889648.shtml HTTP/1.1" 404 16940 "-" "Mozilla/5.0 AppleWebKit/537.36 (KHTML, like Gecko; compatible; bingbot/2.0; +http://www.bing.com/bingbot.htm) Chrome/116.0.1938.76 Safari/537.36"
3.145.60.120 - - [17/Apr/2025:09:57:46 -0400] "GET /ad917/?path=%2Fhome%2Fservlmvm%2F..%2Fservlmvm%2Fmail%2F.Junk%2F..%2F.fidelstp%40servethepeopleinc_org%2Fdovecot.index.log HTTP/1.1" 200 1008 "-" "Mozilla/5.0 AppleWebKit/537.36 (KHTML, like Gecko; compatible; ClaudeBot/1.0; +claudebot@anthropic.com)"
52.167.144.180 - - [17/Apr/2025:09:57:47 -0400] "GET /item/66798274.shtml HTTP/1.1" 301 0 "-" "Mozilla/5.0 AppleWebKit/537.36 (KHTML, like Gecko; compatible; bingbot/2.0; +http://www.bing.com/bingbot.htm) Chrome/116.0.1938.76 Safari/537.36"
20.171.207.105 - - [17/Apr/2025:09:57:58 -0400] "GET /way-to-help/embed/ HTTP/1.1" 200 6029 "-" "Mozilla/5.0 AppleWebKit/537.36 (KHTML, like Gecko; compatible; GPTBot/1.2; +https://openai.com/gptbot)"
198.54.116.86 - - [17/Apr/2025:09:58:08 -0400] "POST /wp-cron.php?doing_wp_cron=1744898288.6790719032287597656250 HTTP/1.1" 200 0 "-" "WordPress/6.8; https://servethepeopleinc.org"
40.77.167.67 - - [17/Apr/2025:09:58:08 -0400] "GET /detail/fiu/scarcer/24783844.shtml HTTP/1.1" 404 16951 "-" "Mozilla/5.0 AppleWebKit/537.36 (KHTML, like Gecko; compatible; bingbot/2.0; +http://www.bing.com/bingbot.htm) Chrome/116.0.1938.76 Safari/537.36"
198.54.116.86 - - [17/Apr/2025:09:58:08 -0400] "POST /wp-admin/admin-ajax.php?action=async_litespeed&nonce=BZE1YpWXBnwbOgJfeUPLBqT8LQcqUxbv&litespeed_type=imgoptm HTTP/1.1" 200 21 "-" "WordPress/6.8; https://servethepeopleinc.org"
18.222.177.138 - - [17/Apr/2025:09:58:14 -0400] "GET /ad917/?path=%2Fhome%2Fservlmvm%2Fssl%2Fcsrs%2F..%2Fcerts%2F..%2F..%2F.nc_plugin HTTP/1.1" 200 1230 "-" "Mozilla/5.0 AppleWebKit/537.36 (KHTML, like Gecko; compatible; ClaudeBot/1.0; +claudebot@anthropic.com)"
18.222.177.138 - - [17/Apr/2025:09:58:17 -0400] "GET /ad917/?path=%2Fhome%2Fservlmvm%2F..%2F..%2Fproc%2Fkcare%2F..%2Fself%2Foom_score HTTP/1.1" 200 980 "-" "Mozilla/5.0 AppleWebKit/537.36 (KHTML, like Gecko; compatible; ClaudeBot/1.0; +claudebot@anthropic.com)"
18.222.177.138 - - [17/Apr/2025:09:58:20 -0400] "GET /ad917/?path=%2Fhome%2Fservlmvm%2F..%2F..%2Fusr%2Fshare%2Fperl5%2FMath%2FTrig.pm HTTP/1.1" 200 8394 "-" "Mozilla/5.0 AppleWebKit/537.36 (KHTML, like Gecko; compatible; ClaudeBot/1.0; +claudebot@anthropic.com)"
18.222.177.138 - - [17/Apr/2025:09:58:23 -0400] "GET /ad917/?path=%2Fhome%2Fservlmvm%2F..%2F..%2Fproc%2Fkcare%2F..%2Fnet%2Fip6_mr_vif HTTP/1.1" 200 974 "-" "Mozilla/5.0 AppleWebKit/537.36 (KHTML, like Gecko; compatible; ClaudeBot/1.0; +claudebot@anthropic.com)"
18.222.177.138 - - [17/Apr/2025:09:58:26 -0400] "GET /ad917/?path=%2Fhome%2Fservlmvm%2F..%2F..%2Fproc%2Fkcare%2F..%2Fnet%2Fipv6_route HTTP/1.1" 200 974 "-" "Mozilla/5.0 AppleWebKit/537.36 (KHTML, like Gecko; compatible; ClaudeBot/1.0; +claudebot@anthropic.com)"
18.222.177.138 - - [17/Apr/2025:09:58:29 -0400] "GET /ad917/?path=%2Fhome%2Fservlmvm%2Fssl%2Fcsrs%2F..%2Fcerts%2F..%2F..%2F.htpasswds HTTP/1.1" 403 1242 "-" "Mozilla/5.0 AppleWebKit/537.36 (KHTML, like Gecko; compatible; ClaudeBot/1.0; +claudebot@anthropic.com)"
18.222.177.138 - - [17/Apr/2025:09:58:32 -0400] "GET /ad917/?path=%2Fhome%2F.%2F.%2F..%2Flib64%2Ftcl8.6%2F..%2FlibSvtAv1Dec.so.0.8.7 HTTP/1.1" 200 966 "-" "Mozilla/5.0 AppleWebKit/537.36 (KHTML, like Gecko; compatible; ClaudeBot/1.0; +claudebot@anthropic.com)"
18.222.177.138 - - [17/Apr/2025:09:58:35 -0400] "GET /ad917/?path=%2Fhome%2Fservlmvm%2F..%2F..%2Fproc%2Fkcare%2F..%2Fnet%2Fconnector HTTP/1.1" 200 966 "-" "Mozilla/5.0 AppleWebKit/537.36 (KHTML, like Gecko; compatible; ClaudeBot/1.0; +claudebot@anthropic.com)"
20.171.207.105 - - [17/Apr/2025:09:58:36 -0400] "GET /environment/embed/ HTTP/1.1" 200 6022 "-" "Mozilla/5.0 AppleWebKit/537.36 (KHTML, like Gecko; compatible; GPTBot/1.2; +https://openai.com/gptbot)"
40.77.167.67 - - [17/Apr/2025:09:58:37 -0400] "GET /goods/56972538.shtml HTTP/1.1" 404 16938 "-" "Mozilla/5.0 AppleWebKit/537.36 (KHTML, like Gecko; compatible; bingbot/2.0; +http://www.bing.com/bingbot.htm) Chrome/116.0.1938.76 Safari/537.36"
18.222.177.138 - - [17/Apr/2025:09:58:38 -0400] "GET /ad917/?path=%2Fhome%2Fservlmvm%2F..%2F..%2Fproc%2Fkcare%2F..%2Fnet%2Fmcfilter6 HTTP/1.1" 200 969 "-" "Mozilla/5.0 AppleWebKit/537.36 (KHTML, like Gecko; compatible; ClaudeBot/1.0; +claudebot@anthropic.com)"
87.239.191.54 - - [17/Apr/2025:09:58:38 -0400] "GET / HTTP/1.0" 200 134645 "https://servethepeopleinc.org/" "Mozilla/5.0 (Windows NT 10.0; Win64; x64) AppleWebKit/537.36 (KHTML, like Gecko) Chrome/130.0.0.0 Safari/537.36"
18.222.177.138 - - [17/Apr/2025:09:58:41 -0400] "GET /ad917/?path=%2Fhome%2Fservlmvm%2F..%2F..%2Fproc%2Fkcare%2F..%2Fnet%2Frt6_stats HTTP/1.1" 200 970 "-" "Mozilla/5.0 AppleWebKit/537.36 (KHTML, like Gecko; compatible; ClaudeBot/1.0; +claudebot@anthropic.com)"
87.239.191.54 - - [17/Apr/2025:09:58:42 -0400] "POST / HTTP/1.0" 200 125219 "https://servethepeopleinc.org/" "Mozilla/5.0 (Windows NT 10.0; Win64; x64) AppleWebKit/537.36 (KHTML, like Gecko) Chrome/130.0.0.0 Safari/537.36"
18.222.177.138 - - [17/Apr/2025:09:58:44 -0400] "GET /ad917/?path=%2Fhome%2Fservlmvm%2F..%2F..%2Fproc%2Fkcare%2F..%2Fnet%2Fdev_snmp6 HTTP/1.1" 200 1224 "-" "Mozilla/5.0 AppleWebKit/537.36 (KHTML, like Gecko; compatible; ClaudeBot/1.0; +claudebot@anthropic.com)"
87.239.191.54 - - [17/Apr/2025:09:58:45 -0400] "GET / HTTP/1.0" 200 134645 "https://servethepeopleinc.org/" "Mozilla/5.0 (Windows NT 10.0; Win64; x64) AppleWebKit/537.36 (KHTML, like Gecko) Chrome/130.0.0.0 Safari/537.36"
52.167.144.161 - - [17/Apr/2025:09:58:45 -0400] "GET /detail/qw/ganga112966538.shtml HTTP/1.1" 404 16948 "-" "Mozilla/5.0 AppleWebKit/537.36 (KHTML, like Gecko; compatible; bingbot/2.0; +http://www.bing.com/bingbot.htm) Chrome/116.0.1938.76 Safari/537.36"
18.222.177.138 - - [17/Apr/2025:09:58:47 -0400] "GET /ad917/?path=%2Fhome%2Fservlmvm%2F..%2F..%2Fproc%2Fkcare%2F..%2Fnet%2Fxfrm_stat HTTP/1.1" 200 971 "-" "Mozilla/5.0 AppleWebKit/537.36 (KHTML, like Gecko; compatible; ClaudeBot/1.0; +claudebot@anthropic.com)"
52.167.144.161 - - [17/Apr/2025:09:58:49 -0400] "GET /goodscode26367458.shtml HTTP/1.1" 404 16938 "-" "Mozilla/5.0 AppleWebKit/537.36 (KHTML, like Gecko; compatible; bingbot/2.0; +http://www.bing.com/bingbot.htm) Chrome/116.0.1938.76 Safari/537.36"
18.222.177.138 - - [17/Apr/2025:09:58:50 -0400] "GET /ad917/?path=%2Fhome%2Fservlmvm%2F..%2F..%2Fproc%2Fkcare%2F..%2Fnet%2Fip_mr_vif HTTP/1.1" 200 971 "-" "Mozilla/5.0 AppleWebKit/537.36 (KHTML, like Gecko; compatible; ClaudeBot/1.0; +claudebot@anthropic.com)"
18.222.177.138 - - [17/Apr/2025:09:58:53 -0400] "GET /ad917/?path=%2Fhome%2Fservlmvm%2F..%2F..%2Fproc%2Fkcare%2F..%2Fnet%2Fprotocols HTTP/1.1" 200 970 "-" "Mozilla/5.0 AppleWebKit/537.36 (KHTML, like Gecko; compatible; ClaudeBot/1.0; +claudebot@anthropic.com)"
18.222.177.138 - - [17/Apr/2025:09:58:56 -0400] "GET /ad917/?path=%2Fhome%2Fservlmvm%2F..%2F..%2Fproc%2Fkcare%2F..%2Flve%2Fresellers HTTP/1.1" 200 1223 "-" "Mozilla/5.0 AppleWebKit/537.36 (KHTML, like Gecko; compatible; ClaudeBot/1.0; +claudebot@anthropic.com)"
18.222.177.138 - - [17/Apr/2025:09:58:59 -0400] "GET /ad917/?path=%2Fhome%2Fservlmvm%2F..%2F..%2Fproc%2Fkcare%2F..%2Fnet%2Fdev_mcast HTTP/1.1" 200 971 "-" "Mozilla/5.0 AppleWebKit/537.36 (KHTML, like Gecko; compatible; ClaudeBot/1.0; +claudebot@anthropic.com)"
18.222.177.138 - - [17/Apr/2025:09:59:02 -0400] "GET /ad917/?path=%2Fhome%2Fservlmvm%2F..%2F..%2Fproc%2Fkcare%2F..%2Fnet%2Fsockstat6 HTTP/1.1" 200 969 "-" "Mozilla/5.0 AppleWebKit/537.36 (KHTML, like Gecko; compatible; ClaudeBot/1.0; +claudebot@anthropic.com)"
18.222.177.138 - - [17/Apr/2025:09:59:05 -0400] "GET /ad917/?path=%2Fhome%2Fservlmvm%2F..%2F..%2Fproc%2Fkcare%2F..%2Fkcare%2Fcvelist HTTP/1.1" 200 2437 "-" "Mozilla/5.0 AppleWebKit/537.36 (KHTML, like Gecko; compatible; ClaudeBot/1.0; +claudebot@anthropic.com)"
18.222.177.138 - - [17/Apr/2025:09:59:08 -0400] "GET /ad917/?path=%2Fhome%2Fservlmvm%2F..%2F..%2Fproc%2Fkcare%2F..%2Fnet%2Fnetfilter HTTP/1.1" 200 1223 "-" "Mozilla/5.0 AppleWebKit/537.36 (KHTML, like Gecko; compatible; ClaudeBot/1.0; +claudebot@anthropic.com)"
18.222.177.138 - - [17/Apr/2025:09:59:11 -0400] "GET /ad917/?path=%2Fhome%2Fservlmvm%2F..%2F..%2Flib64%2Fsecurity%2F..%2Flibncurses HTTP/1.1" 200 1216 "-" "Mozilla/5.0 AppleWebKit/537.36 (KHTML, like Gecko; compatible; ClaudeBot/1.0; +claudebot@anthropic.com)"
18.222.177.138 - - [17/Apr/2025:09:59:14 -0400] "GET /ad917/?path=%2Fhome%2F.%2F..%2Fbin%2F..%2F.%2Fshare%2Flocale%2Fen%40quot%2F.. HTTP/1.1" 200 12057 "-" "Mozilla/5.0 AppleWebKit/537.36 (KHTML, like Gecko; compatible; ClaudeBot/1.0; +claudebot@anthropic.com)"
198.54.116.86 - - [17/Apr/2025:09:59:16 -0400] "POST /wp-cron.php?doing_wp_cron=1744898356.6330370903015136718750 HTTP/1.1" 200 0 "-" "WordPress/6.8; https://servethepeopleinc.org"
20.171.207.105 - - [17/Apr/2025:09:59:16 -0400] "GET /activities/embed/ HTTP/1.1" 200 6034 "-" "Mozilla/5.0 AppleWebKit/537.36 (KHTML, like Gecko; compatible; GPTBot/1.2; +https://openai.com/gptbot)"
198.54.116.86 - - [17/Apr/2025:09:59:16 -0400] "POST /wp-admin/admin-ajax.php?action=async_litespeed&nonce=izCNGV2WX4X5vAGebAScv9el5nMISto1&litespeed_type=imgoptm HTTP/1.1" 200 21 "-" "WordPress/6.8; https://servethepeopleinc.org"
18.222.177.138 - - [17/Apr/2025:09:59:17 -0400] "GET /ad917/?path=%2Fhome%2F.%2F.%2F..%2Flib64%2Fenchant%2F..%2FlibXcursor.so.1.0.2 HTTP/1.1" 200 964 "-" "Mozilla/5.0 AppleWebKit/537.36 (KHTML, like Gecko; compatible; ClaudeBot/1.0; +claudebot@anthropic.com)"
40.77.167.67 - - [17/Apr/2025:09:59:18 -0400] "GET /products/factories/44235156.shtml HTTP/1.1" 404 16949 "-" "Mozilla/5.0 AppleWebKit/537.36 (KHTML, like Gecko; compatible; bingbot/2.0; +http://www.bing.com/bingbot.htm) Chrome/116.0.1938.76 Safari/537.36"
18.222.177.138 - - [17/Apr/2025:09:59:20 -0400] "GET /ad917/?path=%2Fhome%2Fservlmvm%2F..%2F..%2Fproc%2Fkcare%2F..%2Fnet%2Ffib_trie HTTP/1.1" 200 969 "-" "Mozilla/5.0 AppleWebKit/537.36 (KHTML, like Gecko; compatible; ClaudeBot/1.0; +claudebot@anthropic.com)"
52.167.144.209 - - [17/Apr/2025:09:59:25 -0400] "GET /goodscode/nrs/nupson51510880.shtml HTTP/1.1" 301 0 "-" "Mozilla/5.0 AppleWebKit/537.36 (KHTML, like Gecko; compatible; bingbot/2.0; +http://www.bing.com/bingbot.htm) Chrome/116.0.1938.76 Safari/537.36"
18.222.177.138 - - [17/Apr/2025:09:59:23 -0400] "GET /ad917/?path=%2Fhome%2Fservlmvm%2F..%2F..%2Fproc%2Fkcare%2F..%2Fself%2Fpagemap HTTP/1.1" 500 0 "-" "Mozilla/5.0 AppleWebKit/537.36 (KHTML, like Gecko; compatible; ClaudeBot/1.0; +claudebot@anthropic.com)"
18.222.177.138 - - [17/Apr/2025:09:59:26 -0400] "GET /ad917/?path=%2Fhome%2Fservlmvm%2F..%2F..%2Fproc%2Fkcare%2F..%2Fnet%2Fsockstat HTTP/1.1" 200 967 "-" "Mozilla/5.0 AppleWebKit/537.36 (KHTML, like Gecko; compatible; ClaudeBot/1.0; +claudebot@anthropic.com)"
18.222.177.138 - - [17/Apr/2025:09:59:29 -0400] "GET /ad917/?path=%2Fhome%2Fservlmvm%2F..%2F..%2Fproc%2Fkcare%2F..%2Fself%2Fcmdline HTTP/1.1" 200 996 "-" "Mozilla/5.0 AppleWebKit/537.36 (KHTML, like Gecko; compatible; ClaudeBot/1.0; +claudebot@anthropic.com)"
18.222.177.138 - - [17/Apr/2025:09:59:32 -0400] "GET /ad917/?path=%2Fhome%2Fservlmvm%2Fssl%2Fcsrs%2F..%2Fcerts%2F..%2F..%2F.cphorde HTTP/1.1" 200 1585 "-" "Mozilla/5.0 AppleWebKit/537.36 (KHTML, like Gecko; compatible; ClaudeBot/1.0; +claudebot@anthropic.com)"
18.222.177.138 - - [17/Apr/2025:09:59:35 -0400] "GET /ad917/?path=%2Fhome%2Fservlmvm%2F..%2F..%2Fproc%2Fkcare%2F..%2Fself%2Fgid_map HTTP/1.1" 200 988 "-" "Mozilla/5.0 AppleWebKit/537.36 (KHTML, like Gecko; compatible; ClaudeBot/1.0; +claudebot@anthropic.com)"
52.167.144.209 - - [17/Apr/2025:09:59:35 -0400] "GET /special/t/herculean28689360.shtml HTTP/1.1" 301 0 "-" "Mozilla/5.0 AppleWebKit/537.36 (KHTML, like Gecko; compatible; bingbot/2.0; +http://www.bing.com/bingbot.htm) Chrome/116.0.1938.76 Safari/537.36"
18.222.177.138 - - [17/Apr/2025:09:59:38 -0400] "GET /ad917/?path=%2Fhome%2Fservlmvm%2F..%2F..%2Fproc%2Fkcare%2F..%2Fnet%2Fanycast6 HTTP/1.1" 200 968 "-" "Mozilla/5.0 AppleWebKit/537.36 (KHTML, like Gecko; compatible; ClaudeBot/1.0; +claudebot@anthropic.com)"
52.167.144.23 - - [17/Apr/2025:09:59:38 -0400] "GET /product85393518.shtml HTTP/1.1" 404 16937 "-" "Mozilla/5.0 AppleWebKit/537.36 (KHTML, like Gecko; compatible; bingbot/2.0; +http://www.bing.com/bingbot.htm) Chrome/116.0.1938.76 Safari/537.36"
18.222.177.138 - - [17/Apr/2025:09:59:41 -0400] "GET /ad917/?path=%2Fhome%2Fservlmvm%2F..%2F..%2Fproc%2Fkcare%2F..%2Fself%2Fuid_map HTTP/1.1" 200 987 "-" "Mozilla/5.0 AppleWebKit/537.36 (KHTML, like Gecko; compatible; ClaudeBot/1.0; +claudebot@anthropic.com)"
18.222.177.138 - - [17/Apr/2025:09:59:44 -0400] "GET /ad917/?path=%2Fhome%2Fservlmvm%2F..%2F..%2Fproc%2Fkcare%2F..%2Fself%2Foom_adj HTTP/1.1" 200 971 "-" "Mozilla/5.0 AppleWebKit/537.36 (KHTML, like Gecko; compatible; ClaudeBot/1.0; +claudebot@anthropic.com)"
18.222.177.138 - - [17/Apr/2025:09:59:47 -0400] "GET /ad917/?path=%2Fhome%2Fservlmvm%2F..%2F..%2Fproc%2Fkcare%2F..%2Fself%2Fenviron HTTP/1.1" 200 1111 "-" "Mozilla/5.0 AppleWebKit/537.36 (KHTML, like Gecko; compatible; ClaudeBot/1.0; +claudebot@anthropic.com)"
18.222.177.138 - - [17/Apr/2025:09:59:50 -0400] "GET /ad917/?path=%2Fhome%2Fservlmvm%2F..%2F..%2Fproc%2Fkcare%2F..%2Fself%2Fsyscall HTTP/1.1" 200 1016 "-" "Mozilla/5.0 AppleWebKit/537.36 (KHTML, like Gecko; compatible; ClaudeBot/1.0; +claudebot@anthropic.com)"
18.222.177.138 - - [17/Apr/2025:09:59:53 -0400] "GET /ad917/?path=%2Fhome%2Fservlmvm%2F..%2F..%2Fproc%2Fkcare%2F..%2Flve%2Fdefaults HTTP/1.1" 200 965 "-" "Mozilla/5.0 AppleWebKit/537.36 (KHTML, like Gecko; compatible; ClaudeBot/1.0; +claudebot@anthropic.com)"
18.222.177.138 - - [17/Apr/2025:09:59:56 -0400] "GET /ad917/?path=%2Fhome%2Fservlmvm%2F..%2F..%2Fproc%2Fkcare%2F..%2Fnet%2Fmcfilter HTTP/1.1" 200 969 "-" "Mozilla/5.0 AppleWebKit/537.36 (KHTML, like Gecko; compatible; ClaudeBot/1.0; +claudebot@anthropic.com)"
20.171.207.105 - - [17/Apr/2025:09:59:56 -0400] "GET /wp-content/themes/woodmart/css/parts/header-el-base.min.css?ver=7.3.2 HTTP/1.1" 200 811 "-" "Mozilla/5.0 AppleWebKit/537.36 (KHTML, like Gecko; compatible; GPTBot/1.2; +https://openai.com/gptbot)"
52.167.144.23 - - [17/Apr/2025:09:59:58 -0400] "GET /detail/xk/muset85568532.shtml HTTP/1.1" 404 16951 "-" "Mozilla/5.0 AppleWebKit/537.36 (KHTML, like Gecko; compatible; bingbot/2.0; +http://www.bing.com/bingbot.htm) Chrome/116.0.1938.76 Safari/537.36"
18.222.177.138 - - [17/Apr/2025:09:59:59 -0400] "GET /ad917/?path=%2Fhome%2Fservlmvm%2F..%2F..%2Fproc%2Fkcare%2F..%2Fnet%2Fudplite6 HTTP/1.1" 200 968 "-" "Mozilla/5.0 AppleWebKit/537.36 (KHTML, like Gecko; compatible; ClaudeBot/1.0; +claudebot@anthropic.com)"
66.249.77.40 - - [17/Apr/2025:09:59:59 -0400] "GET /entity/zkq/catharine/72087876.shtml HTTP/1.1" 404 16949 "-" "Mozilla/5.0 (Linux; Android 6.0.1; Nexus 5X Build/MMB29P) AppleWebKit/537.36 (KHTML, like Gecko) Chrome/135.0.7049.84 Mobile Safari/537.36 (compatible; GoogleOther)"
18.222.177.138 - - [17/Apr/2025:10:00:02 -0400] "GET /ad917/?path=%2Fhome%2Fservlmvm%2F..%2F..%2Fproc%2Fkcare%2F..%2Fnet%2Fif_inet6 HTTP/1.1" 200 968 "-" "Mozilla/5.0 AppleWebKit/537.36 (KHTML, like Gecko; compatible; ClaudeBot/1.0; +claudebot@anthropic.com)"
18.222.177.138 - - [17/Apr/2025:10:00:05 -0400] "GET /ad917/?path=%2Fhome%2Fservlmvm%2F..%2F..%2Fproc%2Fkcare%2F..%2Fnet%2Ftls_stat HTTP/1.1" 200 968 "-" "Mozilla/5.0 AppleWebKit/537.36 (KHTML, like Gecko; compatible; ClaudeBot/1.0; +claudebot@anthropic.com)"
18.222.177.138 - - [17/Apr/2025:10:00:08 -0400] "GET /ad917/?path=%2Fhome%2Fservlmvm%2F..%2F..%2Fproc%2Fkcare%2F..%2Fnet%2Frt_cache HTTP/1.1" 200 968 "-" "Mozilla/5.0 AppleWebKit/537.36 (KHTML, like Gecko; compatible; ClaudeBot/1.0; +claudebot@anthropic.com)"
198.54.116.86 - - [17/Apr/2025:10:00:08 -0400] "POST /wp-cron.php?doing_wp_cron=1744898408.9215359687805175781250 HTTP/1.1" 200 0 "-" "WordPress/6.8; https://servethepeopleinc.org"
52.167.144.216 - - [17/Apr/2025:10:00:08 -0400] "GET /info/alcoholic80372544.shtml HTTP/1.1" 301 0 "-" "Mozilla/5.0 AppleWebKit/537.36 (KHTML, like Gecko; compatible; bingbot/2.0; +http://www.bing.com/bingbot.htm) Chrome/116.0.1938.76 Safari/537.36"
198.54.116.86 - - [17/Apr/2025:10:00:09 -0400] "POST /wp-admin/admin-ajax.php?action=async_litespeed&nonce=s895K24QPnwDZqe3KosAfpqdi92wVRLT&litespeed_type=imgoptm HTTP/1.1" 200 21 "-" "WordPress/6.8; https://servethepeopleinc.org"
40.77.167.67 - - [17/Apr/2025:10:00:10 -0400] "GET /goodscode/educability18859344.shtml HTTP/1.1" 404 16937 "-" "Mozilla/5.0 AppleWebKit/537.36 (KHTML, like Gecko; compatible; bingbot/2.0; +http://www.bing.com/bingbot.htm) Chrome/116.0.1938.76 Safari/537.36"
18.222.177.138 - - [17/Apr/2025:10:00:11 -0400] "GET /ad917/?path=%2Fhome%2F.%2F.%2F.%2Fservlmvm%2Flogs%2Froundcube%2Fsendmail.log HTTP/1.1" 200 1513 "-" "Mozilla/5.0 AppleWebKit/537.36 (KHTML, like Gecko; compatible; ClaudeBot/1.0; +claudebot@anthropic.com)"
52.167.144.180 - - [17/Apr/2025:10:00:18 -0400] "GET /product/ureameter/28829892.shtml HTTP/1.1" 301 0 "-" "Mozilla/5.0 AppleWebKit/537.36 (KHTML, like Gecko; compatible; bingbot/2.0; +http://www.bing.com/bingbot.htm) Chrome/116.0.1938.76 Safari/537.36"
40.77.167.67 - - [17/Apr/2025:10:00:19 -0400] "GET /detail/93647362.shtml HTTP/1.1" 404 16938 "-" "Mozilla/5.0 AppleWebKit/537.36 (KHTML, like Gecko; compatible; bingbot/2.0; +http://www.bing.com/bingbot.htm) Chrome/116.0.1938.76 Safari/537.36"
52.167.144.23 - - [17/Apr/2025:10:00:27 -0400] "GET /detail/60268720.shtml HTTP/1.1" 404 16938 "-" "Mozilla/5.0 AppleWebKit/537.36 (KHTML, like Gecko; compatible; bingbot/2.0; +http://www.bing.com/bingbot.htm) Chrome/116.0.1938.76 Safari/537.36"
20.171.207.105 - - [17/Apr/2025:10:00:34 -0400] "GET /wp-content/themes/woodmart/css/parts/int-wbp-el-animations.min.css?ver=7.3.2 HTTP/1.1" 200 678 "-" "Mozilla/5.0 AppleWebKit/537.36 (KHTML, like Gecko; compatible; GPTBot/1.2; +https://openai.com/gptbot)"
3.22.208.157 - - [17/Apr/2025:10:00:45 -0400] "GET /ad917/?path=%2Fhome%2Fservlmvm%2F..%2Fservlmvm%2Flogs%2Froundcube%2F..%2F..%2Fwww HTTP/1.1" 200 2450 "-" "Mozilla/5.0 AppleWebKit/537.36 (KHTML, like Gecko; compatible; ClaudeBot/1.0; +claudebot@anthropic.com)"
3.22.208.157 - - [17/Apr/2025:10:00:48 -0400] "GET /ad917/?path=%2Fhome%2Fservlmvm%2Fpublic_html%2F..%2Ftmp%2F..%2Fmail%2F.%2F.%2Fcur HTTP/1.1" 200 1460 "-" "Mozilla/5.0 AppleWebKit/537.36 (KHTML, like Gecko; compatible; ClaudeBot/1.0; +claudebot@anthropic.com)"
3.22.208.157 - - [17/Apr/2025:10:00:51 -0400] "GET /ad917/?path=%2Fhome%2Fservlmvm%2F..%2F..%2Fvar%2Fsoftaculous%2Fphproj%2Fphp81%2F. HTTP/1.1" 200 1670 "-" "Mozilla/5.0 AppleWebKit/537.36 (KHTML, like Gecko; compatible; ClaudeBot/1.0; +claudebot@anthropic.com)"
3.22.208.157 - - [17/Apr/2025:10:00:54 -0400] "GET /ad917/?path=%2Fhome%2Fservlmvm%2F..%2F..%2Fvar%2Fsoftaculous%2Fpiwigo%2Fphp81%2F. HTTP/1.1" 200 1641 "-" "Mozilla/5.0 AppleWebKit/537.36 (KHTML, like Gecko; compatible; ClaudeBot/1.0; +claudebot@anthropic.com)"
3.22.208.157 - - [17/Apr/2025:10:00:57 -0400] "GET /ad917/?path=%2Fhome%2Fservlmvm%2F.%2Fpublic_html%2F..%2Fpublic_ftp%2F.%2F..%2Fwww HTTP/1.1" 200 2500 "-" "Mozilla/5.0 AppleWebKit/537.36 (KHTML, like Gecko; compatible; ClaudeBot/1.0; +claudebot@anthropic.com)"
3.22.208.157 - - [17/Apr/2025:10:01:00 -0400] "GET /ad917/?path=%2Fhome%2Fservlmvm%2F.%2F.spamassassin%2F..%2F.cagefs%2Fopt%2F.%2Falt HTTP/1.1" 200 1658 "-" "Mozilla/5.0 AppleWebKit/537.36 (KHTML, like Gecko; compatible; ClaudeBot/1.0; +claudebot@anthropic.com)"
3.22.208.157 - - [17/Apr/2025:10:01:03 -0400] "GET /ad917/?path=%2Fhome%2Fservlmvm%2F.%2F.spamassassin%2F..%2F.cpanel%2F.%2Ficals%2F. HTTP/1.1" 200 1768 "-" "Mozilla/5.0 AppleWebKit/537.36 (KHTML, like Gecko; compatible; ClaudeBot/1.0; +claudebot@anthropic.com)"
3.22.208.157 - - [17/Apr/2025:10:01:06 -0400] "GET /ad917/?path=%2Fhome%2Fservlmvm%2F.%2Fpublic_html%2F..%2Fpublic_ftp%2F.%2F..%2Fetc HTTP/1.1" 200 1527 "-" "Mozilla/5.0 AppleWebKit/537.36 (KHTML, like Gecko; compatible; ClaudeBot/1.0; +claudebot@anthropic.com)"
3.22.208.157 - - [17/Apr/2025:10:01:09 -0400] "GET /ad917/?path=%2Fhome%2Fservlmvm%2F.%2Fwww%2Fwp-includes%2Fcustomize%2F..%2F.%2Fcss HTTP/1.1" 200 2580 "-" "Mozilla/5.0 AppleWebKit/537.36 (KHTML, like Gecko; compatible; ClaudeBot/1.0; +claudebot@anthropic.com)"
20.171.207.105 - - [17/Apr/2025:10:01:11 -0400] "GET /wp-content/themes/woodmart/css/parts/el-text-block.min.css?ver=7.3.2 HTTP/1.1" 200 110 "-" "Mozilla/5.0 AppleWebKit/537.36 (KHTML, like Gecko; compatible; GPTBot/1.2; +https://openai.com/gptbot)"
3.22.208.157 - - [17/Apr/2025:10:01:12 -0400] "GET /ad917/?path=%2Fhome%2Fservlmvm%2F..%2F..%2Fvar%2Fsoftaculous%2Fvtiger%2Fphp81%2F. HTTP/1.1" 200 1704 "-" "Mozilla/5.0 AppleWebKit/537.36 (KHTML, like Gecko; compatible; ClaudeBot/1.0; +claudebot@anthropic.com)"
3.22.208.157 - - [17/Apr/2025:10:01:15 -0400] "GET /ad917/?path=%2Fhome%2Fservlmvm%2F.%2F.%2Fpublic_html%2Fwp-content%2F..%2F..%2Fwww HTTP/1.1" 200 2556 "-" "Mozilla/5.0 AppleWebKit/537.36 (KHTML, like Gecko; compatible; ClaudeBot/1.0; +claudebot@anthropic.com)"
198.54.116.86 - - [17/Apr/2025:10:01:17 -0400] "POST /wp-cron.php?doing_wp_cron=1744898477.5806050300598144531250 HTTP/1.1" 200 0 "-" "WordPress/6.8; https://servethepeopleinc.org"
52.167.144.216 - - [17/Apr/2025:10:01:17 -0400] "GET /info/bm/habnab28822936.shtml HTTP/1.1" 301 0 "-" "Mozilla/5.0 AppleWebKit/537.36 (KHTML, like Gecko; compatible; bingbot/2.0; +http://www.bing.com/bingbot.htm) Chrome/116.0.1938.76 Safari/537.36"
198.54.116.86 - - [17/Apr/2025:10:01:17 -0400] "POST /wp-admin/admin-ajax.php?action=async_litespeed&nonce=Hh3HDGAU4BsO5hDpn3mAX9FPzaQwFY8M&litespeed_type=imgoptm HTTP/1.1" 200 21 "-" "WordPress/6.8; https://servethepeopleinc.org"
3.22.208.157 - - [17/Apr/2025:10:01:18 -0400] "GET /ad917/?path=%2Fhome%2Fservlmvm%2F.%2F.spamassassin%2F..%2F.cagefs%2Fvar%2F.%2Flog HTTP/1.1" 200 1689 "-" "Mozilla/5.0 AppleWebKit/537.36 (KHTML, like Gecko; compatible; ClaudeBot/1.0; +claudebot@anthropic.com)"
3.22.208.157 - - [17/Apr/2025:10:01:21 -0400] "GET /ad917/?path=%2Fhome%2Fservlmvm%2F..%2F..%2Fvar%2Fsoftaculous%2Fphproj%2Fphp53%2F. HTTP/1.1" 200 1670 "-" "Mozilla/5.0 AppleWebKit/537.36 (KHTML, like Gecko; compatible; ClaudeBot/1.0; +claudebot@anthropic.com)"
3.22.208.157 - - [17/Apr/2025:10:01:24 -0400] "GET /ad917/?path=%2Fhome%2Fservlmvm%2F.%2Flscache%2F..%2F.softaculous%2Ftmp%2F..%2Ftmp HTTP/1.1" 200 1459 "-" "Mozilla/5.0 AppleWebKit/537.36 (KHTML, like Gecko; compatible; ClaudeBot/1.0; +claudebot@anthropic.com)"
3.22.208.157 - - [17/Apr/2025:10:01:27 -0400] "GET /ad917/?path=%2Fhome%2Fservlmvm%2F.%2F.%2Fpublic_html%2Fwp-content%2F..%2F..%2Fssl HTTP/1.1" 200 1680 "-" "Mozilla/5.0 AppleWebKit/537.36 (KHTML, like Gecko; compatible; ClaudeBot/1.0; +claudebot@anthropic.com)"
3.22.208.157 - - [17/Apr/2025:10:01:30 -0400] "GET /ad917/?path=%2Fhome%2Fservlmvm%2F..%2F..%2Fvar%2Fsoftaculous%2Felgg33%2Fphp82%2F. HTTP/1.1" 200 1662 "-" "Mozilla/5.0 AppleWebKit/537.36 (KHTML, like Gecko; compatible; ClaudeBot/1.0; +claudebot@anthropic.com)"
3.22.208.157 - - [17/Apr/2025:10:01:33 -0400] "GET /ad917/?path=%2Fhome%2Fservlmvm%2F.%2F.spamassassin%2F..%2F.cagefs%2Fvar%2F.%2Frun HTTP/1.1" 200 1500 "-" "Mozilla/5.0 AppleWebKit/537.36 (KHTML, like Gecko; compatible; ClaudeBot/1.0; +claudebot@anthropic.com)"
3.22.208.157 - - [17/Apr/2025:10:01:36 -0400] "GET /ad917/?path=%2Fhome%2Fservlmvm%2F..%2Fservlmvm%2Flogs%2Froundcube%2F..%2F..%2Fetc HTTP/1.1" 200 1516 "-" "Mozilla/5.0 AppleWebKit/537.36 (KHTML, like Gecko; compatible; ClaudeBot/1.0; +claudebot@anthropic.com)"
