3.137.174.183 - - [06/Apr/2025:08:50:27 -0400] "GET /ad917/?path=%2Fhome%2F.%2F..%2Fbin%2F.%2Fcatchsegv HTTP/1.1" 200 2526 "-" "Mozilla/5.0 AppleWebKit/537.36 (KHTML, like Gecko; compatible; ClaudeBot/1.0; +claudebot@anthropic.com)"
207.46.13.157 - - [06/Apr/2025:08:50:28 -0400] "GET /shopping114717334.shtml HTTP/1.1" 200 19613 "-" "Mozilla/5.0 AppleWebKit/537.36 (KHTML, like Gecko; compatible; bingbot/2.0; +http://www.bing.com/bingbot.htm) Chrome/116.0.1938.76 Safari/537.36"
3.137.174.183 - - [06/Apr/2025:08:50:30 -0400] "GET /ad917/?path=%2Fhome%2F.%2F..%2Fbin%2F.%2Fcomposite HTTP/1.1" 200 941 "-" "Mozilla/5.0 AppleWebKit/537.36 (KHTML, like Gecko; compatible; ClaudeBot/1.0; +claudebot@anthropic.com)"
195.20.18.175 - - [06/Apr/2025:08:50:31 -0400] "GET / HTTP/1.1" 200 134183 "-" "ALittle Client"
207.46.13.111 - - [06/Apr/2025:08:50:36 -0400] "GET /shopdetail47240134.shtml HTTP/1.1" 200 20349 "-" "Mozilla/5.0 AppleWebKit/537.36 (KHTML, like Gecko; compatible; bingbot/2.0; +http://www.bing.com/bingbot.htm) Chrome/116.0.1938.76 Safari/537.36"
66.249.65.104 - - [06/Apr/2025:08:50:40 -0400] "GET /shopdetail26299388.shtml HTTP/1.1" 200 19450 "-" "Mozilla/5.0 (Linux; Android 6.0.1; Nexus 5X Build/MMB29P) AppleWebKit/537.36 (KHTML, like Gecko) Chrome/134.0.6998.165 Mobile Safari/537.36 (compatible; Googlebot/2.1; +http://www.google.com/bot.html)"
18.116.235.193 - - [06/Apr/2025:08:50:59 -0400] "GET /ad917/?path=%2Fhome%2F.%2F..%2F..%2Fbin%2Fgcov-dump HTTP/1.1" 200 944 "-" "Mozilla/5.0 AppleWebKit/537.36 (KHTML, like Gecko; compatible; ClaudeBot/1.0; +claudebot@anthropic.com)"
18.116.235.193 - - [06/Apr/2025:08:51:02 -0400] "GET /ad917/?path=%2Fhome%2F.%2F.%2F..%2Fbin%2Fpodchecker HTTP/1.1" 200 2606 "-" "Mozilla/5.0 AppleWebKit/537.36 (KHTML, like Gecko; compatible; ClaudeBot/1.0; +claudebot@anthropic.com)"
18.116.235.193 - - [06/Apr/2025:08:51:05 -0400] "GET /ad917/?path=%2Fhome%2F.%2F.%2F..%2Fetc%2Fld.so.conf HTTP/1.1" 403 1242 "-" "Mozilla/5.0 AppleWebKit/537.36 (KHTML, like Gecko; compatible; ClaudeBot/1.0; +claudebot@anthropic.com)"
18.116.235.193 - - [06/Apr/2025:08:51:08 -0400] "GET /ad917/?path=%2Fhome%2F.%2F..%2Fbin%2F.%2Fpg_dumpall HTTP/1.1" 200 949 "-" "Mozilla/5.0 AppleWebKit/537.36 (KHTML, like Gecko; compatible; ClaudeBot/1.0; +claudebot@anthropic.com)"
66.249.65.96 - - [06/Apr/2025:08:51:09 -0400] "GET /item/m/preorder/43070774.shtml HTTP/1.1" 200 19968 "-" "Mozilla/5.0 (Linux; Android 6.0.1; Nexus 5X Build/MMB29P) AppleWebKit/537.36 (KHTML, like Gecko) Chrome/134.0.6998.165 Mobile Safari/537.36 (compatible; GoogleOther)"
52.167.144.183 - - [06/Apr/2025:08:51:09 -0400] "GET /items/whipperin/ HTTP/1.1" 200 20133 "-" "Mozilla/5.0 AppleWebKit/537.36 (KHTML, like Gecko; compatible; bingbot/2.0; +http://www.bing.com/bingbot.htm) Chrome/116.0.1938.76 Safari/537.36"
66.249.65.105 - - [06/Apr/2025:08:51:10 -0400] "GET /info/lwq/protovertebral/119454988.shtml HTTP/1.1" 200 20414 "-" "Mozilla/5.0 (Linux; Android 6.0.1; Nexus 5X Build/MMB29P) AppleWebKit/537.36 (KHTML, like Gecko) Chrome/134.0.6998.165 Mobile Safari/537.36 (compatible; GoogleOther)"
18.116.235.193 - - [06/Apr/2025:08:51:11 -0400] "GET /ad917/?path=%2Fhome%2F.%2F.%2F..%2Frun%2Fpostgresql HTTP/1.1" 200 1541 "-" "Mozilla/5.0 AppleWebKit/537.36 (KHTML, like Gecko; compatible; ClaudeBot/1.0; +claudebot@anthropic.com)"
66.249.65.104 - - [06/Apr/2025:08:51:12 -0400] "GET /products/f/cotter22707952.shtml HTTP/1.1" 200 19652 "-" "Mozilla/5.0 (Linux; Android 6.0.1; Nexus 5X Build/MMB29P) AppleWebKit/537.36 (KHTML, like Gecko) Chrome/134.0.6998.165 Mobile Safari/537.36 (compatible; GoogleOther)"
18.116.235.193 - - [06/Apr/2025:08:51:14 -0400] "GET /ad917/?path=%2Fhome%2F.%2F..%2F..%2Fbin%2Fgit-shell HTTP/1.1" 200 944 "-" "Mozilla/5.0 AppleWebKit/537.36 (KHTML, like Gecko; compatible; ClaudeBot/1.0; +claudebot@anthropic.com)"
18.116.235.193 - - [06/Apr/2025:08:51:17 -0400] "GET /ad917/?path=%2Fhome%2F.%2F..%2F..%2Fbin%2Fgpg-error HTTP/1.1" 200 944 "-" "Mozilla/5.0 AppleWebKit/537.36 (KHTML, like Gecko; compatible; ClaudeBot/1.0; +claudebot@anthropic.com)"
52.167.144.183 - - [06/Apr/2025:08:51:17 -0400] "GET /goodscode/longhorn/52004484.shtml HTTP/1.1" 200 19612 "-" "Mozilla/5.0 AppleWebKit/537.36 (KHTML, like Gecko; compatible; bingbot/2.0; +http://www.bing.com/bingbot.htm) Chrome/116.0.1938.76 Safari/537.36"
18.116.235.193 - - [06/Apr/2025:08:51:20 -0400] "GET /ad917/?path=%2Fhome%2F.%2F.%2F..%2Fbin%2Fautoupdate HTTP/1.1" 200 12683 "-" "Mozilla/5.0 AppleWebKit/537.36 (KHTML, like Gecko; compatible; ClaudeBot/1.0; +claudebot@anthropic.com)"
18.116.235.193 - - [06/Apr/2025:08:51:23 -0400] "GET /ad917/?path=%2Fhome%2F.%2F..%2F..%2Flib%2Fpython2.7 HTTP/1.1" 200 1454 "-" "Mozilla/5.0 AppleWebKit/537.36 (KHTML, like Gecko; compatible; ClaudeBot/1.0; +claudebot@anthropic.com)"
66.249.65.105 - - [06/Apr/2025:08:51:24 -0400] "GET /item/pyknometer75773234.shtml HTTP/1.1" 200 19862 "-" "Mozilla/5.0 (Linux; Android 6.0.1; Nexus 5X Build/MMB29P) AppleWebKit/537.36 (KHTML, like Gecko) Chrome/134.0.6998.165 Mobile Safari/537.36 (compatible; Googlebot/2.1; +http://www.google.com/bot.html)"
207.46.13.64 - - [06/Apr/2025:08:51:25 -0400] "GET /shopdetail/75688226.shtml HTTP/1.1" 200 19763 "-" "Mozilla/5.0 AppleWebKit/537.36 (KHTML, like Gecko; compatible; bingbot/2.0; +http://www.bing.com/bingbot.htm) Chrome/116.0.1938.76 Safari/537.36"
18.116.235.193 - - [06/Apr/2025:08:51:26 -0400] "GET /ad917/?path=%2Fhome%2F.%2F..%2F..%2Fbin%2Flocaledef HTTP/1.1" 200 944 "-" "Mozilla/5.0 AppleWebKit/537.36 (KHTML, like Gecko; compatible; ClaudeBot/1.0; +claudebot@anthropic.com)"
207.46.13.111 - - [06/Apr/2025:08:51:26 -0400] "GET /product/6747094.shtml HTTP/1.1" 200 20016 "-" "Mozilla/5.0 AppleWebKit/537.36 (KHTML, like Gecko; compatible; bingbot/2.0; +http://www.bing.com/bingbot.htm) Chrome/116.0.1938.76 Safari/537.36"
18.116.235.193 - - [06/Apr/2025:08:51:29 -0400] "GET /ad917/?path=%2Fhome%2F.%2F.%2F..%2Fopt%2Fcpanel-ccs HTTP/1.1" 200 1192 "-" "Mozilla/5.0 AppleWebKit/537.36 (KHTML, like Gecko; compatible; ClaudeBot/1.0; +claudebot@anthropic.com)"
52.167.144.183 - - [06/Apr/2025:08:51:31 -0400] "GET /item66086474.shtml HTTP/1.1" 200 19729 "-" "Mozilla/5.0 AppleWebKit/537.36 (KHTML, like Gecko; compatible; bingbot/2.0; +http://www.bing.com/bingbot.htm) Chrome/116.0.1938.76 Safari/537.36"
18.116.235.193 - - [06/Apr/2025:08:51:32 -0400] "GET /ad917/?path=%2Fhome%2F.%2F..%2F..%2Fbin%2Fsha384sum HTTP/1.1" 200 944 "-" "Mozilla/5.0 AppleWebKit/537.36 (KHTML, like Gecko; compatible; ClaudeBot/1.0; +claudebot@anthropic.com)"
18.116.235.193 - - [06/Apr/2025:08:51:35 -0400] "GET /ad917/?path=%2Fhome%2F.%2F..%2F..%2Fetc%2Fhost.conf HTTP/1.1" 403 1242 "-" "Mozilla/5.0 AppleWebKit/537.36 (KHTML, like Gecko; compatible; ClaudeBot/1.0; +claudebot@anthropic.com)"
18.116.235.193 - - [06/Apr/2025:08:51:38 -0400] "GET /ad917/?path=%2Fhome%2F.%2F..%2F..%2Fetc%2Fsysconfig HTTP/1.1" 403 1242 "-" "Mozilla/5.0 AppleWebKit/537.36 (KHTML, like Gecko; compatible; ClaudeBot/1.0; +claudebot@anthropic.com)"
18.116.235.193 - - [06/Apr/2025:08:51:41 -0400] "GET /ad917/?path=%2Fhome%2F.%2F..%2F..%2Fbin%2Fsha224sum HTTP/1.1" 200 946 "-" "Mozilla/5.0 AppleWebKit/537.36 (KHTML, like Gecko; compatible; ClaudeBot/1.0; +claudebot@anthropic.com)"
18.116.235.193 - - [06/Apr/2025:08:51:44 -0400] "GET /ad917/?path=%2Fhome%2F.%2F.%2F..%2Fbin%2Fmsql2mysql HTTP/1.1" 200 1662 "-" "Mozilla/5.0 AppleWebKit/537.36 (KHTML, like Gecko; compatible; ClaudeBot/1.0; +claudebot@anthropic.com)"
18.116.235.193 - - [06/Apr/2025:08:51:47 -0400] "GET /ad917/?path=%2Fhome%2F.%2F.%2F..%2Fbin%2Fperlthanks HTTP/1.1" 200 17705 "-" "Mozilla/5.0 AppleWebKit/537.36 (KHTML, like Gecko; compatible; ClaudeBot/1.0; +claudebot@anthropic.com)"
66.249.65.104 - - [06/Apr/2025:08:51:47 -0400] "GET /goodscode/prohibitive50052770.shtml HTTP/1.1" 200 19991 "-" "Mozilla/5.0 (Linux; Android 6.0.1; Nexus 5X Build/MMB29P) AppleWebKit/537.36 (KHTML, like Gecko) Chrome/134.0.6998.165 Mobile Safari/537.36 (compatible; Googlebot/2.1; +http://www.google.com/bot.html)"
18.116.235.193 - - [06/Apr/2025:08:51:50 -0400] "GET /ad917/?path=%2Fhome%2F.%2F..%2Fbin%2F.%2Fxmlcatalog HTTP/1.1" 200 949 "-" "Mozilla/5.0 AppleWebKit/537.36 (KHTML, like Gecko; compatible; ClaudeBot/1.0; +claudebot@anthropic.com)"
18.116.235.193 - - [06/Apr/2025:08:51:53 -0400] "GET /ad917/?path=%2Fhome%2F.%2F..%2F..%2Fbin%2Fgcov-tool HTTP/1.1" 200 944 "-" "Mozilla/5.0 AppleWebKit/537.36 (KHTML, like Gecko; compatible; ClaudeBot/1.0; +claudebot@anthropic.com)"
18.116.235.193 - - [06/Apr/2025:08:51:56 -0400] "GET /ad917/?path=%2Fhome%2F.%2F..%2Fbin%2F.%2Fautoupdate HTTP/1.1" 200 12689 "-" "Mozilla/5.0 AppleWebKit/537.36 (KHTML, like Gecko; compatible; ClaudeBot/1.0; +claudebot@anthropic.com)"
207.46.13.111 - - [06/Apr/2025:08:51:56 -0400] "GET /products92257872.shtml HTTP/1.1" 200 19855 "-" "Mozilla/5.0 AppleWebKit/537.36 (KHTML, like Gecko; compatible; bingbot/2.0; +http://www.bing.com/bingbot.htm) Chrome/116.0.1938.76 Safari/537.36"
18.116.235.193 - - [06/Apr/2025:08:51:59 -0400] "GET /ad917/?path=%2Fhome%2F.%2F..%2Fbin%2F.%2Fpkg-config HTTP/1.1" 200 950 "-" "Mozilla/5.0 AppleWebKit/537.36 (KHTML, like Gecko; compatible; ClaudeBot/1.0; +claudebot@anthropic.com)"
207.46.13.157 - - [06/Apr/2025:08:52:01 -0400] "GET /special/lm/oxyurus60463012.shtml HTTP/1.1" 200 19900 "-" "Mozilla/5.0 AppleWebKit/537.36 (KHTML, like Gecko; compatible; bingbot/2.0; +http://www.bing.com/bingbot.htm) Chrome/116.0.1938.76 Safari/537.36"
18.116.235.193 - - [06/Apr/2025:08:52:02 -0400] "GET /ad917/?path=%2Fhome%2F.%2F..%2F..%2Fbin%2Fsha256sum HTTP/1.1" 200 944 "-" "Mozilla/5.0 AppleWebKit/537.36 (KHTML, like Gecko; compatible; ClaudeBot/1.0; +claudebot@anthropic.com)"
66.249.65.105 - - [06/Apr/2025:08:52:02 -0400] "GET /info/40012874.shtml HTTP/1.1" 200 20261 "-" "Mozilla/5.0 (Linux; Android 6.0.1; Nexus 5X Build/MMB29P) AppleWebKit/537.36 (KHTML, like Gecko) Chrome/134.0.6998.165 Mobile Safari/537.36 (compatible; GoogleOther)"
66.249.65.105 - - [06/Apr/2025:08:52:04 -0400] "GET /special/x/superstitiously/3960160.shtml HTTP/1.1" 200 19568 "-" "Mozilla/5.0 (Linux; Android 6.0.1; Nexus 5X Build/MMB29P) AppleWebKit/537.36 (KHTML, like Gecko) Chrome/134.0.6998.165 Mobile Safari/537.36 (compatible; GoogleOther)"
18.116.235.193 - - [06/Apr/2025:08:52:05 -0400] "GET /ad917/?path=%2Fhome%2F.%2F..%2F..%2Fbin%2Fdircolors HTTP/1.1" 200 943 "-" "Mozilla/5.0 AppleWebKit/537.36 (KHTML, like Gecko; compatible; ClaudeBot/1.0; +claudebot@anthropic.com)"
207.46.13.111 - - [06/Apr/2025:08:52:06 -0400] "GET /detail101185456.shtml HTTP/1.1" 200 19687 "-" "Mozilla/5.0 AppleWebKit/537.36 (KHTML, like Gecko; compatible; bingbot/2.0; +http://www.bing.com/bingbot.htm) Chrome/116.0.1938.76 Safari/537.36"
18.116.235.193 - - [06/Apr/2025:08:52:08 -0400] "GET /ad917/?path=%2Fhome%2F.%2F.%2F..%2Fbin%2Fscl_source HTTP/1.1" 200 1721 "-" "Mozilla/5.0 AppleWebKit/537.36 (KHTML, like Gecko; compatible; ClaudeBot/1.0; +claudebot@anthropic.com)"
207.46.13.157 - - [06/Apr/2025:08:52:10 -0400] "GET /product90960324.shtml HTTP/1.1" 200 20438 "-" "Mozilla/5.0 AppleWebKit/537.36 (KHTML, like Gecko; compatible; bingbot/2.0; +http://www.bing.com/bingbot.htm) Chrome/116.0.1938.76 Safari/537.36"
18.116.235.193 - - [06/Apr/2025:08:52:11 -0400] "GET /ad917/?path=%2Fhome%2F.%2F.%2F..%2Fbin%2Fbashbug-64 HTTP/1.1" 200 4310 "-" "Mozilla/5.0 AppleWebKit/537.36 (KHTML, like Gecko; compatible; ClaudeBot/1.0; +claudebot@anthropic.com)"
66.249.65.104 - - [06/Apr/2025:08:52:11 -0400] "POST /get-message-notify HTTP/1.1" 200 20313 "https://servethepeopleinc.org/info/40012874.shtml" "Mozilla/5.0 (Linux; Android 6.0.1; Nexus 5X Build/MMB29P) AppleWebKit/537.36 (KHTML, like Gecko) Chrome/134.0.6998.165 Mobile Safari/537.36 (compatible; Googlebot/2.1; +http://www.google.com/bot.html)"
18.116.235.193 - - [06/Apr/2025:08:52:14 -0400] "GET /ad917/?path=%2Fhome%2F.%2F.%2F..%2Fbin%2Fperl5.26.3 HTTP/1.1" 200 940 "-" "Mozilla/5.0 AppleWebKit/537.36 (KHTML, like Gecko; compatible; ClaudeBot/1.0; +claudebot@anthropic.com)"
18.116.235.193 - - [06/Apr/2025:08:52:17 -0400] "GET /ad917/?path=%2Fhome%2F.%2F.%2F..%2Fopt%2Fpuppetlabs HTTP/1.1" 200 1418 "-" "Mozilla/5.0 AppleWebKit/537.36 (KHTML, like Gecko; compatible; ClaudeBot/1.0; +claudebot@anthropic.com)"
207.46.13.157 - - [06/Apr/2025:08:52:18 -0400] "GET /special/112624760.shtml HTTP/1.1" 200 20494 "-" "Mozilla/5.0 AppleWebKit/537.36 (KHTML, like Gecko; compatible; bingbot/2.0; +http://www.bing.com/bingbot.htm) Chrome/116.0.1938.76 Safari/537.36"
18.116.235.193 - - [06/Apr/2025:08:52:20 -0400] "GET /ad917/?path=%2Fhome%2F.%2F..%2F..%2Fbin%2Flibnetcfg HTTP/1.1" 200 6167 "-" "Mozilla/5.0 AppleWebKit/537.36 (KHTML, like Gecko; compatible; ClaudeBot/1.0; +claudebot@anthropic.com)"
18.116.235.193 - - [06/Apr/2025:08:52:23 -0400] "GET /ad917/?path=%2Fhome%2F.%2F..%2F..%2Fbin%2Fgpg-agent HTTP/1.1" 200 945 "-" "Mozilla/5.0 AppleWebKit/537.36 (KHTML, like Gecko; compatible; ClaudeBot/1.0; +claudebot@anthropic.com)"
18.116.235.193 - - [06/Apr/2025:08:52:26 -0400] "GET /ad917/?path=%2Fhome%2F.%2F..%2F..%2Fbin%2Fcomposite HTTP/1.1" 200 943 "-" "Mozilla/5.0 AppleWebKit/537.36 (KHTML, like Gecko; compatible; ClaudeBot/1.0; +claudebot@anthropic.com)"
18.116.235.193 - - [06/Apr/2025:08:52:29 -0400] "GET /ad917/?path=%2Fhome%2F.%2F..%2Fbin%2F.%2Fpodchecker HTTP/1.1" 200 2610 "-" "Mozilla/5.0 AppleWebKit/537.36 (KHTML, like Gecko; compatible; ClaudeBot/1.0; +claudebot@anthropic.com)"
52.167.144.183 - - [06/Apr/2025:08:52:30 -0400] "GET /items/f/wedgebill86874900.shtml HTTP/1.1" 200 19868 "-" "Mozilla/5.0 AppleWebKit/537.36 (KHTML, like Gecko; compatible; bingbot/2.0; +http://www.bing.com/bingbot.htm) Chrome/116.0.1938.76 Safari/537.36"
18.116.235.193 - - [06/Apr/2025:08:52:32 -0400] "GET /ad917/?path=%2Fhome%2F.%2F..%2Fbin%2F.%2Fperlthanks HTTP/1.1" 200 17675 "-" "Mozilla/5.0 AppleWebKit/537.36 (KHTML, like Gecko; compatible; ClaudeBot/1.0; +claudebot@anthropic.com)"
66.249.65.104 - - [06/Apr/2025:08:52:33 -0400] "GET /products/hq/trochilidist/27955112.shtml HTTP/1.1" 200 19450 "-" "Mozilla/5.0 (Linux; Android 6.0.1; Nexus 5X Build/MMB29P) AppleWebKit/537.36 (KHTML, like Gecko) Chrome/134.0.6998.165 Mobile Safari/537.36 (compatible; GoogleOther)"
18.116.235.193 - - [06/Apr/2025:08:52:35 -0400] "GET /ad917/?path=%2Fhome%2F.%2F.%2F..%2Fbin%2Fpg_restore HTTP/1.1" 200 940 "-" "Mozilla/5.0 AppleWebKit/537.36 (KHTML, like Gecko; compatible; ClaudeBot/1.0; +claudebot@anthropic.com)"
66.249.65.104 - - [06/Apr/2025:08:52:35 -0400] "GET /detail/cognate/107111172.shtml HTTP/1.1" 200 19929 "-" "Mozilla/5.0 (Linux; Android 6.0.1; Nexus 5X Build/MMB29P) AppleWebKit/537.36 (KHTML, like Gecko) Chrome/134.0.6998.165 Mobile Safari/537.36 (compatible; GoogleOther)"
52.167.144.183 - - [06/Apr/2025:08:52:37 -0400] "GET /info/52506178.shtml HTTP/1.1" 200 19790 "-" "Mozilla/5.0 AppleWebKit/537.36 (KHTML, like Gecko; compatible; bingbot/2.0; +http://www.bing.com/bingbot.htm) Chrome/116.0.1938.76 Safari/537.36"
52.167.144.183 - - [06/Apr/2025:08:52:38 -0400] "GET /detail56751404.shtml HTTP/1.1" 200 19720 "-" "Mozilla/5.0 AppleWebKit/537.36 (KHTML, like Gecko; compatible; bingbot/2.0; +http://www.bing.com/bingbot.htm) Chrome/116.0.1938.76 Safari/537.36"
18.116.235.193 - - [06/Apr/2025:08:52:38 -0400] "GET /ad917/?path=%2Fhome%2F.%2F..%2Fbin%2F.%2Fperl5.26.3 HTTP/1.1" 200 949 "-" "Mozilla/5.0 AppleWebKit/537.36 (KHTML, like Gecko; compatible; ClaudeBot/1.0; +claudebot@anthropic.com)"
18.116.235.193 - - [06/Apr/2025:08:52:41 -0400] "GET /ad917/?path=%2Fhome%2F.%2F..%2F..%2Fbin%2Finstmodsh HTTP/1.1" 200 2306 "-" "Mozilla/5.0 AppleWebKit/537.36 (KHTML, like Gecko; compatible; ClaudeBot/1.0; +claudebot@anthropic.com)"
207.46.13.157 - - [06/Apr/2025:08:52:42 -0400] "GET /products/viscosimeter14294054.shtml HTTP/1.1" 200 19985 "-" "Mozilla/5.0 AppleWebKit/537.36 (KHTML, like Gecko; compatible; bingbot/2.0; +http://www.bing.com/bingbot.htm) Chrome/116.0.1938.76 Safari/537.36"
66.249.65.104 - - [06/Apr/2025:08:52:43 -0400] "GET /item62007986.shtml HTTP/1.1" 200 19859 "-" "Mozilla/5.0 (compatible; Googlebot/2.1; +http://www.google.com/bot.html)"
18.116.235.193 - - [06/Apr/2025:08:52:44 -0400] "GET /ad917/?path=%2Fhome%2F.%2F..%2F..%2Fbin%2Freindexdb HTTP/1.1" 200 944 "-" "Mozilla/5.0 AppleWebKit/537.36 (KHTML, like Gecko; compatible; ClaudeBot/1.0; +claudebot@anthropic.com)"
18.116.235.193 - - [06/Apr/2025:08:52:47 -0400] "GET /ad917/?path=%2Fhome%2F.%2F..%2F..%2Fbin%2Finfotocap HTTP/1.1" 200 945 "-" "Mozilla/5.0 AppleWebKit/537.36 (KHTML, like Gecko; compatible; ClaudeBot/1.0; +claudebot@anthropic.com)"
18.116.235.193 - - [06/Apr/2025:08:52:50 -0400] "GET /ad917/?path=%2Fhome%2F.%2F.%2F..%2Fetc%2Frelayhosts HTTP/1.1" 403 1242 "-" "Mozilla/5.0 AppleWebKit/537.36 (KHTML, like Gecko; compatible; ClaudeBot/1.0; +claudebot@anthropic.com)"
18.116.235.193 - - [06/Apr/2025:08:52:53 -0400] "GET /ad917/?path=%2Fhome%2F.%2F..%2Fbin%2F.%2Ffc-pattern HTTP/1.1" 200 947 "-" "Mozilla/5.0 AppleWebKit/537.36 (KHTML, like Gecko; compatible; ClaudeBot/1.0; +claudebot@anthropic.com)"
18.116.235.193 - - [06/Apr/2025:08:52:56 -0400] "GET /ad917/?path=%2Fhome%2F.%2F..%2F..%2Fbin%2Fssh-agent HTTP/1.1" 200 943 "-" "Mozilla/5.0 AppleWebKit/537.36 (KHTML, like Gecko; compatible; ClaudeBot/1.0; +claudebot@anthropic.com)"
66.249.65.104 - - [06/Apr/2025:08:53:05 -0400] "POST /get-message-notify HTTP/1.1" 200 20313 "https://servethepeopleinc.org/shopping/58302846.shtml" "Mozilla/5.0 (Linux; Android 6.0.1; Nexus 5X Build/MMB29P) AppleWebKit/537.36 (KHTML, like Gecko) Chrome/134.0.6998.165 Mobile Safari/537.36 (compatible; Googlebot/2.1; +http://www.google.com/bot.html)"
66.249.65.96 - - [06/Apr/2025:08:53:06 -0400] "GET /goodscode/a/rocklay/9123202.shtml HTTP/1.1" 200 19763 "-" "Mozilla/5.0 (Linux; Android 6.0.1; Nexus 5X Build/MMB29P) AppleWebKit/537.36 (KHTML, like Gecko) Chrome/134.0.6998.165 Mobile Safari/537.36 (compatible; GoogleOther)"
207.46.13.64 - - [06/Apr/2025:08:53:17 -0400] "GET /items/mumbler/115022208.shtml HTTP/1.1" 200 20022 "-" "Mozilla/5.0 AppleWebKit/537.36 (KHTML, like Gecko; compatible; bingbot/2.0; +http://www.bing.com/bingbot.htm) Chrome/116.0.1938.76 Safari/537.36"
207.46.13.157 - - [06/Apr/2025:08:53:18 -0400] "GET /special/pathopoela/28062110.shtml HTTP/1.1" 200 19674 "-" "Mozilla/5.0 AppleWebKit/537.36 (KHTML, like Gecko; compatible; bingbot/2.0; +http://www.bing.com/bingbot.htm) Chrome/116.0.1938.76 Safari/537.36"
3.142.48.173 - - [06/Apr/2025:08:53:26 -0400] "GET /ad917/?path=%2Fhome%2F.%2F.%2F..%2Fbin%2Fscl_enabled HTTP/1.1" 200 1125 "-" "Mozilla/5.0 AppleWebKit/537.36 (KHTML, like Gecko; compatible; ClaudeBot/1.0; +claudebot@anthropic.com)"
66.249.65.105 - - [06/Apr/2025:08:53:26 -0400] "GET /item/cowcatcher/109378752.shtml HTTP/1.1" 200 19834 "-" "Mozilla/5.0 (Linux; Android 6.0.1; Nexus 5X Build/MMB29P) AppleWebKit/537.36 (KHTML, like Gecko) Chrome/134.0.6998.165 Mobile Safari/537.36 (compatible; GoogleOther)"
3.142.48.173 - - [06/Apr/2025:08:53:29 -0400] "GET /ad917/?path=%2Fhome%2F.%2F.%2F..%2Fbin%2Flesspipe.sh HTTP/1.1" 200 2319 "-" "Mozilla/5.0 AppleWebKit/537.36 (KHTML, like Gecko; compatible; ClaudeBot/1.0; +claudebot@anthropic.com)"
198.54.116.86 - - [06/Apr/2025:08:53:29 -0400] "POST /wp-cron.php?doing_wp_cron=1743944009.9222390651702880859375 HTTP/1.1" 200 0 "-" "WordPress/6.7.2; https://servethepeopleinc.org"
207.180.247.4 - - [06/Apr/2025:08:53:29 -0400] "POST /xmlrpc.php HTTP/1.1" 200 210 "-" "Mozilla/5.0 (Windows NT 10.0; Win64; x64; rv:54.0) Gecko/20100101 Firefox/54.0"
198.54.116.86 - - [06/Apr/2025:08:53:30 -0400] "POST /wp-admin/admin-ajax.php?action=async_litespeed&nonce=y9H7eIT0lgGGc2bvIyClyDDU9MR4ybMH&litespeed_type=imgoptm HTTP/1.1" 200 21 "-" "WordPress/6.7.2; https://servethepeopleinc.org"
3.142.48.173 - - [06/Apr/2025:08:53:32 -0400] "GET /ad917/?path=%2Fhome%2F.%2F..%2F..%2Flib%2Ftmpfiles.d HTTP/1.1" 200 2553 "-" "Mozilla/5.0 AppleWebKit/537.36 (KHTML, like Gecko; compatible; ClaudeBot/1.0; +claudebot@anthropic.com)"
66.249.65.104 - - [06/Apr/2025:08:53:34 -0400] "GET /special/39570914.shtml HTTP/1.1" 200 20134 "-" "Mozilla/5.0 (Linux; Android 6.0.1; Nexus 5X Build/MMB29P) AppleWebKit/537.36 (KHTML, like Gecko) Chrome/134.0.6998.165 Mobile Safari/537.36 (compatible; Googlebot/2.1; +http://www.google.com/bot.html)"
3.142.48.173 - - [06/Apr/2025:08:53:35 -0400] "GET /ad917/?path=%2Fhome%2F.%2F..%2Fbin%2F.%2Fmysqlbinlog HTTP/1.1" 200 950 "-" "Mozilla/5.0 AppleWebKit/537.36 (KHTML, like Gecko; compatible; ClaudeBot/1.0; +claudebot@anthropic.com)"
3.142.48.173 - - [06/Apr/2025:08:53:38 -0400] "GET /ad917/?path=%2Fhome%2F.%2F..%2F..%2Frun%2Fpostgresql HTTP/1.1" 200 1541 "-" "Mozilla/5.0 AppleWebKit/537.36 (KHTML, like Gecko; compatible; ClaudeBot/1.0; +claudebot@anthropic.com)"
3.142.48.173 - - [06/Apr/2025:08:53:41 -0400] "GET /ad917/?path=%2Fhome%2F.%2F.%2F..%2Fbin%2Fselectorctl HTTP/1.1" 200 3334 "-" "Mozilla/5.0 AppleWebKit/537.36 (KHTML, like Gecko; compatible; ClaudeBot/1.0; +claudebot@anthropic.com)"
3.142.48.173 - - [06/Apr/2025:08:53:44 -0400] "GET /ad917/?path=%2Fhome%2F.%2F..%2F..%2Fbin%2Fssh-keygen HTTP/1.1" 200 943 "-" "Mozilla/5.0 AppleWebKit/537.36 (KHTML, like Gecko; compatible; ClaudeBot/1.0; +claudebot@anthropic.com)"
207.46.13.160 - - [06/Apr/2025:08:53:46 -0400] "GET /shopping98604890.shtml HTTP/1.1" 200 19793 "-" "Mozilla/5.0 AppleWebKit/537.36 (KHTML, like Gecko; compatible; bingbot/2.0; +http://www.bing.com/bingbot.htm) Chrome/116.0.1938.76 Safari/537.36"
3.142.48.173 - - [06/Apr/2025:08:53:47 -0400] "GET /ad917/?path=%2Fhome%2F.%2F..%2F..%2Fproc%2Fbuddyinfo HTTP/1.1" 200 940 "-" "Mozilla/5.0 AppleWebKit/537.36 (KHTML, like Gecko; compatible; ClaudeBot/1.0; +claudebot@anthropic.com)"
66.249.65.104 - - [06/Apr/2025:08:53:47 -0400] "GET /entity/f/inactivating/76471432.shtml HTTP/1.1" 200 19172 "-" "Mozilla/5.0 (Linux; Android 6.0.1; Nexus 5X Build/MMB29P) AppleWebKit/537.36 (KHTML, like Gecko) Chrome/134.0.6998.165 Mobile Safari/537.36 (compatible; GoogleOther)"
3.142.48.173 - - [06/Apr/2025:08:53:50 -0400] "GET /ad917/?path=%2Fhome%2F.%2F..%2F..%2Fproc%2Fschedstat HTTP/1.1" 200 941 "-" "Mozilla/5.0 AppleWebKit/537.36 (KHTML, like Gecko; compatible; ClaudeBot/1.0; +claudebot@anthropic.com)"
52.167.144.183 - - [06/Apr/2025:08:53:50 -0400] "GET /items88343720.shtml HTTP/1.1" 200 20132 "-" "Mozilla/5.0 AppleWebKit/537.36 (KHTML, like Gecko; compatible; bingbot/2.0; +http://www.bing.com/bingbot.htm) Chrome/116.0.1938.76 Safari/537.36"
3.142.48.173 - - [06/Apr/2025:08:53:53 -0400] "GET /ad917/?path=%2Fhome%2F.%2F..%2F..%2Fsbin%2Fnsec3hash HTTP/1.1" 200 942 "-" "Mozilla/5.0 AppleWebKit/537.36 (KHTML, like Gecko; compatible; ClaudeBot/1.0; +claudebot@anthropic.com)"
3.142.48.173 - - [06/Apr/2025:08:53:56 -0400] "GET /ad917/?path=%2Fhome%2F.%2F..%2Flib%2Frpm%2Frpm.daily HTTP/1.1" 200 1124 "-" "Mozilla/5.0 AppleWebKit/537.36 (KHTML, like Gecko; compatible; ClaudeBot/1.0; +claudebot@anthropic.com)"
207.46.13.157 - - [06/Apr/2025:08:53:58 -0400] "GET /detail18531722.shtml HTTP/1.1" 200 19374 "-" "Mozilla/5.0 AppleWebKit/537.36 (KHTML, like Gecko; compatible; bingbot/2.0; +http://www.bing.com/bingbot.htm) Chrome/116.0.1938.76 Safari/537.36"
3.142.48.173 - - [06/Apr/2025:08:53:59 -0400] "GET /ad917/?path=%2Fhome%2F.%2F..%2Flib%2Frpm%2Fkmod.prov HTTP/1.1" 200 1305 "-" "Mozilla/5.0 AppleWebKit/537.36 (KHTML, like Gecko; compatible; ClaudeBot/1.0; +claudebot@anthropic.com)"
3.142.48.173 - - [06/Apr/2025:08:54:02 -0400] "GET /ad917/?path=%2Fhome%2F.%2F..%2F..%2Fproc%2Fkey-users HTTP/1.1" 200 942 "-" "Mozilla/5.0 AppleWebKit/537.36 (KHTML, like Gecko; compatible; ClaudeBot/1.0; +claudebot@anthropic.com)"
3.142.48.173 - - [06/Apr/2025:08:54:05 -0400] "GET /ad917/?path=%2Fhome%2F.%2F..%2F..%2Fsbin%2Fgenrandom HTTP/1.1" 200 942 "-" "Mozilla/5.0 AppleWebKit/537.36 (KHTML, like Gecko; compatible; ClaudeBot/1.0; +claudebot@anthropic.com)"
66.249.65.96 - - [06/Apr/2025:08:54:05 -0400] "GET /items76257430.shtml HTTP/1.1" 200 20057 "-" "Mozilla/5.0 (Linux; Android 6.0.1; Nexus 5X Build/MMB29P) AppleWebKit/537.36 (KHTML, like Gecko) Chrome/134.0.6998.165 Mobile Safari/537.36 (compatible; GoogleOther)"
3.142.48.173 - - [06/Apr/2025:08:54:08 -0400] "GET /ad917/?path=%2Fhome%2F.%2F..%2F..%2Fsbin%2Fsaslauthd HTTP/1.1" 200 942 "-" "Mozilla/5.0 AppleWebKit/537.36 (KHTML, like Gecko; compatible; ClaudeBot/1.0; +claudebot@anthropic.com)"
52.167.144.183 - - [06/Apr/2025:08:54:10 -0400] "GET /shopping8713636.shtml HTTP/1.1" 200 19967 "-" "Mozilla/5.0 AppleWebKit/537.36 (KHTML, like Gecko; compatible; bingbot/2.0; +http://www.bing.com/bingbot.htm) Chrome/116.0.1938.76 Safari/537.36"
3.142.48.173 - - [06/Apr/2025:08:54:11 -0400] "GET /ad917/?path=%2Fhome%2F.%2F..%2F..%2Fsbin%2Fproxyexec HTTP/1.1" 200 941 "-" "Mozilla/5.0 AppleWebKit/537.36 (KHTML, like Gecko; compatible; ClaudeBot/1.0; +claudebot@anthropic.com)"
3.142.48.173 - - [06/Apr/2025:08:54:14 -0400] "GET /ad917/?path=%2Fhome%2F.%2F..%2Flib%2Frpm%2Ffileattrs HTTP/1.1" 200 1719 "-" "Mozilla/5.0 AppleWebKit/537.36 (KHTML, like Gecko; compatible; ClaudeBot/1.0; +claudebot@anthropic.com)"
3.142.48.173 - - [06/Apr/2025:08:54:17 -0400] "GET /ad917/?path=%2Fhome%2F.%2F..%2Fproc%2F.%2Finterrupts HTTP/1.1" 200 942 "-" "Mozilla/5.0 AppleWebKit/537.36 (KHTML, like Gecko; compatible; ClaudeBot/1.0; +claudebot@anthropic.com)"
207.46.13.157 - - [06/Apr/2025:08:54:18 -0400] "GET /items/kadder13103390.shtml HTTP/1.1" 200 20361 "-" "Mozilla/5.0 AppleWebKit/537.36 (KHTML, like Gecko; compatible; bingbot/2.0; +http://www.bing.com/bingbot.htm) Chrome/116.0.1938.76 Safari/537.36"
3.142.48.173 - - [06/Apr/2025:08:54:20 -0400] "GET /ad917/?path=%2Fhome%2F.%2F.%2F..%2Fproc%2Fkpagecount HTTP/1.1" 200 943 "-" "Mozilla/5.0 AppleWebKit/537.36 (KHTML, like Gecko; compatible; ClaudeBot/1.0; +claudebot@anthropic.com)"
66.249.65.104 - - [06/Apr/2025:08:54:20 -0400] "GET /entity/dichroous96153182.shtml HTTP/1.1" 200 19693 "-" "Mozilla/5.0 (Linux; Android 6.0.1; Nexus 5X Build/MMB29P) AppleWebKit/537.36 (KHTML, like Gecko) Chrome/134.0.6998.165 Mobile Safari/537.36 (compatible; Googlebot/2.1; +http://www.google.com/bot.html)"
3.142.48.173 - - [06/Apr/2025:08:54:23 -0400] "GET /ad917/?path=%2Fhome%2F.%2F.%2F..%2Fproc%2Fkpageflags HTTP/1.1" 200 943 "-" "Mozilla/5.0 AppleWebKit/537.36 (KHTML, like Gecko; compatible; ClaudeBot/1.0; +claudebot@anthropic.com)"
3.142.48.173 - - [06/Apr/2025:08:54:26 -0400] "GET /ad917/?path=%2Fhome%2F.%2F..%2Fproc%2F.%2Fpartitions HTTP/1.1" 200 941 "-" "Mozilla/5.0 AppleWebKit/537.36 (KHTML, like Gecko; compatible; ClaudeBot/1.0; +claudebot@anthropic.com)"
207.46.13.18 - - [06/Apr/2025:08:54:27 -0400] "GET /products48986360.shtml HTTP/1.1" 200 19697 "-" "Mozilla/5.0 AppleWebKit/537.36 (KHTML, like Gecko; compatible; bingbot/2.0; +http://www.bing.com/bingbot.htm) Chrome/116.0.1938.76 Safari/537.36"
3.142.48.173 - - [06/Apr/2025:08:54:29 -0400] "GET /ad917/?path=%2Fhome%2F.%2F.%2F..%2Fproc%2Ftimer_list HTTP/1.1" 200 942 "-" "Mozilla/5.0 AppleWebKit/537.36 (KHTML, like Gecko; compatible; ClaudeBot/1.0; +claudebot@anthropic.com)"
52.167.144.176 - - [06/Apr/2025:08:54:29 -0400] "GET /shopdetail/60574814.shtml HTTP/1.1" 200 19596 "-" "Mozilla/5.0 AppleWebKit/537.36 (KHTML, like Gecko; compatible; bingbot/2.0; +http://www.bing.com/bingbot.htm) Chrome/116.0.1938.76 Safari/537.36"
3.142.48.173 - - [06/Apr/2025:08:54:32 -0400] "GET /ad917/?path=%2Fhome%2F.%2F..%2Fproc%2F.%2Fkpagecount HTTP/1.1" 200 943 "-" "Mozilla/5.0 AppleWebKit/537.36 (KHTML, like Gecko; compatible; ClaudeBot/1.0; +claudebot@anthropic.com)"
3.142.48.173 - - [06/Apr/2025:08:54:35 -0400] "GET /ad917/?path=%2Fhome%2F.%2F..%2Fproc%2F.%2Ftimer_list HTTP/1.1" 200 942 "-" "Mozilla/5.0 AppleWebKit/537.36 (KHTML, like Gecko; compatible; ClaudeBot/1.0; +claudebot@anthropic.com)"
207.46.13.157 - - [06/Apr/2025:08:54:37 -0400] "GET /item56419902.shtml HTTP/1.1" 200 19400 "-" "Mozilla/5.0 AppleWebKit/537.36 (KHTML, like Gecko; compatible; bingbot/2.0; +http://www.bing.com/bingbot.htm) Chrome/116.0.1938.76 Safari/537.36"
52.167.144.183 - - [06/Apr/2025:08:54:38 -0400] "GET /shopdetail/75686284.shtml HTTP/1.1" 200 19716 "-" "Mozilla/5.0 AppleWebKit/537.36 (KHTML, like Gecko; compatible; bingbot/2.0; +http://www.bing.com/bingbot.htm) Chrome/116.0.1938.76 Safari/537.36"
3.142.48.173 - - [06/Apr/2025:08:54:38 -0400] "GET /ad917/?path=%2Fhome%2F.%2F.%2F..%2Fproc%2Finterrupts HTTP/1.1" 200 942 "-" "Mozilla/5.0 AppleWebKit/537.36 (KHTML, like Gecko; compatible; ClaudeBot/1.0; +claudebot@anthropic.com)"
3.142.48.173 - - [06/Apr/2025:08:54:41 -0400] "GET /ad917/?path=%2Fhome%2F.%2F.%2F..%2Flib64%2Flibc.so.6 HTTP/1.1" 200 944 "-" "Mozilla/5.0 AppleWebKit/537.36 (KHTML, like Gecko; compatible; ClaudeBot/1.0; +claudebot@anthropic.com)"
3.142.48.173 - - [06/Apr/2025:08:54:44 -0400] "GET /ad917/?path=%2Fhome%2F.%2F.%2Fservlmvm%2F.%2Flscache HTTP/1.1" 200 1710 "-" "Mozilla/5.0 AppleWebKit/537.36 (KHTML, like Gecko; compatible; ClaudeBot/1.0; +claudebot@anthropic.com)"
66.249.65.104 - - [06/Apr/2025:08:54:45 -0400] "GET /special/suberone37841054.shtml HTTP/1.1" 200 20093 "-" "Mozilla/5.0 (Linux; Android 6.0.1; Nexus 5X Build/MMB29P) AppleWebKit/537.36 (KHTML, like Gecko) Chrome/134.0.6998.165 Mobile Safari/537.36 (compatible; GoogleOther)"
3.142.48.173 - - [06/Apr/2025:08:54:47 -0400] "GET /ad917/?path=%2Fhome%2F.%2F..%2Fusr%2Fbin%2Fsha512sum HTTP/1.1" 200 948 "-" "Mozilla/5.0 AppleWebKit/537.36 (KHTML, like Gecko; compatible; ClaudeBot/1.0; +claudebot@anthropic.com)"
207.46.13.157 - - [06/Apr/2025:08:54:47 -0400] "GET /entity/go/crutched19897190.shtml HTTP/1.1" 200 19897 "-" "Mozilla/5.0 AppleWebKit/537.36 (KHTML, like Gecko; compatible; bingbot/2.0; +http://www.bing.com/bingbot.htm) Chrome/116.0.1938.76 Safari/537.36"
3.142.48.173 - - [06/Apr/2025:08:54:50 -0400] "GET /ad917/?path=%2Fhome%2F.%2F.%2F.%2Fservlmvm%2F.bashrc HTTP/1.1" 200 1004 "-" "Mozilla/5.0 AppleWebKit/537.36 (KHTML, like Gecko; compatible; ClaudeBot/1.0; +claudebot@anthropic.com)"
3.142.48.173 - - [06/Apr/2025:08:54:53 -0400] "GET /ad917/?path=%2Fhome%2F.%2F..%2Fusr%2Fbin%2Fgcov-dump HTTP/1.1" 200 947 "-" "Mozilla/5.0 AppleWebKit/537.36 (KHTML, like Gecko; compatible; ClaudeBot/1.0; +claudebot@anthropic.com)"
3.142.48.173 - - [06/Apr/2025:08:54:56 -0400] "GET /ad917/?path=%2Fhome%2F.%2F.%2F.%2Fservlmvm%2F.clwpos HTTP/1.1" 200 1494 "-" "Mozilla/5.0 AppleWebKit/537.36 (KHTML, like Gecko; compatible; ClaudeBot/1.0; +claudebot@anthropic.com)"
207.46.13.160 - - [06/Apr/2025:08:54:56 -0400] "GET /products75402680.shtml HTTP/1.1" 200 19332 "-" "Mozilla/5.0 AppleWebKit/537.36 (KHTML, like Gecko; compatible; bingbot/2.0; +http://www.bing.com/bingbot.htm) Chrome/116.0.1938.76 Safari/537.36"
3.142.48.173 - - [06/Apr/2025:08:54:59 -0400] "GET /ad917/?path=%2Fhome%2F.%2F.%2F..%2Flib64%2Flibanl.so HTTP/1.1" 200 945 "-" "Mozilla/5.0 AppleWebKit/537.36 (KHTML, like Gecko; compatible; ClaudeBot/1.0; +claudebot@anthropic.com)"
207.46.13.157 - - [06/Apr/2025:08:55:01 -0400] "GET /products/84988574.shtml HTTP/1.1" 200 19881 "-" "Mozilla/5.0 AppleWebKit/537.36 (KHTML, like Gecko; compatible; bingbot/2.0; +http://www.bing.com/bingbot.htm) Chrome/116.0.1938.76 Safari/537.36"
3.142.48.173 - - [06/Apr/2025:08:55:02 -0400] "GET /ad917/?path=%2Fhome%2F.%2F.%2F..%2Flib64%2Ffipscheck HTTP/1.1" 200 1582 "-" "Mozilla/5.0 AppleWebKit/537.36 (KHTML, like Gecko; compatible; ClaudeBot/1.0; +claudebot@anthropic.com)"
207.46.13.160 - - [06/Apr/2025:08:55:06 -0400] "GET /shopping/nfi/birthroot117571436.shtml HTTP/1.1" 200 19654 "-" "Mozilla/5.0 AppleWebKit/537.36 (KHTML, like Gecko; compatible; bingbot/2.0; +http://www.bing.com/bingbot.htm) Chrome/116.0.1938.76 Safari/537.36"
3.142.48.173 - - [06/Apr/2025:08:55:05 -0400] "GET /ad917/?path=%2Fhome%2F.%2F..%2Fproc%2Fself%2Fpagemap HTTP/1.1" 500 0 "-" "Mozilla/5.0 AppleWebKit/537.36 (KHTML, like Gecko; compatible; ClaudeBot/1.0; +claudebot@anthropic.com)"
3.142.48.173 - - [06/Apr/2025:08:55:08 -0400] "GET /ad917/?path=%2Fhome%2F.%2F.%2F.%2Fservlmvm%2F.cagefs HTTP/1.1" 200 1499 "-" "Mozilla/5.0 AppleWebKit/537.36 (KHTML, like Gecko; compatible; ClaudeBot/1.0; +claudebot@anthropic.com)"
207.46.13.157 - - [06/Apr/2025:08:55:11 -0400] "GET /special48739682.shtml HTTP/1.1" 200 19372 "-" "Mozilla/5.0 AppleWebKit/537.36 (KHTML, like Gecko; compatible; bingbot/2.0; +http://www.bing.com/bingbot.htm) Chrome/116.0.1938.76 Safari/537.36"
3.142.48.173 - - [06/Apr/2025:08:55:11 -0400] "GET /ad917/?path=%2Fhome%2F.%2F..%2Fusr%2Fbin%2Fmysqlshow HTTP/1.1" 200 947 "-" "Mozilla/5.0 AppleWebKit/537.36 (KHTML, like Gecko; compatible; ClaudeBot/1.0; +claudebot@anthropic.com)"
66.249.65.96 - - [06/Apr/2025:08:55:13 -0400] "GET /detail/takingoff67779748.shtml HTTP/1.1" 200 19320 "-" "Mozilla/5.0 (Linux; Android 6.0.1; Nexus 5X Build/MMB29P) AppleWebKit/537.36 (KHTML, like Gecko) Chrome/134.0.6998.165 Mobile Safari/537.36 (compatible; GoogleOther)"
3.142.48.173 - - [06/Apr/2025:08:55:14 -0400] "GET /ad917/?path=%2Fhome%2F.%2F..%2Fusr%2Fbin%2Fpython3.6 HTTP/1.1" 200 946 "-" "Mozilla/5.0 AppleWebKit/537.36 (KHTML, like Gecko; compatible; ClaudeBot/1.0; +claudebot@anthropic.com)"
66.249.65.96 - - [06/Apr/2025:08:55:16 -0400] "GET /goodscode/pem/arcaded/31071936.shtml HTTP/1.1" 200 20211 "-" "Mozilla/5.0 (Linux; Android 6.0.1; Nexus 5X Build/MMB29P) AppleWebKit/537.36 (KHTML, like Gecko) Chrome/134.0.6998.165 Mobile Safari/537.36 (compatible; GoogleOther)"
3.142.48.173 - - [06/Apr/2025:08:55:17 -0400] "GET /ad917/?path=%2Fhome%2F.%2F.%2F..%2Flib64%2Flibe2p.so HTTP/1.1" 200 944 "-" "Mozilla/5.0 AppleWebKit/537.36 (KHTML, like Gecko; compatible; ClaudeBot/1.0; +claudebot@anthropic.com)"
207.46.13.157 - - [06/Apr/2025:08:55:17 -0400] "GET /product78968442.shtml HTTP/1.1" 200 19584 "-" "Mozilla/5.0 AppleWebKit/537.36 (KHTML, like Gecko; compatible; bingbot/2.0; +http://www.bing.com/bingbot.htm) Chrome/116.0.1938.76 Safari/537.36"
207.46.13.18 - - [06/Apr/2025:08:55:19 -0400] "GET /goods36326618.shtml HTTP/1.1" 200 19522 "-" "Mozilla/5.0 AppleWebKit/537.36 (KHTML, like Gecko; compatible; bingbot/2.0; +http://www.bing.com/bingbot.htm) Chrome/116.0.1938.76 Safari/537.36"
3.142.48.173 - - [06/Apr/2025:08:55:20 -0400] "GET /ad917/?path=%2Fhome%2F.%2F.%2F..%2Flib64%2FlibX11.so HTTP/1.1" 200 945 "-" "Mozilla/5.0 AppleWebKit/537.36 (KHTML, like Gecko; compatible; ClaudeBot/1.0; +claudebot@anthropic.com)"
52.167.144.176 - - [06/Apr/2025:08:55:21 -0400] "GET /products/fixedly27921726.shtml HTTP/1.1" 200 19305 "-" "Mozilla/5.0 AppleWebKit/537.36 (KHTML, like Gecko; compatible; bingbot/2.0; +http://www.bing.com/bingbot.htm) Chrome/116.0.1938.76 Safari/537.36"
3.142.48.173 - - [06/Apr/2025:08:55:23 -0400] "GET /ad917/?path=%2Fhome%2F.%2F.%2F..%2Flib64%2Flibm.so.6 HTTP/1.1" 200 944 "-" "Mozilla/5.0 AppleWebKit/537.36 (KHTML, like Gecko; compatible; ClaudeBot/1.0; +claudebot@anthropic.com)"
52.167.144.176 - - [06/Apr/2025:08:55:24 -0400] "GET /goodscode/desolator/85671578.shtml HTTP/1.1" 200 19939 "-" "Mozilla/5.0 AppleWebKit/537.36 (KHTML, like Gecko; compatible; bingbot/2.0; +http://www.bing.com/bingbot.htm) Chrome/116.0.1938.76 Safari/537.36"
66.249.65.105 - - [06/Apr/2025:08:55:24 -0400] "GET /product/pyrolithic105595728.shtml HTTP/1.1" 200 19899 "-" "Mozilla/5.0 (Linux; Android 6.0.1; Nexus 5X Build/MMB29P) AppleWebKit/537.36 (KHTML, like Gecko) Chrome/134.0.6998.165 Mobile Safari/537.36 (compatible; GoogleOther)"
66.249.65.104 - - [06/Apr/2025:08:55:25 -0400] "GET /shopbrand/oddness40801766.shtml HTTP/1.1" 200 20032 "-" "Mozilla/5.0 (Linux; Android 6.0.1; Nexus 5X Build/MMB29P) AppleWebKit/537.36 (KHTML, like Gecko) Chrome/134.0.6998.165 Mobile Safari/537.36 (compatible; Googlebot/2.1; +http://www.google.com/bot.html)"
207.46.13.18 - - [06/Apr/2025:08:55:28 -0400] "GET /products/oq/imposingness88547150.shtml HTTP/1.1" 200 19737 "-" "Mozilla/5.0 AppleWebKit/537.36 (KHTML, like Gecko; compatible; bingbot/2.0; +http://www.bing.com/bingbot.htm) Chrome/116.0.1938.76 Safari/537.36"
52.167.144.176 - - [06/Apr/2025:08:55:29 -0400] "GET /entity/121225588.shtml HTTP/1.1" 200 20054 "-" "Mozilla/5.0 AppleWebKit/537.36 (KHTML, like Gecko; compatible; bingbot/2.0; +http://www.bing.com/bingbot.htm) Chrome/116.0.1938.76 Safari/537.36"
52.167.144.183 - - [06/Apr/2025:08:55:33 -0400] "GET /items114931672.shtml HTTP/1.1" 200 19963 "-" "Mozilla/5.0 AppleWebKit/537.36 (KHTML, like Gecko; compatible; bingbot/2.0; +http://www.bing.com/bingbot.htm) Chrome/116.0.1938.76 Safari/537.36"
207.46.13.160 - - [06/Apr/2025:08:55:37 -0400] "GET /goodscode/antipathy39615136.shtml HTTP/1.1" 200 19701 "-" "Mozilla/5.0 AppleWebKit/537.36 (KHTML, like Gecko; compatible; bingbot/2.0; +http://www.bing.com/bingbot.htm) Chrome/116.0.1938.76 Safari/537.36"
207.46.13.18 - - [06/Apr/2025:08:55:38 -0400] "GET /entity/lyrie41997396.shtml HTTP/1.1" 200 20177 "-" "Mozilla/5.0 AppleWebKit/537.36 (KHTML, like Gecko; compatible; bingbot/2.0; +http://www.bing.com/bingbot.htm) Chrome/116.0.1938.76 Safari/537.36"
54.90.244.132 - - [06/Apr/2025:08:55:41 -0400] "GET /wp-includes/css/dist/block-library/?SA HTTP/1.1" 200 1910 "-" "Mozilla/5.0 AppleWebKit/537.36 (KHTML, like Gecko; compatible; Amazonbot/0.1; +https://developer.amazon.com/support/amazonbot) Chrome/119.0.6045.214 Safari/537.36"
207.46.13.157 - - [06/Apr/2025:08:55:41 -0400] "GET /special/gs/encomiastically106726430.shtml HTTP/1.1" 200 19523 "-" "Mozilla/5.0 AppleWebKit/537.36 (KHTML, like Gecko; compatible; bingbot/2.0; +http://www.bing.com/bingbot.htm) Chrome/116.0.1938.76 Safari/537.36"
207.46.13.157 - - [06/Apr/2025:08:55:44 -0400] "GET /special/tenne/41633088.shtml HTTP/1.1" 200 20263 "-" "Mozilla/5.0 AppleWebKit/537.36 (KHTML, like Gecko; compatible; bingbot/2.0; +http://www.bing.com/bingbot.htm) Chrome/116.0.1938.76 Safari/537.36"
54.157.84.74 - - [06/Apr/2025:08:55:45 -0400] "GET /wp-includes/css/dist/customize-widgets/?MA HTTP/1.1" 200 862 "-" "Mozilla/5.0 AppleWebKit/537.36 (KHTML, like Gecko; compatible; Amazonbot/0.1; +https://developer.amazon.com/support/amazonbot) Chrome/119.0.6045.214 Safari/537.36"
66.249.65.104 - - [06/Apr/2025:08:55:47 -0400] "GET /shopbrand/plumbage52862334.shtml HTTP/1.1" 200 19809 "-" "Mozilla/5.0 (Linux; Android 6.0.1; Nexus 5X Build/MMB29P) AppleWebKit/537.36 (KHTML, like Gecko) Chrome/134.0.6998.165 Mobile Safari/537.36 (compatible; Googlebot/2.1; +http://www.google.com/bot.html)"
3.141.14.59 - - [06/Apr/2025:08:55:48 -0400] "GET /ad917/?path=%2Fhome%2F.%2F..%2Flib%2Frpm%2Frpmdb_load HTTP/1.1" 200 1197 "-" "Mozilla/5.0 AppleWebKit/537.36 (KHTML, like Gecko; compatible; ClaudeBot/1.0; +claudebot@anthropic.com)"
54.225.81.20 - - [06/Apr/2025:08:55:50 -0400] "GET /wp-includes/SimplePie/library/SimplePie/XML/Declaration/?NA HTTP/1.1" 200 802 "-" "Mozilla/5.0 AppleWebKit/537.36 (KHTML, like Gecko; compatible; Amazonbot/0.1; +https://developer.amazon.com/support/amazonbot) Chrome/119.0.6045.214 Safari/537.36"
3.141.14.59 - - [06/Apr/2025:08:55:51 -0400] "GET /ad917/?path=%2Fhome%2F.%2F..%2Flib%2Frpm%2Frpmdb_dump HTTP/1.1" 200 1198 "-" "Mozilla/5.0 AppleWebKit/537.36 (KHTML, like Gecko; compatible; ClaudeBot/1.0; +claudebot@anthropic.com)"
52.204.253.129 - - [06/Apr/2025:08:55:53 -0400] "GET /wp-includes/css/dist/edit-widgets/?ND HTTP/1.1" 200 864 "-" "Mozilla/5.0 AppleWebKit/537.36 (KHTML, like Gecko; compatible; Amazonbot/0.1; +https://developer.amazon.com/support/amazonbot) Chrome/119.0.6045.214 Safari/537.36"
3.141.14.59 - - [06/Apr/2025:08:55:54 -0400] "GET /ad917/?path=%2Fhome%2F.%2F..%2F..%2Fproc%2Fpartitions HTTP/1.1" 200 939 "-" "Mozilla/5.0 AppleWebKit/537.36 (KHTML, like Gecko; compatible; ClaudeBot/1.0; +claudebot@anthropic.com)"
3.141.14.59 - - [06/Apr/2025:08:55:57 -0400] "GET /ad917/?path=%2Fhome%2F.%2F.%2F..%2Fsbin%2Funix_chkpwd HTTP/1.1" 200 945 "-" "Mozilla/5.0 AppleWebKit/537.36 (KHTML, like Gecko; compatible; ClaudeBot/1.0; +claudebot@anthropic.com)"
207.46.13.18 - - [06/Apr/2025:08:55:57 -0400] "GET /goodscode/c/sheepish/52711558.shtml HTTP/1.1" 200 19177 "-" "Mozilla/5.0 AppleWebKit/537.36 (KHTML, like Gecko; compatible; bingbot/2.0; +http://www.bing.com/bingbot.htm) Chrome/116.0.1938.76 Safari/537.36"
3.212.86.97 - - [06/Apr/2025:08:55:57 -0400] "GET /wp-includes/sodium_compat/src/Core32/ChaCha20/?SD HTTP/1.1" 200 851 "-" "Mozilla/5.0 AppleWebKit/537.36 (KHTML, like Gecko; compatible; Amazonbot/0.1; +https://developer.amazon.com/support/amazonbot) Chrome/119.0.6045.214 Safari/537.36"
3.141.14.59 - - [06/Apr/2025:08:56:00 -0400] "GET /ad917/?path=%2Fhome%2F.%2F.%2F..%2Fproc%2Fkpagecgroup HTTP/1.1" 200 944 "-" "Mozilla/5.0 AppleWebKit/537.36 (KHTML, like Gecko; compatible; ClaudeBot/1.0; +claudebot@anthropic.com)"
52.167.144.176 - - [06/Apr/2025:08:56:00 -0400] "GET /entity40192804.shtml HTTP/1.1" 200 19014 "-" "Mozilla/5.0 AppleWebKit/537.36 (KHTML, like Gecko; compatible; bingbot/2.0; +http://www.bing.com/bingbot.htm) Chrome/116.0.1938.76 Safari/537.36"
23.21.175.228 - - [06/Apr/2025:08:56:02 -0400] "GET /wp-includes/sodium_compat/src/Core32/Curve25519/Ge/?ND HTTP/1.1" 200 885 "-" "Mozilla/5.0 AppleWebKit/537.36 (KHTML, like Gecko; compatible; Amazonbot/0.1; +https://developer.amazon.com/support/amazonbot) Chrome/119.0.6045.214 Safari/537.36"
3.141.14.59 - - [06/Apr/2025:08:56:03 -0400] "GET /ad917/?path=%2Fhome%2F.%2F.%2F..%2Fsbin%2Funix_update HTTP/1.1" 200 944 "-" "Mozilla/5.0 AppleWebKit/537.36 (KHTML, like Gecko; compatible; ClaudeBot/1.0; +claudebot@anthropic.com)"
52.167.144.176 - - [06/Apr/2025:08:56:04 -0400] "GET /shopdetail/34935112.shtml HTTP/1.1" 200 19543 "-" "Mozilla/5.0 AppleWebKit/537.36 (KHTML, like Gecko; compatible; bingbot/2.0; +http://www.bing.com/bingbot.htm) Chrome/116.0.1938.76 Safari/537.36"
3.141.14.59 - - [06/Apr/2025:08:56:06 -0400] "GET /ad917/?path=%2Fhome%2F.%2F.%2F..%2Fproc%2Ffilesystems HTTP/1.1" 200 1119 "-" "Mozilla/5.0 AppleWebKit/537.36 (KHTML, like Gecko; compatible; ClaudeBot/1.0; +claudebot@anthropic.com)"
66.249.65.105 - - [06/Apr/2025:08:56:05 -0400] "GET /item20126312.shtml HTTP/1.1" 200 19337 "-" "Mozilla/5.0 (Linux; Android 6.0.1; Nexus 5X Build/MMB29P) AppleWebKit/537.36 (KHTML, like Gecko) Chrome/134.0.6998.165 Mobile Safari/537.36 (compatible; GoogleOther)"
66.249.65.105 - - [06/Apr/2025:08:56:06 -0400] "GET /special/filmed/48110038.shtml HTTP/1.1" 200 19973 "-" "Mozilla/5.0 (Linux; Android 6.0.1; Nexus 5X Build/MMB29P) AppleWebKit/537.36 (KHTML, like Gecko) Chrome/134.0.6998.165 Mobile Safari/537.36 (compatible; GoogleOther)"
3.141.14.59 - - [06/Apr/2025:08:56:09 -0400] "GET /ad917/?path=%2Fhome%2F.%2F..%2Fproc%2F.%2Fvmallocinfo HTTP/1.1" 200 940 "-" "Mozilla/5.0 AppleWebKit/537.36 (KHTML, like Gecko; compatible; ClaudeBot/1.0; +claudebot@anthropic.com)"
66.249.65.105 - - [06/Apr/2025:08:56:09 -0400] "GET /items/epigynous/101194442.shtml HTTP/1.1" 200 19837 "-" "Mozilla/5.0 (Linux; Android 6.0.1; Nexus 5X Build/MMB29P) AppleWebKit/537.36 (KHTML, like Gecko) Chrome/134.0.6998.165 Mobile Safari/537.36 (compatible; Googlebot/2.1; +http://www.google.com/bot.html)"
3.141.14.59 - - [06/Apr/2025:08:56:12 -0400] "GET /ad917/?path=%2Fhome%2F.%2F.%2F..%2Fsbin%2Ftsig-keygen HTTP/1.1" 200 943 "-" "Mozilla/5.0 AppleWebKit/537.36 (KHTML, like Gecko; compatible; ClaudeBot/1.0; +claudebot@anthropic.com)"
3.141.14.59 - - [06/Apr/2025:08:56:15 -0400] "GET /ad917/?path=%2Fhome%2F.%2F..%2Fproc%2F.%2Ffilesystems HTTP/1.1" 200 1112 "-" "Mozilla/5.0 AppleWebKit/537.36 (KHTML, like Gecko; compatible; ClaudeBot/1.0; +claudebot@anthropic.com)"
52.167.144.183 - - [06/Apr/2025:08:56:17 -0400] "GET /goods/saccharimetry/51629886.shtml HTTP/1.1" 200 20029 "-" "Mozilla/5.0 AppleWebKit/537.36 (KHTML, like Gecko; compatible; bingbot/2.0; +http://www.bing.com/bingbot.htm) Chrome/116.0.1938.76 Safari/537.36"
3.141.14.59 - - [06/Apr/2025:08:56:18 -0400] "GET /ad917/?path=%2Fhome%2F.%2F..%2Fproc%2F.%2Fsched_debug HTTP/1.1" 200 940 "-" "Mozilla/5.0 AppleWebKit/537.36 (KHTML, like Gecko; compatible; ClaudeBot/1.0; +claudebot@anthropic.com)"
3.141.14.59 - - [06/Apr/2025:08:56:21 -0400] "GET /ad917/?path=%2Fhome%2F.%2F.%2F..%2Fsbin%2Fsaslpasswd2 HTTP/1.1" 200 943 "-" "Mozilla/5.0 AppleWebKit/537.36 (KHTML, like Gecko; compatible; ClaudeBot/1.0; +claudebot@anthropic.com)"
3.141.14.59 - - [06/Apr/2025:08:56:24 -0400] "GET /ad917/?path=%2Fhome%2F.%2F..%2Fproc%2F.%2Fthread-self HTTP/1.1" 200 2700 "-" "Mozilla/5.0 AppleWebKit/537.36 (KHTML, like Gecko; compatible; ClaudeBot/1.0; +claudebot@anthropic.com)"
66.249.65.104 - - [06/Apr/2025:08:56:25 -0400] "GET /product/po/multipliable107489084.shtml HTTP/1.1" 200 19774 "-" "Mozilla/5.0 (Linux; Android 6.0.1; Nexus 5X Build/MMB29P) AppleWebKit/537.36 (KHTML, like Gecko) Chrome/134.0.6998.165 Mobile Safari/537.36 (compatible; Googlebot/2.1; +http://www.google.com/bot.html)"
3.141.14.59 - - [06/Apr/2025:08:56:27 -0400] "GET /ad917/?path=%2Fhome%2F.%2F.%2F..%2Fproc%2Fvmallocinfo HTTP/1.1" 200 943 "-" "Mozilla/5.0 AppleWebKit/537.36 (KHTML, like Gecko; compatible; ClaudeBot/1.0; +claudebot@anthropic.com)"
207.46.13.157 - - [06/Apr/2025:08:56:28 -0400] "GET /products/monomachist/ HTTP/1.1" 200 19778 "-" "Mozilla/5.0 AppleWebKit/537.36 (KHTML, like Gecko; compatible; bingbot/2.0; +http://www.bing.com/bingbot.htm) Chrome/116.0.1938.76 Safari/537.36"
3.141.14.59 - - [06/Apr/2025:08:56:30 -0400] "GET /ad917/?path=%2Fhome%2F.%2F.%2F..%2Fproc%2Fthread-self HTTP/1.1" 200 2599 "-" "Mozilla/5.0 AppleWebKit/537.36 (KHTML, like Gecko; compatible; ClaudeBot/1.0; +claudebot@anthropic.com)"
3.141.14.59 - - [06/Apr/2025:08:56:33 -0400] "GET /ad917/?path=%2Fhome%2F.%2F..%2Fusr%2Fbin%2Fprezip-bin HTTP/1.1" 200 942 "-" "Mozilla/5.0 AppleWebKit/537.36 (KHTML, like Gecko; compatible; ClaudeBot/1.0; +claudebot@anthropic.com)"
3.141.14.59 - - [06/Apr/2025:08:56:36 -0400] "GET /ad917/?path=%2Fhome%2F.%2F.%2F..%2Flib64%2Flibwebp.so HTTP/1.1" 200 943 "-" "Mozilla/5.0 AppleWebKit/537.36 (KHTML, like Gecko; compatible; ClaudeBot/1.0; +claudebot@anthropic.com)"
3.141.14.59 - - [06/Apr/2025:08:56:39 -0400] "GET /ad917/?path=%2Fhome%2F.%2F..%2Fusr%2Fbin%2Fpg_restore HTTP/1.1" 200 943 "-" "Mozilla/5.0 AppleWebKit/537.36 (KHTML, like Gecko; compatible; ClaudeBot/1.0; +claudebot@anthropic.com)"
3.141.14.59 - - [06/Apr/2025:08:56:42 -0400] "GET /ad917/?path=%2Fhome%2F.%2F.%2F..%2Flib64%2Flibgs.so.9 HTTP/1.1" 200 943 "-" "Mozilla/5.0 AppleWebKit/537.36 (KHTML, like Gecko; compatible; ClaudeBot/1.0; +claudebot@anthropic.com)"
3.141.14.59 - - [06/Apr/2025:08:56:45 -0400] "GET /ad917/?path=%2Fhome%2F.%2F..%2Fusr%2Fbin%2Flibtoolize HTTP/1.1" 200 36250 "-" "Mozilla/5.0 AppleWebKit/537.36 (KHTML, like Gecko; compatible; ClaudeBot/1.0; +claudebot@anthropic.com)"
3.141.14.59 - - [06/Apr/2025:08:56:48 -0400] "GET /ad917/?path=%2Fhome%2F.%2F..%2Fusr%2Fbin%2Fxmlcatalog HTTP/1.1" 200 943 "-" "Mozilla/5.0 AppleWebKit/537.36 (KHTML, like Gecko; compatible; ClaudeBot/1.0; +claudebot@anthropic.com)"
3.141.14.59 - - [06/Apr/2025:08:56:51 -0400] "GET /ad917/?path=%2Fhome%2F.%2F.%2F..%2Flib64%2Flibkrad.so HTTP/1.1" 200 943 "-" "Mozilla/5.0 AppleWebKit/537.36 (KHTML, like Gecko; compatible; ClaudeBot/1.0; +claudebot@anthropic.com)"
66.249.65.104 - - [06/Apr/2025:08:56:52 -0400] "GET /goodscode49429510.shtml HTTP/1.1" 200 19789 "-" "Mozilla/5.0 (Linux; Android 6.0.1; Nexus 5X Build/MMB29P) AppleWebKit/537.36 (KHTML, like Gecko) Chrome/134.0.6998.165 Mobile Safari/537.36 (compatible; Googlebot/2.1; +http://www.google.com/bot.html)"
3.141.14.59 - - [06/Apr/2025:08:56:54 -0400] "GET /ad917/?path=%2Fhome%2F.%2F..%2Fusr%2Fbin%2Fmysqladmin HTTP/1.1" 200 944 "-" "Mozilla/5.0 AppleWebKit/537.36 (KHTML, like Gecko; compatible; ClaudeBot/1.0; +claudebot@anthropic.com)"
3.141.14.59 - - [06/Apr/2025:08:56:57 -0400] "GET /ad917/?path=%2Fhome%2F.%2F.%2F..%2Flib64%2Flibltdl.so HTTP/1.1" 200 943 "-" "Mozilla/5.0 AppleWebKit/537.36 (KHTML, like Gecko; compatible; ClaudeBot/1.0; +claudebot@anthropic.com)"
66.249.65.104 - - [06/Apr/2025:08:56:57 -0400] "GET /shopbrand37866104.shtml HTTP/1.1" 200 19522 "-" "Mozilla/5.0 (Linux; Android 6.0.1; Nexus 5X Build/MMB29P) AppleWebKit/537.36 (KHTML, like Gecko) Chrome/134.0.6998.165 Mobile Safari/537.36 (compatible; GoogleOther)"
3.141.14.59 - - [06/Apr/2025:08:57:00 -0400] "GET /ad917/?path=%2Fhome%2F.%2F.%2F..%2Flib64%2Flibmenu.so HTTP/1.1" 200 943 "-" "Mozilla/5.0 AppleWebKit/537.36 (KHTML, like Gecko; compatible; ClaudeBot/1.0; +claudebot@anthropic.com)"
3.141.14.59 - - [06/Apr/2025:08:57:03 -0400] "GET /ad917/?path=%2Fhome%2F.%2F.%2F..%2Flib64%2Flibrt.so.1 HTTP/1.1" 200 943 "-" "Mozilla/5.0 AppleWebKit/537.36 (KHTML, like Gecko; compatible; ClaudeBot/1.0; +claudebot@anthropic.com)"
3.141.14.59 - - [06/Apr/2025:08:57:06 -0400] "GET /ad917/?path=%2Fhome%2F.%2F..%2Fusr%2Fbin%2Fmysqlcheck HTTP/1.1" 200 944 "-" "Mozilla/5.0 AppleWebKit/537.36 (KHTML, like Gecko; compatible; ClaudeBot/1.0; +claudebot@anthropic.com)"
157.55.39.16 - - [06/Apr/2025:08:57:06 -0400] "GET /goods/sward/75672844.shtml HTTP/1.1" 200 19323 "-" "Mozilla/5.0 AppleWebKit/537.36 (KHTML, like Gecko; compatible; bingbot/2.0; +http://www.bing.com/bingbot.htm) Chrome/116.0.1938.76 Safari/537.36"
3.141.14.59 - - [06/Apr/2025:08:57:09 -0400] "GET /ad917/?path=%2Fhome%2F.%2F.%2F..%2Flib64%2Flibcriu.so HTTP/1.1" 200 943 "-" "Mozilla/5.0 AppleWebKit/537.36 (KHTML, like Gecko; compatible; ClaudeBot/1.0; +claudebot@anthropic.com)"
52.167.144.176 - - [06/Apr/2025:08:57:09 -0400] "GET /shopping16597304.shtml HTTP/1.1" 200 20162 "-" "Mozilla/5.0 AppleWebKit/537.36 (KHTML, like Gecko; compatible; bingbot/2.0; +http://www.bing.com/bingbot.htm) Chrome/116.0.1938.76 Safari/537.36"
66.249.65.105 - - [06/Apr/2025:08:57:11 -0400] "GET /detail/enchant57057652.shtml HTTP/1.1" 200 19699 "-" "Mozilla/5.0 (Linux; Android 6.0.1; Nexus 5X Build/MMB29P) AppleWebKit/537.36 (KHTML, like Gecko) Chrome/134.0.6998.165 Mobile Safari/537.36 (compatible; GoogleOther)"
