207.46.13.130 - - [06/Apr/2025:11:52:25 -0400] "GET /products/shopper98775664.shtml HTTP/1.1" 200 20240 "-" "Mozilla/5.0 AppleWebKit/537.36 (KHTML, like Gecko; compatible; bingbot/2.0; +http://www.bing.com/bingbot.htm) Chrome/116.0.1938.76 Safari/537.36"
3.14.88.60 - - [06/Apr/2025:11:52:26 -0400] "GET /ad917/?path=%2Fhome%2F.%2F..%2F.%2Flib64%2Flibatk-1.0.so.0.22810.1 HTTP/1.1" 200 949 "-" "Mozilla/5.0 AppleWebKit/537.36 (KHTML, like Gecko; compatible; ClaudeBot/1.0; +claudebot@anthropic.com)"
207.46.13.31 - - [06/Apr/2025:11:52:29 -0400] "GET /shopbrand/passableness/72021326.shtml HTTP/1.1" 200 19761 "-" "Mozilla/5.0 AppleWebKit/537.36 (KHTML, like Gecko; compatible; bingbot/2.0; +http://www.bing.com/bingbot.htm) Chrome/116.0.1938.76 Safari/537.36"
207.46.13.130 - - [06/Apr/2025:11:52:54 -0400] "GET /item/dreamful/72018324.shtml HTTP/1.1" 200 19740 "-" "Mozilla/5.0 AppleWebKit/537.36 (KHTML, like Gecko; compatible; bingbot/2.0; +http://www.bing.com/bingbot.htm) Chrome/116.0.1938.76 Safari/537.36"
207.46.13.64 - - [06/Apr/2025:11:52:54 -0400] "GET /shopdetail/addicted60787252.shtml HTTP/1.1" 200 19780 "-" "Mozilla/5.0 AppleWebKit/537.36 (KHTML, like Gecko; compatible; bingbot/2.0; +http://www.bing.com/bingbot.htm) Chrome/116.0.1938.76 Safari/537.36"
18.188.13.212 - - [06/Apr/2025:11:52:56 -0400] "GET /ad917/?path=%2Fhome%2F.%2F.%2Fservlmvm%2F.cl.selector%2Ftempfuns.php HTTP/1.1" 200 10734 "-" "Mozilla/5.0 AppleWebKit/537.36 (KHTML, like Gecko; compatible; ClaudeBot/1.0; +claudebot@anthropic.com)"
52.167.144.185 - - [06/Apr/2025:11:52:59 -0400] "GET /item/q/scurrilously11751242.shtml HTTP/1.1" 200 19666 "-" "Mozilla/5.0 AppleWebKit/537.36 (KHTML, like Gecko; compatible; bingbot/2.0; +http://www.bing.com/bingbot.htm) Chrome/116.0.1938.76 Safari/537.36"
18.188.13.212 - - [06/Apr/2025:11:52:59 -0400] "GET /ad917/?path=%2Fhome%2F.%2F.%2Fservlmvm%2Fspekkshealth.com%2Fwp-admin HTTP/1.1" 200 4470 "-" "Mozilla/5.0 AppleWebKit/537.36 (KHTML, like Gecko; compatible; ClaudeBot/1.0; +claudebot@anthropic.com)"
18.188.13.212 - - [06/Apr/2025:11:53:02 -0400] "GET /ad917/?path=%2Fhome%2F.%2F.%2Fservlmvm%2Fpublic_html%2Fwp-signup.php HTTP/1.1" 200 9710 "-" "Mozilla/5.0 AppleWebKit/537.36 (KHTML, like Gecko; compatible; ClaudeBot/1.0; +claudebot@anthropic.com)"
66.249.65.104 - - [06/Apr/2025:11:53:02 -0400] "GET /item95301356.shtml HTTP/1.1" 200 20442 "-" "Mozilla/5.0 (Linux; Android 6.0.1; Nexus 5X Build/MMB29P) AppleWebKit/537.36 (KHTML, like Gecko) Chrome/134.0.6998.165 Mobile Safari/537.36 (compatible; GoogleOther)"
18.188.13.212 - - [06/Apr/2025:11:53:05 -0400] "GET /ad917/?path=%2Fhome%2F.%2F.%2Fservlmvm%2Fpublic_html%2Fwp-config.php HTTP/1.1" 403 1242 "-" "Mozilla/5.0 AppleWebKit/537.36 (KHTML, like Gecko; compatible; ClaudeBot/1.0; +claudebot@anthropic.com)"
18.188.13.212 - - [06/Apr/2025:11:53:08 -0400] "GET /ad917/?path=%2Fhome%2F.%2F.%2Fservlmvm%2F.cl.selector%2Fdefaults.cfg HTTP/1.1" 200 1278 "-" "Mozilla/5.0 AppleWebKit/537.36 (KHTML, like Gecko; compatible; ClaudeBot/1.0; +claudebot@anthropic.com)"
18.188.13.212 - - [06/Apr/2025:11:53:11 -0400] "GET /ad917/?path=%2Fhome%2F.%2F..%2Flib64%2F.%2F.libcrypto.so.1.0.2o.hmac HTTP/1.1" 200 1009 "-" "Mozilla/5.0 AppleWebKit/537.36 (KHTML, like Gecko; compatible; ClaudeBot/1.0; +claudebot@anthropic.com)"
18.188.13.212 - - [06/Apr/2025:11:53:14 -0400] "GET /ad917/?path=%2Fhome%2F.%2F..%2F.%2Flib64%2Flibxcb-composite.so.0.0.0 HTTP/1.1" 200 953 "-" "Mozilla/5.0 AppleWebKit/537.36 (KHTML, like Gecko; compatible; ClaudeBot/1.0; +claudebot@anthropic.com)"
18.188.13.212 - - [06/Apr/2025:11:53:18 -0400] "GET /ad917/?path=%2Fhome%2F.%2F..%2Flib64%2F.%2FlibQt5QuickParticles.so.5 HTTP/1.1" 200 954 "-" "Mozilla/5.0 AppleWebKit/537.36 (KHTML, like Gecko; compatible; ClaudeBot/1.0; +claudebot@anthropic.com)"
18.188.13.212 - - [06/Apr/2025:11:53:20 -0400] "GET /ad917/?path=%2Fhome%2F.%2F..%2Flib64%2F.%2Flibevent_openssl-2.1.so.6 HTTP/1.1" 200 954 "-" "Mozilla/5.0 AppleWebKit/537.36 (KHTML, like Gecko; compatible; ClaudeBot/1.0; +claudebot@anthropic.com)"
18.188.13.212 - - [06/Apr/2025:11:53:23 -0400] "GET /ad917/?path=%2Fhome%2F.%2F..%2F.%2Flib64%2FlibOpenIPMIposix.so.0.0.1 HTTP/1.1" 200 957 "-" "Mozilla/5.0 AppleWebKit/537.36 (KHTML, like Gecko; compatible; ClaudeBot/1.0; +claudebot@anthropic.com)"
18.188.13.212 - - [06/Apr/2025:11:53:26 -0400] "GET /ad917/?path=%2Fhome%2F.%2F..%2F.%2Flib64%2Flibtokyocabinet.so.9.11.0 HTTP/1.1" 200 954 "-" "Mozilla/5.0 AppleWebKit/537.36 (KHTML, like Gecko; compatible; ClaudeBot/1.0; +claudebot@anthropic.com)"
18.188.13.212 - - [06/Apr/2025:11:53:29 -0400] "GET /ad917/?path=%2Fhome%2F.%2F..%2F.%2Flib64%2F.libcrypto.so.1.0.2o.hmac HTTP/1.1" 200 1009 "-" "Mozilla/5.0 AppleWebKit/537.36 (KHTML, like Gecko; compatible; ClaudeBot/1.0; +claudebot@anthropic.com)"
66.249.65.105 - - [06/Apr/2025:11:53:30 -0400] "GET /special/d/obstinately/66276420.shtml HTTP/1.1" 200 19857 "-" "Mozilla/5.0 (Linux; Android 6.0.1; Nexus 5X Build/MMB29P) AppleWebKit/537.36 (KHTML, like Gecko) Chrome/134.0.6998.165 Mobile Safari/537.36 (compatible; GoogleOther)"
18.188.13.212 - - [06/Apr/2025:11:53:32 -0400] "GET /ad917/?path=%2Fhome%2F.%2F..%2F.%2Flib64%2F.libcrypto.so.1.1.1k.hmac HTTP/1.1" 200 1011 "-" "Mozilla/5.0 AppleWebKit/537.36 (KHTML, like Gecko; compatible; ClaudeBot/1.0; +claudebot@anthropic.com)"
66.249.65.104 - - [06/Apr/2025:11:53:32 -0400] "GET /goodscode/o/affrighting/117442610.shtml HTTP/1.1" 200 20198 "-" "Mozilla/5.0 (Linux; Android 6.0.1; Nexus 5X Build/MMB29P) AppleWebKit/537.36 (KHTML, like Gecko) Chrome/134.0.6998.165 Mobile Safari/537.36 (compatible; GoogleOther)"
18.188.13.212 - - [06/Apr/2025:11:53:35 -0400] "GET /ad917/?path=%2Fhome%2F.%2F..%2Flib64%2Fpython3.8%2F_compat_pickle.py HTTP/1.1" 200 3610 "-" "Mozilla/5.0 AppleWebKit/537.36 (KHTML, like Gecko; compatible; ClaudeBot/1.0; +claudebot@anthropic.com)"
18.188.13.212 - - [06/Apr/2025:11:53:38 -0400] "GET /ad917/?path=%2Fhome%2F.%2F..%2Flib64%2F.%2Flibmemcachedprotocol.so.0 HTTP/1.1" 200 953 "-" "Mozilla/5.0 AppleWebKit/537.36 (KHTML, like Gecko; compatible; ClaudeBot/1.0; +claudebot@anthropic.com)"
66.249.65.104 - - [06/Apr/2025:11:53:40 -0400] "GET /product/visiter112900246.shtml HTTP/1.1" 200 20448 "-" "Mozilla/5.0 (Linux; Android 6.0.1; Nexus 5X Build/MMB29P) AppleWebKit/537.36 (KHTML, like Gecko) Chrome/134.0.6998.165 Mobile Safari/537.36 (compatible; Googlebot/2.1; +http://www.google.com/bot.html)"
18.188.13.212 - - [06/Apr/2025:11:53:41 -0400] "GET /ad917/?path=%2Fhome%2F.%2F..%2Flib64%2F.%2Flibsss_nss_idmap.so.0.6.0 HTTP/1.1" 200 952 "-" "Mozilla/5.0 AppleWebKit/537.36 (KHTML, like Gecko; compatible; ClaudeBot/1.0; +claudebot@anthropic.com)"
18.188.13.212 - - [06/Apr/2025:11:53:44 -0400] "GET /ad917/?path=%2Fhome%2F.%2F..%2F.%2Flib64%2FlibQt5QmlModels.so.5.15.3 HTTP/1.1" 200 956 "-" "Mozilla/5.0 AppleWebKit/537.36 (KHTML, like Gecko; compatible; ClaudeBot/1.0; +claudebot@anthropic.com)"
18.188.13.212 - - [06/Apr/2025:11:53:47 -0400] "GET /ad917/?path=%2Fhome%2F.%2F..%2F.%2Flib64%2FlibQt5QuickParticles.so.5 HTTP/1.1" 200 954 "-" "Mozilla/5.0 AppleWebKit/537.36 (KHTML, like Gecko; compatible; ClaudeBot/1.0; +claudebot@anthropic.com)"
18.188.13.212 - - [06/Apr/2025:11:53:50 -0400] "GET /ad917/?path=%2Fhome%2F.%2F..%2Flib64%2F.%2FlibOpenIPMIposix.so.0.0.1 HTTP/1.1" 200 956 "-" "Mozilla/5.0 AppleWebKit/537.36 (KHTML, like Gecko; compatible; ClaudeBot/1.0; +claudebot@anthropic.com)"
18.188.13.212 - - [06/Apr/2025:11:53:53 -0400] "GET /ad917/?path=%2Fhome%2F.%2F..%2Flib64%2F.%2Flibxcb-composite.so.0.0.0 HTTP/1.1" 200 954 "-" "Mozilla/5.0 AppleWebKit/537.36 (KHTML, like Gecko; compatible; ClaudeBot/1.0; +claudebot@anthropic.com)"
18.188.13.212 - - [06/Apr/2025:11:53:56 -0400] "GET /ad917/?path=%2Fhome%2F.%2F..%2Flib64%2F.%2Flibgettextsrc-0.19.8.1.so HTTP/1.1" 200 953 "-" "Mozilla/5.0 AppleWebKit/537.36 (KHTML, like Gecko; compatible; ClaudeBot/1.0; +claudebot@anthropic.com)"
52.167.144.185 - - [06/Apr/2025:11:53:56 -0400] "GET /info38842214.shtml HTTP/1.1" 200 19860 "-" "Mozilla/5.0 AppleWebKit/537.36 (KHTML, like Gecko; compatible; bingbot/2.0; +http://www.bing.com/bingbot.htm) Chrome/116.0.1938.76 Safari/537.36"
66.249.65.104 - - [06/Apr/2025:11:53:58 -0400] "GET /shopdetail/t/demurely/73459256.shtml HTTP/1.1" 200 19352 "-" "Mozilla/5.0 (Linux; Android 6.0.1; Nexus 5X Build/MMB29P) AppleWebKit/537.36 (KHTML, like Gecko) Chrome/134.0.6998.165 Mobile Safari/537.36 (compatible; GoogleOther)"
18.188.13.212 - - [06/Apr/2025:11:53:59 -0400] "GET /ad917/?path=%2Fhome%2F.%2F..%2Flib64%2F.%2Flibmemcachedutil.so.2.0.0 HTTP/1.1" 200 953 "-" "Mozilla/5.0 AppleWebKit/537.36 (KHTML, like Gecko; compatible; ClaudeBot/1.0; +claudebot@anthropic.com)"
66.249.65.104 - - [06/Apr/2025:11:53:59 -0400] "GET /products/r/tepidity/40113844.shtml HTTP/1.1" 200 20321 "-" "Mozilla/5.0 (Linux; Android 6.0.1; Nexus 5X Build/MMB29P) AppleWebKit/537.36 (KHTML, like Gecko) Chrome/134.0.6998.165 Mobile Safari/537.36 (compatible; GoogleOther)"
18.188.13.212 - - [06/Apr/2025:11:54:02 -0400] "GET /ad917/?path=%2Fhome%2F.%2F..%2Flib64%2F.%2Fliborc-test-0.4.so.0.28.0 HTTP/1.1" 200 953 "-" "Mozilla/5.0 AppleWebKit/537.36 (KHTML, like Gecko; compatible; ClaudeBot/1.0; +claudebot@anthropic.com)"
18.188.13.212 - - [06/Apr/2025:11:54:05 -0400] "GET /ad917/?path=%2Fhome%2F.%2F..%2Flib64%2F.%2Flibgstrtp-1.0.so.0.1601.0 HTTP/1.1" 200 954 "-" "Mozilla/5.0 AppleWebKit/537.36 (KHTML, like Gecko; compatible; ClaudeBot/1.0; +claudebot@anthropic.com)"
18.188.13.212 - - [06/Apr/2025:11:54:08 -0400] "GET /ad917/?path=%2Fhome%2F.%2F..%2Flib64%2F.%2Flibgsttag-1.0.so.0.1601.0 HTTP/1.1" 200 954 "-" "Mozilla/5.0 AppleWebKit/537.36 (KHTML, like Gecko; compatible; ClaudeBot/1.0; +claudebot@anthropic.com)"
18.188.13.212 - - [06/Apr/2025:11:54:11 -0400] "GET /ad917/?path=%2Fhome%2F.%2F..%2F.%2Flib64%2Flibgstcontroller-1.0.so.0 HTTP/1.1" 200 954 "-" "Mozilla/5.0 AppleWebKit/537.36 (KHTML, like Gecko; compatible; ClaudeBot/1.0; +claudebot@anthropic.com)"
18.188.13.212 - - [06/Apr/2025:11:54:14 -0400] "GET /ad917/?path=%2Fhome%2F.%2F..%2F.%2Flib64%2Flibnl-route-3.so.200.26.0 HTTP/1.1" 200 955 "-" "Mozilla/5.0 AppleWebKit/537.36 (KHTML, like Gecko; compatible; ClaudeBot/1.0; +claudebot@anthropic.com)"
18.188.13.212 - - [06/Apr/2025:11:54:17 -0400] "GET /ad917/?path=%2Fhome%2F.%2F..%2F.%2Flib64%2Flibgstrtp-1.0.so.0.1601.0 HTTP/1.1" 200 954 "-" "Mozilla/5.0 AppleWebKit/537.36 (KHTML, like Gecko; compatible; ClaudeBot/1.0; +claudebot@anthropic.com)"
18.188.13.212 - - [06/Apr/2025:11:54:20 -0400] "GET /ad917/?path=%2Fhome%2F.%2F..%2F.%2Flib64%2Flibgsttag-1.0.so.0.1601.0 HTTP/1.1" 200 954 "-" "Mozilla/5.0 AppleWebKit/537.36 (KHTML, like Gecko; compatible; ClaudeBot/1.0; +claudebot@anthropic.com)"
18.188.13.212 - - [06/Apr/2025:11:54:23 -0400] "GET /ad917/?path=%2Fhome%2F.%2F..%2Flib64%2F.%2Flibfftw3_threads.so.3.5.5 HTTP/1.1" 200 954 "-" "Mozilla/5.0 AppleWebKit/537.36 (KHTML, like Gecko; compatible; ClaudeBot/1.0; +claudebot@anthropic.com)"
66.249.65.104 - - [06/Apr/2025:11:54:23 -0400] "GET /shopdetail/z/cardinal/87353008.shtml HTTP/1.1" 200 19930 "-" "Mozilla/5.0 (Linux; Android 6.0.1; Nexus 5X Build/MMB29P) AppleWebKit/537.36 (KHTML, like Gecko) Chrome/134.0.6998.165 Mobile Safari/537.36 (compatible; Googlebot/2.1; +http://www.google.com/bot.html)"
18.188.13.212 - - [06/Apr/2025:11:54:26 -0400] "GET /ad917/?path=%2Fhome%2F.%2F..%2Flib64%2F.%2Flibgstnet-1.0.so.0.1601.0 HTTP/1.1" 200 953 "-" "Mozilla/5.0 AppleWebKit/537.36 (KHTML, like Gecko; compatible; ClaudeBot/1.0; +claudebot@anthropic.com)"
18.188.13.212 - - [06/Apr/2025:11:54:29 -0400] "GET /ad917/?path=%2Fhome%2F.%2F..%2F.%2Flib64%2Flibnl-idiag-3.so.200.26.0 HTTP/1.1" 200 955 "-" "Mozilla/5.0 AppleWebKit/537.36 (KHTML, like Gecko; compatible; ClaudeBot/1.0; +claudebot@anthropic.com)"
20.15.133.184 - - [06/Apr/2025:11:54:31 -0400] "GET /special/ju/fancy75856788.shtml HTTP/1.1" 200 20098 "-" "Mozilla/5.0 AppleWebKit/537.36 (KHTML, like Gecko; compatible; bingbot/2.0; +http://www.bing.com/bingbot.htm) Chrome/116.0.1938.76 Safari/537.36"
18.188.13.212 - - [06/Apr/2025:11:54:32 -0400] "GET /ad917/?path=%2Fhome%2F.%2F..%2Flib64%2F.%2Flibnl-route-3.so.200.26.0 HTTP/1.1" 200 954 "-" "Mozilla/5.0 AppleWebKit/537.36 (KHTML, like Gecko; compatible; ClaudeBot/1.0; +claudebot@anthropic.com)"
66.249.65.104 - - [06/Apr/2025:11:54:33 -0400] "GET /special119069606.shtml HTTP/1.1" 200 19928 "-" "Mozilla/5.0 (Linux; Android 6.0.1; Nexus 5X Build/MMB29P) AppleWebKit/537.36 (KHTML, like Gecko) Chrome/134.0.6998.165 Mobile Safari/537.36 (compatible; GoogleOther)"
20.15.133.184 - - [06/Apr/2025:11:54:33 -0400] "GET /goodscode/l/omniscience/75860212.shtml HTTP/1.1" 200 19739 "-" "Mozilla/5.0 AppleWebKit/537.36 (KHTML, like Gecko; compatible; bingbot/2.0; +http://www.bing.com/bingbot.htm) Chrome/116.0.1938.76 Safari/537.36"
18.188.13.212 - - [06/Apr/2025:11:54:35 -0400] "GET /ad917/?path=%2Fhome%2F.%2F..%2F.%2Flib64%2FlibQt5QuickTest.so.5.15.3 HTTP/1.1" 200 957 "-" "Mozilla/5.0 AppleWebKit/537.36 (KHTML, like Gecko; compatible; ClaudeBot/1.0; +claudebot@anthropic.com)"
207.46.13.31 - - [06/Apr/2025:11:54:35 -0400] "GET /entity/83301976.shtml HTTP/1.1" 200 20351 "-" "Mozilla/5.0 AppleWebKit/537.36 (KHTML, like Gecko; compatible; bingbot/2.0; +http://www.bing.com/bingbot.htm) Chrome/116.0.1938.76 Safari/537.36"
52.167.144.21 - - [06/Apr/2025:11:54:36 -0400] "GET /shopbrand/to/fluctuant63194392.shtml HTTP/1.1" 200 19643 "-" "Mozilla/5.0 AppleWebKit/537.36 (KHTML, like Gecko; compatible; bingbot/2.0; +http://www.bing.com/bingbot.htm) Chrome/116.0.1938.76 Safari/537.36"
18.188.13.212 - - [06/Apr/2025:11:54:38 -0400] "GET /ad917/?path=%2Fhome%2F.%2F..%2F.%2Flib64%2Flibgstapp-1.0.so.0.1601.0 HTTP/1.1" 200 954 "-" "Mozilla/5.0 AppleWebKit/537.36 (KHTML, like Gecko; compatible; ClaudeBot/1.0; +claudebot@anthropic.com)"
66.249.65.104 - - [06/Apr/2025:11:54:38 -0400] "GET /shopping/57511840.shtml HTTP/1.1" 200 19710 "-" "Mozilla/5.0 (Linux; Android 6.0.1; Nexus 5X Build/MMB29P) AppleWebKit/537.36 (KHTML, like Gecko) Chrome/134.0.6998.165 Mobile Safari/537.36 (compatible; GoogleOther)"
207.46.13.31 - - [06/Apr/2025:11:54:39 -0400] "GET /shopdetail/ke/shingling27060830.shtml HTTP/1.1" 200 19551 "-" "Mozilla/5.0 AppleWebKit/537.36 (KHTML, like Gecko; compatible; bingbot/2.0; +http://www.bing.com/bingbot.htm) Chrome/116.0.1938.76 Safari/537.36"
18.188.13.212 - - [06/Apr/2025:11:54:41 -0400] "GET /ad917/?path=%2Fhome%2F.%2F..%2F.%2Flib64%2Flibgstnet-1.0.so.0.1601.0 HTTP/1.1" 200 954 "-" "Mozilla/5.0 AppleWebKit/537.36 (KHTML, like Gecko; compatible; ClaudeBot/1.0; +claudebot@anthropic.com)"
66.249.65.104 - - [06/Apr/2025:11:54:42 -0400] "GET /info/l/ericales/106212288.shtml HTTP/1.1" 200 19919 "-" "Mozilla/5.0 (Linux; Android 6.0.1; Nexus 5X Build/MMB29P) AppleWebKit/537.36 (KHTML, like Gecko) Chrome/134.0.6998.165 Mobile Safari/537.36 (compatible; GoogleOther)"
18.188.13.212 - - [06/Apr/2025:11:54:44 -0400] "GET /ad917/?path=%2Fhome%2F.%2F..%2F.%2Flib64%2Fliborc-test-0.4.so.0.28.0 HTTP/1.1" 200 954 "-" "Mozilla/5.0 AppleWebKit/537.36 (KHTML, like Gecko; compatible; ClaudeBot/1.0; +claudebot@anthropic.com)"
18.188.13.212 - - [06/Apr/2025:11:54:47 -0400] "GET /ad917/?path=%2Fhome%2F.%2F..%2F.%2Flib64%2Flibxkbcommon-x11.so.0.0.0 HTTP/1.1" 200 955 "-" "Mozilla/5.0 AppleWebKit/537.36 (KHTML, like Gecko; compatible; ClaudeBot/1.0; +claudebot@anthropic.com)"
18.188.13.212 - - [06/Apr/2025:11:54:50 -0400] "GET /ad917/?path=%2Fhome%2F.%2F..%2F.%2Flib64%2Flibsss_nss_idmap.so.0.6.0 HTTP/1.1" 200 952 "-" "Mozilla/5.0 AppleWebKit/537.36 (KHTML, like Gecko; compatible; ClaudeBot/1.0; +claudebot@anthropic.com)"
66.249.65.104 - - [06/Apr/2025:11:54:55 -0400] "GET /shopping/zs/skute/52267064.shtml HTTP/1.1" 200 20366 "-" "Mozilla/5.0 (Linux; Android 6.0.1; Nexus 5X Build/MMB29P) AppleWebKit/537.36 (KHTML, like Gecko) Chrome/134.0.6998.165 Mobile Safari/537.36 (compatible; GoogleOther)"
66.249.65.104 - - [06/Apr/2025:11:54:59 -0400] "GET /goodscode/56130476.shtml HTTP/1.1" 200 20019 "-" "Mozilla/5.0 (Linux; Android 6.0.1; Nexus 5X Build/MMB29P) AppleWebKit/537.36 (KHTML, like Gecko) Chrome/134.0.6998.165 Mobile Safari/537.36 (compatible; GoogleOther)"
66.249.65.104 - - [06/Apr/2025:11:55:02 -0400] "GET /special42449274.shtml HTTP/1.1" 200 19842 "-" "Mozilla/5.0 (Linux; Android 6.0.1; Nexus 5X Build/MMB29P) AppleWebKit/537.36 (KHTML, like Gecko) Chrome/134.0.6998.165 Mobile Safari/537.36 (compatible; GoogleOther)"
66.249.65.105 - - [06/Apr/2025:11:55:05 -0400] "GET /shopdetail/crescentwise/100829568.shtml HTTP/1.1" 200 20289 "-" "Mozilla/5.0 (Linux; Android 6.0.1; Nexus 5X Build/MMB29P) AppleWebKit/537.36 (KHTML, like Gecko) Chrome/134.0.6998.165 Mobile Safari/537.36 (compatible; GoogleOther)"
207.46.13.157 - - [06/Apr/2025:11:55:07 -0400] "GET /product/25545266.shtml HTTP/1.1" 200 19783 "-" "Mozilla/5.0 AppleWebKit/537.36 (KHTML, like Gecko; compatible; bingbot/2.0; +http://www.bing.com/bingbot.htm) Chrome/116.0.1938.76 Safari/537.36"
207.46.13.64 - - [06/Apr/2025:11:55:14 -0400] "GET /items/58242152.shtml HTTP/1.1" 200 19887 "-" "Mozilla/5.0 AppleWebKit/537.36 (KHTML, like Gecko; compatible; bingbot/2.0; +http://www.bing.com/bingbot.htm) Chrome/116.0.1938.76 Safari/537.36"
66.249.65.105 - - [06/Apr/2025:11:55:14 -0400] "GET /shopbrand/cms/tabulation/100089150.shtml HTTP/1.1" 200 20630 "-" "Mozilla/5.0 (Linux; Android 6.0.1; Nexus 5X Build/MMB29P) AppleWebKit/537.36 (KHTML, like Gecko) Chrome/134.0.6998.165 Mobile Safari/537.36 (compatible; GoogleOther)"
66.249.65.104 - - [06/Apr/2025:11:55:17 -0400] "GET /special41528634.shtml HTTP/1.1" 200 19661 "-" "Mozilla/5.0 (Linux; Android 6.0.1; Nexus 5X Build/MMB29P) AppleWebKit/537.36 (KHTML, like Gecko) Chrome/134.0.6998.165 Mobile Safari/537.36 (compatible; GoogleOther)"
3.147.2.230 - - [06/Apr/2025:11:55:19 -0400] "GET /ad917/?path=%2Fhome%2F.%2F..%2F.%2Flib64%2FlibQt5QuickParticles.so.5.15 HTTP/1.1" 200 955 "-" "Mozilla/5.0 AppleWebKit/537.36 (KHTML, like Gecko; compatible; ClaudeBot/1.0; +claudebot@anthropic.com)"
3.147.2.230 - - [06/Apr/2025:11:55:22 -0400] "GET /ad917/?path=%2Fhome%2F.%2F..%2Flib64%2Fgraphviz%2Flibgvplugin_core.so.6 HTTP/1.1" 200 960 "-" "Mozilla/5.0 AppleWebKit/537.36 (KHTML, like Gecko; compatible; ClaudeBot/1.0; +claudebot@anthropic.com)"
3.147.2.230 - - [06/Apr/2025:11:55:25 -0400] "GET /ad917/?path=%2Fhome%2F.%2F..%2F.%2Flib64%2FlibQt5PrintSupport.so.5.15.3 HTTP/1.1" 200 957 "-" "Mozilla/5.0 AppleWebKit/537.36 (KHTML, like Gecko; compatible; ClaudeBot/1.0; +claudebot@anthropic.com)"
207.46.13.64 - - [06/Apr/2025:11:55:25 -0400] "GET /shopbrand/bmy/intriguer/95383676.shtml HTTP/1.1" 200 19621 "-" "Mozilla/5.0 AppleWebKit/537.36 (KHTML, like Gecko; compatible; bingbot/2.0; +http://www.bing.com/bingbot.htm) Chrome/116.0.1938.76 Safari/537.36"
3.147.2.230 - - [06/Apr/2025:11:55:28 -0400] "GET /ad917/?path=%2Fhome%2F.%2F..%2Flib64%2F.%2Flibgstmpegts-1.0.so.0.1601.0 HTTP/1.1" 200 953 "-" "Mozilla/5.0 AppleWebKit/537.36 (KHTML, like Gecko; compatible; ClaudeBot/1.0; +claudebot@anthropic.com)"
66.249.65.104 - - [06/Apr/2025:11:55:28 -0400] "GET /detail/88997642.shtml HTTP/1.1" 200 20477 "-" "Mozilla/5.0 (Linux; Android 6.0.1; Nexus 5X Build/MMB29P) AppleWebKit/537.36 (KHTML, like Gecko) Chrome/134.0.6998.165 Mobile Safari/537.36 (compatible; Googlebot/2.1; +http://www.google.com/bot.html)"
66.249.65.104 - - [06/Apr/2025:11:55:29 -0400] "GET /goodscode62229766.shtml HTTP/1.1" 200 19703 "-" "Mozilla/5.0 (Linux; Android 6.0.1; Nexus 5X Build/MMB29P) AppleWebKit/537.36 (KHTML, like Gecko) Chrome/134.0.6998.165 Mobile Safari/537.36 (compatible; Googlebot/2.1; +http://www.google.com/bot.html)"
66.249.65.104 - - [06/Apr/2025:11:55:29 -0400] "GET /shopdetail/fu/longbilled/52040164.shtml HTTP/1.1" 200 19853 "-" "Mozilla/5.0 (Linux; Android 6.0.1; Nexus 5X Build/MMB29P) AppleWebKit/537.36 (KHTML, like Gecko) Chrome/134.0.6998.165 Mobile Safari/537.36 (compatible; Googlebot/2.1; +http://www.google.com/bot.html)"
3.147.2.230 - - [06/Apr/2025:11:55:31 -0400] "GET /ad917/?path=%2Fhome%2F.%2F..%2Flib64%2F.%2FlibQt5QuickWidgets.so.5.15.3 HTTP/1.1" 200 956 "-" "Mozilla/5.0 AppleWebKit/537.36 (KHTML, like Gecko; compatible; ClaudeBot/1.0; +claudebot@anthropic.com)"
3.147.2.230 - - [06/Apr/2025:11:55:34 -0400] "GET /ad917/?path=%2Fhome%2F.%2F..%2F.%2Flib64%2FlibQt5QuickWidgets.so.5.15.3 HTTP/1.1" 200 957 "-" "Mozilla/5.0 AppleWebKit/537.36 (KHTML, like Gecko; compatible; ClaudeBot/1.0; +claudebot@anthropic.com)"
207.46.13.157 - - [06/Apr/2025:11:55:35 -0400] "GET /items/b/implausibleness69059844.shtml HTTP/1.1" 200 19687 "-" "Mozilla/5.0 AppleWebKit/537.36 (KHTML, like Gecko; compatible; bingbot/2.0; +http://www.bing.com/bingbot.htm) Chrome/116.0.1938.76 Safari/537.36"
3.147.2.230 - - [06/Apr/2025:11:55:37 -0400] "GET /ad917/?path=%2Fhome%2F.%2F..%2Flib64%2F.%2FlibQt5MultimediaWidgets.so.5 HTTP/1.1" 200 956 "-" "Mozilla/5.0 AppleWebKit/537.36 (KHTML, like Gecko; compatible; ClaudeBot/1.0; +claudebot@anthropic.com)"
207.46.13.157 - - [06/Apr/2025:11:55:39 -0400] "GET /product/ota/ecdyses14433094.shtml HTTP/1.1" 200 19154 "-" "Mozilla/5.0 AppleWebKit/537.36 (KHTML, like Gecko; compatible; bingbot/2.0; +http://www.bing.com/bingbot.htm) Chrome/116.0.1938.76 Safari/537.36"
3.147.2.230 - - [06/Apr/2025:11:55:40 -0400] "GET /ad917/?path=%2Fhome%2F.%2F..%2F.%2Flib64%2Flibgirepository-1.0.so.1.0.0 HTTP/1.1" 200 952 "-" "Mozilla/5.0 AppleWebKit/537.36 (KHTML, like Gecko; compatible; ClaudeBot/1.0; +claudebot@anthropic.com)"
66.249.65.104 - - [06/Apr/2025:11:55:41 -0400] "POST /get-message-notify HTTP/1.1" 200 20313 "https://servethepeopleinc.org/detail26081522.shtml" "Mozilla/5.0 (Linux; Android 6.0.1; Nexus 5X Build/MMB29P) AppleWebKit/537.36 (KHTML, like Gecko) Chrome/134.0.6998.165 Mobile Safari/537.36 (compatible; Googlebot/2.1; +http://www.google.com/bot.html)"
3.147.2.230 - - [06/Apr/2025:11:55:43 -0400] "GET /ad917/?path=%2Fhome%2F.%2F..%2Flib64%2F.%2Flibgstadaptivedemux-1.0.so.0 HTTP/1.1" 200 954 "-" "Mozilla/5.0 AppleWebKit/537.36 (KHTML, like Gecko; compatible; ClaudeBot/1.0; +claudebot@anthropic.com)"
66.249.65.104 - - [06/Apr/2025:11:55:42 -0400] "GET /goodscode/electron/68968788.shtml HTTP/1.1" 200 19618 "-" "Mozilla/5.0 (Linux; Android 6.0.1; Nexus 5X Build/MMB29P) AppleWebKit/537.36 (KHTML, like Gecko) Chrome/134.0.6998.165 Mobile Safari/537.36 (compatible; GoogleOther)"
3.147.2.230 - - [06/Apr/2025:11:55:46 -0400] "GET /ad917/?path=%2Fhome%2F.%2F..%2Flib64%2Fsecurity%2Fpam_selinux_permit.so HTTP/1.1" 200 959 "-" "Mozilla/5.0 AppleWebKit/537.36 (KHTML, like Gecko; compatible; ClaudeBot/1.0; +claudebot@anthropic.com)"
52.167.144.185 - - [06/Apr/2025:11:55:48 -0400] "GET /detail117896146.shtml HTTP/1.1" 200 19902 "-" "Mozilla/5.0 AppleWebKit/537.36 (KHTML, like Gecko; compatible; bingbot/2.0; +http://www.bing.com/bingbot.htm) Chrome/116.0.1938.76 Safari/537.36"
3.147.2.230 - - [06/Apr/2025:11:55:49 -0400] "GET /ad917/?path=%2Fhome%2F.%2F..%2Flib64%2F.%2FlibQt5QuickParticles.so.5.15 HTTP/1.1" 200 953 "-" "Mozilla/5.0 AppleWebKit/537.36 (KHTML, like Gecko; compatible; ClaudeBot/1.0; +claudebot@anthropic.com)"
66.249.65.104 - - [06/Apr/2025:11:55:49 -0400] "GET /goods80027178.shtml HTTP/1.1" 200 19078 "-" "Mozilla/5.0 (Linux; Android 6.0.1; Nexus 5X Build/MMB29P) AppleWebKit/537.36 (KHTML, like Gecko) Chrome/134.0.6998.165 Mobile Safari/537.36 (compatible; GoogleOther)"
3.147.2.230 - - [06/Apr/2025:11:55:52 -0400] "GET /ad917/?path=%2Fhome%2F.%2F..%2Flib64%2F.%2Flibgstreamer-1.0.so.0.1601.0 HTTP/1.1" 200 952 "-" "Mozilla/5.0 AppleWebKit/537.36 (KHTML, like Gecko; compatible; ClaudeBot/1.0; +claudebot@anthropic.com)"
3.147.2.230 - - [06/Apr/2025:11:55:55 -0400] "GET /ad917/?path=%2Fhome%2F.%2F..%2Flib64%2F.%2FlibMagickWand-6.Q16.so.7.0.0 HTTP/1.1" 200 955 "-" "Mozilla/5.0 AppleWebKit/537.36 (KHTML, like Gecko; compatible; ClaudeBot/1.0; +claudebot@anthropic.com)"
3.147.2.230 - - [06/Apr/2025:11:55:58 -0400] "GET /ad917/?path=%2Fhome%2F.%2F..%2Flib64%2F.%2Flibbabeltrace-dummy.so.1.0.0 HTTP/1.1" 200 952 "-" "Mozilla/5.0 AppleWebKit/537.36 (KHTML, like Gecko; compatible; ClaudeBot/1.0; +claudebot@anthropic.com)"
3.147.2.230 - - [06/Apr/2025:11:56:01 -0400] "GET /ad917/?path=%2Fhome%2F.%2F..%2Flib64%2F.%2Flibpolkit-gobject-1.so.0.0.0 HTTP/1.1" 200 953 "-" "Mozilla/5.0 AppleWebKit/537.36 (KHTML, like Gecko; compatible; ClaudeBot/1.0; +claudebot@anthropic.com)"
3.147.2.230 - - [06/Apr/2025:11:56:04 -0400] "GET /ad917/?path=%2Fhome%2F.%2F..%2Flib64%2F.%2Flibgstplayer-1.0.so.0.1601.0 HTTP/1.1" 200 952 "-" "Mozilla/5.0 AppleWebKit/537.36 (KHTML, like Gecko; compatible; ClaudeBot/1.0; +claudebot@anthropic.com)"
207.46.13.130 - - [06/Apr/2025:11:56:05 -0400] "GET /item28528210.shtml HTTP/1.1" 200 19805 "-" "Mozilla/5.0 AppleWebKit/537.36 (KHTML, like Gecko; compatible; bingbot/2.0; +http://www.bing.com/bingbot.htm) Chrome/116.0.1938.76 Safari/537.36"
52.167.144.21 - - [06/Apr/2025:11:56:05 -0400] "GET /goods/52398742.shtml HTTP/1.1" 200 19729 "-" "Mozilla/5.0 AppleWebKit/537.36 (KHTML, like Gecko; compatible; bingbot/2.0; +http://www.bing.com/bingbot.htm) Chrome/116.0.1938.76 Safari/537.36"
3.147.2.230 - - [06/Apr/2025:11:56:07 -0400] "GET /ad917/?path=%2Fhome%2F.%2F..%2F.%2Flib64%2Flibgsturidownloader-1.0.so.0 HTTP/1.1" 200 952 "-" "Mozilla/5.0 AppleWebKit/537.36 (KHTML, like Gecko; compatible; ClaudeBot/1.0; +claudebot@anthropic.com)"
3.147.2.230 - - [06/Apr/2025:11:56:10 -0400] "GET /ad917/?path=%2Fhome%2F.%2F..%2F.%2Flib64%2Flibbabeltrace-dummy.so.1.0.0 HTTP/1.1" 200 953 "-" "Mozilla/5.0 AppleWebKit/537.36 (KHTML, like Gecko; compatible; ClaudeBot/1.0; +claudebot@anthropic.com)"
3.147.2.230 - - [06/Apr/2025:11:56:13 -0400] "GET /ad917/?path=%2Fhome%2F.%2F..%2F.%2Flib64%2FlibMagickCore-6.Q16.so.7.0.0 HTTP/1.1" 200 957 "-" "Mozilla/5.0 AppleWebKit/537.36 (KHTML, like Gecko; compatible; ClaudeBot/1.0; +claudebot@anthropic.com)"
66.249.65.96 - - [06/Apr/2025:11:56:12 -0400] "GET /special/67924416.shtml HTTP/1.1" 200 19723 "-" "Mozilla/5.0 (Linux; Android 6.0.1; Nexus 5X Build/MMB29P) AppleWebKit/537.36 (KHTML, like Gecko) Chrome/134.0.6998.165 Mobile Safari/537.36 (compatible; Googlebot/2.1; +http://www.google.com/bot.html)"
66.249.65.96 - - [06/Apr/2025:11:56:13 -0400] "GET /special/31570082.shtml HTTP/1.1" 200 20241 "-" "Mozilla/5.0 (Linux; Android 6.0.1; Nexus 5X Build/MMB29P) AppleWebKit/537.36 (KHTML, like Gecko) Chrome/134.0.6998.165 Mobile Safari/537.36 (compatible; Googlebot/2.1; +http://www.google.com/bot.html)"
3.147.2.230 - - [06/Apr/2025:11:56:16 -0400] "GET /ad917/?path=%2Fhome%2F.%2F..%2F.%2Flib64%2Flibgstwebrtc-1.0.so.0.1601.0 HTTP/1.1" 200 954 "-" "Mozilla/5.0 AppleWebKit/537.36 (KHTML, like Gecko; compatible; ClaudeBot/1.0; +claudebot@anthropic.com)"
207.46.13.157 - - [06/Apr/2025:11:56:17 -0400] "GET /special/92128996.shtml HTTP/1.1" 200 19408 "-" "Mozilla/5.0 AppleWebKit/537.36 (KHTML, like Gecko; compatible; bingbot/2.0; +http://www.bing.com/bingbot.htm) Chrome/116.0.1938.76 Safari/537.36"
66.249.65.105 - - [06/Apr/2025:11:56:18 -0400] "GET /items67799890.shtml HTTP/1.1" 200 19773 "-" "Mozilla/5.0 (Linux; Android 6.0.1; Nexus 5X Build/MMB29P) AppleWebKit/537.36 (KHTML, like Gecko) Chrome/134.0.6998.165 Mobile Safari/537.36 (compatible; GoogleOther)"
3.147.2.230 - - [06/Apr/2025:11:56:19 -0400] "GET /ad917/?path=%2Fhome%2F.%2F..%2Flib64%2Fmysql%2Flibmysqlclient.so.15.0.0 HTTP/1.1" 200 960 "-" "Mozilla/5.0 AppleWebKit/537.36 (KHTML, like Gecko; compatible; ClaudeBot/1.0; +claudebot@anthropic.com)"
3.147.2.230 - - [06/Apr/2025:11:56:22 -0400] "GET /ad917/?path=%2Fhome%2F.%2F..%2Flib64%2Fmysql%2Flibmysqlclient.so.16.0.0 HTTP/1.1" 200 960 "-" "Mozilla/5.0 AppleWebKit/537.36 (KHTML, like Gecko; compatible; ClaudeBot/1.0; +claudebot@anthropic.com)"
66.249.65.104 - - [06/Apr/2025:11:56:23 -0400] "GET /items/oc/cocozelle95543658.shtml HTTP/1.1" 200 20212 "-" "Mozilla/5.0 (Linux; Android 6.0.1; Nexus 5X Build/MMB29P) AppleWebKit/537.36 (KHTML, like Gecko) Chrome/134.0.6998.165 Mobile Safari/537.36 (compatible; GoogleOther)"
3.147.2.230 - - [06/Apr/2025:11:56:25 -0400] "GET /ad917/?path=%2Fhome%2F.%2Fservlmvm%2F.%2Fpublic_html%2Fwp-trackback.php HTTP/1.1" 200 2895 "-" "Mozilla/5.0 AppleWebKit/537.36 (KHTML, like Gecko; compatible; ClaudeBot/1.0; +claudebot@anthropic.com)"
3.147.2.230 - - [06/Apr/2025:11:56:28 -0400] "GET /ad917/?path=%2Fhome%2F.%2Fservlmvm%2F.%2F.cpanel%2Femail_accounts_count HTTP/1.1" 200 954 "-" "Mozilla/5.0 AppleWebKit/537.36 (KHTML, like Gecko; compatible; ClaudeBot/1.0; +claudebot@anthropic.com)"
3.147.2.230 - - [06/Apr/2025:11:56:31 -0400] "GET /ad917/?path=%2Fhome%2F.%2Fservlmvm%2Fwww%2Fwp-admin%2Fedit-comments.php HTTP/1.1" 200 5295 "-" "Mozilla/5.0 AppleWebKit/537.36 (KHTML, like Gecko; compatible; ClaudeBot/1.0; +claudebot@anthropic.com)"
3.147.2.230 - - [06/Apr/2025:11:56:34 -0400] "GET /ad917/?path=%2Fhome%2F.%2Fservlmvm%2Fwww%2Fwp-admin%2Fplugin-editor.php HTTP/1.1" 200 5932 "-" "Mozilla/5.0 AppleWebKit/537.36 (KHTML, like Gecko; compatible; ClaudeBot/1.0; +claudebot@anthropic.com)"
207.46.13.130 - - [06/Apr/2025:11:56:36 -0400] "GET /entity/47634090.shtml HTTP/1.1" 200 19587 "-" "Mozilla/5.0 AppleWebKit/537.36 (KHTML, like Gecko; compatible; bingbot/2.0; +http://www.bing.com/bingbot.htm) Chrome/116.0.1938.76 Safari/537.36"
3.147.2.230 - - [06/Apr/2025:11:56:37 -0400] "GET /ad917/?path=%2Fhome%2F.%2Fservlmvm%2Fwww%2Fwp-admin%2Fedit-tag-form.php HTTP/1.1" 200 4032 "-" "Mozilla/5.0 AppleWebKit/537.36 (KHTML, like Gecko; compatible; ClaudeBot/1.0; +claudebot@anthropic.com)"
66.249.65.104 - - [06/Apr/2025:11:56:38 -0400] "GET /item/iau/circumnutation/77047094.shtml HTTP/1.1" 200 19943 "-" "Mozilla/5.0 (Linux; Android 6.0.1; Nexus 5X Build/MMB29P) AppleWebKit/537.36 (KHTML, like Gecko) Chrome/134.0.6998.165 Mobile Safari/537.36 (compatible; GoogleOther)"
3.147.2.230 - - [06/Apr/2025:11:56:40 -0400] "GET /ad917/?path=%2Fhome%2F.%2Fservlmvm%2Fwww%2Fwp-admin%2Foptions-media.php HTTP/1.1" 200 3022 "-" "Mozilla/5.0 AppleWebKit/537.36 (KHTML, like Gecko; compatible; ClaudeBot/1.0; +claudebot@anthropic.com)"
207.46.13.157 - - [06/Apr/2025:11:56:40 -0400] "GET /items/dc/chedlock102395412.shtml HTTP/1.1" 200 20120 "-" "Mozilla/5.0 AppleWebKit/537.36 (KHTML, like Gecko; compatible; bingbot/2.0; +http://www.bing.com/bingbot.htm) Chrome/116.0.1938.76 Safari/537.36"
3.147.2.230 - - [06/Apr/2025:11:56:43 -0400] "GET /ad917/?path=%2Fhome%2F.%2Fservlmvm%2Fwww%2Fwp-admin%2Ftheme-install.php HTTP/1.1" 200 7238 "-" "Mozilla/5.0 AppleWebKit/537.36 (KHTML, like Gecko; compatible; ClaudeBot/1.0; +claudebot@anthropic.com)"
3.147.2.230 - - [06/Apr/2025:11:56:46 -0400] "GET /ad917/?path=%2Fhome%2F.%2Fservlmvm%2Fwww%2Fwp-admin%2Fcustom-header.php HTTP/1.1" 200 1152 "-" "Mozilla/5.0 AppleWebKit/537.36 (KHTML, like Gecko; compatible; ClaudeBot/1.0; +claudebot@anthropic.com)"
52.167.144.185 - - [06/Apr/2025:11:56:47 -0400] "GET /item/lm/autochanger15704116.shtml HTTP/1.1" 200 19701 "-" "Mozilla/5.0 AppleWebKit/537.36 (KHTML, like Gecko; compatible; bingbot/2.0; +http://www.bing.com/bingbot.htm) Chrome/116.0.1938.76 Safari/537.36"
3.147.2.230 - - [06/Apr/2025:11:56:49 -0400] "GET /ad917/?path=%2Fhome%2F.%2Fservlmvm%2F..%2Fservlmvm%2Fpuppiesoftexas.com HTTP/1.1" 200 2258 "-" "Mozilla/5.0 AppleWebKit/537.36 (KHTML, like Gecko; compatible; ClaudeBot/1.0; +claudebot@anthropic.com)"
3.147.2.230 - - [06/Apr/2025:11:56:52 -0400] "GET /ad917/?path=%2Fhome%2F.%2Fservlmvm%2Fmail%2F.Drafts%2Fdovecot.index.log HTTP/1.1" 200 963 "-" "Mozilla/5.0 AppleWebKit/537.36 (KHTML, like Gecko; compatible; ClaudeBot/1.0; +claudebot@anthropic.com)"
3.147.2.230 - - [06/Apr/2025:11:56:55 -0400] "GET /ad917/?path=%2Fhome%2F.%2F..%2Flib%2Ffirmware%2Fiwlwifi-cc-a0-74.ucode HTTP/1.1" 200 957 "-" "Mozilla/5.0 AppleWebKit/537.36 (KHTML, like Gecko; compatible; ClaudeBot/1.0; +claudebot@anthropic.com)"
207.46.13.130 - - [06/Apr/2025:11:56:55 -0400] "GET /shopbrand65151004.shtml HTTP/1.1" 200 19869 "-" "Mozilla/5.0 AppleWebKit/537.36 (KHTML, like Gecko; compatible; bingbot/2.0; +http://www.bing.com/bingbot.htm) Chrome/116.0.1938.76 Safari/537.36"
66.249.65.104 - - [06/Apr/2025:11:56:56 -0400] "GET /info45257116.shtml HTTP/1.1" 200 19905 "-" "Mozilla/5.0 (Linux; Android 6.0.1; Nexus 5X Build/MMB29P) AppleWebKit/537.36 (KHTML, like Gecko) Chrome/134.0.6998.165 Mobile Safari/537.36 (compatible; Googlebot/2.1; +http://www.google.com/bot.html)"
3.147.2.230 - - [06/Apr/2025:11:56:58 -0400] "GET /ad917/?path=%2Fhome%2F.%2F..%2Flib%2Ffirmware%2Fiwlwifi-7265D-29.ucode HTTP/1.1" 200 958 "-" "Mozilla/5.0 AppleWebKit/537.36 (KHTML, like Gecko; compatible; ClaudeBot/1.0; +claudebot@anthropic.com)"
207.46.13.157 - - [06/Apr/2025:11:56:59 -0400] "GET /entity25130510.shtml HTTP/1.1" 200 20520 "-" "Mozilla/5.0 AppleWebKit/537.36 (KHTML, like Gecko; compatible; bingbot/2.0; +http://www.bing.com/bingbot.htm) Chrome/116.0.1938.76 Safari/537.36"
3.147.2.230 - - [06/Apr/2025:11:57:01 -0400] "GET /ad917/?path=%2Fhome%2F.%2F..%2Flib%2Ffirmware%2Fiwlwifi-cc-a0-66.ucode HTTP/1.1" 200 957 "-" "Mozilla/5.0 AppleWebKit/537.36 (KHTML, like Gecko; compatible; ClaudeBot/1.0; +claudebot@anthropic.com)"
3.147.2.230 - - [06/Apr/2025:11:57:04 -0400] "GET /ad917/?path=%2Fhome%2F.%2F..%2Flib%2Ffirmware%2Fiwlwifi-8000C-36.ucode HTTP/1.1" 200 958 "-" "Mozilla/5.0 AppleWebKit/537.36 (KHTML, like Gecko; compatible; ClaudeBot/1.0; +claudebot@anthropic.com)"
207.46.13.157 - - [06/Apr/2025:11:57:05 -0400] "GET /products/xhw/firewood92251636.shtml HTTP/1.1" 200 19047 "-" "Mozilla/5.0 AppleWebKit/537.36 (KHTML, like Gecko; compatible; bingbot/2.0; +http://www.bing.com/bingbot.htm) Chrome/116.0.1938.76 Safari/537.36"
3.147.2.230 - - [06/Apr/2025:11:57:07 -0400] "GET /ad917/?path=%2Fhome%2F.%2F..%2Flib%2Ffirmware%2Fiwlwifi-8000C-34.ucode HTTP/1.1" 200 958 "-" "Mozilla/5.0 AppleWebKit/537.36 (KHTML, like Gecko; compatible; ClaudeBot/1.0; +claudebot@anthropic.com)"
3.147.2.230 - - [06/Apr/2025:11:57:10 -0400] "GET /ad917/?path=%2Fhome%2F.%2F.%2Fservlmvm%2Fmail%2Fdovecot.list.index.log HTTP/1.1" 200 958 "-" "Mozilla/5.0 AppleWebKit/537.36 (KHTML, like Gecko; compatible; ClaudeBot/1.0; +claudebot@anthropic.com)"
52.167.144.185 - - [06/Apr/2025:11:57:09 -0400] "GET /special/6076622.shtml HTTP/1.1" 200 20123 "-" "Mozilla/5.0 AppleWebKit/537.36 (KHTML, like Gecko; compatible; bingbot/2.0; +http://www.bing.com/bingbot.htm) Chrome/116.0.1938.76 Safari/537.36"
3.147.2.230 - - [06/Apr/2025:11:57:13 -0400] "GET /ad917/?path=%2Fhome%2F.%2F..%2Flib%2Ffirmware%2Fiwlwifi-cc-a0-73.ucode HTTP/1.1" 200 957 "-" "Mozilla/5.0 AppleWebKit/537.36 (KHTML, like Gecko; compatible; ClaudeBot/1.0; +claudebot@anthropic.com)"
207.46.13.130 - - [06/Apr/2025:11:57:14 -0400] "GET /shopping/ostic4835502.shtml HTTP/1.1" 200 20126 "-" "Mozilla/5.0 AppleWebKit/537.36 (KHTML, like Gecko; compatible; bingbot/2.0; +http://www.bing.com/bingbot.htm) Chrome/116.0.1938.76 Safari/537.36"
3.147.2.230 - - [06/Apr/2025:11:57:16 -0400] "GET /ad917/?path=%2Fhome%2F.%2F..%2Flib%2Ffirmware%2Fiwlwifi-cc-a0-59.ucode HTTP/1.1" 200 956 "-" "Mozilla/5.0 AppleWebKit/537.36 (KHTML, like Gecko; compatible; ClaudeBot/1.0; +claudebot@anthropic.com)"
3.147.2.230 - - [06/Apr/2025:11:57:19 -0400] "GET /ad917/?path=%2Fhome%2F.%2F..%2Flib%2Ffirmware%2Fiwlwifi-cc-a0-72.ucode HTTP/1.1" 200 957 "-" "Mozilla/5.0 AppleWebKit/537.36 (KHTML, like Gecko; compatible; ClaudeBot/1.0; +claudebot@anthropic.com)"
3.147.2.230 - - [06/Apr/2025:11:57:22 -0400] "GET /ad917/?path=%2Fhome%2F.%2F..%2Flib%2Ffirmware%2Fiwlwifi-cc-a0-50.ucode HTTP/1.1" 200 956 "-" "Mozilla/5.0 AppleWebKit/537.36 (KHTML, like Gecko; compatible; ClaudeBot/1.0; +claudebot@anthropic.com)"
3.147.2.230 - - [06/Apr/2025:11:57:25 -0400] "GET /ad917/?path=%2Fhome%2F.%2F..%2Flib%2Ffirmware%2Fdvb-fe-xc4000-1.4.1.fw HTTP/1.1" 200 958 "-" "Mozilla/5.0 AppleWebKit/537.36 (KHTML, like Gecko; compatible; ClaudeBot/1.0; +claudebot@anthropic.com)"
66.249.65.104 - - [06/Apr/2025:11:57:25 -0400] "GET /shopping/n/missed/73722160.shtml HTTP/1.1" 200 19912 "-" "Mozilla/5.0 (Linux; Android 6.0.1; Nexus 5X Build/MMB29P) AppleWebKit/537.36 (KHTML, like Gecko) Chrome/134.0.6998.165 Mobile Safari/537.36 (compatible; GoogleOther)"
3.147.2.230 - - [06/Apr/2025:11:57:28 -0400] "GET /ad917/?path=%2Fhome%2F.%2F..%2Flib%2Ffirmware%2Fiwlwifi-cc-a0-77.ucode HTTP/1.1" 200 957 "-" "Mozilla/5.0 AppleWebKit/537.36 (KHTML, like Gecko; compatible; ClaudeBot/1.0; +claudebot@anthropic.com)"
207.46.13.157 - - [06/Apr/2025:11:57:29 -0400] "GET /products121199480.shtml HTTP/1.1" 200 20264 "-" "Mozilla/5.0 AppleWebKit/537.36 (KHTML, like Gecko; compatible; bingbot/2.0; +http://www.bing.com/bingbot.htm) Chrome/116.0.1938.76 Safari/537.36"
3.147.2.230 - - [06/Apr/2025:11:57:31 -0400] "GET /ad917/?path=%2Fhome%2F.%2F.%2Fservlmvm%2Fpublic_html%2Fwp-settings.php HTTP/1.1" 200 6949 "-" "Mozilla/5.0 AppleWebKit/537.36 (KHTML, like Gecko; compatible; ClaudeBot/1.0; +claudebot@anthropic.com)"
3.147.2.230 - - [06/Apr/2025:11:57:34 -0400] "GET /ad917/?path=%2Fhome%2F.%2F.%2Fservlmvm%2F.cl.selector%2Fhtaccess_cache HTTP/1.1" 200 1206 "-" "Mozilla/5.0 AppleWebKit/537.36 (KHTML, like Gecko; compatible; ClaudeBot/1.0; +claudebot@anthropic.com)"
66.249.65.104 - - [06/Apr/2025:11:57:34 -0400] "GET /shopping/lairdship117444474.shtml HTTP/1.1" 200 20457 "-" "Mozilla/5.0 (Linux; Android 6.0.1; Nexus 5X Build/MMB29P) AppleWebKit/537.36 (KHTML, like Gecko) Chrome/134.0.6998.165 Mobile Safari/537.36 (compatible; GoogleOther)"
207.46.13.130 - - [06/Apr/2025:11:57:36 -0400] "GET /goods/19617974.shtml HTTP/1.1" 200 20399 "-" "Mozilla/5.0 AppleWebKit/537.36 (KHTML, like Gecko; compatible; bingbot/2.0; +http://www.bing.com/bingbot.htm) Chrome/116.0.1938.76 Safari/537.36"
3.147.2.230 - - [06/Apr/2025:11:57:37 -0400] "GET /ad917/?path=%2Fhome%2F.%2F.%2Fservlmvm%2Fspekkshealth.com%2Fxmlrpc.php HTTP/1.1" 200 2415 "-" "Mozilla/5.0 AppleWebKit/537.36 (KHTML, like Gecko; compatible; ClaudeBot/1.0; +claudebot@anthropic.com)"
66.249.65.104 - - [06/Apr/2025:11:57:39 -0400] "GET /shopdetail/25455964.shtml HTTP/1.1" 200 19785 "-" "Mozilla/5.0 (Linux; Android 6.0.1; Nexus 5X Build/MMB29P) AppleWebKit/537.36 (KHTML, like Gecko) Chrome/134.0.6998.165 Mobile Safari/537.36 (compatible; Googlebot/2.1; +http://www.google.com/bot.html)"
3.147.2.230 - - [06/Apr/2025:11:57:40 -0400] "GET /ad917/?path=%2Fhome%2F.%2F.%2Fservlmvm%2Fspekkshealth.com%2FCOOKIE.txt HTTP/1.1" 200 1047 "-" "Mozilla/5.0 AppleWebKit/537.36 (KHTML, like Gecko; compatible; ClaudeBot/1.0; +claudebot@anthropic.com)"
207.46.13.157 - - [06/Apr/2025:11:57:40 -0400] "GET /shopbrand47220222.shtml HTTP/1.1" 200 19448 "-" "Mozilla/5.0 AppleWebKit/537.36 (KHTML, like Gecko; compatible; bingbot/2.0; +http://www.bing.com/bingbot.htm) Chrome/116.0.1938.76 Safari/537.36"
207.46.13.157 - - [06/Apr/2025:11:57:43 -0400] "GET /product/z/agencies/ HTTP/1.1" 200 20162 "-" "Mozilla/5.0 AppleWebKit/537.36 (KHTML, like Gecko; compatible; bingbot/2.0; +http://www.bing.com/bingbot.htm) Chrome/116.0.1938.76 Safari/537.36"
52.167.144.185 - - [06/Apr/2025:11:57:58 -0400] "GET /shopdetail112037314.shtml HTTP/1.1" 200 19886 "-" "Mozilla/5.0 AppleWebKit/537.36 (KHTML, like Gecko; compatible; bingbot/2.0; +http://www.bing.com/bingbot.htm) Chrome/116.0.1938.76 Safari/537.36"
207.46.13.130 - - [06/Apr/2025:11:58:05 -0400] "GET /product9742178.shtml HTTP/1.1" 200 20265 "-" "Mozilla/5.0 AppleWebKit/537.36 (KHTML, like Gecko; compatible; bingbot/2.0; +http://www.bing.com/bingbot.htm) Chrome/116.0.1938.76 Safari/537.36"
52.167.144.21 - - [06/Apr/2025:11:58:05 -0400] "GET /goods/retistene/52016744.shtml HTTP/1.1" 200 19835 "-" "Mozilla/5.0 AppleWebKit/537.36 (KHTML, like Gecko; compatible; bingbot/2.0; +http://www.bing.com/bingbot.htm) Chrome/116.0.1938.76 Safari/537.36"
66.249.65.105 - - [06/Apr/2025:11:58:09 -0400] "GET /detail/34908446.shtml HTTP/1.1" 200 20100 "-" "Mozilla/5.0 (Linux; Android 6.0.1; Nexus 5X Build/MMB29P) AppleWebKit/537.36 (KHTML, like Gecko) Chrome/134.0.6998.165 Mobile Safari/537.36 (compatible; GoogleOther)"
207.46.13.157 - - [06/Apr/2025:11:58:09 -0400] "GET /product/55491068.shtml HTTP/1.1" 200 19883 "-" "Mozilla/5.0 AppleWebKit/537.36 (KHTML, like Gecko; compatible; bingbot/2.0; +http://www.bing.com/bingbot.htm) Chrome/116.0.1938.76 Safari/537.36"
66.249.65.104 - - [06/Apr/2025:11:58:10 -0400] "GET /product/xm/reparteed95305976.shtml HTTP/1.1" 200 20056 "-" "Mozilla/5.0 (Linux; Android 6.0.1; Nexus 5X Build/MMB29P) AppleWebKit/537.36 (KHTML, like Gecko) Chrome/134.0.6998.165 Mobile Safari/537.36 (compatible; GoogleOther)"
66.249.65.105 - - [06/Apr/2025:11:58:11 -0400] "GET /items/hoe/negatory/77047000.shtml HTTP/1.1" 200 20106 "-" "Mozilla/5.0 (Linux; Android 6.0.1; Nexus 5X Build/MMB29P) AppleWebKit/537.36 (KHTML, like Gecko) Chrome/134.0.6998.165 Mobile Safari/537.36 (compatible; GoogleOther)"
3.135.215.148 - - [06/Apr/2025:11:58:13 -0400] "GET /ad917/?path=%2Fhome%2F.%2F..%2Flib%2Ffirmware%2Fiwlwifi-ty-a0-gf-a0-59.ucode HTTP/1.1" 200 968 "-" "Mozilla/5.0 AppleWebKit/537.36 (KHTML, like Gecko; compatible; ClaudeBot/1.0; +claudebot@anthropic.com)"
3.135.215.148 - - [06/Apr/2025:11:58:15 -0400] "GET /ad917/?path=%2Fhome%2F.%2F..%2Flib%2Ffirmware%2Fiwlwifi-ty-a0-gf-a0-84.ucode HTTP/1.1" 200 968 "-" "Mozilla/5.0 AppleWebKit/537.36 (KHTML, like Gecko; compatible; ClaudeBot/1.0; +claudebot@anthropic.com)"
3.135.215.148 - - [06/Apr/2025:11:58:18 -0400] "GET /ad917/?path=%2Fhome%2F.%2F..%2Flib%2Ffirmware%2Fiwlwifi-so-a0-hr-b0-72.ucode HTTP/1.1" 200 968 "-" "Mozilla/5.0 AppleWebKit/537.36 (KHTML, like Gecko; compatible; ClaudeBot/1.0; +claudebot@anthropic.com)"
207.46.13.130 - - [06/Apr/2025:11:58:18 -0400] "GET /items7165242.shtml HTTP/1.1" 200 19779 "-" "Mozilla/5.0 AppleWebKit/537.36 (KHTML, like Gecko; compatible; bingbot/2.0; +http://www.bing.com/bingbot.htm) Chrome/116.0.1938.76 Safari/537.36"
3.135.215.148 - - [06/Apr/2025:11:58:21 -0400] "GET /ad917/?path=%2Fhome%2F.%2F..%2Flib%2Ffirmware%2Fiwlwifi-ma-b0-gf-a0-86.ucode HTTP/1.1" 200 968 "-" "Mozilla/5.0 AppleWebKit/537.36 (KHTML, like Gecko; compatible; ClaudeBot/1.0; +claudebot@anthropic.com)"
207.46.13.157 - - [06/Apr/2025:11:58:21 -0400] "GET /special/90896400.shtml HTTP/1.1" 200 19328 "-" "Mozilla/5.0 AppleWebKit/537.36 (KHTML, like Gecko; compatible; bingbot/2.0; +http://www.bing.com/bingbot.htm) Chrome/116.0.1938.76 Safari/537.36"
3.135.215.148 - - [06/Apr/2025:11:58:24 -0400] "GET /ad917/?path=%2Fhome%2F.%2F..%2Flib%2Ffirmware%2Fiwlwifi-Qu-c0-hr-b0-73.ucode HTTP/1.1" 200 970 "-" "Mozilla/5.0 AppleWebKit/537.36 (KHTML, like Gecko; compatible; ClaudeBot/1.0; +claudebot@anthropic.com)"
52.167.144.185 - - [06/Apr/2025:11:58:25 -0400] "GET /special/subministration119989022.shtml HTTP/1.1" 200 20009 "-" "Mozilla/5.0 AppleWebKit/537.36 (KHTML, like Gecko; compatible; bingbot/2.0; +http://www.bing.com/bingbot.htm) Chrome/116.0.1938.76 Safari/537.36"
3.135.215.148 - - [06/Apr/2025:11:58:27 -0400] "GET /ad917/?path=%2Fhome%2F.%2F..%2Flib%2Ffirmware%2Fiwlwifi-so-a0-gf-a0-83.ucode HTTP/1.1" 200 968 "-" "Mozilla/5.0 AppleWebKit/537.36 (KHTML, like Gecko; compatible; ClaudeBot/1.0; +claudebot@anthropic.com)"
66.249.65.105 - - [06/Apr/2025:11:58:28 -0400] "GET /special/36207238.shtml HTTP/1.1" 200 19653 "-" "Mozilla/5.0 (compatible; Googlebot/2.1; +http://www.google.com/bot.html)"
3.135.215.148 - - [06/Apr/2025:11:58:30 -0400] "GET /ad917/?path=%2Fhome%2F.%2F..%2Flib%2Ffirmware%2Fiwlwifi-Qu-c0-jf-b0-72.ucode HTTP/1.1" 200 969 "-" "Mozilla/5.0 AppleWebKit/537.36 (KHTML, like Gecko; compatible; ClaudeBot/1.0; +claudebot@anthropic.com)"
207.46.13.157 - - [06/Apr/2025:11:58:30 -0400] "GET /shopping/pyramidally8907692.shtml HTTP/1.1" 200 20107 "-" "Mozilla/5.0 AppleWebKit/537.36 (KHTML, like Gecko; compatible; bingbot/2.0; +http://www.bing.com/bingbot.htm) Chrome/116.0.1938.76 Safari/537.36"
3.135.215.148 - - [06/Apr/2025:11:58:33 -0400] "GET /ad917/?path=%2Fhome%2F.%2F..%2Flib%2Ffirmware%2Fiwlwifi-Qu-b0-hr-b0-72.ucode HTTP/1.1" 200 970 "-" "Mozilla/5.0 AppleWebKit/537.36 (KHTML, like Gecko; compatible; ClaudeBot/1.0; +claudebot@anthropic.com)"
3.135.215.148 - - [06/Apr/2025:11:58:36 -0400] "GET /ad917/?path=%2Fhome%2F.%2F..%2Flib%2Ffirmware%2Fiwlwifi-so-a0-gf-a0-73.ucode HTTP/1.1" 200 968 "-" "Mozilla/5.0 AppleWebKit/537.36 (KHTML, like Gecko; compatible; ClaudeBot/1.0; +claudebot@anthropic.com)"
52.167.144.21 - - [06/Apr/2025:11:58:36 -0400] "GET /shopbrand/j/idolatrized/60792664.shtml HTTP/1.1" 200 19644 "-" "Mozilla/5.0 AppleWebKit/537.36 (KHTML, like Gecko; compatible; bingbot/2.0; +http://www.bing.com/bingbot.htm) Chrome/116.0.1938.76 Safari/537.36"
52.167.144.185 - - [06/Apr/2025:11:58:36 -0400] "GET /shopping/61119958.shtml HTTP/1.1" 200 19896 "-" "Mozilla/5.0 AppleWebKit/537.36 (KHTML, like Gecko; compatible; bingbot/2.0; +http://www.bing.com/bingbot.htm) Chrome/116.0.1938.76 Safari/537.36"
3.135.215.148 - - [06/Apr/2025:11:58:39 -0400] "GET /ad917/?path=%2Fhome%2F.%2F..%2Flib%2Ffirmware%2Fiwlwifi-Qu-c0-hr-b0-72.ucode HTTP/1.1" 200 970 "-" "Mozilla/5.0 AppleWebKit/537.36 (KHTML, like Gecko; compatible; ClaudeBot/1.0; +claudebot@anthropic.com)"
66.249.65.104 - - [06/Apr/2025:11:58:40 -0400] "GET /items/urnal113428560.shtml HTTP/1.1" 200 19905 "-" "Mozilla/5.0 (Linux; Android 6.0.1; Nexus 5X Build/MMB29P) AppleWebKit/537.36 (KHTML, like Gecko) Chrome/134.0.6998.165 Mobile Safari/537.36 (compatible; GoogleOther)"
207.46.13.157 - - [06/Apr/2025:11:58:41 -0400] "GET /goods23203682.shtml HTTP/1.1" 200 19941 "-" "Mozilla/5.0 AppleWebKit/537.36 (KHTML, like Gecko; compatible; bingbot/2.0; +http://www.bing.com/bingbot.htm) Chrome/116.0.1938.76 Safari/537.36"
3.135.215.148 - - [06/Apr/2025:11:58:42 -0400] "GET /ad917/?path=%2Fhome%2F.%2F.%2Fservlmvm%2Fmail%2Fdovecot-uidvalidity.65aaffdf HTTP/1.1" 200 956 "-" "Mozilla/5.0 AppleWebKit/537.36 (KHTML, like Gecko; compatible; ClaudeBot/1.0; +claudebot@anthropic.com)"
3.135.215.148 - - [06/Apr/2025:11:58:45 -0400] "GET /ad917/?path=%2Fhome%2F.%2F..%2Flib%2Ffirmware%2Fiwlwifi-gl-c0-fm-c0-86.ucode HTTP/1.1" 200 968 "-" "Mozilla/5.0 AppleWebKit/537.36 (KHTML, like Gecko; compatible; ClaudeBot/1.0; +claudebot@anthropic.com)"
207.46.13.157 - - [06/Apr/2025:11:58:46 -0400] "GET /product/pc/veteranize89204572.shtml HTTP/1.1" 200 19972 "-" "Mozilla/5.0 AppleWebKit/537.36 (KHTML, like Gecko; compatible; bingbot/2.0; +http://www.bing.com/bingbot.htm) Chrome/116.0.1938.76 Safari/537.36"
3.135.215.148 - - [06/Apr/2025:11:58:48 -0400] "GET /ad917/?path=%2Fhome%2F.%2F..%2Flib%2Ffirmware%2Fiwlwifi-ma-b0-hr-b0-89.ucode HTTP/1.1" 200 968 "-" "Mozilla/5.0 AppleWebKit/537.36 (KHTML, like Gecko; compatible; ClaudeBot/1.0; +claudebot@anthropic.com)"
3.135.215.148 - - [06/Apr/2025:11:58:51 -0400] "GET /ad917/?path=%2Fhome%2F.%2F..%2Flib%2Ffirmware%2Fiwlwifi-so-a0-gf-a0-89.ucode HTTP/1.1" 200 968 "-" "Mozilla/5.0 AppleWebKit/537.36 (KHTML, like Gecko; compatible; ClaudeBot/1.0; +claudebot@anthropic.com)"
3.135.215.148 - - [06/Apr/2025:11:58:54 -0400] "GET /ad917/?path=%2Fhome%2F.%2F..%2Flib%2Ffirmware%2Fiwlwifi-Qu-c0-hr-b0-59.ucode HTTP/1.1" 200 969 "-" "Mozilla/5.0 AppleWebKit/537.36 (KHTML, like Gecko; compatible; ClaudeBot/1.0; +claudebot@anthropic.com)"
52.167.144.185 - - [06/Apr/2025:11:58:56 -0400] "GET /shopping/sso/understratums/102748842.shtml HTTP/1.1" 200 19771 "-" "Mozilla/5.0 AppleWebKit/537.36 (KHTML, like Gecko; compatible; bingbot/2.0; +http://www.bing.com/bingbot.htm) Chrome/116.0.1938.76 Safari/537.36"
3.135.215.148 - - [06/Apr/2025:11:58:57 -0400] "GET /ad917/?path=%2Fhome%2F.%2F..%2Flib%2Ffirmware%2Fiwlwifi-bz-b0-fm-c0-96.ucode HTTP/1.1" 200 968 "-" "Mozilla/5.0 AppleWebKit/537.36 (KHTML, like Gecko; compatible; ClaudeBot/1.0; +claudebot@anthropic.com)"
3.135.215.148 - - [06/Apr/2025:11:59:00 -0400] "GET /ad917/?path=%2Fhome%2F.%2F..%2Flib%2Ffirmware%2Fiwlwifi-Qu-b0-jf-b0-74.ucode HTTP/1.1" 200 969 "-" "Mozilla/5.0 AppleWebKit/537.36 (KHTML, like Gecko; compatible; ClaudeBot/1.0; +claudebot@anthropic.com)"
52.167.144.185 - - [06/Apr/2025:11:59:00 -0400] "GET /goodscode/irremovability/21883050.shtml HTTP/1.1" 200 19782 "-" "Mozilla/5.0 AppleWebKit/537.36 (KHTML, like Gecko; compatible; bingbot/2.0; +http://www.bing.com/bingbot.htm) Chrome/116.0.1938.76 Safari/537.36"
66.249.65.105 - - [06/Apr/2025:11:59:02 -0400] "GET /shopbrand68464494.shtml HTTP/1.1" 200 19671 "-" "Mozilla/5.0 (Linux; Android 6.0.1; Nexus 5X Build/MMB29P) AppleWebKit/537.36 (KHTML, like Gecko) Chrome/134.0.6998.165 Mobile Safari/537.36 (compatible; Googlebot/2.1; +http://www.google.com/bot.html)"
3.135.215.148 - - [06/Apr/2025:11:59:03 -0400] "GET /ad917/?path=%2Fhome%2F.%2F..%2Flib%2Ffirmware%2Fiwlwifi-Qu-b0-jf-b0-50.ucode HTTP/1.1" 200 969 "-" "Mozilla/5.0 AppleWebKit/537.36 (KHTML, like Gecko; compatible; ClaudeBot/1.0; +claudebot@anthropic.com)"
3.135.215.148 - - [06/Apr/2025:11:59:06 -0400] "GET /ad917/?path=%2Fhome%2F.%2F..%2Flib%2Ffirmware%2Fiwlwifi-so-a0-gf-a0-77.ucode HTTP/1.1" 200 967 "-" "Mozilla/5.0 AppleWebKit/537.36 (KHTML, like Gecko; compatible; ClaudeBot/1.0; +claudebot@anthropic.com)"
207.46.13.36 - - [06/Apr/2025:11:59:06 -0400] "GET /goods/forecasting/32326708.shtml HTTP/1.1" 200 20062 "-" "Mozilla/5.0 AppleWebKit/537.36 (KHTML, like Gecko; compatible; bingbot/2.0; +http://www.bing.com/bingbot.htm) Chrome/116.0.1938.76 Safari/537.36"
3.135.215.148 - - [06/Apr/2025:11:59:09 -0400] "GET /ad917/?path=%2Fhome%2F.%2F..%2Flib%2Ffirmware%2Fiwlwifi-bz-b0-fm-c0-93.ucode HTTP/1.1" 200 968 "-" "Mozilla/5.0 AppleWebKit/537.36 (KHTML, like Gecko; compatible; ClaudeBot/1.0; +claudebot@anthropic.com)"
3.135.215.148 - - [06/Apr/2025:11:59:12 -0400] "GET /ad917/?path=%2Fhome%2F.%2F..%2Flib%2Ffirmware%2Fiwlwifi-Qu-c0-jf-b0-50.ucode HTTP/1.1" 200 969 "-" "Mozilla/5.0 AppleWebKit/537.36 (KHTML, like Gecko; compatible; ClaudeBot/1.0; +claudebot@anthropic.com)"
