207.46.13.86 - - [06/Apr/2025:09:30:41 -0400] "GET /product/t/botanology/43304752.shtml HTTP/1.1" 200 20292 "-" "Mozilla/5.0 AppleWebKit/537.36 (KHTML, like Gecko; compatible; bingbot/2.0; +http://www.bing.com/bingbot.htm) Chrome/116.0.1938.76 Safari/537.36"
40.77.167.67 - - [06/Apr/2025:09:30:41 -0400] "GET /products/75687974.shtml HTTP/1.1" 200 19914 "-" "Mozilla/5.0 AppleWebKit/537.36 (KHTML, like Gecko; compatible; bingbot/2.0; +http://www.bing.com/bingbot.htm) Chrome/116.0.1938.76 Safari/537.36"
18.216.105.175 - - [06/Apr/2025:09:30:42 -0400] "GET /ad917/?path=%2Fhome%2F.%2F..%2Fproc%2Firq%2F81 HTTP/1.1" 200 1705 "-" "Mozilla/5.0 AppleWebKit/537.36 (KHTML, like Gecko; compatible; ClaudeBot/1.0; +claudebot@anthropic.com)"
66.249.65.105 - - [06/Apr/2025:09:30:44 -0400] "GET /goods/vcq/boxes/72302896.shtml HTTP/1.1" 200 19823 "-" "Mozilla/5.0 (Linux; Android 6.0.1; Nexus 5X Build/MMB29P) AppleWebKit/537.36 (KHTML, like Gecko) Chrome/134.0.6998.165 Mobile Safari/537.36 (compatible; GoogleOther)"
18.216.105.175 - - [06/Apr/2025:09:30:45 -0400] "GET /ad917/?path=%2Fhome%2F.%2F..%2Fproc%2Firq%2F57 HTTP/1.1" 200 1707 "-" "Mozilla/5.0 AppleWebKit/537.36 (KHTML, like Gecko; compatible; ClaudeBot/1.0; +claudebot@anthropic.com)"
66.249.65.105 - - [06/Apr/2025:09:30:45 -0400] "GET /detail/26585664.shtml HTTP/1.1" 200 20173 "-" "Mozilla/5.0 (Linux; Android 6.0.1; Nexus 5X Build/MMB29P) AppleWebKit/537.36 (KHTML, like Gecko) Chrome/134.0.6998.165 Mobile Safari/537.36 (compatible; Googlebot/2.1; +http://www.google.com/bot.html)"
66.249.65.104 - - [06/Apr/2025:09:30:45 -0400] "GET /info52253774.shtml HTTP/1.1" 200 19952 "-" "Mozilla/5.0 (Linux; Android 6.0.1; Nexus 5X Build/MMB29P) AppleWebKit/537.36 (KHTML, like Gecko) Chrome/134.0.6998.165 Mobile Safari/537.36 (compatible; Googlebot/2.1; +http://www.google.com/bot.html)"
66.249.65.104 - - [06/Apr/2025:09:30:45 -0400] "GET /entity/stomatogastric/85108312.shtml HTTP/1.1" 200 19368 "-" "Mozilla/5.0 (Linux; Android 6.0.1; Nexus 5X Build/MMB29P) AppleWebKit/537.36 (KHTML, like Gecko) Chrome/134.0.6998.165 Mobile Safari/537.36 (compatible; GoogleOther)"
66.249.65.104 - - [06/Apr/2025:09:30:46 -0400] "GET /item49225386.shtml HTTP/1.1" 200 19225 "-" "Mozilla/5.0 (Linux; Android 6.0.1; Nexus 5X Build/MMB29P) AppleWebKit/537.36 (KHTML, like Gecko) Chrome/134.0.6998.165 Mobile Safari/537.36 (compatible; Googlebot/2.1; +http://www.google.com/bot.html)"
66.249.65.105 - - [06/Apr/2025:09:30:47 -0400] "GET /items/uoi/sleepiness/17196122.shtml HTTP/1.1" 200 19750 "-" "Mozilla/5.0 (Linux; Android 6.0.1; Nexus 5X Build/MMB29P) AppleWebKit/537.36 (KHTML, like Gecko) Chrome/134.0.6998.165 Mobile Safari/537.36 (compatible; GoogleOther)"
18.216.105.175 - - [06/Apr/2025:09:30:48 -0400] "GET /ad917/?path=%2Fhome%2F.%2F..%2Fproc%2Firq%2F31 HTTP/1.1" 200 1728 "-" "Mozilla/5.0 AppleWebKit/537.36 (KHTML, like Gecko; compatible; ClaudeBot/1.0; +claudebot@anthropic.com)"
18.216.105.175 - - [06/Apr/2025:09:30:51 -0400] "GET /ad917/?path=%2Fhome%2F.%2F..%2Fproc%2Firq%2F40 HTTP/1.1" 200 1705 "-" "Mozilla/5.0 AppleWebKit/537.36 (KHTML, like Gecko; compatible; ClaudeBot/1.0; +claudebot@anthropic.com)"
40.77.167.67 - - [06/Apr/2025:09:30:53 -0400] "GET /special/2854924.shtml HTTP/1.1" 200 20088 "-" "Mozilla/5.0 AppleWebKit/537.36 (KHTML, like Gecko; compatible; bingbot/2.0; +http://www.bing.com/bingbot.htm) Chrome/116.0.1938.76 Safari/537.36"
18.216.105.175 - - [06/Apr/2025:09:30:54 -0400] "GET /ad917/?path=%2Fhome%2F.%2F..%2Fproc%2Firq%2F39 HTTP/1.1" 200 1672 "-" "Mozilla/5.0 AppleWebKit/537.36 (KHTML, like Gecko; compatible; ClaudeBot/1.0; +claudebot@anthropic.com)"
18.216.105.175 - - [06/Apr/2025:09:30:57 -0400] "GET /ad917/?path=%2Fhome%2F.%2F..%2F..%2Flib64%2Fsa HTTP/1.1" 200 1521 "-" "Mozilla/5.0 AppleWebKit/537.36 (KHTML, like Gecko; compatible; ClaudeBot/1.0; +claudebot@anthropic.com)"
18.216.105.175 - - [06/Apr/2025:09:31:00 -0400] "GET /ad917/?path=%2Fhome%2F.%2F..%2Fproc%2Firq%2F67 HTTP/1.1" 200 1671 "-" "Mozilla/5.0 AppleWebKit/537.36 (KHTML, like Gecko; compatible; ClaudeBot/1.0; +claudebot@anthropic.com)"
157.55.39.16 - - [06/Apr/2025:09:31:01 -0400] "GET /item/119041234.shtml HTTP/1.1" 200 19766 "-" "Mozilla/5.0 AppleWebKit/537.36 (KHTML, like Gecko; compatible; bingbot/2.0; +http://www.bing.com/bingbot.htm) Chrome/116.0.1938.76 Safari/537.36"
66.249.65.104 - - [06/Apr/2025:09:31:01 -0400] "GET /entity/oka/raught/60488194.shtml HTTP/1.1" 200 19509 "-" "Mozilla/5.0 (Linux; Android 6.0.1; Nexus 5X Build/MMB29P) AppleWebKit/537.36 (KHTML, like Gecko) Chrome/134.0.6998.165 Mobile Safari/537.36 (compatible; GoogleOther)"
18.216.105.175 - - [06/Apr/2025:09:31:03 -0400] "GET /ad917/?path=%2Fhome%2F.%2F..%2Fproc%2Firq%2F48 HTTP/1.1" 200 1671 "-" "Mozilla/5.0 AppleWebKit/537.36 (KHTML, like Gecko; compatible; ClaudeBot/1.0; +claudebot@anthropic.com)"
18.216.105.175 - - [06/Apr/2025:09:31:06 -0400] "GET /ad917/?path=%2Fhome%2F.%2F..%2Fproc%2Firq%2F69 HTTP/1.1" 200 1672 "-" "Mozilla/5.0 AppleWebKit/537.36 (KHTML, like Gecko; compatible; ClaudeBot/1.0; +claudebot@anthropic.com)"
66.249.65.105 - - [06/Apr/2025:09:31:08 -0400] "GET /info/cq/fabulized/101374354.shtml HTTP/1.1" 200 19883 "-" "Mozilla/5.0 (Linux; Android 6.0.1; Nexus 5X Build/MMB29P) AppleWebKit/537.36 (KHTML, like Gecko) Chrome/134.0.6998.165 Mobile Safari/537.36 (compatible; Googlebot/2.1; +http://www.google.com/bot.html)"
18.216.105.175 - - [06/Apr/2025:09:31:09 -0400] "GET /ad917/?path=%2Fhome%2F.%2F..%2Fproc%2Firq%2F18 HTTP/1.1" 200 1717 "-" "Mozilla/5.0 AppleWebKit/537.36 (KHTML, like Gecko; compatible; ClaudeBot/1.0; +claudebot@anthropic.com)"
18.216.105.175 - - [06/Apr/2025:09:31:12 -0400] "GET /ad917/?path=%2Fhome%2F.%2F..%2Fproc%2Firq%2F88 HTTP/1.1" 200 1671 "-" "Mozilla/5.0 AppleWebKit/537.36 (KHTML, like Gecko; compatible; ClaudeBot/1.0; +claudebot@anthropic.com)"
18.216.105.175 - - [06/Apr/2025:09:31:15 -0400] "GET /ad917/?path=%2Fhome%2F.%2F..%2Fproc%2Firq%2F79 HTTP/1.1" 200 1707 "-" "Mozilla/5.0 AppleWebKit/537.36 (KHTML, like Gecko; compatible; ClaudeBot/1.0; +claudebot@anthropic.com)"
66.249.65.104 - - [06/Apr/2025:09:31:15 -0400] "GET /detail/fi/shepherds106286292.shtml HTTP/1.1" 200 19829 "-" "Mozilla/5.0 (Linux; Android 6.0.1; Nexus 5X Build/MMB29P) AppleWebKit/537.36 (KHTML, like Gecko) Chrome/134.0.6998.165 Mobile Safari/537.36 (compatible; GoogleOther)"
18.216.105.175 - - [06/Apr/2025:09:31:18 -0400] "GET /ad917/?path=%2Fhome%2F.%2F..%2Fproc%2Firq%2F26 HTTP/1.1" 200 1729 "-" "Mozilla/5.0 AppleWebKit/537.36 (KHTML, like Gecko; compatible; ClaudeBot/1.0; +claudebot@anthropic.com)"
207.46.13.154 - - [06/Apr/2025:09:31:20 -0400] "GET /goodscode/jeu/astragaloid/29289540.shtml HTTP/1.1" 200 20028 "-" "Mozilla/5.0 AppleWebKit/537.36 (KHTML, like Gecko; compatible; bingbot/2.0; +http://www.bing.com/bingbot.htm) Chrome/116.0.1938.76 Safari/537.36"
18.216.105.175 - - [06/Apr/2025:09:31:21 -0400] "GET /ad917/?path=%2Fhome%2F.%2F..%2Fproc%2Firq%2F74 HTTP/1.1" 200 1707 "-" "Mozilla/5.0 AppleWebKit/537.36 (KHTML, like Gecko; compatible; ClaudeBot/1.0; +claudebot@anthropic.com)"
207.46.13.86 - - [06/Apr/2025:09:31:21 -0400] "GET /special/polygamist/34156294.shtml HTTP/1.1" 200 19905 "-" "Mozilla/5.0 AppleWebKit/537.36 (KHTML, like Gecko; compatible; bingbot/2.0; +http://www.bing.com/bingbot.htm) Chrome/116.0.1938.76 Safari/537.36"
18.216.105.175 - - [06/Apr/2025:09:31:24 -0400] "GET /ad917/?path=%2Fhome%2F.%2F..%2Fproc%2Firq%2F76 HTTP/1.1" 200 1673 "-" "Mozilla/5.0 AppleWebKit/537.36 (KHTML, like Gecko; compatible; ClaudeBot/1.0; +claudebot@anthropic.com)"
40.77.167.55 - - [06/Apr/2025:09:31:26 -0400] "GET /product/72746684.shtml HTTP/1.1" 200 19821 "-" "Mozilla/5.0 AppleWebKit/537.36 (KHTML, like Gecko; compatible; bingbot/2.0; +http://www.bing.com/bingbot.htm) Chrome/116.0.1938.76 Safari/537.36"
18.216.105.175 - - [06/Apr/2025:09:31:27 -0400] "GET /ad917/?path=%2Fhome%2F.%2F..%2Fproc%2Firq%2F60 HTTP/1.1" 200 1670 "-" "Mozilla/5.0 AppleWebKit/537.36 (KHTML, like Gecko; compatible; ClaudeBot/1.0; +claudebot@anthropic.com)"
66.249.65.104 - - [06/Apr/2025:09:31:30 -0400] "GET /product31080084.shtml HTTP/1.1" 200 19711 "-" "Mozilla/5.0 (Linux; Android 6.0.1; Nexus 5X Build/MMB29P) AppleWebKit/537.36 (KHTML, like Gecko) Chrome/134.0.6998.165 Mobile Safari/537.36 (compatible; Googlebot/2.1; +http://www.google.com/bot.html)"
18.216.105.175 - - [06/Apr/2025:09:31:30 -0400] "GET /ad917/?path=%2Fhome%2F.%2F..%2Fproc%2Firq%2F54 HTTP/1.1" 200 1707 "-" "Mozilla/5.0 AppleWebKit/537.36 (KHTML, like Gecko; compatible; ClaudeBot/1.0; +claudebot@anthropic.com)"
157.55.39.16 - - [06/Apr/2025:09:31:31 -0400] "GET /special109746484.shtml HTTP/1.1" 200 19370 "-" "Mozilla/5.0 AppleWebKit/537.36 (KHTML, like Gecko; compatible; bingbot/2.0; +http://www.bing.com/bingbot.htm) Chrome/116.0.1938.76 Safari/537.36"
18.216.105.175 - - [06/Apr/2025:09:31:33 -0400] "GET /ad917/?path=%2Fhome%2F.%2F..%2Fhome2%2F..%2F.. HTTP/1.1" 200 1854 "-" "Mozilla/5.0 AppleWebKit/537.36 (KHTML, like Gecko; compatible; ClaudeBot/1.0; +claudebot@anthropic.com)"
18.216.105.175 - - [06/Apr/2025:09:31:36 -0400] "GET /ad917/?path=%2Fhome%2F.%2F..%2Fproc%2Firq%2F59 HTTP/1.1" 200 1707 "-" "Mozilla/5.0 AppleWebKit/537.36 (KHTML, like Gecko; compatible; ClaudeBot/1.0; +claudebot@anthropic.com)"
18.216.105.175 - - [06/Apr/2025:09:31:39 -0400] "GET /ad917/?path=%2Fhome%2F.%2F..%2Fproc%2Flve%2F.. HTTP/1.1" 200 2936 "-" "Mozilla/5.0 AppleWebKit/537.36 (KHTML, like Gecko; compatible; ClaudeBot/1.0; +claudebot@anthropic.com)"
207.46.13.86 - - [06/Apr/2025:09:31:41 -0400] "GET /items/d/lisne/12075016.shtml HTTP/1.1" 200 19585 "-" "Mozilla/5.0 AppleWebKit/537.36 (KHTML, like Gecko; compatible; bingbot/2.0; +http://www.bing.com/bingbot.htm) Chrome/116.0.1938.76 Safari/537.36"
207.46.13.153 - - [06/Apr/2025:09:31:42 -0400] "GET /items/stalactical23037840.shtml HTTP/1.1" 200 19991 "-" "Mozilla/5.0 AppleWebKit/537.36 (KHTML, like Gecko; compatible; bingbot/2.0; +http://www.bing.com/bingbot.htm) Chrome/116.0.1938.76 Safari/537.36"
18.216.105.175 - - [06/Apr/2025:09:31:42 -0400] "GET /ad917/?path=%2Fhome%2F.%2F..%2Fproc%2Firq%2F97 HTTP/1.1" 200 1639 "-" "Mozilla/5.0 AppleWebKit/537.36 (KHTML, like Gecko; compatible; ClaudeBot/1.0; +claudebot@anthropic.com)"
66.249.65.104 - - [06/Apr/2025:09:31:44 -0400] "POST /get-message-notify HTTP/1.1" 200 20313 "https://servethepeopleinc.org/goodscode80212734.shtml" "Mozilla/5.0 (Linux; Android 6.0.1; Nexus 5X Build/MMB29P) AppleWebKit/537.36 (KHTML, like Gecko) Chrome/134.0.6998.165 Mobile Safari/537.36 (compatible; Googlebot/2.1; +http://www.google.com/bot.html)"
18.216.105.175 - - [06/Apr/2025:09:31:45 -0400] "GET /ad917/?path=%2Fhome%2F.%2F..%2Fproc%2Firq%2F30 HTTP/1.1" 200 1728 "-" "Mozilla/5.0 AppleWebKit/537.36 (KHTML, like Gecko; compatible; ClaudeBot/1.0; +claudebot@anthropic.com)"
18.216.105.175 - - [06/Apr/2025:09:31:48 -0400] "GET /ad917/?path=%2Fhome%2F.%2F..%2Fproc%2Firq%2F38 HTTP/1.1" 200 1705 "-" "Mozilla/5.0 AppleWebKit/537.36 (KHTML, like Gecko; compatible; ClaudeBot/1.0; +claudebot@anthropic.com)"
18.216.105.175 - - [06/Apr/2025:09:31:51 -0400] "GET /ad917/?path=%2Fhome%2F.%2F..%2Fproc%2Firq%2F95 HTTP/1.1" 200 1640 "-" "Mozilla/5.0 AppleWebKit/537.36 (KHTML, like Gecko; compatible; ClaudeBot/1.0; +claudebot@anthropic.com)"
66.249.65.104 - - [06/Apr/2025:09:31:52 -0400] "GET /entity106516646.shtml HTTP/1.1" 200 20263 "-" "Mozilla/5.0 (Linux; Android 6.0.1; Nexus 5X Build/MMB29P) AppleWebKit/537.36 (KHTML, like Gecko) Chrome/134.0.6998.165 Mobile Safari/537.36 (compatible; Googlebot/2.1; +http://www.google.com/bot.html)"
18.216.105.175 - - [06/Apr/2025:09:31:54 -0400] "GET /ad917/?path=%2Fhome%2F.%2F..%2Fproc%2Firq%2F91 HTTP/1.1" 200 1707 "-" "Mozilla/5.0 AppleWebKit/537.36 (KHTML, like Gecko; compatible; ClaudeBot/1.0; +claudebot@anthropic.com)"
40.77.167.55 - - [06/Apr/2025:09:31:54 -0400] "GET /shopdetail25647300.shtml HTTP/1.1" 200 20351 "-" "Mozilla/5.0 AppleWebKit/537.36 (KHTML, like Gecko; compatible; bingbot/2.0; +http://www.bing.com/bingbot.htm) Chrome/116.0.1938.76 Safari/537.36"
18.216.105.175 - - [06/Apr/2025:09:31:57 -0400] "GET /ad917/?path=%2Fhome%2F.%2F..%2Fproc%2Firq%2F64 HTTP/1.1" 200 1708 "-" "Mozilla/5.0 AppleWebKit/537.36 (KHTML, like Gecko; compatible; ClaudeBot/1.0; +claudebot@anthropic.com)"
18.216.105.175 - - [06/Apr/2025:09:32:00 -0400] "GET /ad917/?path=%2Fhome%2F.%2F..%2Fproc%2Firq%2F45 HTTP/1.1" 200 1707 "-" "Mozilla/5.0 AppleWebKit/537.36 (KHTML, like Gecko; compatible; ClaudeBot/1.0; +claudebot@anthropic.com)"
66.249.65.105 - - [06/Apr/2025:09:32:00 -0400] "GET /goodscode/d/gladsome/63169680.shtml HTTP/1.1" 200 19730 "-" "Mozilla/5.0 (Linux; Android 6.0.1; Nexus 5X Build/MMB29P) AppleWebKit/537.36 (KHTML, like Gecko) Chrome/134.0.6998.165 Mobile Safari/537.36 (compatible; GoogleOther)"
66.249.65.104 - - [06/Apr/2025:09:32:02 -0400] "GET /shopdetail/postpositive/35408882.shtml HTTP/1.1" 200 18998 "-" "Mozilla/5.0 (Linux; Android 6.0.1; Nexus 5X Build/MMB29P) AppleWebKit/537.36 (KHTML, like Gecko) Chrome/134.0.6998.165 Mobile Safari/537.36 (compatible; GoogleOther)"
207.46.13.86 - - [06/Apr/2025:09:32:02 -0400] "GET /items/57226996.shtml HTTP/1.1" 200 19813 "-" "Mozilla/5.0 AppleWebKit/537.36 (KHTML, like Gecko; compatible; bingbot/2.0; +http://www.bing.com/bingbot.htm) Chrome/116.0.1938.76 Safari/537.36"
18.216.105.175 - - [06/Apr/2025:09:32:03 -0400] "GET /ad917/?path=%2Fhome%2F.%2F..%2Fproc%2Firq%2F71 HTTP/1.1" 200 1705 "-" "Mozilla/5.0 AppleWebKit/537.36 (KHTML, like Gecko; compatible; ClaudeBot/1.0; +claudebot@anthropic.com)"
18.216.105.175 - - [06/Apr/2025:09:32:06 -0400] "GET /ad917/?path=%2Fhome%2F.%2F..%2Flib%2Fgrub%2F.. HTTP/1.1" 200 2440 "-" "Mozilla/5.0 AppleWebKit/537.36 (KHTML, like Gecko; compatible; ClaudeBot/1.0; +claudebot@anthropic.com)"
40.77.167.55 - - [06/Apr/2025:09:32:06 -0400] "GET /goodscode/38911702.shtml HTTP/1.1" 200 20394 "-" "Mozilla/5.0 AppleWebKit/537.36 (KHTML, like Gecko; compatible; bingbot/2.0; +http://www.bing.com/bingbot.htm) Chrome/116.0.1938.76 Safari/537.36"
18.216.105.175 - - [06/Apr/2025:09:32:09 -0400] "GET /ad917/?path=%2Fhome%2F.%2F..%2Fproc%2Firq%2F50 HTTP/1.1" 200 1670 "-" "Mozilla/5.0 AppleWebKit/537.36 (KHTML, like Gecko; compatible; ClaudeBot/1.0; +claudebot@anthropic.com)"
66.249.65.105 - - [06/Apr/2025:09:32:10 -0400] "GET /shopdetail/tyk/compounded/9216880.shtml HTTP/1.1" 200 19636 "-" "Mozilla/5.0 (Linux; Android 6.0.1; Nexus 5X Build/MMB29P) AppleWebKit/537.36 (KHTML, like Gecko) Chrome/134.0.6998.165 Mobile Safari/537.36 (compatible; GoogleOther)"
207.46.13.153 - - [06/Apr/2025:09:32:11 -0400] "GET /special/semeniferous/95372806.shtml HTTP/1.1" 200 20056 "-" "Mozilla/5.0 AppleWebKit/537.36 (KHTML, like Gecko; compatible; bingbot/2.0; +http://www.bing.com/bingbot.htm) Chrome/116.0.1938.76 Safari/537.36"
18.216.105.175 - - [06/Apr/2025:09:32:12 -0400] "GET /ad917/?path=%2Fhome%2F.%2F..%2Fproc%2Firq%2F52 HTTP/1.1" 200 1671 "-" "Mozilla/5.0 AppleWebKit/537.36 (KHTML, like Gecko; compatible; ClaudeBot/1.0; +claudebot@anthropic.com)"
18.216.105.175 - - [06/Apr/2025:09:32:15 -0400] "GET /ad917/?path=%2Fhome%2F.%2F..%2Fproc%2Firq%2F99 HTTP/1.1" 200 1639 "-" "Mozilla/5.0 AppleWebKit/537.36 (KHTML, like Gecko; compatible; ClaudeBot/1.0; +claudebot@anthropic.com)"
18.216.105.175 - - [06/Apr/2025:09:32:18 -0400] "GET /ad917/?path=%2Fhome%2F.%2F..%2Fproc%2Firq%2F92 HTTP/1.1" 200 1707 "-" "Mozilla/5.0 AppleWebKit/537.36 (KHTML, like Gecko; compatible; ClaudeBot/1.0; +claudebot@anthropic.com)"
18.216.105.175 - - [06/Apr/2025:09:32:21 -0400] "GET /ad917/?path=%2Fhome%2F.%2F..%2F..%2Flib64%2F.. HTTP/1.1" 200 1852 "-" "Mozilla/5.0 AppleWebKit/537.36 (KHTML, like Gecko; compatible; ClaudeBot/1.0; +claudebot@anthropic.com)"
18.216.105.175 - - [06/Apr/2025:09:32:24 -0400] "GET /ad917/?path=%2Fhome%2F.%2F..%2Fproc%2Firq%2F36 HTTP/1.1" 200 1705 "-" "Mozilla/5.0 AppleWebKit/537.36 (KHTML, like Gecko; compatible; ClaudeBot/1.0; +claudebot@anthropic.com)"
18.216.105.175 - - [06/Apr/2025:09:32:27 -0400] "GET /ad917/?path=%2Fhome%2F.%2F..%2Fhome1%2F..%2F.. HTTP/1.1" 200 1848 "-" "Mozilla/5.0 AppleWebKit/537.36 (KHTML, like Gecko; compatible; ClaudeBot/1.0; +claudebot@anthropic.com)"
66.249.65.104 - - [06/Apr/2025:09:32:28 -0400] "GET /products/conclusory61831670.shtml HTTP/1.1" 200 19238 "-" "Mozilla/5.0 (Linux; Android 6.0.1; Nexus 5X Build/MMB29P) AppleWebKit/537.36 (KHTML, like Gecko) Chrome/134.0.6998.165 Mobile Safari/537.36 (compatible; GoogleOther)"
18.216.105.175 - - [06/Apr/2025:09:32:30 -0400] "GET /ad917/?path=%2Fhome%2F.%2F..%2Fproc%2Firq%2F86 HTTP/1.1" 200 1707 "-" "Mozilla/5.0 AppleWebKit/537.36 (KHTML, like Gecko; compatible; ClaudeBot/1.0; +claudebot@anthropic.com)"
18.216.105.175 - - [06/Apr/2025:09:32:33 -0400] "GET /ad917/?path=%2Fhome%2F.%2F..%2Fproc%2Firq%2F61 HTTP/1.1" 200 1705 "-" "Mozilla/5.0 AppleWebKit/537.36 (KHTML, like Gecko; compatible; ClaudeBot/1.0; +claudebot@anthropic.com)"
207.46.13.150 - - [06/Apr/2025:09:32:33 -0400] "GET /shopping/oa/bedash113921938.shtml HTTP/1.1" 200 20129 "-" "Mozilla/5.0 AppleWebKit/537.36 (KHTML, like Gecko; compatible; bingbot/2.0; +http://www.bing.com/bingbot.htm) Chrome/116.0.1938.76 Safari/537.36"
18.216.105.175 - - [06/Apr/2025:09:32:36 -0400] "GET /ad917/?path=%2Fhome%2F.%2F..%2Fproc%2Fsys%2F.. HTTP/1.1" 200 2947 "-" "Mozilla/5.0 AppleWebKit/537.36 (KHTML, like Gecko; compatible; ClaudeBot/1.0; +claudebot@anthropic.com)"
18.216.105.175 - - [06/Apr/2025:09:32:39 -0400] "GET /ad917/?path=%2Fhome%2F.%2F..%2Fproc%2Firq%2F.. HTTP/1.1" 200 2921 "-" "Mozilla/5.0 AppleWebKit/537.36 (KHTML, like Gecko; compatible; ClaudeBot/1.0; +claudebot@anthropic.com)"
157.55.39.16 - - [06/Apr/2025:09:32:40 -0400] "GET /special113969126.shtml HTTP/1.1" 200 20391 "-" "Mozilla/5.0 AppleWebKit/537.36 (KHTML, like Gecko; compatible; bingbot/2.0; +http://www.bing.com/bingbot.htm) Chrome/116.0.1938.76 Safari/537.36"
18.216.105.175 - - [06/Apr/2025:09:32:42 -0400] "GET /ad917/?path=%2Fhome%2F.%2F..%2Fproc%2Firq%2F98 HTTP/1.1" 200 1639 "-" "Mozilla/5.0 AppleWebKit/537.36 (KHTML, like Gecko; compatible; ClaudeBot/1.0; +claudebot@anthropic.com)"
18.216.105.175 - - [06/Apr/2025:09:32:45 -0400] "GET /ad917/?path=%2Fhome%2F.%2F..%2Fproc%2Fbus%2F.. HTTP/1.1" 200 2952 "-" "Mozilla/5.0 AppleWebKit/537.36 (KHTML, like Gecko; compatible; ClaudeBot/1.0; +claudebot@anthropic.com)"
18.216.105.175 - - [06/Apr/2025:09:32:48 -0400] "GET /ad917/?path=%2Fhome%2F.%2F..%2Fproc%2Firq%2F11 HTTP/1.1" 200 1672 "-" "Mozilla/5.0 AppleWebKit/537.36 (KHTML, like Gecko; compatible; ClaudeBot/1.0; +claudebot@anthropic.com)"
207.46.13.154 - - [06/Apr/2025:09:32:49 -0400] "GET /info/bellefleur/52505796.shtml HTTP/1.1" 200 19498 "-" "Mozilla/5.0 AppleWebKit/537.36 (KHTML, like Gecko; compatible; bingbot/2.0; +http://www.bing.com/bingbot.htm) Chrome/116.0.1938.76 Safari/537.36"
18.216.105.175 - - [06/Apr/2025:09:32:51 -0400] "GET /ad917/?path=%2Fhome%2F.%2F..%2Fproc%2Firq%2F63 HTTP/1.1" 200 1672 "-" "Mozilla/5.0 AppleWebKit/537.36 (KHTML, like Gecko; compatible; ClaudeBot/1.0; +claudebot@anthropic.com)"
207.46.13.150 - - [06/Apr/2025:09:32:52 -0400] "GET /product/trundled30105512.shtml HTTP/1.1" 200 19632 "-" "Mozilla/5.0 AppleWebKit/537.36 (KHTML, like Gecko; compatible; bingbot/2.0; +http://www.bing.com/bingbot.htm) Chrome/116.0.1938.76 Safari/537.36"
18.216.105.175 - - [06/Apr/2025:09:32:54 -0400] "GET /ad917/?path=%2Fhome%2F.%2F..%2Fproc%2Firq%2F56 HTTP/1.1" 200 1672 "-" "Mozilla/5.0 AppleWebKit/537.36 (KHTML, like Gecko; compatible; ClaudeBot/1.0; +claudebot@anthropic.com)"
66.249.65.104 - - [06/Apr/2025:09:32:56 -0400] "GET /product/t/capriform/9120720.shtml HTTP/1.1" 200 19997 "-" "Mozilla/5.0 (Linux; Android 6.0.1; Nexus 5X Build/MMB29P) AppleWebKit/537.36 (KHTML, like Gecko) Chrome/134.0.6998.165 Mobile Safari/537.36 (compatible; GoogleOther)"
40.77.167.55 - - [06/Apr/2025:09:32:57 -0400] "GET /products/1420486.shtml HTTP/1.1" 200 20089 "-" "Mozilla/5.0 AppleWebKit/537.36 (KHTML, like Gecko; compatible; bingbot/2.0; +http://www.bing.com/bingbot.htm) Chrome/116.0.1938.76 Safari/537.36"
66.249.65.104 - - [06/Apr/2025:09:32:57 -0400] "GET /info/iwi/ligustica/49498054.shtml HTTP/1.1" 200 20082 "-" "Mozilla/5.0 (Linux; Android 6.0.1; Nexus 5X Build/MMB29P) AppleWebKit/537.36 (KHTML, like Gecko) Chrome/134.0.6998.165 Mobile Safari/537.36 (compatible; Googlebot/2.1; +http://www.google.com/bot.html)"
18.216.105.175 - - [06/Apr/2025:09:32:57 -0400] "GET /ad917/?path=%2Fhome%2F.%2F..%2Fproc%2Firq%2F14 HTTP/1.1" 200 1638 "-" "Mozilla/5.0 AppleWebKit/537.36 (KHTML, like Gecko; compatible; ClaudeBot/1.0; +claudebot@anthropic.com)"
18.216.105.175 - - [06/Apr/2025:09:33:00 -0400] "GET /ad917/?path=%2Fhome%2F.%2F..%2Fusr%2Flocal%2F. HTTP/1.1" 200 1596 "-" "Mozilla/5.0 AppleWebKit/537.36 (KHTML, like Gecko; compatible; ClaudeBot/1.0; +claudebot@anthropic.com)"
18.216.105.175 - - [06/Apr/2025:09:33:03 -0400] "GET /ad917/?path=%2Fhome%2F.%2F..%2Fusr%2Flib64%2F. HTTP/1.1" 200 43534 "-" "Mozilla/5.0 AppleWebKit/537.36 (KHTML, like Gecko; compatible; ClaudeBot/1.0; +claudebot@anthropic.com)"
18.216.105.175 - - [06/Apr/2025:09:33:06 -0400] "GET /ad917/?path=%2Fhome%2F.%2F..%2Fusr%2Fshare%2F. HTTP/1.1" 200 2636 "-" "Mozilla/5.0 AppleWebKit/537.36 (KHTML, like Gecko; compatible; ClaudeBot/1.0; +claudebot@anthropic.com)"
18.216.105.175 - - [06/Apr/2025:09:33:09 -0400] "GET /ad917/?path=%2Fhome%2F.%2F..%2Fhome4%2F..%2F. HTTP/1.1" 200 1851 "-" "Mozilla/5.0 AppleWebKit/537.36 (KHTML, like Gecko; compatible; ClaudeBot/1.0; +claudebot@anthropic.com)"
18.216.105.175 - - [06/Apr/2025:09:33:12 -0400] "GET /ad917/?path=%2Fhome%2F.%2F..%2Fhome5%2F..%2F. HTTP/1.1" 200 1852 "-" "Mozilla/5.0 AppleWebKit/537.36 (KHTML, like Gecko; compatible; ClaudeBot/1.0; +claudebot@anthropic.com)"
18.216.105.175 - - [06/Apr/2025:09:33:15 -0400] "GET /ad917/?path=%2Fhome%2F.%2F..%2Fusr%2Flib%2F.. HTTP/1.1" 200 1700 "-" "Mozilla/5.0 AppleWebKit/537.36 (KHTML, like Gecko; compatible; ClaudeBot/1.0; +claudebot@anthropic.com)"
66.249.65.104 - - [06/Apr/2025:09:33:16 -0400] "GET /item/nas/woolward/50537908.shtml HTTP/1.1" 200 19682 "-" "Mozilla/5.0 (compatible; Googlebot/2.1; +http://www.google.com/bot.html)"
18.216.105.175 - - [06/Apr/2025:09:33:18 -0400] "GET /ad917/?path=%2Fhome%2F.%2F..%2Fusr%2Fsrc%2F.. HTTP/1.1" 200 1702 "-" "Mozilla/5.0 AppleWebKit/537.36 (KHTML, like Gecko; compatible; ClaudeBot/1.0; +claudebot@anthropic.com)"
66.249.65.105 - - [06/Apr/2025:09:33:18 -0400] "GET /items/he/nonrecombinant/59121820.shtml HTTP/1.1" 200 19512 "-" "Mozilla/5.0 (compatible; Googlebot/2.1; +http://www.google.com/bot.html)"
18.216.105.175 - - [06/Apr/2025:09:33:21 -0400] "GET /ad917/?path=%2Fhome%2F.%2F..%2F..%2Fhome5%2F. HTTP/1.1" 200 1403 "-" "Mozilla/5.0 AppleWebKit/537.36 (KHTML, like Gecko; compatible; ClaudeBot/1.0; +claudebot@anthropic.com)"
18.216.105.175 - - [06/Apr/2025:09:33:24 -0400] "GET /ad917/?path=%2Fhome%2F.%2F..%2Fproc%2Firq%2F8 HTTP/1.1" 200 1709 "-" "Mozilla/5.0 AppleWebKit/537.36 (KHTML, like Gecko; compatible; ClaudeBot/1.0; +claudebot@anthropic.com)"
18.216.105.175 - - [06/Apr/2025:09:33:27 -0400] "GET /ad917/?path=%2Fhome%2F.%2F..%2Flib%2Fsse2%2F. HTTP/1.1" 200 1409 "-" "Mozilla/5.0 AppleWebKit/537.36 (KHTML, like Gecko; compatible; ClaudeBot/1.0; +claudebot@anthropic.com)"
198.54.116.86 - - [06/Apr/2025:09:33:32 -0400] "POST /wp-cron.php?doing_wp_cron=1743946412.2774310111999511718750 HTTP/1.1" 200 0 "-" "WordPress/6.7.2; https://servethepeopleinc.org"
106.213.85.77 - - [06/Apr/2025:09:33:31 -0400] "HEAD /contact-us/ HTTP/1.1" 200 0 "-" "python-requests/2.32.3"
198.54.116.86 - - [06/Apr/2025:09:33:32 -0400] "POST /wp-admin/admin-ajax.php?action=async_litespeed&nonce=hCz2RGg3KX1WAXZgTguT7lMMAf16C9wy&litespeed_type=imgoptm HTTP/1.1" 200 21 "-" "WordPress/6.7.2; https://servethepeopleinc.org"
66.249.65.105 - - [06/Apr/2025:09:33:40 -0400] "GET /detail/fiy/underjoin/100815388.shtml HTTP/1.1" 200 20000 "-" "Mozilla/5.0 (Linux; Android 6.0.1; Nexus 5X Build/MMB29P) AppleWebKit/537.36 (KHTML, like Gecko) Chrome/134.0.6998.165 Mobile Safari/537.36 (compatible; GoogleOther)"
207.46.13.150 - - [06/Apr/2025:09:33:52 -0400] "GET /items/foiled73533932.shtml HTTP/1.1" 200 19784 "-" "Mozilla/5.0 AppleWebKit/537.36 (KHTML, like Gecko; compatible; bingbot/2.0; +http://www.bing.com/bingbot.htm) Chrome/116.0.1938.76 Safari/537.36"
18.117.145.231 - - [06/Apr/2025:09:33:55 -0400] "GET /ad917/?path=%2Fhome%2F.%2F..%2Fusr%2Flib64%2FX11 HTTP/1.1" 200 1410 "-" "Mozilla/5.0 AppleWebKit/537.36 (KHTML, like Gecko; compatible; ClaudeBot/1.0; +claudebot@anthropic.com)"
66.249.65.104 - - [06/Apr/2025:09:33:55 -0400] "GET /products/ouq/dismayed/51371102.shtml HTTP/1.1" 200 19581 "-" "Mozilla/5.0 (Linux; Android 6.0.1; Nexus 5X Build/MMB29P) AppleWebKit/537.36 (KHTML, like Gecko) Chrome/134.0.6998.165 Mobile Safari/537.36 (compatible; GoogleOther)"
207.46.13.150 - - [06/Apr/2025:09:33:56 -0400] "GET /goods85318800.shtml HTTP/1.1" 200 19586 "-" "Mozilla/5.0 AppleWebKit/537.36 (KHTML, like Gecko; compatible; bingbot/2.0; +http://www.bing.com/bingbot.htm) Chrome/116.0.1938.76 Safari/537.36"
18.117.145.231 - - [06/Apr/2025:09:33:58 -0400] "GET /ad917/?path=%2Fhome%2F.%2F..%2Fusr%2Flocal%2Flib HTTP/1.1" 200 1478 "-" "Mozilla/5.0 AppleWebKit/537.36 (KHTML, like Gecko; compatible; ClaudeBot/1.0; +claudebot@anthropic.com)"
66.249.65.104 - - [06/Apr/2025:09:33:58 -0400] "GET /goodscode/u/teest/112796402.shtml HTTP/1.1" 200 20438 "-" "Mozilla/5.0 (Linux; Android 6.0.1; Nexus 5X Build/MMB29P) AppleWebKit/537.36 (KHTML, like Gecko) Chrome/134.0.6998.165 Mobile Safari/537.36 (compatible; GoogleOther)"
18.117.145.231 - - [06/Apr/2025:09:34:01 -0400] "GET /ad917/?path=%2Fhome%2F.%2F..%2Fusr%2Flib64%2Fgio HTTP/1.1" 200 1446 "-" "Mozilla/5.0 AppleWebKit/537.36 (KHTML, like Gecko; compatible; ClaudeBot/1.0; +claudebot@anthropic.com)"
18.117.145.231 - - [06/Apr/2025:09:34:04 -0400] "GET /ad917/?path=%2Fhome%2F.%2F.%2Fservlmvm%2Fwww%2F. HTTP/1.1" 200 2346 "-" "Mozilla/5.0 AppleWebKit/537.36 (KHTML, like Gecko; compatible; ClaudeBot/1.0; +claudebot@anthropic.com)"
40.77.167.67 - - [06/Apr/2025:09:34:04 -0400] "GET /shopdetail/13746562.shtml HTTP/1.1" 200 19489 "-" "Mozilla/5.0 AppleWebKit/537.36 (KHTML, like Gecko; compatible; bingbot/2.0; +http://www.bing.com/bingbot.htm) Chrome/116.0.1938.76 Safari/537.36"
18.117.145.231 - - [06/Apr/2025:09:34:07 -0400] "GET /ad917/?path=%2Fhome%2F.%2F.%2Fservlmvm%2Fssl%2F. HTTP/1.1" 200 1603 "-" "Mozilla/5.0 AppleWebKit/537.36 (KHTML, like Gecko; compatible; ClaudeBot/1.0; +claudebot@anthropic.com)"
18.117.145.231 - - [06/Apr/2025:09:34:10 -0400] "GET /ad917/?path=%2Fhome%2F.%2F..%2Fusr%2Flib64%2Fnss HTTP/1.1" 200 1466 "-" "Mozilla/5.0 AppleWebKit/537.36 (KHTML, like Gecko; compatible; ClaudeBot/1.0; +claudebot@anthropic.com)"
18.117.145.231 - - [06/Apr/2025:09:34:13 -0400] "GET /ad917/?path=%2Fhome%2F.%2F..%2Fusr%2Flib64%2Fldb HTTP/1.1" 200 1610 "-" "Mozilla/5.0 AppleWebKit/537.36 (KHTML, like Gecko; compatible; ClaudeBot/1.0; +claudebot@anthropic.com)"
66.249.65.96 - - [06/Apr/2025:09:34:13 -0400] "GET /products/eui/sluggy/73214006.shtml HTTP/1.1" 200 19223 "-" "Mozilla/5.0 (Linux; Android 6.0.1; Nexus 5X Build/MMB29P) AppleWebKit/537.36 (KHTML, like Gecko) Chrome/134.0.6998.165 Mobile Safari/537.36 (compatible; GoogleOther)"
66.249.65.105 - - [06/Apr/2025:09:34:14 -0400] "GET /entity/d/unter/63177404.shtml HTTP/1.1" 200 19824 "-" "Mozilla/5.0 (Linux; Android 6.0.1; Nexus 5X Build/MMB29P) AppleWebKit/537.36 (KHTML, like Gecko) Chrome/134.0.6998.165 Mobile Safari/537.36 (compatible; GoogleOther)"
66.249.65.105 - - [06/Apr/2025:09:34:15 -0400] "GET /goods/r/featherfew/110985688.shtml HTTP/1.1" 200 19933 "-" "Mozilla/5.0 (Linux; Android 6.0.1; Nexus 5X Build/MMB29P) AppleWebKit/537.36 (KHTML, like Gecko) Chrome/134.0.6998.165 Mobile Safari/537.36 (compatible; GoogleOther)"
18.117.145.231 - - [06/Apr/2025:09:34:16 -0400] "GET /ad917/?path=%2Fhome%2F.%2F.%2Fservlmvm%2Fetc%2F. HTTP/1.1" 403 1242 "-" "Mozilla/5.0 AppleWebKit/537.36 (KHTML, like Gecko; compatible; ClaudeBot/1.0; +claudebot@anthropic.com)"
18.117.145.231 - - [06/Apr/2025:09:34:19 -0400] "GET /ad917/?path=%2Fhome%2F.%2F..%2Flib%2Fmodules%2F. HTTP/1.1" 200 1542 "-" "Mozilla/5.0 AppleWebKit/537.36 (KHTML, like Gecko; compatible; ClaudeBot/1.0; +claudebot@anthropic.com)"
18.117.145.231 - - [06/Apr/2025:09:34:22 -0400] "GET /ad917/?path=%2Fhome%2F.%2F..%2Flib%2Fmotd.d%2F.. HTTP/1.1" 200 2443 "-" "Mozilla/5.0 AppleWebKit/537.36 (KHTML, like Gecko; compatible; ClaudeBot/1.0; +claudebot@anthropic.com)"
207.46.13.150 - - [06/Apr/2025:09:34:22 -0400] "GET /product/p/siphorhinal21768160.shtml HTTP/1.1" 200 20127 "-" "Mozilla/5.0 AppleWebKit/537.36 (KHTML, like Gecko; compatible; bingbot/2.0; +http://www.bing.com/bingbot.htm) Chrome/116.0.1938.76 Safari/537.36"
18.117.145.231 - - [06/Apr/2025:09:34:25 -0400] "GET /ad917/?path=%2Fhome%2F.%2F..%2Fproc%2Fkcare%2F.. HTTP/1.1" 200 3009 "-" "Mozilla/5.0 AppleWebKit/537.36 (KHTML, like Gecko; compatible; ClaudeBot/1.0; +claudebot@anthropic.com)"
66.249.65.105 - - [06/Apr/2025:09:34:26 -0400] "GET /special69356174.shtml HTTP/1.1" 200 19683 "-" "Mozilla/5.0 (Linux; Android 6.0.1; Nexus 5X Build/MMB29P) AppleWebKit/537.36 (KHTML, like Gecko) Chrome/134.0.6998.165 Mobile Safari/537.36 (compatible; Googlebot/2.1; +http://www.google.com/bot.html)"
18.117.145.231 - - [06/Apr/2025:09:34:28 -0400] "GET /ad917/?path=%2Fhome%2F.%2F..%2Fusr%2Fshare%2Fvim HTTP/1.1" 200 1459 "-" "Mozilla/5.0 AppleWebKit/537.36 (KHTML, like Gecko; compatible; ClaudeBot/1.0; +claudebot@anthropic.com)"
66.249.65.104 - - [06/Apr/2025:09:34:29 -0400] "GET /item/25587156.shtml HTTP/1.1" 200 20261 "-" "Mozilla/5.0 (compatible; Googlebot/2.1; +http://www.google.com/bot.html)"
18.117.145.231 - - [06/Apr/2025:09:34:31 -0400] "GET /ad917/?path=%2Fhome%2F.%2F..%2Fusr%2Flibexec%2F. HTTP/1.1" 200 1778 "-" "Mozilla/5.0 AppleWebKit/537.36 (KHTML, like Gecko; compatible; ClaudeBot/1.0; +claudebot@anthropic.com)"
207.46.13.150 - - [06/Apr/2025:09:34:32 -0400] "GET /detail13343232.shtml HTTP/1.1" 200 19910 "-" "Mozilla/5.0 AppleWebKit/537.36 (KHTML, like Gecko; compatible; bingbot/2.0; +http://www.bing.com/bingbot.htm) Chrome/116.0.1938.76 Safari/537.36"
18.117.145.231 - - [06/Apr/2025:09:34:34 -0400] "GET /ad917/?path=%2Fhome%2F.%2F..%2Fusr%2Fshare%2Fxml HTTP/1.1" 200 1440 "-" "Mozilla/5.0 AppleWebKit/537.36 (KHTML, like Gecko; compatible; ClaudeBot/1.0; +claudebot@anthropic.com)"
18.117.145.231 - - [06/Apr/2025:09:34:37 -0400] "GET /ad917/?path=%2Fhome%2F.%2F..%2Fusr%2Fshare%2Fman HTTP/1.1" 200 2078 "-" "Mozilla/5.0 AppleWebKit/537.36 (KHTML, like Gecko; compatible; ClaudeBot/1.0; +claudebot@anthropic.com)"
18.117.145.231 - - [06/Apr/2025:09:34:40 -0400] "GET /ad917/?path=%2Fhome%2F.%2F..%2Flib%2Flocale%2F.. HTTP/1.1" 200 2433 "-" "Mozilla/5.0 AppleWebKit/537.36 (KHTML, like Gecko; compatible; ClaudeBot/1.0; +claudebot@anthropic.com)"
157.55.39.16 - - [06/Apr/2025:09:34:41 -0400] "GET /items29092744.shtml HTTP/1.1" 200 19550 "-" "Mozilla/5.0 AppleWebKit/537.36 (KHTML, like Gecko; compatible; bingbot/2.0; +http://www.bing.com/bingbot.htm) Chrome/116.0.1938.76 Safari/537.36"
18.117.145.231 - - [06/Apr/2025:09:34:43 -0400] "GET /ad917/?path=%2Fhome%2F.%2F.%2Fservlmvm%2F..%2F.. HTTP/1.1" 200 1855 "-" "Mozilla/5.0 AppleWebKit/537.36 (KHTML, like Gecko; compatible; ClaudeBot/1.0; +claudebot@anthropic.com)"
66.249.65.104 - - [06/Apr/2025:09:34:43 -0400] "GET /goodscode/z/myrciaria/53041228.shtml HTTP/1.1" 200 19741 "-" "Mozilla/5.0 (Linux; Android 6.0.1; Nexus 5X Build/MMB29P) AppleWebKit/537.36 (KHTML, like Gecko) Chrome/134.0.6998.165 Mobile Safari/537.36 (compatible; GoogleOther)"
18.117.145.231 - - [06/Apr/2025:09:34:46 -0400] "GET /ad917/?path=%2Fhome%2F.%2F..%2Fusr%2Fshare%2Fzsh HTTP/1.1" 200 1472 "-" "Mozilla/5.0 AppleWebKit/537.36 (KHTML, like Gecko; compatible; ClaudeBot/1.0; +claudebot@anthropic.com)"
18.117.145.231 - - [06/Apr/2025:09:34:49 -0400] "GET /ad917/?path=%2Fhome%2F.%2F..%2Flib%2Fdracut%2F.. HTTP/1.1" 200 2451 "-" "Mozilla/5.0 AppleWebKit/537.36 (KHTML, like Gecko; compatible; ClaudeBot/1.0; +claudebot@anthropic.com)"
157.55.39.16 - - [06/Apr/2025:09:34:51 -0400] "GET /shopping/52356134.shtml HTTP/1.1" 200 19818 "-" "Mozilla/5.0 AppleWebKit/537.36 (KHTML, like Gecko; compatible; bingbot/2.0; +http://www.bing.com/bingbot.htm) Chrome/116.0.1938.76 Safari/537.36"
18.117.145.231 - - [06/Apr/2025:09:34:52 -0400] "GET /ad917/?path=%2Fhome%2F.%2F..%2Fusr%2Flib%2Fgrub HTTP/1.1" 200 1457 "-" "Mozilla/5.0 AppleWebKit/537.36 (KHTML, like Gecko; compatible; ClaudeBot/1.0; +claudebot@anthropic.com)"
66.249.65.104 - - [06/Apr/2025:09:34:53 -0400] "POST /get-message-notify HTTP/1.1" 200 20313 "https://servethepeopleinc.org/info/cq/fabulized/101374354.shtml" "Mozilla/5.0 (Linux; Android 6.0.1; Nexus 5X Build/MMB29P) AppleWebKit/537.36 (KHTML, like Gecko) Chrome/134.0.6998.165 Mobile Safari/537.36 (compatible; Googlebot/2.1; +http://www.google.com/bot.html)"
40.77.167.67 - - [06/Apr/2025:09:34:54 -0400] "GET /product/58245664.shtml HTTP/1.1" 200 19483 "-" "Mozilla/5.0 AppleWebKit/537.36 (KHTML, like Gecko; compatible; bingbot/2.0; +http://www.bing.com/bingbot.htm) Chrome/116.0.1938.76 Safari/537.36"
18.117.145.231 - - [06/Apr/2025:09:34:55 -0400] "GET /ad917/?path=%2Fhome%2F.%2F..%2Fhome4%2F..%2Fbin HTTP/1.1" 200 15228 "-" "Mozilla/5.0 AppleWebKit/537.36 (KHTML, like Gecko; compatible; ClaudeBot/1.0; +claudebot@anthropic.com)"
18.117.145.231 - - [06/Apr/2025:09:34:58 -0400] "GET /ad917/?path=%2Fhome%2F.%2F..%2Fhome4%2F..%2Fusr HTTP/1.1" 200 1658 "-" "Mozilla/5.0 AppleWebKit/537.36 (KHTML, like Gecko; compatible; ClaudeBot/1.0; +claudebot@anthropic.com)"
18.117.145.231 - - [06/Apr/2025:09:35:01 -0400] "GET /ad917/?path=%2Fhome%2F.%2F..%2Fhome4%2F..%2Frun HTTP/1.1" 200 1822 "-" "Mozilla/5.0 AppleWebKit/537.36 (KHTML, like Gecko; compatible; ClaudeBot/1.0; +claudebot@anthropic.com)"
18.117.145.231 - - [06/Apr/2025:09:35:04 -0400] "GET /ad917/?path=%2Fhome%2F.%2F..%2Fhome5%2F..%2Frun HTTP/1.1" 200 1822 "-" "Mozilla/5.0 AppleWebKit/537.36 (KHTML, like Gecko; compatible; ClaudeBot/1.0; +claudebot@anthropic.com)"
18.117.145.231 - - [06/Apr/2025:09:35:07 -0400] "GET /ad917/?path=%2Fhome%2F.%2F..%2Fhome5%2F..%2Fopt HTTP/1.1" 200 1904 "-" "Mozilla/5.0 AppleWebKit/537.36 (KHTML, like Gecko; compatible; ClaudeBot/1.0; +claudebot@anthropic.com)"
18.117.145.231 - - [06/Apr/2025:09:35:10 -0400] "GET /ad917/?path=%2Fhome%2F.%2F..%2Fhome5%2F..%2Ftmp HTTP/1.1" 200 1502 "-" "Mozilla/5.0 AppleWebKit/537.36 (KHTML, like Gecko; compatible; ClaudeBot/1.0; +claudebot@anthropic.com)"
157.55.39.16 - - [06/Apr/2025:09:35:10 -0400] "GET /special/116761680.shtml HTTP/1.1" 200 19685 "-" "Mozilla/5.0 AppleWebKit/537.36 (KHTML, like Gecko; compatible; bingbot/2.0; +http://www.bing.com/bingbot.htm) Chrome/116.0.1938.76 Safari/537.36"
66.249.65.105 - - [06/Apr/2025:09:35:11 -0400] "GET /entity/w/interpenetrate/60485254.shtml HTTP/1.1" 200 19785 "-" "Mozilla/5.0 (Linux; Android 6.0.1; Nexus 5X Build/MMB29P) AppleWebKit/537.36 (KHTML, like Gecko) Chrome/134.0.6998.165 Mobile Safari/537.36 (compatible; GoogleOther)"
66.249.65.96 - - [06/Apr/2025:09:35:12 -0400] "GET /products/muu/cannikin/99547858.shtml HTTP/1.1" 200 19840 "-" "Mozilla/5.0 (Linux; Android 6.0.1; Nexus 5X Build/MMB29P) AppleWebKit/537.36 (KHTML, like Gecko) Chrome/134.0.6998.165 Mobile Safari/537.36 (compatible; GoogleOther)"
18.117.145.231 - - [06/Apr/2025:09:35:13 -0400] "GET /ad917/?path=%2Fhome%2F.%2F..%2Fhome4%2F..%2Fopt HTTP/1.1" 200 1904 "-" "Mozilla/5.0 AppleWebKit/537.36 (KHTML, like Gecko; compatible; ClaudeBot/1.0; +claudebot@anthropic.com)"
40.77.167.55 - - [06/Apr/2025:09:35:15 -0400] "GET /shopdetail62540750.shtml HTTP/1.1" 200 19689 "-" "Mozilla/5.0 AppleWebKit/537.36 (KHTML, like Gecko; compatible; bingbot/2.0; +http://www.bing.com/bingbot.htm) Chrome/116.0.1938.76 Safari/537.36"
18.117.145.231 - - [06/Apr/2025:09:35:16 -0400] "GET /ad917/?path=%2Fhome%2F.%2F..%2Fhome4%2F..%2Flib HTTP/1.1" 200 2428 "-" "Mozilla/5.0 AppleWebKit/537.36 (KHTML, like Gecko; compatible; ClaudeBot/1.0; +claudebot@anthropic.com)"
18.117.145.231 - - [06/Apr/2025:09:35:19 -0400] "GET /ad917/?path=%2Fhome%2F.%2F..%2Fhome5%2F..%2Fvar HTTP/1.1" 200 1740 "-" "Mozilla/5.0 AppleWebKit/537.36 (KHTML, like Gecko; compatible; ClaudeBot/1.0; +claudebot@anthropic.com)"
18.117.145.231 - - [06/Apr/2025:09:35:22 -0400] "GET /ad917/?path=%2Fhome%2F.%2F..%2Fhome5%2F..%2Fusr HTTP/1.1" 200 1699 "-" "Mozilla/5.0 AppleWebKit/537.36 (KHTML, like Gecko; compatible; ClaudeBot/1.0; +claudebot@anthropic.com)"
18.117.145.231 - - [06/Apr/2025:09:35:25 -0400] "GET /ad917/?path=%2Fhome%2F.%2F..%2Fhome4%2F..%2Fdev HTTP/1.1" 200 1841 "-" "Mozilla/5.0 AppleWebKit/537.36 (KHTML, like Gecko; compatible; ClaudeBot/1.0; +claudebot@anthropic.com)"
18.117.145.231 - - [06/Apr/2025:09:35:28 -0400] "GET /ad917/?path=%2Fhome%2F.%2F..%2Fhome5%2F..%2Fbin HTTP/1.1" 200 14456 "-" "Mozilla/5.0 AppleWebKit/537.36 (KHTML, like Gecko; compatible; ClaudeBot/1.0; +claudebot@anthropic.com)"
66.249.65.104 - - [06/Apr/2025:09:35:30 -0400] "GET /item/o/adelantado/94757418.shtml HTTP/1.1" 200 19146 "-" "Mozilla/5.0 (Linux; Android 6.0.1; Nexus 5X Build/MMB29P) AppleWebKit/537.36 (KHTML, like Gecko) Chrome/134.0.6998.165 Mobile Safari/537.36 (compatible; Googlebot/2.1; +http://www.google.com/bot.html)"
18.117.145.231 - - [06/Apr/2025:09:35:31 -0400] "GET /ad917/?path=%2Fhome%2F.%2F..%2Fhome5%2F..%2Flib HTTP/1.1" 200 2461 "-" "Mozilla/5.0 AppleWebKit/537.36 (KHTML, like Gecko; compatible; ClaudeBot/1.0; +claudebot@anthropic.com)"
18.117.145.231 - - [06/Apr/2025:09:35:34 -0400] "GET /ad917/?path=%2Fhome%2F.%2F..%2Fhome4%2F..%2Fvar HTTP/1.1" 200 1740 "-" "Mozilla/5.0 AppleWebKit/537.36 (KHTML, like Gecko; compatible; ClaudeBot/1.0; +claudebot@anthropic.com)"
18.117.145.231 - - [06/Apr/2025:09:35:37 -0400] "GET /ad917/?path=%2Fhome%2F.%2F..%2Fhome5%2F..%2Fdev HTTP/1.1" 200 1841 "-" "Mozilla/5.0 AppleWebKit/537.36 (KHTML, like Gecko; compatible; ClaudeBot/1.0; +claudebot@anthropic.com)"
18.117.145.231 - - [06/Apr/2025:09:35:40 -0400] "GET /ad917/?path=%2Fhome%2F.%2F..%2Fusr%2Flib%2Fexim HTTP/1.1" 200 1456 "-" "Mozilla/5.0 AppleWebKit/537.36 (KHTML, like Gecko; compatible; ClaudeBot/1.0; +claudebot@anthropic.com)"
157.55.39.16 - - [06/Apr/2025:09:35:41 -0400] "GET /product47634446.shtml HTTP/1.1" 200 19872 "-" "Mozilla/5.0 AppleWebKit/537.36 (KHTML, like Gecko; compatible; bingbot/2.0; +http://www.bing.com/bingbot.htm) Chrome/116.0.1938.76 Safari/537.36"
18.117.145.231 - - [06/Apr/2025:09:35:43 -0400] "GET /ad917/?path=%2Fhome%2F.%2F..%2Fhome4%2F..%2Ftmp HTTP/1.1" 200 1502 "-" "Mozilla/5.0 AppleWebKit/537.36 (KHTML, like Gecko; compatible; ClaudeBot/1.0; +claudebot@anthropic.com)"
18.117.145.231 - - [06/Apr/2025:09:35:46 -0400] "GET /ad917/?path=%2Fhome%2F.%2F..%2Fhome4%2F..%2Fetc HTTP/1.1" 200 3437 "-" "Mozilla/5.0 AppleWebKit/537.36 (KHTML, like Gecko; compatible; ClaudeBot/1.0; +claudebot@anthropic.com)"
66.249.65.104 - - [06/Apr/2025:09:35:46 -0400] "GET /entity/po/undertime/72155240.shtml HTTP/1.1" 200 19863 "-" "Mozilla/5.0 (Linux; Android 6.0.1; Nexus 5X Build/MMB29P) AppleWebKit/537.36 (KHTML, like Gecko) Chrome/134.0.6998.165 Mobile Safari/537.36 (compatible; GoogleOther)"
18.117.145.231 - - [06/Apr/2025:09:35:49 -0400] "GET /ad917/?path=%2Fhome%2F.%2F..%2Fusr%2Flib%2Fgems HTTP/1.1" 200 1460 "-" "Mozilla/5.0 AppleWebKit/537.36 (KHTML, like Gecko; compatible; ClaudeBot/1.0; +claudebot@anthropic.com)"
18.117.145.231 - - [06/Apr/2025:09:35:52 -0400] "GET /ad917/?path=%2Fhome%2F.%2F..%2Fusr%2Flib%2Fsse2 HTTP/1.1" 200 1421 "-" "Mozilla/5.0 AppleWebKit/537.36 (KHTML, like Gecko; compatible; ClaudeBot/1.0; +claudebot@anthropic.com)"
40.77.167.55 - - [06/Apr/2025:09:36:04 -0400] "GET /special104898340.shtml HTTP/1.1" 200 20137 "-" "Mozilla/5.0 AppleWebKit/537.36 (KHTML, like Gecko; compatible; bingbot/2.0; +http://www.bing.com/bingbot.htm) Chrome/116.0.1938.76 Safari/537.36"
66.249.65.96 - - [06/Apr/2025:09:36:08 -0400] "GET /info/pwm/mannerly/121017792.shtml HTTP/1.1" 200 20024 "-" "Mozilla/5.0 (Linux; Android 6.0.1; Nexus 5X Build/MMB29P) AppleWebKit/537.36 (KHTML, like Gecko) Chrome/134.0.6998.165 Mobile Safari/537.36 (compatible; GoogleOther)"
66.249.65.105 - - [06/Apr/2025:09:36:10 -0400] "GET /goodscode/ko/brevipennate/72139666.shtml HTTP/1.1" 200 19549 "-" "Mozilla/5.0 (Linux; Android 6.0.1; Nexus 5X Build/MMB29P) AppleWebKit/537.36 (KHTML, like Gecko) Chrome/134.0.6998.165 Mobile Safari/537.36 (compatible; GoogleOther)"
157.55.39.16 - - [06/Apr/2025:09:36:21 -0400] "GET /item/63732086.shtml HTTP/1.1" 200 19731 "-" "Mozilla/5.0 AppleWebKit/537.36 (KHTML, like Gecko; compatible; bingbot/2.0; +http://www.bing.com/bingbot.htm) Chrome/116.0.1938.76 Safari/537.36"
3.149.247.105 - - [06/Apr/2025:09:36:22 -0400] "GET /ad917/?path=%2Fhome%2F.%2F..%2Fusr%2Fshare%2Fadobe HTTP/1.1" 200 1447 "-" "Mozilla/5.0 AppleWebKit/537.36 (KHTML, like Gecko; compatible; ClaudeBot/1.0; +claudebot@anthropic.com)"
3.149.247.105 - - [06/Apr/2025:09:36:24 -0400] "GET /ad917/?path=%2Fhome%2F.%2F..%2Fusr%2Flibexec%2Fawk HTTP/1.1" 200 1508 "-" "Mozilla/5.0 AppleWebKit/537.36 (KHTML, like Gecko; compatible; ClaudeBot/1.0; +claudebot@anthropic.com)"
40.77.167.55 - - [06/Apr/2025:09:36:25 -0400] "GET /special/gnathidium28527656.shtml HTTP/1.1" 200 19932 "-" "Mozilla/5.0 AppleWebKit/537.36 (KHTML, like Gecko; compatible; bingbot/2.0; +http://www.bing.com/bingbot.htm) Chrome/116.0.1938.76 Safari/537.36"
3.149.247.105 - - [06/Apr/2025:09:36:27 -0400] "GET /ad917/?path=%2Fhome%2F.%2F..%2Fusr%2Fshare%2FGeoIP HTTP/1.1" 200 1592 "-" "Mozilla/5.0 AppleWebKit/537.36 (KHTML, like Gecko; compatible; ClaudeBot/1.0; +claudebot@anthropic.com)"
66.249.65.104 - - [06/Apr/2025:09:36:30 -0400] "GET /special/gueber/48705342.shtml HTTP/1.1" 200 19035 "-" "Mozilla/5.0 (Linux; Android 6.0.1; Nexus 5X Build/MMB29P) AppleWebKit/537.36 (KHTML, like Gecko) Chrome/134.0.6998.165 Mobile Safari/537.36 (compatible; GoogleOther)"
3.149.247.105 - - [06/Apr/2025:09:36:30 -0400] "GET /ad917/?path=%2Fhome%2F.%2F..%2Fusr%2Fshare%2Fmysql HTTP/1.1" 200 2719 "-" "Mozilla/5.0 AppleWebKit/537.36 (KHTML, like Gecko; compatible; ClaudeBot/1.0; +claudebot@anthropic.com)"
3.149.247.105 - - [06/Apr/2025:09:36:33 -0400] "GET /ad917/?path=%2Fhome%2F.%2F..%2Flib%2Ffirewalld%2F. HTTP/1.1" 200 1576 "-" "Mozilla/5.0 AppleWebKit/537.36 (KHTML, like Gecko; compatible; ClaudeBot/1.0; +claudebot@anthropic.com)"
3.149.247.105 - - [06/Apr/2025:09:36:36 -0400] "GET /ad917/?path=%2Fhome%2F.%2F..%2Fusr%2Fselector%2F.. HTTP/1.1" 200 1698 "-" "Mozilla/5.0 AppleWebKit/537.36 (KHTML, like Gecko; compatible; ClaudeBot/1.0; +claudebot@anthropic.com)"
3.149.247.105 - - [06/Apr/2025:09:36:39 -0400] "GET /ad917/?path=%2Fhome%2F.%2F..%2Flib%2Fpython3.6%2F. HTTP/1.1" 200 1451 "-" "Mozilla/5.0 AppleWebKit/537.36 (KHTML, like Gecko; compatible; ClaudeBot/1.0; +claudebot@anthropic.com)"
207.46.13.150 - - [06/Apr/2025:09:36:41 -0400] "GET /item/baculite20664734.shtml HTTP/1.1" 200 19776 "-" "Mozilla/5.0 AppleWebKit/537.36 (KHTML, like Gecko; compatible; bingbot/2.0; +http://www.bing.com/bingbot.htm) Chrome/116.0.1938.76 Safari/537.36"
3.149.247.105 - - [06/Apr/2025:09:36:42 -0400] "GET /ad917/?path=%2Fhome%2F.%2F..%2Flib%2Fpython2.7%2F. HTTP/1.1" 200 1451 "-" "Mozilla/5.0 AppleWebKit/537.36 (KHTML, like Gecko; compatible; ClaudeBot/1.0; +claudebot@anthropic.com)"
3.149.247.105 - - [06/Apr/2025:09:36:45 -0400] "GET /ad917/?path=%2Fhome%2F.%2F..%2Fhome%2Fservlmvm%2F. HTTP/1.1" 200 2362 "-" "Mozilla/5.0 AppleWebKit/537.36 (KHTML, like Gecko; compatible; ClaudeBot/1.0; +claudebot@anthropic.com)"
3.149.247.105 - - [06/Apr/2025:09:36:48 -0400] "GET /ad917/?path=%2Fhome%2F.%2F..%2Flib%2Fpython3.8%2F. HTTP/1.1" 200 1451 "-" "Mozilla/5.0 AppleWebKit/537.36 (KHTML, like Gecko; compatible; ClaudeBot/1.0; +claudebot@anthropic.com)"
3.149.247.105 - - [06/Apr/2025:09:36:52 -0400] "GET /ad917/?path=%2Fhome%2F.%2F..%2Fhome5%2F..%2Fhome2 HTTP/1.1" 200 1416 "-" "Mozilla/5.0 AppleWebKit/537.36 (KHTML, like Gecko; compatible; ClaudeBot/1.0; +claudebot@anthropic.com)"
3.149.247.105 - - [06/Apr/2025:09:36:55 -0400] "GET /ad917/?path=%2Fhome%2F.%2F..%2Fhome5%2F..%2Fhome1 HTTP/1.1" 200 1416 "-" "Mozilla/5.0 AppleWebKit/537.36 (KHTML, like Gecko; compatible; ClaudeBot/1.0; +claudebot@anthropic.com)"
3.149.247.105 - - [06/Apr/2025:09:36:58 -0400] "GET /ad917/?path=%2Fhome%2F.%2F..%2Fhome5%2F..%2Fhome4 HTTP/1.1" 200 1416 "-" "Mozilla/5.0 AppleWebKit/537.36 (KHTML, like Gecko; compatible; ClaudeBot/1.0; +claudebot@anthropic.com)"
3.149.247.105 - - [06/Apr/2025:09:37:01 -0400] "GET /ad917/?path=%2Fhome%2F.%2F..%2Fhome4%2F..%2Fhome4 HTTP/1.1" 200 1411 "-" "Mozilla/5.0 AppleWebKit/537.36 (KHTML, like Gecko; compatible; ClaudeBot/1.0; +claudebot@anthropic.com)"
66.249.65.96 - - [06/Apr/2025:09:37:02 -0400] "POST /get-message-notify HTTP/1.1" 200 20313 "https://servethepeopleinc.org/info/iwi/ligustica/49498054.shtml" "Mozilla/5.0 (Linux; Android 6.0.1; Nexus 5X Build/MMB29P) AppleWebKit/537.36 (KHTML, like Gecko) Chrome/134.0.6998.165 Mobile Safari/537.36 (compatible; Googlebot/2.1; +http://www.google.com/bot.html)"
3.149.247.105 - - [06/Apr/2025:09:37:04 -0400] "GET /ad917/?path=%2Fhome%2F.%2F..%2Fhome5%2F..%2Flib64 HTTP/1.1" 200 44327 "-" "Mozilla/5.0 AppleWebKit/537.36 (KHTML, like Gecko; compatible; ClaudeBot/1.0; +claudebot@anthropic.com)"
3.149.247.105 - - [06/Apr/2025:09:37:07 -0400] "GET /ad917/?path=%2Fhome%2F.%2F..%2Fhome4%2F..%2Fhome1 HTTP/1.1" 200 1416 "-" "Mozilla/5.0 AppleWebKit/537.36 (KHTML, like Gecko; compatible; ClaudeBot/1.0; +claudebot@anthropic.com)"
3.149.247.105 - - [06/Apr/2025:09:37:10 -0400] "GET /ad917/?path=%2Fhome%2F.%2F..%2Fhome4%2F..%2Fhome6 HTTP/1.1" 200 1416 "-" "Mozilla/5.0 AppleWebKit/537.36 (KHTML, like Gecko; compatible; ClaudeBot/1.0; +claudebot@anthropic.com)"
207.46.13.130 - - [06/Apr/2025:09:37:11 -0400] "GET /entity112623634.shtml HTTP/1.1" 200 20249 "-" "Mozilla/5.0 AppleWebKit/537.36 (KHTML, like Gecko; compatible; bingbot/2.0; +http://www.bing.com/bingbot.htm) Chrome/116.0.1938.76 Safari/537.36"
3.149.247.105 - - [06/Apr/2025:09:37:13 -0400] "GET /ad917/?path=%2Fhome%2F.%2F..%2Fhome5%2F..%2Fhome5 HTTP/1.1" 200 1411 "-" "Mozilla/5.0 AppleWebKit/537.36 (KHTML, like Gecko; compatible; ClaudeBot/1.0; +claudebot@anthropic.com)"
3.149.247.105 - - [06/Apr/2025:09:37:16 -0400] "GET /ad917/?path=%2Fhome%2F.%2F..%2Fhome4%2F..%2Fhome5 HTTP/1.1" 200 1416 "-" "Mozilla/5.0 AppleWebKit/537.36 (KHTML, like Gecko; compatible; ClaudeBot/1.0; +claudebot@anthropic.com)"
207.46.13.150 - - [06/Apr/2025:09:37:16 -0400] "GET /special/idk/dictograph119461482.shtml HTTP/1.1" 200 20002 "-" "Mozilla/5.0 AppleWebKit/537.36 (KHTML, like Gecko; compatible; bingbot/2.0; +http://www.bing.com/bingbot.htm) Chrome/116.0.1938.76 Safari/537.36"
3.149.247.105 - - [06/Apr/2025:09:37:19 -0400] "GET /ad917/?path=%2Fhome%2F.%2F..%2Fusr%2Flib%2Fdracut HTTP/1.1" 200 1763 "-" "Mozilla/5.0 AppleWebKit/537.36 (KHTML, like Gecko; compatible; ClaudeBot/1.0; +claudebot@anthropic.com)"
66.249.65.104 - - [06/Apr/2025:09:37:20 -0400] "GET /shopbrand/omm/potentacy/10930022.shtml HTTP/1.1" 200 19527 "-" "Mozilla/5.0 (Linux; Android 6.0.1; Nexus 5X Build/MMB29P) AppleWebKit/537.36 (KHTML, like Gecko) Chrome/134.0.6998.165 Mobile Safari/537.36 (compatible; GoogleOther)"
3.149.247.105 - - [06/Apr/2025:09:37:22 -0400] "GET /ad917/?path=%2Fhome%2F.%2F..%2Fusr%2Flib%2Flocale HTTP/1.1" 200 2216 "-" "Mozilla/5.0 AppleWebKit/537.36 (KHTML, like Gecko; compatible; ClaudeBot/1.0; +claudebot@anthropic.com)"
40.77.167.67 - - [06/Apr/2025:09:37:21 -0400] "GET /shopbrand51629488.shtml HTTP/1.1" 200 19723 "-" "Mozilla/5.0 AppleWebKit/537.36 (KHTML, like Gecko; compatible; bingbot/2.0; +http://www.bing.com/bingbot.htm) Chrome/116.0.1938.76 Safari/537.36"
207.46.13.130 - - [06/Apr/2025:09:37:22 -0400] "GET /product/monitor82337870.shtml HTTP/1.1" 200 19495 "-" "Mozilla/5.0 AppleWebKit/537.36 (KHTML, like Gecko; compatible; bingbot/2.0; +http://www.bing.com/bingbot.htm) Chrome/116.0.1938.76 Safari/537.36"
66.249.65.104 - - [06/Apr/2025:09:37:23 -0400] "GET /entity/pacifying94813084.shtml HTTP/1.1" 200 18980 "-" "Mozilla/5.0 (Linux; Android 6.0.1; Nexus 5X Build/MMB29P) AppleWebKit/537.36 (KHTML, like Gecko) Chrome/134.0.6998.165 Mobile Safari/537.36 (compatible; GoogleOther)"
3.149.247.105 - - [06/Apr/2025:09:37:25 -0400] "GET /ad917/?path=%2Fhome%2F.%2F..%2Fhome5%2F..%2Fhome6 HTTP/1.1" 200 1416 "-" "Mozilla/5.0 AppleWebKit/537.36 (KHTML, like Gecko; compatible; ClaudeBot/1.0; +claudebot@anthropic.com)"
66.249.65.104 - - [06/Apr/2025:09:37:26 -0400] "GET /special/slaved/110902154.shtml HTTP/1.1" 200 20265 "-" "Mozilla/5.0 (Linux; Android 6.0.1; Nexus 5X Build/MMB29P) AppleWebKit/537.36 (KHTML, like Gecko) Chrome/134.0.6998.165 Mobile Safari/537.36 (compatible; GoogleOther)"
40.77.167.55 - - [06/Apr/2025:09:37:27 -0400] "GET /info9754748.shtml HTTP/1.1" 200 19954 "-" "Mozilla/5.0 AppleWebKit/537.36 (KHTML, like Gecko; compatible; bingbot/2.0; +http://www.bing.com/bingbot.htm) Chrome/116.0.1938.76 Safari/537.36"
3.149.247.105 - - [06/Apr/2025:09:37:28 -0400] "GET /ad917/?path=%2Fhome%2F.%2F..%2Fhome4%2F..%2Flib64 HTTP/1.1" 200 42998 "-" "Mozilla/5.0 AppleWebKit/537.36 (KHTML, like Gecko; compatible; ClaudeBot/1.0; +claudebot@anthropic.com)"
3.149.247.105 - - [06/Apr/2025:09:37:31 -0400] "GET /ad917/?path=%2Fhome%2F.%2F..%2Fusr%2Flib%2Fkernel HTTP/1.1" 200 1443 "-" "Mozilla/5.0 AppleWebKit/537.36 (KHTML, like Gecko; compatible; ClaudeBot/1.0; +claudebot@anthropic.com)"
3.149.247.105 - - [06/Apr/2025:09:37:34 -0400] "GET /ad917/?path=%2Fhome%2F.%2F..%2Fhome4%2F..%2Fhome2 HTTP/1.1" 200 1417 "-" "Mozilla/5.0 AppleWebKit/537.36 (KHTML, like Gecko; compatible; ClaudeBot/1.0; +claudebot@anthropic.com)"
