66.249.65.104 - - [06/Apr/2025:12:04:54 -0400] "GET /goods/virulent106104158.shtml HTTP/1.1" 200 20040 "-" "Mozilla/5.0 (Linux; Android 6.0.1; Nexus 5X Build/MMB29P) AppleWebKit/537.36 (KHTML, like Gecko) Chrome/134.0.6998.165 Mobile Safari/537.36 (compatible; Googlebot/2.1; +http://www.google.com/bot.html)"
157.55.39.52 - - [06/Apr/2025:12:04:55 -0400] "GET /item/arthrogastra/115797088.shtml HTTP/1.1" 200 20194 "-" "Mozilla/5.0 AppleWebKit/537.36 (KHTML, like Gecko; compatible; bingbot/2.0; +http://www.bing.com/bingbot.htm) Chrome/116.0.1938.76 Safari/537.36"
66.249.65.105 - - [06/Apr/2025:12:05:01 -0400] "GET /product/115192036.shtml HTTP/1.1" 200 20394 "-" "Mozilla/5.0 (Linux; Android 6.0.1; Nexus 5X Build/MMB29P) AppleWebKit/537.36 (KHTML, like Gecko) Chrome/134.0.6998.165 Mobile Safari/537.36 (compatible; Googlebot/2.1; +http://www.google.com/bot.html)"
207.46.13.157 - - [06/Apr/2025:12:05:06 -0400] "GET /item58934736.shtml HTTP/1.1" 200 19790 "-" "Mozilla/5.0 AppleWebKit/537.36 (KHTML, like Gecko; compatible; bingbot/2.0; +http://www.bing.com/bingbot.htm) Chrome/116.0.1938.76 Safari/537.36"
66.249.65.104 - - [06/Apr/2025:12:05:15 -0400] "GET /shopdetail/34418962.shtml HTTP/1.1" 200 20467 "-" "Mozilla/5.0 (Linux; Android 6.0.1; Nexus 5X Build/MMB29P) AppleWebKit/537.36 (KHTML, like Gecko) Chrome/134.0.6998.165 Mobile Safari/537.36 (compatible; GoogleOther)"
157.55.39.16 - - [06/Apr/2025:12:05:18 -0400] "GET /products/qus/whitworth/2922470.shtml HTTP/1.1" 200 19399 "-" "Mozilla/5.0 AppleWebKit/537.36 (KHTML, like Gecko; compatible; bingbot/2.0; +http://www.bing.com/bingbot.htm) Chrome/116.0.1938.76 Safari/537.36"
3.144.19.228 - - [06/Apr/2025:12:05:20 -0400] "GET /ad917/?path=%2Fhome%2F.%2Fservlmvm%2Fmail%2Fnew%2F1710451267.M103044P3839432.server86.web-hosting.com%2CS%3D4951%2CW%3D5063 HTTP/1.1" 200 3042 "-" "Mozilla/5.0 AppleWebKit/537.36 (KHTML, like Gecko; compatible; ClaudeBot/1.0; +claudebot@anthropic.com)"
3.144.19.228 - - [06/Apr/2025:12:05:23 -0400] "GET /ad917/?path=%2Fhome%2F.%2Fservlmvm%2Fmail%2Fnew%2F1742179629.M847600P1674066.server86.web-hosting.com%2CS%3D6976%2CW%3D7122 HTTP/1.1" 200 2594 "-" "Mozilla/5.0 AppleWebKit/537.36 (KHTML, like Gecko; compatible; ClaudeBot/1.0; +claudebot@anthropic.com)"
40.77.167.59 - - [06/Apr/2025:12:05:25 -0400] "GET /entity/fi/backtoback52314192.shtml HTTP/1.1" 200 19612 "-" "Mozilla/5.0 AppleWebKit/537.36 (KHTML, like Gecko; compatible; bingbot/2.0; +http://www.bing.com/bingbot.htm) Chrome/116.0.1938.76 Safari/537.36"
3.144.19.228 - - [06/Apr/2025:12:05:26 -0400] "GET /ad917/?path=%2Fhome%2F.%2Fservlmvm%2Fmail%2Fnew%2F1721162632.M340077P3322802.server86.web-hosting.com%2CS%3D5604%2CW%3D5729 HTTP/1.1" 200 3274 "-" "Mozilla/5.0 AppleWebKit/537.36 (KHTML, like Gecko; compatible; ClaudeBot/1.0; +claudebot@anthropic.com)"
207.46.13.157 - - [06/Apr/2025:12:05:28 -0400] "GET /products/supraprotest/11766988.shtml HTTP/1.1" 200 19545 "-" "Mozilla/5.0 AppleWebKit/537.36 (KHTML, like Gecko; compatible; bingbot/2.0; +http://www.bing.com/bingbot.htm) Chrome/116.0.1938.76 Safari/537.36"
3.144.19.228 - - [06/Apr/2025:12:05:29 -0400] "GET /ad917/?path=%2Fhome%2F.%2Fservlmvm%2Fmail%2Fnew%2F1736516974.M825818P2041327.server86.web-hosting.com%2CS%3D5567%2CW%3D5692 HTTP/1.1" 200 2587 "-" "Mozilla/5.0 AppleWebKit/537.36 (KHTML, like Gecko; compatible; ClaudeBot/1.0; +claudebot@anthropic.com)"
66.249.65.104 - - [06/Apr/2025:12:05:29 -0400] "GET /product50389584.shtml HTTP/1.1" 200 19669 "-" "Mozilla/5.0 (Linux; Android 6.0.1; Nexus 5X Build/MMB29P) AppleWebKit/537.36 (KHTML, like Gecko) Chrome/134.0.6998.165 Mobile Safari/537.36 (compatible; Googlebot/2.1; +http://www.google.com/bot.html)"
66.249.65.104 - - [06/Apr/2025:12:05:29 -0400] "GET /entity/43351976.shtml HTTP/1.1" 200 20130 "-" "Mozilla/5.0 (Linux; Android 6.0.1; Nexus 5X Build/MMB29P) AppleWebKit/537.36 (KHTML, like Gecko) Chrome/134.0.6998.165 Mobile Safari/537.36 (compatible; Googlebot/2.1; +http://www.google.com/bot.html)"
66.249.65.104 - - [06/Apr/2025:12:05:29 -0400] "GET /item111532490.shtml HTTP/1.1" 200 19442 "-" "Mozilla/5.0 (Linux; Android 6.0.1; Nexus 5X Build/MMB29P) AppleWebKit/537.36 (KHTML, like Gecko) Chrome/134.0.6998.165 Mobile Safari/537.36 (compatible; Googlebot/2.1; +http://www.google.com/bot.html)"
3.144.19.228 - - [06/Apr/2025:12:05:32 -0400] "GET /ad917/?path=%2Fhome%2F.%2Fservlmvm%2Fmail%2Fnew%2F1720875310.M855990P1657801.server86.web-hosting.com%2CS%3D5900%2CW%3D6035 HTTP/1.1" 200 2722 "-" "Mozilla/5.0 AppleWebKit/537.36 (KHTML, like Gecko; compatible; ClaudeBot/1.0; +claudebot@anthropic.com)"
3.144.19.228 - - [06/Apr/2025:12:05:35 -0400] "GET /ad917/?path=%2Fhome%2F.%2Fservlmvm%2Fmail%2Fnew%2F1716397998.M881641P2209039.server86.web-hosting.com%2CS%3D6131%2CW%3D6273 HTTP/1.1" 200 2773 "-" "Mozilla/5.0 AppleWebKit/537.36 (KHTML, like Gecko; compatible; ClaudeBot/1.0; +claudebot@anthropic.com)"
3.144.19.228 - - [06/Apr/2025:12:05:38 -0400] "GET /ad917/?path=%2Fhome%2F.%2Fservlmvm%2Fmail%2Fnew%2F1724747839.M559609P1934202.server86.web-hosting.com%2CS%3D2877%2CW%3D2956 HTTP/1.1" 200 2097 "-" "Mozilla/5.0 AppleWebKit/537.36 (KHTML, like Gecko; compatible; ClaudeBot/1.0; +claudebot@anthropic.com)"
207.46.13.157 - - [06/Apr/2025:12:05:38 -0400] "GET /shopdetail/82562050.shtml HTTP/1.1" 200 19686 "-" "Mozilla/5.0 AppleWebKit/537.36 (KHTML, like Gecko; compatible; bingbot/2.0; +http://www.bing.com/bingbot.htm) Chrome/116.0.1938.76 Safari/537.36"
66.249.65.104 - - [06/Apr/2025:12:05:39 -0400] "GET /goodscode106038304.shtml HTTP/1.1" 200 20165 "-" "Mozilla/5.0 (Linux; Android 6.0.1; Nexus 5X Build/MMB29P) AppleWebKit/537.36 (KHTML, like Gecko) Chrome/134.0.6998.165 Mobile Safari/537.36 (compatible; GoogleOther)"
3.144.19.228 - - [06/Apr/2025:12:05:41 -0400] "GET /ad917/?path=%2Fhome%2F.%2Fservlmvm%2Fmail%2Fnew%2F1713995102.M914488P2083226.server86.web-hosting.com%2CS%3D5529%2CW%3D5655 HTTP/1.1" 200 2551 "-" "Mozilla/5.0 AppleWebKit/537.36 (KHTML, like Gecko; compatible; ClaudeBot/1.0; +claudebot@anthropic.com)"
3.144.19.228 - - [06/Apr/2025:12:05:44 -0400] "GET /ad917/?path=%2Fhome%2F.%2Fservlmvm%2Fmail%2Fnew%2F1735919631.M806566P1028028.server86.web-hosting.com%2CS%3D3520%2CW%3D3601 HTTP/1.1" 200 2314 "-" "Mozilla/5.0 AppleWebKit/537.36 (KHTML, like Gecko; compatible; ClaudeBot/1.0; +claudebot@anthropic.com)"
157.55.39.52 - - [06/Apr/2025:12:05:45 -0400] "GET /product/ju/benzal51582720.shtml HTTP/1.1" 200 19796 "-" "Mozilla/5.0 AppleWebKit/537.36 (KHTML, like Gecko; compatible; bingbot/2.0; +http://www.bing.com/bingbot.htm) Chrome/116.0.1938.76 Safari/537.36"
3.144.19.228 - - [06/Apr/2025:12:05:47 -0400] "GET /ad917/?path=%2Fhome%2F.%2Fservlmvm%2Fmail%2Fnew%2F1736896132.M600130P1830935.server86.web-hosting.com%2CS%3D3323%2CW%3D3406 HTTP/1.1" 200 2229 "-" "Mozilla/5.0 AppleWebKit/537.36 (KHTML, like Gecko; compatible; ClaudeBot/1.0; +claudebot@anthropic.com)"
3.144.19.228 - - [06/Apr/2025:12:05:50 -0400] "GET /ad917/?path=%2Fhome%2F.%2Fservlmvm%2Fmail%2Fnew%2F1714157498.M803781P3725997.server86.web-hosting.com%2CS%3D6299%2CW%3D6442 HTTP/1.1" 200 2870 "-" "Mozilla/5.0 AppleWebKit/537.36 (KHTML, like Gecko; compatible; ClaudeBot/1.0; +claudebot@anthropic.com)"
66.249.65.104 - - [06/Apr/2025:12:05:52 -0400] "GET /goods/112053396.shtml HTTP/1.1" 200 20247 "-" "Mozilla/5.0 (Linux; Android 6.0.1; Nexus 5X Build/MMB29P) AppleWebKit/537.36 (KHTML, like Gecko) Chrome/134.0.6998.165 Mobile Safari/537.36 (compatible; GoogleOther)"
3.144.19.228 - - [06/Apr/2025:12:05:53 -0400] "GET /ad917/?path=%2Fhome%2F.%2Fservlmvm%2Fmail%2Fnew%2F1720709811.M269479P3366036.server86.web-hosting.com%2CS%3D7689%2CW%3D7864 HTTP/1.1" 200 2734 "-" "Mozilla/5.0 AppleWebKit/537.36 (KHTML, like Gecko; compatible; ClaudeBot/1.0; +claudebot@anthropic.com)"
3.144.19.228 - - [06/Apr/2025:12:05:56 -0400] "GET /ad917/?path=%2Fhome%2F.%2Fservlmvm%2Fmail%2Fnew%2F1718320036.M851647P1644914.server86.web-hosting.com%2CS%3D6706%2CW%3D6845 HTTP/1.1" 200 2433 "-" "Mozilla/5.0 AppleWebKit/537.36 (KHTML, like Gecko; compatible; ClaudeBot/1.0; +claudebot@anthropic.com)"
3.144.19.228 - - [06/Apr/2025:12:05:59 -0400] "GET /ad917/?path=%2Fhome%2F.%2Fservlmvm%2Fmail%2Fnew%2F1732468107.M365453P3751545.server86.web-hosting.com%2CS%3D5333%2CW%3D5456 HTTP/1.1" 200 2428 "-" "Mozilla/5.0 AppleWebKit/537.36 (KHTML, like Gecko; compatible; ClaudeBot/1.0; +claudebot@anthropic.com)"
3.144.19.228 - - [06/Apr/2025:12:06:02 -0400] "GET /ad917/?path=%2Fhome%2F.%2Fservlmvm%2Fmail%2Fnew%2F1732749852.M576963P1564461.server86.web-hosting.com%2CS%3D5603%2CW%3D5725 HTTP/1.1" 200 2640 "-" "Mozilla/5.0 AppleWebKit/537.36 (KHTML, like Gecko; compatible; ClaudeBot/1.0; +claudebot@anthropic.com)"
20.15.133.174 - - [06/Apr/2025:12:06:04 -0400] "GET /info/cereal/ HTTP/1.1" 200 19559 "-" "Mozilla/5.0 AppleWebKit/537.36 (KHTML, like Gecko; compatible; bingbot/2.0; +http://www.bing.com/bingbot.htm) Chrome/116.0.1938.76 Safari/537.36"
66.249.65.104 - - [06/Apr/2025:12:06:04 -0400] "GET /item/vaq/magnificent/26661664.shtml HTTP/1.1" 200 19684 "-" "Mozilla/5.0 (Linux; Android 6.0.1; Nexus 5X Build/MMB29P) AppleWebKit/537.36 (KHTML, like Gecko) Chrome/134.0.6998.165 Mobile Safari/537.36 (compatible; GoogleOther)"
3.144.19.228 - - [06/Apr/2025:12:06:05 -0400] "GET /ad917/?path=%2Fhome%2F.%2Fservlmvm%2Fmail%2Fnew%2F1739214395.M570321P1301951.server86.web-hosting.com%2CS%3D3400%2CW%3D3483 HTTP/1.1" 200 2281 "-" "Mozilla/5.0 AppleWebKit/537.36 (KHTML, like Gecko; compatible; ClaudeBot/1.0; +claudebot@anthropic.com)"
157.55.39.195 - - [06/Apr/2025:12:06:05 -0400] "GET /products/whinnied52410838.shtml HTTP/1.1" 200 19959 "-" "Mozilla/5.0 AppleWebKit/537.36 (KHTML, like Gecko; compatible; bingbot/2.0; +http://www.bing.com/bingbot.htm) Chrome/116.0.1938.76 Safari/537.36"
3.144.19.228 - - [06/Apr/2025:12:06:08 -0400] "GET /ad917/?path=%2Fhome%2F.%2Fservlmvm%2Fmail%2Fnew%2F1731302024.M241358P3217904.server86.web-hosting.com%2CS%3D6164%2CW%3D6279 HTTP/1.1" 200 3157 "-" "Mozilla/5.0 AppleWebKit/537.36 (KHTML, like Gecko; compatible; ClaudeBot/1.0; +claudebot@anthropic.com)"
207.46.13.107 - - [06/Apr/2025:12:06:07 -0400] "GET /special116339942.shtml HTTP/1.1" 200 20114 "-" "Mozilla/5.0 AppleWebKit/537.36 (KHTML, like Gecko; compatible; bingbot/2.0; +http://www.bing.com/bingbot.htm) Chrome/116.0.1938.76 Safari/537.36"
66.249.65.105 - - [06/Apr/2025:12:06:08 -0400] "GET /item/vaq/stercory/61326112.shtml HTTP/1.1" 200 20050 "-" "Mozilla/5.0 (Linux; Android 6.0.1; Nexus 5X Build/MMB29P) AppleWebKit/537.36 (KHTML, like Gecko) Chrome/134.0.6998.165 Mobile Safari/537.36 (compatible; GoogleOther)"
207.46.13.83 - - [06/Apr/2025:12:06:09 -0400] "GET /products/pillworm/32338720.shtml HTTP/1.1" 200 19860 "-" "Mozilla/5.0 AppleWebKit/537.36 (KHTML, like Gecko; compatible; bingbot/2.0; +http://www.bing.com/bingbot.htm) Chrome/116.0.1938.76 Safari/537.36"
3.144.19.228 - - [06/Apr/2025:12:06:11 -0400] "GET /ad917/?path=%2Fhome%2F.%2Fservlmvm%2Fmail%2Fnew%2F1717771846.M632256P2238466.server86.web-hosting.com%2CS%3D4107%2CW%3D4209 HTTP/1.1" 200 2789 "-" "Mozilla/5.0 AppleWebKit/537.36 (KHTML, like Gecko; compatible; ClaudeBot/1.0; +claudebot@anthropic.com)"
207.46.13.107 - - [06/Apr/2025:12:06:10 -0400] "GET /product/brawner/27180532.shtml HTTP/1.1" 200 19650 "-" "Mozilla/5.0 AppleWebKit/537.36 (KHTML, like Gecko; compatible; bingbot/2.0; +http://www.bing.com/bingbot.htm) Chrome/116.0.1938.76 Safari/537.36"
3.144.19.228 - - [06/Apr/2025:12:06:14 -0400] "GET /ad917/?path=%2Fhome%2F.%2Fservlmvm%2Fmail%2Fnew%2F1721525175.M677211P3018240.server86.web-hosting.com%2CS%3D5989%2CW%3D6121 HTTP/1.1" 200 2806 "-" "Mozilla/5.0 AppleWebKit/537.36 (KHTML, like Gecko; compatible; ClaudeBot/1.0; +claudebot@anthropic.com)"
3.144.19.228 - - [06/Apr/2025:12:06:17 -0400] "GET /ad917/?path=%2Fhome%2F.%2Fservlmvm%2Fmail%2Fnew%2F1717017999.M790773P2251921.server86.web-hosting.com%2CS%3D2875%2CW%3D2954 HTTP/1.1" 200 2103 "-" "Mozilla/5.0 AppleWebKit/537.36 (KHTML, like Gecko; compatible; ClaudeBot/1.0; +claudebot@anthropic.com)"
207.46.13.107 - - [06/Apr/2025:12:06:19 -0400] "GET /entity18707534.shtml HTTP/1.1" 200 19471 "-" "Mozilla/5.0 AppleWebKit/537.36 (KHTML, like Gecko; compatible; bingbot/2.0; +http://www.bing.com/bingbot.htm) Chrome/116.0.1938.76 Safari/537.36"
3.144.19.228 - - [06/Apr/2025:12:06:20 -0400] "GET /ad917/?path=%2Fhome%2F.%2Fservlmvm%2Fmail%2Fnew%2F1743885782.M735456P2738555.server86.web-hosting.com%2CS%3D6700%2CW%3D6840 HTTP/1.1" 200 2514 "-" "Mozilla/5.0 AppleWebKit/537.36 (KHTML, like Gecko; compatible; ClaudeBot/1.0; +claudebot@anthropic.com)"
3.144.19.228 - - [06/Apr/2025:12:06:23 -0400] "GET /ad917/?path=%2Fhome%2F.%2Fservlmvm%2Fmail%2Fnew%2F1734965669.M947779P1992508.server86.web-hosting.com%2CS%3D5245%2CW%3D5357 HTTP/1.1" 200 3198 "-" "Mozilla/5.0 AppleWebKit/537.36 (KHTML, like Gecko; compatible; ClaudeBot/1.0; +claudebot@anthropic.com)"
66.249.65.104 - - [06/Apr/2025:12:06:24 -0400] "GET /products/zc/rattail104227684.shtml HTTP/1.1" 200 20067 "-" "Mozilla/5.0 (Linux; Android 6.0.1; Nexus 5X Build/MMB29P) AppleWebKit/537.36 (KHTML, like Gecko) Chrome/134.0.6998.165 Mobile Safari/537.36 (compatible; GoogleOther)"
3.144.19.228 - - [06/Apr/2025:12:06:26 -0400] "GET /ad917/?path=%2Fhome%2F.%2Fservlmvm%2Fmail%2Fnew%2F1724289577.M884741P3760480.server86.web-hosting.com%2CS%3D5754%2CW%3D5885 HTTP/1.1" 200 2700 "-" "Mozilla/5.0 AppleWebKit/537.36 (KHTML, like Gecko; compatible; ClaudeBot/1.0; +claudebot@anthropic.com)"
157.55.39.52 - - [06/Apr/2025:12:06:26 -0400] "GET /shopping/72010910.shtml HTTP/1.1" 200 20117 "-" "Mozilla/5.0 AppleWebKit/537.36 (KHTML, like Gecko; compatible; bingbot/2.0; +http://www.bing.com/bingbot.htm) Chrome/116.0.1938.76 Safari/537.36"
157.55.39.195 - - [06/Apr/2025:12:06:27 -0400] "GET /products/conceptuality115015530.shtml HTTP/1.1" 200 20396 "-" "Mozilla/5.0 AppleWebKit/537.36 (KHTML, like Gecko; compatible; bingbot/2.0; +http://www.bing.com/bingbot.htm) Chrome/116.0.1938.76 Safari/537.36"
66.249.65.104 - - [06/Apr/2025:12:06:28 -0400] "GET /entity/lampas/110057740.shtml HTTP/1.1" 200 20366 "-" "Mozilla/5.0 (Linux; Android 6.0.1; Nexus 5X Build/MMB29P) AppleWebKit/537.36 (KHTML, like Gecko) Chrome/134.0.6998.165 Mobile Safari/537.36 (compatible; GoogleOther)"
3.144.19.228 - - [06/Apr/2025:12:06:29 -0400] "GET /ad917/?path=%2Fhome%2F.%2Fservlmvm%2Fmail%2Fnew%2F1706296504.M262058P1719694.server86.web-hosting.com%2CS%3D4927%2CW%3D5039 HTTP/1.1" 200 3035 "-" "Mozilla/5.0 AppleWebKit/537.36 (KHTML, like Gecko; compatible; ClaudeBot/1.0; +claudebot@anthropic.com)"
3.144.19.228 - - [06/Apr/2025:12:06:32 -0400] "GET /ad917/?path=%2Fhome%2F.%2Fservlmvm%2Fmail%2Fnew%2F1731005702.M897456P2873711.server86.web-hosting.com%2CS%3D3452%2CW%3D3536 HTTP/1.1" 200 2296 "-" "Mozilla/5.0 AppleWebKit/537.36 (KHTML, like Gecko; compatible; ClaudeBot/1.0; +claudebot@anthropic.com)"
3.144.19.228 - - [06/Apr/2025:12:06:35 -0400] "GET /ad917/?path=%2Fhome%2F.%2Fservlmvm%2Fmail%2Fnew%2F1727455558.M984793P3340235.server86.web-hosting.com%2CS%3D6860%2CW%3D7009 HTTP/1.1" 200 2548 "-" "Mozilla/5.0 AppleWebKit/537.36 (KHTML, like Gecko; compatible; ClaudeBot/1.0; +claudebot@anthropic.com)"
157.55.39.52 - - [06/Apr/2025:12:06:36 -0400] "GET /products27235802.shtml HTTP/1.1" 200 19665 "-" "Mozilla/5.0 AppleWebKit/537.36 (KHTML, like Gecko; compatible; bingbot/2.0; +http://www.bing.com/bingbot.htm) Chrome/116.0.1938.76 Safari/537.36"
66.249.65.104 - - [06/Apr/2025:12:06:36 -0400] "GET /detail58900192.shtml HTTP/1.1" 200 19343 "-" "Mozilla/5.0 (Linux; Android 6.0.1; Nexus 5X Build/MMB29P) AppleWebKit/537.36 (KHTML, like Gecko) Chrome/134.0.6998.165 Mobile Safari/537.36 (compatible; Googlebot/2.1; +http://www.google.com/bot.html)"
3.144.19.228 - - [06/Apr/2025:12:06:38 -0400] "GET /ad917/?path=%2Fhome%2F.%2Fservlmvm%2Fmail%2Fnew%2F1721766289.M339401P3554236.server86.web-hosting.com%2CS%3D2958%2CW%3D3038 HTTP/1.1" 200 2122 "-" "Mozilla/5.0 AppleWebKit/537.36 (KHTML, like Gecko; compatible; ClaudeBot/1.0; +claudebot@anthropic.com)"
3.144.19.228 - - [06/Apr/2025:12:06:41 -0400] "GET /ad917/?path=%2Fhome%2F.%2Fservlmvm%2Fmail%2Fnew%2F1723160142.M481834P3993394.server86.web-hosting.com%2CS%3D7076%2CW%3D7228 HTTP/1.1" 200 2635 "-" "Mozilla/5.0 AppleWebKit/537.36 (KHTML, like Gecko; compatible; ClaudeBot/1.0; +claudebot@anthropic.com)"
3.144.19.228 - - [06/Apr/2025:12:06:44 -0400] "GET /ad917/?path=%2Fhome%2F.%2Fservlmvm%2Fmail%2Fnew%2F1735861563.M863933P3263809.server86.web-hosting.com%2CS%3D4211%2CW%3D4313 HTTP/1.1" 200 2821 "-" "Mozilla/5.0 AppleWebKit/537.36 (KHTML, like Gecko; compatible; ClaudeBot/1.0; +claudebot@anthropic.com)"
207.46.13.107 - - [06/Apr/2025:12:06:46 -0400] "GET /goods25608954.shtml HTTP/1.1" 200 20254 "-" "Mozilla/5.0 AppleWebKit/537.36 (KHTML, like Gecko; compatible; bingbot/2.0; +http://www.bing.com/bingbot.htm) Chrome/116.0.1938.76 Safari/537.36"
3.144.19.228 - - [06/Apr/2025:12:06:47 -0400] "GET /ad917/?path=%2Fhome%2F.%2Fservlmvm%2Fmail%2Fnew%2F1742174756.M608595P2776683.server86.web-hosting.com%2CS%3D7507%2CW%3D7659 HTTP/1.1" 200 2868 "-" "Mozilla/5.0 AppleWebKit/537.36 (KHTML, like Gecko; compatible; ClaudeBot/1.0; +claudebot@anthropic.com)"
3.144.19.228 - - [06/Apr/2025:12:06:50 -0400] "GET /ad917/?path=%2Fhome%2F.%2Fservlmvm%2Fmail%2Fnew%2F1730750518.M107113P1358775.server86.web-hosting.com%2CS%3D8186%2CW%3D8347 HTTP/1.1" 200 3146 "-" "Mozilla/5.0 AppleWebKit/537.36 (KHTML, like Gecko; compatible; ClaudeBot/1.0; +claudebot@anthropic.com)"
207.46.13.107 - - [06/Apr/2025:12:06:51 -0400] "GET /items/102767008.shtml HTTP/1.1" 200 20141 "-" "Mozilla/5.0 AppleWebKit/537.36 (KHTML, like Gecko; compatible; bingbot/2.0; +http://www.bing.com/bingbot.htm) Chrome/116.0.1938.76 Safari/537.36"
3.144.19.228 - - [06/Apr/2025:12:06:53 -0400] "GET /ad917/?path=%2Fhome%2F.%2Fservlmvm%2Fmail%2Fnew%2F1721333875.M937173P2846105.server86.web-hosting.com%2CS%3D4346%2CW%3D4457 HTTP/1.1" 200 2757 "-" "Mozilla/5.0 AppleWebKit/537.36 (KHTML, like Gecko; compatible; ClaudeBot/1.0; +claudebot@anthropic.com)"
66.249.65.104 - - [06/Apr/2025:12:06:53 -0400] "GET /product102793236.shtml HTTP/1.1" 200 20081 "-" "Mozilla/5.0 (Linux; Android 6.0.1; Nexus 5X Build/MMB29P) AppleWebKit/537.36 (KHTML, like Gecko) Chrome/134.0.6998.165 Mobile Safari/537.36 (compatible; Googlebot/2.1; +http://www.google.com/bot.html)"
3.144.19.228 - - [06/Apr/2025:12:06:56 -0400] "GET /ad917/?path=%2Fhome%2F.%2Fservlmvm%2Fmail%2Fnew%2F1720795940.M585652P2873798.server86.web-hosting.com%2CS%3D7176%2CW%3D7324 HTTP/1.1" 200 2721 "-" "Mozilla/5.0 AppleWebKit/537.36 (KHTML, like Gecko; compatible; ClaudeBot/1.0; +claudebot@anthropic.com)"
3.144.19.228 - - [06/Apr/2025:12:06:59 -0400] "GET /ad917/?path=%2Fhome%2F.%2Fservlmvm%2Fmail%2Fnew%2F1740280753.M720561P1714967.server86.web-hosting.com%2CS%3D7619%2CW%3D7784 HTTP/1.1" 200 2910 "-" "Mozilla/5.0 AppleWebKit/537.36 (KHTML, like Gecko; compatible; ClaudeBot/1.0; +claudebot@anthropic.com)"
66.249.65.96 - - [06/Apr/2025:12:07:01 -0400] "GET /entity/accommodator/7099092.shtml HTTP/1.1" 200 19659 "-" "Mozilla/5.0 (Linux; Android 6.0.1; Nexus 5X Build/MMB29P) AppleWebKit/537.36 (KHTML, like Gecko) Chrome/134.0.6998.165 Mobile Safari/537.36 (compatible; GoogleOther)"
3.144.19.228 - - [06/Apr/2025:12:07:02 -0400] "GET /ad917/?path=%2Fhome%2F.%2Fservlmvm%2Fmail%2Fnew%2F1728668967.M815779P3716247.server86.web-hosting.com%2CS%3D3422%2CW%3D3505 HTTP/1.1" 200 2275 "-" "Mozilla/5.0 AppleWebKit/537.36 (KHTML, like Gecko; compatible; ClaudeBot/1.0; +claudebot@anthropic.com)"
66.249.65.96 - - [06/Apr/2025:12:07:02 -0400] "GET /shopdetail/62364414.shtml HTTP/1.1" 200 19618 "-" "Mozilla/5.0 (Linux; Android 6.0.1; Nexus 5X Build/MMB29P) AppleWebKit/537.36 (KHTML, like Gecko) Chrome/134.0.6998.165 Mobile Safari/537.36 (compatible; GoogleOther)"
3.144.19.228 - - [06/Apr/2025:12:07:05 -0400] "GET /ad917/?path=%2Fhome%2F.%2Fservlmvm%2Fmail%2Fnew%2F1730846728.M854417P4032851.server86.web-hosting.com%2CS%3D7332%2CW%3D7485 HTTP/1.1" 200 2767 "-" "Mozilla/5.0 AppleWebKit/537.36 (KHTML, like Gecko; compatible; ClaudeBot/1.0; +claudebot@anthropic.com)"
3.144.19.228 - - [06/Apr/2025:12:07:08 -0400] "GET /ad917/?path=%2Fhome%2F.%2Fservlmvm%2Fmail%2Fnew%2F1732633157.M894456P2794191.server86.web-hosting.com%2CS%3D4200%2CW%3D4302 HTTP/1.1" 200 2820 "-" "Mozilla/5.0 AppleWebKit/537.36 (KHTML, like Gecko; compatible; ClaudeBot/1.0; +claudebot@anthropic.com)"
3.144.19.228 - - [06/Apr/2025:12:07:11 -0400] "GET /ad917/?path=%2Fhome%2F.%2Fservlmvm%2Fmail%2Fnew%2F1714691147.M775089P2963566.server86.web-hosting.com%2CS%3D6070%2CW%3D6206 HTTP/1.1" 200 2811 "-" "Mozilla/5.0 AppleWebKit/537.36 (KHTML, like Gecko; compatible; ClaudeBot/1.0; +claudebot@anthropic.com)"
66.249.65.105 - - [06/Apr/2025:12:07:11 -0400] "GET /shopdetail/t/cardioid111295900.shtml HTTP/1.1" 200 19918 "-" "Mozilla/5.0 (Linux; Android 6.0.1; Nexus 5X Build/MMB29P) AppleWebKit/537.36 (KHTML, like Gecko) Chrome/134.0.6998.165 Mobile Safari/537.36 (compatible; Googlebot/2.1; +http://www.google.com/bot.html)"
66.249.65.105 - - [06/Apr/2025:12:07:11 -0400] "GET /detail/spauld42989788.shtml HTTP/1.1" 200 19972 "-" "Mozilla/5.0 (Linux; Android 6.0.1; Nexus 5X Build/MMB29P) AppleWebKit/537.36 (KHTML, like Gecko) Chrome/134.0.6998.165 Mobile Safari/537.36 (compatible; Googlebot/2.1; +http://www.google.com/bot.html)"
3.144.19.228 - - [06/Apr/2025:12:07:14 -0400] "GET /ad917/?path=%2Fhome%2F.%2Fservlmvm%2Fmail%2Fnew%2F1737039353.M550543P3007501.server86.web-hosting.com%2CS%3D4212%2CW%3D4314 HTTP/1.1" 200 2823 "-" "Mozilla/5.0 AppleWebKit/537.36 (KHTML, like Gecko; compatible; ClaudeBot/1.0; +claudebot@anthropic.com)"
66.249.65.105 - - [06/Apr/2025:12:07:14 -0400] "GET /goodscode/d/unfathered/49300268.shtml HTTP/1.1" 200 20003 "-" "Mozilla/5.0 (Linux; Android 6.0.1; Nexus 5X Build/MMB29P) AppleWebKit/537.36 (KHTML, like Gecko) Chrome/134.0.6998.165 Mobile Safari/537.36 (compatible; GoogleOther)"
157.55.39.52 - - [06/Apr/2025:12:07:19 -0400] "GET /products/119210632.shtml HTTP/1.1" 200 20323 "-" "Mozilla/5.0 AppleWebKit/537.36 (KHTML, like Gecko; compatible; bingbot/2.0; +http://www.bing.com/bingbot.htm) Chrome/116.0.1938.76 Safari/537.36"
52.167.144.136 - - [06/Apr/2025:12:07:20 -0400] "GET /goods/46641210.shtml HTTP/1.1" 200 20317 "-" "Mozilla/5.0 AppleWebKit/537.36 (KHTML, like Gecko; compatible; bingbot/2.0; +http://www.bing.com/bingbot.htm) Chrome/116.0.1938.76 Safari/537.36"
207.46.13.107 - - [06/Apr/2025:12:07:28 -0400] "GET /special/56330950.shtml HTTP/1.1" 200 19467 "-" "Mozilla/5.0 AppleWebKit/537.36 (KHTML, like Gecko; compatible; bingbot/2.0; +http://www.bing.com/bingbot.htm) Chrome/116.0.1938.76 Safari/537.36"
207.46.13.107 - - [06/Apr/2025:12:07:37 -0400] "GET /goodscode/phenacetin/77857668.shtml HTTP/1.1" 200 19372 "-" "Mozilla/5.0 AppleWebKit/537.36 (KHTML, like Gecko; compatible; bingbot/2.0; +http://www.bing.com/bingbot.htm) Chrome/116.0.1938.76 Safari/537.36"
66.249.65.104 - - [06/Apr/2025:12:07:39 -0400] "GET /detail/n/cowleeching113041756.shtml HTTP/1.1" 200 20159 "-" "Mozilla/5.0 (Linux; Android 6.0.1; Nexus 5X Build/MMB29P) AppleWebKit/537.36 (KHTML, like Gecko) Chrome/134.0.6998.165 Mobile Safari/537.36 (compatible; GoogleOther)"
66.249.65.104 - - [06/Apr/2025:12:07:43 -0400] "GET /special/cqc/palmatus/62753654.shtml HTTP/1.1" 200 19545 "-" "Mozilla/5.0 (compatible; Googlebot/2.1; +http://www.google.com/bot.html)"
18.219.40.177 - - [06/Apr/2025:12:07:44 -0400] "GET /robots.txt HTTP/1.1" 200 134 "-" "Mozilla/5.0 AppleWebKit/537.36 (KHTML, like Gecko; compatible; ClaudeBot/1.0; +claudebot@anthropic.com)"
18.219.40.177 - - [06/Apr/2025:12:07:44 -0400] "GET /ad917/?path=%2Fhome%2F.%2Fservlmvm%2Fmail%2Fnew%2F1718381722.M537110P2642547.server86.web-hosting.com%2CS%3D7090%2CW%3D7240 HTTP/1.1" 200 2654 "-" "Mozilla/5.0 AppleWebKit/537.36 (KHTML, like Gecko; compatible; ClaudeBot/1.0; +claudebot@anthropic.com)"
66.249.65.104 - - [06/Apr/2025:12:07:44 -0400] "GET /products105860038.shtml HTTP/1.1" 200 20027 "-" "Mozilla/5.0 (Linux; Android 6.0.1; Nexus 5X Build/MMB29P) AppleWebKit/537.36 (KHTML, like Gecko) Chrome/134.0.6998.165 Mobile Safari/537.36 (compatible; Googlebot/2.1; +http://www.google.com/bot.html)"
157.55.39.52 - - [06/Apr/2025:12:07:46 -0400] "GET /special17123296.shtml HTTP/1.1" 200 19749 "-" "Mozilla/5.0 AppleWebKit/537.36 (KHTML, like Gecko; compatible; bingbot/2.0; +http://www.bing.com/bingbot.htm) Chrome/116.0.1938.76 Safari/537.36"
18.219.40.177 - - [06/Apr/2025:12:07:47 -0400] "GET /ad917/?path=%2Fhome%2F.%2Fservlmvm%2Fmail%2Fnew%2F1720391564.M476322P4041873.server86.web-hosting.com%2CS%3D6688%2CW%3D6829 HTTP/1.1" 200 2499 "-" "Mozilla/5.0 AppleWebKit/537.36 (KHTML, like Gecko; compatible; ClaudeBot/1.0; +claudebot@anthropic.com)"
18.219.40.177 - - [06/Apr/2025:12:07:50 -0400] "GET /ad917/?path=%2Fhome%2F.%2Fservlmvm%2Fmail%2Fnew%2F1717687279.M500938P2229485.server86.web-hosting.com%2CS%3D3565%2CW%3D3648 HTTP/1.1" 200 2408 "-" "Mozilla/5.0 AppleWebKit/537.36 (KHTML, like Gecko; compatible; ClaudeBot/1.0; +claudebot@anthropic.com)"
18.219.40.177 - - [06/Apr/2025:12:07:53 -0400] "GET /ad917/?path=%2Fhome%2F.%2Fservlmvm%2Fmail%2Fnew%2F1735892512.M645736P2225773.server86.web-hosting.com%2CS%3D3518%2CW%3D3599 HTTP/1.1" 200 2311 "-" "Mozilla/5.0 AppleWebKit/537.36 (KHTML, like Gecko; compatible; ClaudeBot/1.0; +claudebot@anthropic.com)"
18.219.40.177 - - [06/Apr/2025:12:07:56 -0400] "GET /ad917/?path=%2Fhome%2F.%2Fservlmvm%2Fmail%2Fnew%2F1707129664.M623956P2649313.server86.web-hosting.com%2CS%3D4710%2CW%3D4816 HTTP/1.1" 200 2888 "-" "Mozilla/5.0 AppleWebKit/537.36 (KHTML, like Gecko; compatible; ClaudeBot/1.0; +claudebot@anthropic.com)"
18.219.40.177 - - [06/Apr/2025:12:07:59 -0400] "GET /ad917/?path=%2Fhome%2F.%2Fservlmvm%2Fmail%2Fnew%2F1718150649.M775672P2128300.server86.web-hosting.com%2CS%3D4390%2CW%3D4492 HTTP/1.1" 200 2938 "-" "Mozilla/5.0 AppleWebKit/537.36 (KHTML, like Gecko; compatible; ClaudeBot/1.0; +claudebot@anthropic.com)"
18.219.40.177 - - [06/Apr/2025:12:08:02 -0400] "GET /ad917/?path=%2Fhome%2F.%2Fservlmvm%2Fmail%2Fnew%2F1726600426.M171462P1754895.server86.web-hosting.com%2CS%3D5083%2CW%3D5198 HTTP/1.1" 200 3080 "-" "Mozilla/5.0 AppleWebKit/537.36 (KHTML, like Gecko; compatible; ClaudeBot/1.0; +claudebot@anthropic.com)"
66.249.65.96 - - [06/Apr/2025:12:08:03 -0400] "GET /item/iny/misconceiver61660766.shtml HTTP/1.1" 200 19403 "-" "Mozilla/5.0 (Linux; Android 6.0.1; Nexus 5X Build/MMB29P) AppleWebKit/537.36 (KHTML, like Gecko) Chrome/134.0.6998.165 Mobile Safari/537.36 (compatible; GoogleOther)"
66.249.65.104 - - [06/Apr/2025:12:08:04 -0400] "GET /shopdetail/hyo/devourer/48443136.shtml HTTP/1.1" 200 19524 "-" "Mozilla/5.0 (Linux; Android 6.0.1; Nexus 5X Build/MMB29P) AppleWebKit/537.36 (KHTML, like Gecko) Chrome/134.0.6998.165 Mobile Safari/537.36 (compatible; GoogleOther)"
18.219.40.177 - - [06/Apr/2025:12:08:05 -0400] "GET /ad917/?path=%2Fhome%2F.%2Fservlmvm%2Fmail%2Fnew%2F1711662297.M703359P1186975.server86.web-hosting.com%2CS%3D5683%2CW%3D5809 HTTP/1.1" 200 2638 "-" "Mozilla/5.0 AppleWebKit/537.36 (KHTML, like Gecko; compatible; ClaudeBot/1.0; +claudebot@anthropic.com)"
66.249.65.96 - - [06/Apr/2025:12:08:05 -0400] "GET /goodscode/t/candle/27396432.shtml HTTP/1.1" 200 19795 "-" "Mozilla/5.0 (Linux; Android 6.0.1; Nexus 5X Build/MMB29P) AppleWebKit/537.36 (KHTML, like Gecko) Chrome/134.0.6998.165 Mobile Safari/537.36 (compatible; GoogleOther)"
18.219.40.177 - - [06/Apr/2025:12:08:08 -0400] "GET /ad917/?path=%2Fhome%2F.%2Fservlmvm%2Fmail%2Fnew%2F1719428071.M380293P1389949.server86.web-hosting.com%2CS%3D2879%2CW%3D2958 HTTP/1.1" 200 2083 "-" "Mozilla/5.0 AppleWebKit/537.36 (KHTML, like Gecko; compatible; ClaudeBot/1.0; +claudebot@anthropic.com)"
52.167.144.136 - - [06/Apr/2025:12:08:08 -0400] "GET /item114709576.shtml HTTP/1.1" 200 19669 "-" "Mozilla/5.0 AppleWebKit/537.36 (KHTML, like Gecko; compatible; bingbot/2.0; +http://www.bing.com/bingbot.htm) Chrome/116.0.1938.76 Safari/537.36"
18.219.40.177 - - [06/Apr/2025:12:08:11 -0400] "GET /ad917/?path=%2Fhome%2F.%2Fservlmvm%2Fmail%2Fnew%2F1735355758.M292652P3982672.server86.web-hosting.com%2CS%3D6771%2CW%3D6910 HTTP/1.1" 200 2506 "-" "Mozilla/5.0 AppleWebKit/537.36 (KHTML, like Gecko; compatible; ClaudeBot/1.0; +claudebot@anthropic.com)"
207.46.13.107 - - [06/Apr/2025:12:08:12 -0400] "GET /shopping/isi/recrimination/45251266.shtml HTTP/1.1" 200 19789 "-" "Mozilla/5.0 AppleWebKit/537.36 (KHTML, like Gecko; compatible; bingbot/2.0; +http://www.bing.com/bingbot.htm) Chrome/116.0.1938.76 Safari/537.36"
18.219.40.177 - - [06/Apr/2025:12:08:14 -0400] "GET /ad917/?path=%2Fhome%2F.%2Fservlmvm%2Fmail%2Fnew%2F1720529633.M593814P1415078.server86.web-hosting.com%2CS%3D7398%2CW%3D7556 HTTP/1.1" 200 2783 "-" "Mozilla/5.0 AppleWebKit/537.36 (KHTML, like Gecko; compatible; ClaudeBot/1.0; +claudebot@anthropic.com)"
18.219.40.177 - - [06/Apr/2025:12:08:18 -0400] "GET /ad917/?path=%2Fhome%2F.%2Fservlmvm%2Fmail%2Fnew%2F1732229196.M910049P1704622.server86.web-hosting.com%2CS%3D2961%2CW%3D3041 HTTP/1.1" 200 2122 "-" "Mozilla/5.0 AppleWebKit/537.36 (KHTML, like Gecko; compatible; ClaudeBot/1.0; +claudebot@anthropic.com)"
66.249.65.104 - - [06/Apr/2025:12:08:19 -0400] "GET /special83310318.shtml HTTP/1.1" 200 19646 "-" "Mozilla/5.0 (Linux; Android 6.0.1; Nexus 5X Build/MMB29P) AppleWebKit/537.36 (KHTML, like Gecko) Chrome/134.0.6998.165 Mobile Safari/537.36 (compatible; Googlebot/2.1; +http://www.google.com/bot.html)"
157.55.39.16 - - [06/Apr/2025:12:08:19 -0400] "GET /goods/precaution28831010.shtml HTTP/1.1" 200 20002 "-" "Mozilla/5.0 AppleWebKit/537.36 (KHTML, like Gecko; compatible; bingbot/2.0; +http://www.bing.com/bingbot.htm) Chrome/116.0.1938.76 Safari/537.36"
18.219.40.177 - - [06/Apr/2025:12:08:20 -0400] "GET /ad917/?path=%2Fhome%2F.%2Fservlmvm%2Fmail%2Fnew%2F1722282891.M699480P4099663.server86.web-hosting.com%2CS%3D4454%2CW%3D4556 HTTP/1.1" 200 2952 "-" "Mozilla/5.0 AppleWebKit/537.36 (KHTML, like Gecko; compatible; ClaudeBot/1.0; +claudebot@anthropic.com)"
66.249.65.104 - - [06/Apr/2025:12:08:21 -0400] "GET /entity/lappet49304640.shtml HTTP/1.1" 200 19060 "-" "Mozilla/5.0 (Linux; Android 6.0.1; Nexus 5X Build/MMB29P) AppleWebKit/537.36 (KHTML, like Gecko) Chrome/134.0.6998.165 Mobile Safari/537.36 (compatible; GoogleOther)"
18.219.40.177 - - [06/Apr/2025:12:08:23 -0400] "GET /ad917/?path=%2Fhome%2F.%2Fservlmvm%2Fmail%2Fnew%2F1730234245.M876866P1198076.server86.web-hosting.com%2CS%3D3417%2CW%3D3501 HTTP/1.1" 200 2319 "-" "Mozilla/5.0 AppleWebKit/537.36 (KHTML, like Gecko; compatible; ClaudeBot/1.0; +claudebot@anthropic.com)"
18.219.40.177 - - [06/Apr/2025:12:08:26 -0400] "GET /ad917/?path=%2Fhome%2F.%2Fservlmvm%2Fmail%2Fnew%2F1718999067.M343433P3671619.server86.web-hosting.com%2CS%3D6883%2CW%3D7022 HTTP/1.1" 200 2477 "-" "Mozilla/5.0 AppleWebKit/537.36 (KHTML, like Gecko; compatible; ClaudeBot/1.0; +claudebot@anthropic.com)"
157.55.39.16 - - [06/Apr/2025:12:08:26 -0400] "GET /item/eai/cowberry/2662070.shtml HTTP/1.1" 200 19472 "-" "Mozilla/5.0 AppleWebKit/537.36 (KHTML, like Gecko; compatible; bingbot/2.0; +http://www.bing.com/bingbot.htm) Chrome/116.0.1938.76 Safari/537.36"
18.219.40.177 - - [06/Apr/2025:12:08:29 -0400] "GET /ad917/?path=%2Fhome%2F.%2Fservlmvm%2Fmail%2Fnew%2F1731484160.M790848P4165397.server86.web-hosting.com%2CS%3D2988%2CW%3D3068 HTTP/1.1" 200 2103 "-" "Mozilla/5.0 AppleWebKit/537.36 (KHTML, like Gecko; compatible; ClaudeBot/1.0; +claudebot@anthropic.com)"
18.219.40.177 - - [06/Apr/2025:12:08:32 -0400] "GET /ad917/?path=%2Fhome%2F.%2Fservlmvm%2Fmail%2Fnew%2F1730808171.M881842P3649744.server86.web-hosting.com%2CS%3D3539%2CW%3D3623 HTTP/1.1" 200 2353 "-" "Mozilla/5.0 AppleWebKit/537.36 (KHTML, like Gecko; compatible; ClaudeBot/1.0; +claudebot@anthropic.com)"
66.249.65.104 - - [06/Apr/2025:12:08:34 -0400] "GET /info87599274.shtml HTTP/1.1" 200 20236 "-" "Mozilla/5.0 (Linux; Android 6.0.1; Nexus 5X Build/MMB29P) AppleWebKit/537.36 (KHTML, like Gecko) Chrome/134.0.6998.165 Mobile Safari/537.36 (compatible; GoogleOther)"
18.219.40.177 - - [06/Apr/2025:12:08:35 -0400] "GET /ad917/?path=%2Fhome%2F.%2Fservlmvm%2Fmail%2Fnew%2F1724533466.M925444P1505850.server86.web-hosting.com%2CS%3D5954%2CW%3D6090 HTTP/1.1" 200 2736 "-" "Mozilla/5.0 AppleWebKit/537.36 (KHTML, like Gecko; compatible; ClaudeBot/1.0; +claudebot@anthropic.com)"
18.219.40.177 - - [06/Apr/2025:12:08:38 -0400] "GET /ad917/?path=%2Fhome%2F.%2Fservlmvm%2Fmail%2Fnew%2F1732721230.M420732P2919694.server86.web-hosting.com%2CS%3D7267%2CW%3D7480 HTTP/1.1" 200 3234 "-" "Mozilla/5.0 AppleWebKit/537.36 (KHTML, like Gecko; compatible; ClaudeBot/1.0; +claudebot@anthropic.com)"
18.219.40.177 - - [06/Apr/2025:12:08:41 -0400] "GET /ad917/?path=%2Fhome%2F.%2Fservlmvm%2Fmail%2Fnew%2F1731680519.M228848P1999417.server86.web-hosting.com%2CS%3D4335%2CW%3D4440 HTTP/1.1" 200 2861 "-" "Mozilla/5.0 AppleWebKit/537.36 (KHTML, like Gecko; compatible; ClaudeBot/1.0; +claudebot@anthropic.com)"
18.219.40.177 - - [06/Apr/2025:12:08:44 -0400] "GET /ad917/?path=%2Fhome%2F.%2Fservlmvm%2Fmail%2Fnew%2F1739761275.M305676P1748010.server86.web-hosting.com%2CS%3D7148%2CW%3D7290 HTTP/1.1" 200 2718 "-" "Mozilla/5.0 AppleWebKit/537.36 (KHTML, like Gecko; compatible; ClaudeBot/1.0; +claudebot@anthropic.com)"
157.55.39.52 - - [06/Apr/2025:12:08:46 -0400] "GET /shopping35046748.shtml HTTP/1.1" 200 19649 "-" "Mozilla/5.0 AppleWebKit/537.36 (KHTML, like Gecko; compatible; bingbot/2.0; +http://www.bing.com/bingbot.htm) Chrome/116.0.1938.76 Safari/537.36"
18.219.40.177 - - [06/Apr/2025:12:08:47 -0400] "GET /ad917/?path=%2Fhome%2F.%2Fservlmvm%2Fmail%2Fnew%2F1717563959.M431825P1789384.server86.web-hosting.com%2CS%3D5601%2CW%3D5730 HTTP/1.1" 200 2579 "-" "Mozilla/5.0 AppleWebKit/537.36 (KHTML, like Gecko; compatible; ClaudeBot/1.0; +claudebot@anthropic.com)"
18.219.40.177 - - [06/Apr/2025:12:08:50 -0400] "GET /ad917/?path=%2Fhome%2F.%2Fservlmvm%2Fmail%2Fnew%2F1720788025.M576048P2187234.server86.web-hosting.com%2CS%3D7559%2CW%3D7719 HTTP/1.1" 200 2921 "-" "Mozilla/5.0 AppleWebKit/537.36 (KHTML, like Gecko; compatible; ClaudeBot/1.0; +claudebot@anthropic.com)"
52.167.144.136 - - [06/Apr/2025:12:08:51 -0400] "GET /goods19890460.shtml HTTP/1.1" 200 20039 "-" "Mozilla/5.0 AppleWebKit/537.36 (KHTML, like Gecko; compatible; bingbot/2.0; +http://www.bing.com/bingbot.htm) Chrome/116.0.1938.76 Safari/537.36"
18.219.40.177 - - [06/Apr/2025:12:08:53 -0400] "GET /ad917/?path=%2Fhome%2F.%2Fservlmvm%2Fmail%2Fnew%2F1742309430.M498781P3970150.server86.web-hosting.com%2CS%3D4526%2CW%3D4628 HTTP/1.1" 200 2984 "-" "Mozilla/5.0 AppleWebKit/537.36 (KHTML, like Gecko; compatible; ClaudeBot/1.0; +claudebot@anthropic.com)"
66.249.65.104 - - [06/Apr/2025:12:08:53 -0400] "GET /detail/66710174.shtml HTTP/1.1" 200 19882 "-" "Mozilla/5.0 (Linux; Android 6.0.1; Nexus 5X Build/MMB29P) AppleWebKit/537.36 (KHTML, like Gecko) Chrome/134.0.6998.165 Mobile Safari/537.36 (compatible; Googlebot/2.1; +http://www.google.com/bot.html)"
18.219.40.177 - - [06/Apr/2025:12:08:56 -0400] "GET /ad917/?path=%2Fhome%2F.%2Fservlmvm%2Fmail%2Fnew%2F1722353453.M546204P3053276.server86.web-hosting.com%2CS%3D4616%2CW%3D4722 HTTP/1.1" 200 2978 "-" "Mozilla/5.0 AppleWebKit/537.36 (KHTML, like Gecko; compatible; ClaudeBot/1.0; +claudebot@anthropic.com)"
157.55.39.52 - - [06/Apr/2025:12:08:56 -0400] "GET /entity26856056.shtml HTTP/1.1" 200 19820 "-" "Mozilla/5.0 AppleWebKit/537.36 (KHTML, like Gecko; compatible; bingbot/2.0; +http://www.bing.com/bingbot.htm) Chrome/116.0.1938.76 Safari/537.36"
18.219.40.177 - - [06/Apr/2025:12:08:59 -0400] "GET /ad917/?path=%2Fhome%2F.%2Fservlmvm%2Fmail%2Fnew%2F1720148495.M410815P2387742.server86.web-hosting.com%2CS%3D7151%2CW%3D7303 HTTP/1.1" 200 2686 "-" "Mozilla/5.0 AppleWebKit/537.36 (KHTML, like Gecko; compatible; ClaudeBot/1.0; +claudebot@anthropic.com)"
18.219.40.177 - - [06/Apr/2025:12:09:02 -0400] "GET /ad917/?path=%2Fhome%2F.%2Fservlmvm%2Fmail%2Fnew%2F1735689648.M623478P1523617.server86.web-hosting.com%2CS%3D5900%2CW%3D6031 HTTP/1.1" 200 2710 "-" "Mozilla/5.0 AppleWebKit/537.36 (KHTML, like Gecko; compatible; ClaudeBot/1.0; +claudebot@anthropic.com)"
18.219.40.177 - - [06/Apr/2025:12:09:05 -0400] "GET /ad917/?path=%2Fhome%2F.%2Fservlmvm%2Fmail%2Fnew%2F1721414231.M371160P1840298.server86.web-hosting.com%2CS%3D5824%2CW%3D5959 HTTP/1.1" 200 2655 "-" "Mozilla/5.0 AppleWebKit/537.36 (KHTML, like Gecko; compatible; ClaudeBot/1.0; +claudebot@anthropic.com)"
157.55.39.52 - - [06/Apr/2025:12:09:06 -0400] "GET /shopping1489756.shtml HTTP/1.1" 200 19730 "-" "Mozilla/5.0 AppleWebKit/537.36 (KHTML, like Gecko; compatible; bingbot/2.0; +http://www.bing.com/bingbot.htm) Chrome/116.0.1938.76 Safari/537.36"
157.55.39.16 - - [06/Apr/2025:12:09:06 -0400] "GET /goods/barwise/52401258.shtml HTTP/1.1" 200 19972 "-" "Mozilla/5.0 AppleWebKit/537.36 (KHTML, like Gecko; compatible; bingbot/2.0; +http://www.bing.com/bingbot.htm) Chrome/116.0.1938.76 Safari/537.36"
66.249.65.96 - - [06/Apr/2025:12:09:07 -0400] "GET /detail/a/benumb/30162782.shtml HTTP/1.1" 200 19808 "-" "Mozilla/5.0 (compatible; Googlebot/2.1; +http://www.google.com/bot.html)"
66.249.65.105 - - [06/Apr/2025:12:09:10 -0400] "GET /special/wa/perorate84865326.shtml HTTP/1.1" 200 19754 "-" "Mozilla/5.0 (Linux; Android 6.0.1; Nexus 5X Build/MMB29P) AppleWebKit/537.36 (KHTML, like Gecko) Chrome/134.0.6998.165 Mobile Safari/537.36 (compatible; GoogleOther)"
66.249.65.104 - - [06/Apr/2025:12:09:23 -0400] "GET /goods/lumbricoides83420594.shtml HTTP/1.1" 200 19089 "-" "Mozilla/5.0 (Linux; Android 6.0.1; Nexus 5X Build/MMB29P) AppleWebKit/537.36 (KHTML, like Gecko) Chrome/134.0.6998.165 Mobile Safari/537.36 (compatible; GoogleOther)"
157.55.39.52 - - [06/Apr/2025:12:09:25 -0400] "GET /shopdetail78407276.shtml HTTP/1.1" 200 19181 "-" "Mozilla/5.0 AppleWebKit/537.36 (KHTML, like Gecko; compatible; bingbot/2.0; +http://www.bing.com/bingbot.htm) Chrome/116.0.1938.76 Safari/537.36"
66.249.65.105 - - [06/Apr/2025:12:09:26 -0400] "GET /special/116701684.shtml HTTP/1.1" 200 20312 "-" "Mozilla/5.0 (Linux; Android 6.0.1; Nexus 5X Build/MMB29P) AppleWebKit/537.36 (KHTML, like Gecko) Chrome/134.0.6998.165 Mobile Safari/537.36 (compatible; Googlebot/2.1; +http://www.google.com/bot.html)"
18.221.161.189 - - [06/Apr/2025:12:09:36 -0400] "GET /ad917/?path=%2Fhome%2F.%2Fservlmvm%2Fmail%2Fnew%2F1730161973.M497817P1860806.server86.web-hosting.com%2CS%3D11916%2CW%3D12107 HTTP/1.1" 200 3986 "-" "Mozilla/5.0 AppleWebKit/537.36 (KHTML, like Gecko; compatible; ClaudeBot/1.0; +claudebot@anthropic.com)"
66.249.65.104 - - [06/Apr/2025:12:09:35 -0400] "GET /info/panslavonian80274898.shtml HTTP/1.1" 200 19640 "-" "Mozilla/5.0 (Linux; Android 6.0.1; Nexus 5X Build/MMB29P) AppleWebKit/537.36 (KHTML, like Gecko) Chrome/134.0.6998.165 Mobile Safari/537.36 (compatible; GoogleOther)"
51.222.253.14 - - [06/Apr/2025:12:09:36 -0400] "GET /robots.txt HTTP/1.1" 200 134 "-" "Mozilla/5.0 (compatible; AhrefsBot/7.0; +http://ahrefs.com/robot/)"
40.77.167.59 - - [06/Apr/2025:12:09:37 -0400] "GET /special/u/openhandedness/29297714.shtml HTTP/1.1" 200 20316 "-" "Mozilla/5.0 AppleWebKit/537.36 (KHTML, like Gecko; compatible; bingbot/2.0; +http://www.bing.com/bingbot.htm) Chrome/116.0.1938.76 Safari/537.36"
18.221.161.189 - - [06/Apr/2025:12:09:38 -0400] "GET /ad917/?path=%2Fhome%2F.%2Fservlmvm%2Fmail%2Fnew%2F1725901248.M345677P2137137.server86.web-hosting.com%2CS%3D64350%2CW%3D64921 HTTP/1.1" 200 7275 "-" "Mozilla/5.0 AppleWebKit/537.36 (KHTML, like Gecko; compatible; ClaudeBot/1.0; +claudebot@anthropic.com)"
198.54.116.86 - - [06/Apr/2025:12:09:40 -0400] "POST /wp-cron.php?doing_wp_cron=1743955780.8920331001281738281250 HTTP/1.1" 200 0 "-" "WordPress/6.7.2; https://servethepeopleinc.org"
51.222.253.9 - - [06/Apr/2025:12:09:40 -0400] "GET /info/106225118.shtml HTTP/1.1" 404 16703 "-" "Mozilla/5.0 (compatible; AhrefsBot/7.0; +http://ahrefs.com/robot/)"
198.54.116.86 - - [06/Apr/2025:12:09:41 -0400] "POST /wp-admin/admin-ajax.php?action=async_litespeed&nonce=j0DSkhb73VcAXqZiQDXUVa3td6g9BEE2&litespeed_type=imgoptm HTTP/1.1" 200 21 "-" "WordPress/6.7.2; https://servethepeopleinc.org"
18.221.161.189 - - [06/Apr/2025:12:09:41 -0400] "GET /ad917/?path=%2Fhome%2F.%2Fservlmvm%2Fmail%2Fnew%2F1735944639.M531126P3552086.server86.web-hosting.com%2CS%3D12166%2CW%3D12388 HTTP/1.1" 200 4102 "-" "Mozilla/5.0 AppleWebKit/537.36 (KHTML, like Gecko; compatible; ClaudeBot/1.0; +claudebot@anthropic.com)"
18.221.161.189 - - [06/Apr/2025:12:09:44 -0400] "GET /ad917/?path=%2Fhome%2F.%2Fservlmvm%2Fmail%2Fnew%2F1725872605.M334271P3471554.server86.web-hosting.com%2CS%3D10302%2CW%3D10543 HTTP/1.1" 200 3369 "-" "Mozilla/5.0 AppleWebKit/537.36 (KHTML, like Gecko; compatible; ClaudeBot/1.0; +claudebot@anthropic.com)"
18.221.161.189 - - [06/Apr/2025:12:09:47 -0400] "GET /ad917/?path=%2Fhome%2F.%2Fservlmvm%2Fmail%2Fnew%2F1740414098.M970038P2245446.server86.web-hosting.com%2CS%3D61324%2CW%3D61872 HTTP/1.1" 200 7165 "-" "Mozilla/5.0 AppleWebKit/537.36 (KHTML, like Gecko; compatible; ClaudeBot/1.0; +claudebot@anthropic.com)"
157.55.39.52 - - [06/Apr/2025:12:09:47 -0400] "GET /special72235090.shtml HTTP/1.1" 200 19791 "-" "Mozilla/5.0 AppleWebKit/537.36 (KHTML, like Gecko; compatible; bingbot/2.0; +http://www.bing.com/bingbot.htm) Chrome/116.0.1938.76 Safari/537.36"
66.249.79.200 - - [06/Apr/2025:12:09:48 -0400] "GET /items/idiotically/18371514.shtml HTTP/1.1" 200 19004 "-" "Mozilla/5.0 (Linux; Android 6.0.1; Nexus 5X Build/MMB29P) AppleWebKit/537.36 (KHTML, like Gecko) Chrome/134.0.6998.165 Mobile Safari/537.36 (compatible; GoogleOther)"
18.221.161.189 - - [06/Apr/2025:12:09:50 -0400] "GET /ad917/?path=%2Fhome%2F.%2Fservlmvm%2Fmail%2Fnew%2F1709568141.M872298P1004254.server86.web-hosting.com%2CS%3D64644%2CW%3D65208 HTTP/1.1" 200 7026 "-" "Mozilla/5.0 AppleWebKit/537.36 (KHTML, like Gecko; compatible; ClaudeBot/1.0; +claudebot@anthropic.com)"
52.167.144.136 - - [06/Apr/2025:12:09:51 -0400] "GET /special/98320924.shtml HTTP/1.1" 200 19854 "-" "Mozilla/5.0 AppleWebKit/537.36 (KHTML, like Gecko; compatible; bingbot/2.0; +http://www.bing.com/bingbot.htm) Chrome/116.0.1938.76 Safari/537.36"
18.221.161.189 - - [06/Apr/2025:12:09:53 -0400] "GET /ad917/?path=%2Fhome%2F.%2Fservlmvm%2Fmail%2Fnew%2F1731947530.M569691P3333859.server86.web-hosting.com%2CS%3D56203%2CW%3D56714 HTTP/1.1" 200 7073 "-" "Mozilla/5.0 AppleWebKit/537.36 (KHTML, like Gecko; compatible; ClaudeBot/1.0; +claudebot@anthropic.com)"
18.221.161.189 - - [06/Apr/2025:12:09:56 -0400] "GET /ad917/?path=%2Fhome%2F.%2Fservlmvm%2Fmail%2Fnew%2F1716220968.M650538P1094315.server86.web-hosting.com%2CS%3D84349%2CW%3D85049 HTTP/1.1" 200 8038 "-" "Mozilla/5.0 AppleWebKit/537.36 (KHTML, like Gecko; compatible; ClaudeBot/1.0; +claudebot@anthropic.com)"
52.167.144.136 - - [06/Apr/2025:12:09:58 -0400] "GET /shopbrand53855760.shtml HTTP/1.1" 200 19722 "-" "Mozilla/5.0 AppleWebKit/537.36 (KHTML, like Gecko; compatible; bingbot/2.0; +http://www.bing.com/bingbot.htm) Chrome/116.0.1938.76 Safari/537.36"
18.221.161.189 - - [06/Apr/2025:12:09:59 -0400] "GET /ad917/?path=%2Fhome%2F.%2Fservlmvm%2Fmail%2Fnew%2F1734970161.M603458P2401558.server86.web-hosting.com%2CS%3D66072%2CW%3D66654 HTTP/1.1" 200 7340 "-" "Mozilla/5.0 AppleWebKit/537.36 (KHTML, like Gecko; compatible; ClaudeBot/1.0; +claudebot@anthropic.com)"
66.249.65.105 - - [06/Apr/2025:12:10:00 -0400] "GET /info38545442.shtml HTTP/1.1" 200 19889 "-" "Mozilla/5.0 (Linux; Android 6.0.1; Nexus 5X Build/MMB29P) AppleWebKit/537.36 (KHTML, like Gecko) Chrome/134.0.6998.165 Mobile Safari/537.36 (compatible; Googlebot/2.1; +http://www.google.com/bot.html)"
66.249.65.105 - - [06/Apr/2025:12:10:00 -0400] "GET /shopdetail/k/incarnating/95658070.shtml HTTP/1.1" 200 19795 "-" "Mozilla/5.0 (Linux; Android 6.0.1; Nexus 5X Build/MMB29P) AppleWebKit/537.36 (KHTML, like Gecko) Chrome/134.0.6998.165 Mobile Safari/537.36 (compatible; GoogleOther)"
18.221.161.189 - - [06/Apr/2025:12:10:02 -0400] "GET /ad917/?path=%2Fhome%2F.%2Fservlmvm%2Fmail%2Fnew%2F1731908999.M812707P3638386.server86.web-hosting.com%2CS%3D11828%2CW%3D12042 HTTP/1.1" 200 3379 "-" "Mozilla/5.0 AppleWebKit/537.36 (KHTML, like Gecko; compatible; ClaudeBot/1.0; +claudebot@anthropic.com)"
66.249.65.96 - - [06/Apr/2025:12:10:04 -0400] "POST /get-message-notify HTTP/1.1" 200 20311 "https://servethepeopleinc.org/special83310318.shtml" "Mozilla/5.0 (Linux; Android 6.0.1; Nexus 5X Build/MMB29P) AppleWebKit/537.36 (KHTML, like Gecko) Chrome/134.0.6998.165 Mobile Safari/537.36 (compatible; Googlebot/2.1; +http://www.google.com/bot.html)"
18.221.161.189 - - [06/Apr/2025:12:10:06 -0400] "GET /ad917/?path=%2Fhome%2F.%2Fservlmvm%2Fmail%2Fnew%2F1727830139.M343440P3910061.server86.web-hosting.com%2CS%3D62647%2CW%3D63204 HTTP/1.1" 200 7249 "-" "Mozilla/5.0 AppleWebKit/537.36 (KHTML, like Gecko; compatible; ClaudeBot/1.0; +claudebot@anthropic.com)"
18.221.161.189 - - [06/Apr/2025:12:10:08 -0400] "GET /ad917/?path=%2Fhome%2F.%2Fservlmvm%2Fmail%2Fnew%2F1714411456.M868964P3924828.server86.web-hosting.com%2CS%3D65286%2CW%3D65863 HTTP/1.1" 200 7282 "-" "Mozilla/5.0 AppleWebKit/537.36 (KHTML, like Gecko; compatible; ClaudeBot/1.0; +claudebot@anthropic.com)"
18.221.161.189 - - [06/Apr/2025:12:10:11 -0400] "GET /ad917/?path=%2Fhome%2F.%2Fservlmvm%2Fmail%2Fnew%2F1733763771.M701723P1439788.server86.web-hosting.com%2CS%3D68742%2CW%3D69342 HTTP/1.1" 200 7459 "-" "Mozilla/5.0 AppleWebKit/537.36 (KHTML, like Gecko; compatible; ClaudeBot/1.0; +claudebot@anthropic.com)"
18.221.161.189 - - [06/Apr/2025:12:10:14 -0400] "GET /ad917/?path=%2Fhome%2F.%2Fservlmvm%2Fmail%2Fnew%2F1719254232.M532349P3594559.server86.web-hosting.com%2CS%3D74427%2CW%3D75068 HTTP/1.1" 200 7523 "-" "Mozilla/5.0 AppleWebKit/537.36 (KHTML, like Gecko; compatible; ClaudeBot/1.0; +claudebot@anthropic.com)"
66.249.65.104 - - [06/Apr/2025:12:10:15 -0400] "GET /entity/q/bicostate/92099558.shtml HTTP/1.1" 200 19904 "-" "Mozilla/5.0 (Linux; Android 6.0.1; Nexus 5X Build/MMB29P) AppleWebKit/537.36 (KHTML, like Gecko) Chrome/134.0.6998.165 Mobile Safari/537.36 (compatible; GoogleOther)"
66.249.65.105 - - [06/Apr/2025:12:10:17 -0400] "GET /entity/a/dedicator78080882.shtml HTTP/1.1" 200 20023 "-" "Mozilla/5.0 (Linux; Android 6.0.1; Nexus 5X Build/MMB29P) AppleWebKit/537.36 (KHTML, like Gecko) Chrome/134.0.6998.165 Mobile Safari/537.36 (compatible; GoogleOther)"
52.167.144.136 - - [06/Apr/2025:12:10:17 -0400] "GET /product/emasculator55521106.shtml HTTP/1.1" 200 19618 "-" "Mozilla/5.0 AppleWebKit/537.36 (KHTML, like Gecko; compatible; bingbot/2.0; +http://www.bing.com/bingbot.htm) Chrome/116.0.1938.76 Safari/537.36"
18.221.161.189 - - [06/Apr/2025:12:10:17 -0400] "GET /ad917/?path=%2Fhome%2F.%2Fservlmvm%2Fmail%2Fnew%2F1723977483.M362396P4047094.server86.web-hosting.com%2CS%3D10307%2CW%3D10548 HTTP/1.1" 200 3380 "-" "Mozilla/5.0 AppleWebKit/537.36 (KHTML, like Gecko; compatible; ClaudeBot/1.0; +claudebot@anthropic.com)"
66.249.65.104 - - [06/Apr/2025:12:10:18 -0400] "GET /info/holster/84875428.shtml HTTP/1.1" 200 19540 "-" "Mozilla/5.0 (Linux; Android 6.0.1; Nexus 5X Build/MMB29P) AppleWebKit/537.36 (KHTML, like Gecko) Chrome/134.0.6998.165 Mobile Safari/537.36 (compatible; GoogleOther)"
18.221.161.189 - - [06/Apr/2025:12:10:20 -0400] "GET /ad917/?path=%2Fhome%2F.%2Fservlmvm%2Fmail%2Fnew%2F1727661516.M754499P3920591.server86.web-hosting.com%2CS%3D11854%2CW%3D12070 HTTP/1.1" 200 3752 "-" "Mozilla/5.0 AppleWebKit/537.36 (KHTML, like Gecko; compatible; ClaudeBot/1.0; +claudebot@anthropic.com)"
18.221.161.189 - - [06/Apr/2025:12:10:23 -0400] "GET /ad917/?path=%2Fhome%2F.%2Fservlmvm%2Fmail%2Fnew%2F1734375344.M908630P4171352.server86.web-hosting.com%2CS%3D73906%2CW%3D74542 HTTP/1.1" 200 7664 "-" "Mozilla/5.0 AppleWebKit/537.36 (KHTML, like Gecko; compatible; ClaudeBot/1.0; +claudebot@anthropic.com)"
18.221.161.189 - - [06/Apr/2025:12:10:26 -0400] "GET /ad917/?path=%2Fhome%2F.%2Fservlmvm%2Fmail%2Fnew%2F1722873925.M471559P2372583.server86.web-hosting.com%2CS%3D58375%2CW%3D58903 HTTP/1.1" 200 7126 "-" "Mozilla/5.0 AppleWebKit/537.36 (KHTML, like Gecko; compatible; ClaudeBot/1.0; +claudebot@anthropic.com)"
207.46.13.107 - - [06/Apr/2025:12:10:28 -0400] "GET /products/mansion/ HTTP/1.1" 200 19640 "-" "Mozilla/5.0 AppleWebKit/537.36 (KHTML, like Gecko; compatible; bingbot/2.0; +http://www.bing.com/bingbot.htm) Chrome/116.0.1938.76 Safari/537.36"
66.249.65.104 - - [06/Apr/2025:12:10:28 -0400] "GET /items/ibi/aristotles22398982.shtml HTTP/1.1" 200 19625 "-" "Mozilla/5.0 (Linux; Android 6.0.1; Nexus 5X Build/MMB29P) AppleWebKit/537.36 (KHTML, like Gecko) Chrome/134.0.6998.165 Mobile Safari/537.36 (compatible; GoogleOther)"
207.46.13.160 - - [06/Apr/2025:12:10:29 -0400] "GET /special77686224.shtml HTTP/1.1" 200 19954 "-" "Mozilla/5.0 AppleWebKit/537.36 (KHTML, like Gecko; compatible; bingbot/2.0; +http://www.bing.com/bingbot.htm) Chrome/116.0.1938.76 Safari/537.36"
18.221.161.189 - - [06/Apr/2025:12:10:29 -0400] "GET /ad917/?path=%2Fhome%2F.%2Fservlmvm%2Fmail%2Fnew%2F1715012605.M653619P2689871.server86.web-hosting.com%2CS%3D66326%2CW%3D66912 HTTP/1.1" 200 7549 "-" "Mozilla/5.0 AppleWebKit/537.36 (KHTML, like Gecko; compatible; ClaudeBot/1.0; +claudebot@anthropic.com)"
18.221.161.189 - - [06/Apr/2025:12:10:32 -0400] "GET /ad917/?path=%2Fhome%2F.%2Fservlmvm%2Fmail%2Fnew%2F1717443418.M497669P3105385.server86.web-hosting.com%2CS%3D74438%2CW%3D75079 HTTP/1.1" 200 7714 "-" "Mozilla/5.0 AppleWebKit/537.36 (KHTML, like Gecko; compatible; ClaudeBot/1.0; +claudebot@anthropic.com)"
52.167.144.136 - - [06/Apr/2025:12:10:32 -0400] "GET /item/oa/shovelboard56715334.shtml HTTP/1.1" 200 20096 "-" "Mozilla/5.0 AppleWebKit/537.36 (KHTML, like Gecko; compatible; bingbot/2.0; +http://www.bing.com/bingbot.htm) Chrome/116.0.1938.76 Safari/537.36"
