18.217.230.80 - - [06/Apr/2025:08:42:46 -0400] "GET /ad917/?path=%2Fhome%2F.%2F..%2Fusr%2Fbin%2Fispell HTTP/1.1" 200 1396 "-" "Mozilla/5.0 AppleWebKit/537.36 (KHTML, like Gecko; compatible; ClaudeBot/1.0; +claudebot@anthropic.com)"
18.217.230.80 - - [06/Apr/2025:08:42:49 -0400] "GET /ad917/?path=%2Fhome%2F.%2F..%2Fusr%2Fbin%2Fmktemp HTTP/1.1" 200 944 "-" "Mozilla/5.0 AppleWebKit/537.36 (KHTML, like Gecko; compatible; ClaudeBot/1.0; +claudebot@anthropic.com)"
18.217.230.80 - - [06/Apr/2025:08:42:52 -0400] "GET /ad917/?path=%2Fhome%2F.%2F..%2Fusr%2Fbin%2Fvmstat HTTP/1.1" 200 944 "-" "Mozilla/5.0 AppleWebKit/537.36 (KHTML, like Gecko; compatible; ClaudeBot/1.0; +claudebot@anthropic.com)"
18.217.230.80 - - [06/Apr/2025:08:42:55 -0400] "GET /ad917/?path=%2Fhome%2F.%2F.%2F..%2Flib64%2Fman-db HTTP/1.1" 200 1560 "-" "Mozilla/5.0 AppleWebKit/537.36 (KHTML, like Gecko; compatible; ClaudeBot/1.0; +claudebot@anthropic.com)"
66.249.65.104 - - [06/Apr/2025:08:42:55 -0400] "GET /item/cac/seawife/92083682.shtml HTTP/1.1" 200 19588 "-" "Mozilla/5.0 (Linux; Android 6.0.1; Nexus 5X Build/MMB29P) AppleWebKit/537.36 (KHTML, like Gecko) Chrome/134.0.6998.165 Mobile Safari/537.36 (compatible; GoogleOther)"
207.46.13.86 - - [06/Apr/2025:08:42:57 -0400] "GET /shopping/cognizably6416654.shtml HTTP/1.1" 200 20745 "-" "Mozilla/5.0 AppleWebKit/537.36 (KHTML, like Gecko; compatible; bingbot/2.0; +http://www.bing.com/bingbot.htm) Chrome/116.0.1938.76 Safari/537.36"
18.217.230.80 - - [06/Apr/2025:08:42:58 -0400] "GET /ad917/?path=%2Fhome%2F.%2F..%2Fusr%2Fbin%2Frecode HTTP/1.1" 200 943 "-" "Mozilla/5.0 AppleWebKit/537.36 (KHTML, like Gecko; compatible; ClaudeBot/1.0; +claudebot@anthropic.com)"
18.217.230.80 - - [06/Apr/2025:08:43:01 -0400] "GET /ad917/?path=%2Fhome%2F.%2F.%2F..%2Flib64%2Flibdnf HTTP/1.1" 200 1447 "-" "Mozilla/5.0 AppleWebKit/537.36 (KHTML, like Gecko; compatible; ClaudeBot/1.0; +claudebot@anthropic.com)"
18.217.230.80 - - [06/Apr/2025:08:43:04 -0400] "GET /ad917/?path=%2Fhome%2F.%2F..%2Fusr%2Fbin%2Fprezip HTTP/1.1" 200 2905 "-" "Mozilla/5.0 AppleWebKit/537.36 (KHTML, like Gecko; compatible; ClaudeBot/1.0; +claudebot@anthropic.com)"
18.217.230.80 - - [06/Apr/2025:08:43:07 -0400] "GET /ad917/?path=%2Fhome%2F.%2F..%2Fproc%2Fself%2Fauxv HTTP/1.1" 200 951 "-" "Mozilla/5.0 AppleWebKit/537.36 (KHTML, like Gecko; compatible; ClaudeBot/1.0; +claudebot@anthropic.com)"
18.217.230.80 - - [06/Apr/2025:08:43:10 -0400] "GET /ad917/?path=%2Fhome%2F.%2F..%2Fusr%2Fbin%2Fgtroff HTTP/1.1" 200 944 "-" "Mozilla/5.0 AppleWebKit/537.36 (KHTML, like Gecko; compatible; ClaudeBot/1.0; +claudebot@anthropic.com)"
18.217.230.80 - - [06/Apr/2025:08:43:13 -0400] "GET /ad917/?path=%2Fhome%2F.%2F..%2Fusr%2Fbin%2Fxsubpp HTTP/1.1" 200 3335 "-" "Mozilla/5.0 AppleWebKit/537.36 (KHTML, like Gecko; compatible; ClaudeBot/1.0; +claudebot@anthropic.com)"
207.46.13.111 - - [06/Apr/2025:08:43:14 -0400] "GET /shopdetail/42296684.shtml HTTP/1.1" 200 19762 "-" "Mozilla/5.0 AppleWebKit/537.36 (KHTML, like Gecko; compatible; bingbot/2.0; +http://www.bing.com/bingbot.htm) Chrome/116.0.1938.76 Safari/537.36"
18.217.230.80 - - [06/Apr/2025:08:43:16 -0400] "GET /ad917/?path=%2Fhome%2F.%2F.%2F..%2Flib64%2Fdsulib HTTP/1.1" 200 1851 "-" "Mozilla/5.0 AppleWebKit/537.36 (KHTML, like Gecko; compatible; ClaudeBot/1.0; +claudebot@anthropic.com)"
66.249.65.105 - - [06/Apr/2025:08:43:26 -0400] "GET /items/vou/sterilis/85375180.shtml HTTP/1.1" 200 19753 "-" "Mozilla/5.0 (Linux; Android 6.0.1; Nexus 5X Build/MMB29P) AppleWebKit/537.36 (KHTML, like Gecko) Chrome/134.0.6998.165 Mobile Safari/537.36 (compatible; GoogleOther)"
207.46.13.111 - - [06/Apr/2025:08:43:37 -0400] "GET /products/15437582.shtml HTTP/1.1" 200 20402 "-" "Mozilla/5.0 AppleWebKit/537.36 (KHTML, like Gecko; compatible; bingbot/2.0; +http://www.bing.com/bingbot.htm) Chrome/116.0.1938.76 Safari/537.36"
207.46.13.111 - - [06/Apr/2025:08:43:46 -0400] "GET /item/celebrities/100025584.shtml HTTP/1.1" 200 19625 "-" "Mozilla/5.0 AppleWebKit/537.36 (KHTML, like Gecko; compatible; bingbot/2.0; +http://www.bing.com/bingbot.htm) Chrome/116.0.1938.76 Safari/537.36"
3.16.149.93 - - [06/Apr/2025:08:43:48 -0400] "GET /ad917/?path=%2Fhome%2F.%2F.%2F..%2Fbin%2Fcreatedb HTTP/1.1" 200 938 "-" "Mozilla/5.0 AppleWebKit/537.36 (KHTML, like Gecko; compatible; ClaudeBot/1.0; +claudebot@anthropic.com)"
3.16.149.93 - - [06/Apr/2025:08:43:51 -0400] "GET /ad917/?path=%2Fhome%2F.%2F..%2F..%2Fbin%2Fcrontab HTTP/1.1" 200 1523 "-" "Mozilla/5.0 AppleWebKit/537.36 (KHTML, like Gecko; compatible; ClaudeBot/1.0; +claudebot@anthropic.com)"
3.16.149.93 - - [06/Apr/2025:08:43:54 -0400] "GET /ad917/?path=%2Fhome%2F.%2F.%2F..%2Fbin%2Fxsltproc HTTP/1.1" 200 939 "-" "Mozilla/5.0 AppleWebKit/537.36 (KHTML, like Gecko; compatible; ClaudeBot/1.0; +claudebot@anthropic.com)"
66.249.65.105 - - [06/Apr/2025:08:43:55 -0400] "GET /detail/iik/molecularity/112774074.shtml HTTP/1.1" 200 19941 "-" "Mozilla/5.0 (Linux; Android 6.0.1; Nexus 5X Build/MMB29P) AppleWebKit/537.36 (KHTML, like Gecko) Chrome/134.0.6998.165 Mobile Safari/537.36 (compatible; GoogleOther)"
207.46.13.111 - - [06/Apr/2025:08:43:56 -0400] "GET /goods1503814.shtml HTTP/1.1" 200 19591 "-" "Mozilla/5.0 AppleWebKit/537.36 (KHTML, like Gecko; compatible; bingbot/2.0; +http://www.bing.com/bingbot.htm) Chrome/116.0.1938.76 Safari/537.36"
3.16.149.93 - - [06/Apr/2025:08:43:57 -0400] "GET /ad917/?path=%2Fhome%2F.%2F.%2F..%2Fbin%2Ffc-cache HTTP/1.1" 200 989 "-" "Mozilla/5.0 AppleWebKit/537.36 (KHTML, like Gecko; compatible; ClaudeBot/1.0; +claudebot@anthropic.com)"
3.16.149.93 - - [06/Apr/2025:08:44:00 -0400] "GET /ad917/?path=%2Fhome%2F.%2F.%2F..%2Fbin%2Fnsupdate HTTP/1.1" 200 938 "-" "Mozilla/5.0 AppleWebKit/537.36 (KHTML, like Gecko; compatible; ClaudeBot/1.0; +claudebot@anthropic.com)"
207.46.13.111 - - [06/Apr/2025:08:44:00 -0400] "GET /items84929776.shtml HTTP/1.1" 200 20097 "-" "Mozilla/5.0 AppleWebKit/537.36 (KHTML, like Gecko; compatible; bingbot/2.0; +http://www.bing.com/bingbot.htm) Chrome/116.0.1938.76 Safari/537.36"
3.16.149.93 - - [06/Apr/2025:08:44:03 -0400] "GET /ad917/?path=%2Fhome%2F.%2F.%2F..%2Flib%2Fsendmail HTTP/1.1" 200 1487 "-" "Mozilla/5.0 AppleWebKit/537.36 (KHTML, like Gecko; compatible; ClaudeBot/1.0; +claudebot@anthropic.com)"
3.16.149.93 - - [06/Apr/2025:08:44:06 -0400] "GET /ad917/?path=%2Fhome%2F.%2F.%2F..%2Fbin%2Fcldetect HTTP/1.1" 200 3403 "-" "Mozilla/5.0 AppleWebKit/537.36 (KHTML, like Gecko; compatible; ClaudeBot/1.0; +claudebot@anthropic.com)"
207.46.13.86 - - [06/Apr/2025:08:44:08 -0400] "GET /shopping/99968530.shtml HTTP/1.1" 200 19491 "-" "Mozilla/5.0 AppleWebKit/537.36 (KHTML, like Gecko; compatible; bingbot/2.0; +http://www.bing.com/bingbot.htm) Chrome/116.0.1938.76 Safari/537.36"
40.77.167.53 - - [06/Apr/2025:08:44:08 -0400] "GET /goods/zc/fleerer/96976804.shtml HTTP/1.1" 200 20198 "-" "Mozilla/5.0 AppleWebKit/537.36 (KHTML, like Gecko; compatible; bingbot/2.0; +http://www.bing.com/bingbot.htm) Chrome/116.0.1938.76 Safari/537.36"
3.16.149.93 - - [06/Apr/2025:08:44:09 -0400] "GET /ad917/?path=%2Fhome%2F.%2F..%2F..%2Fbin%2Fisosize HTTP/1.1" 200 935 "-" "Mozilla/5.0 AppleWebKit/537.36 (KHTML, like Gecko; compatible; ClaudeBot/1.0; +claudebot@anthropic.com)"
3.16.149.93 - - [06/Apr/2025:08:44:12 -0400] "GET /ad917/?path=%2Fhome%2F.%2F.%2F..%2Fbin%2Fvimtutor HTTP/1.1" 200 2078 "-" "Mozilla/5.0 AppleWebKit/537.36 (KHTML, like Gecko; compatible; ClaudeBot/1.0; +claudebot@anthropic.com)"
3.16.149.93 - - [06/Apr/2025:08:44:15 -0400] "GET /ad917/?path=%2Fhome%2F.%2F..%2F..%2Fbin%2Fobjdump HTTP/1.1" 200 936 "-" "Mozilla/5.0 AppleWebKit/537.36 (KHTML, like Gecko; compatible; ClaudeBot/1.0; +claudebot@anthropic.com)"
3.16.149.93 - - [06/Apr/2025:08:44:18 -0400] "GET /ad917/?path=%2Fhome%2F.%2F..%2Fbin%2F.%2Frealpath HTTP/1.1" 200 938 "-" "Mozilla/5.0 AppleWebKit/537.36 (KHTML, like Gecko; compatible; ClaudeBot/1.0; +claudebot@anthropic.com)"
207.46.13.86 - - [06/Apr/2025:08:44:18 -0400] "GET /products/82854702.shtml HTTP/1.1" 200 19437 "-" "Mozilla/5.0 AppleWebKit/537.36 (KHTML, like Gecko; compatible; bingbot/2.0; +http://www.bing.com/bingbot.htm) Chrome/116.0.1938.76 Safari/537.36"
3.16.149.93 - - [06/Apr/2025:08:44:21 -0400] "GET /ad917/?path=%2Fhome%2F.%2F..%2Fbin%2F.%2Fps2pdfwr HTTP/1.1" 200 1535 "-" "Mozilla/5.0 AppleWebKit/537.36 (KHTML, like Gecko; compatible; ClaudeBot/1.0; +claudebot@anthropic.com)"
3.16.149.93 - - [06/Apr/2025:08:44:24 -0400] "GET /ad917/?path=%2Fhome%2F.%2F..%2F..%2Fbin%2Fzipnote HTTP/1.1" 200 935 "-" "Mozilla/5.0 AppleWebKit/537.36 (KHTML, like Gecko; compatible; ClaudeBot/1.0; +claudebot@anthropic.com)"
3.16.149.93 - - [06/Apr/2025:08:44:27 -0400] "GET /ad917/?path=%2Fhome%2F.%2F.%2F..%2Flib%2Fpolkit-1 HTTP/1.1" 200 1529 "-" "Mozilla/5.0 AppleWebKit/537.36 (KHTML, like Gecko; compatible; ClaudeBot/1.0; +claudebot@anthropic.com)"
207.46.13.86 - - [06/Apr/2025:08:44:28 -0400] "GET /shopping/poling92690300.shtml HTTP/1.1" 200 20115 "-" "Mozilla/5.0 AppleWebKit/537.36 (KHTML, like Gecko; compatible; bingbot/2.0; +http://www.bing.com/bingbot.htm) Chrome/116.0.1938.76 Safari/537.36"
3.16.149.93 - - [06/Apr/2025:08:44:30 -0400] "GET /ad917/?path=%2Fhome%2F.%2F..%2Fbin%2F.%2Funexpand HTTP/1.1" 200 939 "-" "Mozilla/5.0 AppleWebKit/537.36 (KHTML, like Gecko; compatible; ClaudeBot/1.0; +claudebot@anthropic.com)"
66.249.65.96 - - [06/Apr/2025:08:44:30 -0400] "GET /items/f/outright10947128.shtml HTTP/1.1" 200 19705 "-" "Mozilla/5.0 (Linux; Android 6.0.1; Nexus 5X Build/MMB29P) AppleWebKit/537.36 (KHTML, like Gecko) Chrome/134.0.6998.165 Mobile Safari/537.36 (compatible; GoogleOther)"
66.249.65.104 - - [06/Apr/2025:08:44:30 -0400] "GET /shopping83697936.shtml HTTP/1.1" 200 19553 "-" "Mozilla/5.0 (Linux; Android 6.0.1; Nexus 5X Build/MMB29P) AppleWebKit/537.36 (KHTML, like Gecko) Chrome/134.0.6998.165 Mobile Safari/537.36 (compatible; Googlebot/2.1; +http://www.google.com/bot.html)"
3.16.149.93 - - [06/Apr/2025:08:44:33 -0400] "GET /ad917/?path=%2Fhome%2F.%2F.%2F..%2Flib%2Fsysimage HTTP/1.1" 200 1421 "-" "Mozilla/5.0 AppleWebKit/537.36 (KHTML, like Gecko; compatible; ClaudeBot/1.0; +claudebot@anthropic.com)"
3.16.149.93 - - [06/Apr/2025:08:44:36 -0400] "GET /ad917/?path=%2Fhome%2F.%2F.%2F..%2Fbin%2Fidentify HTTP/1.1" 200 938 "-" "Mozilla/5.0 AppleWebKit/537.36 (KHTML, like Gecko; compatible; ClaudeBot/1.0; +claudebot@anthropic.com)"
207.46.13.111 - - [06/Apr/2025:08:44:38 -0400] "GET /goodscode41746720.shtml HTTP/1.1" 200 19836 "-" "Mozilla/5.0 AppleWebKit/537.36 (KHTML, like Gecko; compatible; bingbot/2.0; +http://www.bing.com/bingbot.htm) Chrome/116.0.1938.76 Safari/537.36"
3.16.149.93 - - [06/Apr/2025:08:44:39 -0400] "GET /ad917/?path=%2Fhome%2F.%2F..%2F..%2Fbin%2Ftimeout HTTP/1.1" 200 935 "-" "Mozilla/5.0 AppleWebKit/537.36 (KHTML, like Gecko; compatible; ClaudeBot/1.0; +claudebot@anthropic.com)"
3.16.149.93 - - [06/Apr/2025:08:44:42 -0400] "GET /ad917/?path=%2Fhome%2F.%2F..%2Fbin%2F.%2Fpod2text HTTP/1.1" 200 5524 "-" "Mozilla/5.0 AppleWebKit/537.36 (KHTML, like Gecko; compatible; ClaudeBot/1.0; +claudebot@anthropic.com)"
3.16.149.93 - - [06/Apr/2025:08:44:45 -0400] "GET /ad917/?path=%2Fhome%2F.%2F..%2F..%2Fbin%2Fsha1sum HTTP/1.1" 200 935 "-" "Mozilla/5.0 AppleWebKit/537.36 (KHTML, like Gecko; compatible; ClaudeBot/1.0; +claudebot@anthropic.com)"
207.46.13.86 - - [06/Apr/2025:08:44:47 -0400] "GET /item/v/fellatio/5163396.shtml HTTP/1.1" 200 19232 "-" "Mozilla/5.0 AppleWebKit/537.36 (KHTML, like Gecko; compatible; bingbot/2.0; +http://www.bing.com/bingbot.htm) Chrome/116.0.1938.76 Safari/537.36"
3.16.149.93 - - [06/Apr/2025:08:44:48 -0400] "GET /ad917/?path=%2Fhome%2F.%2F..%2Fbin%2F.%2Fvacuumdb HTTP/1.1" 200 938 "-" "Mozilla/5.0 AppleWebKit/537.36 (KHTML, like Gecko; compatible; ClaudeBot/1.0; +claudebot@anthropic.com)"
3.16.149.93 - - [06/Apr/2025:08:44:51 -0400] "GET /ad917/?path=%2Fhome%2F.%2F..%2F..%2Fbin%2Fenchant HTTP/1.1" 200 935 "-" "Mozilla/5.0 AppleWebKit/537.36 (KHTML, like Gecko; compatible; ClaudeBot/1.0; +claudebot@anthropic.com)"
66.249.65.105 - - [06/Apr/2025:08:44:52 -0400] "GET /entity49626460.shtml HTTP/1.1" 200 19958 "-" "Mozilla/5.0 (Linux; Android 6.0.1; Nexus 5X Build/MMB29P) AppleWebKit/537.36 (KHTML, like Gecko) Chrome/134.0.6998.165 Mobile Safari/537.36 (compatible; Googlebot/2.1; +http://www.google.com/bot.html)"
3.16.149.93 - - [06/Apr/2025:08:44:54 -0400] "GET /ad917/?path=%2Fhome%2F.%2F..%2Fbin%2F.%2Funzipsfx HTTP/1.1" 200 939 "-" "Mozilla/5.0 AppleWebKit/537.36 (KHTML, like Gecko; compatible; ClaudeBot/1.0; +claudebot@anthropic.com)"
3.16.149.93 - - [06/Apr/2025:08:44:57 -0400] "GET /ad917/?path=%2Fhome%2F.%2F..%2Fbin%2F.%2Fpyvenv-3 HTTP/1.1" 200 1198 "-" "Mozilla/5.0 AppleWebKit/537.36 (KHTML, like Gecko; compatible; ClaudeBot/1.0; +claudebot@anthropic.com)"
207.46.13.111 - - [06/Apr/2025:08:44:57 -0400] "GET /entity/highhoo/118636622.shtml HTTP/1.1" 200 19922 "-" "Mozilla/5.0 AppleWebKit/537.36 (KHTML, like Gecko; compatible; bingbot/2.0; +http://www.bing.com/bingbot.htm) Chrome/116.0.1938.76 Safari/537.36"
3.16.149.93 - - [06/Apr/2025:08:45:00 -0400] "GET /ad917/?path=%2Fhome%2F.%2F.%2F..%2Fbin%2Fautoscan HTTP/1.1" 200 7399 "-" "Mozilla/5.0 AppleWebKit/537.36 (KHTML, like Gecko; compatible; ClaudeBot/1.0; +claudebot@anthropic.com)"
207.46.13.86 - - [06/Apr/2025:08:45:00 -0400] "GET /products/firebreak73076236.shtml HTTP/1.1" 200 20121 "-" "Mozilla/5.0 AppleWebKit/537.36 (KHTML, like Gecko; compatible; bingbot/2.0; +http://www.bing.com/bingbot.htm) Chrome/116.0.1938.76 Safari/537.36"
3.16.149.93 - - [06/Apr/2025:08:45:03 -0400] "GET /ad917/?path=%2Fhome%2F.%2F..%2F..%2Fdev%2Furandom HTTP/1.1" 200 1194 "-" "Mozilla/5.0 AppleWebKit/537.36 (KHTML, like Gecko; compatible; ClaudeBot/1.0; +claudebot@anthropic.com)"
3.16.149.93 - - [06/Apr/2025:08:45:06 -0400] "GET /ad917/?path=%2Fhome%2F.%2F..%2F..%2Fbin%2Fanimate HTTP/1.1" 200 934 "-" "Mozilla/5.0 AppleWebKit/537.36 (KHTML, like Gecko; compatible; ClaudeBot/1.0; +claudebot@anthropic.com)"
66.249.65.96 - - [06/Apr/2025:08:45:07 -0400] "GET /detail/gs/teleophore114344222.shtml HTTP/1.1" 200 19722 "-" "Mozilla/5.0 (Linux; Android 6.0.1; Nexus 5X Build/MMB29P) AppleWebKit/537.36 (KHTML, like Gecko) Chrome/134.0.6998.165 Mobile Safari/537.36 (compatible; GoogleOther)"
3.16.149.93 - - [06/Apr/2025:08:45:09 -0400] "GET /ad917/?path=%2Fhome%2F.%2F..%2F..%2Fetc%2Fprofile HTTP/1.1" 403 1242 "-" "Mozilla/5.0 AppleWebKit/537.36 (KHTML, like Gecko; compatible; ClaudeBot/1.0; +claudebot@anthropic.com)"
66.249.65.96 - - [06/Apr/2025:08:45:08 -0400] "GET /info/vwe/succades/30759876.shtml HTTP/1.1" 200 19448 "-" "Mozilla/5.0 (Linux; Android 6.0.1; Nexus 5X Build/MMB29P) AppleWebKit/537.36 (KHTML, like Gecko) Chrome/134.0.6998.165 Mobile Safari/537.36 (compatible; GoogleOther)"
3.16.149.93 - - [06/Apr/2025:08:45:12 -0400] "GET /ad917/?path=%2Fhome%2F.%2F..%2Fbin%2F.%2Fpreunzip HTTP/1.1" 200 2899 "-" "Mozilla/5.0 AppleWebKit/537.36 (KHTML, like Gecko; compatible; ClaudeBot/1.0; +claudebot@anthropic.com)"
3.16.149.93 - - [06/Apr/2025:08:45:15 -0400] "GET /ad917/?path=%2Fhome%2F.%2F.%2F..%2Fbin%2Fps2pdf14 HTTP/1.1" 200 1073 "-" "Mozilla/5.0 AppleWebKit/537.36 (KHTML, like Gecko; compatible; ClaudeBot/1.0; +claudebot@anthropic.com)"
66.249.65.104 - - [06/Apr/2025:08:45:14 -0400] "GET /goods/franchised43521656.shtml HTTP/1.1" 200 19235 "-" "Mozilla/5.0 (Linux; Android 6.0.1; Nexus 5X Build/MMB29P) AppleWebKit/537.36 (KHTML, like Gecko) Chrome/134.0.6998.165 Mobile Safari/537.36 (compatible; Googlebot/2.1; +http://www.google.com/bot.html)"
3.16.149.93 - - [06/Apr/2025:08:45:18 -0400] "GET /ad917/?path=%2Fhome%2F.%2F..%2F..%2Fbin%2Fxmllint HTTP/1.1" 200 935 "-" "Mozilla/5.0 AppleWebKit/537.36 (KHTML, like Gecko; compatible; ClaudeBot/1.0; +claudebot@anthropic.com)"
3.16.149.93 - - [06/Apr/2025:08:45:21 -0400] "GET /ad917/?path=%2Fhome%2F.%2F.%2F..%2Fbin%2Fps2pdf13 HTTP/1.1" 200 1073 "-" "Mozilla/5.0 AppleWebKit/537.36 (KHTML, like Gecko; compatible; ClaudeBot/1.0; +claudebot@anthropic.com)"
3.16.149.93 - - [06/Apr/2025:08:45:24 -0400] "GET /ad917/?path=%2Fhome%2F.%2F..%2F..%2Fbin%2Fhexdump HTTP/1.1" 200 936 "-" "Mozilla/5.0 AppleWebKit/537.36 (KHTML, like Gecko; compatible; ClaudeBot/1.0; +claudebot@anthropic.com)"
3.16.149.93 - - [06/Apr/2025:08:45:27 -0400] "GET /ad917/?path=%2Fhome%2F.%2F..%2Fbin%2F.%2Flessecho HTTP/1.1" 200 937 "-" "Mozilla/5.0 AppleWebKit/537.36 (KHTML, like Gecko; compatible; ClaudeBot/1.0; +claudebot@anthropic.com)"
3.16.149.93 - - [06/Apr/2025:08:45:30 -0400] "GET /ad917/?path=%2Fhome%2F.%2F.%2F..%2Flib%2Fsysctl.d HTTP/1.1" 200 1639 "-" "Mozilla/5.0 AppleWebKit/537.36 (KHTML, like Gecko; compatible; ClaudeBot/1.0; +claudebot@anthropic.com)"
66.249.65.104 - - [06/Apr/2025:08:45:32 -0400] "GET /products/xa/fungible61327240.shtml HTTP/1.1" 200 19899 "-" "Mozilla/5.0 (Linux; Android 6.0.1; Nexus 5X Build/MMB29P) AppleWebKit/537.36 (KHTML, like Gecko) Chrome/134.0.6998.165 Mobile Safari/537.36 (compatible; GoogleOther)"
3.16.149.93 - - [06/Apr/2025:08:45:33 -0400] "GET /ad917/?path=%2Fhome%2F.%2F.%2F..%2Fbin%2Fps2pdfwr HTTP/1.1" 200 1534 "-" "Mozilla/5.0 AppleWebKit/537.36 (KHTML, like Gecko; compatible; ClaudeBot/1.0; +claudebot@anthropic.com)"
66.249.65.104 - - [06/Apr/2025:08:45:34 -0400] "GET /product/a/monophyllous/43089862.shtml HTTP/1.1" 200 20414 "-" "Mozilla/5.0 (Linux; Android 6.0.1; Nexus 5X Build/MMB29P) AppleWebKit/537.36 (KHTML, like Gecko) Chrome/134.0.6998.165 Mobile Safari/537.36 (compatible; GoogleOther)"
3.16.149.93 - - [06/Apr/2025:08:45:36 -0400] "GET /ad917/?path=%2Fhome%2F.%2F..%2Fbin%2F.%2Ftclsh8.6 HTTP/1.1" 403 1242 "-" "Mozilla/5.0 AppleWebKit/537.36 (KHTML, like Gecko; compatible; ClaudeBot/1.0; +claudebot@anthropic.com)"
3.16.149.93 - - [06/Apr/2025:08:45:39 -0400] "GET /ad917/?path=%2Fhome%2F.%2F.%2F..%2Fetc%2Fopenldap HTTP/1.1" 403 1242 "-" "Mozilla/5.0 AppleWebKit/537.36 (KHTML, like Gecko; compatible; ClaudeBot/1.0; +claudebot@anthropic.com)"
3.16.149.93 - - [06/Apr/2025:08:45:42 -0400] "GET /ad917/?path=%2Fhome%2F.%2F..%2F..%2Fbin%2Fgetconf HTTP/1.1" 200 935 "-" "Mozilla/5.0 AppleWebKit/537.36 (KHTML, like Gecko; compatible; ClaudeBot/1.0; +claudebot@anthropic.com)"
3.16.149.93 - - [06/Apr/2025:08:45:45 -0400] "GET /ad917/?path=%2Fhome%2F.%2F.%2F..%2Fbin%2Fpinentry HTTP/1.1" 200 1881 "-" "Mozilla/5.0 AppleWebKit/537.36 (KHTML, like Gecko; compatible; ClaudeBot/1.0; +claudebot@anthropic.com)"
207.46.13.111 - - [06/Apr/2025:08:45:46 -0400] "GET /entity/inroading/70322448.shtml HTTP/1.1" 200 19848 "-" "Mozilla/5.0 AppleWebKit/537.36 (KHTML, like Gecko; compatible; bingbot/2.0; +http://www.bing.com/bingbot.htm) Chrome/116.0.1938.76 Safari/537.36"
66.249.65.104 - - [06/Apr/2025:08:45:49 -0400] "GET /products/b/plastered/23080172.shtml HTTP/1.1" 200 20031 "-" "Mozilla/5.0 (Linux; Android 6.0.1; Nexus 5X Build/MMB29P) AppleWebKit/537.36 (KHTML, like Gecko) Chrome/134.0.6998.165 Mobile Safari/537.36 (compatible; GoogleOther)"
52.167.144.183 - - [06/Apr/2025:08:45:50 -0400] "GET /item/jk/apricarius81025240.shtml HTTP/1.1" 200 20386 "-" "Mozilla/5.0 AppleWebKit/537.36 (KHTML, like Gecko; compatible; bingbot/2.0; +http://www.bing.com/bingbot.htm) Chrome/116.0.1938.76 Safari/537.36"
207.46.13.111 - - [06/Apr/2025:08:45:56 -0400] "GET /goodscode/24915320.shtml HTTP/1.1" 200 19866 "-" "Mozilla/5.0 AppleWebKit/537.36 (KHTML, like Gecko; compatible; bingbot/2.0; +http://www.bing.com/bingbot.htm) Chrome/116.0.1938.76 Safari/537.36"
207.46.13.64 - - [06/Apr/2025:08:45:56 -0400] "GET /entity/51618130.shtml HTTP/1.1" 200 19873 "-" "Mozilla/5.0 AppleWebKit/537.36 (KHTML, like Gecko; compatible; bingbot/2.0; +http://www.bing.com/bingbot.htm) Chrome/116.0.1938.76 Safari/537.36"
52.167.144.183 - - [06/Apr/2025:08:46:00 -0400] "GET /shopping/101177140.shtml HTTP/1.1" 200 20194 "-" "Mozilla/5.0 AppleWebKit/537.36 (KHTML, like Gecko; compatible; bingbot/2.0; +http://www.bing.com/bingbot.htm) Chrome/116.0.1938.76 Safari/537.36"
207.46.13.111 - - [06/Apr/2025:08:46:06 -0400] "GET /goods/calcitrapa19953402.shtml HTTP/1.1" 200 19625 "-" "Mozilla/5.0 AppleWebKit/537.36 (KHTML, like Gecko; compatible; bingbot/2.0; +http://www.bing.com/bingbot.htm) Chrome/116.0.1938.76 Safari/537.36"
3.12.164.123 - - [06/Apr/2025:08:46:11 -0400] "GET /ad917/?path=%2Fhome%2F.%2F..%2Fusr%2Fbin%2Fxmllint HTTP/1.1" 200 943 "-" "Mozilla/5.0 AppleWebKit/537.36 (KHTML, like Gecko; compatible; ClaudeBot/1.0; +claudebot@anthropic.com)"
66.249.65.104 - - [06/Apr/2025:08:46:12 -0400] "GET /shopdetail/gs/tetricous82369370.shtml HTTP/1.1" 200 19194 "-" "Mozilla/5.0 (Linux; Android 6.0.1; Nexus 5X Build/MMB29P) AppleWebKit/537.36 (KHTML, like Gecko) Chrome/134.0.6998.165 Mobile Safari/537.36 (compatible; GoogleOther)"
3.12.164.123 - - [06/Apr/2025:08:46:14 -0400] "GET /ad917/?path=%2Fhome%2F.%2F..%2Fusr%2Fbin%2Fsha1sum HTTP/1.1" 200 942 "-" "Mozilla/5.0 AppleWebKit/537.36 (KHTML, like Gecko; compatible; ClaudeBot/1.0; +claudebot@anthropic.com)"
207.46.13.111 - - [06/Apr/2025:08:46:16 -0400] "GET /shopbrand/prenote120402976.shtml HTTP/1.1" 200 19628 "-" "Mozilla/5.0 AppleWebKit/537.36 (KHTML, like Gecko; compatible; bingbot/2.0; +http://www.bing.com/bingbot.htm) Chrome/116.0.1938.76 Safari/537.36"
3.12.164.123 - - [06/Apr/2025:08:46:17 -0400] "GET /ad917/?path=%2Fhome%2F.%2F..%2Fusr%2Fbin%2Fzsoelim HTTP/1.1" 200 943 "-" "Mozilla/5.0 AppleWebKit/537.36 (KHTML, like Gecko; compatible; ClaudeBot/1.0; +claudebot@anthropic.com)"
66.249.65.104 - - [06/Apr/2025:08:46:20 -0400] "GET /goods/sessileeyed56641142.shtml HTTP/1.1" 200 19817 "-" "Mozilla/5.0 (Linux; Android 6.0.1; Nexus 5X Build/MMB29P) AppleWebKit/537.36 (KHTML, like Gecko) Chrome/134.0.6998.165 Mobile Safari/537.36 (compatible; Googlebot/2.1; +http://www.google.com/bot.html)"
3.12.164.123 - - [06/Apr/2025:08:46:20 -0400] "GET /ad917/?path=%2Fhome%2F.%2F.%2F..%2Flib64%2Fenchant HTTP/1.1" 200 1495 "-" "Mozilla/5.0 AppleWebKit/537.36 (KHTML, like Gecko; compatible; ClaudeBot/1.0; +claudebot@anthropic.com)"
66.249.65.104 - - [06/Apr/2025:08:46:21 -0400] "GET /items99583676.shtml HTTP/1.1" 200 20293 "-" "Mozilla/5.0 (Linux; Android 6.0.1; Nexus 5X Build/MMB29P) AppleWebKit/537.36 (KHTML, like Gecko) Chrome/134.0.6998.165 Mobile Safari/537.36 (compatible; Googlebot/2.1; +http://www.google.com/bot.html)"
207.46.13.86 - - [06/Apr/2025:08:46:21 -0400] "GET /special/61114280.shtml HTTP/1.1" 200 19682 "-" "Mozilla/5.0 AppleWebKit/537.36 (KHTML, like Gecko; compatible; bingbot/2.0; +http://www.bing.com/bingbot.htm) Chrome/116.0.1938.76 Safari/537.36"
198.54.116.86 - - [06/Apr/2025:08:46:22 -0400] "POST /wp-cron.php?doing_wp_cron=1743943582.5927240848541259765625 HTTP/1.1" 200 0 "-" "WordPress/6.7.2; https://servethepeopleinc.org"
85.128.143.195 - - [06/Apr/2025:08:46:22 -0400] "POST /xmlrpc.php HTTP/1.1" 200 210 "-" "Mozilla/5.0 (Windows NT 10.0; Win64; x64; rv:65.0) Gecko/20100101 Firefox/65.0"
198.54.116.86 - - [06/Apr/2025:08:46:22 -0400] "POST /wp-admin/admin-ajax.php?action=async_litespeed&nonce=j1OYWQzWCxmrw0qRSZ722Q7VmFMmA9We&litespeed_type=imgoptm HTTP/1.1" 200 21 "-" "WordPress/6.7.2; https://servethepeopleinc.org"
3.12.164.123 - - [06/Apr/2025:08:46:23 -0400] "GET /ad917/?path=%2Fhome%2F.%2F..%2Fusr%2Fbin%2Fpdf2dsc HTTP/1.1" 200 1401 "-" "Mozilla/5.0 AppleWebKit/537.36 (KHTML, like Gecko; compatible; ClaudeBot/1.0; +claudebot@anthropic.com)"
3.12.164.123 - - [06/Apr/2025:08:46:26 -0400] "GET /ad917/?path=%2Fhome%2F.%2F..%2Fusr%2Fbin%2Fvimdiff HTTP/1.1" 200 942 "-" "Mozilla/5.0 AppleWebKit/537.36 (KHTML, like Gecko; compatible; ClaudeBot/1.0; +claudebot@anthropic.com)"
66.249.65.104 - - [06/Apr/2025:08:46:26 -0400] "GET /special/po/tripling48014396.shtml HTTP/1.1" 200 20135 "-" "Mozilla/5.0 (Linux; Android 6.0.1; Nexus 5X Build/MMB29P) AppleWebKit/537.36 (KHTML, like Gecko) Chrome/134.0.6998.165 Mobile Safari/537.36 (compatible; GoogleOther)"
3.12.164.123 - - [06/Apr/2025:08:46:29 -0400] "GET /ad917/?path=%2Fhome%2F.%2F..%2Fusr%2Fbin%2Fconvert HTTP/1.1" 200 944 "-" "Mozilla/5.0 AppleWebKit/537.36 (KHTML, like Gecko; compatible; ClaudeBot/1.0; +claudebot@anthropic.com)"
3.12.164.123 - - [06/Apr/2025:08:46:32 -0400] "GET /ad917/?path=%2Fhome%2F.%2F..%2Fusr%2Fbin%2Fps2epsi HTTP/1.1" 200 2236 "-" "Mozilla/5.0 AppleWebKit/537.36 (KHTML, like Gecko; compatible; ClaudeBot/1.0; +claudebot@anthropic.com)"
3.12.164.123 - - [06/Apr/2025:08:46:35 -0400] "GET /ad917/?path=%2Fhome%2F.%2F..%2Fusr%2Fbin%2Fwhereis HTTP/1.1" 200 943 "-" "Mozilla/5.0 AppleWebKit/537.36 (KHTML, like Gecko; compatible; ClaudeBot/1.0; +claudebot@anthropic.com)"
3.12.164.123 - - [06/Apr/2025:08:46:38 -0400] "GET /ad917/?path=%2Fhome%2F.%2F.%2F..%2Flib64%2Fgtk-2.0 HTTP/1.1" 200 1483 "-" "Mozilla/5.0 AppleWebKit/537.36 (KHTML, like Gecko; compatible; ClaudeBot/1.0; +claudebot@anthropic.com)"
66.249.65.104 - - [06/Apr/2025:08:46:39 -0400] "GET /entity/tky/blastment/9121812.shtml HTTP/1.1" 200 20203 "-" "Mozilla/5.0 (Linux; Android 6.0.1; Nexus 5X Build/MMB29P) AppleWebKit/537.36 (KHTML, like Gecko) Chrome/134.0.6998.165 Mobile Safari/537.36 (compatible; GoogleOther)"
3.12.164.123 - - [06/Apr/2025:08:46:41 -0400] "GET /ad917/?path=%2Fhome%2F.%2F..%2Fusr%2Fbin%2Faclocal HTTP/1.1" 200 13828 "-" "Mozilla/5.0 AppleWebKit/537.36 (KHTML, like Gecko; compatible; ClaudeBot/1.0; +claudebot@anthropic.com)"
3.12.164.123 - - [06/Apr/2025:08:46:44 -0400] "GET /ad917/?path=%2Fhome%2F.%2F..%2Fusr%2Fbin%2Fcrontab HTTP/1.1" 200 1530 "-" "Mozilla/5.0 AppleWebKit/537.36 (KHTML, like Gecko; compatible; ClaudeBot/1.0; +claudebot@anthropic.com)"
207.46.13.111 - - [06/Apr/2025:08:46:47 -0400] "GET /shopdetail/emigrator106699430.shtml HTTP/1.1" 200 19446 "-" "Mozilla/5.0 AppleWebKit/537.36 (KHTML, like Gecko; compatible; bingbot/2.0; +http://www.bing.com/bingbot.htm) Chrome/116.0.1938.76 Safari/537.36"
3.12.164.123 - - [06/Apr/2025:08:46:47 -0400] "GET /ad917/?path=%2Fhome%2F.%2F..%2Fusr%2Fbin%2Fperlbug HTTP/1.1" 200 17666 "-" "Mozilla/5.0 AppleWebKit/537.36 (KHTML, like Gecko; compatible; ClaudeBot/1.0; +claudebot@anthropic.com)"
3.12.164.123 - - [06/Apr/2025:08:46:50 -0400] "GET /ad917/?path=%2Fhome%2F.%2F..%2Fusr%2Fbin%2Fpathchk HTTP/1.1" 200 944 "-" "Mozilla/5.0 AppleWebKit/537.36 (KHTML, like Gecko; compatible; ClaudeBot/1.0; +claudebot@anthropic.com)"
3.12.164.123 - - [06/Apr/2025:08:46:53 -0400] "GET /ad917/?path=%2Fhome%2F.%2F..%2Fusr%2Fbin%2Fssh-add HTTP/1.1" 200 943 "-" "Mozilla/5.0 AppleWebKit/537.36 (KHTML, like Gecko; compatible; ClaudeBot/1.0; +claudebot@anthropic.com)"
3.12.164.123 - - [06/Apr/2025:08:46:56 -0400] "GET /ad917/?path=%2Fhome%2F.%2F..%2Fusr%2Fbin%2Fzipgrep HTTP/1.1" 200 2225 "-" "Mozilla/5.0 AppleWebKit/537.36 (KHTML, like Gecko; compatible; ClaudeBot/1.0; +claudebot@anthropic.com)"
3.12.164.123 - - [06/Apr/2025:08:46:59 -0400] "GET /ad917/?path=%2Fhome%2F.%2F..%2Fusr%2Fbin%2Fsetterm HTTP/1.1" 200 943 "-" "Mozilla/5.0 AppleWebKit/537.36 (KHTML, like Gecko; compatible; ClaudeBot/1.0; +claudebot@anthropic.com)"
3.12.164.123 - - [06/Apr/2025:08:47:02 -0400] "GET /ad917/?path=%2Fhome%2F.%2F..%2Fusr%2Fbin%2Fbunzip2 HTTP/1.1" 200 943 "-" "Mozilla/5.0 AppleWebKit/537.36 (KHTML, like Gecko; compatible; ClaudeBot/1.0; +claudebot@anthropic.com)"
3.12.164.123 - - [06/Apr/2025:08:47:05 -0400] "GET /ad917/?path=%2Fhome%2F.%2F..%2Fusr%2Fbin%2Fstrings HTTP/1.1" 200 943 "-" "Mozilla/5.0 AppleWebKit/537.36 (KHTML, like Gecko; compatible; ClaudeBot/1.0; +claudebot@anthropic.com)"
207.46.13.86 - - [06/Apr/2025:08:47:06 -0400] "GET /item/halloysite10472578.shtml HTTP/1.1" 200 20407 "-" "Mozilla/5.0 AppleWebKit/537.36 (KHTML, like Gecko; compatible; bingbot/2.0; +http://www.bing.com/bingbot.htm) Chrome/116.0.1938.76 Safari/537.36"
3.12.164.123 - - [06/Apr/2025:08:47:08 -0400] "GET /ad917/?path=%2Fhome%2F.%2F..%2Fusr%2Fbin%2Flibtool HTTP/1.1" 200 97210 "-" "Mozilla/5.0 AppleWebKit/537.36 (KHTML, like Gecko; compatible; ClaudeBot/1.0; +claudebot@anthropic.com)"
66.249.65.104 - - [06/Apr/2025:08:47:09 -0400] "GET /products/62331338.shtml HTTP/1.1" 200 19606 "-" "Mozilla/5.0 (Linux; Android 6.0.1; Nexus 5X Build/MMB29P) AppleWebKit/537.36 (KHTML, like Gecko) Chrome/134.0.6998.165 Mobile Safari/537.36 (compatible; GoogleOther)"
3.12.164.123 - - [06/Apr/2025:08:47:11 -0400] "GET /ad917/?path=%2Fhome%2F.%2F..%2Fusr%2Fbin%2Fpython2 HTTP/1.1" 200 943 "-" "Mozilla/5.0 AppleWebKit/537.36 (KHTML, like Gecko; compatible; ClaudeBot/1.0; +claudebot@anthropic.com)"
3.12.164.123 - - [06/Apr/2025:08:47:14 -0400] "GET /ad917/?path=%2Fhome%2F.%2F.%2F..%2Flib64%2Fgcrt1.o HTTP/1.1" 200 933 "-" "Mozilla/5.0 AppleWebKit/537.36 (KHTML, like Gecko; compatible; ClaudeBot/1.0; +claudebot@anthropic.com)"
207.46.13.111 - - [06/Apr/2025:08:47:16 -0400] "GET /shopbrand109854926.shtml HTTP/1.1" 200 20232 "-" "Mozilla/5.0 AppleWebKit/537.36 (KHTML, like Gecko; compatible; bingbot/2.0; +http://www.bing.com/bingbot.htm) Chrome/116.0.1938.76 Safari/537.36"
3.12.164.123 - - [06/Apr/2025:08:47:17 -0400] "GET /ad917/?path=%2Fhome%2F.%2F..%2Fusr%2Fbin%2Fpkgconf HTTP/1.1" 200 944 "-" "Mozilla/5.0 AppleWebKit/537.36 (KHTML, like Gecko; compatible; ClaudeBot/1.0; +claudebot@anthropic.com)"
3.12.164.123 - - [06/Apr/2025:08:47:20 -0400] "GET /ad917/?path=%2Fhome%2F.%2F.%2F..%2Flib64%2Fxtables HTTP/1.1" 200 4655 "-" "Mozilla/5.0 AppleWebKit/537.36 (KHTML, like Gecko; compatible; ClaudeBot/1.0; +claudebot@anthropic.com)"
207.46.13.86 - - [06/Apr/2025:08:47:20 -0400] "GET /product331696.shtml HTTP/1.1" 200 20406 "-" "Mozilla/5.0 AppleWebKit/537.36 (KHTML, like Gecko; compatible; bingbot/2.0; +http://www.bing.com/bingbot.htm) Chrome/116.0.1938.76 Safari/537.36"
3.12.164.123 - - [06/Apr/2025:08:47:23 -0400] "GET /ad917/?path=%2Fhome%2F.%2F.%2F..%2Flib64%2FMcrt1.o HTTP/1.1" 200 935 "-" "Mozilla/5.0 AppleWebKit/537.36 (KHTML, like Gecko; compatible; ClaudeBot/1.0; +claudebot@anthropic.com)"
3.12.164.123 - - [06/Apr/2025:08:47:26 -0400] "GET /ad917/?path=%2Fhome%2F.%2F..%2Fusr%2Fbin%2Fisosize HTTP/1.1" 200 943 "-" "Mozilla/5.0 AppleWebKit/537.36 (KHTML, like Gecko; compatible; ClaudeBot/1.0; +claudebot@anthropic.com)"
3.12.164.123 - - [06/Apr/2025:08:47:29 -0400] "GET /ad917/?path=%2Fhome%2F.%2F.%2F..%2Flib64%2FScrt1.o HTTP/1.1" 200 935 "-" "Mozilla/5.0 AppleWebKit/537.36 (KHTML, like Gecko; compatible; ClaudeBot/1.0; +claudebot@anthropic.com)"
52.167.144.183 - - [06/Apr/2025:08:47:29 -0400] "GET /shopping35417908.shtml HTTP/1.1" 200 20204 "-" "Mozilla/5.0 AppleWebKit/537.36 (KHTML, like Gecko; compatible; bingbot/2.0; +http://www.bing.com/bingbot.htm) Chrome/116.0.1938.76 Safari/537.36"
66.249.65.104 - - [06/Apr/2025:08:47:31 -0400] "GET /item117029266.shtml HTTP/1.1" 200 19768 "-" "Mozilla/5.0 (Linux; Android 6.0.1; Nexus 5X Build/MMB29P) AppleWebKit/537.36 (KHTML, like Gecko) Chrome/134.0.6998.165 Mobile Safari/537.36 (compatible; Googlebot/2.1; +http://www.google.com/bot.html)"
3.12.164.123 - - [06/Apr/2025:08:47:32 -0400] "GET /ad917/?path=%2Fhome%2F.%2F..%2Fusr%2Fbin%2Fzipinfo HTTP/1.1" 200 941 "-" "Mozilla/5.0 AppleWebKit/537.36 (KHTML, like Gecko; compatible; ClaudeBot/1.0; +claudebot@anthropic.com)"
3.12.164.123 - - [06/Apr/2025:08:47:35 -0400] "GET /ad917/?path=%2Fhome%2F.%2F..%2Fusr%2Fbin%2Fanimate HTTP/1.1" 200 942 "-" "Mozilla/5.0 AppleWebKit/537.36 (KHTML, like Gecko; compatible; ClaudeBot/1.0; +claudebot@anthropic.com)"
207.46.13.64 - - [06/Apr/2025:08:47:36 -0400] "GET /items/h/civility/52504364.shtml HTTP/1.1" 200 20092 "-" "Mozilla/5.0 AppleWebKit/537.36 (KHTML, like Gecko; compatible; bingbot/2.0; +http://www.bing.com/bingbot.htm) Chrome/116.0.1938.76 Safari/537.36"
207.46.13.86 - - [06/Apr/2025:08:47:38 -0400] "GET /shopbrand31857782.shtml HTTP/1.1" 200 19168 "-" "Mozilla/5.0 AppleWebKit/537.36 (KHTML, like Gecko; compatible; bingbot/2.0; +http://www.bing.com/bingbot.htm) Chrome/116.0.1938.76 Safari/537.36"
3.12.164.123 - - [06/Apr/2025:08:47:38 -0400] "GET /ad917/?path=%2Fhome%2F.%2F..%2Fusr%2Fbin%2Fpod2man HTTP/1.1" 200 7057 "-" "Mozilla/5.0 AppleWebKit/537.36 (KHTML, like Gecko; compatible; ClaudeBot/1.0; +claudebot@anthropic.com)"
52.167.144.183 - - [06/Apr/2025:08:47:41 -0400] "GET /goodscode/75667196.shtml HTTP/1.1" 200 20495 "-" "Mozilla/5.0 AppleWebKit/537.36 (KHTML, like Gecko; compatible; bingbot/2.0; +http://www.bing.com/bingbot.htm) Chrome/116.0.1938.76 Safari/537.36"
3.12.164.123 - - [06/Apr/2025:08:47:41 -0400] "GET /ad917/?path=%2Fhome%2F.%2F..%2Fusr%2Fbin%2Ftimeout HTTP/1.1" 200 943 "-" "Mozilla/5.0 AppleWebKit/537.36 (KHTML, like Gecko; compatible; ClaudeBot/1.0; +claudebot@anthropic.com)"
3.12.164.123 - - [06/Apr/2025:08:47:44 -0400] "GET /ad917/?path=%2Fhome%2F.%2F..%2Flib%2Fdebug%2Flib64 HTTP/1.1" 200 1421 "-" "Mozilla/5.0 AppleWebKit/537.36 (KHTML, like Gecko; compatible; ClaudeBot/1.0; +claudebot@anthropic.com)"
66.249.65.104 - - [06/Apr/2025:08:47:45 -0400] "GET /items/c/dioscorea/57677974.shtml HTTP/1.1" 200 19560 "-" "Mozilla/5.0 (Linux; Android 6.0.1; Nexus 5X Build/MMB29P) AppleWebKit/537.36 (KHTML, like Gecko) Chrome/134.0.6998.165 Mobile Safari/537.36 (compatible; GoogleOther)"
207.46.13.64 - - [06/Apr/2025:08:47:46 -0400] "GET /shopdetail75676856.shtml HTTP/1.1" 200 20156 "-" "Mozilla/5.0 AppleWebKit/537.36 (KHTML, like Gecko; compatible; bingbot/2.0; +http://www.bing.com/bingbot.htm) Chrome/116.0.1938.76 Safari/537.36"
3.12.164.123 - - [06/Apr/2025:08:47:47 -0400] "GET /ad917/?path=%2Fhome%2F.%2F..%2Fproc%2Fself%2Fwchan HTTP/1.1" 200 947 "-" "Mozilla/5.0 AppleWebKit/537.36 (KHTML, like Gecko; compatible; ClaudeBot/1.0; +claudebot@anthropic.com)"
207.46.13.86 - - [06/Apr/2025:08:47:47 -0400] "GET /shopping/exinanite/73734528.shtml HTTP/1.1" 200 20024 "-" "Mozilla/5.0 AppleWebKit/537.36 (KHTML, like Gecko; compatible; bingbot/2.0; +http://www.bing.com/bingbot.htm) Chrome/116.0.1938.76 Safari/537.36"
3.12.164.123 - - [06/Apr/2025:08:47:50 -0400] "GET /ad917/?path=%2Fhome%2F.%2F..%2Fusr%2Fbin%2Ffc-list HTTP/1.1" 200 943 "-" "Mozilla/5.0 AppleWebKit/537.36 (KHTML, like Gecko; compatible; ClaudeBot/1.0; +claudebot@anthropic.com)"
3.12.164.123 - - [06/Apr/2025:08:47:53 -0400] "GET /ad917/?path=%2Fhome%2F.%2F..%2Fusr%2Fbin%2Fcompare HTTP/1.1" 200 943 "-" "Mozilla/5.0 AppleWebKit/537.36 (KHTML, like Gecko; compatible; ClaudeBot/1.0; +claudebot@anthropic.com)"
3.12.164.123 - - [06/Apr/2025:08:47:56 -0400] "GET /ad917/?path=%2Fhome%2F.%2F..%2Fusr%2Fbin%2Fdisplay HTTP/1.1" 200 941 "-" "Mozilla/5.0 AppleWebKit/537.36 (KHTML, like Gecko; compatible; ClaudeBot/1.0; +claudebot@anthropic.com)"
3.143.254.10 - - [06/Apr/2025:08:47:58 -0400] "GET /wp-includes/class-feed.php HTTP/1.1" 403 1242 "-" "Mozilla/5.0 AppleWebKit/537.36 (KHTML, like Gecko; compatible; ClaudeBot/1.0; +claudebot@anthropic.com)"
3.12.164.123 - - [06/Apr/2025:08:47:59 -0400] "GET /ad917/?path=%2Fhome%2F.%2F.%2F..%2Flib64%2Fgettext HTTP/1.1" 200 1609 "-" "Mozilla/5.0 AppleWebKit/537.36 (KHTML, like Gecko; compatible; ClaudeBot/1.0; +claudebot@anthropic.com)"
3.12.164.123 - - [06/Apr/2025:08:48:02 -0400] "GET /ad917/?path=%2Fhome%2F.%2F..%2Fusr%2Fbin%2Flesskey HTTP/1.1" 200 943 "-" "Mozilla/5.0 AppleWebKit/537.36 (KHTML, like Gecko; compatible; ClaudeBot/1.0; +claudebot@anthropic.com)"
66.249.65.104 - - [06/Apr/2025:08:48:03 -0400] "GET /products/thirdly/70384756.shtml HTTP/1.1" 200 19726 "-" "Mozilla/5.0 (Linux; Android 6.0.1; Nexus 5X Build/MMB29P) AppleWebKit/537.36 (KHTML, like Gecko) Chrome/134.0.6998.165 Mobile Safari/537.36 (compatible; GoogleOther)"
3.12.164.123 - - [06/Apr/2025:08:48:05 -0400] "GET /ad917/?path=%2Fhome%2F.%2F..%2Fusr%2Fbin%2Fconjure HTTP/1.1" 200 942 "-" "Mozilla/5.0 AppleWebKit/537.36 (KHTML, like Gecko; compatible; ClaudeBot/1.0; +claudebot@anthropic.com)"
3.12.164.123 - - [06/Apr/2025:08:48:08 -0400] "GET /ad917/?path=%2Fhome%2F.%2F..%2Fusr%2Fbin%2Fpydoc-3 HTTP/1.1" 200 1195 "-" "Mozilla/5.0 AppleWebKit/537.36 (KHTML, like Gecko; compatible; ClaudeBot/1.0; +claudebot@anthropic.com)"
66.249.65.104 - - [06/Apr/2025:08:48:09 -0400] "GET /shopping/58302846.shtml HTTP/1.1" 200 19825 "-" "Mozilla/5.0 (Linux; Android 6.0.1; Nexus 5X Build/MMB29P) AppleWebKit/537.36 (KHTML, like Gecko) Chrome/134.0.6998.165 Mobile Safari/537.36 (compatible; Googlebot/2.1; +http://www.google.com/bot.html)"
66.249.65.105 - - [06/Apr/2025:08:48:10 -0400] "GET /items/almonries/74778206.shtml HTTP/1.1" 200 19368 "-" "Mozilla/5.0 (Linux; Android 6.0.1; Nexus 5X Build/MMB29P) AppleWebKit/537.36 (KHTML, like Gecko) Chrome/134.0.6998.165 Mobile Safari/537.36 (compatible; GoogleOther)"
207.46.13.111 - - [06/Apr/2025:08:48:16 -0400] "GET /products/alcoholmeter8580952.shtml HTTP/1.1" 200 20109 "-" "Mozilla/5.0 AppleWebKit/537.36 (KHTML, like Gecko; compatible; bingbot/2.0; +http://www.bing.com/bingbot.htm) Chrome/116.0.1938.76 Safari/537.36"
52.167.144.183 - - [06/Apr/2025:08:48:21 -0400] "GET /entity/87697134.shtml HTTP/1.1" 200 19643 "-" "Mozilla/5.0 AppleWebKit/537.36 (KHTML, like Gecko; compatible; bingbot/2.0; +http://www.bing.com/bingbot.htm) Chrome/116.0.1938.76 Safari/537.36"
207.46.13.111 - - [06/Apr/2025:08:48:26 -0400] "GET /items/rounder25889720.shtml HTTP/1.1" 200 19058 "-" "Mozilla/5.0 AppleWebKit/537.36 (KHTML, like Gecko; compatible; bingbot/2.0; +http://www.bing.com/bingbot.htm) Chrome/116.0.1938.76 Safari/537.36"
207.46.13.157 - - [06/Apr/2025:08:48:31 -0400] "GET /goodscode/59014788.shtml HTTP/1.1" 200 19297 "-" "Mozilla/5.0 AppleWebKit/537.36 (KHTML, like Gecko; compatible; bingbot/2.0; +http://www.bing.com/bingbot.htm) Chrome/116.0.1938.76 Safari/537.36"
3.137.174.183 - - [06/Apr/2025:08:48:33 -0400] "GET /ad917/?path=%2Fhome%2F.%2F.%2F..%2Fetc%2Fprofile.d HTTP/1.1" 403 1242 "-" "Mozilla/5.0 AppleWebKit/537.36 (KHTML, like Gecko; compatible; ClaudeBot/1.0; +claudebot@anthropic.com)"
3.137.174.183 - - [06/Apr/2025:08:48:36 -0400] "GET /ad917/?path=%2Fhome%2F.%2F..%2F..%2Fbin%2Fautomake HTTP/1.1" 200 81460 "-" "Mozilla/5.0 AppleWebKit/537.36 (KHTML, like Gecko; compatible; ClaudeBot/1.0; +claudebot@anthropic.com)"
207.46.13.157 - - [06/Apr/2025:08:48:38 -0400] "GET /products/56895930.shtml HTTP/1.1" 200 19764 "-" "Mozilla/5.0 AppleWebKit/537.36 (KHTML, like Gecko; compatible; bingbot/2.0; +http://www.bing.com/bingbot.htm) Chrome/116.0.1938.76 Safari/537.36"
3.137.174.183 - - [06/Apr/2025:08:48:39 -0400] "GET /ad917/?path=%2Fhome%2F.%2F..%2F..%2Fetc%2Fmailhelo HTTP/1.1" 403 1242 "-" "Mozilla/5.0 AppleWebKit/537.36 (KHTML, like Gecko; compatible; ClaudeBot/1.0; +claudebot@anthropic.com)"
3.137.174.183 - - [06/Apr/2025:08:48:42 -0400] "GET /ad917/?path=%2Fhome%2F.%2F.%2F..%2Fbin%2Fcomposite HTTP/1.1" 200 935 "-" "Mozilla/5.0 AppleWebKit/537.36 (KHTML, like Gecko; compatible; ClaudeBot/1.0; +claudebot@anthropic.com)"
3.137.174.183 - - [06/Apr/2025:08:48:45 -0400] "GET /ad917/?path=%2Fhome%2F.%2F.%2F..%2Fbin%2Fcatchsegv HTTP/1.1" 200 2523 "-" "Mozilla/5.0 AppleWebKit/537.36 (KHTML, like Gecko; compatible; ClaudeBot/1.0; +claudebot@anthropic.com)"
66.249.65.104 - - [06/Apr/2025:08:48:47 -0400] "GET /goodscode/jew/personify/73832300.shtml HTTP/1.1" 200 20078 "-" "Mozilla/5.0 (Linux; Android 6.0.1; Nexus 5X Build/MMB29P) AppleWebKit/537.36 (KHTML, like Gecko) Chrome/134.0.6998.165 Mobile Safari/537.36 (compatible; GoogleOther)"
3.137.174.183 - - [06/Apr/2025:08:48:48 -0400] "GET /ad917/?path=%2Fhome%2F.%2F..%2Fbin%2F.%2Fpod2usage HTTP/1.1" 200 2724 "-" "Mozilla/5.0 AppleWebKit/537.36 (KHTML, like Gecko; compatible; ClaudeBot/1.0; +claudebot@anthropic.com)"
66.249.65.104 - - [06/Apr/2025:08:48:49 -0400] "GET /product/p/plantable/7103644.shtml HTTP/1.1" 200 18919 "-" "Mozilla/5.0 (Linux; Android 6.0.1; Nexus 5X Build/MMB29P) AppleWebKit/537.36 (KHTML, like Gecko) Chrome/134.0.6998.165 Mobile Safari/537.36 (compatible; GoogleOther)"
3.137.174.183 - - [06/Apr/2025:08:48:51 -0400] "GET /ad917/?path=%2Fhome%2F.%2F..%2F..%2Fbin%2Ftclsh8.6 HTTP/1.1" 403 1242 "-" "Mozilla/5.0 AppleWebKit/537.36 (KHTML, like Gecko; compatible; ClaudeBot/1.0; +claudebot@anthropic.com)"
3.137.174.183 - - [06/Apr/2025:08:48:54 -0400] "GET /ad917/?path=%2Fhome%2F.%2F.%2F..%2Fbin%2Fmysqlshow HTTP/1.1" 200 936 "-" "Mozilla/5.0 AppleWebKit/537.36 (KHTML, like Gecko; compatible; ClaudeBot/1.0; +claudebot@anthropic.com)"
3.137.174.183 - - [06/Apr/2025:08:48:57 -0400] "GET /ad917/?path=%2Fhome%2F.%2F.%2F..%2Fetc%2Fhost.conf HTTP/1.1" 403 1242 "-" "Mozilla/5.0 AppleWebKit/537.36 (KHTML, like Gecko; compatible; ClaudeBot/1.0; +claudebot@anthropic.com)"
3.137.174.183 - - [06/Apr/2025:08:49:00 -0400] "GET /ad917/?path=%2Fhome%2F.%2F..%2Fbin%2F.%2Fsha224sum HTTP/1.1" 200 945 "-" "Mozilla/5.0 AppleWebKit/537.36 (KHTML, like Gecko; compatible; ClaudeBot/1.0; +claudebot@anthropic.com)"
3.137.174.183 - - [06/Apr/2025:08:49:03 -0400] "GET /ad917/?path=%2Fhome%2F.%2F..%2Fbin%2F.%2Finfotocap HTTP/1.1" 200 943 "-" "Mozilla/5.0 AppleWebKit/537.36 (KHTML, like Gecko; compatible; ClaudeBot/1.0; +claudebot@anthropic.com)"
3.137.174.183 - - [06/Apr/2025:08:49:06 -0400] "GET /ad917/?path=%2Fhome%2F.%2F..%2F..%2Fetc%2Fservices HTTP/1.1" 403 1242 "-" "Mozilla/5.0 AppleWebKit/537.36 (KHTML, like Gecko; compatible; ClaudeBot/1.0; +claudebot@anthropic.com)"
3.137.174.183 - - [06/Apr/2025:08:49:09 -0400] "GET /ad917/?path=%2Fhome%2F.%2F..%2F..%2Fbin%2Fpreunzip HTTP/1.1" 200 2900 "-" "Mozilla/5.0 AppleWebKit/537.36 (KHTML, like Gecko; compatible; ClaudeBot/1.0; +claudebot@anthropic.com)"
66.249.65.104 - - [06/Apr/2025:08:49:10 -0400] "POST /get-message-notify HTTP/1.1" 200 20313 "https://servethepeopleinc.org/items99583676.shtml" "Mozilla/5.0 (Linux; Android 6.0.1; Nexus 5X Build/MMB29P) AppleWebKit/537.36 (KHTML, like Gecko) Chrome/134.0.6998.165 Mobile Safari/537.36 (compatible; Googlebot/2.1; +http://www.google.com/bot.html)"
3.137.174.183 - - [06/Apr/2025:08:49:12 -0400] "GET /ad917/?path=%2Fhome%2F.%2F.%2F..%2Fbin%2Fgcov-dump HTTP/1.1" 200 936 "-" "Mozilla/5.0 AppleWebKit/537.36 (KHTML, like Gecko; compatible; ClaudeBot/1.0; +claudebot@anthropic.com)"
66.249.65.104 - - [06/Apr/2025:08:49:13 -0400] "POST /get-message-notify HTTP/1.1" 200 20313 "https://servethepeopleinc.org/goodscode119381284.shtml" "Mozilla/5.0 (Linux; Android 6.0.1; Nexus 5X Build/MMB29P) AppleWebKit/537.36 (KHTML, like Gecko) Chrome/134.0.6998.165 Mobile Safari/537.36 (compatible; Googlebot/2.1; +http://www.google.com/bot.html)"
3.137.174.183 - - [06/Apr/2025:08:49:15 -0400] "GET /ad917/?path=%2Fhome%2F.%2F.%2F..%2Fbin%2Fpython3.6 HTTP/1.1" 200 936 "-" "Mozilla/5.0 AppleWebKit/537.36 (KHTML, like Gecko; compatible; ClaudeBot/1.0; +claudebot@anthropic.com)"
3.137.174.183 - - [06/Apr/2025:08:49:18 -0400] "GET /ad917/?path=%2Fhome%2F.%2F.%2F..%2Flib%2Ffirewalld HTTP/1.1" 200 1566 "-" "Mozilla/5.0 AppleWebKit/537.36 (KHTML, like Gecko; compatible; ClaudeBot/1.0; +claudebot@anthropic.com)"
3.137.174.183 - - [06/Apr/2025:08:49:21 -0400] "GET /ad917/?path=%2Fhome%2F.%2F..%2F..%2Fbin%2Fprintenv HTTP/1.1" 200 938 "-" "Mozilla/5.0 AppleWebKit/537.36 (KHTML, like Gecko; compatible; ClaudeBot/1.0; +claudebot@anthropic.com)"
3.137.174.183 - - [06/Apr/2025:08:49:24 -0400] "GET /ad917/?path=%2Fhome%2F.%2F..%2F..%2Fbin%2Fvimtutor HTTP/1.1" 200 2074 "-" "Mozilla/5.0 AppleWebKit/537.36 (KHTML, like Gecko; compatible; ClaudeBot/1.0; +claudebot@anthropic.com)"
3.137.174.183 - - [06/Apr/2025:08:49:27 -0400] "GET /ad917/?path=%2Fhome%2F.%2F..%2F..%2Fusr%2Fselector HTTP/1.1" 200 1535 "-" "Mozilla/5.0 AppleWebKit/537.36 (KHTML, like Gecko; compatible; ClaudeBot/1.0; +claudebot@anthropic.com)"
3.137.174.183 - - [06/Apr/2025:08:49:30 -0400] "GET /ad917/?path=%2Fhome%2F.%2F..%2F..%2Fbin%2Fzipsplit HTTP/1.1" 200 939 "-" "Mozilla/5.0 AppleWebKit/537.36 (KHTML, like Gecko; compatible; ClaudeBot/1.0; +claudebot@anthropic.com)"
3.137.174.183 - - [06/Apr/2025:08:49:33 -0400] "GET /ad917/?path=%2Fhome%2F.%2F..%2Fbin%2F.%2Fgpg-agent HTTP/1.1" 200 944 "-" "Mozilla/5.0 AppleWebKit/537.36 (KHTML, like Gecko; compatible; ClaudeBot/1.0; +claudebot@anthropic.com)"
3.137.174.183 - - [06/Apr/2025:08:49:36 -0400] "GET /ad917/?path=%2Fhome%2F.%2F..%2F..%2Fbin%2Ffc-cache HTTP/1.1" 200 987 "-" "Mozilla/5.0 AppleWebKit/537.36 (KHTML, like Gecko; compatible; ClaudeBot/1.0; +claudebot@anthropic.com)"
3.137.174.183 - - [06/Apr/2025:08:49:39 -0400] "GET /ad917/?path=%2Fhome%2F.%2F..%2F..%2Fetc%2Fscreenrc HTTP/1.1" 403 1242 "-" "Mozilla/5.0 AppleWebKit/537.36 (KHTML, like Gecko; compatible; ClaudeBot/1.0; +claudebot@anthropic.com)"
3.137.174.183 - - [06/Apr/2025:08:49:42 -0400] "GET /ad917/?path=%2Fhome%2F.%2F..%2F..%2Fbin%2Ftruncate HTTP/1.1" 200 938 "-" "Mozilla/5.0 AppleWebKit/537.36 (KHTML, like Gecko; compatible; ClaudeBot/1.0; +claudebot@anthropic.com)"
3.137.174.183 - - [06/Apr/2025:08:49:45 -0400] "GET /ad917/?path=%2Fhome%2F.%2F..%2F..%2Fbin%2Ffc-match HTTP/1.1" 200 937 "-" "Mozilla/5.0 AppleWebKit/537.36 (KHTML, like Gecko; compatible; ClaudeBot/1.0; +claudebot@anthropic.com)"
52.167.144.183 - - [06/Apr/2025:08:49:47 -0400] "GET /entity75677700.shtml HTTP/1.1" 200 20305 "-" "Mozilla/5.0 AppleWebKit/537.36 (KHTML, like Gecko; compatible; bingbot/2.0; +http://www.bing.com/bingbot.htm) Chrome/116.0.1938.76 Safari/537.36"
3.137.174.183 - - [06/Apr/2025:08:49:48 -0400] "GET /ad917/?path=%2Fhome%2F.%2F..%2F..%2Fbin%2Fps2pdf13 HTTP/1.1" 200 1073 "-" "Mozilla/5.0 AppleWebKit/537.36 (KHTML, like Gecko; compatible; ClaudeBot/1.0; +claudebot@anthropic.com)"
52.167.144.183 - - [06/Apr/2025:08:49:49 -0400] "GET /info102213158.shtml HTTP/1.1" 200 20052 "-" "Mozilla/5.0 AppleWebKit/537.36 (KHTML, like Gecko; compatible; bingbot/2.0; +http://www.bing.com/bingbot.htm) Chrome/116.0.1938.76 Safari/537.36"
3.137.174.183 - - [06/Apr/2025:08:49:51 -0400] "GET /ad917/?path=%2Fhome%2F.%2F..%2Fbin%2F.%2Fpython3.6 HTTP/1.1" 200 943 "-" "Mozilla/5.0 AppleWebKit/537.36 (KHTML, like Gecko; compatible; ClaudeBot/1.0; +claudebot@anthropic.com)"
3.137.174.183 - - [06/Apr/2025:08:49:54 -0400] "GET /ad917/?path=%2Fhome%2F.%2F..%2Fbin%2F.%2Fgcov-dump HTTP/1.1" 200 943 "-" "Mozilla/5.0 AppleWebKit/537.36 (KHTML, like Gecko; compatible; ClaudeBot/1.0; +claudebot@anthropic.com)"
207.46.13.64 - - [06/Apr/2025:08:49:56 -0400] "GET /goodscode/75679510.shtml HTTP/1.1" 200 20328 "-" "Mozilla/5.0 AppleWebKit/537.36 (KHTML, like Gecko; compatible; bingbot/2.0; +http://www.bing.com/bingbot.htm) Chrome/116.0.1938.76 Safari/537.36"
3.137.174.183 - - [06/Apr/2025:08:49:57 -0400] "GET /ad917/?path=%2Fhome%2F.%2F.%2F..%2Fbin%2Fpython2.7 HTTP/1.1" 200 936 "-" "Mozilla/5.0 AppleWebKit/537.36 (KHTML, like Gecko; compatible; ClaudeBot/1.0; +claudebot@anthropic.com)"
3.137.174.183 - - [06/Apr/2025:08:50:00 -0400] "GET /ad917/?path=%2Fhome%2F.%2F.%2F..%2Fbin%2Faddr2line HTTP/1.1" 200 936 "-" "Mozilla/5.0 AppleWebKit/537.36 (KHTML, like Gecko; compatible; ClaudeBot/1.0; +claudebot@anthropic.com)"
66.249.65.104 - - [06/Apr/2025:08:50:01 -0400] "GET /special/r/spicy/57205764.shtml HTTP/1.1" 200 19961 "-" "Mozilla/5.0 (Linux; Android 6.0.1; Nexus 5X Build/MMB29P) AppleWebKit/537.36 (KHTML, like Gecko) Chrome/134.0.6998.165 Mobile Safari/537.36 (compatible; GoogleOther)"
3.137.174.183 - - [06/Apr/2025:08:50:03 -0400] "GET /ad917/?path=%2Fhome%2F.%2F..%2F..%2Fetc%2Fopenldap HTTP/1.1" 403 1242 "-" "Mozilla/5.0 AppleWebKit/537.36 (KHTML, like Gecko; compatible; ClaudeBot/1.0; +claudebot@anthropic.com)"
3.137.174.183 - - [06/Apr/2025:08:50:06 -0400] "GET /ad917/?path=%2Fhome%2F.%2F..%2F..%2Fbin%2Fcldetect HTTP/1.1" 200 3386 "-" "Mozilla/5.0 AppleWebKit/537.36 (KHTML, like Gecko; compatible; ClaudeBot/1.0; +claudebot@anthropic.com)"
66.249.65.104 - - [06/Apr/2025:08:50:08 -0400] "GET /products/gue/spiraeic/48129774.shtml HTTP/1.1" 200 20206 "-" "Mozilla/5.0 (Linux; Android 6.0.1; Nexus 5X Build/MMB29P) AppleWebKit/537.36 (KHTML, like Gecko) Chrome/134.0.6998.165 Mobile Safari/537.36 (compatible; GoogleOther)"
3.137.174.183 - - [06/Apr/2025:08:50:09 -0400] "GET /ad917/?path=%2Fhome%2F.%2F..%2F..%2Fbin%2Fgpgsplit HTTP/1.1" 200 939 "-" "Mozilla/5.0 AppleWebKit/537.36 (KHTML, like Gecko; compatible; ClaudeBot/1.0; +claudebot@anthropic.com)"
3.137.174.183 - - [06/Apr/2025:08:50:12 -0400] "GET /ad917/?path=%2Fhome%2F.%2F..%2Fbin%2F.%2Fsha512sum HTTP/1.1" 200 943 "-" "Mozilla/5.0 AppleWebKit/537.36 (KHTML, like Gecko; compatible; ClaudeBot/1.0; +claudebot@anthropic.com)"
3.137.174.183 - - [06/Apr/2025:08:50:15 -0400] "GET /ad917/?path=%2Fhome%2F.%2F..%2F..%2Fbin%2Fps2ascii HTTP/1.1" 200 1287 "-" "Mozilla/5.0 AppleWebKit/537.36 (KHTML, like Gecko; compatible; ClaudeBot/1.0; +claudebot@anthropic.com)"
3.137.174.183 - - [06/Apr/2025:08:50:18 -0400] "GET /ad917/?path=%2Fhome%2F.%2F.%2F..%2Fbin%2Fgpg-error HTTP/1.1" 200 936 "-" "Mozilla/5.0 AppleWebKit/537.36 (KHTML, like Gecko; compatible; ClaudeBot/1.0; +claudebot@anthropic.com)"
3.137.174.183 - - [06/Apr/2025:08:50:21 -0400] "GET /ad917/?path=%2Fhome%2F.%2F..%2F..%2Fbin%2Flessecho HTTP/1.1" 200 938 "-" "Mozilla/5.0 AppleWebKit/537.36 (KHTML, like Gecko; compatible; ClaudeBot/1.0; +claudebot@anthropic.com)"
3.137.174.183 - - [06/Apr/2025:08:50:24 -0400] "GET /ad917/?path=%2Fhome%2F.%2F..%2F..%2Flib%2Fsendmail HTTP/1.1" 200 1495 "-" "Mozilla/5.0 AppleWebKit/537.36 (KHTML, like Gecko; compatible; ClaudeBot/1.0; +claudebot@anthropic.com)"
66.249.65.104 - - [06/Apr/2025:08:50:24 -0400] "GET /shopbrand/xzk/purchasable40696068.shtml HTTP/1.1" 200 19233 "-" "Mozilla/5.0 (Linux; Android 6.0.1; Nexus 5X Build/MMB29P) AppleWebKit/537.36 (KHTML, like Gecko) Chrome/134.0.6998.165 Mobile Safari/537.36 (compatible; GoogleOther)"
198.54.116.86 - - [06/Apr/2025:08:50:25 -0400] "POST /wp-cron.php?doing_wp_cron=1743943825.6900489330291748046875 HTTP/1.1" 200 0 "-" "WordPress/6.7.2; https://servethepeopleinc.org"
199.188.200.151 - - [06/Apr/2025:08:50:25 -0400] "POST /wp-login.php HTTP/1.1" 200 2185 "https://servethepeopleinc.org" "Mozilla/5.0 (Macintosh; Intel Mac OS X 14.3) AppleWebKit/614.31.14 (KHTML, like Gecko) Version/17.0.96 Safari/614.31.14"
198.54.116.86 - - [06/Apr/2025:08:50:25 -0400] "POST /wp-admin/admin-ajax.php?action=async_litespeed&nonce=eQ2PkVEwuXs6PjN9yvPveMTralWTt3nV&litespeed_type=imgoptm HTTP/1.1" 200 21 "-" "WordPress/6.7.2; https://servethepeopleinc.org"
