3.16.75.169 - - [06/Apr/2025:09:24:16 -0400] "GET /ad917/?path=%2Fhome%2F.%2F.%2F..%2Flib64%2Flibgstgl-1.0.so.0.1601.0 HTTP/1.1" 200 949 "-" "Mozilla/5.0 AppleWebKit/537.36 (KHTML, like Gecko; compatible; ClaudeBot/1.0; +claudebot@anthropic.com)"
3.16.75.169 - - [06/Apr/2025:09:24:19 -0400] "GET /ad917/?path=%2Fhome%2F.%2F.%2F..%2Flib64%2FlibIexMath-2_2.so.12.0.0 HTTP/1.1" 200 951 "-" "Mozilla/5.0 AppleWebKit/537.36 (KHTML, like Gecko; compatible; ClaudeBot/1.0; +claudebot@anthropic.com)"
3.16.75.169 - - [06/Apr/2025:09:24:22 -0400] "GET /ad917/?path=%2Fhome%2F.%2F.%2F..%2Flib64%2FlibOpenIPMIglib.so.0.0.1 HTTP/1.1" 200 951 "-" "Mozilla/5.0 AppleWebKit/537.36 (KHTML, like Gecko; compatible; ClaudeBot/1.0; +claudebot@anthropic.com)"
52.167.144.179 - - [06/Apr/2025:09:24:22 -0400] "GET /items/88151474.shtml HTTP/1.1" 200 20054 "-" "Mozilla/5.0 AppleWebKit/537.36 (KHTML, like Gecko; compatible; bingbot/2.0; +http://www.bing.com/bingbot.htm) Chrome/116.0.1938.76 Safari/537.36"
3.16.75.169 - - [06/Apr/2025:09:24:25 -0400] "GET /ad917/?path=%2Fhome%2F.%2F.%2F.%2Fservlmvm%2F.spamassassinboxenable HTTP/1.1" 200 946 "-" "Mozilla/5.0 AppleWebKit/537.36 (KHTML, like Gecko; compatible; ClaudeBot/1.0; +claudebot@anthropic.com)"
3.16.75.169 - - [06/Apr/2025:09:24:28 -0400] "GET /ad917/?path=%2Fhome%2F.%2F.%2F..%2Flib64%2Flibgcc_s-8-20210514.so.1 HTTP/1.1" 200 950 "-" "Mozilla/5.0 AppleWebKit/537.36 (KHTML, like Gecko; compatible; ClaudeBot/1.0; +claudebot@anthropic.com)"
3.16.75.169 - - [06/Apr/2025:09:24:31 -0400] "GET /ad917/?path=%2Fhome%2F.%2F.%2F..%2Flib64%2Flibpulse-simple.so.0.1.1 HTTP/1.1" 200 948 "-" "Mozilla/5.0 AppleWebKit/537.36 (KHTML, like Gecko; compatible; ClaudeBot/1.0; +claudebot@anthropic.com)"
3.16.75.169 - - [06/Apr/2025:09:24:34 -0400] "GET /ad917/?path=%2Fhome%2F.%2F.%2F..%2Flib64%2Flibtss2-tcti-device.so.0 HTTP/1.1" 200 948 "-" "Mozilla/5.0 AppleWebKit/537.36 (KHTML, like Gecko; compatible; ClaudeBot/1.0; +claudebot@anthropic.com)"
3.16.75.169 - - [06/Apr/2025:09:24:37 -0400] "GET /ad917/?path=%2Fhome%2F.%2F.%2F..%2Flib64%2FlibguestStoreClient.so.0 HTTP/1.1" 200 950 "-" "Mozilla/5.0 AppleWebKit/537.36 (KHTML, like Gecko; compatible; ClaudeBot/1.0; +claudebot@anthropic.com)"
3.16.75.169 - - [06/Apr/2025:09:24:40 -0400] "GET /ad917/?path=%2Fhome%2F.%2F.%2F..%2Flib64%2FlibQt5Multimedia.so.5.15 HTTP/1.1" 200 950 "-" "Mozilla/5.0 AppleWebKit/537.36 (KHTML, like Gecko; compatible; ClaudeBot/1.0; +claudebot@anthropic.com)"
207.46.13.86 - - [06/Apr/2025:09:24:41 -0400] "GET /shopdetail/61153474.shtml HTTP/1.1" 200 19158 "-" "Mozilla/5.0 AppleWebKit/537.36 (KHTML, like Gecko; compatible; bingbot/2.0; +http://www.bing.com/bingbot.htm) Chrome/116.0.1938.76 Safari/537.36"
3.16.75.169 - - [06/Apr/2025:09:24:43 -0400] "GET /ad917/?path=%2Fhome%2F.%2F.%2F..%2Flib64%2FlibMagickCore-6.Q16.so.7 HTTP/1.1" 200 951 "-" "Mozilla/5.0 AppleWebKit/537.36 (KHTML, like Gecko; compatible; ClaudeBot/1.0; +claudebot@anthropic.com)"
66.249.65.104 - - [06/Apr/2025:09:24:44 -0400] "GET /item/57198036.shtml HTTP/1.1" 200 19560 "-" "Mozilla/5.0 (compatible; Googlebot/2.1; +http://www.google.com/bot.html)"
3.16.75.169 - - [06/Apr/2025:09:24:46 -0400] "GET /ad917/?path=%2Fhome%2F.%2F.%2F..%2Flib64%2Flibpango-1.0.so.0.4200.3 HTTP/1.1" 200 948 "-" "Mozilla/5.0 AppleWebKit/537.36 (KHTML, like Gecko; compatible; ClaudeBot/1.0; +claudebot@anthropic.com)"
3.16.75.169 - - [06/Apr/2025:09:24:49 -0400] "GET /ad917/?path=%2Fhome%2F.%2F.%2F..%2Flib64%2Flibgirepository-1.0.so.1 HTTP/1.1" 200 948 "-" "Mozilla/5.0 AppleWebKit/537.36 (KHTML, like Gecko; compatible; ClaudeBot/1.0; +claudebot@anthropic.com)"
3.16.75.169 - - [06/Apr/2025:09:24:52 -0400] "GET /ad917/?path=%2Fhome%2F.%2F.%2F..%2Flib64%2Flibparted-fs-resize.so.0 HTTP/1.1" 200 948 "-" "Mozilla/5.0 AppleWebKit/537.36 (KHTML, like Gecko; compatible; ClaudeBot/1.0; +claudebot@anthropic.com)"
52.167.144.179 - - [06/Apr/2025:09:24:53 -0400] "GET /product36904372.shtml HTTP/1.1" 200 20508 "-" "Mozilla/5.0 AppleWebKit/537.36 (KHTML, like Gecko; compatible; bingbot/2.0; +http://www.bing.com/bingbot.htm) Chrome/116.0.1938.76 Safari/537.36"
3.16.75.169 - - [06/Apr/2025:09:24:55 -0400] "GET /ad917/?path=%2Fhome%2F.%2F.%2F..%2Flib64%2Flibnl-genl-3.so.200.26.0 HTTP/1.1" 200 949 "-" "Mozilla/5.0 AppleWebKit/537.36 (KHTML, like Gecko; compatible; ClaudeBot/1.0; +claudebot@anthropic.com)"
66.249.65.104 - - [06/Apr/2025:09:24:57 -0400] "GET /detail/p/kuklux58031232.shtml HTTP/1.1" 200 19798 "-" "Mozilla/5.0 (Linux; Android 6.0.1; Nexus 5X Build/MMB29P) AppleWebKit/537.36 (KHTML, like Gecko) Chrome/134.0.6998.165 Mobile Safari/537.36 (compatible; GoogleOther)"
66.249.65.104 - - [06/Apr/2025:09:24:57 -0400] "GET /products/t/colloquies/75285016.shtml HTTP/1.1" 200 19688 "-" "Mozilla/5.0 (Linux; Android 6.0.1; Nexus 5X Build/MMB29P) AppleWebKit/537.36 (KHTML, like Gecko) Chrome/134.0.6998.165 Mobile Safari/537.36 (compatible; Googlebot/2.1; +http://www.google.com/bot.html)"
3.16.75.169 - - [06/Apr/2025:09:24:58 -0400] "GET /ad917/?path=%2Fhome%2F.%2F.%2F..%2Flib64%2Flibavahi-client.so.3.2.9 HTTP/1.1" 200 949 "-" "Mozilla/5.0 AppleWebKit/537.36 (KHTML, like Gecko; compatible; ClaudeBot/1.0; +claudebot@anthropic.com)"
157.55.39.9 - - [06/Apr/2025:09:24:59 -0400] "GET /shopping/latinist12852940.shtml HTTP/1.1" 200 20084 "-" "Mozilla/5.0 AppleWebKit/537.36 (KHTML, like Gecko; compatible; bingbot/2.0; +http://www.bing.com/bingbot.htm) Chrome/116.0.1938.76 Safari/537.36"
3.16.75.169 - - [06/Apr/2025:09:25:01 -0400] "GET /ad917/?path=%2Fhome%2F.%2F.%2F..%2Flib64%2Flibkadm5clnt_mit.so.12.0 HTTP/1.1" 200 949 "-" "Mozilla/5.0 AppleWebKit/537.36 (KHTML, like Gecko; compatible; ClaudeBot/1.0; +claudebot@anthropic.com)"
3.16.75.169 - - [06/Apr/2025:09:25:04 -0400] "GET /ad917/?path=%2Fhome%2F.%2F.%2F..%2Flib64%2Flibguilereadline-v-18.so HTTP/1.1" 200 948 "-" "Mozilla/5.0 AppleWebKit/537.36 (KHTML, like Gecko; compatible; ClaudeBot/1.0; +claudebot@anthropic.com)"
3.16.75.169 - - [06/Apr/2025:09:25:07 -0400] "GET /ad917/?path=%2Fhome%2F.%2F.%2F..%2Flib64%2Flibpolkit-gobject-1.so.0 HTTP/1.1" 200 949 "-" "Mozilla/5.0 AppleWebKit/537.36 (KHTML, like Gecko; compatible; ClaudeBot/1.0; +claudebot@anthropic.com)"
3.16.75.169 - - [06/Apr/2025:09:25:10 -0400] "GET /ad917/?path=%2Fhome%2F.%2F.%2F..%2Flib64%2Flibgstinsertbin-1.0.so.0 HTTP/1.1" 200 948 "-" "Mozilla/5.0 AppleWebKit/537.36 (KHTML, like Gecko; compatible; ClaudeBot/1.0; +claudebot@anthropic.com)"
207.46.13.86 - - [06/Apr/2025:09:25:12 -0400] "GET /shopping/connoted109274992.shtml HTTP/1.1" 200 20009 "-" "Mozilla/5.0 AppleWebKit/537.36 (KHTML, like Gecko; compatible; bingbot/2.0; +http://www.bing.com/bingbot.htm) Chrome/116.0.1938.76 Safari/537.36"
3.16.75.169 - - [06/Apr/2025:09:25:13 -0400] "GET /ad917/?path=%2Fhome%2F.%2F.%2F..%2Flib64%2Flibbasicobjects.so.0.1.0 HTTP/1.1" 200 948 "-" "Mozilla/5.0 AppleWebKit/537.36 (KHTML, like Gecko; compatible; ClaudeBot/1.0; +claudebot@anthropic.com)"
3.16.75.169 - - [06/Apr/2025:09:25:16 -0400] "GET /ad917/?path=%2Fhome%2F.%2F.%2F..%2Flib64%2Flibtss2-tctildr.so.0.0.0 HTTP/1.1" 200 948 "-" "Mozilla/5.0 AppleWebKit/537.36 (KHTML, like Gecko; compatible; ClaudeBot/1.0; +claudebot@anthropic.com)"
3.16.75.169 - - [06/Apr/2025:09:25:19 -0400] "GET /ad917/?path=%2Fhome%2F.%2F.%2F..%2Flib64%2Flibxcb-xselinux.so.0.0.0 HTTP/1.1" 200 950 "-" "Mozilla/5.0 AppleWebKit/537.36 (KHTML, like Gecko; compatible; ClaudeBot/1.0; +claudebot@anthropic.com)"
66.249.65.96 - - [06/Apr/2025:09:25:19 -0400] "GET /special/n/hemophilic/79967260.shtml HTTP/1.1" 200 20452 "-" "Mozilla/5.0 (Linux; Android 6.0.1; Nexus 5X Build/MMB29P) AppleWebKit/537.36 (KHTML, like Gecko) Chrome/134.0.6998.165 Mobile Safari/537.36 (compatible; GoogleOther)"
52.167.144.179 - - [06/Apr/2025:09:25:21 -0400] "GET /special/kutch/114866094.shtml HTTP/1.1" 200 19999 "-" "Mozilla/5.0 AppleWebKit/537.36 (KHTML, like Gecko; compatible; bingbot/2.0; +http://www.bing.com/bingbot.htm) Chrome/116.0.1938.76 Safari/537.36"
66.249.65.104 - - [06/Apr/2025:09:25:21 -0400] "GET /items/ui/fulica/17178650.shtml HTTP/1.1" 200 20199 "-" "Mozilla/5.0 (Linux; Android 6.0.1; Nexus 5X Build/MMB29P) AppleWebKit/537.36 (KHTML, like Gecko) Chrome/134.0.6998.165 Mobile Safari/537.36 (compatible; GoogleOther)"
3.16.75.169 - - [06/Apr/2025:09:25:22 -0400] "GET /ad917/?path=%2Fhome%2F.%2F..%2Flib%2Ftuned%2Fthroughput-performance HTTP/1.1" 200 1514 "-" "Mozilla/5.0 AppleWebKit/537.36 (KHTML, like Gecko; compatible; ClaudeBot/1.0; +claudebot@anthropic.com)"
3.16.75.169 - - [06/Apr/2025:09:25:25 -0400] "GET /ad917/?path=%2Fhome%2F.%2F.%2F..%2Flib64%2FlibQt5Concurrent.so.5.15 HTTP/1.1" 200 949 "-" "Mozilla/5.0 AppleWebKit/537.36 (KHTML, like Gecko; compatible; ClaudeBot/1.0; +claudebot@anthropic.com)"
54.90.244.132 - - [06/Apr/2025:09:25:25 -0400] "GET /wp-includes/sodium_compat/src/Core/Base64/?NA HTTP/1.1" 200 825 "-" "Mozilla/5.0 AppleWebKit/537.36 (KHTML, like Gecko; compatible; Amazonbot/0.1; +https://developer.amazon.com/support/amazonbot) Chrome/119.0.6045.214 Safari/537.36"
3.16.75.169 - - [06/Apr/2025:09:25:28 -0400] "GET /ad917/?path=%2Fhome%2F.%2F..%2Fbin%2F.%2Fx86_64-redhat-linux-gcc-8 HTTP/1.1" 200 949 "-" "Mozilla/5.0 AppleWebKit/537.36 (KHTML, like Gecko; compatible; ClaudeBot/1.0; +claudebot@anthropic.com)"
44.212.106.171 - - [06/Apr/2025:09:25:29 -0400] "GET /wp-includes/css/dist/edit-post/?MA HTTP/1.1" 200 1284 "-" "Mozilla/5.0 AppleWebKit/537.36 (KHTML, like Gecko; compatible; Amazonbot/0.1; +https://developer.amazon.com/support/amazonbot) Chrome/119.0.6045.214 Safari/537.36"
3.16.75.169 - - [06/Apr/2025:09:25:31 -0400] "GET /ad917/?path=%2Fhome%2F.%2F.%2F..%2Fbin%2Fx86_64-redhat-linux-gcc-8 HTTP/1.1" 200 952 "-" "Mozilla/5.0 AppleWebKit/537.36 (KHTML, like Gecko; compatible; ClaudeBot/1.0; +claudebot@anthropic.com)"
52.167.144.179 - - [06/Apr/2025:09:25:31 -0400] "GET /shopdetail/39867538.shtml HTTP/1.1" 200 19700 "-" "Mozilla/5.0 AppleWebKit/537.36 (KHTML, like Gecko; compatible; bingbot/2.0; +http://www.bing.com/bingbot.htm) Chrome/116.0.1938.76 Safari/537.36"
52.204.174.139 - - [06/Apr/2025:09:25:34 -0400] "GET /wp-includes/SimplePie/library/SimplePie/Content/Type/?NA HTTP/1.1" 200 796 "-" "Mozilla/5.0 AppleWebKit/537.36 (KHTML, like Gecko; compatible; Amazonbot/0.1; +https://developer.amazon.com/support/amazonbot) Chrome/119.0.6045.214 Safari/537.36"
52.71.46.142 - - [06/Apr/2025:09:25:38 -0400] "GET /wp-includes/sodium_compat/src/Core32/Poly1305/?NA HTTP/1.1" 200 801 "-" "Mozilla/5.0 AppleWebKit/537.36 (KHTML, like Gecko; compatible; Amazonbot/0.1; +https://developer.amazon.com/support/amazonbot) Chrome/119.0.6045.214 Safari/537.36"
207.46.13.86 - - [06/Apr/2025:09:25:40 -0400] "GET /goodscode53835730.shtml HTTP/1.1" 200 19741 "-" "Mozilla/5.0 AppleWebKit/537.36 (KHTML, like Gecko; compatible; bingbot/2.0; +http://www.bing.com/bingbot.htm) Chrome/116.0.1938.76 Safari/537.36"
3.230.224.6 - - [06/Apr/2025:09:25:41 -0400] "GET /wp-includes/sodium_compat/src/Core/Curve25519/Ge/?ND HTTP/1.1" 200 892 "-" "Mozilla/5.0 AppleWebKit/537.36 (KHTML, like Gecko; compatible; Amazonbot/0.1; +https://developer.amazon.com/support/amazonbot) Chrome/119.0.6045.214 Safari/537.36"
207.46.13.86 - - [06/Apr/2025:09:26:01 -0400] "GET /goods/x/porphyritic/122483608.shtml HTTP/1.1" 200 19796 "-" "Mozilla/5.0 AppleWebKit/537.36 (KHTML, like Gecko; compatible; bingbot/2.0; +http://www.bing.com/bingbot.htm) Chrome/116.0.1938.76 Safari/537.36"
52.15.120.29 - - [06/Apr/2025:09:26:02 -0400] "GET /ad917/?path=%2Fhome%2Fservlmvm%2Fpublic_html%2Fad917%2F.%2F..%2Fwp-content%2Fai1wm-backups%2Findex.html HTTP/1.1" 200 1012 "-" "Mozilla/5.0 AppleWebKit/537.36 (KHTML, like Gecko; compatible; ClaudeBot/1.0; +claudebot@anthropic.com)"
207.46.13.86 - - [06/Apr/2025:09:26:04 -0400] "GET /products/y/weedier65266114.shtml HTTP/1.1" 200 19612 "-" "Mozilla/5.0 AppleWebKit/537.36 (KHTML, like Gecko; compatible; bingbot/2.0; +http://www.bing.com/bingbot.htm) Chrome/116.0.1938.76 Safari/537.36"
52.15.120.29 - - [06/Apr/2025:09:26:05 -0400] "GET /ad917/?path=%2Fhome%2Fservlmvm%2Fpublic_html%2Fad917%2F.%2F..%2Fwp-content%2Fai1wm-backups%2Fweb.config HTTP/1.1" 200 1145 "-" "Mozilla/5.0 AppleWebKit/537.36 (KHTML, like Gecko; compatible; ClaudeBot/1.0; +claudebot@anthropic.com)"
52.167.144.179 - - [06/Apr/2025:09:26:06 -0400] "GET /item24805384.shtml HTTP/1.1" 200 20508 "-" "Mozilla/5.0 AppleWebKit/537.36 (KHTML, like Gecko; compatible; bingbot/2.0; +http://www.bing.com/bingbot.htm) Chrome/116.0.1938.76 Safari/537.36"
52.15.120.29 - - [06/Apr/2025:09:26:08 -0400] "GET /ad917/?path=%2Fhome%2Fservlmvm%2Fpublic_html%2Fad917%2F.%2F..%2Fwp-content%2Fai1wm-backups%2Frobots.txt HTTP/1.1" 200 1026 "-" "Mozilla/5.0 AppleWebKit/537.36 (KHTML, like Gecko; compatible; ClaudeBot/1.0; +claudebot@anthropic.com)"
52.15.120.29 - - [06/Apr/2025:09:26:11 -0400] "GET /ad917/?path=%2Fhome%2Fservlmvm%2Fpublic_html%2Fad917%2F.%2F..%2Fwp-content%2Fai1wm-backups%2F.htaccess HTTP/1.1" 403 1242 "-" "Mozilla/5.0 AppleWebKit/537.36 (KHTML, like Gecko; compatible; ClaudeBot/1.0; +claudebot@anthropic.com)"
207.46.13.86 - - [06/Apr/2025:09:26:11 -0400] "GET /items/ke/ HTTP/1.1" 200 19726 "-" "Mozilla/5.0 AppleWebKit/537.36 (KHTML, like Gecko; compatible; bingbot/2.0; +http://www.bing.com/bingbot.htm) Chrome/116.0.1938.76 Safari/537.36"
66.249.65.96 - - [06/Apr/2025:09:26:12 -0400] "GET /shopdetail/mg/nickname56956646.shtml HTTP/1.1" 200 18918 "-" "Mozilla/5.0 (Linux; Android 6.0.1; Nexus 5X Build/MMB29P) AppleWebKit/537.36 (KHTML, like Gecko) Chrome/134.0.6998.165 Mobile Safari/537.36 (compatible; GoogleOther)"
52.15.120.29 - - [06/Apr/2025:09:26:14 -0400] "GET /ad917/?path=%2Fhome%2Fservlmvm%2Fpublic_html%2Fad917%2F.%2F..%2Fwp-content%2Fai1wm-backups%2Findex.php HTTP/1.1" 200 1019 "-" "Mozilla/5.0 AppleWebKit/537.36 (KHTML, like Gecko; compatible; ClaudeBot/1.0; +claudebot@anthropic.com)"
52.167.144.22 - - [06/Apr/2025:09:26:14 -0400] "GET /item/eaw/romping/12839446.shtml HTTP/1.1" 200 19915 "-" "Mozilla/5.0 AppleWebKit/537.36 (KHTML, like Gecko; compatible; bingbot/2.0; +http://www.bing.com/bingbot.htm) Chrome/116.0.1938.76 Safari/537.36"
66.249.65.104 - - [06/Apr/2025:09:26:14 -0400] "GET /entity/y/rupestris/49515170.shtml HTTP/1.1" 200 19964 "-" "Mozilla/5.0 (Linux; Android 6.0.1; Nexus 5X Build/MMB29P) AppleWebKit/537.36 (KHTML, like Gecko) Chrome/134.0.6998.165 Mobile Safari/537.36 (compatible; GoogleOther)"
52.167.144.179 - - [06/Apr/2025:09:26:16 -0400] "GET /info34742648.shtml HTTP/1.1" 200 19386 "-" "Mozilla/5.0 AppleWebKit/537.36 (KHTML, like Gecko; compatible; bingbot/2.0; +http://www.bing.com/bingbot.htm) Chrome/116.0.1938.76 Safari/537.36"
52.15.120.29 - - [06/Apr/2025:09:26:17 -0400] "GET /ad917/?path=%2Fhome%2Fservlmvm%2Fpublic_html%2Fad917%2F.%2F..%2Fwp-content%2Fai1wm-backups%2F.. HTTP/1.1" 200 1814 "-" "Mozilla/5.0 AppleWebKit/537.36 (KHTML, like Gecko; compatible; ClaudeBot/1.0; +claudebot@anthropic.com)"
157.55.39.9 - - [06/Apr/2025:09:26:19 -0400] "GET /entity/ty/wrung/52609620.shtml HTTP/1.1" 200 19887 "-" "Mozilla/5.0 AppleWebKit/537.36 (KHTML, like Gecko; compatible; bingbot/2.0; +http://www.bing.com/bingbot.htm) Chrome/116.0.1938.76 Safari/537.36"
52.15.120.29 - - [06/Apr/2025:09:26:20 -0400] "GET /ad917/?path=%2Fhome%2Fservlmvm%2Fpublic_html%2Fad917%2F.%2F..%2Fwp-content%2Fai1wm-backups%2F. HTTP/1.1" 200 1848 "-" "Mozilla/5.0 AppleWebKit/537.36 (KHTML, like Gecko; compatible; ClaudeBot/1.0; +claudebot@anthropic.com)"
207.46.13.86 - - [06/Apr/2025:09:26:22 -0400] "GET /special/31170090.shtml HTTP/1.1" 200 19674 "-" "Mozilla/5.0 AppleWebKit/537.36 (KHTML, like Gecko; compatible; bingbot/2.0; +http://www.bing.com/bingbot.htm) Chrome/116.0.1938.76 Safari/537.36"
52.15.120.29 - - [06/Apr/2025:09:26:23 -0400] "GET /ad917/?path=%2Fhome%2F.%2F.%2F..%2Flib64%2Flibcairo-script-interpreter.so.2.11512.0 HTTP/1.1" 200 962 "-" "Mozilla/5.0 AppleWebKit/537.36 (KHTML, like Gecko; compatible; ClaudeBot/1.0; +claudebot@anthropic.com)"
66.249.65.104 - - [06/Apr/2025:09:26:23 -0400] "GET /goodscode52340484.shtml HTTP/1.1" 200 19796 "-" "Mozilla/5.0 (Linux; Android 6.0.1; Nexus 5X Build/MMB29P) AppleWebKit/537.36 (KHTML, like Gecko) Chrome/134.0.6998.165 Mobile Safari/537.36 (compatible; Googlebot/2.1; +http://www.google.com/bot.html)"
66.249.65.104 - - [06/Apr/2025:09:26:24 -0400] "GET /goods65498744.shtml HTTP/1.1" 200 19570 "-" "Mozilla/5.0 (Linux; Android 6.0.1; Nexus 5X Build/MMB29P) AppleWebKit/537.36 (KHTML, like Gecko) Chrome/134.0.6998.165 Mobile Safari/537.36 (compatible; Googlebot/2.1; +http://www.google.com/bot.html)"
66.249.65.105 - - [06/Apr/2025:09:26:24 -0400] "GET /products117324002.shtml HTTP/1.1" 200 19609 "-" "Mozilla/5.0 (Linux; Android 6.0.1; Nexus 5X Build/MMB29P) AppleWebKit/537.36 (KHTML, like Gecko) Chrome/134.0.6998.165 Mobile Safari/537.36 (compatible; Googlebot/2.1; +http://www.google.com/bot.html)"
66.249.65.105 - - [06/Apr/2025:09:26:25 -0400] "GET /items/bombycinous48014060.shtml HTTP/1.1" 200 19858 "-" "Mozilla/5.0 (Linux; Android 6.0.1; Nexus 5X Build/MMB29P) AppleWebKit/537.36 (KHTML, like Gecko) Chrome/134.0.6998.165 Mobile Safari/537.36 (compatible; GoogleOther)"
52.15.120.29 - - [06/Apr/2025:09:26:26 -0400] "GET /ad917/?path=%2Fhome%2F.%2F.%2F..%2Flib64%2Flibgstbasecamerabinsrc-1.0.so.0.1601.0 HTTP/1.1" 200 960 "-" "Mozilla/5.0 AppleWebKit/537.36 (KHTML, like Gecko; compatible; ClaudeBot/1.0; +claudebot@anthropic.com)"
52.15.120.29 - - [06/Apr/2025:09:26:29 -0400] "GET /ad917/?path=%2Fhome%2F.%2F.%2F..%2Flib64%2FlibQt5EglFSDeviceIntegration.so.5.15.3 HTTP/1.1" 200 962 "-" "Mozilla/5.0 AppleWebKit/537.36 (KHTML, like Gecko; compatible; ClaudeBot/1.0; +claudebot@anthropic.com)"
157.55.39.16 - - [06/Apr/2025:09:26:29 -0400] "GET /goodscode/gc/rattoon30217618.shtml HTTP/1.1" 200 20092 "-" "Mozilla/5.0 AppleWebKit/537.36 (KHTML, like Gecko; compatible; bingbot/2.0; +http://www.bing.com/bingbot.htm) Chrome/116.0.1938.76 Safari/537.36"
52.15.120.29 - - [06/Apr/2025:09:26:32 -0400] "GET /ad917/?path=%2Fhome%2F.%2F.%2F..%2Flib64%2FlibQt5EglFSDeviceIntegration.so.5.15 HTTP/1.1" 200 964 "-" "Mozilla/5.0 AppleWebKit/537.36 (KHTML, like Gecko; compatible; ClaudeBot/1.0; +claudebot@anthropic.com)"
52.15.120.29 - - [06/Apr/2025:09:26:35 -0400] "GET /ad917/?path=%2Fhome%2F.%2F.%2F..%2Flib64%2Flibwebrtc_audio_processing.so.1.0.0 HTTP/1.1" 200 954 "-" "Mozilla/5.0 AppleWebKit/537.36 (KHTML, like Gecko; compatible; ClaudeBot/1.0; +claudebot@anthropic.com)"
52.15.120.29 - - [06/Apr/2025:09:26:38 -0400] "GET /ad917/?path=%2Fhome%2F.%2F.%2F..%2Flib64%2Flibgsturidownloader-1.0.so.0.1601.0 HTTP/1.1" 200 955 "-" "Mozilla/5.0 AppleWebKit/537.36 (KHTML, like Gecko; compatible; ClaudeBot/1.0; +claudebot@anthropic.com)"
52.15.120.29 - - [06/Apr/2025:09:26:41 -0400] "GET /ad917/?path=%2Fhome%2F.%2F.%2F..%2Flib64%2Flibgstadaptivedemux-1.0.so.0.1601.0 HTTP/1.1" 200 958 "-" "Mozilla/5.0 AppleWebKit/537.36 (KHTML, like Gecko; compatible; ClaudeBot/1.0; +claudebot@anthropic.com)"
52.15.120.29 - - [06/Apr/2025:09:26:44 -0400] "GET /ad917/?path=%2Fhome%2F.%2F.%2F..%2Flib64%2Flibbabeltrace-ctf-metadata.so.1.0.0 HTTP/1.1" 200 958 "-" "Mozilla/5.0 AppleWebKit/537.36 (KHTML, like Gecko; compatible; ClaudeBot/1.0; +claudebot@anthropic.com)"
52.15.120.29 - - [06/Apr/2025:09:26:47 -0400] "GET /ad917/?path=%2Fhome%2F.%2F.%2F..%2Flib64%2Flibboost_program_options.so.1.66.0 HTTP/1.1" 200 958 "-" "Mozilla/5.0 AppleWebKit/537.36 (KHTML, like Gecko; compatible; ClaudeBot/1.0; +claudebot@anthropic.com)"
52.15.120.29 - - [06/Apr/2025:09:26:50 -0400] "GET /ad917/?path=%2Fhome%2F.%2F.%2F..%2Flib64%2FlibGraphicsMagickWand-Q16.so.2.9.7 HTTP/1.1" 200 963 "-" "Mozilla/5.0 AppleWebKit/537.36 (KHTML, like Gecko; compatible; ClaudeBot/1.0; +claudebot@anthropic.com)"
66.249.65.104 - - [06/Apr/2025:09:26:52 -0400] "POST /get-message-notify HTTP/1.1" 200 20313 "https://servethepeopleinc.org/products/pm/estrelda/56423808.shtml" "Mozilla/5.0 (Linux; Android 6.0.1; Nexus 5X Build/MMB29P) AppleWebKit/537.36 (KHTML, like Gecko) Chrome/134.0.6998.165 Mobile Safari/537.36 (compatible; Googlebot/2.1; +http://www.google.com/bot.html)"
52.167.144.179 - - [06/Apr/2025:09:26:52 -0400] "GET /entity11258200.shtml HTTP/1.1" 200 19909 "-" "Mozilla/5.0 AppleWebKit/537.36 (KHTML, like Gecko; compatible; bingbot/2.0; +http://www.bing.com/bingbot.htm) Chrome/116.0.1938.76 Safari/537.36"
52.15.120.29 - - [06/Apr/2025:09:26:53 -0400] "GET /ad917/?path=%2Fhome%2F.%2F.%2F..%2Flib64%2Flibgstcodecparsers-1.0.so.0.1601.0 HTTP/1.1" 200 957 "-" "Mozilla/5.0 AppleWebKit/537.36 (KHTML, like Gecko; compatible; ClaudeBot/1.0; +claudebot@anthropic.com)"
52.15.120.29 - - [06/Apr/2025:09:26:56 -0400] "GET /ad917/?path=%2Fhome%2F.%2F.%2F..%2Flib64%2FlibQt5MultimediaGstTools.so.5.15.3 HTTP/1.1" 200 960 "-" "Mozilla/5.0 AppleWebKit/537.36 (KHTML, like Gecko; compatible; ClaudeBot/1.0; +claudebot@anthropic.com)"
66.249.65.104 - - [06/Apr/2025:09:26:56 -0400] "GET /entity/apresskiapraske/94511214.shtml HTTP/1.1" 200 19441 "-" "Mozilla/5.0 (Linux; Android 6.0.1; Nexus 5X Build/MMB29P) AppleWebKit/537.36 (KHTML, like Gecko) Chrome/134.0.6998.165 Mobile Safari/537.36 (compatible; GoogleOther)"
52.167.144.179 - - [06/Apr/2025:09:26:57 -0400] "GET /items/paniceum24720104.shtml HTTP/1.1" 200 19682 "-" "Mozilla/5.0 AppleWebKit/537.36 (KHTML, like Gecko; compatible; bingbot/2.0; +http://www.bing.com/bingbot.htm) Chrome/116.0.1938.76 Safari/537.36"
52.15.120.29 - - [06/Apr/2025:09:26:59 -0400] "GET /ad917/?path=%2Fhome%2F.%2F.%2F..%2Flib64%2FlibQt5MultimediaWidgets.so.5.15.3 HTTP/1.1" 200 960 "-" "Mozilla/5.0 AppleWebKit/537.36 (KHTML, like Gecko; compatible; ClaudeBot/1.0; +claudebot@anthropic.com)"
52.15.120.29 - - [06/Apr/2025:09:27:02 -0400] "GET /ad917/?path=%2Fhome%2F.%2F.%2F..%2Flib64%2Flibbabeltrace-lttng-live.so.1.0.0 HTTP/1.1" 200 957 "-" "Mozilla/5.0 AppleWebKit/537.36 (KHTML, like Gecko; compatible; ClaudeBot/1.0; +claudebot@anthropic.com)"
52.167.144.179 - - [06/Apr/2025:09:27:03 -0400] "GET /entity41051014.shtml HTTP/1.1" 200 20399 "-" "Mozilla/5.0 AppleWebKit/537.36 (KHTML, like Gecko; compatible; bingbot/2.0; +http://www.bing.com/bingbot.htm) Chrome/116.0.1938.76 Safari/537.36"
52.15.120.29 - - [06/Apr/2025:09:27:05 -0400] "GET /ad917/?path=%2Fhome%2F.%2F.%2F..%2Flib64%2Flibboost_wserialization.so.1.66.0 HTTP/1.1" 200 956 "-" "Mozilla/5.0 AppleWebKit/537.36 (KHTML, like Gecko; compatible; ClaudeBot/1.0; +claudebot@anthropic.com)"
66.249.65.96 - - [06/Apr/2025:09:27:07 -0400] "GET /detail/p/kuklux58031232.shtml HTTP/1.1" 200 19798 "-" "Mozilla/5.0 (Linux; Android 6.0.1; Nexus 5X Build/MMB29P) AppleWebKit/537.36 (KHTML, like Gecko) Chrome/134.0.6998.165 Mobile Safari/537.36 (compatible; Googlebot/2.1; +http://www.google.com/bot.html)"
52.15.120.29 - - [06/Apr/2025:09:27:08 -0400] "GET /ad917/?path=%2Fhome%2F.%2F.%2F..%2Flib64%2FlibQt5EglFSDeviceIntegration.so.5 HTTP/1.1" 200 960 "-" "Mozilla/5.0 AppleWebKit/537.36 (KHTML, like Gecko; compatible; ClaudeBot/1.0; +claudebot@anthropic.com)"
20.15.133.184 - - [06/Apr/2025:09:27:09 -0400] "GET /detail6005328.shtml HTTP/1.1" 200 19938 "-" "Mozilla/5.0 AppleWebKit/537.36 (KHTML, like Gecko; compatible; bingbot/2.0; +http://www.bing.com/bingbot.htm) Chrome/116.0.1938.76 Safari/537.36"
52.15.120.29 - - [06/Apr/2025:09:27:11 -0400] "GET /ad917/?path=%2Fhome%2F.%2F.%2F..%2Flib64%2Flibgstphotography-1.0.so.0.1601.0 HTTP/1.1" 200 953 "-" "Mozilla/5.0 AppleWebKit/537.36 (KHTML, like Gecko; compatible; ClaudeBot/1.0; +claudebot@anthropic.com)"
52.15.120.29 - - [06/Apr/2025:09:27:14 -0400] "GET /ad917/?path=%2Fhome%2F.%2F.%2F..%2Flib64%2Flibboost_serialization.so.1.66.0 HTTP/1.1" 200 954 "-" "Mozilla/5.0 AppleWebKit/537.36 (KHTML, like Gecko; compatible; ClaudeBot/1.0; +claudebot@anthropic.com)"
52.15.120.29 - - [06/Apr/2025:09:27:17 -0400] "GET /ad917/?path=%2Fhome%2F.%2F.%2F..%2Flib64%2Flibgstcontroller-1.0.so.0.1601.0 HTTP/1.1" 200 954 "-" "Mozilla/5.0 AppleWebKit/537.36 (KHTML, like Gecko; compatible; ClaudeBot/1.0; +claudebot@anthropic.com)"
66.249.65.104 - - [06/Apr/2025:09:27:18 -0400] "GET /info/u/foisting/51761262.shtml HTTP/1.1" 200 19808 "-" "Mozilla/5.0 (Linux; Android 6.0.1; Nexus 5X Build/MMB29P) AppleWebKit/537.36 (KHTML, like Gecko) Chrome/134.0.6998.165 Mobile Safari/537.36 (compatible; GoogleOther)"
52.15.120.29 - - [06/Apr/2025:09:27:20 -0400] "GET /ad917/?path=%2Fhome%2F.%2F.%2F..%2Flib64%2Flibcairo-script-interpreter.so.2 HTTP/1.1" 200 953 "-" "Mozilla/5.0 AppleWebKit/537.36 (KHTML, like Gecko; compatible; ClaudeBot/1.0; +claudebot@anthropic.com)"
52.15.120.29 - - [06/Apr/2025:09:27:23 -0400] "GET /ad917/?path=%2Fhome%2F.%2F..%2Flib%2Ftuned%2Fcloudlinux-latency-performance HTTP/1.1" 200 1509 "-" "Mozilla/5.0 AppleWebKit/537.36 (KHTML, like Gecko; compatible; ClaudeBot/1.0; +claudebot@anthropic.com)"
66.249.65.104 - - [06/Apr/2025:09:27:25 -0400] "POST /get-message-notify HTTP/1.1" 200 20313 "https://servethepeopleinc.org/goods65498744.shtml" "Mozilla/5.0 (Linux; Android 6.0.1; Nexus 5X Build/MMB29P) AppleWebKit/537.36 (KHTML, like Gecko) Chrome/134.0.6998.165 Mobile Safari/537.36 (compatible; Googlebot/2.1; +http://www.google.com/bot.html)"
52.15.120.29 - - [06/Apr/2025:09:27:26 -0400] "GET /ad917/?path=%2Fhome%2F.%2F.%2F..%2Flib64%2Flibbabeltrace-ctf-metadata.so.1 HTTP/1.1" 200 954 "-" "Mozilla/5.0 AppleWebKit/537.36 (KHTML, like Gecko; compatible; ClaudeBot/1.0; +claudebot@anthropic.com)"
52.15.120.29 - - [06/Apr/2025:09:27:29 -0400] "GET /ad917/?path=%2Fhome%2F.%2F.%2F..%2Flib64%2Flibnetfilter_conntrack.so.3.6.0 HTTP/1.1" 200 954 "-" "Mozilla/5.0 AppleWebKit/537.36 (KHTML, like Gecko; compatible; ClaudeBot/1.0; +claudebot@anthropic.com)"
66.249.65.104 - - [06/Apr/2025:09:27:29 -0400] "GET /goodscode/c/amphicoelous/17195350.shtml HTTP/1.1" 200 19944 "-" "Mozilla/5.0 (Linux; Android 6.0.1; Nexus 5X Build/MMB29P) AppleWebKit/537.36 (KHTML, like Gecko) Chrome/134.0.6998.165 Mobile Safari/537.36 (compatible; GoogleOther)"
40.77.167.55 - - [06/Apr/2025:09:27:31 -0400] "GET /item/aam/rufescens/18080958.shtml HTTP/1.1" 200 20361 "-" "Mozilla/5.0 AppleWebKit/537.36 (KHTML, like Gecko; compatible; bingbot/2.0; +http://www.bing.com/bingbot.htm) Chrome/116.0.1938.76 Safari/537.36"
52.15.120.29 - - [06/Apr/2025:09:27:32 -0400] "GET /ad917/?path=%2Fhome%2F.%2F.%2F..%2Flib64%2Flibpulse-mainloop-glib.so.0.0.6 HTTP/1.1" 200 956 "-" "Mozilla/5.0 AppleWebKit/537.36 (KHTML, like Gecko; compatible; ClaudeBot/1.0; +claudebot@anthropic.com)"
52.15.120.29 - - [06/Apr/2025:09:27:35 -0400] "GET /ad917/?path=%2Fhome%2F.%2F.%2F..%2Flib64%2FlibGraphicsMagick-Q16.so.3.24.0 HTTP/1.1" 200 959 "-" "Mozilla/5.0 AppleWebKit/537.36 (KHTML, like Gecko; compatible; ClaudeBot/1.0; +claudebot@anthropic.com)"
40.77.167.55 - - [06/Apr/2025:09:27:35 -0400] "GET /items/selfconsuming/76738616.shtml HTTP/1.1" 200 19595 "-" "Mozilla/5.0 AppleWebKit/537.36 (KHTML, like Gecko; compatible; bingbot/2.0; +http://www.bing.com/bingbot.htm) Chrome/116.0.1938.76 Safari/537.36"
66.249.65.104 - - [06/Apr/2025:09:27:37 -0400] "GET /shopping/sfc/wounded51762206.shtml HTTP/1.1" 200 20092 "-" "Mozilla/5.0 (Linux; Android 6.0.1; Nexus 5X Build/MMB29P) AppleWebKit/537.36 (KHTML, like Gecko) Chrome/134.0.6998.165 Mobile Safari/537.36 (compatible; GoogleOther)"
52.15.120.29 - - [06/Apr/2025:09:27:38 -0400] "GET /ad917/?path=%2Fhome%2F.%2F.%2F..%2Flib64%2FlibQt5QmlWorkerScript.so.5.15.3 HTTP/1.1" 200 957 "-" "Mozilla/5.0 AppleWebKit/537.36 (KHTML, like Gecko; compatible; ClaudeBot/1.0; +claudebot@anthropic.com)"
40.77.167.55 - - [06/Apr/2025:09:27:39 -0400] "GET /shopdetail106206790.shtml HTTP/1.1" 200 19140 "-" "Mozilla/5.0 AppleWebKit/537.36 (KHTML, like Gecko; compatible; bingbot/2.0; +http://www.bing.com/bingbot.htm) Chrome/116.0.1938.76 Safari/537.36"
52.15.120.29 - - [06/Apr/2025:09:27:41 -0400] "GET /ad917/?path=%2Fhome%2F.%2F.%2F..%2Flib64%2FlibQt5MultimediaQuick.so.5.15.3 HTTP/1.1" 200 956 "-" "Mozilla/5.0 AppleWebKit/537.36 (KHTML, like Gecko; compatible; ClaudeBot/1.0; +claudebot@anthropic.com)"
157.55.39.16 - - [06/Apr/2025:09:27:42 -0400] "GET /product43627106.shtml HTTP/1.1" 200 19585 "-" "Mozilla/5.0 AppleWebKit/537.36 (KHTML, like Gecko; compatible; bingbot/2.0; +http://www.bing.com/bingbot.htm) Chrome/116.0.1938.76 Safari/537.36"
52.15.120.29 - - [06/Apr/2025:09:27:44 -0400] "GET /ad917/?path=%2Fhome%2F.%2F.%2F..%2Flib64%2FlibQt5EglFsKmsSupport.so.5.15.3 HTTP/1.1" 200 958 "-" "Mozilla/5.0 AppleWebKit/537.36 (KHTML, like Gecko; compatible; ClaudeBot/1.0; +claudebot@anthropic.com)"
40.77.167.55 - - [06/Apr/2025:09:27:46 -0400] "GET /goods/xw/ingrafting65624308.shtml HTTP/1.1" 200 19627 "-" "Mozilla/5.0 AppleWebKit/537.36 (KHTML, like Gecko; compatible; bingbot/2.0; +http://www.bing.com/bingbot.htm) Chrome/116.0.1938.76 Safari/537.36"
52.15.120.29 - - [06/Apr/2025:09:27:47 -0400] "GET /ad917/?path=%2Fhome%2F.%2F.%2F..%2Flib64%2Flibguilereadline-v-18.so.18.0.0 HTTP/1.1" 200 953 "-" "Mozilla/5.0 AppleWebKit/537.36 (KHTML, like Gecko; compatible; ClaudeBot/1.0; +claudebot@anthropic.com)"
40.77.167.55 - - [06/Apr/2025:09:27:49 -0400] "GET /items49174540.shtml HTTP/1.1" 200 19739 "-" "Mozilla/5.0 AppleWebKit/537.36 (KHTML, like Gecko; compatible; bingbot/2.0; +http://www.bing.com/bingbot.htm) Chrome/116.0.1938.76 Safari/537.36"
52.15.120.29 - - [06/Apr/2025:09:27:50 -0400] "GET /ad917/?path=%2Fhome%2F.%2F.%2F..%2Flib64%2Flibbabeltrace-ctf-text.so.1.0.0 HTTP/1.1" 200 954 "-" "Mozilla/5.0 AppleWebKit/537.36 (KHTML, like Gecko; compatible; ClaudeBot/1.0; +claudebot@anthropic.com)"
66.249.65.104 - - [06/Apr/2025:09:27:50 -0400] "GET /goodscode80212734.shtml HTTP/1.1" 200 19480 "-" "Mozilla/5.0 (Linux; Android 6.0.1; Nexus 5X Build/MMB29P) AppleWebKit/537.36 (KHTML, like Gecko) Chrome/134.0.6998.165 Mobile Safari/537.36 (compatible; Googlebot/2.1; +http://www.google.com/bot.html)"
52.15.120.29 - - [06/Apr/2025:09:27:53 -0400] "GET /ad917/?path=%2Fhome%2F.%2F.%2F..%2Flib64%2Flibgstinsertbin-1.0.so.0.1601.0 HTTP/1.1" 200 954 "-" "Mozilla/5.0 AppleWebKit/537.36 (KHTML, like Gecko; compatible; ClaudeBot/1.0; +claudebot@anthropic.com)"
52.15.120.29 - - [06/Apr/2025:09:27:56 -0400] "GET /ad917/?path=%2Fhome%2F.%2F.%2F..%2Flib64%2FlibQt5MultimediaWidgets.so.5.15 HTTP/1.1" 200 957 "-" "Mozilla/5.0 AppleWebKit/537.36 (KHTML, like Gecko; compatible; ClaudeBot/1.0; +claudebot@anthropic.com)"
207.46.13.86 - - [06/Apr/2025:09:28:00 -0400] "GET /shopping/e/floccus/78317966.shtml HTTP/1.1" 200 20052 "-" "Mozilla/5.0 AppleWebKit/537.36 (KHTML, like Gecko; compatible; bingbot/2.0; +http://www.bing.com/bingbot.htm) Chrome/116.0.1938.76 Safari/537.36"
198.54.116.86 - - [06/Apr/2025:09:28:02 -0400] "POST /wp-cron.php?doing_wp_cron=1743946082.6103041172027587890625 HTTP/1.1" 200 0 "-" "WordPress/6.7.2; https://servethepeopleinc.org"
51.222.253.13 - - [06/Apr/2025:09:28:02 -0400] "GET /items46077554.shtml HTTP/1.1" 404 16702 "-" "Mozilla/5.0 (compatible; AhrefsBot/7.0; +http://ahrefs.com/robot/)"
198.54.116.86 - - [06/Apr/2025:09:28:02 -0400] "POST /wp-admin/admin-ajax.php?action=async_litespeed&nonce=4h5CsoplEl6CEHA05cmTDzLUQkaezuqW&litespeed_type=imgoptm HTTP/1.1" 200 21 "-" "WordPress/6.7.2; https://servethepeopleinc.org"
207.46.13.154 - - [06/Apr/2025:09:28:10 -0400] "GET /entity63185132.shtml HTTP/1.1" 200 19642 "-" "Mozilla/5.0 AppleWebKit/537.36 (KHTML, like Gecko; compatible; bingbot/2.0; +http://www.bing.com/bingbot.htm) Chrome/116.0.1938.76 Safari/537.36"
157.55.39.16 - - [06/Apr/2025:09:28:20 -0400] "GET /shopping15040918.shtml HTTP/1.1" 200 19880 "-" "Mozilla/5.0 AppleWebKit/537.36 (KHTML, like Gecko; compatible; bingbot/2.0; +http://www.bing.com/bingbot.htm) Chrome/116.0.1938.76 Safari/537.36"
52.167.144.22 - - [06/Apr/2025:09:28:23 -0400] "GET /shopping/afraid2910158.shtml HTTP/1.1" 200 19476 "-" "Mozilla/5.0 AppleWebKit/537.36 (KHTML, like Gecko; compatible; bingbot/2.0; +http://www.bing.com/bingbot.htm) Chrome/116.0.1938.76 Safari/537.36"
18.216.105.175 - - [06/Apr/2025:09:28:24 -0400] "GET /ad917/?path=%2Fhome%2F.%2F..%2F..%2Fhome2%2F.. HTTP/1.1" 200 1839 "-" "Mozilla/5.0 AppleWebKit/537.36 (KHTML, like Gecko; compatible; ClaudeBot/1.0; +claudebot@anthropic.com)"
18.216.105.175 - - [06/Apr/2025:09:28:27 -0400] "GET /ad917/?path=%2Fhome%2F.%2F..%2Fproc%2Firq%2F77 HTTP/1.1" 200 1706 "-" "Mozilla/5.0 AppleWebKit/537.36 (KHTML, like Gecko; compatible; ClaudeBot/1.0; +claudebot@anthropic.com)"
18.216.105.175 - - [06/Apr/2025:09:28:30 -0400] "GET /ad917/?path=%2Fhome%2F.%2F..%2Flib%2Fgems%2F.. HTTP/1.1" 200 2418 "-" "Mozilla/5.0 AppleWebKit/537.36 (KHTML, like Gecko; compatible; ClaudeBot/1.0; +claudebot@anthropic.com)"
157.55.39.16 - - [06/Apr/2025:09:28:30 -0400] "GET /product2070764.shtml HTTP/1.1" 200 20139 "-" "Mozilla/5.0 AppleWebKit/537.36 (KHTML, like Gecko; compatible; bingbot/2.0; +http://www.bing.com/bingbot.htm) Chrome/116.0.1938.76 Safari/537.36"
52.167.144.22 - - [06/Apr/2025:09:28:31 -0400] "GET /shopbrand/n/shipwright52018660.shtml HTTP/1.1" 200 20192 "-" "Mozilla/5.0 AppleWebKit/537.36 (KHTML, like Gecko; compatible; bingbot/2.0; +http://www.bing.com/bingbot.htm) Chrome/116.0.1938.76 Safari/537.36"
18.216.105.175 - - [06/Apr/2025:09:28:33 -0400] "GET /ad917/?path=%2Fhome%2F.%2F..%2Fproc%2Firq%2F44 HTTP/1.1" 200 1706 "-" "Mozilla/5.0 AppleWebKit/537.36 (KHTML, like Gecko; compatible; ClaudeBot/1.0; +claudebot@anthropic.com)"
66.249.65.96 - - [06/Apr/2025:09:28:34 -0400] "GET /shopbrand37866104.shtml HTTP/1.1" 200 19522 "-" "Mozilla/5.0 (Linux; Android 6.0.1; Nexus 5X Build/MMB29P) AppleWebKit/537.36 (KHTML, like Gecko) Chrome/134.0.6998.165 Mobile Safari/537.36 (compatible; Googlebot/2.1; +http://www.google.com/bot.html)"
52.167.144.22 - - [06/Apr/2025:09:28:35 -0400] "GET /entity/85171238.shtml HTTP/1.1" 200 20325 "-" "Mozilla/5.0 AppleWebKit/537.36 (KHTML, like Gecko; compatible; bingbot/2.0; +http://www.bing.com/bingbot.htm) Chrome/116.0.1938.76 Safari/537.36"
18.216.105.175 - - [06/Apr/2025:09:28:36 -0400] "GET /ad917/?path=%2Fhome%2F.%2F..%2Fproc%2Firq%2F73 HTTP/1.1" 200 1638 "-" "Mozilla/5.0 AppleWebKit/537.36 (KHTML, like Gecko; compatible; ClaudeBot/1.0; +claudebot@anthropic.com)"
66.249.65.96 - - [06/Apr/2025:09:28:37 -0400] "GET /goodscode/q/shepster/19884522.shtml HTTP/1.1" 200 20020 "-" "Mozilla/5.0 (Linux; Android 6.0.1; Nexus 5X Build/MMB29P) AppleWebKit/537.36 (KHTML, like Gecko) Chrome/134.0.6998.165 Mobile Safari/537.36 (compatible; GoogleOther)"
18.216.105.175 - - [06/Apr/2025:09:28:39 -0400] "GET /ad917/?path=%2Fhome%2F.%2F..%2Fproc%2Firq%2F55 HTTP/1.1" 200 1674 "-" "Mozilla/5.0 AppleWebKit/537.36 (KHTML, like Gecko; compatible; ClaudeBot/1.0; +claudebot@anthropic.com)"
18.216.105.175 - - [06/Apr/2025:09:28:42 -0400] "GET /ad917/?path=%2Fhome%2F.%2F..%2Fproc%2Firq%2F49 HTTP/1.1" 200 1707 "-" "Mozilla/5.0 AppleWebKit/537.36 (KHTML, like Gecko; compatible; ClaudeBot/1.0; +claudebot@anthropic.com)"
18.216.105.175 - - [06/Apr/2025:09:28:45 -0400] "GET /ad917/?path=%2Fhome%2F.%2F..%2Fproc%2Firq%2F70 HTTP/1.1" 200 1706 "-" "Mozilla/5.0 AppleWebKit/537.36 (KHTML, like Gecko; compatible; ClaudeBot/1.0; +claudebot@anthropic.com)"
18.216.105.175 - - [06/Apr/2025:09:28:48 -0400] "GET /ad917/?path=%2Fhome%2F.%2F..%2Fusr%2Fsbin%2Fip HTTP/1.1" 200 942 "-" "Mozilla/5.0 AppleWebKit/537.36 (KHTML, like Gecko; compatible; ClaudeBot/1.0; +claudebot@anthropic.com)"
18.216.105.175 - - [06/Apr/2025:09:28:51 -0400] "GET /ad917/?path=%2Fhome%2F.%2F..%2Fproc%2Firq%2F12 HTTP/1.1" 200 1674 "-" "Mozilla/5.0 AppleWebKit/537.36 (KHTML, like Gecko; compatible; ClaudeBot/1.0; +claudebot@anthropic.com)"
157.55.39.16 - - [06/Apr/2025:09:28:51 -0400] "GET /shopping/29388034.shtml HTTP/1.1" 200 20443 "-" "Mozilla/5.0 AppleWebKit/537.36 (KHTML, like Gecko; compatible; bingbot/2.0; +http://www.bing.com/bingbot.htm) Chrome/116.0.1938.76 Safari/537.36"
66.249.65.104 - - [06/Apr/2025:09:28:53 -0400] "GET /items/alleviatory59536848.shtml HTTP/1.1" 200 19872 "-" "Mozilla/5.0 (Linux; Android 6.0.1; Nexus 5X Build/MMB29P) AppleWebKit/537.36 (KHTML, like Gecko) Chrome/134.0.6998.165 Mobile Safari/537.36 (compatible; GoogleOther)"
18.216.105.175 - - [06/Apr/2025:09:28:54 -0400] "GET /ad917/?path=%2Fhome%2F.%2F..%2Fproc%2Firq%2F10 HTTP/1.1" 200 1664 "-" "Mozilla/5.0 AppleWebKit/537.36 (KHTML, like Gecko; compatible; ClaudeBot/1.0; +claudebot@anthropic.com)"
207.46.13.86 - - [06/Apr/2025:09:28:55 -0400] "GET /special/71076222.shtml HTTP/1.1" 200 19973 "-" "Mozilla/5.0 AppleWebKit/537.36 (KHTML, like Gecko; compatible; bingbot/2.0; +http://www.bing.com/bingbot.htm) Chrome/116.0.1938.76 Safari/537.36"
18.216.105.175 - - [06/Apr/2025:09:28:57 -0400] "GET /ad917/?path=%2Fhome%2F.%2F..%2Fproc%2Firq%2F13 HTTP/1.1" 200 1638 "-" "Mozilla/5.0 AppleWebKit/537.36 (KHTML, like Gecko; compatible; ClaudeBot/1.0; +claudebot@anthropic.com)"
18.216.105.175 - - [06/Apr/2025:09:29:00 -0400] "GET /ad917/?path=%2Fhome%2F.%2F..%2Fproc%2Firq%2F42 HTTP/1.1" 200 1671 "-" "Mozilla/5.0 AppleWebKit/537.36 (KHTML, like Gecko; compatible; ClaudeBot/1.0; +claudebot@anthropic.com)"
157.55.39.16 - - [06/Apr/2025:09:29:00 -0400] "GET /products14166494.shtml HTTP/1.1" 200 19893 "-" "Mozilla/5.0 AppleWebKit/537.36 (KHTML, like Gecko; compatible; bingbot/2.0; +http://www.bing.com/bingbot.htm) Chrome/116.0.1938.76 Safari/537.36"
18.216.105.175 - - [06/Apr/2025:09:29:03 -0400] "GET /ad917/?path=%2Fhome%2F.%2F..%2Fproc%2Fsys%2Fvm HTTP/1.1" 200 2881 "-" "Mozilla/5.0 AppleWebKit/537.36 (KHTML, like Gecko; compatible; ClaudeBot/1.0; +claudebot@anthropic.com)"
18.216.105.175 - - [06/Apr/2025:09:29:06 -0400] "GET /ad917/?path=%2Fhome%2F.%2F..%2Fproc%2Firq%2F41 HTTP/1.1" 200 1671 "-" "Mozilla/5.0 AppleWebKit/537.36 (KHTML, like Gecko; compatible; ClaudeBot/1.0; +claudebot@anthropic.com)"
66.249.65.104 - - [06/Apr/2025:09:29:07 -0400] "GET /items/tachylyte/51762694.shtml HTTP/1.1" 200 19922 "-" "Mozilla/5.0 (Linux; Android 6.0.1; Nexus 5X Build/MMB29P) AppleWebKit/537.36 (KHTML, like Gecko) Chrome/134.0.6998.165 Mobile Safari/537.36 (compatible; GoogleOther)"
66.249.65.104 - - [06/Apr/2025:09:29:07 -0400] "GET /items/alleviatory59536848.shtml HTTP/1.1" 200 19872 "-" "Mozilla/5.0 (Linux; Android 6.0.1; Nexus 5X Build/MMB29P) AppleWebKit/537.36 (KHTML, like Gecko) Chrome/134.0.6998.165 Mobile Safari/537.36 (compatible; Googlebot/2.1; +http://www.google.com/bot.html)"
18.216.105.175 - - [06/Apr/2025:09:29:09 -0400] "GET /ad917/?path=%2Fhome%2F.%2F..%2Fproc%2Firq%2F87 HTTP/1.1" 200 1671 "-" "Mozilla/5.0 AppleWebKit/537.36 (KHTML, like Gecko; compatible; ClaudeBot/1.0; +claudebot@anthropic.com)"
157.55.39.16 - - [06/Apr/2025:09:29:10 -0400] "GET /shopping/114066014.shtml HTTP/1.1" 200 19816 "-" "Mozilla/5.0 AppleWebKit/537.36 (KHTML, like Gecko; compatible; bingbot/2.0; +http://www.bing.com/bingbot.htm) Chrome/116.0.1938.76 Safari/537.36"
18.216.105.175 - - [06/Apr/2025:09:29:12 -0400] "GET /ad917/?path=%2Fhome%2F.%2F..%2F..%2Fhome3%2F.. HTTP/1.1" 200 1851 "-" "Mozilla/5.0 AppleWebKit/537.36 (KHTML, like Gecko; compatible; ClaudeBot/1.0; +claudebot@anthropic.com)"
18.216.105.175 - - [06/Apr/2025:09:29:15 -0400] "GET /ad917/?path=%2Fhome%2F.%2F..%2Fhome3%2F..%2F.. HTTP/1.1" 200 1854 "-" "Mozilla/5.0 AppleWebKit/537.36 (KHTML, like Gecko; compatible; ClaudeBot/1.0; +claudebot@anthropic.com)"
66.249.65.105 - - [06/Apr/2025:09:29:17 -0400] "GET /shopdetail/118927532.shtml HTTP/1.1" 200 19884 "-" "Mozilla/5.0 (Linux; Android 6.0.1; Nexus 5X Build/MMB29P) AppleWebKit/537.36 (KHTML, like Gecko) Chrome/134.0.6998.165 Mobile Safari/537.36 (compatible; Googlebot/2.1; +http://www.google.com/bot.html)"
18.216.105.175 - - [06/Apr/2025:09:29:18 -0400] "GET /ad917/?path=%2Fhome%2F.%2F..%2Fproc%2Firq%2F89 HTTP/1.1" 200 1672 "-" "Mozilla/5.0 AppleWebKit/537.36 (KHTML, like Gecko; compatible; ClaudeBot/1.0; +claudebot@anthropic.com)"
18.216.105.175 - - [06/Apr/2025:09:29:21 -0400] "GET /ad917/?path=%2Fhome%2F.%2F..%2Flib%2Fexim%2F.. HTTP/1.1" 200 2454 "-" "Mozilla/5.0 AppleWebKit/537.36 (KHTML, like Gecko; compatible; ClaudeBot/1.0; +claudebot@anthropic.com)"
18.216.105.175 - - [06/Apr/2025:09:29:24 -0400] "GET /ad917/?path=%2Fhome%2F.%2F..%2Flib%2Fudev%2F.. HTTP/1.1" 200 2436 "-" "Mozilla/5.0 AppleWebKit/537.36 (KHTML, like Gecko; compatible; ClaudeBot/1.0; +claudebot@anthropic.com)"
18.216.105.175 - - [06/Apr/2025:09:29:27 -0400] "GET /ad917/?path=%2Fhome%2F.%2F..%2Fproc%2Firq%2F53 HTTP/1.1" 200 1706 "-" "Mozilla/5.0 AppleWebKit/537.36 (KHTML, like Gecko; compatible; ClaudeBot/1.0; +claudebot@anthropic.com)"
66.249.65.104 - - [06/Apr/2025:09:29:27 -0400] "GET /special/sm/bumblebee/51764374.shtml HTTP/1.1" 200 19103 "-" "Mozilla/5.0 (Linux; Android 6.0.1; Nexus 5X Build/MMB29P) AppleWebKit/537.36 (KHTML, like Gecko) Chrome/134.0.6998.165 Mobile Safari/537.36 (compatible; GoogleOther)"
18.216.105.175 - - [06/Apr/2025:09:29:30 -0400] "GET /ad917/?path=%2Fhome%2F.%2F..%2Fproc%2Firq%2F35 HTTP/1.1" 200 1672 "-" "Mozilla/5.0 AppleWebKit/537.36 (KHTML, like Gecko; compatible; ClaudeBot/1.0; +claudebot@anthropic.com)"
18.216.105.175 - - [06/Apr/2025:09:29:33 -0400] "GET /ad917/?path=%2Fhome%2F.%2F..%2Fproc%2Firq%2F65 HTTP/1.1" 200 1673 "-" "Mozilla/5.0 AppleWebKit/537.36 (KHTML, like Gecko; compatible; ClaudeBot/1.0; +claudebot@anthropic.com)"
18.216.105.175 - - [06/Apr/2025:09:29:36 -0400] "GET /ad917/?path=%2Fhome%2F.%2F..%2Fproc%2Firq%2F15 HTTP/1.1" 200 1639 "-" "Mozilla/5.0 AppleWebKit/537.36 (KHTML, like Gecko; compatible; ClaudeBot/1.0; +claudebot@anthropic.com)"
66.249.65.104 - - [06/Apr/2025:09:29:38 -0400] "GET /entity/p/misrecital/3943380.shtml HTTP/1.1" 200 20110 "-" "Mozilla/5.0 (Linux; Android 6.0.1; Nexus 5X Build/MMB29P) AppleWebKit/537.36 (KHTML, like Gecko) Chrome/134.0.6998.165 Mobile Safari/537.36 (compatible; GoogleOther)"
18.216.105.175 - - [06/Apr/2025:09:29:39 -0400] "GET /ad917/?path=%2Fhome%2F.%2F..%2Fproc%2Firq%2F28 HTTP/1.1" 200 1731 "-" "Mozilla/5.0 AppleWebKit/537.36 (KHTML, like Gecko; compatible; ClaudeBot/1.0; +claudebot@anthropic.com)"
18.216.105.175 - - [06/Apr/2025:09:29:42 -0400] "GET /ad917/?path=%2Fhome%2F.%2F..%2Fproc%2Firq%2F72 HTTP/1.1" 200 1638 "-" "Mozilla/5.0 AppleWebKit/537.36 (KHTML, like Gecko; compatible; ClaudeBot/1.0; +claudebot@anthropic.com)"
66.249.65.104 - - [06/Apr/2025:09:29:42 -0400] "POST /get-message-notify HTTP/1.1" 200 20313 "https://servethepeopleinc.org/items/alleviatory59536848.shtml" "Mozilla/5.0 (Linux; Android 6.0.1; Nexus 5X Build/MMB29P) AppleWebKit/537.36 (KHTML, like Gecko) Chrome/134.0.6998.165 Mobile Safari/537.36 (compatible; Googlebot/2.1; +http://www.google.com/bot.html)"
18.216.105.175 - - [06/Apr/2025:09:29:45 -0400] "GET /ad917/?path=%2Fhome%2F.%2F..%2Fproc%2Firq%2F82 HTTP/1.1" 200 1707 "-" "Mozilla/5.0 AppleWebKit/537.36 (KHTML, like Gecko; compatible; ClaudeBot/1.0; +claudebot@anthropic.com)"
18.216.105.175 - - [06/Apr/2025:09:29:48 -0400] "GET /ad917/?path=%2Fhome%2F.%2F..%2F..%2Fhome1%2F.. HTTP/1.1" 200 1846 "-" "Mozilla/5.0 AppleWebKit/537.36 (KHTML, like Gecko; compatible; ClaudeBot/1.0; +claudebot@anthropic.com)"
18.216.105.175 - - [06/Apr/2025:09:29:51 -0400] "GET /ad917/?path=%2Fhome%2F.%2F..%2Fproc%2Firq%2F58 HTTP/1.1" 200 1671 "-" "Mozilla/5.0 AppleWebKit/537.36 (KHTML, like Gecko; compatible; ClaudeBot/1.0; +claudebot@anthropic.com)"
18.216.105.175 - - [06/Apr/2025:09:29:54 -0400] "GET /ad917/?path=%2Fhome%2F.%2F..%2Fproc%2Firq%2F80 HTTP/1.1" 200 1670 "-" "Mozilla/5.0 AppleWebKit/537.36 (KHTML, like Gecko; compatible; ClaudeBot/1.0; +claudebot@anthropic.com)"
18.216.105.175 - - [06/Apr/2025:09:29:57 -0400] "GET /ad917/?path=%2Fhome%2F.%2F..%2Fproc%2Firq%2F75 HTTP/1.1" 200 1708 "-" "Mozilla/5.0 AppleWebKit/537.36 (KHTML, like Gecko; compatible; ClaudeBot/1.0; +claudebot@anthropic.com)"
18.216.105.175 - - [06/Apr/2025:09:30:00 -0400] "GET /ad917/?path=%2Fhome%2F.%2F..%2Fproc%2Firq%2F62 HTTP/1.1" 200 1707 "-" "Mozilla/5.0 AppleWebKit/537.36 (KHTML, like Gecko; compatible; ClaudeBot/1.0; +claudebot@anthropic.com)"
157.55.39.16 - - [06/Apr/2025:09:30:01 -0400] "GET /special/sauropterygia/43367096.shtml HTTP/1.1" 200 19853 "-" "Mozilla/5.0 AppleWebKit/537.36 (KHTML, like Gecko; compatible; bingbot/2.0; +http://www.bing.com/bingbot.htm) Chrome/116.0.1938.76 Safari/537.36"
66.249.65.105 - - [06/Apr/2025:09:30:01 -0400] "GET /special/y/appropriateness/113072798.shtml HTTP/1.1" 200 19904 "-" "Mozilla/5.0 (Linux; Android 6.0.1; Nexus 5X Build/MMB29P) AppleWebKit/537.36 (KHTML, like Gecko) Chrome/134.0.6998.165 Mobile Safari/537.36 (compatible; GoogleOther)"
66.249.65.105 - - [06/Apr/2025:09:30:02 -0400] "GET /shopping27953248.shtml HTTP/1.1" 200 19995 "-" "Mozilla/5.0 (Linux; Android 6.0.1; Nexus 5X Build/MMB29P) AppleWebKit/537.36 (KHTML, like Gecko) Chrome/134.0.6998.165 Mobile Safari/537.36 (compatible; Googlebot/2.1; +http://www.google.com/bot.html)"
66.249.65.96 - - [06/Apr/2025:09:30:02 -0400] "GET /special/cdc/decretion57022838.shtml HTTP/1.1" 200 19898 "-" "Mozilla/5.0 (Linux; Android 6.0.1; Nexus 5X Build/MMB29P) AppleWebKit/537.36 (KHTML, like Gecko) Chrome/134.0.6998.165 Mobile Safari/537.36 (compatible; GoogleOther)"
18.216.105.175 - - [06/Apr/2025:09:30:03 -0400] "GET /ad917/?path=%2Fhome%2F.%2F..%2Fproc%2Firq%2F27 HTTP/1.1" 200 1691 "-" "Mozilla/5.0 AppleWebKit/537.36 (KHTML, like Gecko; compatible; ClaudeBot/1.0; +claudebot@anthropic.com)"
40.77.167.55 - - [06/Apr/2025:09:30:05 -0400] "GET /detail73731718.shtml HTTP/1.1" 200 20300 "-" "Mozilla/5.0 AppleWebKit/537.36 (KHTML, like Gecko; compatible; bingbot/2.0; +http://www.bing.com/bingbot.htm) Chrome/116.0.1938.76 Safari/537.36"
18.216.105.175 - - [06/Apr/2025:09:30:06 -0400] "GET /ad917/?path=%2Fhome%2F.%2F..%2Fproc%2Firq%2F78 HTTP/1.1" 200 1671 "-" "Mozilla/5.0 AppleWebKit/537.36 (KHTML, like Gecko; compatible; ClaudeBot/1.0; +claudebot@anthropic.com)"
18.216.105.175 - - [06/Apr/2025:09:30:09 -0400] "GET /ad917/?path=%2Fhome%2F.%2F..%2F..%2Fhome4%2F.. HTTP/1.1" 200 1854 "-" "Mozilla/5.0 AppleWebKit/537.36 (KHTML, like Gecko; compatible; ClaudeBot/1.0; +claudebot@anthropic.com)"
157.55.39.16 - - [06/Apr/2025:09:30:10 -0400] "GET /shopdetail/44203820.shtml HTTP/1.1" 200 20310 "-" "Mozilla/5.0 AppleWebKit/537.36 (KHTML, like Gecko; compatible; bingbot/2.0; +http://www.bing.com/bingbot.htm) Chrome/116.0.1938.76 Safari/537.36"
18.216.105.175 - - [06/Apr/2025:09:30:12 -0400] "GET /ad917/?path=%2Fhome%2F.%2F..%2Fusr%2Fsbin%2F.. HTTP/1.1" 200 1656 "-" "Mozilla/5.0 AppleWebKit/537.36 (KHTML, like Gecko; compatible; ClaudeBot/1.0; +claudebot@anthropic.com)"
18.216.105.175 - - [06/Apr/2025:09:30:15 -0400] "GET /ad917/?path=%2Fhome%2F.%2F..%2Fproc%2Firq%2F68 HTTP/1.1" 200 1707 "-" "Mozilla/5.0 AppleWebKit/537.36 (KHTML, like Gecko; compatible; ClaudeBot/1.0; +claudebot@anthropic.com)"
207.46.13.86 - - [06/Apr/2025:09:30:15 -0400] "GET /items71240668.shtml HTTP/1.1" 200 19603 "-" "Mozilla/5.0 AppleWebKit/537.36 (KHTML, like Gecko; compatible; bingbot/2.0; +http://www.bing.com/bingbot.htm) Chrome/116.0.1938.76 Safari/537.36"
18.216.105.175 - - [06/Apr/2025:09:30:18 -0400] "GET /ad917/?path=%2Fhome%2F.%2F..%2Fproc%2Firq%2F51 HTTP/1.1" 200 1706 "-" "Mozilla/5.0 AppleWebKit/537.36 (KHTML, like Gecko; compatible; ClaudeBot/1.0; +claudebot@anthropic.com)"
198.54.116.86 - - [06/Apr/2025:09:30:19 -0400] "POST /wp-cron.php?doing_wp_cron=1743946219.1805710792541503906250 HTTP/1.1" 200 0 "-" "WordPress/6.7.2; https://servethepeopleinc.org"
192.53.162.90 - - [06/Apr/2025:09:30:16 -0400] "POST /xmlrpc.php HTTP/1.1" 200 210 "-" "Mozilla/5.0 (Windows NT 10.0; Win64; x64; rv:80.0) Gecko/20100101 Firefox/80.0"
198.54.116.86 - - [06/Apr/2025:09:30:19 -0400] "POST /wp-admin/admin-ajax.php?action=async_litespeed&nonce=rZ3NR9vdxEIpqjCAUkHg33JvuTkA9fLF&litespeed_type=imgoptm HTTP/1.1" 200 21 "-" "WordPress/6.7.2; https://servethepeopleinc.org"
18.216.105.175 - - [06/Apr/2025:09:30:21 -0400] "GET /ad917/?path=%2Fhome%2F.%2F..%2Fproc%2Fsys%2Ffs HTTP/1.1" 200 2600 "-" "Mozilla/5.0 AppleWebKit/537.36 (KHTML, like Gecko; compatible; ClaudeBot/1.0; +claudebot@anthropic.com)"
207.46.13.86 - - [06/Apr/2025:09:30:21 -0400] "GET /shopbrand60579368.shtml HTTP/1.1" 200 19946 "-" "Mozilla/5.0 AppleWebKit/537.36 (KHTML, like Gecko; compatible; bingbot/2.0; +http://www.bing.com/bingbot.htm) Chrome/116.0.1938.76 Safari/537.36"
18.216.105.175 - - [06/Apr/2025:09:30:24 -0400] "GET /ad917/?path=%2Fhome%2F.%2F..%2Fproc%2Firq%2F29 HTTP/1.1" 200 1731 "-" "Mozilla/5.0 AppleWebKit/537.36 (KHTML, like Gecko; compatible; ClaudeBot/1.0; +claudebot@anthropic.com)"
40.77.167.55 - - [06/Apr/2025:09:30:25 -0400] "GET /products/ohq/stomp62827274.shtml HTTP/1.1" 200 19756 "-" "Mozilla/5.0 AppleWebKit/537.36 (KHTML, like Gecko; compatible; bingbot/2.0; +http://www.bing.com/bingbot.htm) Chrome/116.0.1938.76 Safari/537.36"
18.216.105.175 - - [06/Apr/2025:09:30:27 -0400] "GET /ad917/?path=%2Fhome%2F.%2F..%2Fproc%2Firq%2F90 HTTP/1.1" 200 1707 "-" "Mozilla/5.0 AppleWebKit/537.36 (KHTML, like Gecko; compatible; ClaudeBot/1.0; +claudebot@anthropic.com)"
18.216.105.175 - - [06/Apr/2025:09:30:30 -0400] "GET /ad917/?path=%2Fhome%2F.%2F..%2Fproc%2Ftty%2F.. HTTP/1.1" 200 2977 "-" "Mozilla/5.0 AppleWebKit/537.36 (KHTML, like Gecko; compatible; ClaudeBot/1.0; +claudebot@anthropic.com)"
18.216.105.175 - - [06/Apr/2025:09:30:33 -0400] "GET /ad917/?path=%2Fhome%2F.%2F..%2Fproc%2Firq%2F37 HTTP/1.1" 200 1705 "-" "Mozilla/5.0 AppleWebKit/537.36 (KHTML, like Gecko; compatible; ClaudeBot/1.0; +claudebot@anthropic.com)"
18.216.105.175 - - [06/Apr/2025:09:30:36 -0400] "GET /ad917/?path=%2Fhome%2F.%2F..%2Fproc%2Firq%2F85 HTTP/1.1" 200 1672 "-" "Mozilla/5.0 AppleWebKit/537.36 (KHTML, like Gecko; compatible; ClaudeBot/1.0; +claudebot@anthropic.com)"
18.216.105.175 - - [06/Apr/2025:09:30:39 -0400] "GET /ad917/?path=%2Fhome%2F.%2F..%2Fproc%2Firq%2F25 HTTP/1.1" 200 1730 "-" "Mozilla/5.0 AppleWebKit/537.36 (KHTML, like Gecko; compatible; ClaudeBot/1.0; +claudebot@anthropic.com)"
