40.77.167.53 - - [06/Apr/2025:08:36:18 -0400] "GET /product/typhus96983644.shtml HTTP/1.1" 200 20230 "-" "Mozilla/5.0 AppleWebKit/537.36 (KHTML, like Gecko; compatible; bingbot/2.0; +http://www.bing.com/bingbot.htm) Chrome/116.0.1938.76 Safari/537.36"
3.137.178.51 - - [06/Apr/2025:08:36:20 -0400] "GET /ad917/?path=%2Fhome%2F.%2F..%2Fproc%2Fself%2Fcwd HTTP/1.1" 200 1597 "-" "Mozilla/5.0 AppleWebKit/537.36 (KHTML, like Gecko; compatible; ClaudeBot/1.0; +claudebot@anthropic.com)"
3.137.178.51 - - [06/Apr/2025:08:36:23 -0400] "GET /ad917/?path=%2Fhome%2F.%2F.%2F..%2Flib64%2Fcmake HTTP/1.1" 200 1831 "-" "Mozilla/5.0 AppleWebKit/537.36 (KHTML, like Gecko; compatible; ClaudeBot/1.0; +claudebot@anthropic.com)"
66.249.65.104 - - [06/Apr/2025:08:36:23 -0400] "POST /get-message-notify HTTP/1.1" 200 20313 "https://servethepeopleinc.org/info/61467588.shtml" "Mozilla/5.0 (Linux; Android 6.0.1; Nexus 5X Build/MMB29P) AppleWebKit/537.36 (KHTML, like Gecko) Chrome/134.0.6998.165 Mobile Safari/537.36 (compatible; Googlebot/2.1; +http://www.google.com/bot.html)"
3.137.178.51 - - [06/Apr/2025:08:36:26 -0400] "GET /ad917/?path=%2Fhome%2F.%2F..%2Fusr%2Fbin%2Ftclsh HTTP/1.1" 403 1242 "-" "Mozilla/5.0 AppleWebKit/537.36 (KHTML, like Gecko; compatible; ClaudeBot/1.0; +claudebot@anthropic.com)"
3.137.178.51 - - [06/Apr/2025:08:36:29 -0400] "GET /ad917/?path=%2Fhome%2F.%2F..%2Fusr%2Fbin%2Fbzip2 HTTP/1.1" 200 939 "-" "Mozilla/5.0 AppleWebKit/537.36 (KHTML, like Gecko; compatible; ClaudeBot/1.0; +claudebot@anthropic.com)"
40.77.167.76 - - [06/Apr/2025:08:36:29 -0400] "GET /items80976130.shtml HTTP/1.1" 200 20158 "-" "Mozilla/5.0 AppleWebKit/537.36 (KHTML, like Gecko; compatible; bingbot/2.0; +http://www.bing.com/bingbot.htm) Chrome/116.0.1938.76 Safari/537.36"
3.137.178.51 - - [06/Apr/2025:08:36:32 -0400] "GET /ad917/?path=%2Fhome%2F.%2F..%2Fusr%2Fbin%2Fnproc HTTP/1.1" 200 938 "-" "Mozilla/5.0 AppleWebKit/537.36 (KHTML, like Gecko; compatible; ClaudeBot/1.0; +claudebot@anthropic.com)"
66.249.65.104 - - [06/Apr/2025:08:36:32 -0400] "GET /shopdetail/oya/drape/72159490.shtml HTTP/1.1" 200 19277 "-" "Mozilla/5.0 (Linux; Android 6.0.1; Nexus 5X Build/MMB29P) AppleWebKit/537.36 (KHTML, like Gecko) Chrome/134.0.6998.165 Mobile Safari/537.36 (compatible; GoogleOther)"
3.137.178.51 - - [06/Apr/2025:08:36:35 -0400] "GET /ad917/?path=%2Fhome%2F.%2F..%2Fusr%2Fbin%2Fmysql HTTP/1.1" 200 939 "-" "Mozilla/5.0 AppleWebKit/537.36 (KHTML, like Gecko; compatible; ClaudeBot/1.0; +claudebot@anthropic.com)"
3.137.178.51 - - [06/Apr/2025:08:36:38 -0400] "GET /ad917/?path=%2Fhome%2F.%2F..%2Fusr%2Fbin%2Ftsort HTTP/1.1" 200 938 "-" "Mozilla/5.0 AppleWebKit/537.36 (KHTML, like Gecko; compatible; ClaudeBot/1.0; +claudebot@anthropic.com)"
40.77.167.76 - - [06/Apr/2025:08:36:38 -0400] "GET /product/e/tinmen53334082.shtml HTTP/1.1" 200 19165 "-" "Mozilla/5.0 AppleWebKit/537.36 (KHTML, like Gecko; compatible; bingbot/2.0; +http://www.bing.com/bingbot.htm) Chrome/116.0.1938.76 Safari/537.36"
3.137.178.51 - - [06/Apr/2025:08:36:41 -0400] "GET /ad917/?path=%2Fhome%2F.%2F..%2Fusr%2Fbin%2Fpgrep HTTP/1.1" 200 938 "-" "Mozilla/5.0 AppleWebKit/537.36 (KHTML, like Gecko; compatible; ClaudeBot/1.0; +claudebot@anthropic.com)"
3.137.178.51 - - [06/Apr/2025:08:36:44 -0400] "GET /ad917/?path=%2Fhome%2F.%2F..%2Fusr%2Fbin%2Fbzcmp HTTP/1.1" 200 1895 "-" "Mozilla/5.0 AppleWebKit/537.36 (KHTML, like Gecko; compatible; ClaudeBot/1.0; +claudebot@anthropic.com)"
3.137.178.51 - - [06/Apr/2025:08:36:47 -0400] "GET /ad917/?path=%2Fhome%2F.%2F..%2Fhome%2F..%2Fhome2 HTTP/1.1" 200 1407 "-" "Mozilla/5.0 AppleWebKit/537.36 (KHTML, like Gecko; compatible; ClaudeBot/1.0; +claudebot@anthropic.com)"
3.137.178.51 - - [06/Apr/2025:08:36:50 -0400] "GET /ad917/?path=%2Fhome%2F.%2F..%2Fusr%2Fbin%2Fzgrep HTTP/1.1" 200 4098 "-" "Mozilla/5.0 AppleWebKit/537.36 (KHTML, like Gecko; compatible; ClaudeBot/1.0; +claudebot@anthropic.com)"
66.249.65.104 - - [06/Apr/2025:08:36:51 -0400] "GET /items/22299160.shtml HTTP/1.1" 200 20025 "-" "Mozilla/5.0 (Linux; Android 6.0.1; Nexus 5X Build/MMB29P) AppleWebKit/537.36 (KHTML, like Gecko) Chrome/134.0.6998.165 Mobile Safari/537.36 (compatible; Googlebot/2.1; +http://www.google.com/bot.html)"
3.137.178.51 - - [06/Apr/2025:08:36:53 -0400] "GET /ad917/?path=%2Fhome%2F.%2F.%2Fservlmvm%2F.%2Fetc HTTP/1.1" 200 1485 "-" "Mozilla/5.0 AppleWebKit/537.36 (KHTML, like Gecko; compatible; ClaudeBot/1.0; +claudebot@anthropic.com)"
157.55.39.201 - - [06/Apr/2025:08:36:55 -0400] "GET /product/outcheat92109964.shtml HTTP/1.1" 200 19536 "-" "Mozilla/5.0 AppleWebKit/537.36 (KHTML, like Gecko; compatible; bingbot/2.0; +http://www.bing.com/bingbot.htm) Chrome/116.0.1938.76 Safari/537.36"
3.137.178.51 - - [06/Apr/2025:08:36:56 -0400] "GET /ad917/?path=%2Fhome%2F.%2F..%2Fproc%2F..%2Flib64 HTTP/1.1" 200 42879 "-" "Mozilla/5.0 AppleWebKit/537.36 (KHTML, like Gecko; compatible; ClaudeBot/1.0; +claudebot@anthropic.com)"
3.137.178.51 - - [06/Apr/2025:08:36:59 -0400] "GET /ad917/?path=%2Fhome%2F.%2F..%2Flib%2Fdebug%2Fbin HTTP/1.1" 200 1412 "-" "Mozilla/5.0 AppleWebKit/537.36 (KHTML, like Gecko; compatible; ClaudeBot/1.0; +claudebot@anthropic.com)"
157.55.39.12 - - [06/Apr/2025:08:36:59 -0400] "GET /entity10932746.shtml HTTP/1.1" 200 19881 "-" "Mozilla/5.0 AppleWebKit/537.36 (KHTML, like Gecko; compatible; bingbot/2.0; +http://www.bing.com/bingbot.htm) Chrome/116.0.1938.76 Safari/537.36"
66.249.65.96 - - [06/Apr/2025:08:37:00 -0400] "GET /item/c/tuefall/78073338.shtml HTTP/1.1" 200 19400 "-" "Mozilla/5.0 (Linux; Android 6.0.1; Nexus 5X Build/MMB29P) AppleWebKit/537.36 (KHTML, like Gecko) Chrome/134.0.6998.165 Mobile Safari/537.36 (compatible; GoogleOther)"
3.137.178.51 - - [06/Apr/2025:08:37:02 -0400] "GET /ad917/?path=%2Fhome%2F.%2F..%2Fusr%2Fbin%2Fshred HTTP/1.1" 200 938 "-" "Mozilla/5.0 AppleWebKit/537.36 (KHTML, like Gecko; compatible; ClaudeBot/1.0; +claudebot@anthropic.com)"
66.249.65.104 - - [06/Apr/2025:08:37:01 -0400] "GET /entity/g/schizomycetes/40660430.shtml HTTP/1.1" 200 20212 "-" "Mozilla/5.0 (Linux; Android 6.0.1; Nexus 5X Build/MMB29P) AppleWebKit/537.36 (KHTML, like Gecko) Chrome/134.0.6998.165 Mobile Safari/537.36 (compatible; GoogleOther)"
66.249.65.104 - - [06/Apr/2025:08:37:03 -0400] "GET /shopdetail/a/onely/26902118.shtml HTTP/1.1" 200 19865 "-" "Mozilla/5.0 (Linux; Android 6.0.1; Nexus 5X Build/MMB29P) AppleWebKit/537.36 (KHTML, like Gecko) Chrome/134.0.6998.165 Mobile Safari/537.36 (compatible; GoogleOther)"
3.137.178.51 - - [06/Apr/2025:08:37:05 -0400] "GET /ad917/?path=%2Fhome%2F.%2F..%2Fusr%2Fbin%2Fmkdir HTTP/1.1" 200 938 "-" "Mozilla/5.0 AppleWebKit/537.36 (KHTML, like Gecko; compatible; ClaudeBot/1.0; +claudebot@anthropic.com)"
40.77.167.76 - - [06/Apr/2025:08:37:07 -0400] "GET /goods/118058918.shtml HTTP/1.1" 200 19764 "-" "Mozilla/5.0 AppleWebKit/537.36 (KHTML, like Gecko; compatible; bingbot/2.0; +http://www.bing.com/bingbot.htm) Chrome/116.0.1938.76 Safari/537.36"
3.137.178.51 - - [06/Apr/2025:08:37:08 -0400] "GET /ad917/?path=%2Fhome%2F.%2F..%2Fproc%2F..%2Fhome2 HTTP/1.1" 200 1416 "-" "Mozilla/5.0 AppleWebKit/537.36 (KHTML, like Gecko; compatible; ClaudeBot/1.0; +claudebot@anthropic.com)"
3.137.178.51 - - [06/Apr/2025:08:37:11 -0400] "GET /ad917/?path=%2Fhome%2F.%2F..%2Fusr%2Fbin%2Fwatch HTTP/1.1" 200 938 "-" "Mozilla/5.0 AppleWebKit/537.36 (KHTML, like Gecko; compatible; ClaudeBot/1.0; +claudebot@anthropic.com)"
3.137.178.51 - - [06/Apr/2025:08:37:14 -0400] "GET /ad917/?path=%2Fhome%2F.%2F..%2Fusr%2Fbin%2Fmailx HTTP/1.1" 200 939 "-" "Mozilla/5.0 AppleWebKit/537.36 (KHTML, like Gecko; compatible; ClaudeBot/1.0; +claudebot@anthropic.com)"
157.55.39.201 - - [06/Apr/2025:08:37:14 -0400] "GET /item/evocation16519234.shtml HTTP/1.1" 200 19778 "-" "Mozilla/5.0 AppleWebKit/537.36 (KHTML, like Gecko; compatible; bingbot/2.0; +http://www.bing.com/bingbot.htm) Chrome/116.0.1938.76 Safari/537.36"
3.137.178.51 - - [06/Apr/2025:08:37:17 -0400] "GET /ad917/?path=%2Fhome%2F.%2F.%2F..%2Flib64%2Faudit HTTP/1.1" 200 1491 "-" "Mozilla/5.0 AppleWebKit/537.36 (KHTML, like Gecko; compatible; ClaudeBot/1.0; +claudebot@anthropic.com)"
66.249.65.105 - - [06/Apr/2025:08:37:18 -0400] "GET /info/dwo/taenidia/78061348.shtml HTTP/1.1" 200 19750 "-" "Mozilla/5.0 (Linux; Android 6.0.1; Nexus 5X Build/MMB29P) AppleWebKit/537.36 (KHTML, like Gecko) Chrome/134.0.6998.165 Mobile Safari/537.36 (compatible; GoogleOther)"
198.54.116.86 - - [06/Apr/2025:08:37:20 -0400] "POST /wp-cron.php?doing_wp_cron=1743943040.3102030754089355468750 HTTP/1.1" 200 0 "-" "WordPress/6.7.2; https://servethepeopleinc.org"
95.111.255.116 - - [06/Apr/2025:08:37:20 -0400] "POST /xmlrpc.php HTTP/1.1" 200 210 "-" "Mozilla/5.0 (Windows NT 10.0; Win64; x64; rv:64.0) Gecko/20100101 Firefox/64.0"
3.137.178.51 - - [06/Apr/2025:08:37:20 -0400] "GET /ad917/?path=%2Fhome%2F.%2F..%2Fusr%2Fbin%2Ffgrep HTTP/1.1" 200 962 "-" "Mozilla/5.0 AppleWebKit/537.36 (KHTML, like Gecko; compatible; ClaudeBot/1.0; +claudebot@anthropic.com)"
198.54.116.86 - - [06/Apr/2025:08:37:20 -0400] "POST /wp-admin/admin-ajax.php?action=async_litespeed&nonce=6cyslBdWnf1zSQCx6DhpnG0nHNDSGQD1&litespeed_type=imgoptm HTTP/1.1" 200 21 "-" "WordPress/6.7.2; https://servethepeopleinc.org"
3.137.178.51 - - [06/Apr/2025:08:37:23 -0400] "GET /ad917/?path=%2Fhome%2F.%2F.%2F..%2Flib64%2Fperl5 HTTP/1.1" 200 2919 "-" "Mozilla/5.0 AppleWebKit/537.36 (KHTML, like Gecko; compatible; ClaudeBot/1.0; +claudebot@anthropic.com)"
3.137.178.51 - - [06/Apr/2025:08:37:26 -0400] "GET /ad917/?path=%2Fhome%2F.%2F..%2Fusr%2Fbin%2Fipcrm HTTP/1.1" 200 938 "-" "Mozilla/5.0 AppleWebKit/537.36 (KHTML, like Gecko; compatible; ClaudeBot/1.0; +claudebot@anthropic.com)"
207.46.13.86 - - [06/Apr/2025:08:37:25 -0400] "GET /items/brimmed/15627086.shtml HTTP/1.1" 200 20307 "-" "Mozilla/5.0 AppleWebKit/537.36 (KHTML, like Gecko; compatible; bingbot/2.0; +http://www.bing.com/bingbot.htm) Chrome/116.0.1938.76 Safari/537.36"
3.137.178.51 - - [06/Apr/2025:08:37:29 -0400] "GET /ad917/?path=%2Fhome%2F.%2F..%2Fusr%2Fbin%2Fxmlwf HTTP/1.1" 200 940 "-" "Mozilla/5.0 AppleWebKit/537.36 (KHTML, like Gecko; compatible; ClaudeBot/1.0; +claudebot@anthropic.com)"
157.55.39.201 - - [06/Apr/2025:08:37:30 -0400] "GET /shopping84994072.shtml HTTP/1.1" 200 19667 "-" "Mozilla/5.0 AppleWebKit/537.36 (KHTML, like Gecko; compatible; bingbot/2.0; +http://www.bing.com/bingbot.htm) Chrome/116.0.1938.76 Safari/537.36"
3.137.178.51 - - [06/Apr/2025:08:37:32 -0400] "GET /ad917/?path=%2Fhome%2F.%2F..%2Fusr%2Fbin%2Fwhich HTTP/1.1" 200 939 "-" "Mozilla/5.0 AppleWebKit/537.36 (KHTML, like Gecko; compatible; ClaudeBot/1.0; +claudebot@anthropic.com)"
66.249.65.104 - - [06/Apr/2025:08:37:33 -0400] "GET /detail36535694.shtml HTTP/1.1" 200 19505 "-" "Mozilla/5.0 (Linux; Android 6.0.1; Nexus 5X Build/MMB29P) AppleWebKit/537.36 (KHTML, like Gecko) Chrome/134.0.6998.165 Mobile Safari/537.36 (compatible; GoogleOther)"
3.137.178.51 - - [06/Apr/2025:08:37:35 -0400] "GET /ad917/?path=%2Fhome%2F.%2F.%2F..%2Flib64%2Fpgsql HTTP/1.1" 200 2337 "-" "Mozilla/5.0 AppleWebKit/537.36 (KHTML, like Gecko; compatible; ClaudeBot/1.0; +claudebot@anthropic.com)"
157.55.39.201 - - [06/Apr/2025:08:37:35 -0400] "GET /shopping73271452.shtml HTTP/1.1" 200 20506 "-" "Mozilla/5.0 AppleWebKit/537.36 (KHTML, like Gecko; compatible; bingbot/2.0; +http://www.bing.com/bingbot.htm) Chrome/116.0.1938.76 Safari/537.36"
3.137.178.51 - - [06/Apr/2025:08:37:38 -0400] "GET /ad917/?path=%2Fhome%2F.%2F..%2Fusr%2Fbin%2Frsync HTTP/1.1" 200 938 "-" "Mozilla/5.0 AppleWebKit/537.36 (KHTML, like Gecko; compatible; ClaudeBot/1.0; +claudebot@anthropic.com)"
3.137.178.51 - - [06/Apr/2025:08:37:41 -0400] "GET /ad917/?path=%2Fhome%2F.%2F..%2Fusr%2Fbin%2Fgrops HTTP/1.1" 200 939 "-" "Mozilla/5.0 AppleWebKit/537.36 (KHTML, like Gecko; compatible; ClaudeBot/1.0; +claudebot@anthropic.com)"
3.137.178.51 - - [06/Apr/2025:08:37:44 -0400] "GET /ad917/?path=%2Fhome%2F.%2F..%2Fusr%2Fbin%2Fegrep HTTP/1.1" 200 962 "-" "Mozilla/5.0 AppleWebKit/537.36 (KHTML, like Gecko; compatible; ClaudeBot/1.0; +claudebot@anthropic.com)"
3.137.178.51 - - [06/Apr/2025:08:37:47 -0400] "GET /ad917/?path=%2Fhome%2F.%2F..%2Fusr%2Fbin%2Fpip-3 HTTP/1.1" 200 1199 "-" "Mozilla/5.0 AppleWebKit/537.36 (KHTML, like Gecko; compatible; ClaudeBot/1.0; +claudebot@anthropic.com)"
66.249.65.104 - - [06/Apr/2025:08:37:47 -0400] "GET /item/b/liard/112767224.shtml HTTP/1.1" 200 19477 "-" "Mozilla/5.0 (Linux; Android 6.0.1; Nexus 5X Build/MMB29P) AppleWebKit/537.36 (KHTML, like Gecko) Chrome/134.0.6998.165 Mobile Safari/537.36 (compatible; GoogleOther)"
40.77.167.76 - - [06/Apr/2025:08:37:48 -0400] "GET /goodscode44446294.shtml HTTP/1.1" 200 20349 "-" "Mozilla/5.0 AppleWebKit/537.36 (KHTML, like Gecko; compatible; bingbot/2.0; +http://www.bing.com/bingbot.htm) Chrome/116.0.1938.76 Safari/537.36"
66.249.65.104 - - [06/Apr/2025:08:37:48 -0400] "GET /detail/rescue/51523626.shtml HTTP/1.1" 200 19680 "-" "Mozilla/5.0 (Linux; Android 6.0.1; Nexus 5X Build/MMB29P) AppleWebKit/537.36 (KHTML, like Gecko) Chrome/134.0.6998.165 Mobile Safari/537.36 (compatible; GoogleOther)"
3.137.178.51 - - [06/Apr/2025:08:37:50 -0400] "GET /ad917/?path=%2Fhome%2F.%2F..%2Fusr%2Fbin%2Fnamei HTTP/1.1" 200 938 "-" "Mozilla/5.0 AppleWebKit/537.36 (KHTML, like Gecko; compatible; ClaudeBot/1.0; +claudebot@anthropic.com)"
3.137.178.51 - - [06/Apr/2025:08:37:53 -0400] "GET /ad917/?path=%2Fhome%2F.%2F..%2Fusr%2Fbin%2Fcolrm HTTP/1.1" 200 938 "-" "Mozilla/5.0 AppleWebKit/537.36 (KHTML, like Gecko; compatible; ClaudeBot/1.0; +claudebot@anthropic.com)"
3.137.178.51 - - [06/Apr/2025:08:37:56 -0400] "GET /ad917/?path=%2Fhome%2F.%2F.%2F.%2Fservlmvm%2Ftmp HTTP/1.1" 200 1810 "-" "Mozilla/5.0 AppleWebKit/537.36 (KHTML, like Gecko; compatible; ClaudeBot/1.0; +claudebot@anthropic.com)"
157.55.39.52 - - [06/Apr/2025:08:37:56 -0400] "GET /goodscode/96956774.shtml HTTP/1.1" 200 19949 "-" "Mozilla/5.0 AppleWebKit/537.36 (KHTML, like Gecko; compatible; bingbot/2.0; +http://www.bing.com/bingbot.htm) Chrome/116.0.1938.76 Safari/537.36"
3.137.178.51 - - [06/Apr/2025:08:37:59 -0400] "GET /ad917/?path=%2Fhome%2F.%2F..%2Fusr%2Fbin%2Frview HTTP/1.1" 200 939 "-" "Mozilla/5.0 AppleWebKit/537.36 (KHTML, like Gecko; compatible; ClaudeBot/1.0; +claudebot@anthropic.com)"
157.55.39.52 - - [06/Apr/2025:08:38:00 -0400] "GET /item/47060558.shtml HTTP/1.1" 200 20208 "-" "Mozilla/5.0 AppleWebKit/537.36 (KHTML, like Gecko; compatible; bingbot/2.0; +http://www.bing.com/bingbot.htm) Chrome/116.0.1938.76 Safari/537.36"
3.137.178.51 - - [06/Apr/2025:08:38:02 -0400] "GET /ad917/?path=%2Fhome%2F.%2F..%2Fusr%2Fbin%2Fgprof HTTP/1.1" 200 939 "-" "Mozilla/5.0 AppleWebKit/537.36 (KHTML, like Gecko; compatible; ClaudeBot/1.0; +claudebot@anthropic.com)"
66.249.65.105 - - [06/Apr/2025:08:38:03 -0400] "GET /goodscode/w/postulata/104003702.shtml HTTP/1.1" 200 20373 "-" "Mozilla/5.0 (Linux; Android 6.0.1; Nexus 5X Build/MMB29P) AppleWebKit/537.36 (KHTML, like Gecko) Chrome/134.0.6998.165 Mobile Safari/537.36 (compatible; GoogleOther)"
66.249.65.96 - - [06/Apr/2025:08:38:04 -0400] "GET /goodscode/iu/exclusion/90028790.shtml HTTP/1.1" 200 20103 "-" "Mozilla/5.0 (Linux; Android 6.0.1; Nexus 5X Build/MMB29P) AppleWebKit/537.36 (KHTML, like Gecko) Chrome/134.0.6998.165 Mobile Safari/537.36 (compatible; GoogleOther)"
3.137.178.51 - - [06/Apr/2025:08:38:05 -0400] "GET /ad917/?path=%2Fhome%2F.%2F..%2Fusr%2Fbin%2Fgneqn HTTP/1.1" 200 1474 "-" "Mozilla/5.0 AppleWebKit/537.36 (KHTML, like Gecko; compatible; ClaudeBot/1.0; +claudebot@anthropic.com)"
157.55.39.201 - - [06/Apr/2025:08:38:05 -0400] "GET /shopping76863402.shtml HTTP/1.1" 200 19133 "-" "Mozilla/5.0 AppleWebKit/537.36 (KHTML, like Gecko; compatible; bingbot/2.0; +http://www.bing.com/bingbot.htm) Chrome/116.0.1938.76 Safari/537.36"
157.55.39.52 - - [06/Apr/2025:08:38:07 -0400] "GET /products/us/qualitative3059074.shtml HTTP/1.1" 200 20232 "-" "Mozilla/5.0 AppleWebKit/537.36 (KHTML, like Gecko; compatible; bingbot/2.0; +http://www.bing.com/bingbot.htm) Chrome/116.0.1938.76 Safari/537.36"
3.137.178.51 - - [06/Apr/2025:08:38:08 -0400] "GET /ad917/?path=%2Fhome%2F.%2F..%2Flib%2Fdebug%2Flib HTTP/1.1" 200 1407 "-" "Mozilla/5.0 AppleWebKit/537.36 (KHTML, like Gecko; compatible; ClaudeBot/1.0; +claudebot@anthropic.com)"
3.137.178.51 - - [06/Apr/2025:08:38:11 -0400] "GET /ad917/?path=%2Fhome%2F.%2F.%2F..%2Flib64%2Fmysql HTTP/1.1" 200 1670 "-" "Mozilla/5.0 AppleWebKit/537.36 (KHTML, like Gecko; compatible; ClaudeBot/1.0; +claudebot@anthropic.com)"
3.137.178.51 - - [06/Apr/2025:08:38:14 -0400] "GET /ad917/?path=%2Fhome%2F.%2F..%2Fhome%2F..%2Fhome3 HTTP/1.1" 200 1407 "-" "Mozilla/5.0 AppleWebKit/537.36 (KHTML, like Gecko; compatible; ClaudeBot/1.0; +claudebot@anthropic.com)"
66.249.65.104 - - [06/Apr/2025:08:38:20 -0400] "GET /detail44236814.shtml HTTP/1.1" 200 19936 "-" "Mozilla/5.0 (Linux; Android 6.0.1; Nexus 5X Build/MMB29P) AppleWebKit/537.36 (KHTML, like Gecko) Chrome/134.0.6998.165 Mobile Safari/537.36 (compatible; Googlebot/2.1; +http://www.google.com/bot.html)"
157.55.39.201 - - [06/Apr/2025:08:38:25 -0400] "GET /products97716254.shtml HTTP/1.1" 200 20420 "-" "Mozilla/5.0 AppleWebKit/537.36 (KHTML, like Gecko; compatible; bingbot/2.0; +http://www.bing.com/bingbot.htm) Chrome/116.0.1938.76 Safari/537.36"
207.46.13.36 - - [06/Apr/2025:08:38:26 -0400] "GET /goods52508526.shtml HTTP/1.1" 200 20014 "-" "Mozilla/5.0 AppleWebKit/537.36 (KHTML, like Gecko; compatible; bingbot/2.0; +http://www.bing.com/bingbot.htm) Chrome/116.0.1938.76 Safari/537.36"
207.46.13.86 - - [06/Apr/2025:08:38:29 -0400] "GET /item100447142.shtml HTTP/1.1" 200 19954 "-" "Mozilla/5.0 AppleWebKit/537.36 (KHTML, like Gecko; compatible; bingbot/2.0; +http://www.bing.com/bingbot.htm) Chrome/116.0.1938.76 Safari/537.36"
157.55.39.201 - - [06/Apr/2025:08:38:35 -0400] "GET /products/ns/antiburgher12198880.shtml HTTP/1.1" 200 19732 "-" "Mozilla/5.0 AppleWebKit/537.36 (KHTML, like Gecko; compatible; bingbot/2.0; +http://www.bing.com/bingbot.htm) Chrome/116.0.1938.76 Safari/537.36"
207.46.13.36 - - [06/Apr/2025:08:38:35 -0400] "GET /goodscode63191332.shtml HTTP/1.1" 200 19131 "-" "Mozilla/5.0 AppleWebKit/537.36 (KHTML, like Gecko; compatible; bingbot/2.0; +http://www.bing.com/bingbot.htm) Chrome/116.0.1938.76 Safari/537.36"
18.222.23.166 - - [06/Apr/2025:08:38:37 -0400] "GET /ad917/?path=%2Fhome%2F.%2F..%2F..%2Fbin%2Fuptime HTTP/1.1" 200 936 "-" "Mozilla/5.0 AppleWebKit/537.36 (KHTML, like Gecko; compatible; ClaudeBot/1.0; +claudebot@anthropic.com)"
18.222.23.166 - - [06/Apr/2025:08:38:40 -0400] "GET /ad917/?path=%2Fhome%2F.%2F..%2F..%2Fbin%2Frenice HTTP/1.1" 200 935 "-" "Mozilla/5.0 AppleWebKit/537.36 (KHTML, like Gecko; compatible; ClaudeBot/1.0; +claudebot@anthropic.com)"
207.46.13.86 - - [06/Apr/2025:08:38:39 -0400] "GET /shopbrand/jk/roccellic2274568.shtml HTTP/1.1" 200 19810 "-" "Mozilla/5.0 AppleWebKit/537.36 (KHTML, like Gecko; compatible; bingbot/2.0; +http://www.bing.com/bingbot.htm) Chrome/116.0.1938.76 Safari/537.36"
18.222.23.166 - - [06/Apr/2025:08:38:43 -0400] "GET /ad917/?path=%2Fhome%2F.%2F..%2Fbin%2F.%2Fperldoc HTTP/1.1" 200 1034 "-" "Mozilla/5.0 AppleWebKit/537.36 (KHTML, like Gecko; compatible; ClaudeBot/1.0; +claudebot@anthropic.com)"
18.222.23.166 - - [06/Apr/2025:08:38:46 -0400] "GET /ad917/?path=%2Fhome%2F.%2F..%2F..%2Fbin%2Fmkfifo HTTP/1.1" 200 936 "-" "Mozilla/5.0 AppleWebKit/537.36 (KHTML, like Gecko; compatible; ClaudeBot/1.0; +claudebot@anthropic.com)"
207.46.13.86 - - [06/Apr/2025:08:38:47 -0400] "GET /goodscode93576126.shtml HTTP/1.1" 200 20009 "-" "Mozilla/5.0 AppleWebKit/537.36 (KHTML, like Gecko; compatible; bingbot/2.0; +http://www.bing.com/bingbot.htm) Chrome/116.0.1938.76 Safari/537.36"
18.222.23.166 - - [06/Apr/2025:08:38:49 -0400] "GET /ad917/?path=%2Fhome%2F.%2F.%2F..%2Fetc%2Finputrc HTTP/1.1" 403 1242 "-" "Mozilla/5.0 AppleWebKit/537.36 (KHTML, like Gecko; compatible; ClaudeBot/1.0; +claudebot@anthropic.com)"
18.222.23.166 - - [06/Apr/2025:08:38:52 -0400] "GET /ad917/?path=%2Fhome%2F.%2F..%2F..%2Fbin%2Fcolumn HTTP/1.1" 200 936 "-" "Mozilla/5.0 AppleWebKit/537.36 (KHTML, like Gecko; compatible; ClaudeBot/1.0; +claudebot@anthropic.com)"
18.222.23.166 - - [06/Apr/2025:08:38:55 -0400] "GET /ad917/?path=%2Fhome%2F.%2F..%2F..%2Fetc%2Fpasswd HTTP/1.1" 403 1242 "-" "Mozilla/5.0 AppleWebKit/537.36 (KHTML, like Gecko; compatible; ClaudeBot/1.0; +claudebot@anthropic.com)"
207.46.13.36 - - [06/Apr/2025:08:38:55 -0400] "GET /special/proportionableness69644778.shtml HTTP/1.1" 200 19779 "-" "Mozilla/5.0 AppleWebKit/537.36 (KHTML, like Gecko; compatible; bingbot/2.0; +http://www.bing.com/bingbot.htm) Chrome/116.0.1938.76 Safari/537.36"
18.222.23.166 - - [06/Apr/2025:08:38:58 -0400] "GET /ad917/?path=%2Fhome%2F.%2F..%2F..%2Fbin%2Fcolcrt HTTP/1.1" 200 935 "-" "Mozilla/5.0 AppleWebKit/537.36 (KHTML, like Gecko; compatible; ClaudeBot/1.0; +claudebot@anthropic.com)"
18.222.23.166 - - [06/Apr/2025:08:39:01 -0400] "GET /ad917/?path=%2Fhome%2F.%2F..%2F..%2Fbin%2Ffunzip HTTP/1.1" 200 937 "-" "Mozilla/5.0 AppleWebKit/537.36 (KHTML, like Gecko; compatible; ClaudeBot/1.0; +claudebot@anthropic.com)"
18.222.23.166 - - [06/Apr/2025:08:39:04 -0400] "GET /ad917/?path=%2Fhome%2F.%2F..%2F..%2Fbin%2Fflex++ HTTP/1.1" 200 1191 "-" "Mozilla/5.0 AppleWebKit/537.36 (KHTML, like Gecko; compatible; ClaudeBot/1.0; +claudebot@anthropic.com)"
66.249.65.105 - - [06/Apr/2025:08:39:04 -0400] "GET /shopbrand/62863732.shtml HTTP/1.1" 200 19904 "-" "Mozilla/5.0 (Linux; Android 6.0.1; Nexus 5X Build/MMB29P) AppleWebKit/537.36 (KHTML, like Gecko) Chrome/134.0.6998.165 Mobile Safari/537.36 (compatible; Googlebot/2.1; +http://www.google.com/bot.html)"
18.222.23.166 - - [06/Apr/2025:08:39:07 -0400] "GET /ad917/?path=%2Fhome%2F.%2F..%2F..%2Fbin%2Fgtroff HTTP/1.1" 200 937 "-" "Mozilla/5.0 AppleWebKit/537.36 (KHTML, like Gecko; compatible; ClaudeBot/1.0; +claudebot@anthropic.com)"
18.222.23.166 - - [06/Apr/2025:08:39:10 -0400] "GET /ad917/?path=%2Fhome%2F.%2F..%2Fbin%2F.%2Fdbiprof HTTP/1.1" 200 3379 "-" "Mozilla/5.0 AppleWebKit/537.36 (KHTML, like Gecko; compatible; ClaudeBot/1.0; +claudebot@anthropic.com)"
18.222.23.166 - - [06/Apr/2025:08:39:13 -0400] "GET /ad917/?path=%2Fhome%2F.%2F..%2F..%2Fdev%2Fstderr HTTP/1.1" 200 935 "-" "Mozilla/5.0 AppleWebKit/537.36 (KHTML, like Gecko; compatible; ClaudeBot/1.0; +claudebot@anthropic.com)"
207.46.13.36 - - [06/Apr/2025:08:39:15 -0400] "GET /goods/urith8478436.shtml HTTP/1.1" 200 19411 "-" "Mozilla/5.0 AppleWebKit/537.36 (KHTML, like Gecko; compatible; bingbot/2.0; +http://www.bing.com/bingbot.htm) Chrome/116.0.1938.76 Safari/537.36"
66.249.65.104 - - [06/Apr/2025:08:39:15 -0400] "GET /item/fay/moneymaking/112800088.shtml HTTP/1.1" 200 20579 "-" "Mozilla/5.0 (Linux; Android 6.0.1; Nexus 5X Build/MMB29P) AppleWebKit/537.36 (KHTML, like Gecko) Chrome/134.0.6998.165 Mobile Safari/537.36 (compatible; GoogleOther)"
18.222.23.166 - - [06/Apr/2025:08:39:16 -0400] "GET /ad917/?path=%2Fhome%2F.%2F..%2F..%2Fbin%2Fexpand HTTP/1.1" 200 936 "-" "Mozilla/5.0 AppleWebKit/537.36 (KHTML, like Gecko; compatible; ClaudeBot/1.0; +claudebot@anthropic.com)"
207.46.13.86 - - [06/Apr/2025:08:39:16 -0400] "GET /special56861474.shtml HTTP/1.1" 200 18898 "-" "Mozilla/5.0 AppleWebKit/537.36 (KHTML, like Gecko; compatible; bingbot/2.0; +http://www.bing.com/bingbot.htm) Chrome/116.0.1938.76 Safari/537.36"
18.222.23.166 - - [06/Apr/2025:08:39:19 -0400] "GET /ad917/?path=%2Fhome%2F.%2F.%2F..%2Fbin%2Flibtool HTTP/1.1" 200 97261 "-" "Mozilla/5.0 AppleWebKit/537.36 (KHTML, like Gecko; compatible; ClaudeBot/1.0; +claudebot@anthropic.com)"
18.222.23.166 - - [06/Apr/2025:08:39:22 -0400] "GET /ad917/?path=%2Fhome%2F.%2F..%2Fbin%2F.%2Fssh-add HTTP/1.1" 200 939 "-" "Mozilla/5.0 AppleWebKit/537.36 (KHTML, like Gecko; compatible; ClaudeBot/1.0; +claudebot@anthropic.com)"
66.249.65.104 - - [06/Apr/2025:08:39:22 -0400] "GET /products/ko/typhoean/90030994.shtml HTTP/1.1" 200 20017 "-" "Mozilla/5.0 (Linux; Android 6.0.1; Nexus 5X Build/MMB29P) AppleWebKit/537.36 (KHTML, like Gecko) Chrome/134.0.6998.165 Mobile Safari/537.36 (compatible; GoogleOther)"
18.222.23.166 - - [06/Apr/2025:08:39:25 -0400] "GET /ad917/?path=%2Fhome%2F.%2F.%2F..%2Fbin%2Fps2epsi HTTP/1.1" 200 2222 "-" "Mozilla/5.0 AppleWebKit/537.36 (KHTML, like Gecko; compatible; ClaudeBot/1.0; +claudebot@anthropic.com)"
18.222.23.166 - - [06/Apr/2025:08:39:28 -0400] "GET /ad917/?path=%2Fhome%2F.%2F.%2F..%2Fbin%2Fenchant HTTP/1.1" 200 939 "-" "Mozilla/5.0 AppleWebKit/537.36 (KHTML, like Gecko; compatible; ClaudeBot/1.0; +claudebot@anthropic.com)"
66.249.65.104 - - [06/Apr/2025:08:39:27 -0400] "GET /entity/j/creaky93968716.shtml HTTP/1.1" 200 19977 "-" "Mozilla/5.0 (Linux; Android 6.0.1; Nexus 5X Build/MMB29P) AppleWebKit/537.36 (KHTML, like Gecko) Chrome/134.0.6998.165 Mobile Safari/537.36 (compatible; GoogleOther)"
207.46.13.86 - - [06/Apr/2025:08:39:28 -0400] "GET /shopdetail/shriller/69671658.shtml HTTP/1.1" 200 19836 "-" "Mozilla/5.0 AppleWebKit/537.36 (KHTML, like Gecko; compatible; bingbot/2.0; +http://www.bing.com/bingbot.htm) Chrome/116.0.1938.76 Safari/537.36"
18.222.23.166 - - [06/Apr/2025:08:39:31 -0400] "GET /ad917/?path=%2Fhome%2F.%2F..%2F..%2Fdev%2Frandom HTTP/1.1" 200 1193 "-" "Mozilla/5.0 AppleWebKit/537.36 (KHTML, like Gecko; compatible; ClaudeBot/1.0; +claudebot@anthropic.com)"
66.249.65.104 - - [06/Apr/2025:08:39:33 -0400] "GET /shopping/fy/property/85382152.shtml HTTP/1.1" 200 20269 "-" "Mozilla/5.0 (Linux; Android 6.0.1; Nexus 5X Build/MMB29P) AppleWebKit/537.36 (KHTML, like Gecko) Chrome/134.0.6998.165 Mobile Safari/537.36 (compatible; GoogleOther)"
18.222.23.166 - - [06/Apr/2025:08:39:34 -0400] "GET /ad917/?path=%2Fhome%2F.%2F.%2F..%2Fvar%2F.cagefs HTTP/1.1" 200 1485 "-" "Mozilla/5.0 AppleWebKit/537.36 (KHTML, like Gecko; compatible; ClaudeBot/1.0; +claudebot@anthropic.com)"
18.222.23.166 - - [06/Apr/2025:08:39:37 -0400] "GET /ad917/?path=%2Fhome%2F.%2F..%2F..%2Fbin%2Fstrace HTTP/1.1" 200 936 "-" "Mozilla/5.0 AppleWebKit/537.36 (KHTML, like Gecko; compatible; ClaudeBot/1.0; +claudebot@anthropic.com)"
66.249.65.104 - - [06/Apr/2025:08:39:37 -0400] "GET /products/vg/esterases/104728760.shtml HTTP/1.1" 200 19263 "-" "Mozilla/5.0 (Linux; Android 6.0.1; Nexus 5X Build/MMB29P) AppleWebKit/537.36 (KHTML, like Gecko) Chrome/134.0.6998.165 Mobile Safari/537.36 (compatible; GoogleOther)"
207.46.13.86 - - [06/Apr/2025:08:39:37 -0400] "GET /item/100294656.shtml HTTP/1.1" 200 20349 "-" "Mozilla/5.0 AppleWebKit/537.36 (KHTML, like Gecko; compatible; bingbot/2.0; +http://www.bing.com/bingbot.htm) Chrome/116.0.1938.76 Safari/537.36"
18.222.23.166 - - [06/Apr/2025:08:39:40 -0400] "GET /ad917/?path=%2Fhome%2F.%2F..%2F..%2Fetc%2Fwgetrc HTTP/1.1" 403 1242 "-" "Mozilla/5.0 AppleWebKit/537.36 (KHTML, like Gecko; compatible; ClaudeBot/1.0; +claudebot@anthropic.com)"
40.77.167.76 - - [06/Apr/2025:08:39:42 -0400] "GET /items/ei/cycle/63337958.shtml HTTP/1.1" 200 19814 "-" "Mozilla/5.0 AppleWebKit/537.36 (KHTML, like Gecko; compatible; bingbot/2.0; +http://www.bing.com/bingbot.htm) Chrome/116.0.1938.76 Safari/537.36"
18.222.23.166 - - [06/Apr/2025:08:39:43 -0400] "GET /ad917/?path=%2Fhome%2F.%2F..%2Fbin%2F.%2Fstrings HTTP/1.1" 200 938 "-" "Mozilla/5.0 AppleWebKit/537.36 (KHTML, like Gecko; compatible; ClaudeBot/1.0; +claudebot@anthropic.com)"
18.222.23.166 - - [06/Apr/2025:08:39:46 -0400] "GET /ad917/?path=%2Fhome%2F.%2F.%2F..%2Fbin%2Fperldoc HTTP/1.1" 200 1032 "-" "Mozilla/5.0 AppleWebKit/537.36 (KHTML, like Gecko; compatible; ClaudeBot/1.0; +claudebot@anthropic.com)"
18.222.23.166 - - [06/Apr/2025:08:39:49 -0400] "GET /ad917/?path=%2Fhome%2F.%2F.%2F..%2Fetc%2Fapache2 HTTP/1.1" 403 1242 "-" "Mozilla/5.0 AppleWebKit/537.36 (KHTML, like Gecko; compatible; ClaudeBot/1.0; +claudebot@anthropic.com)"
40.77.167.76 - - [06/Apr/2025:08:39:49 -0400] "GET /shopbrand/85669898.shtml HTTP/1.1" 200 19461 "-" "Mozilla/5.0 AppleWebKit/537.36 (KHTML, like Gecko; compatible; bingbot/2.0; +http://www.bing.com/bingbot.htm) Chrome/116.0.1938.76 Safari/537.36"
18.222.23.166 - - [06/Apr/2025:08:39:52 -0400] "GET /ad917/?path=%2Fhome%2F.%2F..%2Fbin%2F.%2Fmontage HTTP/1.1" 200 938 "-" "Mozilla/5.0 AppleWebKit/537.36 (KHTML, like Gecko; compatible; ClaudeBot/1.0; +claudebot@anthropic.com)"
18.222.23.166 - - [06/Apr/2025:08:39:55 -0400] "GET /ad917/?path=%2Fhome%2F.%2F.%2F..%2Fbin%2Ftimeout HTTP/1.1" 200 940 "-" "Mozilla/5.0 AppleWebKit/537.36 (KHTML, like Gecko; compatible; ClaudeBot/1.0; +claudebot@anthropic.com)"
207.46.13.86 - - [06/Apr/2025:08:39:57 -0400] "GET /item50360752.shtml HTTP/1.1" 200 18985 "-" "Mozilla/5.0 AppleWebKit/537.36 (KHTML, like Gecko; compatible; bingbot/2.0; +http://www.bing.com/bingbot.htm) Chrome/116.0.1938.76 Safari/537.36"
18.222.23.166 - - [06/Apr/2025:08:39:58 -0400] "GET /ad917/?path=%2Fhome%2F.%2F..%2Fbin%2F.%2Fperlivp HTTP/1.1" 200 4683 "-" "Mozilla/5.0 AppleWebKit/537.36 (KHTML, like Gecko; compatible; ClaudeBot/1.0; +claudebot@anthropic.com)"
18.222.23.166 - - [06/Apr/2025:08:40:01 -0400] "GET /ad917/?path=%2Fhome%2F.%2F..%2F..%2Fbin%2Fenc2xs HTTP/1.1" 200 17098 "-" "Mozilla/5.0 AppleWebKit/537.36 (KHTML, like Gecko; compatible; ClaudeBot/1.0; +claudebot@anthropic.com)"
40.77.167.76 - - [06/Apr/2025:08:40:01 -0400] "GET /special52883842.shtml HTTP/1.1" 200 19660 "-" "Mozilla/5.0 AppleWebKit/537.36 (KHTML, like Gecko; compatible; bingbot/2.0; +http://www.bing.com/bingbot.htm) Chrome/116.0.1938.76 Safari/537.36"
18.222.23.166 - - [06/Apr/2025:08:40:04 -0400] "GET /ad917/?path=%2Fhome%2F.%2F..%2Fbin%2F.%2Feps2eps HTTP/1.1" 200 1351 "-" "Mozilla/5.0 AppleWebKit/537.36 (KHTML, like Gecko; compatible; ClaudeBot/1.0; +claudebot@anthropic.com)"
207.46.13.36 - - [06/Apr/2025:08:40:04 -0400] "GET /item/underviewer75665986.shtml HTTP/1.1" 200 20256 "-" "Mozilla/5.0 AppleWebKit/537.36 (KHTML, like Gecko; compatible; bingbot/2.0; +http://www.bing.com/bingbot.htm) Chrome/116.0.1938.76 Safari/537.36"
18.222.23.166 - - [06/Apr/2025:08:40:07 -0400] "GET /ad917/?path=%2Fhome%2F.%2F.%2F..%2Fbin%2Ffc-scan HTTP/1.1" 200 940 "-" "Mozilla/5.0 AppleWebKit/537.36 (KHTML, like Gecko; compatible; ClaudeBot/1.0; +claudebot@anthropic.com)"
66.249.65.105 - - [06/Apr/2025:08:40:09 -0400] "GET /entity/fierce26799738.shtml HTTP/1.1" 200 20134 "-" "Mozilla/5.0 (Linux; Android 6.0.1; Nexus 5X Build/MMB29P) AppleWebKit/537.36 (KHTML, like Gecko) Chrome/134.0.6998.165 Mobile Safari/537.36 (compatible; Googlebot/2.1; +http://www.google.com/bot.html)"
18.222.23.166 - - [06/Apr/2025:08:40:10 -0400] "GET /ad917/?path=%2Fhome%2F.%2F.%2F..%2Fbin%2Fssh-add HTTP/1.1" 200 940 "-" "Mozilla/5.0 AppleWebKit/537.36 (KHTML, like Gecko; compatible; ClaudeBot/1.0; +claudebot@anthropic.com)"
18.222.23.166 - - [06/Apr/2025:08:40:13 -0400] "GET /ad917/?path=%2Fhome%2F.%2F..%2F..%2Fbin%2Fmktemp HTTP/1.1" 200 935 "-" "Mozilla/5.0 AppleWebKit/537.36 (KHTML, like Gecko; compatible; ClaudeBot/1.0; +claudebot@anthropic.com)"
66.249.65.105 - - [06/Apr/2025:08:40:12 -0400] "GET /products/wha/anaesthetist84868602.shtml HTTP/1.1" 200 19958 "-" "Mozilla/5.0 (Linux; Android 6.0.1; Nexus 5X Build/MMB29P) AppleWebKit/537.36 (KHTML, like Gecko) Chrome/134.0.6998.165 Mobile Safari/537.36 (compatible; GoogleOther)"
18.222.23.166 - - [06/Apr/2025:08:40:16 -0400] "GET /ad917/?path=%2Fhome%2F.%2F.%2F..%2Frun%2Fconsole HTTP/1.1" 200 1407 "-" "Mozilla/5.0 AppleWebKit/537.36 (KHTML, like Gecko; compatible; ClaudeBot/1.0; +claudebot@anthropic.com)"
157.55.39.201 - - [06/Apr/2025:08:40:16 -0400] "GET /special121202570.shtml HTTP/1.1" 200 19914 "-" "Mozilla/5.0 AppleWebKit/537.36 (KHTML, like Gecko; compatible; bingbot/2.0; +http://www.bing.com/bingbot.htm) Chrome/116.0.1938.76 Safari/537.36"
66.249.65.104 - - [06/Apr/2025:08:40:17 -0400] "GET /detail/bordereaux/10932562.shtml HTTP/1.1" 200 19659 "-" "Mozilla/5.0 (Linux; Android 6.0.1; Nexus 5X Build/MMB29P) AppleWebKit/537.36 (KHTML, like Gecko) Chrome/134.0.6998.165 Mobile Safari/537.36 (compatible; GoogleOther)"
18.222.23.166 - - [06/Apr/2025:08:40:19 -0400] "GET /ad917/?path=%2Fhome%2F.%2F..%2F..%2Fbin%2Fgencat HTTP/1.1" 200 936 "-" "Mozilla/5.0 AppleWebKit/537.36 (KHTML, like Gecko; compatible; ClaudeBot/1.0; +claudebot@anthropic.com)"
207.46.13.86 - - [06/Apr/2025:08:40:20 -0400] "GET /special/educt/ HTTP/1.1" 200 19994 "-" "Mozilla/5.0 AppleWebKit/537.36 (KHTML, like Gecko; compatible; bingbot/2.0; +http://www.bing.com/bingbot.htm) Chrome/116.0.1938.76 Safari/537.36"
18.222.23.166 - - [06/Apr/2025:08:40:22 -0400] "GET /ad917/?path=%2Fhome%2F.%2F.%2F..%2Fusr%2Flibexec HTTP/1.1" 200 1814 "-" "Mozilla/5.0 AppleWebKit/537.36 (KHTML, like Gecko; compatible; ClaudeBot/1.0; +claudebot@anthropic.com)"
18.222.23.166 - - [06/Apr/2025:08:40:25 -0400] "GET /ad917/?path=%2Fhome%2F.%2F.%2F..%2Fbin%2Fconjure HTTP/1.1" 200 938 "-" "Mozilla/5.0 AppleWebKit/537.36 (KHTML, like Gecko; compatible; ClaudeBot/1.0; +claudebot@anthropic.com)"
207.46.13.86 - - [06/Apr/2025:08:40:26 -0400] "GET /shopbrand92039320.shtml HTTP/1.1" 200 19725 "-" "Mozilla/5.0 AppleWebKit/537.36 (KHTML, like Gecko; compatible; bingbot/2.0; +http://www.bing.com/bingbot.htm) Chrome/116.0.1938.76 Safari/537.36"
18.222.23.166 - - [06/Apr/2025:08:40:28 -0400] "GET /ad917/?path=%2Fhome%2F.%2F..%2F..%2Fbin%2Fbzdiff HTTP/1.1" 200 1889 "-" "Mozilla/5.0 AppleWebKit/537.36 (KHTML, like Gecko; compatible; ClaudeBot/1.0; +claudebot@anthropic.com)"
18.222.23.166 - - [06/Apr/2025:08:40:31 -0400] "GET /ad917/?path=%2Fhome%2F.%2F.%2F..%2Fbin%2Fpython2 HTTP/1.1" 200 940 "-" "Mozilla/5.0 AppleWebKit/537.36 (KHTML, like Gecko; compatible; ClaudeBot/1.0; +claudebot@anthropic.com)"
66.249.65.104 - - [06/Apr/2025:08:40:32 -0400] "GET /shopping51062970.shtml HTTP/1.1" 200 19641 "-" "Mozilla/5.0 (Linux; Android 6.0.1; Nexus 5X Build/MMB29P) AppleWebKit/537.36 (KHTML, like Gecko) Chrome/134.0.6998.165 Mobile Safari/537.36 (compatible; Googlebot/2.1; +http://www.google.com/bot.html)"
66.249.65.104 - - [06/Apr/2025:08:40:32 -0400] "GET /goodscode119381284.shtml HTTP/1.1" 200 18978 "-" "Mozilla/5.0 (Linux; Android 6.0.1; Nexus 5X Build/MMB29P) AppleWebKit/537.36 (KHTML, like Gecko) Chrome/134.0.6998.165 Mobile Safari/537.36 (compatible; Googlebot/2.1; +http://www.google.com/bot.html)"
66.249.65.104 - - [06/Apr/2025:08:40:32 -0400] "GET /entity/116756582.shtml HTTP/1.1" 200 19664 "-" "Mozilla/5.0 (Linux; Android 6.0.1; Nexus 5X Build/MMB29P) AppleWebKit/537.36 (KHTML, like Gecko) Chrome/134.0.6998.165 Mobile Safari/537.36 (compatible; Googlebot/2.1; +http://www.google.com/bot.html)"
18.222.23.166 - - [06/Apr/2025:08:40:34 -0400] "GET /ad917/?path=%2Fhome%2F.%2F.%2F..%2Fbin%2Fsha1sum HTTP/1.1" 200 940 "-" "Mozilla/5.0 AppleWebKit/537.36 (KHTML, like Gecko; compatible; ClaudeBot/1.0; +claudebot@anthropic.com)"
18.222.23.166 - - [06/Apr/2025:08:40:37 -0400] "GET /ad917/?path=%2Fhome%2F.%2F..%2F..%2Flib%2Flocale HTTP/1.1" 200 2191 "-" "Mozilla/5.0 AppleWebKit/537.36 (KHTML, like Gecko; compatible; ClaudeBot/1.0; +claudebot@anthropic.com)"
207.46.13.86 - - [06/Apr/2025:08:40:37 -0400] "GET /entity1453078.shtml HTTP/1.1" 200 19638 "-" "Mozilla/5.0 AppleWebKit/537.36 (KHTML, like Gecko; compatible; bingbot/2.0; +http://www.bing.com/bingbot.htm) Chrome/116.0.1938.76 Safari/537.36"
18.222.23.166 - - [06/Apr/2025:08:40:40 -0400] "GET /ad917/?path=%2Fhome%2F.%2F..%2F..%2Fbin%2Fscreen HTTP/1.1" 200 937 "-" "Mozilla/5.0 AppleWebKit/537.36 (KHTML, like Gecko; compatible; ClaudeBot/1.0; +claudebot@anthropic.com)"
66.249.65.104 - - [06/Apr/2025:08:40:40 -0400] "GET /goodscode/cg/purge67438286.shtml HTTP/1.1" 200 19443 "-" "Mozilla/5.0 (Linux; Android 6.0.1; Nexus 5X Build/MMB29P) AppleWebKit/537.36 (KHTML, like Gecko) Chrome/134.0.6998.165 Mobile Safari/537.36 (compatible; GoogleOther)"
18.222.23.166 - - [06/Apr/2025:08:40:43 -0400] "GET /ad917/?path=%2Fhome%2F.%2F..%2F..%2Fbin%2Fgetent HTTP/1.1" 200 935 "-" "Mozilla/5.0 AppleWebKit/537.36 (KHTML, like Gecko; compatible; ClaudeBot/1.0; +claudebot@anthropic.com)"
66.249.65.104 - - [06/Apr/2025:08:40:43 -0400] "GET /items/67676242.shtml HTTP/1.1" 200 20096 "-" "Mozilla/5.0 (Linux; Android 6.0.1; Nexus 5X Build/MMB29P) AppleWebKit/537.36 (KHTML, like Gecko) Chrome/134.0.6998.165 Mobile Safari/537.36 (compatible; GoogleOther)"
207.46.13.36 - - [06/Apr/2025:08:40:44 -0400] "GET /entity/burdensomeness75677344.shtml HTTP/1.1" 200 19855 "-" "Mozilla/5.0 AppleWebKit/537.36 (KHTML, like Gecko; compatible; bingbot/2.0; +http://www.bing.com/bingbot.htm) Chrome/116.0.1938.76 Safari/537.36"
18.222.23.166 - - [06/Apr/2025:08:40:46 -0400] "GET /ad917/?path=%2Fhome%2F.%2F.%2F..%2Fbin%2Fsetterm HTTP/1.1" 200 939 "-" "Mozilla/5.0 AppleWebKit/537.36 (KHTML, like Gecko; compatible; ClaudeBot/1.0; +claudebot@anthropic.com)"
207.46.13.86 - - [06/Apr/2025:08:40:47 -0400] "GET /items102129300.shtml HTTP/1.1" 200 20108 "-" "Mozilla/5.0 AppleWebKit/537.36 (KHTML, like Gecko; compatible; bingbot/2.0; +http://www.bing.com/bingbot.htm) Chrome/116.0.1938.76 Safari/537.36"
18.222.23.166 - - [06/Apr/2025:08:40:49 -0400] "GET /ad917/?path=%2Fhome%2F.%2F..%2F..%2Fbin%2Fpasswd HTTP/1.1" 200 1478 "-" "Mozilla/5.0 AppleWebKit/537.36 (KHTML, like Gecko; compatible; ClaudeBot/1.0; +claudebot@anthropic.com)"
157.55.39.52 - - [06/Apr/2025:08:40:58 -0400] "GET /shopdetail/padlocking/8497860.shtml HTTP/1.1" 200 20024 "-" "Mozilla/5.0 AppleWebKit/537.36 (KHTML, like Gecko; compatible; bingbot/2.0; +http://www.bing.com/bingbot.htm) Chrome/116.0.1938.76 Safari/537.36"
40.77.167.76 - - [06/Apr/2025:08:40:59 -0400] "GET /product/consanguinity/ HTTP/1.1" 200 20207 "-" "Mozilla/5.0 AppleWebKit/537.36 (KHTML, like Gecko; compatible; bingbot/2.0; +http://www.bing.com/bingbot.htm) Chrome/116.0.1938.76 Safari/537.36"
66.249.65.105 - - [06/Apr/2025:08:41:16 -0400] "GET /shopbrand102337662.shtml HTTP/1.1" 200 19854 "-" "Mozilla/5.0 (Linux; Android 6.0.1; Nexus 5X Build/MMB29P) AppleWebKit/537.36 (KHTML, like Gecko) Chrome/134.0.6998.165 Mobile Safari/537.36 (compatible; Googlebot/2.1; +http://www.google.com/bot.html)"
66.249.65.105 - - [06/Apr/2025:08:41:16 -0400] "GET /shopdetail/i/annunciative51185274.shtml HTTP/1.1" 200 19567 "-" "Mozilla/5.0 (Linux; Android 6.0.1; Nexus 5X Build/MMB29P) AppleWebKit/537.36 (KHTML, like Gecko) Chrome/134.0.6998.165 Mobile Safari/537.36 (compatible; GoogleOther)"
18.217.230.80 - - [06/Apr/2025:08:41:20 -0400] "GET /ad917/?path=%2Fhome%2F.%2F..%2Fusr%2Fbin%2Fbzdiff HTTP/1.1" 200 1900 "-" "Mozilla/5.0 AppleWebKit/537.36 (KHTML, like Gecko; compatible; ClaudeBot/1.0; +claudebot@anthropic.com)"
18.217.230.80 - - [06/Apr/2025:08:41:22 -0400] "GET /ad917/?path=%2Fhome%2F.%2F..%2Fusr%2Fbin%2Fbzgrep HTTP/1.1" 200 1800 "-" "Mozilla/5.0 AppleWebKit/537.36 (KHTML, like Gecko; compatible; ClaudeBot/1.0; +claudebot@anthropic.com)"
66.249.65.104 - - [06/Apr/2025:08:41:23 -0400] "GET /items/ooa/blaeberry/118705990.shtml HTTP/1.1" 200 20086 "-" "Mozilla/5.0 (Linux; Android 6.0.1; Nexus 5X Build/MMB29P) AppleWebKit/537.36 (KHTML, like Gecko) Chrome/134.0.6998.165 Mobile Safari/537.36 (compatible; GoogleOther)"
18.217.230.80 - - [06/Apr/2025:08:41:25 -0400] "GET /ad917/?path=%2Fhome%2F.%2F..%2Fusr%2Fbin%2Fbzmore HTTP/1.1" 200 1633 "-" "Mozilla/5.0 AppleWebKit/537.36 (KHTML, like Gecko; compatible; ClaudeBot/1.0; +claudebot@anthropic.com)"
40.77.167.76 - - [06/Apr/2025:08:41:27 -0400] "GET /shopdetail/contrast/55387710.shtml HTTP/1.1" 200 19753 "-" "Mozilla/5.0 AppleWebKit/537.36 (KHTML, like Gecko; compatible; bingbot/2.0; +http://www.bing.com/bingbot.htm) Chrome/116.0.1938.76 Safari/537.36"
18.217.230.80 - - [06/Apr/2025:08:41:28 -0400] "GET /ad917/?path=%2Fhome%2F.%2F..%2Fusr%2Fbin%2Fscript HTTP/1.1" 200 943 "-" "Mozilla/5.0 AppleWebKit/537.36 (KHTML, like Gecko; compatible; ClaudeBot/1.0; +claudebot@anthropic.com)"
18.217.230.80 - - [06/Apr/2025:08:41:31 -0400] "GET /ad917/?path=%2Fhome%2F.%2F.%2F..%2Flib64%2Fcrti.o HTTP/1.1" 200 933 "-" "Mozilla/5.0 AppleWebKit/537.36 (KHTML, like Gecko; compatible; ClaudeBot/1.0; +claudebot@anthropic.com)"
66.249.65.104 - - [06/Apr/2025:08:41:32 -0400] "POST /get-message-notify HTTP/1.1" 200 20313 "https://servethepeopleinc.org/shopdetail23709588.shtml" "Mozilla/5.0 (Linux; Android 6.0.1; Nexus 5X Build/MMB29P) AppleWebKit/537.36 (KHTML, like Gecko) Chrome/134.0.6998.165 Mobile Safari/537.36 (compatible; Googlebot/2.1; +http://www.google.com/bot.html)"
40.77.167.76 - - [06/Apr/2025:08:41:32 -0400] "GET /items/98457676.shtml HTTP/1.1" 200 19785 "-" "Mozilla/5.0 AppleWebKit/537.36 (KHTML, like Gecko; compatible; bingbot/2.0; +http://www.bing.com/bingbot.htm) Chrome/116.0.1938.76 Safari/537.36"
18.217.230.80 - - [06/Apr/2025:08:41:34 -0400] "GET /ad917/?path=%2Fhome%2F.%2F.%2F..%2Flib64%2Fpkcs11 HTTP/1.1" 200 1495 "-" "Mozilla/5.0 AppleWebKit/537.36 (KHTML, like Gecko; compatible; ClaudeBot/1.0; +claudebot@anthropic.com)"
207.46.13.111 - - [06/Apr/2025:08:41:36 -0400] "GET /goodscode/78095938.shtml HTTP/1.1" 200 19704 "-" "Mozilla/5.0 AppleWebKit/537.36 (KHTML, like Gecko; compatible; bingbot/2.0; +http://www.bing.com/bingbot.htm) Chrome/116.0.1938.76 Safari/537.36"
18.217.230.80 - - [06/Apr/2025:08:41:37 -0400] "GET /ad917/?path=%2Fhome%2F.%2F..%2Fusr%2Fbin%2Fps2ps2 HTTP/1.1" 200 1371 "-" "Mozilla/5.0 AppleWebKit/537.36 (KHTML, like Gecko; compatible; ClaudeBot/1.0; +claudebot@anthropic.com)"
18.217.230.80 - - [06/Apr/2025:08:41:40 -0400] "GET /ad917/?path=%2Fhome%2F.%2F..%2Fusr%2Fbin%2Fsetsid HTTP/1.1" 200 944 "-" "Mozilla/5.0 AppleWebKit/537.36 (KHTML, like Gecko; compatible; ClaudeBot/1.0; +claudebot@anthropic.com)"
18.217.230.80 - - [06/Apr/2025:08:41:43 -0400] "GET /ad917/?path=%2Fhome%2F.%2F..%2Fproc%2Fself%2Fstat HTTP/1.1" 200 1106 "-" "Mozilla/5.0 AppleWebKit/537.36 (KHTML, like Gecko; compatible; ClaudeBot/1.0; +claudebot@anthropic.com)"
207.46.13.111 - - [06/Apr/2025:08:41:45 -0400] "GET /product/triquetrum46257704.shtml HTTP/1.1" 200 19938 "-" "Mozilla/5.0 AppleWebKit/537.36 (KHTML, like Gecko; compatible; bingbot/2.0; +http://www.bing.com/bingbot.htm) Chrome/116.0.1938.76 Safari/537.36"
18.217.230.80 - - [06/Apr/2025:08:41:46 -0400] "GET /ad917/?path=%2Fhome%2F.%2F.%2F.%2Fservlmvm%2Flogs HTTP/1.1" 200 1922 "-" "Mozilla/5.0 AppleWebKit/537.36 (KHTML, like Gecko; compatible; ClaudeBot/1.0; +claudebot@anthropic.com)"
18.217.230.80 - - [06/Apr/2025:08:41:49 -0400] "GET /ad917/?path=%2Fhome%2F.%2F..%2Fusr%2Fbin%2Fgrotty HTTP/1.1" 200 944 "-" "Mozilla/5.0 AppleWebKit/537.36 (KHTML, like Gecko; compatible; ClaudeBot/1.0; +claudebot@anthropic.com)"
18.217.230.80 - - [06/Apr/2025:08:41:52 -0400] "GET /ad917/?path=%2Fhome%2F.%2F..%2Fusr%2Fbin%2Fpasswd HTTP/1.1" 200 1490 "-" "Mozilla/5.0 AppleWebKit/537.36 (KHTML, like Gecko; compatible; ClaudeBot/1.0; +claudebot@anthropic.com)"
18.217.230.80 - - [06/Apr/2025:08:41:55 -0400] "GET /ad917/?path=%2Fhome%2F.%2F.%2F.%2Fservlmvm%2Fmail HTTP/1.1" 200 2246 "-" "Mozilla/5.0 AppleWebKit/537.36 (KHTML, like Gecko; compatible; ClaudeBot/1.0; +claudebot@anthropic.com)"
207.46.13.36 - - [06/Apr/2025:08:41:56 -0400] "GET /products22040168.shtml HTTP/1.1" 200 19479 "-" "Mozilla/5.0 AppleWebKit/537.36 (KHTML, like Gecko; compatible; bingbot/2.0; +http://www.bing.com/bingbot.htm) Chrome/116.0.1938.76 Safari/537.36"
207.46.13.86 - - [06/Apr/2025:08:41:57 -0400] "GET /goods13071656.shtml HTTP/1.1" 200 20182 "-" "Mozilla/5.0 AppleWebKit/537.36 (KHTML, like Gecko; compatible; bingbot/2.0; +http://www.bing.com/bingbot.htm) Chrome/116.0.1938.76 Safari/537.36"
18.217.230.80 - - [06/Apr/2025:08:41:58 -0400] "GET /ad917/?path=%2Fhome%2F.%2F..%2Fusr%2Fbin%2Fmcdiff HTTP/1.1" 200 944 "-" "Mozilla/5.0 AppleWebKit/537.36 (KHTML, like Gecko; compatible; ClaudeBot/1.0; +claudebot@anthropic.com)"
18.217.230.80 - - [06/Apr/2025:08:42:01 -0400] "GET /ad917/?path=%2Fhome%2F.%2F..%2Fusr%2Fbin%2Fflex++ HTTP/1.1" 200 1201 "-" "Mozilla/5.0 AppleWebKit/537.36 (KHTML, like Gecko; compatible; ClaudeBot/1.0; +claudebot@anthropic.com)"
18.217.230.80 - - [06/Apr/2025:08:42:04 -0400] "GET /ad917/?path=%2Fhome%2F.%2F..%2Fproc%2Fself%2Fcomm HTTP/1.1" 200 956 "-" "Mozilla/5.0 AppleWebKit/537.36 (KHTML, like Gecko; compatible; ClaudeBot/1.0; +claudebot@anthropic.com)"
207.46.13.36 - - [06/Apr/2025:08:42:05 -0400] "GET /shopping/fencible68351114.shtml HTTP/1.1" 200 20224 "-" "Mozilla/5.0 AppleWebKit/537.36 (KHTML, like Gecko; compatible; bingbot/2.0; +http://www.bing.com/bingbot.htm) Chrome/116.0.1938.76 Safari/537.36"
207.46.13.86 - - [06/Apr/2025:08:42:07 -0400] "GET /goodscode/bm/naticidae120844684.shtml HTTP/1.1" 200 19490 "-" "Mozilla/5.0 AppleWebKit/537.36 (KHTML, like Gecko; compatible; bingbot/2.0; +http://www.bing.com/bingbot.htm) Chrome/116.0.1938.76 Safari/537.36"
18.217.230.80 - - [06/Apr/2025:08:42:07 -0400] "GET /ad917/?path=%2Fhome%2F.%2F..%2Fproc%2Fself%2Froot HTTP/1.1" 200 1859 "-" "Mozilla/5.0 AppleWebKit/537.36 (KHTML, like Gecko; compatible; ClaudeBot/1.0; +claudebot@anthropic.com)"
18.217.230.80 - - [06/Apr/2025:08:42:10 -0400] "GET /ad917/?path=%2Fhome%2F.%2F.%2F..%2Flib64%2Fcrtn.o HTTP/1.1" 200 933 "-" "Mozilla/5.0 AppleWebKit/537.36 (KHTML, like Gecko; compatible; ClaudeBot/1.0; +claudebot@anthropic.com)"
207.46.13.86 - - [06/Apr/2025:08:42:11 -0400] "GET /products8332322.shtml HTTP/1.1" 200 20239 "-" "Mozilla/5.0 AppleWebKit/537.36 (KHTML, like Gecko; compatible; bingbot/2.0; +http://www.bing.com/bingbot.htm) Chrome/116.0.1938.76 Safari/537.36"
18.217.230.80 - - [06/Apr/2025:08:42:13 -0400] "GET /ad917/?path=%2Fhome%2F.%2F..%2Fusr%2Fbin%2Fcolcrt HTTP/1.1" 200 944 "-" "Mozilla/5.0 AppleWebKit/537.36 (KHTML, like Gecko; compatible; ClaudeBot/1.0; +claudebot@anthropic.com)"
66.249.65.104 - - [06/Apr/2025:08:42:15 -0400] "GET /item/xa/pauperized/54233608.shtml HTTP/1.1" 200 19885 "-" "Mozilla/5.0 (Linux; Android 6.0.1; Nexus 5X Build/MMB29P) AppleWebKit/537.36 (KHTML, like Gecko) Chrome/134.0.6998.165 Mobile Safari/537.36 (compatible; GoogleOther)"
18.217.230.80 - - [06/Apr/2025:08:42:16 -0400] "GET /ad917/?path=%2Fhome%2F.%2F..%2Fusr%2Fbin%2Fprecat HTTP/1.1" 200 2905 "-" "Mozilla/5.0 AppleWebKit/537.36 (KHTML, like Gecko; compatible; ClaudeBot/1.0; +claudebot@anthropic.com)"
66.249.65.104 - - [06/Apr/2025:08:42:17 -0400] "GET /detail/phakoscope/110060496.shtml HTTP/1.1" 200 19974 "-" "Mozilla/5.0 (Linux; Android 6.0.1; Nexus 5X Build/MMB29P) AppleWebKit/537.36 (KHTML, like Gecko) Chrome/134.0.6998.165 Mobile Safari/537.36 (compatible; GoogleOther)"
18.217.230.80 - - [06/Apr/2025:08:42:19 -0400] "GET /ad917/?path=%2Fhome%2F.%2F..%2Fusr%2Fbin%2Flogger HTTP/1.1" 200 944 "-" "Mozilla/5.0 AppleWebKit/537.36 (KHTML, like Gecko; compatible; ClaudeBot/1.0; +claudebot@anthropic.com)"
66.249.65.104 - - [06/Apr/2025:08:42:21 -0400] "GET /items/p/flycatching18345848.shtml HTTP/1.1" 200 19820 "-" "Mozilla/5.0 (Linux; Android 6.0.1; Nexus 5X Build/MMB29P) AppleWebKit/537.36 (KHTML, like Gecko) Chrome/134.0.6998.165 Mobile Safari/537.36 (compatible; GoogleOther)"
18.217.230.80 - - [06/Apr/2025:08:42:22 -0400] "GET /ad917/?path=%2Fhome%2F.%2F..%2Fusr%2Fbin%2Fgcc-ar HTTP/1.1" 200 944 "-" "Mozilla/5.0 AppleWebKit/537.36 (KHTML, like Gecko; compatible; ClaudeBot/1.0; +claudebot@anthropic.com)"
18.217.230.80 - - [06/Apr/2025:08:42:25 -0400] "GET /ad917/?path=%2Fhome%2F.%2F..%2Fusr%2Fbin%2Ffactor HTTP/1.1" 200 943 "-" "Mozilla/5.0 AppleWebKit/537.36 (KHTML, like Gecko; compatible; ClaudeBot/1.0; +claudebot@anthropic.com)"
207.46.13.111 - - [06/Apr/2025:08:42:26 -0400] "GET /special/ydu/exploratory65719310.shtml HTTP/1.1" 200 19870 "-" "Mozilla/5.0 AppleWebKit/537.36 (KHTML, like Gecko; compatible; bingbot/2.0; +http://www.bing.com/bingbot.htm) Chrome/116.0.1938.76 Safari/537.36"
40.77.167.53 - - [06/Apr/2025:08:42:27 -0400] "GET /item/dispart/32329648.shtml HTTP/1.1" 200 19799 "-" "Mozilla/5.0 AppleWebKit/537.36 (KHTML, like Gecko; compatible; bingbot/2.0; +http://www.bing.com/bingbot.htm) Chrome/116.0.1938.76 Safari/537.36"
18.217.230.80 - - [06/Apr/2025:08:42:28 -0400] "GET /ad917/?path=%2Fhome%2F.%2F..%2Fusr%2Fbin%2Fgetopt HTTP/1.1" 200 945 "-" "Mozilla/5.0 AppleWebKit/537.36 (KHTML, like Gecko; compatible; ClaudeBot/1.0; +claudebot@anthropic.com)"
40.77.167.76 - - [06/Apr/2025:08:42:30 -0400] "GET /special/100181760.shtml HTTP/1.1" 200 20221 "-" "Mozilla/5.0 AppleWebKit/537.36 (KHTML, like Gecko; compatible; bingbot/2.0; +http://www.bing.com/bingbot.htm) Chrome/116.0.1938.76 Safari/537.36"
18.217.230.80 - - [06/Apr/2025:08:42:31 -0400] "GET /ad917/?path=%2Fhome%2F.%2F..%2Fusr%2Fbin%2Fexpand HTTP/1.1" 200 945 "-" "Mozilla/5.0 AppleWebKit/537.36 (KHTML, like Gecko; compatible; ClaudeBot/1.0; +claudebot@anthropic.com)"
18.217.230.80 - - [06/Apr/2025:08:42:34 -0400] "GET /ad917/?path=%2Fhome%2F.%2F.%2F..%2Flib64%2Ftcl8.6 HTTP/1.1" 200 1525 "-" "Mozilla/5.0 AppleWebKit/537.36 (KHTML, like Gecko; compatible; ClaudeBot/1.0; +claudebot@anthropic.com)"
207.46.13.36 - - [06/Apr/2025:08:42:35 -0400] "GET /goods/n/fatiloquent52713108.shtml HTTP/1.1" 200 19679 "-" "Mozilla/5.0 AppleWebKit/537.36 (KHTML, like Gecko; compatible; bingbot/2.0; +http://www.bing.com/bingbot.htm) Chrome/116.0.1938.76 Safari/537.36"
18.217.230.80 - - [06/Apr/2025:08:42:37 -0400] "GET /ad917/?path=%2Fhome%2F.%2F..%2Fusr%2Fbin%2Franlib HTTP/1.1" 200 943 "-" "Mozilla/5.0 AppleWebKit/537.36 (KHTML, like Gecko; compatible; ClaudeBot/1.0; +claudebot@anthropic.com)"
207.46.13.64 - - [06/Apr/2025:08:42:40 -0400] "GET /items/j/phaenomenon45319072.shtml HTTP/1.1" 200 20078 "-" "Mozilla/5.0 AppleWebKit/537.36 (KHTML, like Gecko; compatible; bingbot/2.0; +http://www.bing.com/bingbot.htm) Chrome/116.0.1938.76 Safari/537.36"
18.217.230.80 - - [06/Apr/2025:08:42:40 -0400] "GET /ad917/?path=%2Fhome%2F.%2F..%2Fusr%2Fbin%2Fzegrep HTTP/1.1" 200 974 "-" "Mozilla/5.0 AppleWebKit/537.36 (KHTML, like Gecko; compatible; ClaudeBot/1.0; +claudebot@anthropic.com)"
18.217.230.80 - - [06/Apr/2025:08:42:43 -0400] "GET /ad917/?path=%2Fhome%2F.%2F..%2Fusr%2Fbin%2Fscreen HTTP/1.1" 200 944 "-" "Mozilla/5.0 AppleWebKit/537.36 (KHTML, like Gecko; compatible; ClaudeBot/1.0; +claudebot@anthropic.com)"
