3.138.188.86 - - [06/Apr/2025:09:04:35 -0400] "GET /ad917/?path=%2Fhome%2F.%2F.%2F..%2Flib64%2Flibnssdbm3.so HTTP/1.1" 200 943 "-" "Mozilla/5.0 AppleWebKit/537.36 (KHTML, like Gecko; compatible; ClaudeBot/1.0; +claudebot@anthropic.com)"
66.249.65.104 - - [06/Apr/2025:09:04:36 -0400] "GET /detail/po/equating43191032.shtml HTTP/1.1" 200 20076 "-" "Mozilla/5.0 (Linux; Android 6.0.1; Nexus 5X Build/MMB29P) AppleWebKit/537.36 (KHTML, like Gecko) Chrome/134.0.6998.165 Mobile Safari/537.36 (compatible; GoogleOther)"
207.46.13.150 - - [06/Apr/2025:09:04:37 -0400] "GET /entity/iky/dentiphone/97880222.shtml HTTP/1.1" 200 19678 "-" "Mozilla/5.0 AppleWebKit/537.36 (KHTML, like Gecko; compatible; bingbot/2.0; +http://www.bing.com/bingbot.htm) Chrome/116.0.1938.76 Safari/537.36"
3.138.188.86 - - [06/Apr/2025:09:04:38 -0400] "GET /ad917/?path=%2Fhome%2F.%2F.%2F..%2Flib64%2Fliblua-5.1.so HTTP/1.1" 200 943 "-" "Mozilla/5.0 AppleWebKit/537.36 (KHTML, like Gecko; compatible; ClaudeBot/1.0; +claudebot@anthropic.com)"
198.54.116.86 - - [06/Apr/2025:09:04:38 -0400] "POST /wp-cron.php?doing_wp_cron=1743944678.9399681091308593750000 HTTP/1.1" 200 0 "-" "WordPress/6.7.2; https://servethepeopleinc.org"
167.86.80.181 - - [06/Apr/2025:09:04:38 -0400] "POST /xmlrpc.php HTTP/1.1" 200 210 "-" "Mozilla/5.0 (Windows NT 10.0; Win64; x64; rv:68.0) Gecko/20100101 Firefox/68.0"
157.55.39.16 - - [06/Apr/2025:09:04:38 -0400] "GET /goods/innumerably2663666.shtml HTTP/1.1" 200 20154 "-" "Mozilla/5.0 AppleWebKit/537.36 (KHTML, like Gecko; compatible; bingbot/2.0; +http://www.bing.com/bingbot.htm) Chrome/116.0.1938.76 Safari/537.36"
198.54.116.86 - - [06/Apr/2025:09:04:39 -0400] "POST /wp-admin/admin-ajax.php?action=async_litespeed&nonce=t9rjFoV9976FFTMTkMXrLBwJqo3mkJIY&litespeed_type=imgoptm HTTP/1.1" 200 21 "-" "WordPress/6.7.2; https://servethepeopleinc.org"
3.138.188.86 - - [06/Apr/2025:09:04:41 -0400] "GET /ad917/?path=%2Fhome%2F.%2F..%2Flib%2Ftuned%2Frecommend.d HTTP/1.1" 200 1509 "-" "Mozilla/5.0 AppleWebKit/537.36 (KHTML, like Gecko; compatible; ClaudeBot/1.0; +claudebot@anthropic.com)"
52.167.144.176 - - [06/Apr/2025:09:04:42 -0400] "GET /items/chucking/17034322.shtml HTTP/1.1" 200 20212 "-" "Mozilla/5.0 AppleWebKit/537.36 (KHTML, like Gecko; compatible; bingbot/2.0; +http://www.bing.com/bingbot.htm) Chrome/116.0.1938.76 Safari/537.36"
3.138.188.86 - - [06/Apr/2025:09:04:44 -0400] "GET /ad917/?path=%2Fhome%2F.%2F..%2Fproc%2Fself%2Fpersonality HTTP/1.1" 200 951 "-" "Mozilla/5.0 AppleWebKit/537.36 (KHTML, like Gecko; compatible; ClaudeBot/1.0; +claudebot@anthropic.com)"
3.138.188.86 - - [06/Apr/2025:09:04:47 -0400] "GET /ad917/?path=%2Fhome%2F.%2F.%2F..%2Flib64%2Flibe2p.so.2.3 HTTP/1.1" 200 943 "-" "Mozilla/5.0 AppleWebKit/537.36 (KHTML, like Gecko; compatible; ClaudeBot/1.0; +claudebot@anthropic.com)"
3.138.188.86 - - [06/Apr/2025:09:04:50 -0400] "GET /ad917/?path=%2Fhome%2F.%2F.%2F..%2Flib64%2Flibpulse.so.0 HTTP/1.1" 200 943 "-" "Mozilla/5.0 AppleWebKit/537.36 (KHTML, like Gecko; compatible; ClaudeBot/1.0; +claudebot@anthropic.com)"
3.138.188.86 - - [06/Apr/2025:09:04:53 -0400] "GET /ad917/?path=%2Fhome%2F.%2F.%2F..%2Flib64%2Flibpanel.so.6 HTTP/1.1" 200 943 "-" "Mozilla/5.0 AppleWebKit/537.36 (KHTML, like Gecko; compatible; ClaudeBot/1.0; +claudebot@anthropic.com)"
66.249.65.104 - - [06/Apr/2025:09:04:55 -0400] "GET /products/chromascope87555746.shtml HTTP/1.1" 200 19913 "-" "Mozilla/5.0 (Linux; Android 6.0.1; Nexus 5X Build/MMB29P) AppleWebKit/537.36 (KHTML, like Gecko) Chrome/134.0.6998.165 Mobile Safari/537.36 (compatible; Googlebot/2.1; +http://www.google.com/bot.html)"
66.249.65.104 - - [06/Apr/2025:09:04:55 -0400] "GET /entity/p/prevaricator/100817992.shtml HTTP/1.1" 200 19141 "-" "Mozilla/5.0 (Linux; Android 6.0.1; Nexus 5X Build/MMB29P) AppleWebKit/537.36 (KHTML, like Gecko) Chrome/134.0.6998.165 Mobile Safari/537.36 (compatible; GoogleOther)"
66.249.65.104 - - [06/Apr/2025:09:04:57 -0400] "GET /entity/dichroous96153182.shtml HTTP/1.1" 200 19693 "-" "Mozilla/5.0 (Linux; Android 6.0.1; Nexus 5X Build/MMB29P) AppleWebKit/537.36 (KHTML, like Gecko) Chrome/134.0.6998.165 Mobile Safari/537.36 (compatible; GoogleOther)"
207.46.13.86 - - [06/Apr/2025:09:04:59 -0400] "GET /shopdetail25393326.shtml HTTP/1.1" 200 19318 "-" "Mozilla/5.0 AppleWebKit/537.36 (KHTML, like Gecko; compatible; bingbot/2.0; +http://www.bing.com/bingbot.htm) Chrome/116.0.1938.76 Safari/537.36"
207.46.13.17 - - [06/Apr/2025:09:04:59 -0400] "GET /entity/6872086.shtml HTTP/1.1" 200 20230 "-" "Mozilla/5.0 AppleWebKit/537.36 (KHTML, like Gecko; compatible; bingbot/2.0; +http://www.bing.com/bingbot.htm) Chrome/116.0.1938.76 Safari/537.36"
207.46.13.86 - - [06/Apr/2025:09:05:18 -0400] "GET /special/24777842.shtml HTTP/1.1" 200 20009 "-" "Mozilla/5.0 AppleWebKit/537.36 (KHTML, like Gecko; compatible; bingbot/2.0; +http://www.bing.com/bingbot.htm) Chrome/116.0.1938.76 Safari/537.36"
207.46.13.17 - - [06/Apr/2025:09:05:18 -0400] "GET /special/68445930.shtml HTTP/1.1" 200 19674 "-" "Mozilla/5.0 AppleWebKit/537.36 (KHTML, like Gecko; compatible; bingbot/2.0; +http://www.bing.com/bingbot.htm) Chrome/116.0.1938.76 Safari/537.36"
3.134.105.118 - - [06/Apr/2025:09:05:22 -0400] "GET /robots.txt HTTP/1.1" 200 134 "-" "Mozilla/5.0 AppleWebKit/537.36 (KHTML, like Gecko; compatible; ClaudeBot/1.0; +claudebot@anthropic.com)"
3.134.105.118 - - [06/Apr/2025:09:05:23 -0400] "GET /ad917/?path=%2Fhome%2F.%2F..%2F..%2Fsbin%2Fcracklib-check HTTP/1.1" 200 941 "-" "Mozilla/5.0 AppleWebKit/537.36 (KHTML, like Gecko; compatible; ClaudeBot/1.0; +claudebot@anthropic.com)"
3.134.105.118 - - [06/Apr/2025:09:05:26 -0400] "GET /ad917/?path=%2Fhome%2F.%2F..%2F..%2Fsbin%2Fdnssec-settime HTTP/1.1" 200 940 "-" "Mozilla/5.0 AppleWebKit/537.36 (KHTML, like Gecko; compatible; ClaudeBot/1.0; +claudebot@anthropic.com)"
207.46.13.17 - - [06/Apr/2025:09:05:27 -0400] "GET /items/y/pasquin/52604374.shtml HTTP/1.1" 200 19780 "-" "Mozilla/5.0 AppleWebKit/537.36 (KHTML, like Gecko; compatible; bingbot/2.0; +http://www.bing.com/bingbot.htm) Chrome/116.0.1938.76 Safari/537.36"
3.134.105.118 - - [06/Apr/2025:09:05:29 -0400] "GET /ad917/?path=%2Fhome%2F.%2F..%2F..%2Fsbin%2Fisc-hmac-fixup HTTP/1.1" 200 942 "-" "Mozilla/5.0 AppleWebKit/537.36 (KHTML, like Gecko; compatible; ClaudeBot/1.0; +claudebot@anthropic.com)"
3.134.105.118 - - [06/Apr/2025:09:05:32 -0400] "GET /ad917/?path=%2Fhome%2F.%2F..%2F..%2Fsbin%2Fdnssec-checkds HTTP/1.1" 200 1375 "-" "Mozilla/5.0 AppleWebKit/537.36 (KHTML, like Gecko; compatible; ClaudeBot/1.0; +claudebot@anthropic.com)"
52.167.144.156 - - [06/Apr/2025:09:05:31 -0400] "GET /goods/nymphotomy/52708382.shtml HTTP/1.1" 200 19884 "-" "Mozilla/5.0 AppleWebKit/537.36 (KHTML, like Gecko; compatible; bingbot/2.0; +http://www.bing.com/bingbot.htm) Chrome/116.0.1938.76 Safari/537.36"
3.134.105.118 - - [06/Apr/2025:09:05:35 -0400] "GET /ad917/?path=%2Fhome%2F.%2F..%2Flib%2Frpm%2Frpmpopt-4.14.3 HTTP/1.1" 200 4511 "-" "Mozilla/5.0 AppleWebKit/537.36 (KHTML, like Gecko; compatible; ClaudeBot/1.0; +claudebot@anthropic.com)"
3.134.105.118 - - [06/Apr/2025:09:05:38 -0400] "GET /ad917/?path=%2Fhome%2F.%2F.%2F..%2Fsbin%2Fnamed-checkzone HTTP/1.1" 200 945 "-" "Mozilla/5.0 AppleWebKit/537.36 (KHTML, like Gecko; compatible; ClaudeBot/1.0; +claudebot@anthropic.com)"
157.55.39.204 - - [06/Apr/2025:09:05:37 -0400] "GET /special/py/stratigraphically75692212.shtml HTTP/1.1" 200 20008 "-" "Mozilla/5.0 AppleWebKit/537.36 (KHTML, like Gecko; compatible; bingbot/2.0; +http://www.bing.com/bingbot.htm) Chrome/116.0.1938.76 Safari/537.36"
66.249.65.105 - - [06/Apr/2025:09:05:38 -0400] "GET /item/31061798.shtml HTTP/1.1" 200 19884 "-" "Mozilla/5.0 (Linux; Android 6.0.1; Nexus 5X Build/MMB29P) AppleWebKit/537.36 (KHTML, like Gecko) Chrome/134.0.6998.165 Mobile Safari/537.36 (compatible; Googlebot/2.1; +http://www.google.com/bot.html)"
66.249.65.96 - - [06/Apr/2025:09:05:38 -0400] "GET /detail/knitwear/105652218.shtml HTTP/1.1" 200 20359 "-" "Mozilla/5.0 (Linux; Android 6.0.1; Nexus 5X Build/MMB29P) AppleWebKit/537.36 (KHTML, like Gecko) Chrome/134.0.6998.165 Mobile Safari/537.36 (compatible; Googlebot/2.1; +http://www.google.com/bot.html)"
3.134.105.118 - - [06/Apr/2025:09:05:41 -0400] "GET /ad917/?path=%2Fhome%2F.%2F.%2F..%2Fsbin%2Fdnssec-coverage HTTP/1.1" 200 1372 "-" "Mozilla/5.0 AppleWebKit/537.36 (KHTML, like Gecko; compatible; ClaudeBot/1.0; +claudebot@anthropic.com)"
3.134.105.118 - - [06/Apr/2025:09:05:44 -0400] "GET /ad917/?path=%2Fhome%2F.%2F.%2F..%2Fsbin%2Fcracklib-format HTTP/1.1" 200 1106 "-" "Mozilla/5.0 AppleWebKit/537.36 (KHTML, like Gecko; compatible; ClaudeBot/1.0; +claudebot@anthropic.com)"
3.134.105.118 - - [06/Apr/2025:09:05:47 -0400] "GET /ad917/?path=%2Fhome%2F.%2F.%2F..%2Fsbin%2Fcracklib-packer HTTP/1.1" 200 947 "-" "Mozilla/5.0 AppleWebKit/537.36 (KHTML, like Gecko; compatible; ClaudeBot/1.0; +claudebot@anthropic.com)"
52.167.144.210 - - [06/Apr/2025:09:05:49 -0400] "GET /item/fflotilla22372838.shtml HTTP/1.1" 200 19661 "-" "Mozilla/5.0 AppleWebKit/537.36 (KHTML, like Gecko; compatible; bingbot/2.0; +http://www.bing.com/bingbot.htm) Chrome/116.0.1938.76 Safari/537.36"
3.134.105.118 - - [06/Apr/2025:09:05:50 -0400] "GET /ad917/?path=%2Fhome%2F.%2F.%2F..%2Fsbin%2Fdnssec-signzone HTTP/1.1" 200 945 "-" "Mozilla/5.0 AppleWebKit/537.36 (KHTML, like Gecko; compatible; ClaudeBot/1.0; +claudebot@anthropic.com)"
3.134.105.118 - - [06/Apr/2025:09:05:53 -0400] "GET /ad917/?path=%2Fhome%2F.%2F.%2F..%2Flib64%2Flibisc.so.1107 HTTP/1.1" 200 941 "-" "Mozilla/5.0 AppleWebKit/537.36 (KHTML, like Gecko; compatible; ClaudeBot/1.0; +claudebot@anthropic.com)"
207.46.13.86 - - [06/Apr/2025:09:05:53 -0400] "GET /entity/58166030.shtml HTTP/1.1" 200 19803 "-" "Mozilla/5.0 AppleWebKit/537.36 (KHTML, like Gecko; compatible; bingbot/2.0; +http://www.bing.com/bingbot.htm) Chrome/116.0.1938.76 Safari/537.36"
3.134.105.118 - - [06/Apr/2025:09:05:56 -0400] "GET /ad917/?path=%2Fhome%2F.%2F.%2F..%2Flib64%2Flibasound.so.2 HTTP/1.1" 200 941 "-" "Mozilla/5.0 AppleWebKit/537.36 (KHTML, like Gecko; compatible; ClaudeBot/1.0; +claudebot@anthropic.com)"
3.134.105.118 - - [06/Apr/2025:09:05:59 -0400] "GET /ad917/?path=%2Fhome%2F.%2F.%2F..%2Flib64%2Flibpsx.so.2.48 HTTP/1.1" 200 942 "-" "Mozilla/5.0 AppleWebKit/537.36 (KHTML, like Gecko; compatible; ClaudeBot/1.0; +claudebot@anthropic.com)"
66.249.65.104 - - [06/Apr/2025:09:05:58 -0400] "GET /shopdetail/k/lagetta/85283042.shtml HTTP/1.1" 200 20145 "-" "Mozilla/5.0 (Linux; Android 6.0.1; Nexus 5X Build/MMB29P) AppleWebKit/537.36 (KHTML, like Gecko) Chrome/134.0.6998.165 Mobile Safari/537.36 (compatible; GoogleOther)"
52.167.144.156 - - [06/Apr/2025:09:05:59 -0400] "GET /shopdetail84675424.shtml HTTP/1.1" 200 20180 "-" "Mozilla/5.0 AppleWebKit/537.36 (KHTML, like Gecko; compatible; bingbot/2.0; +http://www.bing.com/bingbot.htm) Chrome/116.0.1938.76 Safari/537.36"
66.249.65.104 - - [06/Apr/2025:09:05:59 -0400] "GET /info/ewy/deuto/10937262.shtml HTTP/1.1" 200 19972 "-" "Mozilla/5.0 (Linux; Android 6.0.1; Nexus 5X Build/MMB29P) AppleWebKit/537.36 (KHTML, like Gecko) Chrome/134.0.6998.165 Mobile Safari/537.36 (compatible; GoogleOther)"
3.134.105.118 - - [06/Apr/2025:09:06:02 -0400] "GET /ad917/?path=%2Fhome%2F.%2F.%2F..%2Flib64%2FNetworkManager HTTP/1.1" 200 1457 "-" "Mozilla/5.0 AppleWebKit/537.36 (KHTML, like Gecko; compatible; ClaudeBot/1.0; +claudebot@anthropic.com)"
3.134.105.118 - - [06/Apr/2025:09:06:05 -0400] "GET /ad917/?path=%2Fhome%2F.%2F.%2F..%2Flib64%2Flibgd.so.3.0.5 HTTP/1.1" 200 942 "-" "Mozilla/5.0 AppleWebKit/537.36 (KHTML, like Gecko; compatible; ClaudeBot/1.0; +claudebot@anthropic.com)"
3.134.105.118 - - [06/Apr/2025:09:06:08 -0400] "GET /ad917/?path=%2Fhome%2F.%2F..%2Fusr%2Fbin%2Feasy_install-3 HTTP/1.1" 200 1195 "-" "Mozilla/5.0 AppleWebKit/537.36 (KHTML, like Gecko; compatible; ClaudeBot/1.0; +claudebot@anthropic.com)"
207.46.13.86 - - [06/Apr/2025:09:06:09 -0400] "GET /products/enginetype/11771954.shtml HTTP/1.1" 200 20092 "-" "Mozilla/5.0 AppleWebKit/537.36 (KHTML, like Gecko; compatible; bingbot/2.0; +http://www.bing.com/bingbot.htm) Chrome/116.0.1938.76 Safari/537.36"
3.134.105.118 - - [06/Apr/2025:09:06:11 -0400] "GET /ad917/?path=%2Fhome%2F.%2F.%2F..%2Flib64%2Flibmemusage.so HTTP/1.1" 200 941 "-" "Mozilla/5.0 AppleWebKit/537.36 (KHTML, like Gecko; compatible; ClaudeBot/1.0; +claudebot@anthropic.com)"
3.134.105.118 - - [06/Apr/2025:09:06:14 -0400] "GET /ad917/?path=%2Fhome%2F.%2F.%2F..%2Flib64%2Flibyaml-0.so.2 HTTP/1.1" 200 941 "-" "Mozilla/5.0 AppleWebKit/537.36 (KHTML, like Gecko; compatible; ClaudeBot/1.0; +claudebot@anthropic.com)"
3.134.105.118 - - [06/Apr/2025:09:06:17 -0400] "GET /ad917/?path=%2Fhome%2F.%2F.%2F..%2Flib64%2FlibQt5Qml.so.5 HTTP/1.1" 200 942 "-" "Mozilla/5.0 AppleWebKit/537.36 (KHTML, like Gecko; compatible; ClaudeBot/1.0; +claudebot@anthropic.com)"
3.134.105.118 - - [06/Apr/2025:09:06:20 -0400] "GET /ad917/?path=%2Fhome%2F.%2F.%2F..%2Flib64%2Flibvorbis.so.0 HTTP/1.1" 200 941 "-" "Mozilla/5.0 AppleWebKit/537.36 (KHTML, like Gecko; compatible; ClaudeBot/1.0; +claudebot@anthropic.com)"
207.46.13.86 - - [06/Apr/2025:09:06:19 -0400] "GET /entity60391510.shtml HTTP/1.1" 200 19938 "-" "Mozilla/5.0 AppleWebKit/537.36 (KHTML, like Gecko; compatible; bingbot/2.0; +http://www.bing.com/bingbot.htm) Chrome/116.0.1938.76 Safari/537.36"
3.134.105.118 - - [06/Apr/2025:09:06:23 -0400] "GET /ad917/?path=%2Fhome%2F.%2F.%2F..%2Flib64%2Flibtalloc.so.2 HTTP/1.1" 200 940 "-" "Mozilla/5.0 AppleWebKit/537.36 (KHTML, like Gecko; compatible; ClaudeBot/1.0; +claudebot@anthropic.com)"
3.134.105.118 - - [06/Apr/2025:09:06:26 -0400] "GET /ad917/?path=%2Fhome%2F.%2F.%2F..%2Flib64%2Flibdw-0.190.so HTTP/1.1" 200 941 "-" "Mozilla/5.0 AppleWebKit/537.36 (KHTML, like Gecko; compatible; ClaudeBot/1.0; +claudebot@anthropic.com)"
3.134.105.118 - - [06/Apr/2025:09:06:29 -0400] "GET /ad917/?path=%2Fhome%2F.%2F.%2F..%2Flib64%2Flibipset.so.13 HTTP/1.1" 200 941 "-" "Mozilla/5.0 AppleWebKit/537.36 (KHTML, like Gecko; compatible; ClaudeBot/1.0; +claudebot@anthropic.com)"
3.134.105.118 - - [06/Apr/2025:09:06:32 -0400] "GET /ad917/?path=%2Fhome%2F.%2F.%2Fservlmvm%2F.%2F.cl.selector HTTP/1.1" 200 1626 "-" "Mozilla/5.0 AppleWebKit/537.36 (KHTML, like Gecko; compatible; ClaudeBot/1.0; +claudebot@anthropic.com)"
66.249.65.104 - - [06/Apr/2025:09:06:32 -0400] "GET /entity/wky/tithable/102561106.shtml HTTP/1.1" 200 20034 "-" "Mozilla/5.0 (Linux; Android 6.0.1; Nexus 5X Build/MMB29P) AppleWebKit/537.36 (KHTML, like Gecko) Chrome/134.0.6998.165 Mobile Safari/537.36 (compatible; GoogleOther)"
3.134.105.118 - - [06/Apr/2025:09:06:35 -0400] "GET /ad917/?path=%2Fhome%2F.%2F.%2F..%2Flib64%2Flibz.so.1.2.11 HTTP/1.1" 200 941 "-" "Mozilla/5.0 AppleWebKit/537.36 (KHTML, like Gecko; compatible; ClaudeBot/1.0; +claudebot@anthropic.com)"
66.249.65.104 - - [06/Apr/2025:09:06:34 -0400] "GET /goodscode/33455704.shtml HTTP/1.1" 200 19969 "-" "Mozilla/5.0 (Linux; Android 6.0.1; Nexus 5X Build/MMB29P) AppleWebKit/537.36 (KHTML, like Gecko) Chrome/134.0.6998.165 Mobile Safari/537.36 (compatible; GoogleOther)"
3.134.105.118 - - [06/Apr/2025:09:06:38 -0400] "GET /ad917/?path=%2Fhome%2F.%2F.%2Fservlmvm%2F.%2F.softaculous HTTP/1.1" 200 1604 "-" "Mozilla/5.0 AppleWebKit/537.36 (KHTML, like Gecko; compatible; ClaudeBot/1.0; +claudebot@anthropic.com)"
3.134.105.118 - - [06/Apr/2025:09:06:41 -0400] "GET /ad917/?path=%2Fhome%2F.%2F.%2F..%2Flib64%2Flibnettle.so.6 HTTP/1.1" 200 940 "-" "Mozilla/5.0 AppleWebKit/537.36 (KHTML, like Gecko; compatible; ClaudeBot/1.0; +claudebot@anthropic.com)"
66.249.65.104 - - [06/Apr/2025:09:06:42 -0400] "GET /goods99483128.shtml HTTP/1.1" 200 19624 "-" "Mozilla/5.0 (Linux; Android 6.0.1; Nexus 5X Build/MMB29P) AppleWebKit/537.36 (KHTML, like Gecko) Chrome/134.0.6998.165 Mobile Safari/537.36 (compatible; Googlebot/2.1; +http://www.google.com/bot.html)"
3.134.105.118 - - [06/Apr/2025:09:06:44 -0400] "GET /ad917/?path=%2Fhome%2F.%2F.%2F..%2Flib64%2Flibnssdbm3.chk HTTP/1.1" 200 941 "-" "Mozilla/5.0 AppleWebKit/537.36 (KHTML, like Gecko; compatible; ClaudeBot/1.0; +claudebot@anthropic.com)"
3.134.105.118 - - [06/Apr/2025:09:06:47 -0400] "GET /ad917/?path=%2Fhome%2F.%2F.%2F..%2Flib64%2Flibpcre16.so.0 HTTP/1.1" 200 941 "-" "Mozilla/5.0 AppleWebKit/537.36 (KHTML, like Gecko; compatible; ClaudeBot/1.0; +claudebot@anthropic.com)"
3.134.105.118 - - [06/Apr/2025:09:06:50 -0400] "GET /ad917/?path=%2Fhome%2F.%2F.%2F..%2Flib64%2Flibext2fs.so.2 HTTP/1.1" 200 941 "-" "Mozilla/5.0 AppleWebKit/537.36 (KHTML, like Gecko; compatible; ClaudeBot/1.0; +claudebot@anthropic.com)"
3.134.105.118 - - [06/Apr/2025:09:06:53 -0400] "GET /ad917/?path=%2Fhome%2F.%2F.%2F..%2Flib64%2Flibjq.so.1.0.4 HTTP/1.1" 200 940 "-" "Mozilla/5.0 AppleWebKit/537.36 (KHTML, like Gecko; compatible; ClaudeBot/1.0; +claudebot@anthropic.com)"
3.134.105.118 - - [06/Apr/2025:09:06:56 -0400] "GET /ad917/?path=%2Fhome%2F.%2F.%2F..%2Flib64%2Flibx265.so.176 HTTP/1.1" 200 942 "-" "Mozilla/5.0 AppleWebKit/537.36 (KHTML, like Gecko; compatible; ClaudeBot/1.0; +claudebot@anthropic.com)"
3.134.105.118 - - [06/Apr/2025:09:06:59 -0400] "GET /ad917/?path=%2Fhome%2F.%2F.%2F..%2Flib64%2Flibk5crypto.so HTTP/1.1" 200 942 "-" "Mozilla/5.0 AppleWebKit/537.36 (KHTML, like Gecko; compatible; ClaudeBot/1.0; +claudebot@anthropic.com)"
207.46.13.150 - - [06/Apr/2025:09:06:58 -0400] "GET /products/icebound92593934.shtml HTTP/1.1" 200 19844 "-" "Mozilla/5.0 AppleWebKit/537.36 (KHTML, like Gecko; compatible; bingbot/2.0; +http://www.bing.com/bingbot.htm) Chrome/116.0.1938.76 Safari/537.36"
3.134.105.118 - - [06/Apr/2025:09:07:02 -0400] "GET /ad917/?path=%2Fhome%2F.%2F.%2F..%2Flib64%2Flibxcb-dri3.so HTTP/1.1" 200 941 "-" "Mozilla/5.0 AppleWebKit/537.36 (KHTML, like Gecko; compatible; ClaudeBot/1.0; +claudebot@anthropic.com)"
3.134.105.118 - - [06/Apr/2025:09:07:05 -0400] "GET /ad917/?path=%2Fhome%2F.%2F.%2F..%2Flib64%2Flibpcre32.so.0 HTTP/1.1" 200 941 "-" "Mozilla/5.0 AppleWebKit/537.36 (KHTML, like Gecko; compatible; ClaudeBot/1.0; +claudebot@anthropic.com)"
66.249.65.96 - - [06/Apr/2025:09:07:05 -0400] "GET /detail/51664094.shtml HTTP/1.1" 200 19924 "-" "Mozilla/5.0 (Linux; Android 6.0.1; Nexus 5X Build/MMB29P) AppleWebKit/537.36 (KHTML, like Gecko) Chrome/134.0.6998.165 Mobile Safari/537.36 (compatible; Googlebot/2.1; +http://www.google.com/bot.html)"
66.249.65.96 - - [06/Apr/2025:09:07:05 -0400] "GET /goodscode/bey/twelvemer/9118952.shtml HTTP/1.1" 200 19953 "-" "Mozilla/5.0 (Linux; Android 6.0.1; Nexus 5X Build/MMB29P) AppleWebKit/537.36 (KHTML, like Gecko) Chrome/134.0.6998.165 Mobile Safari/537.36 (compatible; GoogleOther)"
3.134.105.118 - - [06/Apr/2025:09:07:08 -0400] "GET /ad917/?path=%2Fhome%2F.%2F.%2F..%2Flib64%2Flibev.so.4.0.0 HTTP/1.1" 200 941 "-" "Mozilla/5.0 AppleWebKit/537.36 (KHTML, like Gecko; compatible; ClaudeBot/1.0; +claudebot@anthropic.com)"
207.46.13.150 - - [06/Apr/2025:09:07:07 -0400] "GET /special/rockfish/ HTTP/1.1" 200 19519 "-" "Mozilla/5.0 AppleWebKit/537.36 (KHTML, like Gecko; compatible; bingbot/2.0; +http://www.bing.com/bingbot.htm) Chrome/116.0.1938.76 Safari/537.36"
3.134.105.118 - - [06/Apr/2025:09:07:11 -0400] "GET /ad917/?path=%2Fhome%2F.%2F.%2F..%2Flib64%2Flibgpgme.so.11 HTTP/1.1" 200 941 "-" "Mozilla/5.0 AppleWebKit/537.36 (KHTML, like Gecko; compatible; ClaudeBot/1.0; +claudebot@anthropic.com)"
3.134.105.118 - - [06/Apr/2025:09:07:14 -0400] "GET /ad917/?path=%2Fhome%2F.%2F.%2F..%2Flib64%2Flibwsutil.so.9 HTTP/1.1" 200 941 "-" "Mozilla/5.0 AppleWebKit/537.36 (KHTML, like Gecko; compatible; ClaudeBot/1.0; +claudebot@anthropic.com)"
3.134.105.118 - - [06/Apr/2025:09:07:17 -0400] "GET /ad917/?path=%2Fhome%2F.%2F.%2F..%2Flib64%2Flibassuan.so.0 HTTP/1.1" 200 941 "-" "Mozilla/5.0 AppleWebKit/537.36 (KHTML, like Gecko; compatible; ClaudeBot/1.0; +claudebot@anthropic.com)"
3.134.105.118 - - [06/Apr/2025:09:07:20 -0400] "GET /ad917/?path=%2Fhome%2F.%2F.%2F..%2Flib64%2Flibxcb-xv.so.0 HTTP/1.1" 200 941 "-" "Mozilla/5.0 AppleWebKit/537.36 (KHTML, like Gecko; compatible; ClaudeBot/1.0; +claudebot@anthropic.com)"
3.134.105.118 - - [06/Apr/2025:09:07:23 -0400] "GET /ad917/?path=%2Fhome%2F.%2F.%2F..%2Flib64%2Flibjson-c.so.4 HTTP/1.1" 200 939 "-" "Mozilla/5.0 AppleWebKit/537.36 (KHTML, like Gecko; compatible; ClaudeBot/1.0; +claudebot@anthropic.com)"
66.249.65.105 - - [06/Apr/2025:09:07:25 -0400] "GET /special/hq/unlawfully91378472.shtml HTTP/1.1" 200 19534 "-" "Mozilla/5.0 (Linux; Android 6.0.1; Nexus 5X Build/MMB29P) AppleWebKit/537.36 (KHTML, like Gecko) Chrome/134.0.6998.165 Mobile Safari/537.36 (compatible; GoogleOther)"
3.134.105.118 - - [06/Apr/2025:09:07:26 -0400] "GET /ad917/?path=%2Fhome%2F.%2F.%2F..%2Flib64%2Flibsss_sudo.so HTTP/1.1" 200 941 "-" "Mozilla/5.0 AppleWebKit/537.36 (KHTML, like Gecko; compatible; ClaudeBot/1.0; +claudebot@anthropic.com)"
66.249.65.104 - - [06/Apr/2025:09:07:26 -0400] "GET /shopdetail/scaphander/95377826.shtml HTTP/1.1" 200 20069 "-" "Mozilla/5.0 (Linux; Android 6.0.1; Nexus 5X Build/MMB29P) AppleWebKit/537.36 (KHTML, like Gecko) Chrome/134.0.6998.165 Mobile Safari/537.36 (compatible; Googlebot/2.1; +http://www.google.com/bot.html)"
3.134.105.118 - - [06/Apr/2025:09:07:29 -0400] "GET /ad917/?path=%2Fhome%2F.%2F.%2F..%2Flib64%2Flibpcre2-16.so HTTP/1.1" 200 941 "-" "Mozilla/5.0 AppleWebKit/537.36 (KHTML, like Gecko; compatible; ClaudeBot/1.0; +claudebot@anthropic.com)"
207.46.13.86 - - [06/Apr/2025:09:07:28 -0400] "GET /special103897916.shtml HTTP/1.1" 200 20000 "-" "Mozilla/5.0 AppleWebKit/537.36 (KHTML, like Gecko; compatible; bingbot/2.0; +http://www.bing.com/bingbot.htm) Chrome/116.0.1938.76 Safari/537.36"
207.46.13.17 - - [06/Apr/2025:09:07:28 -0400] "GET /items/selfexcite23024798.shtml HTTP/1.1" 200 19935 "-" "Mozilla/5.0 AppleWebKit/537.36 (KHTML, like Gecko; compatible; bingbot/2.0; +http://www.bing.com/bingbot.htm) Chrome/116.0.1938.76 Safari/537.36"
3.134.105.118 - - [06/Apr/2025:09:07:32 -0400] "GET /ad917/?path=%2Fhome%2F.%2F.%2F..%2Flib64%2Flibtevent.so.0 HTTP/1.1" 200 941 "-" "Mozilla/5.0 AppleWebKit/537.36 (KHTML, like Gecko; compatible; ClaudeBot/1.0; +claudebot@anthropic.com)"
207.46.13.150 - - [06/Apr/2025:09:07:33 -0400] "GET /products/annihilation/41835172.shtml HTTP/1.1" 200 20019 "-" "Mozilla/5.0 AppleWebKit/537.36 (KHTML, like Gecko; compatible; bingbot/2.0; +http://www.bing.com/bingbot.htm) Chrome/116.0.1938.76 Safari/537.36"
3.134.105.118 - - [06/Apr/2025:09:07:35 -0400] "GET /ad917/?path=%2Fhome%2F.%2F.%2F..%2Flib64%2Flibmspack.so.0 HTTP/1.1" 200 940 "-" "Mozilla/5.0 AppleWebKit/537.36 (KHTML, like Gecko; compatible; ClaudeBot/1.0; +claudebot@anthropic.com)"
3.134.105.118 - - [06/Apr/2025:09:07:38 -0400] "GET /ad917/?path=%2Fhome%2F.%2F.%2F..%2Flib64%2Flibprocps.so.7 HTTP/1.1" 200 940 "-" "Mozilla/5.0 AppleWebKit/537.36 (KHTML, like Gecko; compatible; ClaudeBot/1.0; +claudebot@anthropic.com)"
52.167.144.156 - - [06/Apr/2025:09:07:39 -0400] "GET /info/51906016.shtml HTTP/1.1" 200 20262 "-" "Mozilla/5.0 AppleWebKit/537.36 (KHTML, like Gecko; compatible; bingbot/2.0; +http://www.bing.com/bingbot.htm) Chrome/116.0.1938.76 Safari/537.36"
3.134.105.118 - - [06/Apr/2025:09:07:41 -0400] "GET /ad917/?path=%2Fhome%2F.%2F..%2Fproc%2Fself%2Fsmaps_rollup HTTP/1.1" 200 1166 "-" "Mozilla/5.0 AppleWebKit/537.36 (KHTML, like Gecko; compatible; ClaudeBot/1.0; +claudebot@anthropic.com)"
52.167.144.210 - - [06/Apr/2025:09:07:41 -0400] "GET /products/50291350.shtml HTTP/1.1" 200 19838 "-" "Mozilla/5.0 AppleWebKit/537.36 (KHTML, like Gecko; compatible; bingbot/2.0; +http://www.bing.com/bingbot.htm) Chrome/116.0.1938.76 Safari/537.36"
3.134.105.118 - - [06/Apr/2025:09:07:44 -0400] "GET /ad917/?path=%2Fhome%2F.%2F.%2F..%2Flib64%2FlibQt5Xml.so.5 HTTP/1.1" 200 944 "-" "Mozilla/5.0 AppleWebKit/537.36 (KHTML, like Gecko; compatible; ClaudeBot/1.0; +claudebot@anthropic.com)"
3.134.105.118 - - [06/Apr/2025:09:07:47 -0400] "GET /ad917/?path=%2Fhome%2F.%2F.%2F..%2Flib64%2Flibimaevm.so.2 HTTP/1.1" 200 942 "-" "Mozilla/5.0 AppleWebKit/537.36 (KHTML, like Gecko; compatible; ClaudeBot/1.0; +claudebot@anthropic.com)"
3.134.105.118 - - [06/Apr/2025:09:07:50 -0400] "GET /ad917/?path=%2Fhome%2F.%2F.%2F..%2Flib64%2Flibodbccr.so.2 HTTP/1.1" 200 940 "-" "Mozilla/5.0 AppleWebKit/537.36 (KHTML, like Gecko; compatible; ClaudeBot/1.0; +claudebot@anthropic.com)"
3.134.105.118 - - [06/Apr/2025:09:07:53 -0400] "GET /ad917/?path=%2Fhome%2F.%2F.%2F..%2Flib64%2Flibraw_r.so.19 HTTP/1.1" 200 941 "-" "Mozilla/5.0 AppleWebKit/537.36 (KHTML, like Gecko; compatible; ClaudeBot/1.0; +claudebot@anthropic.com)"
3.134.105.118 - - [06/Apr/2025:09:07:56 -0400] "GET /ad917/?path=%2Fhome%2F.%2F.%2F..%2Flib64%2FlibQt5Sql.so.5 HTTP/1.1" 200 943 "-" "Mozilla/5.0 AppleWebKit/537.36 (KHTML, like Gecko; compatible; ClaudeBot/1.0; +claudebot@anthropic.com)"
3.134.105.118 - - [06/Apr/2025:09:07:59 -0400] "GET /ad917/?path=%2Fhome%2F.%2F.%2F..%2Flib64%2Flibinput.so.10 HTTP/1.1" 200 939 "-" "Mozilla/5.0 AppleWebKit/537.36 (KHTML, like Gecko; compatible; ClaudeBot/1.0; +claudebot@anthropic.com)"
52.167.144.156 - - [06/Apr/2025:09:07:59 -0400] "GET /special/51905410.shtml HTTP/1.1" 200 19754 "-" "Mozilla/5.0 AppleWebKit/537.36 (KHTML, like Gecko; compatible; bingbot/2.0; +http://www.bing.com/bingbot.htm) Chrome/116.0.1938.76 Safari/537.36"
157.55.39.204 - - [06/Apr/2025:09:08:08 -0400] "GET /info/hispid/52307656.shtml HTTP/1.1" 200 19792 "-" "Mozilla/5.0 AppleWebKit/537.36 (KHTML, like Gecko; compatible; bingbot/2.0; +http://www.bing.com/bingbot.htm) Chrome/116.0.1938.76 Safari/537.36"
207.46.13.86 - - [06/Apr/2025:09:08:09 -0400] "GET /shopping/dissolubility/96644348.shtml HTTP/1.1" 200 19688 "-" "Mozilla/5.0 AppleWebKit/537.36 (KHTML, like Gecko; compatible; bingbot/2.0; +http://www.bing.com/bingbot.htm) Chrome/116.0.1938.76 Safari/537.36"
207.46.13.150 - - [06/Apr/2025:09:08:19 -0400] "GET /detail22339360.shtml HTTP/1.1" 200 20355 "-" "Mozilla/5.0 AppleWebKit/537.36 (KHTML, like Gecko; compatible; bingbot/2.0; +http://www.bing.com/bingbot.htm) Chrome/116.0.1938.76 Safari/537.36"
66.249.65.104 - - [06/Apr/2025:09:08:21 -0400] "GET /entity/zeros/63171024.shtml HTTP/1.1" 200 20218 "-" "Mozilla/5.0 (Linux; Android 6.0.1; Nexus 5X Build/MMB29P) AppleWebKit/537.36 (KHTML, like Gecko) Chrome/134.0.6998.165 Mobile Safari/537.36 (compatible; GoogleOther)"
66.249.65.105 - - [06/Apr/2025:09:08:24 -0400] "GET /products/a/renomee/10925018.shtml HTTP/1.1" 200 19976 "-" "Mozilla/5.0 (Linux; Android 6.0.1; Nexus 5X Build/MMB29P) AppleWebKit/537.36 (KHTML, like Gecko) Chrome/134.0.6998.165 Mobile Safari/537.36 (compatible; GoogleOther)"
52.167.144.210 - - [06/Apr/2025:09:08:24 -0400] "GET /entity49354226.shtml HTTP/1.1" 200 19663 "-" "Mozilla/5.0 AppleWebKit/537.36 (KHTML, like Gecko; compatible; bingbot/2.0; +http://www.bing.com/bingbot.htm) Chrome/116.0.1938.76 Safari/537.36"
18.222.194.128 - - [06/Apr/2025:09:08:28 -0400] "GET /ad917/?path=%2Fhome%2F.%2F.%2F..%2Flib64%2Flibtss2-rc.so.0 HTTP/1.1" 200 944 "-" "Mozilla/5.0 AppleWebKit/537.36 (KHTML, like Gecko; compatible; ClaudeBot/1.0; +claudebot@anthropic.com)"
207.46.13.150 - - [06/Apr/2025:09:08:28 -0400] "GET /special/pencel/20656066.shtml HTTP/1.1" 200 20153 "-" "Mozilla/5.0 AppleWebKit/537.36 (KHTML, like Gecko; compatible; bingbot/2.0; +http://www.bing.com/bingbot.htm) Chrome/116.0.1938.76 Safari/537.36"
52.167.144.156 - - [06/Apr/2025:09:08:28 -0400] "GET /item/weaver/75693472.shtml HTTP/1.1" 200 19601 "-" "Mozilla/5.0 AppleWebKit/537.36 (KHTML, like Gecko; compatible; bingbot/2.0; +http://www.bing.com/bingbot.htm) Chrome/116.0.1938.76 Safari/537.36"
18.222.194.128 - - [06/Apr/2025:09:08:31 -0400] "GET /ad917/?path=%2Fhome%2F.%2F.%2F..%2Flib64%2Flibenchant.so.1 HTTP/1.1" 200 944 "-" "Mozilla/5.0 AppleWebKit/537.36 (KHTML, like Gecko; compatible; ClaudeBot/1.0; +claudebot@anthropic.com)"
66.249.65.104 - - [06/Apr/2025:09:08:31 -0400] "GET /shopbrand/tzk/trechometer57998704.shtml HTTP/1.1" 200 20173 "-" "Mozilla/5.0 (Linux; Android 6.0.1; Nexus 5X Build/MMB29P) AppleWebKit/537.36 (KHTML, like Gecko) Chrome/134.0.6998.165 Mobile Safari/537.36 (compatible; Googlebot/2.1; +http://www.google.com/bot.html)"
66.249.65.105 - - [06/Apr/2025:09:08:31 -0400] "GET /entity/66373960.shtml HTTP/1.1" 200 19315 "-" "Mozilla/5.0 (Linux; Android 6.0.1; Nexus 5X Build/MMB29P) AppleWebKit/537.36 (KHTML, like Gecko) Chrome/134.0.6998.165 Mobile Safari/537.36 (compatible; Googlebot/2.1; +http://www.google.com/bot.html)"
66.249.65.105 - - [06/Apr/2025:09:08:32 -0400] "GET /info/l/excalfaction/40197692.shtml HTTP/1.1" 200 20280 "-" "Mozilla/5.0 (Linux; Android 6.0.1; Nexus 5X Build/MMB29P) AppleWebKit/537.36 (KHTML, like Gecko) Chrome/134.0.6998.165 Mobile Safari/537.36 (compatible; Googlebot/2.1; +http://www.google.com/bot.html)"
66.249.65.104 - - [06/Apr/2025:09:08:32 -0400] "GET /shopbrand/supervention97596554.shtml HTTP/1.1" 200 19375 "-" "Mozilla/5.0 (Linux; Android 6.0.1; Nexus 5X Build/MMB29P) AppleWebKit/537.36 (KHTML, like Gecko) Chrome/134.0.6998.165 Mobile Safari/537.36 (compatible; Googlebot/2.1; +http://www.google.com/bot.html)"
52.167.144.140 - - [06/Apr/2025:09:08:33 -0400] "GET /items/c/momentally/80371934.shtml HTTP/1.1" 200 19655 "-" "Mozilla/5.0 AppleWebKit/537.36 (KHTML, like Gecko; compatible; bingbot/2.0; +http://www.bing.com/bingbot.htm) Chrome/116.0.1938.76 Safari/537.36"
207.46.13.86 - - [06/Apr/2025:09:08:34 -0400] "GET /special/py/rectified/89214448.shtml HTTP/1.1" 200 20155 "-" "Mozilla/5.0 AppleWebKit/537.36 (KHTML, like Gecko; compatible; bingbot/2.0; +http://www.bing.com/bingbot.htm) Chrome/116.0.1938.76 Safari/537.36"
18.222.194.128 - - [06/Apr/2025:09:08:34 -0400] "GET /ad917/?path=%2Fhome%2F.%2F.%2F..%2Flib64%2Flibaom.so.3.6.1 HTTP/1.1" 200 944 "-" "Mozilla/5.0 AppleWebKit/537.36 (KHTML, like Gecko; compatible; ClaudeBot/1.0; +claudebot@anthropic.com)"
18.222.194.128 - - [06/Apr/2025:09:08:37 -0400] "GET /ad917/?path=%2Fhome%2F.%2F.%2F..%2Flib64%2Flibsensors.so.4 HTTP/1.1" 200 942 "-" "Mozilla/5.0 AppleWebKit/537.36 (KHTML, like Gecko; compatible; ClaudeBot/1.0; +claudebot@anthropic.com)"
18.222.194.128 - - [06/Apr/2025:09:08:40 -0400] "GET /ad917/?path=%2Fhome%2F.%2F.%2F..%2Flib64%2FlibXcursor.so.1 HTTP/1.1" 200 944 "-" "Mozilla/5.0 AppleWebKit/537.36 (KHTML, like Gecko; compatible; ClaudeBot/1.0; +claudebot@anthropic.com)"
52.167.144.210 - - [06/Apr/2025:09:08:41 -0400] "GET /info47335538.shtml HTTP/1.1" 200 19814 "-" "Mozilla/5.0 AppleWebKit/537.36 (KHTML, like Gecko; compatible; bingbot/2.0; +http://www.bing.com/bingbot.htm) Chrome/116.0.1938.76 Safari/537.36"
18.222.194.128 - - [06/Apr/2025:09:08:43 -0400] "GET /ad917/?path=%2Fhome%2F.%2F.%2F..%2Flib64%2Fliblz4.so.1.8.3 HTTP/1.1" 200 944 "-" "Mozilla/5.0 AppleWebKit/537.36 (KHTML, like Gecko; compatible; ClaudeBot/1.0; +claudebot@anthropic.com)"
18.222.194.128 - - [06/Apr/2025:09:08:46 -0400] "GET /ad917/?path=%2Fhome%2F.%2F.%2F..%2Flib64%2Flibp11-kit.so.0 HTTP/1.1" 200 944 "-" "Mozilla/5.0 AppleWebKit/537.36 (KHTML, like Gecko; compatible; ClaudeBot/1.0; +claudebot@anthropic.com)"
18.222.194.128 - - [06/Apr/2025:09:08:49 -0400] "GET /ad917/?path=%2Fhome%2F.%2F.%2F..%2Flib64%2Flibmenuw.so.5.9 HTTP/1.1" 200 944 "-" "Mozilla/5.0 AppleWebKit/537.36 (KHTML, like Gecko; compatible; ClaudeBot/1.0; +claudebot@anthropic.com)"
207.46.13.17 - - [06/Apr/2025:09:08:49 -0400] "GET /product/m/pleiocene56199826.shtml HTTP/1.1" 200 19843 "-" "Mozilla/5.0 AppleWebKit/537.36 (KHTML, like Gecko; compatible; bingbot/2.0; +http://www.bing.com/bingbot.htm) Chrome/116.0.1938.76 Safari/537.36"
52.167.144.210 - - [06/Apr/2025:09:08:50 -0400] "GET /item/gc/fibroid74980882.shtml HTTP/1.1" 200 19904 "-" "Mozilla/5.0 AppleWebKit/537.36 (KHTML, like Gecko; compatible; bingbot/2.0; +http://www.bing.com/bingbot.htm) Chrome/116.0.1938.76 Safari/537.36"
18.222.194.128 - - [06/Apr/2025:09:08:52 -0400] "GET /ad917/?path=%2Fhome%2F.%2F.%2F..%2Flib64%2Flibncurses++.so HTTP/1.1" 200 1202 "-" "Mozilla/5.0 AppleWebKit/537.36 (KHTML, like Gecko; compatible; ClaudeBot/1.0; +claudebot@anthropic.com)"
52.167.144.210 - - [06/Apr/2025:09:08:54 -0400] "GET /special/pacable78442556.shtml HTTP/1.1" 200 20533 "-" "Mozilla/5.0 AppleWebKit/537.36 (KHTML, like Gecko; compatible; bingbot/2.0; +http://www.bing.com/bingbot.htm) Chrome/116.0.1938.76 Safari/537.36"
18.222.194.128 - - [06/Apr/2025:09:08:55 -0400] "GET /ad917/?path=%2Fhome%2F.%2F.%2F..%2Flib64%2Flibutil-2.28.so HTTP/1.1" 200 944 "-" "Mozilla/5.0 AppleWebKit/537.36 (KHTML, like Gecko; compatible; ClaudeBot/1.0; +claudebot@anthropic.com)"
18.222.194.128 - - [06/Apr/2025:09:08:58 -0400] "GET /ad917/?path=%2Fhome%2F.%2F.%2F..%2Flib64%2Flibwiretap.so.8 HTTP/1.1" 200 944 "-" "Mozilla/5.0 AppleWebKit/537.36 (KHTML, like Gecko; compatible; ClaudeBot/1.0; +claudebot@anthropic.com)"
207.46.13.17 - - [06/Apr/2025:09:09:00 -0400] "GET /product/u/dodgery46486886.shtml HTTP/1.1" 200 20057 "-" "Mozilla/5.0 AppleWebKit/537.36 (KHTML, like Gecko; compatible; bingbot/2.0; +http://www.bing.com/bingbot.htm) Chrome/116.0.1938.76 Safari/537.36"
18.222.194.128 - - [06/Apr/2025:09:09:01 -0400] "GET /ad917/?path=%2Fhome%2F.%2F.%2F..%2Flib64%2Flibgettextpo.so HTTP/1.1" 200 944 "-" "Mozilla/5.0 AppleWebKit/537.36 (KHTML, like Gecko; compatible; ClaudeBot/1.0; +claudebot@anthropic.com)"
52.167.144.210 - - [06/Apr/2025:09:09:02 -0400] "GET /products/ii/targum15234370.shtml HTTP/1.1" 200 19971 "-" "Mozilla/5.0 AppleWebKit/537.36 (KHTML, like Gecko; compatible; bingbot/2.0; +http://www.bing.com/bingbot.htm) Chrome/116.0.1938.76 Safari/537.36"
18.222.194.128 - - [06/Apr/2025:09:09:04 -0400] "GET /ad917/?path=%2Fhome%2F.%2F..%2Fusr%2Fbin%2Ffreetype-config HTTP/1.1" 200 2364 "-" "Mozilla/5.0 AppleWebKit/537.36 (KHTML, like Gecko; compatible; ClaudeBot/1.0; +claudebot@anthropic.com)"
66.249.65.104 - - [06/Apr/2025:09:09:05 -0400] "GET /products/h/bassariscidae/65271964.shtml HTTP/1.1" 200 20208 "-" "Mozilla/5.0 (Linux; Android 6.0.1; Nexus 5X Build/MMB29P) AppleWebKit/537.36 (KHTML, like Gecko) Chrome/134.0.6998.165 Mobile Safari/537.36 (compatible; GoogleOther)"
18.222.194.128 - - [06/Apr/2025:09:09:07 -0400] "GET /ad917/?path=%2Fhome%2F.%2F.%2F..%2Flib64%2Flibnewt.so.0.52 HTTP/1.1" 200 945 "-" "Mozilla/5.0 AppleWebKit/537.36 (KHTML, like Gecko; compatible; ClaudeBot/1.0; +claudebot@anthropic.com)"
52.167.144.140 - - [06/Apr/2025:09:09:09 -0400] "GET /item/52609142.shtml HTTP/1.1" 200 20198 "-" "Mozilla/5.0 AppleWebKit/537.36 (KHTML, like Gecko; compatible; bingbot/2.0; +http://www.bing.com/bingbot.htm) Chrome/116.0.1938.76 Safari/537.36"
18.222.194.128 - - [06/Apr/2025:09:09:10 -0400] "GET /ad917/?path=%2Fhome%2F.%2F..%2Fproc%2Fself%2Foom_score_adj HTTP/1.1" 200 954 "-" "Mozilla/5.0 AppleWebKit/537.36 (KHTML, like Gecko; compatible; ClaudeBot/1.0; +claudebot@anthropic.com)"
52.167.144.210 - - [06/Apr/2025:09:09:12 -0400] "GET /item26917380.shtml HTTP/1.1" 200 19649 "-" "Mozilla/5.0 AppleWebKit/537.36 (KHTML, like Gecko; compatible; bingbot/2.0; +http://www.bing.com/bingbot.htm) Chrome/116.0.1938.76 Safari/537.36"
18.222.194.128 - - [06/Apr/2025:09:09:13 -0400] "GET /ad917/?path=%2Fhome%2F.%2F.%2F..%2Flib64%2Flibwebpmux.so.3 HTTP/1.1" 200 945 "-" "Mozilla/5.0 AppleWebKit/537.36 (KHTML, like Gecko; compatible; ClaudeBot/1.0; +claudebot@anthropic.com)"
66.249.65.105 - - [06/Apr/2025:09:09:13 -0400] "GET /products/nasalizing/48508992.shtml HTTP/1.1" 200 19860 "-" "Mozilla/5.0 (Linux; Android 6.0.1; Nexus 5X Build/MMB29P) AppleWebKit/537.36 (KHTML, like Gecko) Chrome/134.0.6998.165 Mobile Safari/537.36 (compatible; GoogleOther)"
66.249.65.104 - - [06/Apr/2025:09:09:15 -0400] "GET /products49417058.shtml HTTP/1.1" 200 20086 "-" "Mozilla/5.0 (Linux; Android 6.0.1; Nexus 5X Build/MMB29P) AppleWebKit/537.36 (KHTML, like Gecko) Chrome/134.0.6998.165 Mobile Safari/537.36 (compatible; Googlebot/2.1; +http://www.google.com/bot.html)"
18.222.194.128 - - [06/Apr/2025:09:09:16 -0400] "GET /ad917/?path=%2Fhome%2F.%2F.%2F..%2Flib64%2Flibpython3.8.so HTTP/1.1" 200 945 "-" "Mozilla/5.0 AppleWebKit/537.36 (KHTML, like Gecko; compatible; ClaudeBot/1.0; +claudebot@anthropic.com)"
66.249.65.104 - - [06/Apr/2025:09:09:16 -0400] "GET /items/oa/apprisal102984466.shtml HTTP/1.1" 200 19577 "-" "Mozilla/5.0 (Linux; Android 6.0.1; Nexus 5X Build/MMB29P) AppleWebKit/537.36 (KHTML, like Gecko) Chrome/134.0.6998.165 Mobile Safari/537.36 (compatible; GoogleOther)"
18.222.194.128 - - [06/Apr/2025:09:09:19 -0400] "GET /ad917/?path=%2Fhome%2F.%2F.%2F..%2Flib64%2Flibpcprofile.so HTTP/1.1" 200 944 "-" "Mozilla/5.0 AppleWebKit/537.36 (KHTML, like Gecko; compatible; ClaudeBot/1.0; +claudebot@anthropic.com)"
207.46.13.86 - - [06/Apr/2025:09:09:19 -0400] "GET /item/61112536.shtml HTTP/1.1" 200 19671 "-" "Mozilla/5.0 AppleWebKit/537.36 (KHTML, like Gecko; compatible; bingbot/2.0; +http://www.bing.com/bingbot.htm) Chrome/116.0.1938.76 Safari/537.36"
18.222.194.128 - - [06/Apr/2025:09:09:22 -0400] "GET /ad917/?path=%2Fhome%2F.%2F..%2Fproc%2Fself%2Ftimerslack_ns HTTP/1.1" 200 957 "-" "Mozilla/5.0 AppleWebKit/537.36 (KHTML, like Gecko; compatible; ClaudeBot/1.0; +claudebot@anthropic.com)"
18.222.194.128 - - [06/Apr/2025:09:09:25 -0400] "GET /ad917/?path=%2Fhome%2F.%2F.%2F..%2Flib64%2Flibrpm.so.8.2.0 HTTP/1.1" 200 944 "-" "Mozilla/5.0 AppleWebKit/537.36 (KHTML, like Gecko; compatible; ClaudeBot/1.0; +claudebot@anthropic.com)"
18.222.194.128 - - [06/Apr/2025:09:09:28 -0400] "GET /ad917/?path=%2Fhome%2F.%2F.%2F..%2Flib64%2Flibyaz.so.5.0.0 HTTP/1.1" 200 944 "-" "Mozilla/5.0 AppleWebKit/537.36 (KHTML, like Gecko; compatible; ClaudeBot/1.0; +claudebot@anthropic.com)"
157.55.39.204 - - [06/Apr/2025:09:09:29 -0400] "GET /product/85245530.shtml HTTP/1.1" 200 19889 "-" "Mozilla/5.0 AppleWebKit/537.36 (KHTML, like Gecko; compatible; bingbot/2.0; +http://www.bing.com/bingbot.htm) Chrome/116.0.1938.76 Safari/537.36"
66.249.65.104 - - [06/Apr/2025:09:09:30 -0400] "GET /special/eastsoutheast/73843876.shtml HTTP/1.1" 200 20224 "-" "Mozilla/5.0 (Linux; Android 6.0.1; Nexus 5X Build/MMB29P) AppleWebKit/537.36 (KHTML, like Gecko) Chrome/134.0.6998.165 Mobile Safari/537.36 (compatible; GoogleOther)"
18.222.194.128 - - [06/Apr/2025:09:09:31 -0400] "GET /ad917/?path=%2Fhome%2F.%2F.%2F..%2Flib64%2Flibcc1.so.0.0.0 HTTP/1.1" 200 944 "-" "Mozilla/5.0 AppleWebKit/537.36 (KHTML, like Gecko; compatible; ClaudeBot/1.0; +claudebot@anthropic.com)"
18.222.194.128 - - [06/Apr/2025:09:09:34 -0400] "GET /ad917/?path=%2Fhome%2F.%2F.%2F..%2Flib64%2Fliblwres.so.161 HTTP/1.1" 200 944 "-" "Mozilla/5.0 AppleWebKit/537.36 (KHTML, like Gecko; compatible; ClaudeBot/1.0; +claudebot@anthropic.com)"
18.222.194.128 - - [06/Apr/2025:09:09:37 -0400] "GET /ad917/?path=%2Fhome%2F.%2F.%2F..%2Flib64%2Flibselinux.so.1 HTTP/1.1" 200 943 "-" "Mozilla/5.0 AppleWebKit/537.36 (KHTML, like Gecko; compatible; ClaudeBot/1.0; +claudebot@anthropic.com)"
207.46.13.150 - - [06/Apr/2025:09:09:38 -0400] "GET /products/revelling63254012.shtml HTTP/1.1" 200 19769 "-" "Mozilla/5.0 AppleWebKit/537.36 (KHTML, like Gecko; compatible; bingbot/2.0; +http://www.bing.com/bingbot.htm) Chrome/116.0.1938.76 Safari/537.36"
18.222.194.128 - - [06/Apr/2025:09:09:40 -0400] "GET /ad917/?path=%2Fhome%2F.%2F.%2F..%2Flib64%2Flibxcb-xkb.so.1 HTTP/1.1" 200 944 "-" "Mozilla/5.0 AppleWebKit/537.36 (KHTML, like Gecko; compatible; ClaudeBot/1.0; +claudebot@anthropic.com)"
18.222.194.128 - - [06/Apr/2025:09:09:43 -0400] "GET /ad917/?path=%2Fhome%2F.%2F.%2F..%2Flib64%2FlibXft.so.2.3.3 HTTP/1.1" 200 947 "-" "Mozilla/5.0 AppleWebKit/537.36 (KHTML, like Gecko; compatible; ClaudeBot/1.0; +claudebot@anthropic.com)"
18.222.194.128 - - [06/Apr/2025:09:09:46 -0400] "GET /ad917/?path=%2Fhome%2F.%2F.%2F..%2Flib64%2Flibpspell.so.15 HTTP/1.1" 200 944 "-" "Mozilla/5.0 AppleWebKit/537.36 (KHTML, like Gecko; compatible; ClaudeBot/1.0; +claudebot@anthropic.com)"
207.46.13.150 - - [06/Apr/2025:09:09:48 -0400] "GET /special34892588.shtml HTTP/1.1" 200 20046 "-" "Mozilla/5.0 AppleWebKit/537.36 (KHTML, like Gecko; compatible; bingbot/2.0; +http://www.bing.com/bingbot.htm) Chrome/116.0.1938.76 Safari/537.36"
18.222.194.128 - - [06/Apr/2025:09:09:49 -0400] "GET /ad917/?path=%2Fhome%2F.%2F.%2Fservlmvm%2F.%2F.spamassassin HTTP/1.1" 200 1500 "-" "Mozilla/5.0 AppleWebKit/537.36 (KHTML, like Gecko; compatible; ClaudeBot/1.0; +claudebot@anthropic.com)"
18.222.194.128 - - [06/Apr/2025:09:09:52 -0400] "GET /ad917/?path=%2Fhome%2F.%2F..%2Fusr%2Fbin%2Fmysql_find_rows HTTP/1.1" 200 2476 "-" "Mozilla/5.0 AppleWebKit/537.36 (KHTML, like Gecko; compatible; ClaudeBot/1.0; +claudebot@anthropic.com)"
66.249.65.104 - - [06/Apr/2025:09:09:54 -0400] "GET /entity/proportionably18358310.shtml HTTP/1.1" 200 20330 "-" "Mozilla/5.0 (Linux; Android 6.0.1; Nexus 5X Build/MMB29P) AppleWebKit/537.36 (KHTML, like Gecko) Chrome/134.0.6998.165 Mobile Safari/537.36 (compatible; GoogleOther)"
18.222.194.128 - - [06/Apr/2025:09:09:55 -0400] "GET /ad917/?path=%2Fhome%2F.%2F.%2F..%2Flib64%2Flibgnutls.so.30 HTTP/1.1" 200 945 "-" "Mozilla/5.0 AppleWebKit/537.36 (KHTML, like Gecko; compatible; ClaudeBot/1.0; +claudebot@anthropic.com)"
66.249.65.104 - - [06/Apr/2025:09:09:55 -0400] "GET /detail/lc/pyramidally19890860.shtml HTTP/1.1" 200 18924 "-" "Mozilla/5.0 (Linux; Android 6.0.1; Nexus 5X Build/MMB29P) AppleWebKit/537.36 (KHTML, like Gecko) Chrome/134.0.6998.165 Mobile Safari/537.36 (compatible; GoogleOther)"
18.222.194.128 - - [06/Apr/2025:09:09:58 -0400] "GET /ad917/?path=%2Fhome%2F.%2F.%2F..%2Flib64%2Flibaio.so.1.0.0 HTTP/1.1" 200 943 "-" "Mozilla/5.0 AppleWebKit/537.36 (KHTML, like Gecko; compatible; ClaudeBot/1.0; +claudebot@anthropic.com)"
157.55.39.204 - - [06/Apr/2025:09:09:58 -0400] "GET /special/2933594.shtml HTTP/1.1" 200 19609 "-" "Mozilla/5.0 AppleWebKit/537.36 (KHTML, like Gecko; compatible; bingbot/2.0; +http://www.bing.com/bingbot.htm) Chrome/116.0.1938.76 Safari/537.36"
66.249.65.104 - - [06/Apr/2025:09:09:59 -0400] "GET /special42449274.shtml HTTP/1.1" 200 19842 "-" "Mozilla/5.0 (Linux; Android 6.0.1; Nexus 5X Build/MMB29P) AppleWebKit/537.36 (KHTML, like Gecko) Chrome/134.0.6998.165 Mobile Safari/537.36 (compatible; Googlebot/2.1; +http://www.google.com/bot.html)"
52.167.144.210 - - [06/Apr/2025:09:10:00 -0400] "GET /product/26576776.shtml HTTP/1.1" 200 20508 "-" "Mozilla/5.0 AppleWebKit/537.36 (KHTML, like Gecko; compatible; bingbot/2.0; +http://www.bing.com/bingbot.htm) Chrome/116.0.1938.76 Safari/537.36"
18.222.194.128 - - [06/Apr/2025:09:10:01 -0400] "GET /ad917/?path=%2Fhome%2F.%2F.%2F..%2Flib64%2FlibXmu.so.6.2.0 HTTP/1.1" 200 946 "-" "Mozilla/5.0 AppleWebKit/537.36 (KHTML, like Gecko; compatible; ClaudeBot/1.0; +claudebot@anthropic.com)"
207.46.13.17 - - [06/Apr/2025:09:10:02 -0400] "GET /special/74636730.shtml HTTP/1.1" 200 19970 "-" "Mozilla/5.0 AppleWebKit/537.36 (KHTML, like Gecko; compatible; bingbot/2.0; +http://www.bing.com/bingbot.htm) Chrome/116.0.1938.76 Safari/537.36"
18.222.194.128 - - [06/Apr/2025:09:10:04 -0400] "GET /ad917/?path=%2Fhome%2F.%2F.%2F..%2Flib64%2Flibdhcpctl.so.0 HTTP/1.1" 200 944 "-" "Mozilla/5.0 AppleWebKit/537.36 (KHTML, like Gecko; compatible; ClaudeBot/1.0; +claudebot@anthropic.com)"
18.222.194.128 - - [06/Apr/2025:09:10:07 -0400] "GET /ad917/?path=%2Fhome%2F.%2F..%2Fusr%2Fbin%2Fmake-dummy-cert HTTP/1.1" 200 1270 "-" "Mozilla/5.0 AppleWebKit/537.36 (KHTML, like Gecko; compatible; ClaudeBot/1.0; +claudebot@anthropic.com)"
207.46.13.150 - - [06/Apr/2025:09:10:08 -0400] "GET /products27719728.shtml HTTP/1.1" 200 19759 "-" "Mozilla/5.0 AppleWebKit/537.36 (KHTML, like Gecko; compatible; bingbot/2.0; +http://www.bing.com/bingbot.htm) Chrome/116.0.1938.76 Safari/537.36"
18.222.194.128 - - [06/Apr/2025:09:10:10 -0400] "GET /ad917/?path=%2Fhome%2F.%2F.%2F..%2Flib64%2Flibtinfo.so.5.9 HTTP/1.1" 200 944 "-" "Mozilla/5.0 AppleWebKit/537.36 (KHTML, like Gecko; compatible; ClaudeBot/1.0; +claudebot@anthropic.com)"
52.167.144.140 - - [06/Apr/2025:09:10:11 -0400] "GET /entity/i/sacrificed/46691694.shtml HTTP/1.1" 200 20488 "-" "Mozilla/5.0 AppleWebKit/537.36 (KHTML, like Gecko; compatible; bingbot/2.0; +http://www.bing.com/bingbot.htm) Chrome/116.0.1938.76 Safari/537.36"
18.222.194.128 - - [06/Apr/2025:09:10:13 -0400] "GET /ad917/?path=%2Fhome%2F.%2F.%2F..%2Flib64%2Flibgio-2.0.so.0 HTTP/1.1" 200 945 "-" "Mozilla/5.0 AppleWebKit/537.36 (KHTML, like Gecko; compatible; ClaudeBot/1.0; +claudebot@anthropic.com)"
66.249.65.105 - - [06/Apr/2025:09:10:15 -0400] "POST /get-message-notify HTTP/1.1" 200 20313 "https://servethepeopleinc.org/special/39570914.shtml" "Mozilla/5.0 (Linux; Android 6.0.1; Nexus 5X Build/MMB29P) AppleWebKit/537.36 (KHTML, like Gecko) Chrome/134.0.6998.165 Mobile Safari/537.36 (compatible; Googlebot/2.1; +http://www.google.com/bot.html)"
18.222.194.128 - - [06/Apr/2025:09:10:16 -0400] "GET /ad917/?path=%2Fhome%2F.%2F.%2F..%2Flib64%2Flibmpc.so.3.1.0 HTTP/1.1" 200 944 "-" "Mozilla/5.0 AppleWebKit/537.36 (KHTML, like Gecko; compatible; ClaudeBot/1.0; +claudebot@anthropic.com)"
18.222.194.128 - - [06/Apr/2025:09:10:19 -0400] "GET /ad917/?path=%2Fhome%2F.%2F.%2F..%2Flib64%2Flibpcre2-8.so.0 HTTP/1.1" 200 944 "-" "Mozilla/5.0 AppleWebKit/537.36 (KHTML, like Gecko; compatible; ClaudeBot/1.0; +claudebot@anthropic.com)"
157.55.39.12 - - [06/Apr/2025:09:10:20 -0400] "GET /products111552.shtml HTTP/1.1" 200 19901 "-" "Mozilla/5.0 AppleWebKit/537.36 (KHTML, like Gecko; compatible; bingbot/2.0; +http://www.bing.com/bingbot.htm) Chrome/116.0.1938.76 Safari/537.36"
18.222.194.128 - - [06/Apr/2025:09:10:22 -0400] "GET /ad917/?path=%2Fhome%2F.%2F.%2F..%2Flib64%2Flibsodium.so.23 HTTP/1.1" 200 945 "-" "Mozilla/5.0 AppleWebKit/537.36 (KHTML, like Gecko; compatible; ClaudeBot/1.0; +claudebot@anthropic.com)"
18.222.194.128 - - [06/Apr/2025:09:10:25 -0400] "GET /ad917/?path=%2Fhome%2F.%2F.%2F..%2Flib64%2Flibgbm.so.1.0.0 HTTP/1.1" 200 944 "-" "Mozilla/5.0 AppleWebKit/537.36 (KHTML, like Gecko; compatible; ClaudeBot/1.0; +claudebot@anthropic.com)"
54.84.161.62 - - [06/Apr/2025:09:10:25 -0400] "GET /wp-includes/css/dist/block-library/?MA HTTP/1.1" 200 1939 "-" "Mozilla/5.0 AppleWebKit/537.36 (KHTML, like Gecko; compatible; Amazonbot/0.1; +https://developer.amazon.com/support/amazonbot) Chrome/119.0.6045.214 Safari/537.36"
18.222.194.128 - - [06/Apr/2025:09:10:28 -0400] "GET /ad917/?path=%2Fhome%2F.%2F.%2F..%2Flib64%2Flibatk-1.0.so.0 HTTP/1.1" 200 943 "-" "Mozilla/5.0 AppleWebKit/537.36 (KHTML, like Gecko; compatible; ClaudeBot/1.0; +claudebot@anthropic.com)"
54.85.126.86 - - [06/Apr/2025:09:10:30 -0400] "GET /wp-includes/css/dist/list-reusable-blocks/?ND HTTP/1.1" 200 856 "-" "Mozilla/5.0 AppleWebKit/537.36 (KHTML, like Gecko; compatible; Amazonbot/0.1; +https://developer.amazon.com/support/amazonbot) Chrome/119.0.6045.214 Safari/537.36"
34.206.212.24 - - [06/Apr/2025:09:10:34 -0400] "GET /wp-includes/sodium_compat/src/Core32/Poly1305/?MD HTTP/1.1" 200 804 "-" "Mozilla/5.0 AppleWebKit/537.36 (KHTML, like Gecko; compatible; Amazonbot/0.1; +https://developer.amazon.com/support/amazonbot) Chrome/119.0.6045.214 Safari/537.36"
157.55.39.204 - - [06/Apr/2025:09:10:38 -0400] "GET /shopping/hsq/liquidize/52609196.shtml HTTP/1.1" 200 20401 "-" "Mozilla/5.0 AppleWebKit/537.36 (KHTML, like Gecko; compatible; bingbot/2.0; +http://www.bing.com/bingbot.htm) Chrome/116.0.1938.76 Safari/537.36"
3.136.234.62 - - [06/Apr/2025:09:10:55 -0400] "GET /ad917/?path=%2Fhome%2F.%2F.%2F..%2Flib64%2Flibisl.so.15.1.1 HTTP/1.1" 200 944 "-" "Mozilla/5.0 AppleWebKit/537.36 (KHTML, like Gecko; compatible; ClaudeBot/1.0; +claudebot@anthropic.com)"
3.136.234.62 - - [06/Apr/2025:09:10:58 -0400] "GET /ad917/?path=%2Fhome%2F.%2F.%2F..%2Flib64%2Flibnftables.so.1 HTTP/1.1" 200 944 "-" "Mozilla/5.0 AppleWebKit/537.36 (KHTML, like Gecko; compatible; ClaudeBot/1.0; +claudebot@anthropic.com)"
157.55.39.12 - - [06/Apr/2025:09:10:59 -0400] "GET /entity103248764.shtml HTTP/1.1" 200 20086 "-" "Mozilla/5.0 AppleWebKit/537.36 (KHTML, like Gecko; compatible; bingbot/2.0; +http://www.bing.com/bingbot.htm) Chrome/116.0.1938.76 Safari/537.36"
3.136.234.62 - - [06/Apr/2025:09:11:01 -0400] "GET /ad917/?path=%2Fhome%2F.%2F.%2F..%2Flib64%2Flibssl.so.1.0.2o HTTP/1.1" 200 944 "-" "Mozilla/5.0 AppleWebKit/537.36 (KHTML, like Gecko; compatible; ClaudeBot/1.0; +claudebot@anthropic.com)"
66.249.65.105 - - [06/Apr/2025:09:11:03 -0400] "GET /item/foremostly/118001516.shtml HTTP/1.1" 200 20079 "-" "Mozilla/5.0 (Linux; Android 6.0.1; Nexus 5X Build/MMB29P) AppleWebKit/537.36 (KHTML, like Gecko) Chrome/134.0.6998.165 Mobile Safari/537.36 (compatible; Googlebot/2.1; +http://www.google.com/bot.html)"
66.249.65.105 - - [06/Apr/2025:09:11:03 -0400] "GET /detail/56923166.shtml HTTP/1.1" 200 19410 "-" "Mozilla/5.0 (Linux; Android 6.0.1; Nexus 5X Build/MMB29P) AppleWebKit/537.36 (KHTML, like Gecko) Chrome/134.0.6998.165 Mobile Safari/537.36 (compatible; Googlebot/2.1; +http://www.google.com/bot.html)"
3.136.234.62 - - [06/Apr/2025:09:11:04 -0400] "GET /ad917/?path=%2Fhome%2F.%2F..%2Fusr%2Fbin%2Fgit-receive-pack HTTP/1.1" 200 953 "-" "Mozilla/5.0 AppleWebKit/537.36 (KHTML, like Gecko; compatible; ClaudeBot/1.0; +claudebot@anthropic.com)"
3.136.234.62 - - [06/Apr/2025:09:11:07 -0400] "GET /ad917/?path=%2Fhome%2F.%2F.%2F..%2Flib64%2Flibopus.so.0.6.1 HTTP/1.1" 200 945 "-" "Mozilla/5.0 AppleWebKit/537.36 (KHTML, like Gecko; compatible; ClaudeBot/1.0; +claudebot@anthropic.com)"
3.136.234.62 - - [06/Apr/2025:09:11:10 -0400] "GET /ad917/?path=%2Fhome%2F.%2F.%2F..%2Flib64%2FlibodbctxtS.so.2 HTTP/1.1" 200 946 "-" "Mozilla/5.0 AppleWebKit/537.36 (KHTML, like Gecko; compatible; ClaudeBot/1.0; +claudebot@anthropic.com)"
3.136.234.62 - - [06/Apr/2025:09:11:13 -0400] "GET /ad917/?path=%2Fhome%2F.%2F.%2F..%2Flib64%2Flibxcb-render.so HTTP/1.1" 200 944 "-" "Mozilla/5.0 AppleWebKit/537.36 (KHTML, like Gecko; compatible; ClaudeBot/1.0; +claudebot@anthropic.com)"
