18.116.82.202 - - [06/Apr/2025:11:21:45 -0400] "GET /ad917/?path=%2Fhome%2F.%2F..%2F.%2Flib64%2Flibtiffxx.so.5 HTTP/1.1" 200 945 "-" "Mozilla/5.0 AppleWebKit/537.36 (KHTML, like Gecko; compatible; ClaudeBot/1.0; +claudebot@anthropic.com)"
18.116.82.202 - - [06/Apr/2025:11:21:48 -0400] "GET /ad917/?path=%2Fhome%2F.%2F..%2Flib64%2F.%2Flibdns.so.1115 HTTP/1.1" 200 946 "-" "Mozilla/5.0 AppleWebKit/537.36 (KHTML, like Gecko; compatible; ClaudeBot/1.0; +claudebot@anthropic.com)"
52.167.144.182 - - [06/Apr/2025:11:21:48 -0400] "GET /goodscode/e/cluniacensian98832262.shtml HTTP/1.1" 200 20085 "-" "Mozilla/5.0 AppleWebKit/537.36 (KHTML, like Gecko; compatible; bingbot/2.0; +http://www.bing.com/bingbot.htm) Chrome/116.0.1938.76 Safari/537.36"
18.116.82.202 - - [06/Apr/2025:11:21:51 -0400] "GET /ad917/?path=%2Fhome%2F.%2F..%2Flib64%2F.%2FlibXv.so.1.0.0 HTTP/1.1" 200 948 "-" "Mozilla/5.0 AppleWebKit/537.36 (KHTML, like Gecko; compatible; ClaudeBot/1.0; +claudebot@anthropic.com)"
66.249.65.104 - - [06/Apr/2025:11:21:51 -0400] "GET /shopping94329374.shtml HTTP/1.1" 200 20241 "-" "Mozilla/5.0 (Linux; Android 6.0.1; Nexus 5X Build/MMB29P) AppleWebKit/537.36 (KHTML, like Gecko) Chrome/134.0.6998.165 Mobile Safari/537.36 (compatible; GoogleOther)"
18.116.82.202 - - [06/Apr/2025:11:21:54 -0400] "GET /ad917/?path=%2Fhome%2F.%2F..%2Flib64%2Fpython3.8%2Fabc.py HTTP/1.1" 200 2397 "-" "Mozilla/5.0 AppleWebKit/537.36 (KHTML, like Gecko; compatible; ClaudeBot/1.0; +claudebot@anthropic.com)"
157.55.39.63 - - [06/Apr/2025:11:21:56 -0400] "GET /shopdetail/32828942.shtml HTTP/1.1" 200 19988 "-" "Mozilla/5.0 AppleWebKit/537.36 (KHTML, like Gecko; compatible; bingbot/2.0; +http://www.bing.com/bingbot.htm) Chrome/116.0.1938.76 Safari/537.36"
18.116.82.202 - - [06/Apr/2025:11:21:57 -0400] "GET /ad917/?path=%2Fhome%2F.%2F..%2Flib64%2F.%2Flibcriu.so.1.0 HTTP/1.1" 200 946 "-" "Mozilla/5.0 AppleWebKit/537.36 (KHTML, like Gecko; compatible; ClaudeBot/1.0; +claudebot@anthropic.com)"
52.167.144.182 - - [06/Apr/2025:11:21:58 -0400] "GET /goodscode64418050.shtml HTTP/1.1" 200 19468 "-" "Mozilla/5.0 AppleWebKit/537.36 (KHTML, like Gecko; compatible; bingbot/2.0; +http://www.bing.com/bingbot.htm) Chrome/116.0.1938.76 Safari/537.36"
66.249.65.104 - - [06/Apr/2025:11:21:58 -0400] "GET /shopdetail39924506.shtml HTTP/1.1" 200 19391 "-" "Mozilla/5.0 (Linux; Android 6.0.1; Nexus 5X Build/MMB29P) AppleWebKit/537.36 (KHTML, like Gecko) Chrome/134.0.6998.165 Mobile Safari/537.36 (compatible; Googlebot/2.1; +http://www.google.com/bot.html)"
66.249.65.104 - - [06/Apr/2025:11:21:58 -0400] "GET /goods/25998336.shtml HTTP/1.1" 200 19996 "-" "Mozilla/5.0 (Linux; Android 6.0.1; Nexus 5X Build/MMB29P) AppleWebKit/537.36 (KHTML, like Gecko) Chrome/134.0.6998.165 Mobile Safari/537.36 (compatible; Googlebot/2.1; +http://www.google.com/bot.html)"
18.116.82.202 - - [06/Apr/2025:11:22:00 -0400] "GET /ad917/?path=%2Fhome%2F.%2F..%2F.%2Flib64%2Flibxcb-xv.so.0 HTTP/1.1" 200 944 "-" "Mozilla/5.0 AppleWebKit/537.36 (KHTML, like Gecko; compatible; ClaudeBot/1.0; +claudebot@anthropic.com)"
66.249.65.104 - - [06/Apr/2025:11:22:00 -0400] "GET /info/vwq/overeagerly/49515040.shtml HTTP/1.1" 200 19695 "-" "Mozilla/5.0 (Linux; Android 6.0.1; Nexus 5X Build/MMB29P) AppleWebKit/537.36 (KHTML, like Gecko) Chrome/134.0.6998.165 Mobile Safari/537.36 (compatible; GoogleOther)"
18.116.82.202 - - [06/Apr/2025:11:22:03 -0400] "GET /ad917/?path=%2Fhome%2F.%2F..%2Fvar%2Fsoftaculous%2Ftiki24 HTTP/1.1" 200 2103 "-" "Mozilla/5.0 AppleWebKit/537.36 (KHTML, like Gecko; compatible; ClaudeBot/1.0; +claudebot@anthropic.com)"
207.46.13.168 - - [06/Apr/2025:11:22:03 -0400] "GET /shopdetail16031698.shtml HTTP/1.1" 200 20367 "-" "Mozilla/5.0 AppleWebKit/537.36 (KHTML, like Gecko; compatible; bingbot/2.0; +http://www.bing.com/bingbot.htm) Chrome/116.0.1938.76 Safari/537.36"
18.116.82.202 - - [06/Apr/2025:11:22:06 -0400] "GET /ad917/?path=%2Fhome%2F.%2F..%2F.%2Flib64%2Flibdatrie.so.1 HTTP/1.1" 200 943 "-" "Mozilla/5.0 AppleWebKit/537.36 (KHTML, like Gecko; compatible; ClaudeBot/1.0; +claudebot@anthropic.com)"
66.249.65.104 - - [06/Apr/2025:11:22:08 -0400] "GET /goodscode/s/pimped/92379146.shtml HTTP/1.1" 200 20198 "-" "Mozilla/5.0 (Linux; Android 6.0.1; Nexus 5X Build/MMB29P) AppleWebKit/537.36 (KHTML, like Gecko) Chrome/134.0.6998.165 Mobile Safari/537.36 (compatible; GoogleOther)"
18.116.82.202 - - [06/Apr/2025:11:22:09 -0400] "GET /ad917/?path=%2Fhome%2F.%2F..%2Fvar%2Fsoftaculous%2Fobcard HTTP/1.1" 200 1987 "-" "Mozilla/5.0 AppleWebKit/537.36 (KHTML, like Gecko; compatible; ClaudeBot/1.0; +claudebot@anthropic.com)"
18.116.82.202 - - [06/Apr/2025:11:22:12 -0400] "GET /ad917/?path=%2Fhome%2F.%2F..%2Flib64%2F.%2Flibtalloc.so.2 HTTP/1.1" 200 946 "-" "Mozilla/5.0 AppleWebKit/537.36 (KHTML, like Gecko; compatible; ClaudeBot/1.0; +claudebot@anthropic.com)"
18.116.82.202 - - [06/Apr/2025:11:22:15 -0400] "GET /ad917/?path=%2Fhome%2F.%2F..%2Fvar%2Fsoftaculous%2Fthbees HTTP/1.1" 200 2100 "-" "Mozilla/5.0 AppleWebKit/537.36 (KHTML, like Gecko; compatible; ClaudeBot/1.0; +claudebot@anthropic.com)"
66.249.65.104 - - [06/Apr/2025:11:22:15 -0400] "GET /items/wa/culturist34527402.shtml HTTP/1.1" 200 20542 "-" "Mozilla/5.0 (Linux; Android 6.0.1; Nexus 5X Build/MMB29P) AppleWebKit/537.36 (KHTML, like Gecko) Chrome/134.0.6998.165 Mobile Safari/537.36 (compatible; GoogleOther)"
157.55.39.63 - - [06/Apr/2025:11:22:16 -0400] "GET /special1128818.shtml HTTP/1.1" 200 19482 "-" "Mozilla/5.0 AppleWebKit/537.36 (KHTML, like Gecko; compatible; bingbot/2.0; +http://www.bing.com/bingbot.htm) Chrome/116.0.1938.76 Safari/537.36"
18.116.82.202 - - [06/Apr/2025:11:22:18 -0400] "GET /ad917/?path=%2Fhome%2F.%2F..%2F.%2Flib64%2Flibgovernor.so HTTP/1.1" 200 942 "-" "Mozilla/5.0 AppleWebKit/537.36 (KHTML, like Gecko; compatible; ClaudeBot/1.0; +claudebot@anthropic.com)"
18.116.82.202 - - [06/Apr/2025:11:22:21 -0400] "GET /ad917/?path=%2Fhome%2F.%2F..%2Flib64%2F.%2FlibQt5Gui.so.5 HTTP/1.1" 200 948 "-" "Mozilla/5.0 AppleWebKit/537.36 (KHTML, like Gecko; compatible; ClaudeBot/1.0; +claudebot@anthropic.com)"
66.249.65.104 - - [06/Apr/2025:11:22:20 -0400] "GET /shopbrand/smm/teleologist/64793026.shtml HTTP/1.1" 200 19556 "-" "Mozilla/5.0 (Linux; Android 6.0.1; Nexus 5X Build/MMB29P) AppleWebKit/537.36 (KHTML, like Gecko) Chrome/134.0.6998.165 Mobile Safari/537.36 (compatible; GoogleOther)"
18.116.82.202 - - [06/Apr/2025:11:22:24 -0400] "GET /ad917/?path=%2Fhome%2F.%2F..%2Flib64%2F.%2FlibSM.so.6.0.1 HTTP/1.1" 200 948 "-" "Mozilla/5.0 AppleWebKit/537.36 (KHTML, like Gecko; compatible; ClaudeBot/1.0; +claudebot@anthropic.com)"
66.249.65.104 - - [06/Apr/2025:11:22:26 -0400] "GET /item35005466.shtml HTTP/1.1" 200 20332 "-" "Mozilla/5.0 (Linux; Android 6.0.1; Nexus 5X Build/MMB29P) AppleWebKit/537.36 (KHTML, like Gecko) Chrome/134.0.6998.165 Mobile Safari/537.36 (compatible; GoogleOther)"
18.116.82.202 - - [06/Apr/2025:11:22:27 -0400] "GET /ad917/?path=%2Fhome%2F.%2F..%2F.%2Flib64%2Flibtevent.so.0 HTTP/1.1" 200 943 "-" "Mozilla/5.0 AppleWebKit/537.36 (KHTML, like Gecko; compatible; ClaudeBot/1.0; +claudebot@anthropic.com)"
18.116.82.202 - - [06/Apr/2025:11:22:30 -0400] "GET /ad917/?path=%2Fhome%2F.%2F..%2Fvar%2Fsoftaculous%2Fflarum HTTP/1.1" 200 2086 "-" "Mozilla/5.0 AppleWebKit/537.36 (KHTML, like Gecko; compatible; ClaudeBot/1.0; +claudebot@anthropic.com)"
18.116.82.202 - - [06/Apr/2025:11:22:33 -0400] "GET /ad917/?path=%2Fhome%2F.%2F..%2Flib64%2F.%2Flibtheora.so.0 HTTP/1.1" 200 946 "-" "Mozilla/5.0 AppleWebKit/537.36 (KHTML, like Gecko; compatible; ClaudeBot/1.0; +claudebot@anthropic.com)"
18.116.82.202 - - [06/Apr/2025:11:22:36 -0400] "GET /ad917/?path=%2Fhome%2F.%2F..%2Fvar%2Fsoftaculous%2Fostic2 HTTP/1.1" 200 2091 "-" "Mozilla/5.0 AppleWebKit/537.36 (KHTML, like Gecko; compatible; ClaudeBot/1.0; +claudebot@anthropic.com)"
18.116.82.202 - - [06/Apr/2025:11:22:39 -0400] "GET /ad917/?path=%2Fhome%2F.%2F..%2Fvar%2Fsoftaculous%2Fsizzle HTTP/1.1" 200 1848 "-" "Mozilla/5.0 AppleWebKit/537.36 (KHTML, like Gecko; compatible; ClaudeBot/1.0; +claudebot@anthropic.com)"
18.116.82.202 - - [06/Apr/2025:11:22:42 -0400] "GET /ad917/?path=%2Fhome%2F.%2F..%2F.%2Flib64%2FlibmimerS.so.2 HTTP/1.1" 200 945 "-" "Mozilla/5.0 AppleWebKit/537.36 (KHTML, like Gecko; compatible; ClaudeBot/1.0; +claudebot@anthropic.com)"
157.55.39.63 - - [06/Apr/2025:11:22:43 -0400] "GET /entity54956774.shtml HTTP/1.1" 200 19585 "-" "Mozilla/5.0 AppleWebKit/537.36 (KHTML, like Gecko; compatible; bingbot/2.0; +http://www.bing.com/bingbot.htm) Chrome/116.0.1938.76 Safari/537.36"
18.116.82.202 - - [06/Apr/2025:11:22:45 -0400] "GET /ad917/?path=%2Fhome%2F.%2F..%2F.%2Flib64%2Flibcap.so.2.48 HTTP/1.1" 200 944 "-" "Mozilla/5.0 AppleWebKit/537.36 (KHTML, like Gecko; compatible; ClaudeBot/1.0; +claudebot@anthropic.com)"
66.249.65.104 - - [06/Apr/2025:11:22:45 -0400] "GET /shopbrand/emy/wreathy/104591550.shtml HTTP/1.1" 200 19658 "-" "Mozilla/5.0 (Linux; Android 6.0.1; Nexus 5X Build/MMB29P) AppleWebKit/537.36 (KHTML, like Gecko) Chrome/134.0.6998.165 Mobile Safari/537.36 (compatible; GoogleOther)"
18.116.82.202 - - [06/Apr/2025:11:22:48 -0400] "GET /ad917/?path=%2Fhome%2F.%2F..%2Fvar%2Fsoftaculous%2Fvtiger HTTP/1.1" 200 2307 "-" "Mozilla/5.0 AppleWebKit/537.36 (KHTML, like Gecko; compatible; ClaudeBot/1.0; +claudebot@anthropic.com)"
157.55.39.63 - - [06/Apr/2025:11:22:47 -0400] "GET /special/92259006.shtml HTTP/1.1" 200 19387 "-" "Mozilla/5.0 AppleWebKit/537.36 (KHTML, like Gecko; compatible; bingbot/2.0; +http://www.bing.com/bingbot.htm) Chrome/116.0.1938.76 Safari/537.36"
66.249.65.104 - - [06/Apr/2025:11:22:48 -0400] "POST /get-message-notify HTTP/1.1" 200 20313 "https://servethepeopleinc.org/info110508804.shtml" "Mozilla/5.0 (Linux; Android 6.0.1; Nexus 5X Build/MMB29P) AppleWebKit/537.36 (KHTML, like Gecko) Chrome/134.0.6998.165 Mobile Safari/537.36 (compatible; Googlebot/2.1; +http://www.google.com/bot.html)"
66.249.65.104 - - [06/Apr/2025:11:22:48 -0400] "GET /goodscode/wek/dextrorotary/45869990.shtml HTTP/1.1" 200 20380 "-" "Mozilla/5.0 (Linux; Android 6.0.1; Nexus 5X Build/MMB29P) AppleWebKit/537.36 (KHTML, like Gecko) Chrome/134.0.6998.165 Mobile Safari/537.36 (compatible; GoogleOther)"
18.116.82.202 - - [06/Apr/2025:11:22:51 -0400] "GET /ad917/?path=%2Fhome%2F.%2F..%2Fvar%2Fsoftaculous%2Ficehrm HTTP/1.1" 200 2005 "-" "Mozilla/5.0 AppleWebKit/537.36 (KHTML, like Gecko; compatible; ClaudeBot/1.0; +claudebot@anthropic.com)"
18.116.82.202 - - [06/Apr/2025:11:22:54 -0400] "GET /ad917/?path=%2Fhome%2F.%2F..%2F.%2Flib64%2Flibfreebl3.chk HTTP/1.1" 200 945 "-" "Mozilla/5.0 AppleWebKit/537.36 (KHTML, like Gecko; compatible; ClaudeBot/1.0; +claudebot@anthropic.com)"
157.55.39.63 - - [06/Apr/2025:11:22:54 -0400] "GET /shopdetail/nlg/stolae20738256.shtml HTTP/1.1" 200 19542 "-" "Mozilla/5.0 AppleWebKit/537.36 (KHTML, like Gecko; compatible; bingbot/2.0; +http://www.bing.com/bingbot.htm) Chrome/116.0.1938.76 Safari/537.36"
18.116.82.202 - - [06/Apr/2025:11:22:57 -0400] "GET /ad917/?path=%2Fhome%2F.%2F..%2Fproc%2Fthread-self%2Fsched HTTP/1.1" 200 1713 "-" "Mozilla/5.0 AppleWebKit/537.36 (KHTML, like Gecko; compatible; ClaudeBot/1.0; +claudebot@anthropic.com)"
52.167.144.182 - - [06/Apr/2025:11:22:57 -0400] "GET /shopping22317116.shtml HTTP/1.1" 200 19452 "-" "Mozilla/5.0 AppleWebKit/537.36 (KHTML, like Gecko; compatible; bingbot/2.0; +http://www.bing.com/bingbot.htm) Chrome/116.0.1938.76 Safari/537.36"
18.116.82.202 - - [06/Apr/2025:11:23:00 -0400] "GET /ad917/?path=%2Fhome%2F.%2F..%2Flib64%2F.%2Flibgssrpc.so.4 HTTP/1.1" 200 946 "-" "Mozilla/5.0 AppleWebKit/537.36 (KHTML, like Gecko; compatible; ClaudeBot/1.0; +claudebot@anthropic.com)"
18.116.82.202 - - [06/Apr/2025:11:23:03 -0400] "GET /ad917/?path=%2Fhome%2F.%2F..%2Flib64%2F.%2FlibQt5Sql.so.5 HTTP/1.1" 200 949 "-" "Mozilla/5.0 AppleWebKit/537.36 (KHTML, like Gecko; compatible; ClaudeBot/1.0; +claudebot@anthropic.com)"
52.167.144.182 - - [06/Apr/2025:11:23:04 -0400] "GET /special/x/futurities/50703220.shtml HTTP/1.1" 200 19463 "-" "Mozilla/5.0 AppleWebKit/537.36 (KHTML, like Gecko; compatible; bingbot/2.0; +http://www.bing.com/bingbot.htm) Chrome/116.0.1938.76 Safari/537.36"
66.249.65.104 - - [06/Apr/2025:11:23:04 -0400] "GET /items/plotinian/81024044.shtml HTTP/1.1" 200 19800 "-" "Mozilla/5.0 (Linux; Android 6.0.1; Nexus 5X Build/MMB29P) AppleWebKit/537.36 (KHTML, like Gecko) Chrome/134.0.6998.165 Mobile Safari/537.36 (compatible; GoogleOther)"
18.116.82.202 - - [06/Apr/2025:11:23:06 -0400] "GET /ad917/?path=%2Fhome%2F.%2F..%2Fvar%2Fsoftaculous%2Felgg33 HTTP/1.1" 200 2077 "-" "Mozilla/5.0 AppleWebKit/537.36 (KHTML, like Gecko; compatible; ClaudeBot/1.0; +claudebot@anthropic.com)"
66.249.65.105 - - [06/Apr/2025:11:23:06 -0400] "GET /goods59314358.shtml HTTP/1.1" 200 19970 "-" "Mozilla/5.0 (Linux; Android 6.0.1; Nexus 5X Build/MMB29P) AppleWebKit/537.36 (KHTML, like Gecko) Chrome/134.0.6998.165 Mobile Safari/537.36 (compatible; Googlebot/2.1; +http://www.google.com/bot.html)"
18.116.82.202 - - [06/Apr/2025:11:23:09 -0400] "GET /ad917/?path=%2Fhome%2F.%2F..%2Fvar%2Fsoftaculous%2Fcrafty HTTP/1.1" 200 1959 "-" "Mozilla/5.0 AppleWebKit/537.36 (KHTML, like Gecko; compatible; ClaudeBot/1.0; +claudebot@anthropic.com)"
18.116.82.202 - - [06/Apr/2025:11:23:12 -0400] "GET /ad917/?path=%2Fhome%2F.%2F..%2Fvar%2Fsoftaculous%2Ffluxbb HTTP/1.1" 200 2052 "-" "Mozilla/5.0 AppleWebKit/537.36 (KHTML, like Gecko; compatible; ClaudeBot/1.0; +claudebot@anthropic.com)"
18.116.82.202 - - [06/Apr/2025:11:23:15 -0400] "GET /ad917/?path=%2Fhome%2F.%2F..%2Flib64%2F.%2Flibkadm5srv.so HTTP/1.1" 200 948 "-" "Mozilla/5.0 AppleWebKit/537.36 (KHTML, like Gecko; compatible; ClaudeBot/1.0; +claudebot@anthropic.com)"
52.167.144.182 - - [06/Apr/2025:11:23:23 -0400] "GET /special/pondered/64462886.shtml HTTP/1.1" 200 19319 "-" "Mozilla/5.0 AppleWebKit/537.36 (KHTML, like Gecko; compatible; bingbot/2.0; +http://www.bing.com/bingbot.htm) Chrome/116.0.1938.76 Safari/537.36"
66.249.65.105 - - [06/Apr/2025:11:23:24 -0400] "POST /get-message-notify HTTP/1.1" 200 20313 "https://servethepeopleinc.org/entity/103401496.shtml" "Mozilla/5.0 (Linux; Android 6.0.1; Nexus 5X Build/MMB29P) AppleWebKit/537.36 (KHTML, like Gecko) Chrome/134.0.6998.165 Mobile Safari/537.36 (compatible; Googlebot/2.1; +http://www.google.com/bot.html)"
66.249.65.104 - - [06/Apr/2025:11:23:29 -0400] "GET /entity/wireworm27668806.shtml HTTP/1.1" 200 20142 "-" "Mozilla/5.0 (Linux; Android 6.0.1; Nexus 5X Build/MMB29P) AppleWebKit/537.36 (KHTML, like Gecko) Chrome/134.0.6998.165 Mobile Safari/537.36 (compatible; GoogleOther)"
52.167.144.182 - - [06/Apr/2025:11:23:32 -0400] "GET /special/greece/58816862.shtml HTTP/1.1" 200 19562 "-" "Mozilla/5.0 AppleWebKit/537.36 (KHTML, like Gecko; compatible; bingbot/2.0; +http://www.bing.com/bingbot.htm) Chrome/116.0.1938.76 Safari/537.36"
18.188.60.244 - - [06/Apr/2025:11:23:45 -0400] "GET /ad917/?path=%2Fhome%2F.%2F..%2F.%2Flib64%2Flibpcprofile.so HTTP/1.1" 200 947 "-" "Mozilla/5.0 AppleWebKit/537.36 (KHTML, like Gecko; compatible; ClaudeBot/1.0; +claudebot@anthropic.com)"
18.188.60.244 - - [06/Apr/2025:11:23:48 -0400] "GET /ad917/?path=%2Fhome%2F.%2F..%2Flib64%2F.%2Flibtinfo.so.6.1 HTTP/1.1" 200 946 "-" "Mozilla/5.0 AppleWebKit/537.36 (KHTML, like Gecko; compatible; ClaudeBot/1.0; +claudebot@anthropic.com)"
66.249.65.104 - - [06/Apr/2025:11:23:49 -0400] "GET /goods/99986876.shtml HTTP/1.1" 200 20052 "-" "Mozilla/5.0 (Linux; Android 6.0.1; Nexus 5X Build/MMB29P) AppleWebKit/537.36 (KHTML, like Gecko) Chrome/134.0.6998.165 Mobile Safari/537.36 (compatible; Googlebot/2.1; +http://www.google.com/bot.html)"
18.188.60.244 - - [06/Apr/2025:11:23:51 -0400] "GET /ad917/?path=%2Fhome%2F.%2F..%2F.%2Flib64%2Flibhogweed.so.4 HTTP/1.1" 200 946 "-" "Mozilla/5.0 AppleWebKit/537.36 (KHTML, like Gecko; compatible; ClaudeBot/1.0; +claudebot@anthropic.com)"
66.249.65.104 - - [06/Apr/2025:11:23:50 -0400] "GET /info/25250126.shtml HTTP/1.1" 200 19694 "-" "Mozilla/5.0 (Linux; Android 6.0.1; Nexus 5X Build/MMB29P) AppleWebKit/537.36 (KHTML, like Gecko) Chrome/134.0.6998.165 Mobile Safari/537.36 (compatible; Googlebot/2.1; +http://www.google.com/bot.html)"
157.55.39.58 - - [06/Apr/2025:11:23:50 -0400] "GET /info/sludge2894366.shtml HTTP/1.1" 200 19816 "-" "Mozilla/5.0 AppleWebKit/537.36 (KHTML, like Gecko; compatible; bingbot/2.0; +http://www.bing.com/bingbot.htm) Chrome/116.0.1938.76 Safari/537.36"
66.249.65.104 - - [06/Apr/2025:11:23:51 -0400] "GET /goodscode90095170.shtml HTTP/1.1" 200 19375 "-" "Mozilla/5.0 (Linux; Android 6.0.1; Nexus 5X Build/MMB29P) AppleWebKit/537.36 (KHTML, like Gecko) Chrome/134.0.6998.165 Mobile Safari/537.36 (compatible; Googlebot/2.1; +http://www.google.com/bot.html)"
18.188.60.244 - - [06/Apr/2025:11:23:54 -0400] "GET /ad917/?path=%2Fhome%2F.%2Fservlmvm%2Fwww%2F..%2Fpublic_ftp HTTP/1.1" 200 1461 "-" "Mozilla/5.0 AppleWebKit/537.36 (KHTML, like Gecko; compatible; ClaudeBot/1.0; +claudebot@anthropic.com)"
52.167.144.182 - - [06/Apr/2025:11:23:55 -0400] "GET /special118656296.shtml HTTP/1.1" 200 19734 "-" "Mozilla/5.0 AppleWebKit/537.36 (KHTML, like Gecko; compatible; bingbot/2.0; +http://www.bing.com/bingbot.htm) Chrome/116.0.1938.76 Safari/537.36"
18.188.60.244 - - [06/Apr/2025:11:23:57 -0400] "GET /ad917/?path=%2Fhome%2F.%2F..%2F.%2Flib64%2Flibnsl.so.2.0.0 HTTP/1.1" 200 946 "-" "Mozilla/5.0 AppleWebKit/537.36 (KHTML, like Gecko; compatible; ClaudeBot/1.0; +claudebot@anthropic.com)"
18.188.60.244 - - [06/Apr/2025:11:24:00 -0400] "GET /ad917/?path=%2Fhome%2F.%2F..%2Flib64%2F.%2Flibffi.so.6.0.2 HTTP/1.1" 200 946 "-" "Mozilla/5.0 AppleWebKit/537.36 (KHTML, like Gecko; compatible; ClaudeBot/1.0; +claudebot@anthropic.com)"
66.249.65.96 - - [06/Apr/2025:11:24:00 -0400] "GET /products/t/colloquies/75285016.shtml HTTP/1.1" 200 19688 "-" "Mozilla/5.0 (Linux; Android 6.0.1; Nexus 5X Build/MMB29P) AppleWebKit/537.36 (KHTML, like Gecko) Chrome/134.0.6998.165 Mobile Safari/537.36 (compatible; GoogleOther)"
18.188.60.244 - - [06/Apr/2025:11:24:03 -0400] "GET /ad917/?path=%2Fhome%2F.%2F..%2Flib64%2Frsyslog%2Ffmhttp.so HTTP/1.1" 200 953 "-" "Mozilla/5.0 AppleWebKit/537.36 (KHTML, like Gecko; compatible; ClaudeBot/1.0; +claudebot@anthropic.com)"
18.188.60.244 - - [06/Apr/2025:11:24:06 -0400] "GET /ad917/?path=%2Fhome%2F.%2F..%2F.%2Flib64%2Flibssh.so.4.8.7 HTTP/1.1" 200 945 "-" "Mozilla/5.0 AppleWebKit/537.36 (KHTML, like Gecko; compatible; ClaudeBot/1.0; +claudebot@anthropic.com)"
18.188.60.244 - - [06/Apr/2025:11:24:09 -0400] "GET /ad917/?path=%2Fhome%2F.%2F..%2Flib64%2F.%2Flibperl.so.5.26 HTTP/1.1" 200 946 "-" "Mozilla/5.0 AppleWebKit/537.36 (KHTML, like Gecko; compatible; ClaudeBot/1.0; +claudebot@anthropic.com)"
157.55.39.58 - - [06/Apr/2025:11:24:11 -0400] "GET /info/wwa/kistvaen/52314990.shtml HTTP/1.1" 200 19776 "-" "Mozilla/5.0 AppleWebKit/537.36 (KHTML, like Gecko; compatible; bingbot/2.0; +http://www.bing.com/bingbot.htm) Chrome/116.0.1938.76 Safari/537.36"
18.188.60.244 - - [06/Apr/2025:11:24:12 -0400] "GET /ad917/?path=%2Fhome%2F.%2F..%2Flib64%2F.%2Flibdrm.so.2.4.0 HTTP/1.1" 200 946 "-" "Mozilla/5.0 AppleWebKit/537.36 (KHTML, like Gecko; compatible; ClaudeBot/1.0; +claudebot@anthropic.com)"
52.167.144.182 - - [06/Apr/2025:11:24:12 -0400] "GET /product/ei/coenobite2992946.shtml HTTP/1.1" 200 19881 "-" "Mozilla/5.0 AppleWebKit/537.36 (KHTML, like Gecko; compatible; bingbot/2.0; +http://www.bing.com/bingbot.htm) Chrome/116.0.1938.76 Safari/537.36"
18.188.60.244 - - [06/Apr/2025:11:24:15 -0400] "GET /ad917/?path=%2Fhome%2F.%2F..%2Flib64%2F.%2Flibrpm.so.8.2.0 HTTP/1.1" 200 946 "-" "Mozilla/5.0 AppleWebKit/537.36 (KHTML, like Gecko; compatible; ClaudeBot/1.0; +claudebot@anthropic.com)"
66.249.65.105 - - [06/Apr/2025:11:24:14 -0400] "GET /special/u/simplifying/51429294.shtml HTTP/1.1" 200 19851 "-" "Mozilla/5.0 (Linux; Android 6.0.1; Nexus 5X Build/MMB29P) AppleWebKit/537.36 (KHTML, like Gecko) Chrome/134.0.6998.165 Mobile Safari/537.36 (compatible; GoogleOther)"
157.55.39.62 - - [06/Apr/2025:11:24:15 -0400] "GET /items/uos/protective/2993554.shtml HTTP/1.1" 200 20097 "-" "Mozilla/5.0 AppleWebKit/537.36 (KHTML, like Gecko; compatible; bingbot/2.0; +http://www.bing.com/bingbot.htm) Chrome/116.0.1938.76 Safari/537.36"
18.188.60.244 - - [06/Apr/2025:11:24:18 -0400] "GET /ad917/?path=%2Fhome%2F.%2Fservlmvm%2F.trash%2F..%2F.cagefs HTTP/1.1" 200 1512 "-" "Mozilla/5.0 AppleWebKit/537.36 (KHTML, like Gecko; compatible; ClaudeBot/1.0; +claudebot@anthropic.com)"
66.249.65.104 - - [06/Apr/2025:11:24:18 -0400] "GET /info/vwu/oroheliograph/108983128.shtml HTTP/1.1" 200 20065 "-" "Mozilla/5.0 (Linux; Android 6.0.1; Nexus 5X Build/MMB29P) AppleWebKit/537.36 (KHTML, like Gecko) Chrome/134.0.6998.165 Mobile Safari/537.36 (compatible; GoogleOther)"
66.249.65.105 - - [06/Apr/2025:11:24:18 -0400] "GET /product/plicatula/79062270.shtml HTTP/1.1" 200 19939 "-" "Mozilla/5.0 (compatible; Googlebot/2.1; +http://www.google.com/bot.html)"
18.188.60.244 - - [06/Apr/2025:11:24:21 -0400] "GET /ad917/?path=%2Fhome%2F.%2F..%2F.%2Flib64%2FlibXft.so.2.3.3 HTTP/1.1" 200 948 "-" "Mozilla/5.0 AppleWebKit/537.36 (KHTML, like Gecko; compatible; ClaudeBot/1.0; +claudebot@anthropic.com)"
157.55.39.58 - - [06/Apr/2025:11:24:21 -0400] "GET /items/ingrowth52507660.shtml HTTP/1.1" 200 19914 "-" "Mozilla/5.0 AppleWebKit/537.36 (KHTML, like Gecko; compatible; bingbot/2.0; +http://www.bing.com/bingbot.htm) Chrome/116.0.1938.76 Safari/537.36"
66.249.65.104 - - [06/Apr/2025:11:24:21 -0400] "GET /shopdetail/adverting110322488.shtml HTTP/1.1" 200 19496 "-" "Mozilla/5.0 (Linux; Android 6.0.1; Nexus 5X Build/MMB29P) AppleWebKit/537.36 (KHTML, like Gecko) Chrome/134.0.6998.165 Mobile Safari/537.36 (compatible; GoogleOther)"
18.188.60.244 - - [06/Apr/2025:11:24:24 -0400] "GET /ad917/?path=%2Fhome%2F.%2F..%2Flib64%2Fpython3.8%2Fuuid.py HTTP/1.1" 200 10144 "-" "Mozilla/5.0 AppleWebKit/537.36 (KHTML, like Gecko; compatible; ClaudeBot/1.0; +claudebot@anthropic.com)"
66.249.65.104 - - [06/Apr/2025:11:24:24 -0400] "GET /special/x/narwe112785540.shtml HTTP/1.1" 200 19782 "-" "Mozilla/5.0 (Linux; Android 6.0.1; Nexus 5X Build/MMB29P) AppleWebKit/537.36 (KHTML, like Gecko) Chrome/134.0.6998.165 Mobile Safari/537.36 (compatible; GoogleOther)"
157.55.39.58 - - [06/Apr/2025:11:24:26 -0400] "GET /shopdetail/vu/freemasonic531148.shtml HTTP/1.1" 200 19082 "-" "Mozilla/5.0 AppleWebKit/537.36 (KHTML, like Gecko; compatible; bingbot/2.0; +http://www.bing.com/bingbot.htm) Chrome/116.0.1938.76 Safari/537.36"
18.188.60.244 - - [06/Apr/2025:11:24:27 -0400] "GET /ad917/?path=%2Fhome%2F.%2F..%2F.%2Flib64%2FlibXrender.so.1 HTTP/1.1" 200 947 "-" "Mozilla/5.0 AppleWebKit/537.36 (KHTML, like Gecko; compatible; ClaudeBot/1.0; +claudebot@anthropic.com)"
157.55.39.63 - - [06/Apr/2025:11:24:26 -0400] "GET /items112408212.shtml HTTP/1.1" 200 19917 "-" "Mozilla/5.0 AppleWebKit/537.36 (KHTML, like Gecko; compatible; bingbot/2.0; +http://www.bing.com/bingbot.htm) Chrome/116.0.1938.76 Safari/537.36"
18.188.60.244 - - [06/Apr/2025:11:24:30 -0400] "GET /ad917/?path=%2Fhome%2F.%2F..%2Flib64%2F.%2Flibthread_db.so HTTP/1.1" 200 947 "-" "Mozilla/5.0 AppleWebKit/537.36 (KHTML, like Gecko; compatible; ClaudeBot/1.0; +claudebot@anthropic.com)"
18.188.60.244 - - [06/Apr/2025:11:24:33 -0400] "GET /ad917/?path=%2Fhome%2F.%2F..%2Flib64%2F.%2Flibp11.so.3.4.2 HTTP/1.1" 200 946 "-" "Mozilla/5.0 AppleWebKit/537.36 (KHTML, like Gecko; compatible; ClaudeBot/1.0; +claudebot@anthropic.com)"
66.249.65.104 - - [06/Apr/2025:11:24:34 -0400] "GET /entity/99687772.shtml HTTP/1.1" 200 19789 "-" "Mozilla/5.0 (Linux; Android 6.0.1; Nexus 5X Build/MMB29P) AppleWebKit/537.36 (KHTML, like Gecko) Chrome/134.0.6998.165 Mobile Safari/537.36 (compatible; Googlebot/2.1; +http://www.google.com/bot.html)"
18.188.60.244 - - [06/Apr/2025:11:24:36 -0400] "GET /ad917/?path=%2Fhome%2F.%2F..%2Flib64%2F.%2Flibbind9.so.161 HTTP/1.1" 200 946 "-" "Mozilla/5.0 AppleWebKit/537.36 (KHTML, like Gecko; compatible; ClaudeBot/1.0; +claudebot@anthropic.com)"
18.188.60.244 - - [06/Apr/2025:11:24:39 -0400] "GET /ad917/?path=%2Fhome%2F.%2F..%2F.%2Flib64%2Flibhiredis.so.0 HTTP/1.1" 200 946 "-" "Mozilla/5.0 AppleWebKit/537.36 (KHTML, like Gecko; compatible; ClaudeBot/1.0; +claudebot@anthropic.com)"
18.188.60.244 - - [06/Apr/2025:11:24:42 -0400] "GET /ad917/?path=%2Fhome%2F.%2F..%2F.%2Flib64%2FlibodbcpsqlS.so HTTP/1.1" 200 948 "-" "Mozilla/5.0 AppleWebKit/537.36 (KHTML, like Gecko; compatible; ClaudeBot/1.0; +claudebot@anthropic.com)"
18.188.60.244 - - [06/Apr/2025:11:24:45 -0400] "GET /ad917/?path=%2Fhome%2F.%2F..%2Flib64%2F.%2Flibisccc.so.161 HTTP/1.1" 200 946 "-" "Mozilla/5.0 AppleWebKit/537.36 (KHTML, like Gecko; compatible; ClaudeBot/1.0; +claudebot@anthropic.com)"
157.55.39.63 - - [06/Apr/2025:11:24:45 -0400] "GET /shopdetail/16196758.shtml HTTP/1.1" 200 20419 "-" "Mozilla/5.0 AppleWebKit/537.36 (KHTML, like Gecko; compatible; bingbot/2.0; +http://www.bing.com/bingbot.htm) Chrome/116.0.1938.76 Safari/537.36"
207.46.13.54 - - [06/Apr/2025:11:24:47 -0400] "GET /product/prudish/54085898.shtml HTTP/1.1" 200 19897 "-" "Mozilla/5.0 AppleWebKit/537.36 (KHTML, like Gecko; compatible; bingbot/2.0; +http://www.bing.com/bingbot.htm) Chrome/116.0.1938.76 Safari/537.36"
18.188.60.244 - - [06/Apr/2025:11:24:48 -0400] "GET /ad917/?path=%2Fhome%2F.%2F..%2Flib64%2F.%2Flibtss2-mu.so.0 HTTP/1.1" 200 946 "-" "Mozilla/5.0 AppleWebKit/537.36 (KHTML, like Gecko; compatible; ClaudeBot/1.0; +claudebot@anthropic.com)"
18.188.60.244 - - [06/Apr/2025:11:24:51 -0400] "GET /ad917/?path=%2Fhome%2F.%2F..%2Flib64%2Fpython3.8%2Fwave.py HTTP/1.1" 200 5337 "-" "Mozilla/5.0 AppleWebKit/537.36 (KHTML, like Gecko; compatible; ClaudeBot/1.0; +claudebot@anthropic.com)"
157.55.39.63 - - [06/Apr/2025:11:24:53 -0400] "GET /shopping24061490.shtml HTTP/1.1" 200 20228 "-" "Mozilla/5.0 AppleWebKit/537.36 (KHTML, like Gecko; compatible; bingbot/2.0; +http://www.bing.com/bingbot.htm) Chrome/116.0.1938.76 Safari/537.36"
18.188.60.244 - - [06/Apr/2025:11:24:54 -0400] "GET /ad917/?path=%2Fhome%2F.%2F..%2Flib64%2F.%2Flibpcprofile.so HTTP/1.1" 200 947 "-" "Mozilla/5.0 AppleWebKit/537.36 (KHTML, like Gecko; compatible; ClaudeBot/1.0; +claudebot@anthropic.com)"
66.249.65.104 - - [06/Apr/2025:11:24:55 -0400] "GET /special/g/basseted/97139810.shtml HTTP/1.1" 200 20240 "-" "Mozilla/5.0 (Linux; Android 6.0.1; Nexus 5X Build/MMB29P) AppleWebKit/537.36 (KHTML, like Gecko) Chrome/134.0.6998.165 Mobile Safari/537.36 (compatible; Googlebot/2.1; +http://www.google.com/bot.html)"
207.46.13.54 - - [06/Apr/2025:11:24:56 -0400] "GET /item/90082802.shtml HTTP/1.1" 200 19532 "-" "Mozilla/5.0 AppleWebKit/537.36 (KHTML, like Gecko; compatible; bingbot/2.0; +http://www.bing.com/bingbot.htm) Chrome/116.0.1938.76 Safari/537.36"
18.188.60.244 - - [06/Apr/2025:11:24:57 -0400] "GET /ad917/?path=%2Fhome%2F.%2F..%2Fvar%2Fsoftaculous%2Fnet2ftp HTTP/1.1" 200 1871 "-" "Mozilla/5.0 AppleWebKit/537.36 (KHTML, like Gecko; compatible; ClaudeBot/1.0; +claudebot@anthropic.com)"
18.188.60.244 - - [06/Apr/2025:11:25:00 -0400] "GET /ad917/?path=%2Fhome%2F.%2F..%2Fvar%2Fsoftaculous%2Fwhmcs82 HTTP/1.1" 200 2074 "-" "Mozilla/5.0 AppleWebKit/537.36 (KHTML, like Gecko; compatible; ClaudeBot/1.0; +claudebot@anthropic.com)"
18.188.60.244 - - [06/Apr/2025:11:25:03 -0400] "GET /ad917/?path=%2Fhome%2F.%2F..%2F.%2Flib64%2Flibxcb-xtest.so HTTP/1.1" 200 947 "-" "Mozilla/5.0 AppleWebKit/537.36 (KHTML, like Gecko; compatible; ClaudeBot/1.0; +claudebot@anthropic.com)"
66.249.65.96 - - [06/Apr/2025:11:25:05 -0400] "GET /shopdetail/wlo/troutcolored27391118.shtml HTTP/1.1" 200 20223 "-" "Mozilla/5.0 (Linux; Android 6.0.1; Nexus 5X Build/MMB29P) AppleWebKit/537.36 (KHTML, like Gecko) Chrome/134.0.6998.165 Mobile Safari/537.36 (compatible; GoogleOther)"
18.188.60.244 - - [06/Apr/2025:11:25:06 -0400] "GET /ad917/?path=%2Fhome%2F.%2F..%2Fvar%2Fsoftaculous%2Fgeeklog HTTP/1.1" 200 2080 "-" "Mozilla/5.0 AppleWebKit/537.36 (KHTML, like Gecko; compatible; ClaudeBot/1.0; +claudebot@anthropic.com)"
18.188.60.244 - - [06/Apr/2025:11:25:09 -0400] "GET /ad917/?path=%2Fhome%2F.%2F..%2Fvar%2Fsoftaculous%2Fdrupal9 HTTP/1.1" 200 2075 "-" "Mozilla/5.0 AppleWebKit/537.36 (KHTML, like Gecko; compatible; ClaudeBot/1.0; +claudebot@anthropic.com)"
157.55.39.63 - - [06/Apr/2025:11:25:11 -0400] "GET /special/108103564.shtml HTTP/1.1" 200 19997 "-" "Mozilla/5.0 AppleWebKit/537.36 (KHTML, like Gecko; compatible; bingbot/2.0; +http://www.bing.com/bingbot.htm) Chrome/116.0.1938.76 Safari/537.36"
18.188.60.244 - - [06/Apr/2025:11:25:12 -0400] "GET /ad917/?path=%2Fhome%2F.%2F..%2F.%2Flib64%2Flibaom.so.3.6.1 HTTP/1.1" 200 946 "-" "Mozilla/5.0 AppleWebKit/537.36 (KHTML, like Gecko; compatible; ClaudeBot/1.0; +claudebot@anthropic.com)"
18.188.60.244 - - [06/Apr/2025:11:25:15 -0400] "GET /ad917/?path=%2Fhome%2F.%2F..%2Flib64%2F.%2Flibgnutls.so.30 HTTP/1.1" 200 947 "-" "Mozilla/5.0 AppleWebKit/537.36 (KHTML, like Gecko; compatible; ClaudeBot/1.0; +claudebot@anthropic.com)"
207.46.13.54 - - [06/Apr/2025:11:25:15 -0400] "GET /special/10325830.shtml HTTP/1.1" 200 19791 "-" "Mozilla/5.0 AppleWebKit/537.36 (KHTML, like Gecko; compatible; bingbot/2.0; +http://www.bing.com/bingbot.htm) Chrome/116.0.1938.76 Safari/537.36"
66.249.65.104 - - [06/Apr/2025:11:25:16 -0400] "GET /items/b/grateful/18369268.shtml HTTP/1.1" 200 20163 "-" "Mozilla/5.0 (Linux; Android 6.0.1; Nexus 5X Build/MMB29P) AppleWebKit/537.36 (KHTML, like Gecko) Chrome/134.0.6998.165 Mobile Safari/537.36 (compatible; GoogleOther)"
18.188.60.244 - - [06/Apr/2025:11:25:18 -0400] "GET /ad917/?path=%2Fhome%2F.%2F..%2F.%2Flib64%2Flibrrd.so.8.1.0 HTTP/1.1" 200 945 "-" "Mozilla/5.0 AppleWebKit/537.36 (KHTML, like Gecko; compatible; ClaudeBot/1.0; +claudebot@anthropic.com)"
18.188.60.244 - - [06/Apr/2025:11:25:21 -0400] "GET /ad917/?path=%2Fhome%2F.%2F..%2Fproc%2Fthread-self%2Ffdinfo HTTP/1.1" 200 1645 "-" "Mozilla/5.0 AppleWebKit/537.36 (KHTML, like Gecko; compatible; ClaudeBot/1.0; +claudebot@anthropic.com)"
66.249.65.104 - - [06/Apr/2025:11:25:23 -0400] "GET /special/biscotin/85536322.shtml HTTP/1.1" 200 19780 "-" "Mozilla/5.0 (Linux; Android 6.0.1; Nexus 5X Build/MMB29P) AppleWebKit/537.36 (KHTML, like Gecko) Chrome/134.0.6998.165 Mobile Safari/537.36 (compatible; Googlebot/2.1; +http://www.google.com/bot.html)"
157.55.39.62 - - [06/Apr/2025:11:25:23 -0400] "GET /products/fuk/boniface/103159976.shtml HTTP/1.1" 200 20343 "-" "Mozilla/5.0 AppleWebKit/537.36 (KHTML, like Gecko; compatible; bingbot/2.0; +http://www.bing.com/bingbot.htm) Chrome/116.0.1938.76 Safari/537.36"
18.188.60.244 - - [06/Apr/2025:11:25:24 -0400] "GET /ad917/?path=%2Fhome%2F.%2F..%2Flib64%2F.%2FlibQt5Test.so.5 HTTP/1.1" 200 948 "-" "Mozilla/5.0 AppleWebKit/537.36 (KHTML, like Gecko; compatible; ClaudeBot/1.0; +claudebot@anthropic.com)"
52.167.144.182 - - [06/Apr/2025:11:25:24 -0400] "GET /entity/ue/caelatura3754742.shtml HTTP/1.1" 200 19245 "-" "Mozilla/5.0 AppleWebKit/537.36 (KHTML, like Gecko; compatible; bingbot/2.0; +http://www.bing.com/bingbot.htm) Chrome/116.0.1938.76 Safari/537.36"
18.188.60.244 - - [06/Apr/2025:11:25:27 -0400] "GET /ad917/?path=%2Fhome%2F.%2F..%2Fvar%2Fsoftaculous%2Focart23 HTTP/1.1" 200 2013 "-" "Mozilla/5.0 AppleWebKit/537.36 (KHTML, like Gecko; compatible; ClaudeBot/1.0; +claudebot@anthropic.com)"
18.188.60.244 - - [06/Apr/2025:11:25:30 -0400] "GET /ad917/?path=%2Fhome%2F.%2F..%2Flib64%2Frsyslog%2Fommail.so HTTP/1.1" 200 952 "-" "Mozilla/5.0 AppleWebKit/537.36 (KHTML, like Gecko; compatible; ClaudeBot/1.0; +claudebot@anthropic.com)"
18.188.60.244 - - [06/Apr/2025:11:25:33 -0400] "GET /ad917/?path=%2Fhome%2F.%2F..%2F.%2Flib64%2Flibformw.so.6.1 HTTP/1.1" 200 946 "-" "Mozilla/5.0 AppleWebKit/537.36 (KHTML, like Gecko; compatible; ClaudeBot/1.0; +claudebot@anthropic.com)"
157.55.39.58 - - [06/Apr/2025:11:25:33 -0400] "GET /shopping/griminess93947428.shtml HTTP/1.1" 200 19107 "-" "Mozilla/5.0 AppleWebKit/537.36 (KHTML, like Gecko; compatible; bingbot/2.0; +http://www.bing.com/bingbot.htm) Chrome/116.0.1938.76 Safari/537.36"
66.249.65.104 - - [06/Apr/2025:11:25:33 -0400] "GET /info/fu/capitatum/66175012.shtml HTTP/1.1" 200 19694 "-" "Mozilla/5.0 (Linux; Android 6.0.1; Nexus 5X Build/MMB29P) AppleWebKit/537.36 (KHTML, like Gecko) Chrome/134.0.6998.165 Mobile Safari/537.36 (compatible; GoogleOther)"
18.188.60.244 - - [06/Apr/2025:11:25:36 -0400] "GET /ad917/?path=%2Fhome%2F.%2F..%2F.%2Flib64%2Flibmenuw.so.5.9 HTTP/1.1" 200 947 "-" "Mozilla/5.0 AppleWebKit/537.36 (KHTML, like Gecko; compatible; ClaudeBot/1.0; +claudebot@anthropic.com)"
18.188.60.244 - - [06/Apr/2025:11:25:39 -0400] "GET /ad917/?path=%2Fhome%2F.%2F..%2Fvar%2Fsoftaculous%2Fphppoll HTTP/1.1" 200 1912 "-" "Mozilla/5.0 AppleWebKit/537.36 (KHTML, like Gecko; compatible; ClaudeBot/1.0; +claudebot@anthropic.com)"
157.55.39.62 - - [06/Apr/2025:11:25:41 -0400] "GET /shopdetail/sinapism52312760.shtml HTTP/1.1" 200 19861 "-" "Mozilla/5.0 AppleWebKit/537.36 (KHTML, like Gecko; compatible; bingbot/2.0; +http://www.bing.com/bingbot.htm) Chrome/116.0.1938.76 Safari/537.36"
66.249.65.104 - - [06/Apr/2025:11:25:41 -0400] "GET /special/u/penumbra/96586690.shtml HTTP/1.1" 200 20014 "-" "Mozilla/5.0 (Linux; Android 6.0.1; Nexus 5X Build/MMB29P) AppleWebKit/537.36 (KHTML, like Gecko) Chrome/134.0.6998.165 Mobile Safari/537.36 (compatible; GoogleOther)"
18.188.60.244 - - [06/Apr/2025:11:25:42 -0400] "GET /ad917/?path=%2Fhome%2F.%2F..%2Fopt%2Fai-bolit%2Fhs_support HTTP/1.1" 200 947 "-" "Mozilla/5.0 AppleWebKit/537.36 (KHTML, like Gecko; compatible; ClaudeBot/1.0; +claudebot@anthropic.com)"
66.249.65.104 - - [06/Apr/2025:11:25:41 -0400] "GET /shopdetail/w/admiralties/40016870.shtml HTTP/1.1" 200 20138 "-" "Mozilla/5.0 (Linux; Android 6.0.1; Nexus 5X Build/MMB29P) AppleWebKit/537.36 (KHTML, like Gecko) Chrome/134.0.6998.165 Mobile Safari/537.36 (compatible; Googlebot/2.1; +http://www.google.com/bot.html)"
18.188.60.244 - - [06/Apr/2025:11:25:45 -0400] "GET /ad917/?path=%2Fhome%2F.%2F..%2F.%2Flib64%2Flibbz2.so.1.0.6 HTTP/1.1" 200 947 "-" "Mozilla/5.0 AppleWebKit/537.36 (KHTML, like Gecko; compatible; ClaudeBot/1.0; +claudebot@anthropic.com)"
207.46.13.54 - - [06/Apr/2025:11:25:44 -0400] "GET /goods/pulvilli3768218.shtml HTTP/1.1" 200 19825 "-" "Mozilla/5.0 AppleWebKit/537.36 (KHTML, like Gecko; compatible; bingbot/2.0; +http://www.bing.com/bingbot.htm) Chrome/116.0.1938.76 Safari/537.36"
40.77.167.72 - - [06/Apr/2025:11:25:46 -0400] "GET /shopping/99018592.shtml HTTP/1.1" 200 19131 "-" "Mozilla/5.0 AppleWebKit/537.36 (KHTML, like Gecko; compatible; bingbot/2.0; +http://www.bing.com/bingbot.htm) Chrome/116.0.1938.76 Safari/537.36"
18.188.60.244 - - [06/Apr/2025:11:25:48 -0400] "GET /ad917/?path=%2Fhome%2F.%2F..%2Flib64%2F.%2Flibnss_dns.so.2 HTTP/1.1" 200 947 "-" "Mozilla/5.0 AppleWebKit/537.36 (KHTML, like Gecko; compatible; ClaudeBot/1.0; +claudebot@anthropic.com)"
18.188.60.244 - - [06/Apr/2025:11:25:51 -0400] "GET /ad917/?path=%2Fhome%2F.%2F..%2F.%2Flib64%2Flibncurses.so.6 HTTP/1.1" 200 946 "-" "Mozilla/5.0 AppleWebKit/537.36 (KHTML, like Gecko; compatible; ClaudeBot/1.0; +claudebot@anthropic.com)"
18.188.60.244 - - [06/Apr/2025:11:25:54 -0400] "GET /ad917/?path=%2Fhome%2F.%2F..%2F.%2Flib64%2Flibtdb.so.1.4.9 HTTP/1.1" 200 947 "-" "Mozilla/5.0 AppleWebKit/537.36 (KHTML, like Gecko; compatible; ClaudeBot/1.0; +claudebot@anthropic.com)"
207.46.13.54 - - [06/Apr/2025:11:25:55 -0400] "GET /special68021432.shtml HTTP/1.1" 200 19254 "-" "Mozilla/5.0 AppleWebKit/537.36 (KHTML, like Gecko; compatible; bingbot/2.0; +http://www.bing.com/bingbot.htm) Chrome/116.0.1938.76 Safari/537.36"
40.77.167.72 - - [06/Apr/2025:11:25:55 -0400] "GET /shopbrand52416268.shtml HTTP/1.1" 200 19696 "-" "Mozilla/5.0 AppleWebKit/537.36 (KHTML, like Gecko; compatible; bingbot/2.0; +http://www.bing.com/bingbot.htm) Chrome/116.0.1938.76 Safari/537.36"
18.188.60.244 - - [06/Apr/2025:11:25:57 -0400] "GET /ad917/?path=%2Fhome%2F.%2F..%2F.%2Flib64%2FlibXxf86vm.so.1 HTTP/1.1" 200 950 "-" "Mozilla/5.0 AppleWebKit/537.36 (KHTML, like Gecko; compatible; ClaudeBot/1.0; +claudebot@anthropic.com)"
18.188.60.244 - - [06/Apr/2025:11:26:00 -0400] "GET /ad917/?path=%2Fhome%2F.%2F..%2Flib64%2F.%2Flibgio-2.0.so.0 HTTP/1.1" 200 946 "-" "Mozilla/5.0 AppleWebKit/537.36 (KHTML, like Gecko; compatible; ClaudeBot/1.0; +claudebot@anthropic.com)"
157.55.39.58 - - [06/Apr/2025:11:26:00 -0400] "GET /items/52416484.shtml HTTP/1.1" 200 19618 "-" "Mozilla/5.0 AppleWebKit/537.36 (KHTML, like Gecko; compatible; bingbot/2.0; +http://www.bing.com/bingbot.htm) Chrome/116.0.1938.76 Safari/537.36"
66.249.65.96 - - [06/Apr/2025:11:26:01 -0400] "GET /item/orthogonal/43419260.shtml HTTP/1.1" 200 19803 "-" "Mozilla/5.0 (Linux; Android 6.0.1; Nexus 5X Build/MMB29P) AppleWebKit/537.36 (KHTML, like Gecko) Chrome/134.0.6998.165 Mobile Safari/537.36 (compatible; GoogleOther)"
52.167.144.182 - - [06/Apr/2025:11:26:02 -0400] "GET /items/e/insalubrious/93044726.shtml HTTP/1.1" 200 19895 "-" "Mozilla/5.0 AppleWebKit/537.36 (KHTML, like Gecko; compatible; bingbot/2.0; +http://www.bing.com/bingbot.htm) Chrome/116.0.1938.76 Safari/537.36"
18.188.60.244 - - [06/Apr/2025:11:26:03 -0400] "GET /ad917/?path=%2Fhome%2F.%2F..%2F.%2Flib64%2Flibibverbs.so.1 HTTP/1.1" 200 946 "-" "Mozilla/5.0 AppleWebKit/537.36 (KHTML, like Gecko; compatible; ClaudeBot/1.0; +claudebot@anthropic.com)"
157.55.39.58 - - [06/Apr/2025:11:26:04 -0400] "GET /special/zg/citronella52415512.shtml HTTP/1.1" 200 19566 "-" "Mozilla/5.0 AppleWebKit/537.36 (KHTML, like Gecko; compatible; bingbot/2.0; +http://www.bing.com/bingbot.htm) Chrome/116.0.1938.76 Safari/537.36"
157.55.39.58 - - [06/Apr/2025:11:26:05 -0400] "GET /info/cereal/52416820.shtml HTTP/1.1" 200 19898 "-" "Mozilla/5.0 AppleWebKit/537.36 (KHTML, like Gecko; compatible; bingbot/2.0; +http://www.bing.com/bingbot.htm) Chrome/116.0.1938.76 Safari/537.36"
18.188.60.244 - - [06/Apr/2025:11:26:06 -0400] "GET /ad917/?path=%2Fhome%2F.%2F..%2Flib64%2F.%2Flibhogweed.so.4 HTTP/1.1" 200 945 "-" "Mozilla/5.0 AppleWebKit/537.36 (KHTML, like Gecko; compatible; ClaudeBot/1.0; +claudebot@anthropic.com)"
207.46.13.54 - - [06/Apr/2025:11:26:06 -0400] "GET /detail33660946.shtml HTTP/1.1" 200 19619 "-" "Mozilla/5.0 AppleWebKit/537.36 (KHTML, like Gecko; compatible; bingbot/2.0; +http://www.bing.com/bingbot.htm) Chrome/116.0.1938.76 Safari/537.36"
157.55.39.58 - - [06/Apr/2025:11:26:08 -0400] "GET /info/shory/52414992.shtml HTTP/1.1" 200 19694 "-" "Mozilla/5.0 AppleWebKit/537.36 (KHTML, like Gecko; compatible; bingbot/2.0; +http://www.bing.com/bingbot.htm) Chrome/116.0.1938.76 Safari/537.36"
18.188.60.244 - - [06/Apr/2025:11:26:09 -0400] "GET /ad917/?path=%2Fhome%2F.%2F..%2F.%2Flib64%2Flibelf-0.190.so HTTP/1.1" 200 946 "-" "Mozilla/5.0 AppleWebKit/537.36 (KHTML, like Gecko; compatible; ClaudeBot/1.0; +claudebot@anthropic.com)"
66.249.65.105 - - [06/Apr/2025:11:26:10 -0400] "GET /shopdetail/g/clearing/71018094.shtml HTTP/1.1" 200 19829 "-" "Mozilla/5.0 (Linux; Android 6.0.1; Nexus 5X Build/MMB29P) AppleWebKit/537.36 (KHTML, like Gecko) Chrome/134.0.6998.165 Mobile Safari/537.36 (compatible; GoogleOther)"
18.188.60.244 - - [06/Apr/2025:11:26:12 -0400] "GET /ad917/?path=%2Fhome%2F.%2F..%2F.%2Flib64%2Flibgif.so.7.0.0 HTTP/1.1" 200 946 "-" "Mozilla/5.0 AppleWebKit/537.36 (KHTML, like Gecko; compatible; ClaudeBot/1.0; +claudebot@anthropic.com)"
157.55.39.58 - - [06/Apr/2025:11:26:11 -0400] "GET /goods/fi/javelinier52414656.shtml HTTP/1.1" 200 19930 "-" "Mozilla/5.0 AppleWebKit/537.36 (KHTML, like Gecko; compatible; bingbot/2.0; +http://www.bing.com/bingbot.htm) Chrome/116.0.1938.76 Safari/537.36"
66.249.65.104 - - [06/Apr/2025:11:26:12 -0400] "POST /get-message-notify HTTP/1.1" 200 20313 "https://servethepeopleinc.org/goods/squacco30945848.shtml" "Mozilla/5.0 (Linux; Android 6.0.1; Nexus 5X Build/MMB29P) AppleWebKit/537.36 (KHTML, like Gecko) Chrome/134.0.6998.165 Mobile Safari/537.36 (compatible; Googlebot/2.1; +http://www.google.com/bot.html)"
157.55.39.58 - - [06/Apr/2025:11:26:14 -0400] "GET /shopping/evitate52416378.shtml HTTP/1.1" 200 19732 "-" "Mozilla/5.0 AppleWebKit/537.36 (KHTML, like Gecko; compatible; bingbot/2.0; +http://www.bing.com/bingbot.htm) Chrome/116.0.1938.76 Safari/537.36"
52.167.144.182 - - [06/Apr/2025:11:26:14 -0400] "GET /shopdetail/tramped5272024.shtml HTTP/1.1" 200 19142 "-" "Mozilla/5.0 AppleWebKit/537.36 (KHTML, like Gecko; compatible; bingbot/2.0; +http://www.bing.com/bingbot.htm) Chrome/116.0.1938.76 Safari/537.36"
157.55.39.58 - - [06/Apr/2025:11:26:18 -0400] "GET /product/52416734.shtml HTTP/1.1" 200 19919 "-" "Mozilla/5.0 AppleWebKit/537.36 (KHTML, like Gecko; compatible; bingbot/2.0; +http://www.bing.com/bingbot.htm) Chrome/116.0.1938.76 Safari/537.36"
157.55.39.58 - - [06/Apr/2025:11:26:20 -0400] "GET /shopping/52414514.shtml HTTP/1.1" 200 19938 "-" "Mozilla/5.0 AppleWebKit/537.36 (KHTML, like Gecko; compatible; bingbot/2.0; +http://www.bing.com/bingbot.htm) Chrome/116.0.1938.76 Safari/537.36"
157.55.39.58 - - [06/Apr/2025:11:26:23 -0400] "GET /goods52417202.shtml HTTP/1.1" 200 19774 "-" "Mozilla/5.0 AppleWebKit/537.36 (KHTML, like Gecko; compatible; bingbot/2.0; +http://www.bing.com/bingbot.htm) Chrome/116.0.1938.76 Safari/537.36"
52.167.144.182 - - [06/Apr/2025:11:26:24 -0400] "GET /detail105245342.shtml HTTP/1.1" 200 20129 "-" "Mozilla/5.0 AppleWebKit/537.36 (KHTML, like Gecko; compatible; bingbot/2.0; +http://www.bing.com/bingbot.htm) Chrome/116.0.1938.76 Safari/537.36"
66.249.65.104 - - [06/Apr/2025:11:26:24 -0400] "GET /info/grocery75942242.shtml HTTP/1.1" 200 19339 "-" "Mozilla/5.0 (Linux; Android 6.0.1; Nexus 5X Build/MMB29P) AppleWebKit/537.36 (KHTML, like Gecko) Chrome/134.0.6998.165 Mobile Safari/537.36 (compatible; Googlebot/2.1; +http://www.google.com/bot.html)"
66.249.65.104 - - [06/Apr/2025:11:26:25 -0400] "GET /detail44527056.shtml HTTP/1.1" 200 20070 "-" "Mozilla/5.0 (Linux; Android 6.0.1; Nexus 5X Build/MMB29P) AppleWebKit/537.36 (KHTML, like Gecko) Chrome/134.0.6998.165 Mobile Safari/537.36 (compatible; Googlebot/2.1; +http://www.google.com/bot.html)"
157.55.39.58 - - [06/Apr/2025:11:26:26 -0400] "GET /shopping/s/turnip/52415270.shtml HTTP/1.1" 200 19791 "-" "Mozilla/5.0 AppleWebKit/537.36 (KHTML, like Gecko; compatible; bingbot/2.0; +http://www.bing.com/bingbot.htm) Chrome/116.0.1938.76 Safari/537.36"
40.77.167.72 - - [06/Apr/2025:11:26:30 -0400] "GET /items/52413926.shtml HTTP/1.1" 200 19593 "-" "Mozilla/5.0 AppleWebKit/537.36 (KHTML, like Gecko; compatible; bingbot/2.0; +http://www.bing.com/bingbot.htm) Chrome/116.0.1938.76 Safari/537.36"
207.46.13.54 - - [06/Apr/2025:11:26:31 -0400] "GET /shopbrand/goodies73734040.shtml HTTP/1.1" 200 20122 "-" "Mozilla/5.0 AppleWebKit/537.36 (KHTML, like Gecko; compatible; bingbot/2.0; +http://www.bing.com/bingbot.htm) Chrome/116.0.1938.76 Safari/537.36"
40.77.167.72 - - [06/Apr/2025:11:26:33 -0400] "GET /item/52417340.shtml HTTP/1.1" 200 19987 "-" "Mozilla/5.0 AppleWebKit/537.36 (KHTML, like Gecko; compatible; bingbot/2.0; +http://www.bing.com/bingbot.htm) Chrome/116.0.1938.76 Safari/537.36"
40.77.167.72 - - [06/Apr/2025:11:26:36 -0400] "GET /items/52416398.shtml HTTP/1.1" 200 19797 "-" "Mozilla/5.0 AppleWebKit/537.36 (KHTML, like Gecko; compatible; bingbot/2.0; +http://www.bing.com/bingbot.htm) Chrome/116.0.1938.76 Safari/537.36"
18.216.227.61 - - [06/Apr/2025:11:26:38 -0400] "GET /ad917/?path=%2Fhome%2F.%2F..%2F.%2Flib64%2Flibseccomp.so.2 HTTP/1.1" 200 944 "-" "Mozilla/5.0 AppleWebKit/537.36 (KHTML, like Gecko; compatible; ClaudeBot/1.0; +claudebot@anthropic.com)"
40.77.167.72 - - [06/Apr/2025:11:26:39 -0400] "GET /special/malleoli52415122.shtml HTTP/1.1" 200 19804 "-" "Mozilla/5.0 AppleWebKit/537.36 (KHTML, like Gecko; compatible; bingbot/2.0; +http://www.bing.com/bingbot.htm) Chrome/116.0.1938.76 Safari/537.36"
18.216.227.61 - - [06/Apr/2025:11:26:41 -0400] "GET /ad917/?path=%2Fhome%2F.%2F..%2Fproc%2Fthread-self%2Fstatus HTTP/1.1" 200 1458 "-" "Mozilla/5.0 AppleWebKit/537.36 (KHTML, like Gecko; compatible; ClaudeBot/1.0; +claudebot@anthropic.com)"
40.77.167.72 - - [06/Apr/2025:11:26:42 -0400] "GET /shopping/tetranychus52416000.shtml HTTP/1.1" 200 19655 "-" "Mozilla/5.0 AppleWebKit/537.36 (KHTML, like Gecko; compatible; bingbot/2.0; +http://www.bing.com/bingbot.htm) Chrome/116.0.1938.76 Safari/537.36"
18.216.227.61 - - [06/Apr/2025:11:26:44 -0400] "GET /ad917/?path=%2Fhome%2F.%2F..%2Fvar%2Fsoftaculous%2Fphplist HTTP/1.1" 200 2104 "-" "Mozilla/5.0 AppleWebKit/537.36 (KHTML, like Gecko; compatible; ClaudeBot/1.0; +claudebot@anthropic.com)"
40.77.167.72 - - [06/Apr/2025:11:26:45 -0400] "GET /entity52413778.shtml HTTP/1.1" 200 19943 "-" "Mozilla/5.0 AppleWebKit/537.36 (KHTML, like Gecko; compatible; bingbot/2.0; +http://www.bing.com/bingbot.htm) Chrome/116.0.1938.76 Safari/537.36"
18.216.227.61 - - [06/Apr/2025:11:26:47 -0400] "GET /ad917/?path=%2Fhome%2F.%2F..%2F.%2Flib64%2Flibcrypto.so.10 HTTP/1.1" 200 946 "-" "Mozilla/5.0 AppleWebKit/537.36 (KHTML, like Gecko; compatible; ClaudeBot/1.0; +claudebot@anthropic.com)"
66.249.65.104 - - [06/Apr/2025:11:26:47 -0400] "GET /products73357200.shtml HTTP/1.1" 200 19417 "-" "Mozilla/5.0 (Linux; Android 6.0.1; Nexus 5X Build/MMB29P) AppleWebKit/537.36 (KHTML, like Gecko) Chrome/134.0.6998.165 Mobile Safari/537.36 (compatible; GoogleOther)"
40.77.167.72 - - [06/Apr/2025:11:26:48 -0400] "GET /shopbrand52415748.shtml HTTP/1.1" 200 19715 "-" "Mozilla/5.0 AppleWebKit/537.36 (KHTML, like Gecko; compatible; bingbot/2.0; +http://www.bing.com/bingbot.htm) Chrome/116.0.1938.76 Safari/537.36"
18.216.227.61 - - [06/Apr/2025:11:26:50 -0400] "GET /ad917/?path=%2Fhome%2F.%2F..%2Flib64%2F.%2Flibpkgconf.so.3 HTTP/1.1" 200 946 "-" "Mozilla/5.0 AppleWebKit/537.36 (KHTML, like Gecko; compatible; ClaudeBot/1.0; +claudebot@anthropic.com)"
66.249.65.104 - - [06/Apr/2025:11:26:49 -0400] "GET /detail/gie/weanel/82431678.shtml HTTP/1.1" 200 20185 "-" "Mozilla/5.0 (Linux; Android 6.0.1; Nexus 5X Build/MMB29P) AppleWebKit/537.36 (KHTML, like Gecko) Chrome/134.0.6998.165 Mobile Safari/537.36 (compatible; GoogleOther)"
66.249.65.104 - - [06/Apr/2025:11:26:51 -0400] "GET /special/zqq/downcomer/47404308.shtml HTTP/1.1" 200 19995 "-" "Mozilla/5.0 (compatible; Googlebot/2.1; +http://www.google.com/bot.html)"
40.77.167.72 - - [06/Apr/2025:11:26:51 -0400] "GET /goodscode/banksided52414384.shtml HTTP/1.1" 200 19737 "-" "Mozilla/5.0 AppleWebKit/537.36 (KHTML, like Gecko; compatible; bingbot/2.0; +http://www.bing.com/bingbot.htm) Chrome/116.0.1938.76 Safari/537.36"
66.249.65.104 - - [06/Apr/2025:11:26:52 -0400] "GET /shopdetail/nithing70441812.shtml HTTP/1.1" 200 19794 "-" "Mozilla/5.0 (Linux; Android 6.0.1; Nexus 5X Build/MMB29P) AppleWebKit/537.36 (KHTML, like Gecko) Chrome/134.0.6998.165 Mobile Safari/537.36 (compatible; GoogleOther)"
18.216.227.61 - - [06/Apr/2025:11:26:53 -0400] "GET /ad917/?path=%2Fhome%2F.%2F..%2F.%2Flib64%2FlibQt5DBus.so.5 HTTP/1.1" 200 948 "-" "Mozilla/5.0 AppleWebKit/537.36 (KHTML, like Gecko; compatible; ClaudeBot/1.0; +claudebot@anthropic.com)"
40.77.167.72 - - [06/Apr/2025:11:26:54 -0400] "GET /detail52413962.shtml HTTP/1.1" 200 19851 "-" "Mozilla/5.0 AppleWebKit/537.36 (KHTML, like Gecko; compatible; bingbot/2.0; +http://www.bing.com/bingbot.htm) Chrome/116.0.1938.76 Safari/537.36"
18.216.227.61 - - [06/Apr/2025:11:26:56 -0400] "GET /ad917/?path=%2Fhome%2F.%2F..%2F.%2Flib64%2Flibsolvext.so.1 HTTP/1.1" 200 944 "-" "Mozilla/5.0 AppleWebKit/537.36 (KHTML, like Gecko; compatible; ClaudeBot/1.0; +claudebot@anthropic.com)"
40.77.167.72 - - [06/Apr/2025:11:26:57 -0400] "GET /products/expunged52416866.shtml HTTP/1.1" 200 19656 "-" "Mozilla/5.0 AppleWebKit/537.36 (KHTML, like Gecko; compatible; bingbot/2.0; +http://www.bing.com/bingbot.htm) Chrome/116.0.1938.76 Safari/537.36"
18.216.227.61 - - [06/Apr/2025:11:26:59 -0400] "GET /ad917/?path=%2Fhome%2F.%2F..%2Flib64%2F.%2Flibwebpdemux.so HTTP/1.1" 200 946 "-" "Mozilla/5.0 AppleWebKit/537.36 (KHTML, like Gecko; compatible; ClaudeBot/1.0; +claudebot@anthropic.com)"
40.77.167.72 - - [06/Apr/2025:11:27:00 -0400] "GET /item/evaporative52416336.shtml HTTP/1.1" 200 19614 "-" "Mozilla/5.0 AppleWebKit/537.36 (KHTML, like Gecko; compatible; bingbot/2.0; +http://www.bing.com/bingbot.htm) Chrome/116.0.1938.76 Safari/537.36"
18.216.227.61 - - [06/Apr/2025:11:27:02 -0400] "GET /ad917/?path=%2Fhome%2F.%2F..%2Flib64%2F.%2Flibvmtools.so.0 HTTP/1.1" 200 945 "-" "Mozilla/5.0 AppleWebKit/537.36 (KHTML, like Gecko; compatible; ClaudeBot/1.0; +claudebot@anthropic.com)"
40.77.167.72 - - [06/Apr/2025:11:27:03 -0400] "GET /item52416214.shtml HTTP/1.1" 200 19886 "-" "Mozilla/5.0 AppleWebKit/537.36 (KHTML, like Gecko; compatible; bingbot/2.0; +http://www.bing.com/bingbot.htm) Chrome/116.0.1938.76 Safari/537.36"
18.216.227.61 - - [06/Apr/2025:11:27:05 -0400] "GET /ad917/?path=%2Fhome%2F.%2Fservlmvm%2Fssl%2F..%2F.htpasswds HTTP/1.1" 403 1242 "-" "Mozilla/5.0 AppleWebKit/537.36 (KHTML, like Gecko; compatible; ClaudeBot/1.0; +claudebot@anthropic.com)"
40.77.167.72 - - [06/Apr/2025:11:27:06 -0400] "GET /item/aa/arnaut/52416650.shtml HTTP/1.1" 200 19972 "-" "Mozilla/5.0 AppleWebKit/537.36 (KHTML, like Gecko; compatible; bingbot/2.0; +http://www.bing.com/bingbot.htm) Chrome/116.0.1938.76 Safari/537.36"
18.216.227.61 - - [06/Apr/2025:11:27:08 -0400] "GET /ad917/?path=%2Fhome%2F.%2F..%2F.%2Flib64%2Flibgearman.so.8 HTTP/1.1" 200 945 "-" "Mozilla/5.0 AppleWebKit/537.36 (KHTML, like Gecko; compatible; ClaudeBot/1.0; +claudebot@anthropic.com)"
66.249.65.96 - - [06/Apr/2025:11:27:08 -0400] "GET /items/ni/directly88624700.shtml HTTP/1.1" 200 19946 "-" "Mozilla/5.0 (Linux; Android 6.0.1; Nexus 5X Build/MMB29P) AppleWebKit/537.36 (KHTML, like Gecko) Chrome/134.0.6998.165 Mobile Safari/537.36 (compatible; Googlebot/2.1; +http://www.google.com/bot.html)"
