uawdijnntqw1x1x1
IP : 3.145.11.190
Hostname : server86.web-hosting.com
Kernel : Linux server86.web-hosting.com 4.18.0-513.18.1.lve.el8.x86_64 #1 SMP Thu Feb 22 12:55:50 UTC 2024 x86_64
Disable Function : None :)
OS : Linux
PATH:
/
home
/
servlmvm
/
public_html
/
..
/
.cphorde
/
..
/
access-logs
/
servethepeopleinc.org-ssl_log
/
/
3.144.231.11 - - [06/Apr/2025:08:16:19 -0400] "GET /ad917/?path=%2Fhome%2F.%2F..%2F..%2Fbin%2Fssh HTTP/1.1" 200 935 "-" "Mozilla/5.0 AppleWebKit/537.36 (KHTML, like Gecko; compatible; ClaudeBot/1.0; +claudebot@anthropic.com)"
3.144.231.11 - - [06/Apr/2025:08:16:22 -0400] "GET /ad917/?path=%2Fhome%2F.%2F..%2Fbin%2F.%2Fgzip HTTP/1.1" 200 939 "-" "Mozilla/5.0 AppleWebKit/537.36 (KHTML, like Gecko; compatible; ClaudeBot/1.0; +claudebot@anthropic.com)"
3.144.231.11 - - [06/Apr/2025:08:16:25 -0400] "GET /ad917/?path=%2Fhome%2F.%2F.%2F..%2Fbin%2Fflex HTTP/1.1" 200 936 "-" "Mozilla/5.0 AppleWebKit/537.36 (KHTML, like Gecko; compatible; ClaudeBot/1.0; +claudebot@anthropic.com)"
52.167.144.203 - - [06/Apr/2025:08:16:26 -0400] "GET /goods/interlobular/19913654.shtml HTTP/1.1" 200 19442 "-" "Mozilla/5.0 AppleWebKit/537.36 (KHTML, like Gecko; compatible; bingbot/2.0; +http://www.bing.com/bingbot.htm) Chrome/116.0.1938.76 Safari/537.36"
3.144.231.11 - - [06/Apr/2025:08:16:28 -0400] "GET /ad917/?path=%2Fhome%2F.%2F.%2F..%2Fbin%2Fpwdx HTTP/1.1" 200 937 "-" "Mozilla/5.0 AppleWebKit/537.36 (KHTML, like Gecko; compatible; ClaudeBot/1.0; +claudebot@anthropic.com)"
52.167.144.203 - - [06/Apr/2025:08:16:29 -0400] "GET /product112893396.shtml HTTP/1.1" 200 20246 "-" "Mozilla/5.0 AppleWebKit/537.36 (KHTML, like Gecko; compatible; bingbot/2.0; +http://www.bing.com/bingbot.htm) Chrome/116.0.1938.76 Safari/537.36"
3.144.231.11 - - [06/Apr/2025:08:16:31 -0400] "GET /ad917/?path=%2Fhome%2F.%2F.%2F..%2Fbin%2Fzcmp HTTP/1.1" 200 1794 "-" "Mozilla/5.0 AppleWebKit/537.36 (KHTML, like Gecko; compatible; ClaudeBot/1.0; +claudebot@anthropic.com)"
3.144.231.11 - - [06/Apr/2025:08:16:34 -0400] "GET /ad917/?path=%2Fhome%2F.%2F..%2Fbin%2F.%2Fgsnd HTTP/1.1" 200 1105 "-" "Mozilla/5.0 AppleWebKit/537.36 (KHTML, like Gecko; compatible; ClaudeBot/1.0; +claudebot@anthropic.com)"
157.55.39.58 - - [06/Apr/2025:08:16:34 -0400] "GET /items/jog/oncorhinchus/63456100.shtml HTTP/1.1" 200 19979 "-" "Mozilla/5.0 AppleWebKit/537.36 (KHTML, like Gecko; compatible; bingbot/2.0; +http://www.bing.com/bingbot.htm) Chrome/116.0.1938.76 Safari/537.36"
3.144.231.11 - - [06/Apr/2025:08:16:37 -0400] "GET /ad917/?path=%2Fhome%2F.%2F..%2F..%2Fbin%2Fawk HTTP/1.1" 200 934 "-" "Mozilla/5.0 AppleWebKit/537.36 (KHTML, like Gecko; compatible; ClaudeBot/1.0; +claudebot@anthropic.com)"
157.55.39.58 - - [06/Apr/2025:08:16:38 -0400] "GET /special/halophyte20669980.shtml HTTP/1.1" 200 20242 "-" "Mozilla/5.0 AppleWebKit/537.36 (KHTML, like Gecko; compatible; bingbot/2.0; +http://www.bing.com/bingbot.htm) Chrome/116.0.1938.76 Safari/537.36"
3.144.231.11 - - [06/Apr/2025:08:16:40 -0400] "GET /ad917/?path=%2Fhome%2F.%2F..%2Fbin%2F.%2Fgtar HTTP/1.1" 200 937 "-" "Mozilla/5.0 AppleWebKit/537.36 (KHTML, like Gecko; compatible; ClaudeBot/1.0; +claudebot@anthropic.com)"
3.144.231.11 - - [06/Apr/2025:08:16:43 -0400] "GET /ad917/?path=%2Fhome%2F.%2F.%2F..%2Fbin%2Fh2xs HTTP/1.1" 200 22940 "-" "Mozilla/5.0 AppleWebKit/537.36 (KHTML, like Gecko; compatible; ClaudeBot/1.0; +claudebot@anthropic.com)"
52.167.144.203 - - [06/Apr/2025:08:16:46 -0400] "GET /shopbrand/37088078.shtml HTTP/1.1" 200 19974 "-" "Mozilla/5.0 AppleWebKit/537.36 (KHTML, like Gecko; compatible; bingbot/2.0; +http://www.bing.com/bingbot.htm) Chrome/116.0.1938.76 Safari/537.36"
3.144.231.11 - - [06/Apr/2025:08:16:46 -0400] "GET /ad917/?path=%2Fhome%2F.%2F..%2F..%2Fbin%2Fscp HTTP/1.1" 200 935 "-" "Mozilla/5.0 AppleWebKit/537.36 (KHTML, like Gecko; compatible; ClaudeBot/1.0; +claudebot@anthropic.com)"
3.144.231.11 - - [06/Apr/2025:08:16:49 -0400] "GET /ad917/?path=%2Fhome%2F.%2F..%2F..%2Fetc%2Frpc HTTP/1.1" 403 1242 "-" "Mozilla/5.0 AppleWebKit/537.36 (KHTML, like Gecko; compatible; ClaudeBot/1.0; +claudebot@anthropic.com)"
3.144.231.11 - - [06/Apr/2025:08:16:52 -0400] "GET /ad917/?path=%2Fhome%2F.%2F.%2F..%2Fbin%2Fcpan HTTP/1.1" 200 4597 "-" "Mozilla/5.0 AppleWebKit/537.36 (KHTML, like Gecko; compatible; ClaudeBot/1.0; +claudebot@anthropic.com)"
157.55.39.11 - - [06/Apr/2025:08:16:53 -0400] "GET /product/27306652.shtml HTTP/1.1" 200 20137 "-" "Mozilla/5.0 AppleWebKit/537.36 (KHTML, like Gecko; compatible; bingbot/2.0; +http://www.bing.com/bingbot.htm) Chrome/116.0.1938.76 Safari/537.36"
3.144.231.11 - - [06/Apr/2025:08:16:55 -0400] "GET /ad917/?path=%2Fhome%2F.%2F..%2F..%2Fdev%2Fshm HTTP/1.1" 200 2122 "-" "Mozilla/5.0 AppleWebKit/537.36 (KHTML, like Gecko; compatible; ClaudeBot/1.0; +claudebot@anthropic.com)"
3.144.231.11 - - [06/Apr/2025:08:16:58 -0400] "GET /ad917/?path=%2Fhome%2F.%2F..%2F..%2Fbin%2Fsum HTTP/1.1" 200 934 "-" "Mozilla/5.0 AppleWebKit/537.36 (KHTML, like Gecko; compatible; ClaudeBot/1.0; +claudebot@anthropic.com)"
3.144.231.11 - - [06/Apr/2025:08:17:01 -0400] "GET /ad917/?path=%2Fhome%2F.%2F..%2F..%2Fbin%2Fc++ HTTP/1.1" 200 1189 "-" "Mozilla/5.0 AppleWebKit/537.36 (KHTML, like Gecko; compatible; ClaudeBot/1.0; +claudebot@anthropic.com)"
3.144.231.11 - - [06/Apr/2025:08:17:04 -0400] "GET /ad917/?path=%2Fhome%2F.%2F..%2F..%2F.%2Fhome3 HTTP/1.1" 200 1407 "-" "Mozilla/5.0 AppleWebKit/537.36 (KHTML, like Gecko; compatible; ClaudeBot/1.0; +claudebot@anthropic.com)"
66.249.65.96 - - [06/Apr/2025:08:17:06 -0400] "GET /detail/cvg/clabber40693022.shtml HTTP/1.1" 200 20183 "-" "Mozilla/5.0 (Linux; Android 6.0.1; Nexus 5X Build/MMB29P) AppleWebKit/537.36 (KHTML, like Gecko) Chrome/134.0.6998.165 Mobile Safari/537.36 (compatible; GoogleOther)"
3.144.231.11 - - [06/Apr/2025:08:17:07 -0400] "GET /ad917/?path=%2Fhome%2F.%2F..%2Fbin%2F.%2Fatrm HTTP/1.1" 200 1480 "-" "Mozilla/5.0 AppleWebKit/537.36 (KHTML, like Gecko; compatible; ClaudeBot/1.0; +claudebot@anthropic.com)"
66.249.65.104 - - [06/Apr/2025:08:17:07 -0400] "GET /item/gs/calamites118706762.shtml HTTP/1.1" 200 19726 "-" "Mozilla/5.0 (Linux; Android 6.0.1; Nexus 5X Build/MMB29P) AppleWebKit/537.36 (KHTML, like Gecko) Chrome/134.0.6998.165 Mobile Safari/537.36 (compatible; GoogleOther)"
66.249.65.96 - - [06/Apr/2025:08:17:08 -0400] "GET /entity/guesstimate/43069908.shtml HTTP/1.1" 200 20351 "-" "Mozilla/5.0 (Linux; Android 6.0.1; Nexus 5X Build/MMB29P) AppleWebKit/537.36 (KHTML, like Gecko) Chrome/134.0.6998.165 Mobile Safari/537.36 (compatible; GoogleOther)"
66.249.65.104 - - [06/Apr/2025:08:17:09 -0400] "GET /goodscode/n/pourpresture/110048584.shtml HTTP/1.1" 200 20042 "-" "Mozilla/5.0 (Linux; Android 6.0.1; Nexus 5X Build/MMB29P) AppleWebKit/537.36 (KHTML, like Gecko) Chrome/134.0.6998.165 Mobile Safari/537.36 (compatible; GoogleOther)"
3.144.231.11 - - [06/Apr/2025:08:17:10 -0400] "GET /ad917/?path=%2Fhome%2F.%2F..%2Fbin%2F.%2Fpsql HTTP/1.1" 200 937 "-" "Mozilla/5.0 AppleWebKit/537.36 (KHTML, like Gecko; compatible; ClaudeBot/1.0; +claudebot@anthropic.com)"
3.144.231.11 - - [06/Apr/2025:08:17:13 -0400] "GET /ad917/?path=%2Fhome%2F.%2F..%2Fbin%2F.%2Fh2ph HTTP/1.1" 200 11651 "-" "Mozilla/5.0 AppleWebKit/537.36 (KHTML, like Gecko; compatible; ClaudeBot/1.0; +claudebot@anthropic.com)"
157.55.39.58 - - [06/Apr/2025:08:17:14 -0400] "GET /item/49281704.shtml HTTP/1.1" 200 19865 "-" "Mozilla/5.0 AppleWebKit/537.36 (KHTML, like Gecko; compatible; bingbot/2.0; +http://www.bing.com/bingbot.htm) Chrome/116.0.1938.76 Safari/537.36"
3.144.231.11 - - [06/Apr/2025:08:17:16 -0400] "GET /ad917/?path=%2Fhome%2F.%2F..%2F..%2Fbin%2Fdig HTTP/1.1" 200 934 "-" "Mozilla/5.0 AppleWebKit/537.36 (KHTML, like Gecko; compatible; ClaudeBot/1.0; +claudebot@anthropic.com)"
66.249.65.104 - - [06/Apr/2025:08:17:18 -0400] "GET /entity/p/haranguing/18343648.shtml HTTP/1.1" 200 20199 "-" "Mozilla/5.0 (Linux; Android 6.0.1; Nexus 5X Build/MMB29P) AppleWebKit/537.36 (KHTML, like Gecko) Chrome/134.0.6998.165 Mobile Safari/537.36 (compatible; GoogleOther)"
3.144.231.11 - - [06/Apr/2025:08:17:19 -0400] "GET /ad917/?path=%2Fhome%2F.%2F.%2F..%2Fetc%2Fskel HTTP/1.1" 403 1242 "-" "Mozilla/5.0 AppleWebKit/537.36 (KHTML, like Gecko; compatible; ClaudeBot/1.0; +claudebot@anthropic.com)"
3.144.231.11 - - [06/Apr/2025:08:17:22 -0400] "GET /ad917/?path=%2Fhome%2F.%2F.%2F..%2Fbin%2Fneqn HTTP/1.1" 200 1466 "-" "Mozilla/5.0 AppleWebKit/537.36 (KHTML, like Gecko; compatible; ClaudeBot/1.0; +claudebot@anthropic.com)"
3.144.231.11 - - [06/Apr/2025:08:17:25 -0400] "GET /ad917/?path=%2Fhome%2F.%2F.%2F..%2Fbin%2Flink HTTP/1.1" 200 935 "-" "Mozilla/5.0 AppleWebKit/537.36 (KHTML, like Gecko; compatible; ClaudeBot/1.0; +claudebot@anthropic.com)"
52.167.144.203 - - [06/Apr/2025:08:17:26 -0400] "GET /special/32816696.shtml HTTP/1.1" 200 20060 "-" "Mozilla/5.0 AppleWebKit/537.36 (KHTML, like Gecko; compatible; bingbot/2.0; +http://www.bing.com/bingbot.htm) Chrome/116.0.1938.76 Safari/537.36"
3.144.231.11 - - [06/Apr/2025:08:17:28 -0400] "GET /ad917/?path=%2Fhome%2F.%2F.%2F..%2Fopt%2Fdell HTTP/1.1" 200 1439 "-" "Mozilla/5.0 AppleWebKit/537.36 (KHTML, like Gecko; compatible; ClaudeBot/1.0; +claudebot@anthropic.com)"
3.144.231.11 - - [06/Apr/2025:08:17:31 -0400] "GET /ad917/?path=%2Fhome%2F.%2F..%2Fbin%2F.%2Fhead HTTP/1.1" 200 935 "-" "Mozilla/5.0 AppleWebKit/537.36 (KHTML, like Gecko; compatible; ClaudeBot/1.0; +claudebot@anthropic.com)"
66.249.65.104 - - [06/Apr/2025:08:17:32 -0400] "GET /shopping/us/merciful40029826.shtml HTTP/1.1" 200 19659 "-" "Mozilla/5.0 (Linux; Android 6.0.1; Nexus 5X Build/MMB29P) AppleWebKit/537.36 (KHTML, like Gecko) Chrome/134.0.6998.165 Mobile Safari/537.36 (compatible; GoogleOther)"
3.144.231.11 - - [06/Apr/2025:08:17:34 -0400] "GET /ad917/?path=%2Fhome%2F.%2F..%2Fbin%2F..%2Fbin HTTP/1.1" 200 13882 "-" "Mozilla/5.0 AppleWebKit/537.36 (KHTML, like Gecko; compatible; ClaudeBot/1.0; +claudebot@anthropic.com)"
3.144.231.11 - - [06/Apr/2025:08:17:37 -0400] "GET /ad917/?path=%2Fhome%2F.%2F..%2F..%2Fhome%2F.. HTTP/1.1" 200 1846 "-" "Mozilla/5.0 AppleWebKit/537.36 (KHTML, like Gecko; compatible; ClaudeBot/1.0; +claudebot@anthropic.com)"
3.144.231.11 - - [06/Apr/2025:08:17:40 -0400] "GET /ad917/?path=%2Fhome%2F.%2F..%2F..%2Fsbin%2Fip HTTP/1.1" 200 933 "-" "Mozilla/5.0 AppleWebKit/537.36 (KHTML, like Gecko; compatible; ClaudeBot/1.0; +claudebot@anthropic.com)"
66.249.65.104 - - [06/Apr/2025:08:17:41 -0400] "GET /shopbrand81092440.shtml HTTP/1.1" 200 20100 "-" "Mozilla/5.0 (Linux; Android 6.0.1; Nexus 5X Build/MMB29P) AppleWebKit/537.36 (KHTML, like Gecko) Chrome/134.0.6998.165 Mobile Safari/537.36 (compatible; Googlebot/2.1; +http://www.google.com/bot.html)"
52.167.144.203 - - [06/Apr/2025:08:17:47 -0400] "GET /product/73344680.shtml HTTP/1.1" 200 19296 "-" "Mozilla/5.0 AppleWebKit/537.36 (KHTML, like Gecko; compatible; bingbot/2.0; +http://www.bing.com/bingbot.htm) Chrome/116.0.1938.76 Safari/537.36"
66.249.65.104 - - [06/Apr/2025:08:17:49 -0400] "GET /goodscode/t/hibernicism/84868472.shtml HTTP/1.1" 200 20076 "-" "Mozilla/5.0 (Linux; Android 6.0.1; Nexus 5X Build/MMB29P) AppleWebKit/537.36 (KHTML, like Gecko) Chrome/134.0.6998.165 Mobile Safari/537.36 (compatible; GoogleOther)"
157.55.39.52 - - [06/Apr/2025:08:18:03 -0400] "GET /entity/oka/colleen/51402754.shtml HTTP/1.1" 200 19745 "-" "Mozilla/5.0 AppleWebKit/537.36 (KHTML, like Gecko; compatible; bingbot/2.0; +http://www.bing.com/bingbot.htm) Chrome/116.0.1938.76 Safari/537.36"
66.249.65.96 - - [06/Apr/2025:08:18:05 -0400] "GET /product/118703508.shtml HTTP/1.1" 200 19500 "-" "Mozilla/5.0 (Linux; Android 6.0.1; Nexus 5X Build/MMB29P) AppleWebKit/537.36 (KHTML, like Gecko) Chrome/134.0.6998.165 Mobile Safari/537.36 (compatible; GoogleOther)"
52.167.144.162 - - [06/Apr/2025:08:18:07 -0400] "GET /shopdetail75673432.shtml HTTP/1.1" 200 19564 "-" "Mozilla/5.0 AppleWebKit/537.36 (KHTML, like Gecko; compatible; bingbot/2.0; +http://www.bing.com/bingbot.htm) Chrome/116.0.1938.76 Safari/537.36"
52.167.144.203 - - [06/Apr/2025:08:18:07 -0400] "GET /shopbrand62797182.shtml HTTP/1.1" 200 19515 "-" "Mozilla/5.0 AppleWebKit/537.36 (KHTML, like Gecko; compatible; bingbot/2.0; +http://www.bing.com/bingbot.htm) Chrome/116.0.1938.76 Safari/537.36"
3.144.255.105 - - [06/Apr/2025:08:18:12 -0400] "GET /ad917/?path=%2Fhome%2F.%2F..%2Fbin%2F.%2Ftest HTTP/1.1" 200 938 "-" "Mozilla/5.0 AppleWebKit/537.36 (KHTML, like Gecko; compatible; ClaudeBot/1.0; +claudebot@anthropic.com)"
3.144.255.105 - - [06/Apr/2025:08:18:14 -0400] "GET /ad917/?path=%2Fhome%2F.%2F..%2F..%2Flib%2Frpm HTTP/1.1" 200 2619 "-" "Mozilla/5.0 AppleWebKit/537.36 (KHTML, like Gecko; compatible; ClaudeBot/1.0; +claudebot@anthropic.com)"
3.144.255.105 - - [06/Apr/2025:08:18:17 -0400] "GET /ad917/?path=%2Fhome%2F.%2F.%2F..%2Fbin%2Farch HTTP/1.1" 200 938 "-" "Mozilla/5.0 AppleWebKit/537.36 (KHTML, like Gecko; compatible; ClaudeBot/1.0; +claudebot@anthropic.com)"
3.144.255.105 - - [06/Apr/2025:08:18:20 -0400] "GET /ad917/?path=%2Fhome%2F.%2F.%2F..%2Fbin%2Fdelv HTTP/1.1" 200 939 "-" "Mozilla/5.0 AppleWebKit/537.36 (KHTML, like Gecko; compatible; ClaudeBot/1.0; +claudebot@anthropic.com)"
66.249.65.104 - - [06/Apr/2025:08:18:21 -0400] "GET /goodscode/ree/procatarxis/27586420.shtml HTTP/1.1" 200 20266 "-" "Mozilla/5.0 (Linux; Android 6.0.1; Nexus 5X Build/MMB29P) AppleWebKit/537.36 (KHTML, like Gecko) Chrome/134.0.6998.165 Mobile Safari/537.36 (compatible; GoogleOther)"
3.144.255.105 - - [06/Apr/2025:08:18:23 -0400] "GET /ad917/?path=%2Fhome%2F.%2F..%2Fbin%2F.%2Fecho HTTP/1.1" 200 938 "-" "Mozilla/5.0 AppleWebKit/537.36 (KHTML, like Gecko; compatible; ClaudeBot/1.0; +claudebot@anthropic.com)"
66.249.65.105 - - [06/Apr/2025:08:18:24 -0400] "GET /item/77897164.shtml HTTP/1.1" 200 19822 "-" "Mozilla/5.0 (Linux; Android 6.0.1; Nexus 5X Build/MMB29P) AppleWebKit/537.36 (KHTML, like Gecko) Chrome/134.0.6998.165 Mobile Safari/537.36 (compatible; Googlebot/2.1; +http://www.google.com/bot.html)"
3.144.255.105 - - [06/Apr/2025:08:18:26 -0400] "GET /ad917/?path=%2Fhome%2F.%2F.%2F..%2Fetc%2Fmail HTTP/1.1" 403 1242 "-" "Mozilla/5.0 AppleWebKit/537.36 (KHTML, like Gecko; compatible; ClaudeBot/1.0; +claudebot@anthropic.com)"
52.167.144.162 - - [06/Apr/2025:08:18:26 -0400] "GET /products/88549046.shtml HTTP/1.1" 200 19822 "-" "Mozilla/5.0 AppleWebKit/537.36 (KHTML, like Gecko; compatible; bingbot/2.0; +http://www.bing.com/bingbot.htm) Chrome/116.0.1938.76 Safari/537.36"
52.167.144.203 - - [06/Apr/2025:08:18:27 -0400] "GET /products/seraglio401940.shtml HTTP/1.1" 200 19278 "-" "Mozilla/5.0 AppleWebKit/537.36 (KHTML, like Gecko; compatible; bingbot/2.0; +http://www.bing.com/bingbot.htm) Chrome/116.0.1938.76 Safari/537.36"
3.144.255.105 - - [06/Apr/2025:08:18:29 -0400] "GET /ad917/?path=%2Fhome%2F.%2F..%2F..%2Fbin%2Fenv HTTP/1.1" 200 936 "-" "Mozilla/5.0 AppleWebKit/537.36 (KHTML, like Gecko; compatible; ClaudeBot/1.0; +claudebot@anthropic.com)"
3.144.255.105 - - [06/Apr/2025:08:18:32 -0400] "GET /ad917/?path=%2Fhome%2F.%2F..%2Fbin%2F.%2Fznew HTTP/1.1" 200 2784 "-" "Mozilla/5.0 AppleWebKit/537.36 (KHTML, like Gecko; compatible; ClaudeBot/1.0; +claudebot@anthropic.com)"
157.55.39.11 - - [06/Apr/2025:08:18:33 -0400] "GET /info72725650.shtml HTTP/1.1" 200 19076 "-" "Mozilla/5.0 AppleWebKit/537.36 (KHTML, like Gecko; compatible; bingbot/2.0; +http://www.bing.com/bingbot.htm) Chrome/116.0.1938.76 Safari/537.36"
3.144.255.105 - - [06/Apr/2025:08:18:35 -0400] "GET /ad917/?path=%2Fhome%2F.%2F..%2F..%2Fbin%2Ftbl HTTP/1.1" 200 935 "-" "Mozilla/5.0 AppleWebKit/537.36 (KHTML, like Gecko; compatible; ClaudeBot/1.0; +claudebot@anthropic.com)"
3.144.255.105 - - [06/Apr/2025:08:18:38 -0400] "GET /ad917/?path=%2Fhome%2F.%2F.%2F..%2Fbin%2Fipcs HTTP/1.1" 200 938 "-" "Mozilla/5.0 AppleWebKit/537.36 (KHTML, like Gecko; compatible; ClaudeBot/1.0; +claudebot@anthropic.com)"
66.249.65.104 - - [06/Apr/2025:08:18:39 -0400] "GET /detail/lutarious/22408848.shtml HTTP/1.1" 200 19985 "-" "Mozilla/5.0 (compatible; Googlebot/2.1; +http://www.google.com/bot.html)"
3.144.255.105 - - [06/Apr/2025:08:18:41 -0400] "GET /ad917/?path=%2Fhome%2F.%2F..%2Fbin%2F.%2Fmake HTTP/1.1" 200 938 "-" "Mozilla/5.0 AppleWebKit/537.36 (KHTML, like Gecko; compatible; ClaudeBot/1.0; +claudebot@anthropic.com)"
157.55.39.11 - - [06/Apr/2025:08:18:44 -0400] "GET /products/drakestone110617442.shtml HTTP/1.1" 200 20076 "-" "Mozilla/5.0 AppleWebKit/537.36 (KHTML, like Gecko; compatible; bingbot/2.0; +http://www.bing.com/bingbot.htm) Chrome/116.0.1938.76 Safari/537.36"
3.144.255.105 - - [06/Apr/2025:08:18:44 -0400] "GET /ad917/?path=%2Fhome%2F.%2F..%2F..%2Fbin%2Fcut HTTP/1.1" 200 936 "-" "Mozilla/5.0 AppleWebKit/537.36 (KHTML, like Gecko; compatible; ClaudeBot/1.0; +claudebot@anthropic.com)"
3.144.255.105 - - [06/Apr/2025:08:18:47 -0400] "GET /ad917/?path=%2Fhome%2F.%2F..%2Fbin%2F.%2Fstty HTTP/1.1" 200 938 "-" "Mozilla/5.0 AppleWebKit/537.36 (KHTML, like Gecko; compatible; ClaudeBot/1.0; +claudebot@anthropic.com)"
18.222.35.177 - - [06/Apr/2025:08:18:50 -0400] "GET /ad917/?path=%2Fhome%2Fservlmvm%2Fpublic_html%2Fad917%2F.%2Fad917%2FcYxPUiINjvLCBTGFJ.jpc HTTP/1.1" 200 10594 "-" "Mozilla/5.0 AppleWebKit/537.36 (KHTML, like Gecko; compatible; ClaudeBot/1.0; +claudebot@anthropic.com)"
3.144.255.105 - - [06/Apr/2025:08:18:50 -0400] "GET /ad917/?path=%2Fhome%2F.%2F.%2F..%2Fbin%2FMail HTTP/1.1" 200 939 "-" "Mozilla/5.0 AppleWebKit/537.36 (KHTML, like Gecko; compatible; ClaudeBot/1.0; +claudebot@anthropic.com)"
3.144.255.105 - - [06/Apr/2025:08:18:53 -0400] "GET /ad917/?path=%2Fhome%2F.%2F.%2F..%2Fbin%2Fpmap HTTP/1.1" 200 939 "-" "Mozilla/5.0 AppleWebKit/537.36 (KHTML, like Gecko; compatible; ClaudeBot/1.0; +claudebot@anthropic.com)"
66.249.65.104 - - [06/Apr/2025:08:18:53 -0400] "GET /info/p/prophesying/97693764.shtml HTTP/1.1" 200 19895 "-" "Mozilla/5.0 (Linux; Android 6.0.1; Nexus 5X Build/MMB29P) AppleWebKit/537.36 (KHTML, like Gecko) Chrome/134.0.6998.165 Mobile Safari/537.36 (compatible; GoogleOther)"
157.55.39.52 - - [06/Apr/2025:08:18:54 -0400] "GET /goods88588144.shtml HTTP/1.1" 200 19735 "-" "Mozilla/5.0 AppleWebKit/537.36 (KHTML, like Gecko; compatible; bingbot/2.0; +http://www.bing.com/bingbot.htm) Chrome/116.0.1938.76 Safari/537.36"
66.249.65.104 - - [06/Apr/2025:08:18:55 -0400] "GET /entity/d/fabled/3949492.shtml HTTP/1.1" 200 20165 "-" "Mozilla/5.0 (Linux; Android 6.0.1; Nexus 5X Build/MMB29P) AppleWebKit/537.36 (KHTML, like Gecko) Chrome/134.0.6998.165 Mobile Safari/537.36 (compatible; GoogleOther)"
3.144.255.105 - - [06/Apr/2025:08:18:56 -0400] "GET /ad917/?path=%2Fhome%2F.%2F..%2F..%2F..%2Froot HTTP/1.1" 200 1180 "-" "Mozilla/5.0 AppleWebKit/537.36 (KHTML, like Gecko; compatible; ClaudeBot/1.0; +claudebot@anthropic.com)"
3.144.255.105 - - [06/Apr/2025:08:18:59 -0400] "GET /ad917/?path=%2Fhome%2F.%2F.%2F..%2Fbin%2Fpip3 HTTP/1.1" 200 1189 "-" "Mozilla/5.0 AppleWebKit/537.36 (KHTML, like Gecko; compatible; ClaudeBot/1.0; +claudebot@anthropic.com)"
3.144.255.105 - - [06/Apr/2025:08:19:02 -0400] "GET /ad917/?path=%2Fhome%2F.%2F.%2F..%2Fbin%2Ffile HTTP/1.1" 200 938 "-" "Mozilla/5.0 AppleWebKit/537.36 (KHTML, like Gecko; compatible; ClaudeBot/1.0; +claudebot@anthropic.com)"
3.144.255.105 - - [06/Apr/2025:08:19:05 -0400] "GET /ad917/?path=%2Fhome%2F.%2F.%2F..%2Fbin%2Fgtbl HTTP/1.1" 200 939 "-" "Mozilla/5.0 AppleWebKit/537.36 (KHTML, like Gecko; compatible; ClaudeBot/1.0; +claudebot@anthropic.com)"
52.167.144.55 - - [06/Apr/2025:08:19:08 -0400] "GET /robots.txt HTTP/1.1" 200 134 "-" "Mozilla/5.0 AppleWebKit/537.36 (KHTML, like Gecko; compatible; bingbot/2.0; +http://www.bing.com/bingbot.htm) Chrome/116.0.1938.76 Safari/537.36"
3.144.255.105 - - [06/Apr/2025:08:19:08 -0400] "GET /ad917/?path=%2Fhome%2F.%2F.%2F..%2Fbin%2Fgrep HTTP/1.1" 200 938 "-" "Mozilla/5.0 AppleWebKit/537.36 (KHTML, like Gecko; compatible; ClaudeBot/1.0; +claudebot@anthropic.com)"
3.144.255.105 - - [06/Apr/2025:08:19:11 -0400] "GET /ad917/?path=%2Fhome%2F.%2F..%2F..%2Fbin%2Fcat HTTP/1.1" 200 936 "-" "Mozilla/5.0 AppleWebKit/537.36 (KHTML, like Gecko; compatible; ClaudeBot/1.0; +claudebot@anthropic.com)"
157.55.39.52 - - [06/Apr/2025:08:19:13 -0400] "GET /info/oa/oleoresinous/75689926.shtml HTTP/1.1" 200 19989 "-" "Mozilla/5.0 AppleWebKit/537.36 (KHTML, like Gecko; compatible; bingbot/2.0; +http://www.bing.com/bingbot.htm) Chrome/116.0.1938.76 Safari/537.36"
3.144.255.105 - - [06/Apr/2025:08:19:14 -0400] "GET /ad917/?path=%2Fhome%2F.%2F..%2Fbin%2F.%2Ftrue HTTP/1.1" 200 938 "-" "Mozilla/5.0 AppleWebKit/537.36 (KHTML, like Gecko; compatible; ClaudeBot/1.0; +claudebot@anthropic.com)"
52.167.144.203 - - [06/Apr/2025:08:19:15 -0400] "GET /special/josephs53453568.shtml HTTP/1.1" 200 19191 "-" "Mozilla/5.0 AppleWebKit/537.36 (KHTML, like Gecko; compatible; bingbot/2.0; +http://www.bing.com/bingbot.htm) Chrome/116.0.1938.76 Safari/537.36"
3.144.255.105 - - [06/Apr/2025:08:19:17 -0400] "GET /ad917/?path=%2Fhome%2F.%2F..%2F..%2Fvar%2Flog HTTP/1.1" 200 1647 "-" "Mozilla/5.0 AppleWebKit/537.36 (KHTML, like Gecko; compatible; ClaudeBot/1.0; +claudebot@anthropic.com)"
66.249.65.105 - - [06/Apr/2025:08:19:18 -0400] "GET /detail/q/zither67680206.shtml HTTP/1.1" 200 19674 "-" "Mozilla/5.0 (Linux; Android 6.0.1; Nexus 5X Build/MMB29P) AppleWebKit/537.36 (KHTML, like Gecko) Chrome/134.0.6998.165 Mobile Safari/537.36 (compatible; GoogleOther)"
3.144.255.105 - - [06/Apr/2025:08:19:20 -0400] "GET /ad917/?path=%2Fhome%2F.%2F..%2F..%2Fvar%2Ftmp HTTP/1.1" 200 1497 "-" "Mozilla/5.0 AppleWebKit/537.36 (KHTML, like Gecko; compatible; ClaudeBot/1.0; +claudebot@anthropic.com)"
3.144.255.105 - - [06/Apr/2025:08:19:23 -0400] "GET /ad917/?path=%2Fhome%2F.%2F..%2Fbin%2F.%2Fipcs HTTP/1.1" 200 939 "-" "Mozilla/5.0 AppleWebKit/537.36 (KHTML, like Gecko; compatible; ClaudeBot/1.0; +claudebot@anthropic.com)"
66.249.65.104 - - [06/Apr/2025:08:19:25 -0400] "GET /items/ibk/flightily62032110.shtml HTTP/1.1" 200 19794 "-" "Mozilla/5.0 (Linux; Android 6.0.1; Nexus 5X Build/MMB29P) AppleWebKit/537.36 (KHTML, like Gecko) Chrome/134.0.6998.165 Mobile Safari/537.36 (compatible; GoogleOther)"
3.144.255.105 - - [06/Apr/2025:08:19:26 -0400] "GET /ad917/?path=%2Fhome%2F.%2F..%2F..%2Fbin%2Fpwd HTTP/1.1" 200 936 "-" "Mozilla/5.0 AppleWebKit/537.36 (KHTML, like Gecko; compatible; ClaudeBot/1.0; +claudebot@anthropic.com)"
52.167.144.203 - - [06/Apr/2025:08:19:26 -0400] "GET /info62756614.shtml HTTP/1.1" 200 19484 "-" "Mozilla/5.0 AppleWebKit/537.36 (KHTML, like Gecko; compatible; bingbot/2.0; +http://www.bing.com/bingbot.htm) Chrome/116.0.1938.76 Safari/537.36"
3.144.255.105 - - [06/Apr/2025:08:19:29 -0400] "GET /ad917/?path=%2Fhome%2F.%2F.%2F..%2Fbin%2Fsftp HTTP/1.1" 200 939 "-" "Mozilla/5.0 AppleWebKit/537.36 (KHTML, like Gecko; compatible; ClaudeBot/1.0; +claudebot@anthropic.com)"
3.144.255.105 - - [06/Apr/2025:08:19:32 -0400] "GET /ad917/?path=%2Fhome%2F.%2F..%2Fbin%2F.%2Fless HTTP/1.1" 200 938 "-" "Mozilla/5.0 AppleWebKit/537.36 (KHTML, like Gecko; compatible; ClaudeBot/1.0; +claudebot@anthropic.com)"
3.144.255.105 - - [06/Apr/2025:08:19:35 -0400] "GET /ad917/?path=%2Fhome%2F.%2F..%2Fbin%2F.%2Fneqn HTTP/1.1" 200 1470 "-" "Mozilla/5.0 AppleWebKit/537.36 (KHTML, like Gecko; compatible; ClaudeBot/1.0; +claudebot@anthropic.com)"
157.55.39.58 - - [06/Apr/2025:08:19:35 -0400] "GET /special121328990.shtml HTTP/1.1" 200 20080 "-" "Mozilla/5.0 AppleWebKit/537.36 (KHTML, like Gecko; compatible; bingbot/2.0; +http://www.bing.com/bingbot.htm) Chrome/116.0.1938.76 Safari/537.36"
157.55.39.58 - - [06/Apr/2025:08:19:37 -0400] "GET /items9948892.shtml HTTP/1.1" 200 19929 "-" "Mozilla/5.0 AppleWebKit/537.36 (KHTML, like Gecko; compatible; bingbot/2.0; +http://www.bing.com/bingbot.htm) Chrome/116.0.1938.76 Safari/537.36"
3.144.255.105 - - [06/Apr/2025:08:19:38 -0400] "GET /ad917/?path=%2Fhome%2F.%2F..%2F..%2F.%2Fhome4 HTTP/1.1" 200 1401 "-" "Mozilla/5.0 AppleWebKit/537.36 (KHTML, like Gecko; compatible; ClaudeBot/1.0; +claudebot@anthropic.com)"
3.144.255.105 - - [06/Apr/2025:08:19:41 -0400] "GET /ad917/?path=%2Fhome%2F.%2F.%2F..%2Fbin%2Fgsnd HTTP/1.1" 200 1108 "-" "Mozilla/5.0 AppleWebKit/537.36 (KHTML, like Gecko; compatible; ClaudeBot/1.0; +claudebot@anthropic.com)"
3.144.255.105 - - [06/Apr/2025:08:19:44 -0400] "GET /ad917/?path=%2Fhome%2F.%2F..%2Fbin%2F.%2Fwget HTTP/1.1" 200 939 "-" "Mozilla/5.0 AppleWebKit/537.36 (KHTML, like Gecko; compatible; ClaudeBot/1.0; +claudebot@anthropic.com)"
157.55.39.58 - - [06/Apr/2025:08:19:46 -0400] "GET /products/elasmosaurus67534384.shtml HTTP/1.1" 200 20095 "-" "Mozilla/5.0 AppleWebKit/537.36 (KHTML, like Gecko; compatible; bingbot/2.0; +http://www.bing.com/bingbot.htm) Chrome/116.0.1938.76 Safari/537.36"
3.144.255.105 - - [06/Apr/2025:08:19:47 -0400] "GET /ad917/?path=%2Fhome%2F.%2F..%2Fbin%2F.%2FMail HTTP/1.1" 200 939 "-" "Mozilla/5.0 AppleWebKit/537.36 (KHTML, like Gecko; compatible; ClaudeBot/1.0; +claudebot@anthropic.com)"
3.144.255.105 - - [06/Apr/2025:08:19:50 -0400] "GET /ad917/?path=%2Fhome%2F.%2F..%2F..%2F.%2Fhome6 HTTP/1.1" 200 1401 "-" "Mozilla/5.0 AppleWebKit/537.36 (KHTML, like Gecko; compatible; ClaudeBot/1.0; +claudebot@anthropic.com)"
66.249.65.104 - - [06/Apr/2025:08:19:51 -0400] "GET /shopdetail/egling/41340700.shtml HTTP/1.1" 200 20448 "-" "Mozilla/5.0 (Linux; Android 6.0.1; Nexus 5X Build/MMB29P) AppleWebKit/537.36 (KHTML, like Gecko) Chrome/134.0.6998.165 Mobile Safari/537.36 (compatible; GoogleOther)"
66.249.65.104 - - [06/Apr/2025:08:19:53 -0400] "GET /entity/snowbroth/48115578.shtml HTTP/1.1" 200 20175 "-" "Mozilla/5.0 (Linux; Android 6.0.1; Nexus 5X Build/MMB29P) AppleWebKit/537.36 (KHTML, like Gecko) Chrome/134.0.6998.165 Mobile Safari/537.36 (compatible; GoogleOther)"
157.55.39.52 - - [06/Apr/2025:08:19:53 -0400] "GET /shopdetail/elaterium108261494.shtml HTTP/1.1" 200 19981 "-" "Mozilla/5.0 AppleWebKit/537.36 (KHTML, like Gecko; compatible; bingbot/2.0; +http://www.bing.com/bingbot.htm) Chrome/116.0.1938.76 Safari/537.36"
3.144.255.105 - - [06/Apr/2025:08:19:53 -0400] "GET /ad917/?path=%2Fhome%2F.%2F.%2F..%2Fbin%2Fsize HTTP/1.1" 200 938 "-" "Mozilla/5.0 AppleWebKit/537.36 (KHTML, like Gecko; compatible; ClaudeBot/1.0; +claudebot@anthropic.com)"
66.249.65.104 - - [06/Apr/2025:08:19:54 -0400] "GET /detail/l/lithotyped/63161280.shtml HTTP/1.1" 200 20199 "-" "Mozilla/5.0 (Linux; Android 6.0.1; Nexus 5X Build/MMB29P) AppleWebKit/537.36 (KHTML, like Gecko) Chrome/134.0.6998.165 Mobile Safari/537.36 (compatible; GoogleOther)"
3.144.255.105 - - [06/Apr/2025:08:19:56 -0400] "GET /ad917/?path=%2Fhome%2F.%2F.%2F..%2Flib%2Fexim HTTP/1.1" 200 1447 "-" "Mozilla/5.0 AppleWebKit/537.36 (KHTML, like Gecko; compatible; ClaudeBot/1.0; +claudebot@anthropic.com)"
66.249.65.104 - - [06/Apr/2025:08:19:58 -0400] "GET /info/p/antarctic/7081804.shtml HTTP/1.1" 200 20038 "-" "Mozilla/5.0 (Linux; Android 6.0.1; Nexus 5X Build/MMB29P) AppleWebKit/537.36 (KHTML, like Gecko) Chrome/134.0.6998.165 Mobile Safari/537.36 (compatible; GoogleOther)"
3.144.255.105 - - [06/Apr/2025:08:19:59 -0400] "GET /ad917/?path=%2Fhome%2F.%2F..%2F..%2Fbin%2Frvi HTTP/1.1" 200 936 "-" "Mozilla/5.0 AppleWebKit/537.36 (KHTML, like Gecko; compatible; ClaudeBot/1.0; +claudebot@anthropic.com)"
3.144.255.105 - - [06/Apr/2025:08:20:02 -0400] "GET /ad917/?path=%2Fhome%2F.%2F..%2Fbin%2F.%2Fzcmp HTTP/1.1" 200 1794 "-" "Mozilla/5.0 AppleWebKit/537.36 (KHTML, like Gecko; compatible; ClaudeBot/1.0; +claudebot@anthropic.com)"
3.144.255.105 - - [06/Apr/2025:08:20:05 -0400] "GET /ad917/?path=%2Fhome%2F.%2F..%2F..%2Fbin%2Fidn HTTP/1.1" 200 935 "-" "Mozilla/5.0 AppleWebKit/537.36 (KHTML, like Gecko; compatible; ClaudeBot/1.0; +claudebot@anthropic.com)"
3.144.255.105 - - [06/Apr/2025:08:20:08 -0400] "GET /ad917/?path=%2Fhome%2F.%2F..%2Fbin%2F.%2Fgcov HTTP/1.1" 200 940 "-" "Mozilla/5.0 AppleWebKit/537.36 (KHTML, like Gecko; compatible; ClaudeBot/1.0; +claudebot@anthropic.com)"
3.144.255.105 - - [06/Apr/2025:08:20:11 -0400] "GET /ad917/?path=%2Fhome%2F.%2F..%2F..%2Fvar%2Flib HTTP/1.1" 200 1579 "-" "Mozilla/5.0 AppleWebKit/537.36 (KHTML, like Gecko; compatible; ClaudeBot/1.0; +claudebot@anthropic.com)"
66.249.65.104 - - [06/Apr/2025:08:20:11 -0400] "GET /info/l/decipherer/85373652.shtml HTTP/1.1" 200 19801 "-" "Mozilla/5.0 (Linux; Android 6.0.1; Nexus 5X Build/MMB29P) AppleWebKit/537.36 (KHTML, like Gecko) Chrome/134.0.6998.165 Mobile Safari/537.36 (compatible; GoogleOther)"
157.55.39.15 - - [06/Apr/2025:08:20:14 -0400] "GET /detail72201238.shtml HTTP/1.1" 200 19755 "-" "Mozilla/5.0 AppleWebKit/537.36 (KHTML, like Gecko; compatible; bingbot/2.0; +http://www.bing.com/bingbot.htm) Chrome/116.0.1938.76 Safari/537.36"
3.144.255.105 - - [06/Apr/2025:08:20:14 -0400] "GET /ad917/?path=%2Fhome%2F.%2F.%2F..%2Fbin%2Fgawk HTTP/1.1" 200 939 "-" "Mozilla/5.0 AppleWebKit/537.36 (KHTML, like Gecko; compatible; ClaudeBot/1.0; +claudebot@anthropic.com)"
157.55.39.201 - - [06/Apr/2025:08:20:16 -0400] "GET /entity/24581030.shtml HTTP/1.1" 200 20440 "-" "Mozilla/5.0 AppleWebKit/537.36 (KHTML, like Gecko; compatible; bingbot/2.0; +http://www.bing.com/bingbot.htm) Chrome/116.0.1938.76 Safari/537.36"
3.144.255.105 - - [06/Apr/2025:08:20:17 -0400] "GET /ad917/?path=%2Fhome%2F.%2F..%2Fbin%2F.%2Fh2xs HTTP/1.1" 200 22923 "-" "Mozilla/5.0 AppleWebKit/537.36 (KHTML, like Gecko; compatible; ClaudeBot/1.0; +claudebot@anthropic.com)"
157.55.39.58 - - [06/Apr/2025:08:20:18 -0400] "GET /product73626148.shtml HTTP/1.1" 200 20157 "-" "Mozilla/5.0 AppleWebKit/537.36 (KHTML, like Gecko; compatible; bingbot/2.0; +http://www.bing.com/bingbot.htm) Chrome/116.0.1938.76 Safari/537.36"
3.144.255.105 - - [06/Apr/2025:08:20:20 -0400] "GET /ad917/?path=%2Fhome%2F.%2F.%2F..%2F..%2Fhome5 HTTP/1.1" 200 1406 "-" "Mozilla/5.0 AppleWebKit/537.36 (KHTML, like Gecko; compatible; ClaudeBot/1.0; +claudebot@anthropic.com)"
3.144.255.105 - - [06/Apr/2025:08:20:23 -0400] "GET /ad917/?path=%2Fhome%2F.%2F..%2Fbin%2F.%2Flink HTTP/1.1" 200 939 "-" "Mozilla/5.0 AppleWebKit/537.36 (KHTML, like Gecko; compatible; ClaudeBot/1.0; +claudebot@anthropic.com)"
157.55.39.201 - - [06/Apr/2025:08:20:26 -0400] "GET /products/pneumatio/48978998.shtml HTTP/1.1" 200 19975 "-" "Mozilla/5.0 AppleWebKit/537.36 (KHTML, like Gecko; compatible; bingbot/2.0; +http://www.bing.com/bingbot.htm) Chrome/116.0.1938.76 Safari/537.36"
3.144.255.105 - - [06/Apr/2025:08:20:26 -0400] "GET /ad917/?path=%2Fhome%2F.%2F..%2F..%2Flib%2Fgcc HTTP/1.1" 200 1448 "-" "Mozilla/5.0 AppleWebKit/537.36 (KHTML, like Gecko; compatible; ClaudeBot/1.0; +claudebot@anthropic.com)"
52.167.144.203 - - [06/Apr/2025:08:20:26 -0400] "GET /products/nebule27044824.shtml HTTP/1.1" 200 19649 "-" "Mozilla/5.0 AppleWebKit/537.36 (KHTML, like Gecko; compatible; bingbot/2.0; +http://www.bing.com/bingbot.htm) Chrome/116.0.1938.76 Safari/537.36"
3.144.255.105 - - [06/Apr/2025:08:20:29 -0400] "GET /ad917/?path=%2Fhome%2F.%2F.%2F..%2Frun%2Futmp HTTP/1.1" 200 939 "-" "Mozilla/5.0 AppleWebKit/537.36 (KHTML, like Gecko; compatible; ClaudeBot/1.0; +claudebot@anthropic.com)"
3.144.255.105 - - [06/Apr/2025:08:20:32 -0400] "GET /ad917/?path=%2Fhome%2F.%2F.%2F..%2Fbin%2Fcomm HTTP/1.1" 200 939 "-" "Mozilla/5.0 AppleWebKit/537.36 (KHTML, like Gecko; compatible; ClaudeBot/1.0; +claudebot@anthropic.com)"
66.249.65.104 - - [06/Apr/2025:08:20:34 -0400] "GET /shopdetail/tk/lebistes90037984.shtml HTTP/1.1" 200 19950 "-" "Mozilla/5.0 (Linux; Android 6.0.1; Nexus 5X Build/MMB29P) AppleWebKit/537.36 (KHTML, like Gecko) Chrome/134.0.6998.165 Mobile Safari/537.36 (compatible; GoogleOther)"
66.249.65.105 - - [06/Apr/2025:08:20:34 -0400] "GET /shopping56794412.shtml HTTP/1.1" 200 19614 "-" "Mozilla/5.0 (Linux; Android 6.0.1; Nexus 5X Build/MMB29P) AppleWebKit/537.36 (KHTML, like Gecko) Chrome/134.0.6998.165 Mobile Safari/537.36 (compatible; Googlebot/2.1; +http://www.google.com/bot.html)"
66.249.65.105 - - [06/Apr/2025:08:20:35 -0400] "GET /shopping/78751538.shtml HTTP/1.1" 200 19939 "-" "Mozilla/5.0 (Linux; Android 6.0.1; Nexus 5X Build/MMB29P) AppleWebKit/537.36 (KHTML, like Gecko) Chrome/134.0.6998.165 Mobile Safari/537.36 (compatible; Googlebot/2.1; +http://www.google.com/bot.html)"
3.144.255.105 - - [06/Apr/2025:08:20:35 -0400] "GET /ad917/?path=%2Fhome%2F.%2F..%2F..%2Fbin%2Frev HTTP/1.1" 200 935 "-" "Mozilla/5.0 AppleWebKit/537.36 (KHTML, like Gecko; compatible; ClaudeBot/1.0; +claudebot@anthropic.com)"
66.249.65.105 - - [06/Apr/2025:08:20:35 -0400] "GET /products/120851136.shtml HTTP/1.1" 200 20033 "-" "Mozilla/5.0 (Linux; Android 6.0.1; Nexus 5X Build/MMB29P) AppleWebKit/537.36 (KHTML, like Gecko) Chrome/134.0.6998.165 Mobile Safari/537.36 (compatible; Googlebot/2.1; +http://www.google.com/bot.html)"
52.167.144.203 - - [06/Apr/2025:08:20:36 -0400] "GET /shopdetail/121321662.shtml HTTP/1.1" 200 19717 "-" "Mozilla/5.0 AppleWebKit/537.36 (KHTML, like Gecko; compatible; bingbot/2.0; +http://www.bing.com/bingbot.htm) Chrome/116.0.1938.76 Safari/537.36"
3.144.255.105 - - [06/Apr/2025:08:20:38 -0400] "GET /ad917/?path=%2Fhome%2F.%2F..%2F..%2Fbin%2Fseq HTTP/1.1" 200 935 "-" "Mozilla/5.0 AppleWebKit/537.36 (KHTML, like Gecko; compatible; ClaudeBot/1.0; +claudebot@anthropic.com)"
3.144.255.105 - - [06/Apr/2025:08:20:41 -0400] "GET /ad917/?path=%2Fhome%2F.%2F.%2F..%2Fdev%2Fnull HTTP/1.1" 200 1188 "-" "Mozilla/5.0 AppleWebKit/537.36 (KHTML, like Gecko; compatible; ClaudeBot/1.0; +claudebot@anthropic.com)"
3.144.255.105 - - [06/Apr/2025:08:20:44 -0400] "GET /ad917/?path=%2Fhome%2F.%2F.%2F..%2Fbin%2Fgzip HTTP/1.1" 200 939 "-" "Mozilla/5.0 AppleWebKit/537.36 (KHTML, like Gecko; compatible; ClaudeBot/1.0; +claudebot@anthropic.com)"
3.144.255.105 - - [06/Apr/2025:08:20:47 -0400] "GET /ad917/?path=%2Fhome%2F.%2F..%2F..%2F.%2Fhome1 HTTP/1.1" 200 1401 "-" "Mozilla/5.0 AppleWebKit/537.36 (KHTML, like Gecko; compatible; ClaudeBot/1.0; +claudebot@anthropic.com)"
3.144.255.105 - - [06/Apr/2025:08:20:50 -0400] "GET /ad917/?path=%2Fhome%2F.%2F..%2F..%2Fusr%2Fbin HTTP/1.1" 200 13796 "-" "Mozilla/5.0 AppleWebKit/537.36 (KHTML, like Gecko; compatible; ClaudeBot/1.0; +claudebot@anthropic.com)"
3.144.255.105 - - [06/Apr/2025:08:20:53 -0400] "GET /ad917/?path=%2Fhome%2F.%2F..%2Fbin%2F.%2Fmore HTTP/1.1" 200 938 "-" "Mozilla/5.0 AppleWebKit/537.36 (KHTML, like Gecko; compatible; ClaudeBot/1.0; +claudebot@anthropic.com)"
157.55.39.58 - - [06/Apr/2025:08:20:55 -0400] "GET /product/musae1692008.shtml HTTP/1.1" 200 19531 "-" "Mozilla/5.0 AppleWebKit/537.36 (KHTML, like Gecko; compatible; bingbot/2.0; +http://www.bing.com/bingbot.htm) Chrome/116.0.1938.76 Safari/537.36"
3.144.255.105 - - [06/Apr/2025:08:20:56 -0400] "GET /ad917/?path=%2Fhome%2F.%2F.%2F..%2Fbin%2Fvdir HTTP/1.1" 200 939 "-" "Mozilla/5.0 AppleWebKit/537.36 (KHTML, like Gecko; compatible; ClaudeBot/1.0; +claudebot@anthropic.com)"
66.249.65.104 - - [06/Apr/2025:08:20:57 -0400] "GET /entity/akm/preexisting/36741054.shtml HTTP/1.1" 200 20065 "-" "Mozilla/5.0 (Linux; Android 6.0.1; Nexus 5X Build/MMB29P) AppleWebKit/537.36 (KHTML, like Gecko) Chrome/134.0.6998.165 Mobile Safari/537.36 (compatible; GoogleOther)"
52.167.144.162 - - [06/Apr/2025:08:20:57 -0400] "GET /items/q/ovist46369810.shtml HTTP/1.1" 200 19839 "-" "Mozilla/5.0 AppleWebKit/537.36 (KHTML, like Gecko; compatible; bingbot/2.0; +http://www.bing.com/bingbot.htm) Chrome/116.0.1938.76 Safari/537.36"
3.144.255.105 - - [06/Apr/2025:08:20:59 -0400] "GET /ad917/?path=%2Fhome%2F.%2F.%2F..%2Fbin%2Ftail HTTP/1.1" 200 938 "-" "Mozilla/5.0 AppleWebKit/537.36 (KHTML, like Gecko; compatible; ClaudeBot/1.0; +claudebot@anthropic.com)"
66.249.65.104 - - [06/Apr/2025:08:21:00 -0400] "GET /products/x/pupal/57677760.shtml HTTP/1.1" 200 20079 "-" "Mozilla/5.0 (Linux; Android 6.0.1; Nexus 5X Build/MMB29P) AppleWebKit/537.36 (KHTML, like Gecko) Chrome/134.0.6998.165 Mobile Safari/537.36 (compatible; GoogleOther)"
3.144.255.105 - - [06/Apr/2025:08:21:02 -0400] "GET /ad917/?path=%2Fhome%2F.%2F..%2Fbin%2F.%2Fnano HTTP/1.1" 200 938 "-" "Mozilla/5.0 AppleWebKit/537.36 (KHTML, like Gecko; compatible; ClaudeBot/1.0; +claudebot@anthropic.com)"
198.54.116.86 - - [06/Apr/2025:08:21:05 -0400] "POST /wp-cron.php?doing_wp_cron=1743942065.7689309120178222656250 HTTP/1.1" 200 0 "-" "WordPress/6.7.2; https://servethepeopleinc.org"
13.94.151.188 - - [06/Apr/2025:08:21:05 -0400] "POST /xmlrpc.php HTTP/1.1" 200 210 "-" "Mozilla/5.0 (Windows NT 10.0; Win64; x64; rv:49.0) Gecko/20100101 Firefox/49.0"
3.144.255.105 - - [06/Apr/2025:08:21:05 -0400] "GET /ad917/?path=%2Fhome%2F.%2F.%2F..%2F..%2Fhome2 HTTP/1.1" 200 1406 "-" "Mozilla/5.0 AppleWebKit/537.36 (KHTML, like Gecko; compatible; ClaudeBot/1.0; +claudebot@anthropic.com)"
198.54.116.86 - - [06/Apr/2025:08:21:05 -0400] "POST /wp-admin/admin-ajax.php?action=async_litespeed&nonce=4XWmMUCn7KsmozwNWTe5vBckE7ojpJW4&litespeed_type=imgoptm HTTP/1.1" 200 21 "-" "WordPress/6.7.2; https://servethepeopleinc.org"
52.167.144.162 - - [06/Apr/2025:08:21:07 -0400] "GET /item10317028.shtml HTTP/1.1" 200 19912 "-" "Mozilla/5.0 AppleWebKit/537.36 (KHTML, like Gecko; compatible; bingbot/2.0; +http://www.bing.com/bingbot.htm) Chrome/116.0.1938.76 Safari/537.36"
52.167.144.203 - - [06/Apr/2025:08:21:07 -0400] "GET /shopbrand50539772.shtml HTTP/1.1" 200 20104 "-" "Mozilla/5.0 AppleWebKit/537.36 (KHTML, like Gecko; compatible; bingbot/2.0; +http://www.bing.com/bingbot.htm) Chrome/116.0.1938.76 Safari/537.36"
3.144.255.105 - - [06/Apr/2025:08:21:08 -0400] "GET /ad917/?path=%2Fhome%2F.%2F..%2F..%2Fbin%2Fgpg HTTP/1.1" 200 936 "-" "Mozilla/5.0 AppleWebKit/537.36 (KHTML, like Gecko; compatible; ClaudeBot/1.0; +claudebot@anthropic.com)"
3.144.255.105 - - [06/Apr/2025:08:21:11 -0400] "GET /ad917/?path=%2Fhome%2F.%2F..%2Fbin%2F.%2Fperl HTTP/1.1" 200 938 "-" "Mozilla/5.0 AppleWebKit/537.36 (KHTML, like Gecko; compatible; ClaudeBot/1.0; +claudebot@anthropic.com)"
3.144.255.105 - - [06/Apr/2025:08:21:14 -0400] "GET /ad917/?path=%2Fhome%2F.%2F..%2F..%2Fbin%2Fxxd HTTP/1.1" 200 937 "-" "Mozilla/5.0 AppleWebKit/537.36 (KHTML, like Gecko; compatible; ClaudeBot/1.0; +claudebot@anthropic.com)"
3.144.255.105 - - [06/Apr/2025:08:21:17 -0400] "GET /ad917/?path=%2Fhome%2F.%2F..%2F..%2F..%2Fhome HTTP/1.1" 200 1431 "-" "Mozilla/5.0 AppleWebKit/537.36 (KHTML, like Gecko; compatible; ClaudeBot/1.0; +claudebot@anthropic.com)"
44.223.116.180 - - [06/Apr/2025:08:21:18 -0400] "GET /wp-includes/css/dist/components/?MA HTTP/1.1" 200 861 "-" "Mozilla/5.0 AppleWebKit/537.36 (KHTML, like Gecko; compatible; Amazonbot/0.1; +https://developer.amazon.com/support/amazonbot) Chrome/119.0.6045.214 Safari/537.36"
3.144.255.105 - - [06/Apr/2025:08:21:20 -0400] "GET /ad917/?path=%2Fhome%2F.%2F.%2F..%2F..%2Flib64 HTTP/1.1" 200 41563 "-" "Mozilla/5.0 AppleWebKit/537.36 (KHTML, like Gecko; compatible; ClaudeBot/1.0; +claudebot@anthropic.com)"
52.3.127.170 - - [06/Apr/2025:08:21:21 -0400] "GET /wp-includes/sodium_compat/namespaced/Core/Curve25519/Ge/?SA HTTP/1.1" 200 882 "-" "Mozilla/5.0 AppleWebKit/537.36 (KHTML, like Gecko; compatible; Amazonbot/0.1; +https://developer.amazon.com/support/amazonbot) Chrome/119.0.6045.214 Safari/537.36"
3.144.255.105 - - [06/Apr/2025:08:21:23 -0400] "GET /ad917/?path=%2Fhome%2F.%2F..%2F..%2Fdev%2Fpts HTTP/1.1" 200 1482 "-" "Mozilla/5.0 AppleWebKit/537.36 (KHTML, like Gecko; compatible; ClaudeBot/1.0; +claudebot@anthropic.com)"
98.82.66.172 - - [06/Apr/2025:08:21:26 -0400] "GET /wp-includes/sodium_compat/src/Core32/Curve25519/Ge/?MA HTTP/1.1" 200 891 "-" "Mozilla/5.0 AppleWebKit/537.36 (KHTML, like Gecko; compatible; Amazonbot/0.1; +https://developer.amazon.com/support/amazonbot) Chrome/119.0.6045.214 Safari/537.36"
3.144.255.105 - - [06/Apr/2025:08:21:26 -0400] "GET /ad917/?path=%2Fhome%2F.%2F..%2Fbin%2F.%2Ftput HTTP/1.1" 200 939 "-" "Mozilla/5.0 AppleWebKit/537.36 (KHTML, like Gecko; compatible; ClaudeBot/1.0; +claudebot@anthropic.com)"
66.249.65.104 - - [06/Apr/2025:08:21:27 -0400] "GET /entity/a/blancher32931066.shtml HTTP/1.1" 200 19688 "-" "Mozilla/5.0 (Linux; Android 6.0.1; Nexus 5X Build/MMB29P) AppleWebKit/537.36 (KHTML, like Gecko) Chrome/134.0.6998.165 Mobile Safari/537.36 (compatible; GoogleOther)"
66.249.65.104 - - [06/Apr/2025:08:21:28 -0400] "GET /entity/om/closed/57685094.shtml HTTP/1.1" 200 19948 "-" "Mozilla/5.0 (Linux; Android 6.0.1; Nexus 5X Build/MMB29P) AppleWebKit/537.36 (KHTML, like Gecko) Chrome/134.0.6998.165 Mobile Safari/537.36 (compatible; GoogleOther)"
3.144.255.105 - - [06/Apr/2025:08:21:29 -0400] "GET /ad917/?path=%2Fhome%2F.%2F.%2F..%2Frun%2Fdbus HTTP/1.1" 200 1458 "-" "Mozilla/5.0 AppleWebKit/537.36 (KHTML, like Gecko; compatible; ClaudeBot/1.0; +claudebot@anthropic.com)"
3.144.255.105 - - [06/Apr/2025:08:21:32 -0400] "GET /ad917/?path=%2Fhome%2F.%2F..%2F..%2Fbin%2Fscl HTTP/1.1" 200 936 "-" "Mozilla/5.0 AppleWebKit/537.36 (KHTML, like Gecko; compatible; ClaudeBot/1.0; +claudebot@anthropic.com)"
3.144.255.105 - - [06/Apr/2025:08:21:35 -0400] "GET /ad917/?path=%2Fhome%2F.%2F..%2F..%2Fbin%2Fpic HTTP/1.1" 200 936 "-" "Mozilla/5.0 AppleWebKit/537.36 (KHTML, like Gecko; compatible; ClaudeBot/1.0; +claudebot@anthropic.com)"
3.144.255.105 - - [06/Apr/2025:08:21:38 -0400] "GET /ad917/?path=%2Fhome%2F.%2F.%2F..%2Fbin%2Fpsql HTTP/1.1" 200 939 "-" "Mozilla/5.0 AppleWebKit/537.36 (KHTML, like Gecko; compatible; ClaudeBot/1.0; +claudebot@anthropic.com)"
3.144.255.105 - - [06/Apr/2025:08:21:41 -0400] "GET /ad917/?path=%2Fhome%2F.%2F..%2Fbin%2F.%2Frvim HTTP/1.1" 200 939 "-" "Mozilla/5.0 AppleWebKit/537.36 (KHTML, like Gecko; compatible; ClaudeBot/1.0; +claudebot@anthropic.com)"
207.46.13.116 - - [06/Apr/2025:08:21:42 -0400] "GET /entity/d/nonobservance/75667684.shtml HTTP/1.1" 200 20114 "-" "Mozilla/5.0 AppleWebKit/537.36 (KHTML, like Gecko; compatible; bingbot/2.0; +http://www.bing.com/bingbot.htm) Chrome/116.0.1938.76 Safari/537.36"
3.144.255.105 - - [06/Apr/2025:08:21:44 -0400] "GET /ad917/?path=%2Fhome%2F.%2F..%2F..%2Flib%2Fkbd HTTP/1.1" 200 1514 "-" "Mozilla/5.0 AppleWebKit/537.36 (KHTML, like Gecko; compatible; ClaudeBot/1.0; +claudebot@anthropic.com)"
3.144.255.105 - - [06/Apr/2025:08:21:47 -0400] "GET /ad917/?path=%2Fhome%2F.%2F..%2F..%2Fbin%2Fgit HTTP/1.1" 200 936 "-" "Mozilla/5.0 AppleWebKit/537.36 (KHTML, like Gecko; compatible; ClaudeBot/1.0; +claudebot@anthropic.com)"
3.144.255.105 - - [06/Apr/2025:08:21:50 -0400] "GET /ad917/?path=%2Fhome%2F.%2F.%2F..%2Fbin%2Fmail HTTP/1.1" 200 938 "-" "Mozilla/5.0 AppleWebKit/537.36 (KHTML, like Gecko; compatible; ClaudeBot/1.0; +claudebot@anthropic.com)"
3.144.255.105 - - [06/Apr/2025:08:21:53 -0400] "GET /ad917/?path=%2Fhome%2F.%2F..%2F..%2Fbin%2Ftee HTTP/1.1" 200 934 "-" "Mozilla/5.0 AppleWebKit/537.36 (KHTML, like Gecko; compatible; ClaudeBot/1.0; +claudebot@anthropic.com)"
157.55.39.201 - - [06/Apr/2025:08:21:54 -0400] "GET /shopbrand/xm/flexuosa93939884.shtml HTTP/1.1" 200 19935 "-" "Mozilla/5.0 AppleWebKit/537.36 (KHTML, like Gecko; compatible; bingbot/2.0; +http://www.bing.com/bingbot.htm) Chrome/116.0.1938.76 Safari/537.36"
3.144.255.105 - - [06/Apr/2025:08:21:56 -0400] "GET /ad917/?path=%2Fhome%2F.%2F.%2F..%2Fbin%2Fgpgv HTTP/1.1" 200 940 "-" "Mozilla/5.0 AppleWebKit/537.36 (KHTML, like Gecko; compatible; ClaudeBot/1.0; +claudebot@anthropic.com)"
52.167.144.162 - - [06/Apr/2025:08:21:59 -0400] "GET /items/vbq/galera75693556.shtml HTTP/1.1" 200 19951 "-" "Mozilla/5.0 AppleWebKit/537.36 (KHTML, like Gecko; compatible; bingbot/2.0; +http://www.bing.com/bingbot.htm) Chrome/116.0.1938.76 Safari/537.36"
3.144.255.105 - - [06/Apr/2025:08:21:59 -0400] "GET /ad917/?path=%2Fhome%2F.%2F..%2F..%2Flib%2Fcpp HTTP/1.1" 200 936 "-" "Mozilla/5.0 AppleWebKit/537.36 (KHTML, like Gecko; compatible; ClaudeBot/1.0; +claudebot@anthropic.com)"
66.249.65.105 - - [06/Apr/2025:08:22:01 -0400] "GET /special79338798.shtml HTTP/1.1" 200 19065 "-" "Mozilla/5.0 (Linux; Android 6.0.1; Nexus 5X Build/MMB29P) AppleWebKit/537.36 (KHTML, like Gecko) Chrome/134.0.6998.165 Mobile Safari/537.36 (compatible; Googlebot/2.1; +http://www.google.com/bot.html)"
3.144.255.105 - - [06/Apr/2025:08:22:02 -0400] "GET /ad917/?path=%2Fhome%2F.%2F..%2Fbin%2F.%2Ffree HTTP/1.1" 200 937 "-" "Mozilla/5.0 AppleWebKit/537.36 (KHTML, like Gecko; compatible; ClaudeBot/1.0; +claudebot@anthropic.com)"
52.167.144.162 - - [06/Apr/2025:08:22:02 -0400] "GET /entity/x/irreflective/52008160.shtml HTTP/1.1" 200 19489 "-" "Mozilla/5.0 AppleWebKit/537.36 (KHTML, like Gecko; compatible; bingbot/2.0; +http://www.bing.com/bingbot.htm) Chrome/116.0.1938.76 Safari/537.36"
3.144.255.105 - - [06/Apr/2025:08:22:05 -0400] "GET /ad917/?path=%2Fhome%2F.%2F..%2Fbin%2F.%2Fpwdx HTTP/1.1" 200 939 "-" "Mozilla/5.0 AppleWebKit/537.36 (KHTML, like Gecko; compatible; ClaudeBot/1.0; +claudebot@anthropic.com)"
157.55.39.201 - - [06/Apr/2025:08:22:05 -0400] "GET /goods/deionization52388596.shtml HTTP/1.1" 200 19382 "-" "Mozilla/5.0 AppleWebKit/537.36 (KHTML, like Gecko; compatible; bingbot/2.0; +http://www.bing.com/bingbot.htm) Chrome/116.0.1938.76 Safari/537.36"
66.249.65.104 - - [06/Apr/2025:08:22:06 -0400] "GET /entity/t/infecundous/92114984.shtml HTTP/1.1" 200 19823 "-" "Mozilla/5.0 (Linux; Android 6.0.1; Nexus 5X Build/MMB29P) AppleWebKit/537.36 (KHTML, like Gecko) Chrome/134.0.6998.165 Mobile Safari/537.36 (compatible; GoogleOther)"
3.144.255.105 - - [06/Apr/2025:08:22:08 -0400] "GET /ad917/?path=%2Fhome%2F.%2F..%2Fbin%2F.%2Fmail HTTP/1.1" 200 938 "-" "Mozilla/5.0 AppleWebKit/537.36 (KHTML, like Gecko; compatible; ClaudeBot/1.0; +claudebot@anthropic.com)"
66.249.65.105 - - [06/Apr/2025:08:22:09 -0400] "GET /special/saltwater/48350526.shtml HTTP/1.1" 200 20021 "-" "Mozilla/5.0 (Linux; Android 6.0.1; Nexus 5X Build/MMB29P) AppleWebKit/537.36 (KHTML, like Gecko) Chrome/134.0.6998.165 Mobile Safari/537.36 (compatible; GoogleOther)"
66.249.65.104 - - [06/Apr/2025:08:22:10 -0400] "POST /get-message-notify HTTP/1.1" 200 20313 "https://servethepeopleinc.org/special/57688172.shtml" "Mozilla/5.0 (Linux; Android 6.0.1; Nexus 5X Build/MMB29P) AppleWebKit/537.36 (KHTML, like Gecko) Chrome/134.0.6998.165 Mobile Safari/537.36 (compatible; Googlebot/2.1; +http://www.google.com/bot.html)"
207.46.13.116 - - [06/Apr/2025:08:22:23 -0400] "GET /info2918072.shtml HTTP/1.1" 200 19498 "-" "Mozilla/5.0 AppleWebKit/537.36 (KHTML, like Gecko; compatible; bingbot/2.0; +http://www.bing.com/bingbot.htm) Chrome/116.0.1938.76 Safari/537.36"
66.249.65.104 - - [06/Apr/2025:08:22:32 -0400] "GET /items/ds/bourbonist51234136.shtml HTTP/1.1" 200 19857 "-" "Mozilla/5.0 (Linux; Android 6.0.1; Nexus 5X Build/MMB29P) AppleWebKit/537.36 (KHTML, like Gecko) Chrome/134.0.6998.165 Mobile Safari/537.36 (compatible; GoogleOther)"
66.249.65.104 - - [06/Apr/2025:08:22:34 -0400] "GET /shopping/uss/silex/108276550.shtml HTTP/1.1" 200 19720 "-" "Mozilla/5.0 (Linux; Android 6.0.1; Nexus 5X Build/MMB29P) AppleWebKit/537.36 (KHTML, like Gecko) Chrome/134.0.6998.165 Mobile Safari/537.36 (compatible; GoogleOther)"
3.14.144.35 - - [06/Apr/2025:08:22:35 -0400] "GET /ad917/?path=%2Fhome%2F.%2F.%2F..%2Fproc%2Fmisc HTTP/1.1" 200 935 "-" "Mozilla/5.0 AppleWebKit/537.36 (KHTML, like Gecko; compatible; ClaudeBot/1.0; +claudebot@anthropic.com)"
3.14.144.35 - - [06/Apr/2025:08:22:38 -0400] "GET /ad917/?path=%2Fhome%2F.%2F..%2Fusr%2F..%2Fhome HTTP/1.1" 200 1446 "-" "Mozilla/5.0 AppleWebKit/537.36 (KHTML, like Gecko; compatible; ClaudeBot/1.0; +claudebot@anthropic.com)"
3.14.144.35 - - [06/Apr/2025:08:22:41 -0400] "GET /ad917/?path=%2Fhome%2F.%2F..%2Fproc%2F.%2Fstat HTTP/1.1" 200 3431 "-" "Mozilla/5.0 AppleWebKit/537.36 (KHTML, like Gecko; compatible; ClaudeBot/1.0; +claudebot@anthropic.com)"
157.55.39.15 - - [06/Apr/2025:08:22:43 -0400] "GET /shopping92390592.shtml HTTP/1.1" 200 19610 "-" "Mozilla/5.0 AppleWebKit/537.36 (KHTML, like Gecko; compatible; bingbot/2.0; +http://www.bing.com/bingbot.htm) Chrome/116.0.1938.76 Safari/537.36"
3.14.144.35 - - [06/Apr/2025:08:22:44 -0400] "GET /ad917/?path=%2Fhome%2F.%2F..%2Flib%2F..%2Fproc HTTP/1.1" 200 3019 "-" "Mozilla/5.0 AppleWebKit/537.36 (KHTML, like Gecko; compatible; ClaudeBot/1.0; +claudebot@anthropic.com)"
157.55.39.15 - - [06/Apr/2025:08:22:46 -0400] "GET /product/logarithmically/94801240.shtml HTTP/1.1" 200 19976 "-" "Mozilla/5.0 AppleWebKit/537.36 (KHTML, like Gecko; compatible; bingbot/2.0; +http://www.bing.com/bingbot.htm) Chrome/116.0.1938.76 Safari/537.36"
3.14.144.35 - - [06/Apr/2025:08:22:47 -0400] "GET /ad917/?path=%2Fhome%2F.%2F.%2F..%2Fproc%2Fkeys HTTP/1.1" 200 937 "-" "Mozilla/5.0 AppleWebKit/537.36 (KHTML, like Gecko; compatible; ClaudeBot/1.0; +claudebot@anthropic.com)"
3.14.144.35 - - [06/Apr/2025:08:22:50 -0400] "GET /ad917/?path=%2Fhome%2F.%2F..%2Fusr%2F..%2Froot HTTP/1.1" 200 1189 "-" "Mozilla/5.0 AppleWebKit/537.36 (KHTML, like Gecko; compatible; ClaudeBot/1.0; +claudebot@anthropic.com)"
66.249.65.104 - - [06/Apr/2025:08:22:52 -0400] "GET /items/lm/phrenologer/110051824.shtml HTTP/1.1" 200 20477 "-" "Mozilla/5.0 (Linux; Android 6.0.1; Nexus 5X Build/MMB29P) AppleWebKit/537.36 (KHTML, like Gecko) Chrome/134.0.6998.165 Mobile Safari/537.36 (compatible; GoogleOther)"
3.14.144.35 - - [06/Apr/2025:08:22:53 -0400] "GET /ad917/?path=%2Fhome%2F.%2F..%2Fproc%2F.%2Fmtrr HTTP/1.1" 200 940 "-" "Mozilla/5.0 AppleWebKit/537.36 (KHTML, like Gecko; compatible; ClaudeBot/1.0; +claudebot@anthropic.com)"
52.167.144.162 - - [06/Apr/2025:08:22:55 -0400] "GET /product/phytology/99469230.shtml HTTP/1.1" 200 19940 "-" "Mozilla/5.0 AppleWebKit/537.36 (KHTML, like Gecko; compatible; bingbot/2.0; +http://www.bing.com/bingbot.htm) Chrome/116.0.1938.76 Safari/537.36"
3.14.144.35 - - [06/Apr/2025:08:22:56 -0400] "GET /ad917/?path=%2Fhome%2F.%2F..%2Fproc%2F.%2Fkmsg HTTP/1.1" 200 942 "-" "Mozilla/5.0 AppleWebKit/537.36 (KHTML, like Gecko; compatible; ClaudeBot/1.0; +claudebot@anthropic.com)"
3.14.144.35 - - [06/Apr/2025:08:22:59 -0400] "GET /ad917/?path=%2Fhome%2F.%2F.%2F..%2Fproc%2Fmtrr HTTP/1.1" 200 936 "-" "Mozilla/5.0 AppleWebKit/537.36 (KHTML, like Gecko; compatible; ClaudeBot/1.0; +claudebot@anthropic.com)"
