3.141.14.59 - - [06/Apr/2025:08:57:12 -0400] "GET /ad917/?path=%2Fhome%2F.%2F.%2F..%2Flib64%2Flibplc4.so HTTP/1.1" 200 943 "-" "Mozilla/5.0 AppleWebKit/537.36 (KHTML, like Gecko; compatible; ClaudeBot/1.0; +claudebot@anthropic.com)"
3.141.14.59 - - [06/Apr/2025:08:57:15 -0400] "GET /ad917/?path=%2Fhome%2F.%2F..%2Fusr%2Fbin%2Fautoheader HTTP/1.1" 200 4585 "-" "Mozilla/5.0 AppleWebKit/537.36 (KHTML, like Gecko; compatible; ClaudeBot/1.0; +claudebot@anthropic.com)"
3.141.14.59 - - [06/Apr/2025:08:57:18 -0400] "GET /ad917/?path=%2Fhome%2F.%2F.%2F..%2Flib64%2Flibodbc.so HTTP/1.1" 200 943 "-" "Mozilla/5.0 AppleWebKit/537.36 (KHTML, like Gecko; compatible; ClaudeBot/1.0; +claudebot@anthropic.com)"
52.167.144.176 - - [06/Apr/2025:08:57:19 -0400] "GET /goods/salival68966630.shtml HTTP/1.1" 200 19843 "-" "Mozilla/5.0 AppleWebKit/537.36 (KHTML, like Gecko; compatible; bingbot/2.0; +http://www.bing.com/bingbot.htm) Chrome/116.0.1938.76 Safari/537.36"
3.141.14.59 - - [06/Apr/2025:08:57:21 -0400] "GET /ad917/?path=%2Fhome%2F.%2F.%2F..%2Flib64%2Flibssl3.so HTTP/1.1" 200 941 "-" "Mozilla/5.0 AppleWebKit/537.36 (KHTML, like Gecko; compatible; ClaudeBot/1.0; +claudebot@anthropic.com)"
3.141.14.59 - - [06/Apr/2025:08:57:24 -0400] "GET /ad917/?path=%2Fhome%2F.%2F.%2F..%2Flib64%2Flibpq.so.5 HTTP/1.1" 200 943 "-" "Mozilla/5.0 AppleWebKit/537.36 (KHTML, like Gecko; compatible; ClaudeBot/1.0; +claudebot@anthropic.com)"
66.249.65.105 - - [06/Apr/2025:08:57:24 -0400] "GET /special/a/floriform/51524534.shtml HTTP/1.1" 200 19797 "-" "Mozilla/5.0 (Linux; Android 6.0.1; Nexus 5X Build/MMB29P) AppleWebKit/537.36 (KHTML, like Gecko) Chrome/134.0.6998.165 Mobile Safari/537.36 (compatible; GoogleOther)"
3.141.14.59 - - [06/Apr/2025:08:57:27 -0400] "GET /ad917/?path=%2Fhome%2F.%2F.%2F..%2Flib64%2Fpulseaudio HTTP/1.1" 200 1550 "-" "Mozilla/5.0 AppleWebKit/537.36 (KHTML, like Gecko; compatible; ClaudeBot/1.0; +claudebot@anthropic.com)"
52.167.144.176 - - [06/Apr/2025:08:57:29 -0400] "GET /shopbrand/czs/odalman5858286.shtml HTTP/1.1" 200 20097 "-" "Mozilla/5.0 AppleWebKit/537.36 (KHTML, like Gecko; compatible; bingbot/2.0; +http://www.bing.com/bingbot.htm) Chrome/116.0.1938.76 Safari/537.36"
3.141.14.59 - - [06/Apr/2025:08:57:30 -0400] "GET /ad917/?path=%2Fhome%2F.%2F.%2F..%2Flib64%2Flibnn.so.2 HTTP/1.1" 200 943 "-" "Mozilla/5.0 AppleWebKit/537.36 (KHTML, like Gecko; compatible; ClaudeBot/1.0; +claudebot@anthropic.com)"
3.141.14.59 - - [06/Apr/2025:08:57:33 -0400] "GET /ad917/?path=%2Fhome%2F.%2F.%2F..%2Flib64%2Flibdw.so.1 HTTP/1.1" 200 943 "-" "Mozilla/5.0 AppleWebKit/537.36 (KHTML, like Gecko; compatible; ClaudeBot/1.0; +claudebot@anthropic.com)"
66.249.65.104 - - [06/Apr/2025:08:57:35 -0400] "GET /shopbrand/la/shory57906576.shtml HTTP/1.1" 200 19864 "-" "Mozilla/5.0 (Linux; Android 6.0.1; Nexus 5X Build/MMB29P) AppleWebKit/537.36 (KHTML, like Gecko) Chrome/134.0.6998.165 Mobile Safari/537.36 (compatible; Googlebot/2.1; +http://www.google.com/bot.html)"
3.141.14.59 - - [06/Apr/2025:08:57:36 -0400] "GET /ad917/?path=%2Fhome%2F.%2F..%2Fusr%2Fbin%2Fpkg-config HTTP/1.1" 200 944 "-" "Mozilla/5.0 AppleWebKit/537.36 (KHTML, like Gecko; compatible; ClaudeBot/1.0; +claudebot@anthropic.com)"
3.141.14.59 - - [06/Apr/2025:08:57:39 -0400] "GET /ad917/?path=%2Fhome%2F.%2F.%2F..%2Flib64%2Flibuuid.so HTTP/1.1" 200 943 "-" "Mozilla/5.0 AppleWebKit/537.36 (KHTML, like Gecko; compatible; ClaudeBot/1.0; +claudebot@anthropic.com)"
207.46.13.157 - - [06/Apr/2025:08:57:39 -0400] "GET /goodscode/84546062.shtml HTTP/1.1" 200 19662 "-" "Mozilla/5.0 AppleWebKit/537.36 (KHTML, like Gecko; compatible; bingbot/2.0; +http://www.bing.com/bingbot.htm) Chrome/116.0.1938.76 Safari/537.36"
52.167.144.156 - - [06/Apr/2025:08:57:40 -0400] "GET /products16757606.shtml HTTP/1.1" 200 19605 "-" "Mozilla/5.0 AppleWebKit/537.36 (KHTML, like Gecko; compatible; bingbot/2.0; +http://www.bing.com/bingbot.htm) Chrome/116.0.1938.76 Safari/537.36"
52.167.144.176 - - [06/Apr/2025:08:57:44 -0400] "GET /shopdetail66414962.shtml HTTP/1.1" 200 19839 "-" "Mozilla/5.0 AppleWebKit/537.36 (KHTML, like Gecko; compatible; bingbot/2.0; +http://www.bing.com/bingbot.htm) Chrome/116.0.1938.76 Safari/537.36"
66.249.65.104 - - [06/Apr/2025:08:57:53 -0400] "GET /product/cc/filipendula21234722.shtml HTTP/1.1" 200 19654 "-" "Mozilla/5.0 (compatible; Googlebot/2.1; +http://www.google.com/bot.html)"
207.46.13.18 - - [06/Apr/2025:08:57:57 -0400] "GET /entity/tantrum51404918.shtml HTTP/1.1" 200 19817 "-" "Mozilla/5.0 AppleWebKit/537.36 (KHTML, like Gecko; compatible; bingbot/2.0; +http://www.bing.com/bingbot.htm) Chrome/116.0.1938.76 Safari/537.36"
66.249.65.104 - - [06/Apr/2025:08:57:58 -0400] "GET /special25929876.shtml HTTP/1.1" 200 20207 "-" "Mozilla/5.0 (Linux; Android 6.0.1; Nexus 5X Build/MMB29P) AppleWebKit/537.36 (KHTML, like Gecko) Chrome/134.0.6998.165 Mobile Safari/537.36 (compatible; GoogleOther)"
207.46.13.160 - - [06/Apr/2025:08:57:58 -0400] "GET /product/pistachio/49598704.shtml HTTP/1.1" 200 19646 "-" "Mozilla/5.0 AppleWebKit/537.36 (KHTML, like Gecko; compatible; bingbot/2.0; +http://www.bing.com/bingbot.htm) Chrome/116.0.1938.76 Safari/537.36"
207.46.13.18 - - [06/Apr/2025:08:57:59 -0400] "GET /products/pignus52207948.shtml HTTP/1.1" 200 19161 "-" "Mozilla/5.0 AppleWebKit/537.36 (KHTML, like Gecko; compatible; bingbot/2.0; +http://www.bing.com/bingbot.htm) Chrome/116.0.1938.76 Safari/537.36"
207.46.13.157 - - [06/Apr/2025:08:58:03 -0400] "GET /goods/combating90963390.shtml HTTP/1.1" 200 19876 "-" "Mozilla/5.0 AppleWebKit/537.36 (KHTML, like Gecko; compatible; bingbot/2.0; +http://www.bing.com/bingbot.htm) Chrome/116.0.1938.76 Safari/537.36"
18.224.108.12 - - [06/Apr/2025:08:58:09 -0400] "GET /ad917/?path=%2Fhome%2F.%2F.%2F..%2Flib64%2Flibxcb.so.1 HTTP/1.1" 200 939 "-" "Mozilla/5.0 AppleWebKit/537.36 (KHTML, like Gecko; compatible; ClaudeBot/1.0; +claudebot@anthropic.com)"
207.46.13.18 - - [06/Apr/2025:08:58:09 -0400] "GET /entity/8501656.shtml HTTP/1.1" 200 19447 "-" "Mozilla/5.0 AppleWebKit/537.36 (KHTML, like Gecko; compatible; bingbot/2.0; +http://www.bing.com/bingbot.htm) Chrome/116.0.1938.76 Safari/537.36"
18.224.108.12 - - [06/Apr/2025:08:58:12 -0400] "GET /ad917/?path=%2Fhome%2F.%2F.%2F..%2Flib64%2Flibmysqld.a HTTP/1.1" 200 940 "-" "Mozilla/5.0 AppleWebKit/537.36 (KHTML, like Gecko; compatible; ClaudeBot/1.0; +claudebot@anthropic.com)"
18.224.108.12 - - [06/Apr/2025:08:58:15 -0400] "GET /ad917/?path=%2Fhome%2F.%2F.%2F..%2Flib64%2Fliblwres.so HTTP/1.1" 200 939 "-" "Mozilla/5.0 AppleWebKit/537.36 (KHTML, like Gecko; compatible; ClaudeBot/1.0; +claudebot@anthropic.com)"
157.55.39.16 - - [06/Apr/2025:08:58:16 -0400] "GET /goodscode75690178.shtml HTTP/1.1" 200 20365 "-" "Mozilla/5.0 AppleWebKit/537.36 (KHTML, like Gecko; compatible; bingbot/2.0; +http://www.bing.com/bingbot.htm) Chrome/116.0.1938.76 Safari/537.36"
18.224.108.12 - - [06/Apr/2025:08:58:18 -0400] "GET /ad917/?path=%2Fhome%2F.%2F.%2F..%2Flib64%2Flibslapi.so HTTP/1.1" 200 938 "-" "Mozilla/5.0 AppleWebKit/537.36 (KHTML, like Gecko; compatible; ClaudeBot/1.0; +claudebot@anthropic.com)"
18.224.108.12 - - [06/Apr/2025:08:58:21 -0400] "GET /ad917/?path=%2Fhome%2F.%2F.%2F..%2Flib64%2Flibanl.so.1 HTTP/1.1" 200 939 "-" "Mozilla/5.0 AppleWebKit/537.36 (KHTML, like Gecko; compatible; ClaudeBot/1.0; +claudebot@anthropic.com)"
18.224.108.12 - - [06/Apr/2025:08:58:24 -0400] "GET /ad917/?path=%2Fhome%2F.%2F.%2F..%2Flib64%2Flibpam.so.0 HTTP/1.1" 200 939 "-" "Mozilla/5.0 AppleWebKit/537.36 (KHTML, like Gecko; compatible; ClaudeBot/1.0; +claudebot@anthropic.com)"
18.224.108.12 - - [06/Apr/2025:08:58:27 -0400] "GET /ad917/?path=%2Fhome%2F.%2F.%2F..%2Flib64%2FlibXpm.so.4 HTTP/1.1" 200 941 "-" "Mozilla/5.0 AppleWebKit/537.36 (KHTML, like Gecko; compatible; ClaudeBot/1.0; +claudebot@anthropic.com)"
18.224.108.12 - - [06/Apr/2025:08:58:30 -0400] "GET /ad917/?path=%2Fhome%2F.%2F.%2F..%2Flib64%2Flibnsl.so.2 HTTP/1.1" 200 939 "-" "Mozilla/5.0 AppleWebKit/537.36 (KHTML, like Gecko; compatible; ClaudeBot/1.0; +claudebot@anthropic.com)"
66.249.65.96 - - [06/Apr/2025:08:58:30 -0400] "GET /goods65498744.shtml HTTP/1.1" 200 19570 "-" "Mozilla/5.0 (Linux; Android 6.0.1; Nexus 5X Build/MMB29P) AppleWebKit/537.36 (KHTML, like Gecko) Chrome/134.0.6998.165 Mobile Safari/537.36 (compatible; GoogleOther)"
66.249.65.96 - - [06/Apr/2025:08:58:31 -0400] "POST /get-message-notify HTTP/1.1" 200 20313 "https://servethepeopleinc.org/shopdetail26299388.shtml" "Mozilla/5.0 (Linux; Android 6.0.1; Nexus 5X Build/MMB29P) AppleWebKit/537.36 (KHTML, like Gecko) Chrome/134.0.6998.165 Mobile Safari/537.36 (compatible; Googlebot/2.1; +http://www.google.com/bot.html)"
66.249.65.96 - - [06/Apr/2025:08:58:31 -0400] "GET /goodscode/x/scores48370644.shtml HTTP/1.1" 200 19756 "-" "Mozilla/5.0 (Linux; Android 6.0.1; Nexus 5X Build/MMB29P) AppleWebKit/537.36 (KHTML, like Gecko) Chrome/134.0.6998.165 Mobile Safari/537.36 (compatible; GoogleOther)"
18.224.108.12 - - [06/Apr/2025:08:58:33 -0400] "GET /ad917/?path=%2Fhome%2F.%2F.%2F..%2Flib64%2Flibexpat.so HTTP/1.1" 200 939 "-" "Mozilla/5.0 AppleWebKit/537.36 (KHTML, like Gecko; compatible; ClaudeBot/1.0; +claudebot@anthropic.com)"
18.224.108.12 - - [06/Apr/2025:08:58:36 -0400] "GET /ad917/?path=%2Fhome%2F.%2F.%2F..%2Flib64%2Flibdnf.so.2 HTTP/1.1" 200 939 "-" "Mozilla/5.0 AppleWebKit/537.36 (KHTML, like Gecko; compatible; ClaudeBot/1.0; +claudebot@anthropic.com)"
157.55.39.16 - - [06/Apr/2025:08:58:37 -0400] "GET /info28824852.shtml HTTP/1.1" 200 19584 "-" "Mozilla/5.0 AppleWebKit/537.36 (KHTML, like Gecko; compatible; bingbot/2.0; +http://www.bing.com/bingbot.htm) Chrome/116.0.1938.76 Safari/537.36"
18.224.108.12 - - [06/Apr/2025:08:58:39 -0400] "GET /ad917/?path=%2Fhome%2F.%2F.%2F..%2Flib64%2Flibexslt.so HTTP/1.1" 200 939 "-" "Mozilla/5.0 AppleWebKit/537.36 (KHTML, like Gecko; compatible; ClaudeBot/1.0; +claudebot@anthropic.com)"
66.249.65.104 - - [06/Apr/2025:08:58:40 -0400] "GET /item81378506.shtml HTTP/1.1" 200 19460 "-" "Mozilla/5.0 (Linux; Android 6.0.1; Nexus 5X Build/MMB29P) AppleWebKit/537.36 (KHTML, like Gecko) Chrome/134.0.6998.165 Mobile Safari/537.36 (compatible; Googlebot/2.1; +http://www.google.com/bot.html)"
18.224.108.12 - - [06/Apr/2025:08:58:42 -0400] "GET /ad917/?path=%2Fhome%2F.%2F.%2F..%2Flib64%2Flibp11.so.3 HTTP/1.1" 200 940 "-" "Mozilla/5.0 AppleWebKit/537.36 (KHTML, like Gecko; compatible; ClaudeBot/1.0; +claudebot@anthropic.com)"
18.224.108.12 - - [06/Apr/2025:08:58:45 -0400] "GET /ad917/?path=%2Fhome%2F.%2F..%2Fusr%2Fbin%2Fssh-keyscan HTTP/1.1" 200 949 "-" "Mozilla/5.0 AppleWebKit/537.36 (KHTML, like Gecko; compatible; ClaudeBot/1.0; +claudebot@anthropic.com)"
66.249.65.104 - - [06/Apr/2025:08:58:45 -0400] "GET /detail/d/banyan/61524036.shtml HTTP/1.1" 200 19661 "-" "Mozilla/5.0 (Linux; Android 6.0.1; Nexus 5X Build/MMB29P) AppleWebKit/537.36 (KHTML, like Gecko) Chrome/134.0.6998.165 Mobile Safari/537.36 (compatible; GoogleOther)"
18.224.108.12 - - [06/Apr/2025:08:58:48 -0400] "GET /ad917/?path=%2Fhome%2F.%2F.%2F..%2Flib64%2FlibXau.so.6 HTTP/1.1" 200 942 "-" "Mozilla/5.0 AppleWebKit/537.36 (KHTML, like Gecko; compatible; ClaudeBot/1.0; +claudebot@anthropic.com)"
18.224.108.12 - - [06/Apr/2025:08:58:51 -0400] "GET /ad917/?path=%2Fhome%2F.%2F.%2F..%2Flib64%2Flibsepol.so HTTP/1.1" 200 938 "-" "Mozilla/5.0 AppleWebKit/537.36 (KHTML, like Gecko; compatible; ClaudeBot/1.0; +claudebot@anthropic.com)"
18.224.108.12 - - [06/Apr/2025:08:58:54 -0400] "GET /ad917/?path=%2Fhome%2F.%2F.%2F..%2Flib64%2Flibzip.so.5 HTTP/1.1" 200 940 "-" "Mozilla/5.0 AppleWebKit/537.36 (KHTML, like Gecko; compatible; ClaudeBot/1.0; +claudebot@anthropic.com)"
18.224.108.12 - - [06/Apr/2025:08:58:57 -0400] "GET /ad917/?path=%2Fhome%2F.%2F.%2F..%2Flib64%2Flibndp.so.0 HTTP/1.1" 200 939 "-" "Mozilla/5.0 AppleWebKit/537.36 (KHTML, like Gecko; compatible; ClaudeBot/1.0; +claudebot@anthropic.com)"
18.224.108.12 - - [06/Apr/2025:08:59:00 -0400] "GET /ad917/?path=%2Fhome%2F.%2F.%2F..%2Flib64%2Flibtinfo.so HTTP/1.1" 200 940 "-" "Mozilla/5.0 AppleWebKit/537.36 (KHTML, like Gecko; compatible; ClaudeBot/1.0; +claudebot@anthropic.com)"
18.224.108.12 - - [06/Apr/2025:08:59:03 -0400] "GET /ad917/?path=%2Fhome%2F.%2F.%2F..%2Flib64%2Flibcap.so.2 HTTP/1.1" 200 939 "-" "Mozilla/5.0 AppleWebKit/537.36 (KHTML, like Gecko; compatible; ClaudeBot/1.0; +claudebot@anthropic.com)"
18.224.108.12 - - [06/Apr/2025:08:59:06 -0400] "GET /ad917/?path=%2Fhome%2F.%2F.%2F..%2Flib64%2Flibmenuw.so HTTP/1.1" 200 940 "-" "Mozilla/5.0 AppleWebKit/537.36 (KHTML, like Gecko; compatible; ClaudeBot/1.0; +claudebot@anthropic.com)"
18.224.108.12 - - [06/Apr/2025:08:59:09 -0400] "GET /ad917/?path=%2Fhome%2F.%2F.%2F..%2Flib64%2Flibpci.so.3 HTTP/1.1" 200 939 "-" "Mozilla/5.0 AppleWebKit/537.36 (KHTML, like Gecko; compatible; ClaudeBot/1.0; +claudebot@anthropic.com)"
18.224.108.12 - - [06/Apr/2025:08:59:12 -0400] "GET /ad917/?path=%2Fhome%2F.%2F.%2F..%2Flib64%2FlibGLX.so.0 HTTP/1.1" 200 942 "-" "Mozilla/5.0 AppleWebKit/537.36 (KHTML, like Gecko; compatible; ClaudeBot/1.0; +claudebot@anthropic.com)"
18.224.108.12 - - [06/Apr/2025:08:59:15 -0400] "GET /ad917/?path=%2Fhome%2F.%2F..%2Flib%2Ftuned%2Ffunctions HTTP/1.1" 200 6059 "-" "Mozilla/5.0 AppleWebKit/537.36 (KHTML, like Gecko; compatible; ClaudeBot/1.0; +claudebot@anthropic.com)"
18.224.108.12 - - [06/Apr/2025:08:59:18 -0400] "GET /ad917/?path=%2Fhome%2F.%2F.%2F..%2Flib64%2Flibtic.so.6 HTTP/1.1" 200 939 "-" "Mozilla/5.0 AppleWebKit/537.36 (KHTML, like Gecko; compatible; ClaudeBot/1.0; +claudebot@anthropic.com)"
52.167.144.176 - - [06/Apr/2025:08:59:19 -0400] "GET /goods/albogularis/119215278.shtml HTTP/1.1" 200 20049 "-" "Mozilla/5.0 AppleWebKit/537.36 (KHTML, like Gecko; compatible; bingbot/2.0; +http://www.bing.com/bingbot.htm) Chrome/116.0.1938.76 Safari/537.36"
18.224.108.12 - - [06/Apr/2025:08:59:21 -0400] "GET /ad917/?path=%2Fhome%2F.%2F.%2F..%2Flib64%2Flibnsl.so.1 HTTP/1.1" 200 939 "-" "Mozilla/5.0 AppleWebKit/537.36 (KHTML, like Gecko; compatible; ClaudeBot/1.0; +claudebot@anthropic.com)"
18.224.108.12 - - [06/Apr/2025:08:59:24 -0400] "GET /ad917/?path=%2Fhome%2F.%2F..%2Fproc%2Fself%2Fmountinfo HTTP/1.1" 200 3187 "-" "Mozilla/5.0 AppleWebKit/537.36 (KHTML, like Gecko; compatible; ClaudeBot/1.0; +claudebot@anthropic.com)"
66.249.65.104 - - [06/Apr/2025:08:59:25 -0400] "GET /products104710646.shtml HTTP/1.1" 200 20199 "-" "Mozilla/5.0 (Linux; Android 6.0.1; Nexus 5X Build/MMB29P) AppleWebKit/537.36 (KHTML, like Gecko) Chrome/134.0.6998.165 Mobile Safari/537.36 (compatible; Googlebot/2.1; +http://www.google.com/bot.html)"
18.224.108.12 - - [06/Apr/2025:08:59:27 -0400] "GET /ad917/?path=%2Fhome%2F.%2F..%2Fusr%2Fbin%2Fpre-grohtml HTTP/1.1" 200 948 "-" "Mozilla/5.0 AppleWebKit/537.36 (KHTML, like Gecko; compatible; ClaudeBot/1.0; +claudebot@anthropic.com)"
18.224.108.12 - - [06/Apr/2025:08:59:30 -0400] "GET /ad917/?path=%2Fhome%2F.%2F.%2F..%2Flib64%2Fxml2Conf.sh HTTP/1.1" 200 1093 "-" "Mozilla/5.0 AppleWebKit/537.36 (KHTML, like Gecko; compatible; ClaudeBot/1.0; +claudebot@anthropic.com)"
18.224.108.12 - - [06/Apr/2025:08:59:33 -0400] "GET /ad917/?path=%2Fhome%2F.%2F.%2F..%2Flib64%2Flibmpc.so.3 HTTP/1.1" 200 939 "-" "Mozilla/5.0 AppleWebKit/537.36 (KHTML, like Gecko; compatible; ClaudeBot/1.0; +claudebot@anthropic.com)"
18.224.108.12 - - [06/Apr/2025:08:59:36 -0400] "GET /ad917/?path=%2Fhome%2F.%2F.%2F..%2Flib64%2Flibe2p.so.2 HTTP/1.1" 200 939 "-" "Mozilla/5.0 AppleWebKit/537.36 (KHTML, like Gecko; compatible; ClaudeBot/1.0; +claudebot@anthropic.com)"
18.224.108.12 - - [06/Apr/2025:08:59:39 -0400] "GET /ad917/?path=%2Fhome%2F.%2F.%2F..%2Flib64%2Flibogg.so.0 HTTP/1.1" 200 939 "-" "Mozilla/5.0 AppleWebKit/537.36 (KHTML, like Gecko; compatible; ClaudeBot/1.0; +claudebot@anthropic.com)"
18.224.108.12 - - [06/Apr/2025:08:59:42 -0400] "GET /ad917/?path=%2Fhome%2F.%2F.%2F..%2Flib64%2Flibverto.so HTTP/1.1" 200 939 "-" "Mozilla/5.0 AppleWebKit/537.36 (KHTML, like Gecko; compatible; ClaudeBot/1.0; +claudebot@anthropic.com)"
66.249.65.105 - - [06/Apr/2025:08:59:44 -0400] "GET /shopbrand/lmm/lizardfish/110048548.shtml HTTP/1.1" 200 19603 "-" "Mozilla/5.0 (Linux; Android 6.0.1; Nexus 5X Build/MMB29P) AppleWebKit/537.36 (KHTML, like Gecko) Chrome/134.0.6998.165 Mobile Safari/537.36 (compatible; GoogleOther)"
18.224.108.12 - - [06/Apr/2025:08:59:45 -0400] "GET /ad917/?path=%2Fhome%2F.%2F.%2F..%2Flib64%2Flibpanel.so HTTP/1.1" 200 939 "-" "Mozilla/5.0 AppleWebKit/537.36 (KHTML, like Gecko; compatible; ClaudeBot/1.0; +claudebot@anthropic.com)"
66.249.65.105 - - [06/Apr/2025:08:59:47 -0400] "GET /goodscode/33455704.shtml HTTP/1.1" 200 19969 "-" "Mozilla/5.0 (Linux; Android 6.0.1; Nexus 5X Build/MMB29P) AppleWebKit/537.36 (KHTML, like Gecko) Chrome/134.0.6998.165 Mobile Safari/537.36 (compatible; Googlebot/2.1; +http://www.google.com/bot.html)"
18.224.108.12 - - [06/Apr/2025:08:59:48 -0400] "GET /ad917/?path=%2Fhome%2F.%2F.%2F..%2Flib64%2Flibfstrm.so HTTP/1.1" 200 939 "-" "Mozilla/5.0 AppleWebKit/537.36 (KHTML, like Gecko; compatible; ClaudeBot/1.0; +claudebot@anthropic.com)"
66.249.65.104 - - [06/Apr/2025:08:59:48 -0400] "GET /items/y/scomfish95194574.shtml HTTP/1.1" 200 19497 "-" "Mozilla/5.0 (Linux; Android 6.0.1; Nexus 5X Build/MMB29P) AppleWebKit/537.36 (KHTML, like Gecko) Chrome/134.0.6998.165 Mobile Safari/537.36 (compatible; Googlebot/2.1; +http://www.google.com/bot.html)"
66.249.65.104 - - [06/Apr/2025:08:59:49 -0400] "GET /goods111254368.shtml HTTP/1.1" 200 19628 "-" "Mozilla/5.0 (Linux; Android 6.0.1; Nexus 5X Build/MMB29P) AppleWebKit/537.36 (KHTML, like Gecko) Chrome/134.0.6998.165 Mobile Safari/537.36 (compatible; Googlebot/2.1; +http://www.google.com/bot.html)"
18.224.108.12 - - [06/Apr/2025:08:59:51 -0400] "GET /ad917/?path=%2Fhome%2F.%2F..%2Fusr%2Fbin%2Fselectorctl HTTP/1.1" 200 3344 "-" "Mozilla/5.0 AppleWebKit/537.36 (KHTML, like Gecko; compatible; ClaudeBot/1.0; +claudebot@anthropic.com)"
18.224.108.12 - - [06/Apr/2025:08:59:54 -0400] "GET /ad917/?path=%2Fhome%2F.%2F..%2Fusr%2Fbin%2Ffc-validate HTTP/1.1" 200 945 "-" "Mozilla/5.0 AppleWebKit/537.36 (KHTML, like Gecko; compatible; ClaudeBot/1.0; +claudebot@anthropic.com)"
18.224.108.12 - - [06/Apr/2025:08:59:57 -0400] "GET /ad917/?path=%2Fhome%2F.%2F.%2F..%2Flib64%2Flibbz2.so.1 HTTP/1.1" 200 940 "-" "Mozilla/5.0 AppleWebKit/537.36 (KHTML, like Gecko; compatible; ClaudeBot/1.0; +claudebot@anthropic.com)"
66.249.65.104 - - [06/Apr/2025:08:59:58 -0400] "GET /special/ravage/1721054.shtml HTTP/1.1" 200 19858 "-" "Mozilla/5.0 (Linux; Android 6.0.1; Nexus 5X Build/MMB29P) AppleWebKit/537.36 (KHTML, like Gecko) Chrome/134.0.6998.165 Mobile Safari/537.36 (compatible; GoogleOther)"
18.224.108.12 - - [06/Apr/2025:09:00:00 -0400] "GET /ad917/?path=%2Fhome%2F.%2F..%2Fusr%2Fbin%2Fmysqlimport HTTP/1.1" 200 947 "-" "Mozilla/5.0 AppleWebKit/537.36 (KHTML, like Gecko; compatible; ClaudeBot/1.0; +claudebot@anthropic.com)"
157.55.39.16 - - [06/Apr/2025:09:00:06 -0400] "GET /product/btw/betle75663168.shtml HTTP/1.1" 200 19997 "-" "Mozilla/5.0 AppleWebKit/537.36 (KHTML, like Gecko; compatible; bingbot/2.0; +http://www.bing.com/bingbot.htm) Chrome/116.0.1938.76 Safari/537.36"
207.46.13.86 - - [06/Apr/2025:09:00:08 -0400] "GET /shopping/amarna44304750.shtml HTTP/1.1" 200 20056 "-" "Mozilla/5.0 AppleWebKit/537.36 (KHTML, like Gecko; compatible; bingbot/2.0; +http://www.bing.com/bingbot.htm) Chrome/116.0.1938.76 Safari/537.36"
52.167.144.156 - - [06/Apr/2025:09:00:10 -0400] "GET /shopdetail/k/gigging75669010.shtml HTTP/1.1" 200 19254 "-" "Mozilla/5.0 AppleWebKit/537.36 (KHTML, like Gecko; compatible; bingbot/2.0; +http://www.bing.com/bingbot.htm) Chrome/116.0.1938.76 Safari/537.36"
66.249.65.105 - - [06/Apr/2025:09:00:13 -0400] "GET /goodscode76990430.shtml HTTP/1.1" 200 20059 "-" "Mozilla/5.0 (Linux; Android 6.0.1; Nexus 5X Build/MMB29P) AppleWebKit/537.36 (KHTML, like Gecko) Chrome/134.0.6998.165 Mobile Safari/537.36 (compatible; GoogleOther)"
207.46.13.18 - - [06/Apr/2025:09:00:18 -0400] "GET /shopdetail/kye/incomposed/45319070.shtml HTTP/1.1" 200 20083 "-" "Mozilla/5.0 AppleWebKit/537.36 (KHTML, like Gecko; compatible; bingbot/2.0; +http://www.bing.com/bingbot.htm) Chrome/116.0.1938.76 Safari/537.36"
18.117.71.21 - - [06/Apr/2025:09:00:30 -0400] "GET /ad917/?path=%2Fhome%2F.%2F.%2F..%2Flib64%2FlibtdsS.so.2 HTTP/1.1" 200 942 "-" "Mozilla/5.0 AppleWebKit/537.36 (KHTML, like Gecko; compatible; ClaudeBot/1.0; +claudebot@anthropic.com)"
18.117.71.21 - - [06/Apr/2025:09:00:33 -0400] "GET /ad917/?path=%2Fhome%2F.%2F.%2F..%2Flib64%2Flibc-2.28.so HTTP/1.1" 200 940 "-" "Mozilla/5.0 AppleWebKit/537.36 (KHTML, like Gecko; compatible; ClaudeBot/1.0; +claudebot@anthropic.com)"
66.249.65.105 - - [06/Apr/2025:09:00:33 -0400] "GET /shopbrand115747826.shtml HTTP/1.1" 200 20186 "-" "Mozilla/5.0 (Linux; Android 6.0.1; Nexus 5X Build/MMB29P) AppleWebKit/537.36 (KHTML, like Gecko) Chrome/134.0.6998.165 Mobile Safari/537.36 (compatible; Googlebot/2.1; +http://www.google.com/bot.html)"
18.117.71.21 - - [06/Apr/2025:09:00:36 -0400] "GET /ad917/?path=%2Fhome%2F.%2F.%2F.%2Fservlmvm%2F.nc_plugin HTTP/1.1" 200 1186 "-" "Mozilla/5.0 AppleWebKit/537.36 (KHTML, like Gecko; compatible; ClaudeBot/1.0; +claudebot@anthropic.com)"
66.249.65.104 - - [06/Apr/2025:09:00:37 -0400] "GET /product/sgc/tradeful/110048798.shtml HTTP/1.1" 200 19778 "-" "Mozilla/5.0 (Linux; Android 6.0.1; Nexus 5X Build/MMB29P) AppleWebKit/537.36 (KHTML, like Gecko) Chrome/134.0.6998.165 Mobile Safari/537.36 (compatible; GoogleOther)"
18.117.71.21 - - [06/Apr/2025:09:00:39 -0400] "GET /ad917/?path=%2Fhome%2F.%2F.%2F..%2Flib64%2Flibhgfs.so.0 HTTP/1.1" 200 940 "-" "Mozilla/5.0 AppleWebKit/537.36 (KHTML, like Gecko; compatible; ClaudeBot/1.0; +claudebot@anthropic.com)"
52.167.144.176 - - [06/Apr/2025:09:00:40 -0400] "GET /product70096068.shtml HTTP/1.1" 200 19461 "-" "Mozilla/5.0 AppleWebKit/537.36 (KHTML, like Gecko; compatible; bingbot/2.0; +http://www.bing.com/bingbot.htm) Chrome/116.0.1938.76 Safari/537.36"
18.117.71.21 - - [06/Apr/2025:09:00:42 -0400] "GET /ad917/?path=%2Fhome%2F.%2F.%2F..%2Flib64%2Flibkrad.so.0 HTTP/1.1" 200 940 "-" "Mozilla/5.0 AppleWebKit/537.36 (KHTML, like Gecko; compatible; ClaudeBot/1.0; +claudebot@anthropic.com)"
18.117.71.21 - - [06/Apr/2025:09:00:45 -0400] "GET /ad917/?path=%2Fhome%2F.%2F..%2Fproc%2Fself%2Fmountstats HTTP/1.1" 200 1986 "-" "Mozilla/5.0 AppleWebKit/537.36 (KHTML, like Gecko; compatible; ClaudeBot/1.0; +claudebot@anthropic.com)"
18.117.71.21 - - [06/Apr/2025:09:00:48 -0400] "GET /ad917/?path=%2Fhome%2F.%2F.%2F..%2Flib64%2Flibmariadb.a HTTP/1.1" 200 941 "-" "Mozilla/5.0 AppleWebKit/537.36 (KHTML, like Gecko; compatible; ClaudeBot/1.0; +claudebot@anthropic.com)"
18.117.71.21 - - [06/Apr/2025:09:00:51 -0400] "GET /ad917/?path=%2Fhome%2F.%2F.%2F..%2Flib64%2Flibpanelw.so HTTP/1.1" 200 941 "-" "Mozilla/5.0 AppleWebKit/537.36 (KHTML, like Gecko; compatible; ClaudeBot/1.0; +claudebot@anthropic.com)"
18.117.71.21 - - [06/Apr/2025:09:00:54 -0400] "GET /ad917/?path=%2Fhome%2F.%2F.%2F..%2Flib64%2Flibopus.so.0 HTTP/1.1" 200 940 "-" "Mozilla/5.0 AppleWebKit/537.36 (KHTML, like Gecko; compatible; ClaudeBot/1.0; +claudebot@anthropic.com)"
66.249.65.104 - - [06/Apr/2025:09:00:55 -0400] "GET /products62542830.shtml HTTP/1.1" 200 20256 "-" "Mozilla/5.0 (Linux; Android 6.0.1; Nexus 5X Build/MMB29P) AppleWebKit/537.36 (KHTML, like Gecko) Chrome/134.0.6998.165 Mobile Safari/537.36 (compatible; Googlebot/2.1; +http://www.google.com/bot.html)"
66.249.65.104 - - [06/Apr/2025:09:00:56 -0400] "GET /shopbrand/86955456.shtml HTTP/1.1" 200 20186 "-" "Mozilla/5.0 (Linux; Android 6.0.1; Nexus 5X Build/MMB29P) AppleWebKit/537.36 (KHTML, like Gecko) Chrome/134.0.6998.165 Mobile Safari/537.36 (compatible; Googlebot/2.1; +http://www.google.com/bot.html)"
18.117.71.21 - - [06/Apr/2025:09:00:57 -0400] "GET /ad917/?path=%2Fhome%2F.%2F.%2F..%2Flib64%2Flibxml2.so.2 HTTP/1.1" 200 941 "-" "Mozilla/5.0 AppleWebKit/537.36 (KHTML, like Gecko; compatible; ClaudeBot/1.0; +claudebot@anthropic.com)"
207.46.13.160 - - [06/Apr/2025:09:00:59 -0400] "GET /products18957162.shtml HTTP/1.1" 200 19633 "-" "Mozilla/5.0 AppleWebKit/537.36 (KHTML, like Gecko; compatible; bingbot/2.0; +http://www.bing.com/bingbot.htm) Chrome/116.0.1938.76 Safari/537.36"
18.117.71.21 - - [06/Apr/2025:09:01:00 -0400] "GET /ad917/?path=%2Fhome%2F.%2F.%2F..%2Flib64%2Fliblscapi.so HTTP/1.1" 200 941 "-" "Mozilla/5.0 AppleWebKit/537.36 (KHTML, like Gecko; compatible; ClaudeBot/1.0; +claudebot@anthropic.com)"
18.117.71.21 - - [06/Apr/2025:09:01:03 -0400] "GET /ad917/?path=%2Fhome%2F.%2F.%2F..%2Flib64%2Flibonig.so.5 HTTP/1.1" 200 940 "-" "Mozilla/5.0 AppleWebKit/537.36 (KHTML, like Gecko; compatible; ClaudeBot/1.0; +claudebot@anthropic.com)"
207.46.13.86 - - [06/Apr/2025:09:01:03 -0400] "GET /goodscode/us/termination87173650.shtml HTTP/1.1" 200 19893 "-" "Mozilla/5.0 AppleWebKit/537.36 (KHTML, like Gecko; compatible; bingbot/2.0; +http://www.bing.com/bingbot.htm) Chrome/116.0.1938.76 Safari/537.36"
18.117.71.21 - - [06/Apr/2025:09:01:06 -0400] "GET /ad917/?path=%2Fhome%2F.%2F.%2F..%2Flib64%2Flibisl.so.15 HTTP/1.1" 200 940 "-" "Mozilla/5.0 AppleWebKit/537.36 (KHTML, like Gecko; compatible; ClaudeBot/1.0; +claudebot@anthropic.com)"
18.117.71.21 - - [06/Apr/2025:09:01:09 -0400] "GET /ad917/?path=%2Fhome%2F.%2F.%2F..%2Flib64%2Flibteam.so.5 HTTP/1.1" 200 940 "-" "Mozilla/5.0 AppleWebKit/537.36 (KHTML, like Gecko; compatible; ClaudeBot/1.0; +claudebot@anthropic.com)"
18.117.71.21 - - [06/Apr/2025:09:01:12 -0400] "GET /ad917/?path=%2Fhome%2F.%2F.%2F..%2Flib64%2Flibisl.so.13 HTTP/1.1" 200 940 "-" "Mozilla/5.0 AppleWebKit/537.36 (KHTML, like Gecko; compatible; ClaudeBot/1.0; +claudebot@anthropic.com)"
18.117.71.21 - - [06/Apr/2025:09:01:15 -0400] "GET /ad917/?path=%2Fhome%2F.%2F.%2F..%2Flib64%2Flibjasper.so HTTP/1.1" 200 941 "-" "Mozilla/5.0 AppleWebKit/537.36 (KHTML, like Gecko; compatible; ClaudeBot/1.0; +claudebot@anthropic.com)"
198.54.116.86 - - [06/Apr/2025:09:01:16 -0400] "POST /wp-cron.php?doing_wp_cron=1743944476.4199249744415283203125 HTTP/1.1" 200 0 "-" "WordPress/6.7.2; https://servethepeopleinc.org"
51.222.253.15 - - [06/Apr/2025:09:01:15 -0400] "GET /items35248564.shtml HTTP/1.1" 404 16704 "-" "Mozilla/5.0 (compatible; AhrefsBot/7.0; +http://ahrefs.com/robot/)"
198.54.116.86 - - [06/Apr/2025:09:01:16 -0400] "POST /wp-admin/admin-ajax.php?action=async_litespeed&nonce=cDe7PE0cm7uLHwwG09BsTIYNbGZdyATX&litespeed_type=imgoptm HTTP/1.1" 200 21 "-" "WordPress/6.7.2; https://servethepeopleinc.org"
18.117.71.21 - - [06/Apr/2025:09:01:18 -0400] "GET /ad917/?path=%2Fhome%2F.%2F.%2F..%2Flib64%2Flibkrb5.so.3 HTTP/1.1" 200 940 "-" "Mozilla/5.0 AppleWebKit/537.36 (KHTML, like Gecko; compatible; ClaudeBot/1.0; +claudebot@anthropic.com)"
66.249.65.104 - - [06/Apr/2025:09:01:18 -0400] "GET /shopdetail/62364414.shtml HTTP/1.1" 200 19618 "-" "Mozilla/5.0 (Linux; Android 6.0.1; Nexus 5X Build/MMB29P) AppleWebKit/537.36 (KHTML, like Gecko) Chrome/134.0.6998.165 Mobile Safari/537.36 (compatible; Googlebot/2.1; +http://www.google.com/bot.html)"
18.117.71.21 - - [06/Apr/2025:09:01:21 -0400] "GET /ad917/?path=%2Fhome%2F.%2F..%2Fusr%2Fbin%2Fmariadb-dump HTTP/1.1" 200 951 "-" "Mozilla/5.0 AppleWebKit/537.36 (KHTML, like Gecko; compatible; ClaudeBot/1.0; +claudebot@anthropic.com)"
18.117.71.21 - - [06/Apr/2025:09:01:24 -0400] "GET /ad917/?path=%2Fhome%2F.%2F.%2F..%2Flib64%2Flibidn.so.11 HTTP/1.1" 200 940 "-" "Mozilla/5.0 AppleWebKit/537.36 (KHTML, like Gecko; compatible; ClaudeBot/1.0; +claudebot@anthropic.com)"
18.117.71.21 - - [06/Apr/2025:09:01:27 -0400] "GET /ad917/?path=%2Fhome%2F.%2F.%2F..%2Flib64%2FlibXmuu.so.1 HTTP/1.1" 200 943 "-" "Mozilla/5.0 AppleWebKit/537.36 (KHTML, like Gecko; compatible; ClaudeBot/1.0; +claudebot@anthropic.com)"
18.117.71.21 - - [06/Apr/2025:09:01:30 -0400] "GET /ad917/?path=%2Fhome%2F.%2F.%2F..%2Flib64%2Flibmenu.so.5 HTTP/1.1" 200 940 "-" "Mozilla/5.0 AppleWebKit/537.36 (KHTML, like Gecko; compatible; ClaudeBot/1.0; +claudebot@anthropic.com)"
18.117.71.21 - - [06/Apr/2025:09:01:33 -0400] "GET /ad917/?path=%2Fhome%2F.%2F.%2F..%2Flib64%2Flibcups.so.2 HTTP/1.1" 200 941 "-" "Mozilla/5.0 AppleWebKit/537.36 (KHTML, like Gecko; compatible; ClaudeBot/1.0; +claudebot@anthropic.com)"
66.249.65.104 - - [06/Apr/2025:09:01:33 -0400] "GET /product/ugi/pratense/12020042.shtml HTTP/1.1" 200 20149 "-" "Mozilla/5.0 (Linux; Android 6.0.1; Nexus 5X Build/MMB29P) AppleWebKit/537.36 (KHTML, like Gecko) Chrome/134.0.6998.165 Mobile Safari/537.36 (compatible; GoogleOther)"
18.117.71.21 - - [06/Apr/2025:09:01:36 -0400] "GET /ad917/?path=%2Fhome%2F.%2F.%2F..%2Flib64%2Flibgssrpc.so HTTP/1.1" 200 941 "-" "Mozilla/5.0 AppleWebKit/537.36 (KHTML, like Gecko; compatible; ClaudeBot/1.0; +claudebot@anthropic.com)"
157.55.39.16 - - [06/Apr/2025:09:01:36 -0400] "GET /shopping/52020340.shtml HTTP/1.1" 200 19892 "-" "Mozilla/5.0 AppleWebKit/537.36 (KHTML, like Gecko; compatible; bingbot/2.0; +http://www.bing.com/bingbot.htm) Chrome/116.0.1938.76 Safari/537.36"
18.117.71.21 - - [06/Apr/2025:09:01:39 -0400] "GET /ad917/?path=%2Fhome%2F.%2F.%2F..%2Flib64%2Flibksba.so.8 HTTP/1.1" 200 940 "-" "Mozilla/5.0 AppleWebKit/537.36 (KHTML, like Gecko; compatible; ClaudeBot/1.0; +claudebot@anthropic.com)"
52.167.144.156 - - [06/Apr/2025:09:01:41 -0400] "GET /shopdetail/y/culpe52007066.shtml HTTP/1.1" 200 19456 "-" "Mozilla/5.0 AppleWebKit/537.36 (KHTML, like Gecko; compatible; bingbot/2.0; +http://www.bing.com/bingbot.htm) Chrome/116.0.1938.76 Safari/537.36"
18.117.71.21 - - [06/Apr/2025:09:01:42 -0400] "GET /ad917/?path=%2Fhome%2F.%2F.%2F..%2Flib64%2Flibodbc.so.2 HTTP/1.1" 200 941 "-" "Mozilla/5.0 AppleWebKit/537.36 (KHTML, like Gecko; compatible; ClaudeBot/1.0; +claudebot@anthropic.com)"
66.249.65.104 - - [06/Apr/2025:09:01:42 -0400] "GET /products/j/glided/17198916.shtml HTTP/1.1" 200 20271 "-" "Mozilla/5.0 (Linux; Android 6.0.1; Nexus 5X Build/MMB29P) AppleWebKit/537.36 (KHTML, like Gecko) Chrome/134.0.6998.165 Mobile Safari/537.36 (compatible; GoogleOther)"
66.249.65.104 - - [06/Apr/2025:09:01:43 -0400] "GET /entity/triandria/100596914.shtml HTTP/1.1" 200 20055 "-" "Mozilla/5.0 (Linux; Android 6.0.1; Nexus 5X Build/MMB29P) AppleWebKit/537.36 (KHTML, like Gecko) Chrome/134.0.6998.165 Mobile Safari/537.36 (compatible; GoogleOther)"
18.117.71.21 - - [06/Apr/2025:09:01:45 -0400] "GET /ad917/?path=%2Fhome%2F.%2F.%2F..%2Flib64%2Flibtspi.so.1 HTTP/1.1" 200 941 "-" "Mozilla/5.0 AppleWebKit/537.36 (KHTML, like Gecko; compatible; ClaudeBot/1.0; +claudebot@anthropic.com)"
18.117.71.21 - - [06/Apr/2025:09:01:48 -0400] "GET /ad917/?path=%2Fhome%2F.%2F.%2F..%2Flib64%2Ftd-agent-bit HTTP/1.1" 200 1497 "-" "Mozilla/5.0 AppleWebKit/537.36 (KHTML, like Gecko; compatible; ClaudeBot/1.0; +claudebot@anthropic.com)"
52.167.144.176 - - [06/Apr/2025:09:01:50 -0400] "GET /shopbrand21480328.shtml HTTP/1.1" 200 19175 "-" "Mozilla/5.0 AppleWebKit/537.36 (KHTML, like Gecko; compatible; bingbot/2.0; +http://www.bing.com/bingbot.htm) Chrome/116.0.1938.76 Safari/537.36"
18.117.71.21 - - [06/Apr/2025:09:01:51 -0400] "GET /ad917/?path=%2Fhome%2F.%2F.%2F..%2Flib64%2Flibglut.so.3 HTTP/1.1" 200 940 "-" "Mozilla/5.0 AppleWebKit/537.36 (KHTML, like Gecko; compatible; ClaudeBot/1.0; +claudebot@anthropic.com)"
18.117.71.21 - - [06/Apr/2025:09:01:54 -0400] "GET /ad917/?path=%2Fhome%2F.%2F.%2F..%2Flib64%2Fliblzma.so.5 HTTP/1.1" 200 940 "-" "Mozilla/5.0 AppleWebKit/537.36 (KHTML, like Gecko; compatible; ClaudeBot/1.0; +claudebot@anthropic.com)"
18.117.71.21 - - [06/Apr/2025:09:01:57 -0400] "GET /ad917/?path=%2Fhome%2F.%2F.%2F..%2Flib64%2Flibuuid.so.1 HTTP/1.1" 200 941 "-" "Mozilla/5.0 AppleWebKit/537.36 (KHTML, like Gecko; compatible; ClaudeBot/1.0; +claudebot@anthropic.com)"
207.46.13.86 - - [06/Apr/2025:09:01:59 -0400] "GET /shopping/kidnaping23140988.shtml HTTP/1.1" 200 20069 "-" "Mozilla/5.0 AppleWebKit/537.36 (KHTML, like Gecko; compatible; bingbot/2.0; +http://www.bing.com/bingbot.htm) Chrome/116.0.1938.76 Safari/537.36"
18.117.71.21 - - [06/Apr/2025:09:02:00 -0400] "GET /ad917/?path=%2Fhome%2F.%2F.%2F..%2Flib64%2Flibyajl.so.2 HTTP/1.1" 200 941 "-" "Mozilla/5.0 AppleWebKit/537.36 (KHTML, like Gecko; compatible; ClaudeBot/1.0; +claudebot@anthropic.com)"
18.117.71.21 - - [06/Apr/2025:09:02:03 -0400] "GET /ad917/?path=%2Fhome%2F.%2F.%2F..%2Flib64%2Flibisccfg.so HTTP/1.1" 200 941 "-" "Mozilla/5.0 AppleWebKit/537.36 (KHTML, like Gecko; compatible; ClaudeBot/1.0; +claudebot@anthropic.com)"
18.117.71.21 - - [06/Apr/2025:09:02:06 -0400] "GET /ad917/?path=%2Fhome%2F.%2F.%2F..%2Flib64%2Flibss.so.2.0 HTTP/1.1" 200 938 "-" "Mozilla/5.0 AppleWebKit/537.36 (KHTML, like Gecko; compatible; ClaudeBot/1.0; +claudebot@anthropic.com)"
66.249.65.104 - - [06/Apr/2025:09:02:07 -0400] "GET /shopdetail/gc/silene/9216274.shtml HTTP/1.1" 200 19011 "-" "Mozilla/5.0 (Linux; Android 6.0.1; Nexus 5X Build/MMB29P) AppleWebKit/537.36 (KHTML, like Gecko) Chrome/134.0.6998.165 Mobile Safari/537.36 (compatible; GoogleOther)"
18.117.71.21 - - [06/Apr/2025:09:02:09 -0400] "GET /ad917/?path=%2Fhome%2F.%2F.%2F..%2Flib64%2Flibpcre16.so HTTP/1.1" 200 940 "-" "Mozilla/5.0 AppleWebKit/537.36 (KHTML, like Gecko; compatible; ClaudeBot/1.0; +claudebot@anthropic.com)"
18.117.71.21 - - [06/Apr/2025:09:02:12 -0400] "GET /ad917/?path=%2Fhome%2F.%2F.%2F..%2Flib64%2Flibmana.so.1 HTTP/1.1" 200 941 "-" "Mozilla/5.0 AppleWebKit/537.36 (KHTML, like Gecko; compatible; ClaudeBot/1.0; +claudebot@anthropic.com)"
18.117.71.21 - - [06/Apr/2025:09:02:15 -0400] "GET /ad917/?path=%2Fhome%2F.%2F.%2F..%2Flib64%2Flibuser.so.1 HTTP/1.1" 200 941 "-" "Mozilla/5.0 AppleWebKit/537.36 (KHTML, like Gecko; compatible; ClaudeBot/1.0; +claudebot@anthropic.com)"
207.46.13.160 - - [06/Apr/2025:09:02:17 -0400] "GET /entity/fathomed30101080.shtml HTTP/1.1" 200 20142 "-" "Mozilla/5.0 AppleWebKit/537.36 (KHTML, like Gecko; compatible; bingbot/2.0; +http://www.bing.com/bingbot.htm) Chrome/116.0.1938.76 Safari/537.36"
18.117.71.21 - - [06/Apr/2025:09:02:18 -0400] "GET /ad917/?path=%2Fhome%2F.%2F.%2Fservlmvm%2F.%2Fpublic_ftp HTTP/1.1" 200 1455 "-" "Mozilla/5.0 AppleWebKit/537.36 (KHTML, like Gecko; compatible; ClaudeBot/1.0; +claudebot@anthropic.com)"
18.117.71.21 - - [06/Apr/2025:09:02:21 -0400] "GET /ad917/?path=%2Fhome%2F.%2F.%2F..%2Flib64%2Flibsrtp.so.1 HTTP/1.1" 200 939 "-" "Mozilla/5.0 AppleWebKit/537.36 (KHTML, like Gecko; compatible; ClaudeBot/1.0; +claudebot@anthropic.com)"
66.249.65.104 - - [06/Apr/2025:09:02:23 -0400] "GET /detail/44614328.shtml HTTP/1.1" 200 20244 "-" "Mozilla/5.0 (Linux; Android 6.0.1; Nexus 5X Build/MMB29P) AppleWebKit/537.36 (KHTML, like Gecko) Chrome/134.0.6998.165 Mobile Safari/537.36 (compatible; Googlebot/2.1; +http://www.google.com/bot.html)"
18.117.71.21 - - [06/Apr/2025:09:02:24 -0400] "GET /ad917/?path=%2Fhome%2F.%2F.%2F..%2Flib64%2Flibssl.so.10 HTTP/1.1" 200 939 "-" "Mozilla/5.0 AppleWebKit/537.36 (KHTML, like Gecko; compatible; ClaudeBot/1.0; +claudebot@anthropic.com)"
66.249.65.105 - - [06/Apr/2025:09:02:23 -0400] "GET /detail82021880.shtml HTTP/1.1" 200 19520 "-" "Mozilla/5.0 (Linux; Android 6.0.1; Nexus 5X Build/MMB29P) AppleWebKit/537.36 (KHTML, like Gecko) Chrome/134.0.6998.165 Mobile Safari/537.36 (compatible; Googlebot/2.1; +http://www.google.com/bot.html)"
18.117.71.21 - - [06/Apr/2025:09:02:27 -0400] "GET /ad917/?path=%2Fhome%2F.%2F.%2F..%2Flib64%2Flibpamc.so.0 HTTP/1.1" 200 941 "-" "Mozilla/5.0 AppleWebKit/537.36 (KHTML, like Gecko; compatible; ClaudeBot/1.0; +claudebot@anthropic.com)"
207.46.13.160 - - [06/Apr/2025:09:02:27 -0400] "GET /product38909450.shtml HTTP/1.1" 200 19588 "-" "Mozilla/5.0 AppleWebKit/537.36 (KHTML, like Gecko; compatible; bingbot/2.0; +http://www.bing.com/bingbot.htm) Chrome/116.0.1938.76 Safari/537.36"
207.46.13.18 - - [06/Apr/2025:09:02:37 -0400] "GET /goods/51626714.shtml HTTP/1.1" 200 19152 "-" "Mozilla/5.0 AppleWebKit/537.36 (KHTML, like Gecko; compatible; bingbot/2.0; +http://www.bing.com/bingbot.htm) Chrome/116.0.1938.76 Safari/537.36"
207.46.13.160 - - [06/Apr/2025:09:02:37 -0400] "GET /items/saiga74746418.shtml HTTP/1.1" 200 19719 "-" "Mozilla/5.0 AppleWebKit/537.36 (KHTML, like Gecko; compatible; bingbot/2.0; +http://www.bing.com/bingbot.htm) Chrome/116.0.1938.76 Safari/537.36"
207.46.13.86 - - [06/Apr/2025:09:02:48 -0400] "GET /special/intermediate/59692274.shtml HTTP/1.1" 200 19535 "-" "Mozilla/5.0 AppleWebKit/537.36 (KHTML, like Gecko; compatible; bingbot/2.0; +http://www.bing.com/bingbot.htm) Chrome/116.0.1938.76 Safari/537.36"
3.138.188.86 - - [06/Apr/2025:09:02:53 -0400] "GET /ad917/?path=%2Fhome%2F.%2F..%2Fbin%2F.%2Fmariadb-waitpid HTTP/1.1" 200 949 "-" "Mozilla/5.0 AppleWebKit/537.36 (KHTML, like Gecko; compatible; ClaudeBot/1.0; +claudebot@anthropic.com)"
66.249.65.104 - - [06/Apr/2025:09:02:54 -0400] "GET /info/ng/inhearse/110072592.shtml HTTP/1.1" 200 20154 "-" "Mozilla/5.0 (Linux; Android 6.0.1; Nexus 5X Build/MMB29P) AppleWebKit/537.36 (KHTML, like Gecko) Chrome/134.0.6998.165 Mobile Safari/537.36 (compatible; GoogleOther)"
66.249.65.104 - - [06/Apr/2025:09:02:55 -0400] "GET /product/highpriestship21330414.shtml HTTP/1.1" 200 19829 "-" "Mozilla/5.0 (Linux; Android 6.0.1; Nexus 5X Build/MMB29P) AppleWebKit/537.36 (KHTML, like Gecko) Chrome/134.0.6998.165 Mobile Safari/537.36 (compatible; GoogleOther)"
3.138.188.86 - - [06/Apr/2025:09:02:56 -0400] "GET /ad917/?path=%2Fhome%2F.%2F.%2F..%2Fbin%2Fmariadb-waitpid HTTP/1.1" 200 942 "-" "Mozilla/5.0 AppleWebKit/537.36 (KHTML, like Gecko; compatible; ClaudeBot/1.0; +claudebot@anthropic.com)"
207.46.13.160 - - [06/Apr/2025:09:02:58 -0400] "GET /items/f/forego8007464.shtml HTTP/1.1" 200 20328 "-" "Mozilla/5.0 AppleWebKit/537.36 (KHTML, like Gecko; compatible; bingbot/2.0; +http://www.bing.com/bingbot.htm) Chrome/116.0.1938.76 Safari/537.36"
66.249.65.104 - - [06/Apr/2025:09:02:58 -0400] "GET /info/t/alorifolia/7110364.shtml HTTP/1.1" 200 19950 "-" "Mozilla/5.0 (Linux; Android 6.0.1; Nexus 5X Build/MMB29P) AppleWebKit/537.36 (KHTML, like Gecko) Chrome/134.0.6998.165 Mobile Safari/537.36 (compatible; GoogleOther)"
3.138.188.86 - - [06/Apr/2025:09:02:59 -0400] "GET /ad917/?path=%2Fhome%2F.%2F.%2F..%2Fbin%2Fmysql_find_rows HTTP/1.1" 200 2478 "-" "Mozilla/5.0 AppleWebKit/537.36 (KHTML, like Gecko; compatible; ClaudeBot/1.0; +claudebot@anthropic.com)"
3.138.188.86 - - [06/Apr/2025:09:03:02 -0400] "GET /ad917/?path=%2Fhome%2F.%2F.%2F..%2Fbin%2Ffreetype-config HTTP/1.1" 200 2353 "-" "Mozilla/5.0 AppleWebKit/537.36 (KHTML, like Gecko; compatible; ClaudeBot/1.0; +claudebot@anthropic.com)"
207.46.13.86 - - [06/Apr/2025:09:03:02 -0400] "GET /item/vitrine85414960.shtml HTTP/1.1" 200 19701 "-" "Mozilla/5.0 AppleWebKit/537.36 (KHTML, like Gecko; compatible; bingbot/2.0; +http://www.bing.com/bingbot.htm) Chrome/116.0.1938.76 Safari/537.36"
3.138.188.86 - - [06/Apr/2025:09:03:05 -0400] "GET /ad917/?path=%2Fhome%2F.%2F.%2F..%2Fetc%2Ftrusted-key.key HTTP/1.1" 403 1242 "-" "Mozilla/5.0 AppleWebKit/537.36 (KHTML, like Gecko; compatible; ClaudeBot/1.0; +claudebot@anthropic.com)"
66.249.65.96 - - [06/Apr/2025:09:03:07 -0400] "GET /goods/conjunctive120736892.shtml HTTP/1.1" 200 18950 "-" "Mozilla/5.0 (Linux; Android 6.0.1; Nexus 5X Build/MMB29P) AppleWebKit/537.36 (KHTML, like Gecko) Chrome/134.0.6998.165 Mobile Safari/537.36 (compatible; Googlebot/2.1; +http://www.google.com/bot.html)"
207.46.13.160 - - [06/Apr/2025:09:03:08 -0400] "GET /product/90594798.shtml HTTP/1.1" 200 19381 "-" "Mozilla/5.0 AppleWebKit/537.36 (KHTML, like Gecko; compatible; bingbot/2.0; +http://www.bing.com/bingbot.htm) Chrome/116.0.1938.76 Safari/537.36"
3.138.188.86 - - [06/Apr/2025:09:03:08 -0400] "GET /ad917/?path=%2Fhome%2F.%2F..%2F..%2Fbin%2Feasy_install-3 HTTP/1.1" 200 1188 "-" "Mozilla/5.0 AppleWebKit/537.36 (KHTML, like Gecko; compatible; ClaudeBot/1.0; +claudebot@anthropic.com)"
3.138.188.86 - - [06/Apr/2025:09:03:11 -0400] "GET /ad917/?path=%2Fhome%2F.%2F..%2F..%2Fproc%2Fsysrq-trigger HTTP/1.1" 200 946 "-" "Mozilla/5.0 AppleWebKit/537.36 (KHTML, like Gecko; compatible; ClaudeBot/1.0; +claudebot@anthropic.com)"
207.46.13.86 - - [06/Apr/2025:09:03:12 -0400] "GET /special30297098.shtml HTTP/1.1" 200 19967 "-" "Mozilla/5.0 AppleWebKit/537.36 (KHTML, like Gecko; compatible; bingbot/2.0; +http://www.bing.com/bingbot.htm) Chrome/116.0.1938.76 Safari/537.36"
3.138.188.86 - - [06/Apr/2025:09:03:14 -0400] "GET /ad917/?path=%2Fhome%2F.%2F..%2F..%2Fsbin%2Ftestsaslauthd HTTP/1.1" 200 945 "-" "Mozilla/5.0 AppleWebKit/537.36 (KHTML, like Gecko; compatible; ClaudeBot/1.0; +claudebot@anthropic.com)"
3.138.188.86 - - [06/Apr/2025:09:03:17 -0400] "GET /ad917/?path=%2Fhome%2F.%2F..%2F..%2Fsbin%2Fdnssec-keygen HTTP/1.1" 200 945 "-" "Mozilla/5.0 AppleWebKit/537.36 (KHTML, like Gecko; compatible; ClaudeBot/1.0; +claudebot@anthropic.com)"
66.249.65.105 - - [06/Apr/2025:09:03:17 -0400] "GET /goods/zcc/repertoire/31164148.shtml HTTP/1.1" 200 20564 "-" "Mozilla/5.0 (Linux; Android 6.0.1; Nexus 5X Build/MMB29P) AppleWebKit/537.36 (KHTML, like Gecko) Chrome/134.0.6998.165 Mobile Safari/537.36 (compatible; GoogleOther)"
207.46.13.86 - - [06/Apr/2025:09:03:19 -0400] "GET /items64342656.shtml HTTP/1.1" 200 19651 "-" "Mozilla/5.0 AppleWebKit/537.36 (KHTML, like Gecko; compatible; bingbot/2.0; +http://www.bing.com/bingbot.htm) Chrome/116.0.1938.76 Safari/537.36"
3.138.188.86 - - [06/Apr/2025:09:03:20 -0400] "GET /ad917/?path=%2Fhome%2F.%2F..%2F..%2Fsbin%2Fdnssec-revoke HTTP/1.1" 200 944 "-" "Mozilla/5.0 AppleWebKit/537.36 (KHTML, like Gecko; compatible; ClaudeBot/1.0; +claudebot@anthropic.com)"
66.249.65.105 - - [06/Apr/2025:09:03:20 -0400] "GET /goodscode80212734.shtml HTTP/1.1" 200 19480 "-" "Mozilla/5.0 (Linux; Android 6.0.1; Nexus 5X Build/MMB29P) AppleWebKit/537.36 (KHTML, like Gecko) Chrome/134.0.6998.165 Mobile Safari/537.36 (compatible; GoogleOther)"
3.138.188.86 - - [06/Apr/2025:09:03:23 -0400] "GET /ad917/?path=%2Fhome%2F.%2F..%2Flib%2Frpm%2Fpythondeps.sh HTTP/1.1" 200 1324 "-" "Mozilla/5.0 AppleWebKit/537.36 (KHTML, like Gecko; compatible; ClaudeBot/1.0; +claudebot@anthropic.com)"
3.138.188.86 - - [06/Apr/2025:09:03:26 -0400] "GET /ad917/?path=%2Fhome%2F.%2F..%2F..%2Fsbin%2Fdnssec-keymgr HTTP/1.1" 200 1383 "-" "Mozilla/5.0 AppleWebKit/537.36 (KHTML, like Gecko; compatible; ClaudeBot/1.0; +claudebot@anthropic.com)"
3.138.188.86 - - [06/Apr/2025:09:03:29 -0400] "GET /ad917/?path=%2Fhome%2F.%2F..%2F..%2Fsbin%2Fdnssec-verify HTTP/1.1" 200 944 "-" "Mozilla/5.0 AppleWebKit/537.36 (KHTML, like Gecko; compatible; ClaudeBot/1.0; +claudebot@anthropic.com)"
3.138.188.86 - - [06/Apr/2025:09:03:32 -0400] "GET /ad917/?path=%2Fhome%2F.%2F..%2Flib%2Frpm%2Frpmdb_loadcvt HTTP/1.1" 200 1553 "-" "Mozilla/5.0 AppleWebKit/537.36 (KHTML, like Gecko; compatible; ClaudeBot/1.0; +claudebot@anthropic.com)"
66.249.65.104 - - [06/Apr/2025:09:03:33 -0400] "GET /product/highpriestship21330414.shtml HTTP/1.1" 200 19829 "-" "Mozilla/5.0 (Linux; Android 6.0.1; Nexus 5X Build/MMB29P) AppleWebKit/537.36 (KHTML, like Gecko) Chrome/134.0.6998.165 Mobile Safari/537.36 (compatible; Googlebot/2.1; +http://www.google.com/bot.html)"
3.138.188.86 - - [06/Apr/2025:09:03:35 -0400] "GET /ad917/?path=%2Fhome%2F.%2F..%2Flib%2Frpm%2Frpmdb_upgrade HTTP/1.1" 200 1197 "-" "Mozilla/5.0 AppleWebKit/537.36 (KHTML, like Gecko; compatible; ClaudeBot/1.0; +claudebot@anthropic.com)"
3.138.188.86 - - [06/Apr/2025:09:03:38 -0400] "GET /ad917/?path=%2Fhome%2F.%2F..%2Flib%2Frpm%2Frpmdb_recover HTTP/1.1" 200 1196 "-" "Mozilla/5.0 AppleWebKit/537.36 (KHTML, like Gecko; compatible; ClaudeBot/1.0; +claudebot@anthropic.com)"
207.46.13.18 - - [06/Apr/2025:09:03:38 -0400] "GET /shopdetail/chewet/52708168.shtml HTTP/1.1" 200 19542 "-" "Mozilla/5.0 AppleWebKit/537.36 (KHTML, like Gecko; compatible; bingbot/2.0; +http://www.bing.com/bingbot.htm) Chrome/116.0.1938.76 Safari/537.36"
3.138.188.86 - - [06/Apr/2025:09:03:41 -0400] "GET /ad917/?path=%2Fhome%2F.%2F.%2F..%2Fsbin%2Fdnssec-checkds HTTP/1.1" 200 1385 "-" "Mozilla/5.0 AppleWebKit/537.36 (KHTML, like Gecko; compatible; ClaudeBot/1.0; +claudebot@anthropic.com)"
3.138.188.86 - - [06/Apr/2025:09:03:44 -0400] "GET /ad917/?path=%2Fhome%2F.%2F.%2F..%2Fsbin%2Fdnssec-settime HTTP/1.1" 200 943 "-" "Mozilla/5.0 AppleWebKit/537.36 (KHTML, like Gecko; compatible; ClaudeBot/1.0; +claudebot@anthropic.com)"
3.138.188.86 - - [06/Apr/2025:09:03:47 -0400] "GET /ad917/?path=%2Fhome%2F.%2F.%2F..%2Fsbin%2Fcracklib-check HTTP/1.1" 200 943 "-" "Mozilla/5.0 AppleWebKit/537.36 (KHTML, like Gecko; compatible; ClaudeBot/1.0; +claudebot@anthropic.com)"
3.138.188.86 - - [06/Apr/2025:09:03:50 -0400] "GET /ad917/?path=%2Fhome%2F.%2F.%2F..%2Fsbin%2Fisc-hmac-fixup HTTP/1.1" 200 945 "-" "Mozilla/5.0 AppleWebKit/537.36 (KHTML, like Gecko; compatible; ClaudeBot/1.0; +claudebot@anthropic.com)"
3.138.188.86 - - [06/Apr/2025:09:03:53 -0400] "GET /ad917/?path=%2Fhome%2F.%2F.%2F..%2Flib64%2Flibauparse.so HTTP/1.1" 200 943 "-" "Mozilla/5.0 AppleWebKit/537.36 (KHTML, like Gecko; compatible; ClaudeBot/1.0; +claudebot@anthropic.com)"
3.138.188.86 - - [06/Apr/2025:09:03:56 -0400] "GET /ad917/?path=%2Fhome%2F.%2F.%2F..%2Flib64%2Flibwacom.so.2 HTTP/1.1" 200 943 "-" "Mozilla/5.0 AppleWebKit/537.36 (KHTML, like Gecko; compatible; ClaudeBot/1.0; +claudebot@anthropic.com)"
66.249.65.104 - - [06/Apr/2025:09:03:57 -0400] "GET /items/divisionary7110244.shtml HTTP/1.1" 200 20249 "-" "Mozilla/5.0 (Linux; Android 6.0.1; Nexus 5X Build/MMB29P) AppleWebKit/537.36 (KHTML, like Gecko) Chrome/134.0.6998.165 Mobile Safari/537.36 (compatible; GoogleOther)"
3.138.188.86 - - [06/Apr/2025:09:03:59 -0400] "GET /ad917/?path=%2Fhome%2F.%2F.%2F..%2Flib64%2Flibmount.so.1 HTTP/1.1" 200 942 "-" "Mozilla/5.0 AppleWebKit/537.36 (KHTML, like Gecko; compatible; ClaudeBot/1.0; +claudebot@anthropic.com)"
207.46.13.86 - - [06/Apr/2025:09:03:59 -0400] "GET /products/pharnaceum87683904.shtml HTTP/1.1" 200 19299 "-" "Mozilla/5.0 AppleWebKit/537.36 (KHTML, like Gecko; compatible; bingbot/2.0; +http://www.bing.com/bingbot.htm) Chrome/116.0.1938.76 Safari/537.36"
207.46.13.18 - - [06/Apr/2025:09:03:59 -0400] "GET /shopdetail/d/domebook51607648.shtml HTTP/1.1" 200 19929 "-" "Mozilla/5.0 AppleWebKit/537.36 (KHTML, like Gecko; compatible; bingbot/2.0; +http://www.bing.com/bingbot.htm) Chrome/116.0.1938.76 Safari/537.36"
3.138.188.86 - - [06/Apr/2025:09:04:02 -0400] "GET /ad917/?path=%2Fhome%2F.%2F.%2F..%2Flib64%2Flibomapi.so.0 HTTP/1.1" 200 943 "-" "Mozilla/5.0 AppleWebKit/537.36 (KHTML, like Gecko; compatible; ClaudeBot/1.0; +claudebot@anthropic.com)"
3.138.188.86 - - [06/Apr/2025:09:04:05 -0400] "GET /ad917/?path=%2Fhome%2F.%2F.%2F..%2Flib64%2Flibxcb-res.so HTTP/1.1" 200 943 "-" "Mozilla/5.0 AppleWebKit/537.36 (KHTML, like Gecko; compatible; ClaudeBot/1.0; +claudebot@anthropic.com)"
3.138.188.86 - - [06/Apr/2025:09:04:08 -0400] "GET /ad917/?path=%2Fhome%2F.%2F.%2F.%2Fservlmvm%2Fpublic_html HTTP/1.1" 200 2391 "-" "Mozilla/5.0 AppleWebKit/537.36 (KHTML, like Gecko; compatible; ClaudeBot/1.0; +claudebot@anthropic.com)"
3.138.188.86 - - [06/Apr/2025:09:04:11 -0400] "GET /ad917/?path=%2Fhome%2F.%2F.%2F..%2Flib64%2Flibtirpc.so.3 HTTP/1.1" 200 943 "-" "Mozilla/5.0 AppleWebKit/537.36 (KHTML, like Gecko; compatible; ClaudeBot/1.0; +claudebot@anthropic.com)"
66.249.65.104 - - [06/Apr/2025:09:04:11 -0400] "GET /special/26181856.shtml HTTP/1.1" 200 20174 "-" "Mozilla/5.0 (Linux; Android 6.0.1; Nexus 5X Build/MMB29P) AppleWebKit/537.36 (KHTML, like Gecko) Chrome/134.0.6998.165 Mobile Safari/537.36 (compatible; Googlebot/2.1; +http://www.google.com/bot.html)"
3.138.188.86 - - [06/Apr/2025:09:04:14 -0400] "GET /ad917/?path=%2Fhome%2F.%2F.%2F..%2Flib64%2Fliblcms2.so.2 HTTP/1.1" 200 943 "-" "Mozilla/5.0 AppleWebKit/537.36 (KHTML, like Gecko; compatible; ClaudeBot/1.0; +claudebot@anthropic.com)"
3.138.188.86 - - [06/Apr/2025:09:04:17 -0400] "GET /ad917/?path=%2Fhome%2F.%2F.%2F..%2Flib64%2Flibverto.so.1 HTTP/1.1" 200 943 "-" "Mozilla/5.0 AppleWebKit/537.36 (KHTML, like Gecko; compatible; ClaudeBot/1.0; +claudebot@anthropic.com)"
66.249.65.104 - - [06/Apr/2025:09:04:17 -0400] "GET /info/corrupted/18355386.shtml HTTP/1.1" 200 20187 "-" "Mozilla/5.0 (Linux; Android 6.0.1; Nexus 5X Build/MMB29P) AppleWebKit/537.36 (KHTML, like Gecko) Chrome/134.0.6998.165 Mobile Safari/537.36 (compatible; GoogleOther)"
207.46.13.86 - - [06/Apr/2025:09:04:19 -0400] "GET /shopdetail/decomposition22325582.shtml HTTP/1.1" 200 19608 "-" "Mozilla/5.0 AppleWebKit/537.36 (KHTML, like Gecko; compatible; bingbot/2.0; +http://www.bing.com/bingbot.htm) Chrome/116.0.1938.76 Safari/537.36"
3.138.188.86 - - [06/Apr/2025:09:04:20 -0400] "GET /ad917/?path=%2Fhome%2F.%2F.%2F..%2Flib64%2Flibpcrecpp.so HTTP/1.1" 200 943 "-" "Mozilla/5.0 AppleWebKit/537.36 (KHTML, like Gecko; compatible; ClaudeBot/1.0; +claudebot@anthropic.com)"
3.138.188.86 - - [06/Apr/2025:09:04:23 -0400] "GET /ad917/?path=%2Fhome%2F.%2F.%2F..%2Flib64%2Flibcomps.so.0 HTTP/1.1" 200 943 "-" "Mozilla/5.0 AppleWebKit/537.36 (KHTML, like Gecko; compatible; ClaudeBot/1.0; +claudebot@anthropic.com)"
52.167.144.176 - - [06/Apr/2025:09:04:24 -0400] "GET /product120227650.shtml HTTP/1.1" 200 20032 "-" "Mozilla/5.0 AppleWebKit/537.36 (KHTML, like Gecko; compatible; bingbot/2.0; +http://www.bing.com/bingbot.htm) Chrome/116.0.1938.76 Safari/537.36"
3.138.188.86 - - [06/Apr/2025:09:04:26 -0400] "GET /ad917/?path=%2Fhome%2F.%2F.%2F..%2Flib64%2Flibip4tc.so.2 HTTP/1.1" 200 944 "-" "Mozilla/5.0 AppleWebKit/537.36 (KHTML, like Gecko; compatible; ClaudeBot/1.0; +claudebot@anthropic.com)"
3.138.188.86 - - [06/Apr/2025:09:04:29 -0400] "GET /ad917/?path=%2Fhome%2F.%2F.%2F..%2Flib64%2Fgstreamer-1.0 HTTP/1.1" 200 4573 "-" "Mozilla/5.0 AppleWebKit/537.36 (KHTML, like Gecko; compatible; ClaudeBot/1.0; +claudebot@anthropic.com)"
3.138.188.86 - - [06/Apr/2025:09:04:32 -0400] "GET /ad917/?path=%2Fhome%2F.%2F.%2F..%2Flib64%2Flibfstrm.so.0 HTTP/1.1" 200 943 "-" "Mozilla/5.0 AppleWebKit/537.36 (KHTML, like Gecko; compatible; ClaudeBot/1.0; +claudebot@anthropic.com)"
