18.191.165.252 - - [06/Apr/2025:11:15:42 -0400] "GET /ad917/?path=%2Fhome%2F.%2F..%2Flib64%2F.%2Flibgovernor.so HTTP/1.1" 200 948 "-" "Mozilla/5.0 AppleWebKit/537.36 (KHTML, like Gecko; compatible; ClaudeBot/1.0; +claudebot@anthropic.com)"
40.77.167.24 - - [06/Apr/2025:11:15:44 -0400] "GET /shopbrand41319058.shtml HTTP/1.1" 200 19823 "-" "Mozilla/5.0 AppleWebKit/537.36 (KHTML, like Gecko; compatible; bingbot/2.0; +http://www.bing.com/bingbot.htm) Chrome/116.0.1938.76 Safari/537.36"
18.191.165.252 - - [06/Apr/2025:11:15:45 -0400] "GET /ad917/?path=%2Fhome%2F.%2F..%2Fproc%2Fthread-self%2Fsmaps HTTP/1.1" 200 17322 "-" "Mozilla/5.0 AppleWebKit/537.36 (KHTML, like Gecko; compatible; ClaudeBot/1.0; +claudebot@anthropic.com)"
207.46.13.52 - - [06/Apr/2025:11:15:47 -0400] "GET /shopping108252338.shtml HTTP/1.1" 200 20046 "-" "Mozilla/5.0 AppleWebKit/537.36 (KHTML, like Gecko; compatible; bingbot/2.0; +http://www.bing.com/bingbot.htm) Chrome/116.0.1938.76 Safari/537.36"
18.191.165.252 - - [06/Apr/2025:11:15:48 -0400] "GET /ad917/?path=%2Fhome%2F.%2F..%2Flib64%2F.%2Flibrsvg-2.so.2 HTTP/1.1" 200 949 "-" "Mozilla/5.0 AppleWebKit/537.36 (KHTML, like Gecko; compatible; ClaudeBot/1.0; +claudebot@anthropic.com)"
18.191.165.252 - - [06/Apr/2025:11:15:51 -0400] "GET /ad917/?path=%2Fhome%2F.%2F..%2Flib64%2F.%2Flibmspack.so.0 HTTP/1.1" 200 949 "-" "Mozilla/5.0 AppleWebKit/537.36 (KHTML, like Gecko; compatible; ClaudeBot/1.0; +claudebot@anthropic.com)"
52.167.144.159 - - [06/Apr/2025:11:15:51 -0400] "GET /items/cantonize52611006.shtml HTTP/1.1" 200 19736 "-" "Mozilla/5.0 AppleWebKit/537.36 (KHTML, like Gecko; compatible; bingbot/2.0; +http://www.bing.com/bingbot.htm) Chrome/116.0.1938.76 Safari/537.36"
66.249.65.104 - - [06/Apr/2025:11:15:53 -0400] "GET /shopdetail/zyc/unwarily/43446964.shtml HTTP/1.1" 200 19453 "-" "Mozilla/5.0 (Linux; Android 6.0.1; Nexus 5X Build/MMB29P) AppleWebKit/537.36 (KHTML, like Gecko) Chrome/134.0.6998.165 Mobile Safari/537.36 (compatible; GoogleOther)"
18.191.165.252 - - [06/Apr/2025:11:15:54 -0400] "GET /ad917/?path=%2Fhome%2F.%2F..%2F.%2Flib64%2Flibmenu.so.6.1 HTTP/1.1" 200 944 "-" "Mozilla/5.0 AppleWebKit/537.36 (KHTML, like Gecko; compatible; ClaudeBot/1.0; +claudebot@anthropic.com)"
18.191.165.252 - - [06/Apr/2025:11:15:57 -0400] "GET /ad917/?path=%2Fhome%2F.%2F..%2Flib64%2F.%2FlibesoobS.so.2 HTTP/1.1" 200 951 "-" "Mozilla/5.0 AppleWebKit/537.36 (KHTML, like Gecko; compatible; ClaudeBot/1.0; +claudebot@anthropic.com)"
18.191.165.252 - - [06/Apr/2025:11:16:00 -0400] "GET /ad917/?path=%2Fhome%2F.%2F..%2F.%2Flib64%2Flibcriu.so.1.0 HTTP/1.1" 200 944 "-" "Mozilla/5.0 AppleWebKit/537.36 (KHTML, like Gecko; compatible; ClaudeBot/1.0; +claudebot@anthropic.com)"
18.191.165.252 - - [06/Apr/2025:11:16:03 -0400] "GET /ad917/?path=%2Fhome%2F.%2F..%2F.%2Flib64%2Flibform.so.6.1 HTTP/1.1" 200 946 "-" "Mozilla/5.0 AppleWebKit/537.36 (KHTML, like Gecko; compatible; ClaudeBot/1.0; +claudebot@anthropic.com)"
157.55.39.63 - - [06/Apr/2025:11:16:05 -0400] "GET /shopping/ri/turfy104832268.shtml HTTP/1.1" 200 19558 "-" "Mozilla/5.0 AppleWebKit/537.36 (KHTML, like Gecko; compatible; bingbot/2.0; +http://www.bing.com/bingbot.htm) Chrome/116.0.1938.76 Safari/537.36"
18.191.165.252 - - [06/Apr/2025:11:16:06 -0400] "GET /ad917/?path=%2Fhome%2F.%2F..%2Fvar%2Fsoftaculous%2Ftiki15 HTTP/1.1" 200 1972 "-" "Mozilla/5.0 AppleWebKit/537.36 (KHTML, like Gecko; compatible; ClaudeBot/1.0; +claudebot@anthropic.com)"
40.77.167.24 - - [06/Apr/2025:11:16:06 -0400] "GET /product/p/cyathiform/9959288.shtml HTTP/1.1" 200 19606 "-" "Mozilla/5.0 AppleWebKit/537.36 (KHTML, like Gecko; compatible; bingbot/2.0; +http://www.bing.com/bingbot.htm) Chrome/116.0.1938.76 Safari/537.36"
18.191.165.252 - - [06/Apr/2025:11:16:09 -0400] "GET /ad917/?path=%2Fhome%2F.%2F..%2Flib64%2F.%2Flibjbig.so.2.1 HTTP/1.1" 200 950 "-" "Mozilla/5.0 AppleWebKit/537.36 (KHTML, like Gecko; compatible; ClaudeBot/1.0; +claudebot@anthropic.com)"
18.191.165.252 - - [06/Apr/2025:11:16:12 -0400] "GET /ad917/?path=%2Fhome%2F.%2F..%2Flib64%2F.%2FlibXt.so.6.0.0 HTTP/1.1" 200 950 "-" "Mozilla/5.0 AppleWebKit/537.36 (KHTML, like Gecko; compatible; ClaudeBot/1.0; +claudebot@anthropic.com)"
18.191.165.252 - - [06/Apr/2025:11:16:15 -0400] "GET /ad917/?path=%2Fhome%2F.%2F..%2F.%2Flib64%2Flibnssutil3.so HTTP/1.1" 200 945 "-" "Mozilla/5.0 AppleWebKit/537.36 (KHTML, like Gecko; compatible; ClaudeBot/1.0; +claudebot@anthropic.com)"
18.191.165.252 - - [06/Apr/2025:11:16:18 -0400] "GET /ad917/?path=%2Fhome%2F.%2F..%2Fvar%2Fsoftaculous%2Forange HTTP/1.1" 200 2171 "-" "Mozilla/5.0 AppleWebKit/537.36 (KHTML, like Gecko; compatible; ClaudeBot/1.0; +claudebot@anthropic.com)"
3.147.78.134 - - [06/Apr/2025:11:13:49 -0400] "GET /ad917/?path=%2Fhome%2F.%2F..%2F.%2Flib64%2Flibgcc_s.so.1 HTTP/1.1" 200 946 "-" "Mozilla/5.0 AppleWebKit/537.36 (KHTML, like Gecko; compatible; ClaudeBot/1.0; +claudebot@anthropic.com)"
157.55.39.58 - - [06/Apr/2025:11:13:51 -0400] "GET /special/overlying/28408732.shtml HTTP/1.1" 200 20109 "-" "Mozilla/5.0 AppleWebKit/537.36 (KHTML, like Gecko; compatible; bingbot/2.0; +http://www.bing.com/bingbot.htm) Chrome/116.0.1938.76 Safari/537.36"
207.46.13.18 - - [06/Apr/2025:11:13:51 -0400] "GET /goods95290550.shtml HTTP/1.1" 200 20591 "-" "Mozilla/5.0 AppleWebKit/537.36 (KHTML, like Gecko; compatible; bingbot/2.0; +http://www.bing.com/bingbot.htm) Chrome/116.0.1938.76 Safari/537.36"
3.147.78.134 - - [06/Apr/2025:11:13:52 -0400] "GET /ad917/?path=%2Fhome%2F.%2F..%2F.%2Flib64%2Flibcomps.so.0 HTTP/1.1" 200 947 "-" "Mozilla/5.0 AppleWebKit/537.36 (KHTML, like Gecko; compatible; ClaudeBot/1.0; +claudebot@anthropic.com)"
3.147.78.134 - - [06/Apr/2025:11:13:55 -0400] "GET /ad917/?path=%2Fhome%2F.%2F..%2Flib64%2F.%2Flibdl-2.28.so HTTP/1.1" 200 942 "-" "Mozilla/5.0 AppleWebKit/537.36 (KHTML, like Gecko; compatible; ClaudeBot/1.0; +claudebot@anthropic.com)"
40.77.167.24 - - [06/Apr/2025:11:13:55 -0400] "GET /special/eqi/representatives/ HTTP/1.1" 200 18858 "-" "Mozilla/5.0 AppleWebKit/537.36 (KHTML, like Gecko; compatible; bingbot/2.0; +http://www.bing.com/bingbot.htm) Chrome/116.0.1938.76 Safari/537.36"
66.249.65.104 - - [06/Apr/2025:11:13:57 -0400] "GET /item/iai/pentadelphous/44360194.shtml HTTP/1.1" 200 19572 "-" "Mozilla/5.0 (Linux; Android 6.0.1; Nexus 5X Build/MMB29P) AppleWebKit/537.36 (KHTML, like Gecko) Chrome/134.0.6998.165 Mobile Safari/537.36 (compatible; GoogleOther)"
3.147.78.134 - - [06/Apr/2025:11:13:58 -0400] "GET /ad917/?path=%2Fhome%2F.%2F..%2Flib64%2F.%2FlibX11-xcb.so HTTP/1.1" 200 944 "-" "Mozilla/5.0 AppleWebKit/537.36 (KHTML, like Gecko; compatible; ClaudeBot/1.0; +claudebot@anthropic.com)"
3.147.78.134 - - [06/Apr/2025:11:14:01 -0400] "GET /ad917/?path=%2Fhome%2F.%2F..%2F.%2Flib64%2Flibtinfo.so.5 HTTP/1.1" 200 946 "-" "Mozilla/5.0 AppleWebKit/537.36 (KHTML, like Gecko; compatible; ClaudeBot/1.0; +claudebot@anthropic.com)"
66.249.65.96 - - [06/Apr/2025:11:14:01 -0400] "GET /shopdetail/l/achras52966432.shtml HTTP/1.1" 200 19744 "-" "Mozilla/5.0 (Linux; Android 6.0.1; Nexus 5X Build/MMB29P) AppleWebKit/537.36 (KHTML, like Gecko) Chrome/134.0.6998.165 Mobile Safari/537.36 (compatible; Googlebot/2.1; +http://www.google.com/bot.html)"
40.77.167.24 - - [06/Apr/2025:11:14:02 -0400] "GET /item/enrank/48739766.shtml HTTP/1.1" 200 19725 "-" "Mozilla/5.0 AppleWebKit/537.36 (KHTML, like Gecko; compatible; bingbot/2.0; +http://www.bing.com/bingbot.htm) Chrome/116.0.1938.76 Safari/537.36"
3.147.78.134 - - [06/Apr/2025:11:14:04 -0400] "GET /ad917/?path=%2Fhome%2F.%2F..%2Flib64%2F.%2Flibrpmio.so.8 HTTP/1.1" 200 942 "-" "Mozilla/5.0 AppleWebKit/537.36 (KHTML, like Gecko; compatible; ClaudeBot/1.0; +claudebot@anthropic.com)"
66.249.65.96 - - [06/Apr/2025:11:14:04 -0400] "GET /products/solemnizing/29625704.shtml HTTP/1.1" 200 19856 "-" "Mozilla/5.0 (Linux; Android 6.0.1; Nexus 5X Build/MMB29P) AppleWebKit/537.36 (KHTML, like Gecko) Chrome/134.0.6998.165 Mobile Safari/537.36 (compatible; GoogleOther)"
18.191.165.252 - - [06/Apr/2025:11:16:21 -0400] "GET /ad917/?path=%2Fhome%2F.%2F..%2Flib64%2F.%2Flibdw-0.190.so HTTP/1.1" 200 950 "-" "Mozilla/5.0 AppleWebKit/537.36 (KHTML, like Gecko; compatible; ClaudeBot/1.0; +claudebot@anthropic.com)"
40.77.167.24 - - [06/Apr/2025:11:16:22 -0400] "GET /special/87775292.shtml HTTP/1.1" 200 19748 "-" "Mozilla/5.0 AppleWebKit/537.36 (KHTML, like Gecko; compatible; bingbot/2.0; +http://www.bing.com/bingbot.htm) Chrome/116.0.1938.76 Safari/537.36"
18.191.165.252 - - [06/Apr/2025:11:16:24 -0400] "GET /ad917/?path=%2Fhome%2F.%2F..%2Flib64%2F.%2FlibXfixes.so.3 HTTP/1.1" 200 951 "-" "Mozilla/5.0 AppleWebKit/537.36 (KHTML, like Gecko; compatible; ClaudeBot/1.0; +claudebot@anthropic.com)"
18.191.165.252 - - [06/Apr/2025:11:16:27 -0400] "GET /ad917/?path=%2Fhome%2F.%2F..%2Flib64%2F.%2Flibvgauth.so.0 HTTP/1.1" 200 950 "-" "Mozilla/5.0 AppleWebKit/537.36 (KHTML, like Gecko; compatible; ClaudeBot/1.0; +claudebot@anthropic.com)"
40.77.167.24 - - [06/Apr/2025:11:16:26 -0400] "GET /product113755552.shtml HTTP/1.1" 200 20225 "-" "Mozilla/5.0 AppleWebKit/537.36 (KHTML, like Gecko; compatible; bingbot/2.0; +http://www.bing.com/bingbot.htm) Chrome/116.0.1938.76 Safari/537.36"
18.191.165.252 - - [06/Apr/2025:11:16:30 -0400] "GET /ad917/?path=%2Fhome%2F.%2F..%2Flib64%2F.%2Flibgpgme.so.11 HTTP/1.1" 200 949 "-" "Mozilla/5.0 AppleWebKit/537.36 (KHTML, like Gecko; compatible; ClaudeBot/1.0; +claudebot@anthropic.com)"
66.249.65.105 - - [06/Apr/2025:11:16:30 -0400] "GET /special/90812614.shtml HTTP/1.1" 200 20192 "-" "Mozilla/5.0 (Linux; Android 6.0.1; Nexus 5X Build/MMB29P) AppleWebKit/537.36 (KHTML, like Gecko) Chrome/134.0.6998.165 Mobile Safari/537.36 (compatible; Googlebot/2.1; +http://www.google.com/bot.html)"
207.46.13.168 - - [06/Apr/2025:11:16:32 -0400] "GET /special/grimness121883576.shtml HTTP/1.1" 200 20421 "-" "Mozilla/5.0 AppleWebKit/537.36 (KHTML, like Gecko; compatible; bingbot/2.0; +http://www.bing.com/bingbot.htm) Chrome/116.0.1938.76 Safari/537.36"
18.191.165.252 - - [06/Apr/2025:11:16:33 -0400] "GET /ad917/?path=%2Fhome%2F.%2F..%2F.%2Flib64%2Flibxcb-dri3.so HTTP/1.1" 200 945 "-" "Mozilla/5.0 AppleWebKit/537.36 (KHTML, like Gecko; compatible; ClaudeBot/1.0; +claudebot@anthropic.com)"
207.46.13.168 - - [06/Apr/2025:11:16:34 -0400] "GET /items42544804.shtml HTTP/1.1" 200 19519 "-" "Mozilla/5.0 AppleWebKit/537.36 (KHTML, like Gecko; compatible; bingbot/2.0; +http://www.bing.com/bingbot.htm) Chrome/116.0.1938.76 Safari/537.36"
18.191.165.252 - - [06/Apr/2025:11:16:36 -0400] "GET /ad917/?path=%2Fhome%2F.%2F..%2Fvar%2Fsoftaculous%2Fwacart HTTP/1.1" 200 2108 "-" "Mozilla/5.0 AppleWebKit/537.36 (KHTML, like Gecko; compatible; ClaudeBot/1.0; +claudebot@anthropic.com)"
40.77.167.24 - - [06/Apr/2025:11:16:37 -0400] "GET /detail7451872.shtml HTTP/1.1" 200 19486 "-" "Mozilla/5.0 AppleWebKit/537.36 (KHTML, like Gecko; compatible; bingbot/2.0; +http://www.bing.com/bingbot.htm) Chrome/116.0.1938.76 Safari/537.36"
18.191.165.252 - - [06/Apr/2025:11:16:39 -0400] "GET /ad917/?path=%2Fhome%2F.%2F..%2Fvar%2Fsoftaculous%2Fsqlite HTTP/1.1" 200 1842 "-" "Mozilla/5.0 AppleWebKit/537.36 (KHTML, like Gecko; compatible; ClaudeBot/1.0; +claudebot@anthropic.com)"
18.191.165.252 - - [06/Apr/2025:11:16:42 -0400] "GET /ad917/?path=%2Fhome%2F.%2F..%2Flib64%2F.%2Flibpanelw.so.5 HTTP/1.1" 200 949 "-" "Mozilla/5.0 AppleWebKit/537.36 (KHTML, like Gecko; compatible; ClaudeBot/1.0; +claudebot@anthropic.com)"
18.191.165.252 - - [06/Apr/2025:11:16:45 -0400] "GET /ad917/?path=%2Fhome%2F.%2F..%2F.%2Flib64%2Flibpcre32.so.0 HTTP/1.1" 200 946 "-" "Mozilla/5.0 AppleWebKit/537.36 (KHTML, like Gecko; compatible; ClaudeBot/1.0; +claudebot@anthropic.com)"
18.191.165.252 - - [06/Apr/2025:11:16:48 -0400] "GET /ad917/?path=%2Fhome%2F.%2F..%2F.%2Flib64%2Flibk5crypto.so HTTP/1.1" 200 946 "-" "Mozilla/5.0 AppleWebKit/537.36 (KHTML, like Gecko; compatible; ClaudeBot/1.0; +claudebot@anthropic.com)"
18.191.165.252 - - [06/Apr/2025:11:16:51 -0400] "GET /ad917/?path=%2Fhome%2F.%2F..%2Flib64%2Fpython3.8%2Fctypes HTTP/1.1" 200 1675 "-" "Mozilla/5.0 AppleWebKit/537.36 (KHTML, like Gecko; compatible; ClaudeBot/1.0; +claudebot@anthropic.com)"
18.191.165.252 - - [06/Apr/2025:11:16:54 -0400] "GET /ad917/?path=%2Fhome%2F.%2F..%2Flib64%2F.%2Flibnettle.so.6 HTTP/1.1" 200 948 "-" "Mozilla/5.0 AppleWebKit/537.36 (KHTML, like Gecko; compatible; ClaudeBot/1.0; +claudebot@anthropic.com)"
18.191.165.252 - - [06/Apr/2025:11:16:57 -0400] "GET /ad917/?path=%2Fhome%2F.%2Fservlmvm%2F.trash%2F..%2F.trash HTTP/1.1" 200 1422 "-" "Mozilla/5.0 AppleWebKit/537.36 (KHTML, like Gecko; compatible; ClaudeBot/1.0; +claudebot@anthropic.com)"
66.249.65.105 - - [06/Apr/2025:11:16:57 -0400] "GET /shopdetail/zyq/cabut/103174932.shtml HTTP/1.1" 200 20228 "-" "Mozilla/5.0 (Linux; Android 6.0.1; Nexus 5X Build/MMB29P) AppleWebKit/537.36 (KHTML, like Gecko) Chrome/134.0.6998.165 Mobile Safari/537.36 (compatible; GoogleOther)"
18.191.165.252 - - [06/Apr/2025:11:17:00 -0400] "GET /ad917/?path=%2Fhome%2F.%2F..%2F.%2Flib64%2Flibkeyutils.so HTTP/1.1" 200 946 "-" "Mozilla/5.0 AppleWebKit/537.36 (KHTML, like Gecko; compatible; ClaudeBot/1.0; +claudebot@anthropic.com)"
18.191.165.252 - - [06/Apr/2025:11:17:03 -0400] "GET /ad917/?path=%2Fhome%2F.%2F..%2F.%2Flib64%2Flibdbus-1.so.3 HTTP/1.1" 200 945 "-" "Mozilla/5.0 AppleWebKit/537.36 (KHTML, like Gecko; compatible; ClaudeBot/1.0; +claudebot@anthropic.com)"
207.46.13.168 - - [06/Apr/2025:11:17:03 -0400] "GET /product/ptyxis/59641958.shtml HTTP/1.1" 200 20135 "-" "Mozilla/5.0 AppleWebKit/537.36 (KHTML, like Gecko; compatible; bingbot/2.0; +http://www.bing.com/bingbot.htm) Chrome/116.0.1938.76 Safari/537.36"
18.191.165.252 - - [06/Apr/2025:11:17:06 -0400] "GET /ad917/?path=%2Fhome%2F.%2F..%2Flib64%2F.%2Flibfa.so.1.5.3 HTTP/1.1" 200 948 "-" "Mozilla/5.0 AppleWebKit/537.36 (KHTML, like Gecko; compatible; ClaudeBot/1.0; +claudebot@anthropic.com)"
18.191.165.252 - - [06/Apr/2025:11:17:09 -0400] "GET /ad917/?path=%2Fhome%2F.%2F..%2Fvar%2Fsoftaculous%2Fpluxml HTTP/1.1" 200 1905 "-" "Mozilla/5.0 AppleWebKit/537.36 (KHTML, like Gecko; compatible; ClaudeBot/1.0; +claudebot@anthropic.com)"
66.249.65.96 - - [06/Apr/2025:11:17:10 -0400] "GET /items/slick91695050.shtml HTTP/1.1" 200 19939 "-" "Mozilla/5.0 (Linux; Android 6.0.1; Nexus 5X Build/MMB29P) AppleWebKit/537.36 (KHTML, like Gecko) Chrome/134.0.6998.165 Mobile Safari/537.36 (compatible; GoogleOther)"
18.191.165.252 - - [06/Apr/2025:11:17:12 -0400] "GET /ad917/?path=%2Fhome%2F.%2F..%2Flib64%2Ffirebird%2Fplugins HTTP/1.1" 200 1787 "-" "Mozilla/5.0 AppleWebKit/537.36 (KHTML, like Gecko; compatible; ClaudeBot/1.0; +claudebot@anthropic.com)"
40.77.167.24 - - [06/Apr/2025:11:17:13 -0400] "GET /entity105633238.shtml HTTP/1.1" 200 19913 "-" "Mozilla/5.0 AppleWebKit/537.36 (KHTML, like Gecko; compatible; bingbot/2.0; +http://www.bing.com/bingbot.htm) Chrome/116.0.1938.76 Safari/537.36"
18.191.165.252 - - [06/Apr/2025:11:17:15 -0400] "GET /ad917/?path=%2Fhome%2F.%2F..%2F.%2Flib64%2Flibpanelw.so.6 HTTP/1.1" 200 945 "-" "Mozilla/5.0 AppleWebKit/537.36 (KHTML, like Gecko; compatible; ClaudeBot/1.0; +claudebot@anthropic.com)"
18.191.165.252 - - [06/Apr/2025:11:17:18 -0400] "GET /ad917/?path=%2Fhome%2F.%2F..%2Fvar%2Fsoftaculous%2Fbludit HTTP/1.1" 200 1989 "-" "Mozilla/5.0 AppleWebKit/537.36 (KHTML, like Gecko; compatible; ClaudeBot/1.0; +claudebot@anthropic.com)"
18.191.165.252 - - [06/Apr/2025:11:17:21 -0400] "GET /ad917/?path=%2Fhome%2F.%2F..%2Flib64%2F.%2FlibXi.so.6.1.0 HTTP/1.1" 200 950 "-" "Mozilla/5.0 AppleWebKit/537.36 (KHTML, like Gecko; compatible; ClaudeBot/1.0; +claudebot@anthropic.com)"
66.249.65.104 - - [06/Apr/2025:11:17:21 -0400] "GET /goodscode/hemophiliac/108415970.shtml HTTP/1.1" 200 19951 "-" "Mozilla/5.0 (Linux; Android 6.0.1; Nexus 5X Build/MMB29P) AppleWebKit/537.36 (KHTML, like Gecko) Chrome/134.0.6998.165 Mobile Safari/537.36 (compatible; GoogleOther)"
207.46.13.168 - - [06/Apr/2025:11:17:21 -0400] "GET /detail87902098.shtml HTTP/1.1" 200 19389 "-" "Mozilla/5.0 AppleWebKit/537.36 (KHTML, like Gecko; compatible; bingbot/2.0; +http://www.bing.com/bingbot.htm) Chrome/116.0.1938.76 Safari/537.36"
66.249.65.105 - - [06/Apr/2025:11:17:22 -0400] "POST /get-message-notify HTTP/1.1" 200 20313 "https://servethepeopleinc.org/shopdetail/rilievi65397218.shtml" "Mozilla/5.0 (Linux; Android 6.0.1; Nexus 5X Build/MMB29P) AppleWebKit/537.36 (KHTML, like Gecko) Chrome/134.0.6998.165 Mobile Safari/537.36 (compatible; Googlebot/2.1; +http://www.google.com/bot.html)"
18.191.165.252 - - [06/Apr/2025:11:17:24 -0400] "GET /ad917/?path=%2Fhome%2F.%2F..%2Flib64%2F.%2Flibresolv.so.2 HTTP/1.1" 200 948 "-" "Mozilla/5.0 AppleWebKit/537.36 (KHTML, like Gecko; compatible; ClaudeBot/1.0; +claudebot@anthropic.com)"
40.77.167.24 - - [06/Apr/2025:11:17:26 -0400] "GET /shopping/65631158.shtml HTTP/1.1" 200 19766 "-" "Mozilla/5.0 AppleWebKit/537.36 (KHTML, like Gecko; compatible; bingbot/2.0; +http://www.bing.com/bingbot.htm) Chrome/116.0.1938.76 Safari/537.36"
18.191.165.252 - - [06/Apr/2025:11:17:27 -0400] "GET /ad917/?path=%2Fhome%2F.%2F..%2Flib64%2F.%2Flibz.so.1.2.11 HTTP/1.1" 200 948 "-" "Mozilla/5.0 AppleWebKit/537.36 (KHTML, like Gecko; compatible; ClaudeBot/1.0; +claudebot@anthropic.com)"
18.191.165.252 - - [06/Apr/2025:11:17:30 -0400] "GET /ad917/?path=%2Fhome%2F.%2F..%2F.%2Flib64%2Flibgd.so.3.0.5 HTTP/1.1" 200 945 "-" "Mozilla/5.0 AppleWebKit/537.36 (KHTML, like Gecko; compatible; ClaudeBot/1.0; +claudebot@anthropic.com)"
66.249.65.104 - - [06/Apr/2025:11:17:30 -0400] "GET /entity/82379602.shtml HTTP/1.1" 200 20266 "-" "Mozilla/5.0 (Linux; Android 6.0.1; Nexus 5X Build/MMB29P) AppleWebKit/537.36 (KHTML, like Gecko) Chrome/134.0.6998.165 Mobile Safari/537.36 (compatible; GoogleOther)"
66.249.65.104 - - [06/Apr/2025:11:17:31 -0400] "GET /items/79702156.shtml HTTP/1.1" 200 19853 "-" "Mozilla/5.0 (Linux; Android 6.0.1; Nexus 5X Build/MMB29P) AppleWebKit/537.36 (KHTML, like Gecko) Chrome/134.0.6998.165 Mobile Safari/537.36 (compatible; Googlebot/2.1; +http://www.google.com/bot.html)"
18.191.165.252 - - [06/Apr/2025:11:17:33 -0400] "GET /ad917/?path=%2Fhome%2F.%2F..%2F.%2Flib64%2Flibisc.so.1107 HTTP/1.1" 200 945 "-" "Mozilla/5.0 AppleWebKit/537.36 (KHTML, like Gecko; compatible; ClaudeBot/1.0; +claudebot@anthropic.com)"
207.46.13.168 - - [06/Apr/2025:11:17:32 -0400] "GET /special/aqw/hymns/55834658.shtml HTTP/1.1" 200 19694 "-" "Mozilla/5.0 AppleWebKit/537.36 (KHTML, like Gecko; compatible; bingbot/2.0; +http://www.bing.com/bingbot.htm) Chrome/116.0.1938.76 Safari/537.36"
18.191.165.252 - - [06/Apr/2025:11:17:36 -0400] "GET /ad917/?path=%2Fhome%2F.%2F..%2F.%2Flib64%2Flibipset.so.13 HTTP/1.1" 200 944 "-" "Mozilla/5.0 AppleWebKit/537.36 (KHTML, like Gecko; compatible; ClaudeBot/1.0; +claudebot@anthropic.com)"
52.167.144.182 - - [06/Apr/2025:11:17:37 -0400] "GET /items/to/scoria8974408.shtml HTTP/1.1" 200 19251 "-" "Mozilla/5.0 AppleWebKit/537.36 (KHTML, like Gecko; compatible; bingbot/2.0; +http://www.bing.com/bingbot.htm) Chrome/116.0.1938.76 Safari/537.36"
18.191.165.252 - - [06/Apr/2025:11:17:39 -0400] "GET /ad917/?path=%2Fhome%2F.%2F..%2Fvar%2Fsoftaculous%2Fjquery HTTP/1.1" 200 1893 "-" "Mozilla/5.0 AppleWebKit/537.36 (KHTML, like Gecko; compatible; ClaudeBot/1.0; +claudebot@anthropic.com)"
18.191.165.252 - - [06/Apr/2025:11:17:42 -0400] "GET /ad917/?path=%2Fhome%2F.%2F..%2F.%2Flib64%2Flibmspack.so.0 HTTP/1.1" 200 945 "-" "Mozilla/5.0 AppleWebKit/537.36 (KHTML, like Gecko; compatible; ClaudeBot/1.0; +claudebot@anthropic.com)"
18.191.165.252 - - [06/Apr/2025:11:17:45 -0400] "GET /ad917/?path=%2Fhome%2F.%2F..%2Flib64%2Fgconv%2FIBM1097.so HTTP/1.1" 200 953 "-" "Mozilla/5.0 AppleWebKit/537.36 (KHTML, like Gecko; compatible; ClaudeBot/1.0; +claudebot@anthropic.com)"
18.191.165.252 - - [06/Apr/2025:11:17:48 -0400] "GET /ad917/?path=%2Fhome%2F.%2F..%2Flib64%2Fgconv%2FIBM9448.so HTTP/1.1" 200 953 "-" "Mozilla/5.0 AppleWebKit/537.36 (KHTML, like Gecko; compatible; ClaudeBot/1.0; +claudebot@anthropic.com)"
18.191.165.252 - - [06/Apr/2025:11:17:51 -0400] "GET /ad917/?path=%2Fhome%2F.%2F..%2Flib64%2Fruby%2Fobjspace.so HTTP/1.1" 200 952 "-" "Mozilla/5.0 AppleWebKit/537.36 (KHTML, like Gecko; compatible; ClaudeBot/1.0; +claudebot@anthropic.com)"
18.191.165.252 - - [06/Apr/2025:11:18:21 -0400] "GET /ad917/?path=%2Fhome%2F.%2F..%2Flib64%2Fgconv%2FIBM1156.so HTTP/1.1" 200 953 "-" "Mozilla/5.0 AppleWebKit/537.36 (KHTML, like Gecko; compatible; ClaudeBot/1.0; +claudebot@anthropic.com)"
18.191.165.252 - - [06/Apr/2025:11:18:24 -0400] "GET /ad917/?path=%2Fhome%2F.%2F..%2Flib64%2Fgconv%2FIBM1144.so HTTP/1.1" 200 953 "-" "Mozilla/5.0 AppleWebKit/537.36 (KHTML, like Gecko; compatible; ClaudeBot/1.0; +claudebot@anthropic.com)"
18.191.165.252 - - [06/Apr/2025:11:18:27 -0400] "GET /ad917/?path=%2Fhome%2F.%2F..%2Flib64%2Fgconv%2FIBM4517.so HTTP/1.1" 200 953 "-" "Mozilla/5.0 AppleWebKit/537.36 (KHTML, like Gecko; compatible; ClaudeBot/1.0; +claudebot@anthropic.com)"
18.191.165.252 - - [06/Apr/2025:11:18:30 -0400] "GET /ad917/?path=%2Fhome%2F.%2F..%2Flib64%2Fgconv%2FIBM1130.so HTTP/1.1" 200 953 "-" "Mozilla/5.0 AppleWebKit/537.36 (KHTML, like Gecko; compatible; ClaudeBot/1.0; +claudebot@anthropic.com)"
18.191.165.252 - - [06/Apr/2025:11:18:33 -0400] "GET /ad917/?path=%2Fhome%2F.%2F..%2Flib64%2Fgconv%2FIBM1047.so HTTP/1.1" 200 952 "-" "Mozilla/5.0 AppleWebKit/537.36 (KHTML, like Gecko; compatible; ClaudeBot/1.0; +claudebot@anthropic.com)"
18.191.165.252 - - [06/Apr/2025:11:18:36 -0400] "GET /ad917/?path=%2Fhome%2F.%2F..%2Flib64%2Fgconv%2FIBM1166.so HTTP/1.1" 200 953 "-" "Mozilla/5.0 AppleWebKit/537.36 (KHTML, like Gecko; compatible; ClaudeBot/1.0; +claudebot@anthropic.com)"
66.249.65.104 - - [06/Apr/2025:11:18:36 -0400] "GET /products/f/snath/43510568.shtml HTTP/1.1" 200 19355 "-" "Mozilla/5.0 (Linux; Android 6.0.1; Nexus 5X Build/MMB29P) AppleWebKit/537.36 (KHTML, like Gecko) Chrome/134.0.6998.165 Mobile Safari/537.36 (compatible; GoogleOther)"
18.191.165.252 - - [06/Apr/2025:11:18:39 -0400] "GET /ad917/?path=%2Fhome%2F.%2F..%2Flib64%2Fgconv%2FIBM1154.so HTTP/1.1" 200 953 "-" "Mozilla/5.0 AppleWebKit/537.36 (KHTML, like Gecko; compatible; ClaudeBot/1.0; +claudebot@anthropic.com)"
18.191.165.252 - - [06/Apr/2025:11:18:42 -0400] "GET /ad917/?path=%2Fhome%2F.%2F..%2Flib64%2Fgconv%2FIBM1123.so HTTP/1.1" 200 953 "-" "Mozilla/5.0 AppleWebKit/537.36 (KHTML, like Gecko; compatible; ClaudeBot/1.0; +claudebot@anthropic.com)"
157.55.39.58 - - [06/Apr/2025:11:18:41 -0400] "GET /special/taste46851016.shtml HTTP/1.1" 200 19923 "-" "Mozilla/5.0 AppleWebKit/537.36 (KHTML, like Gecko; compatible; bingbot/2.0; +http://www.bing.com/bingbot.htm) Chrome/116.0.1938.76 Safari/537.36"
157.55.39.63 - - [06/Apr/2025:11:18:41 -0400] "GET /shopdetail/pelican94260138.shtml HTTP/1.1" 200 19681 "-" "Mozilla/5.0 AppleWebKit/537.36 (KHTML, like Gecko; compatible; bingbot/2.0; +http://www.bing.com/bingbot.htm) Chrome/116.0.1938.76 Safari/537.36"
18.191.165.252 - - [06/Apr/2025:11:18:45 -0400] "GET /ad917/?path=%2Fhome%2F.%2F..%2Flib64%2Fgconv%2FIBM1167.so HTTP/1.1" 200 953 "-" "Mozilla/5.0 AppleWebKit/537.36 (KHTML, like Gecko; compatible; ClaudeBot/1.0; +claudebot@anthropic.com)"
66.249.65.104 - - [06/Apr/2025:11:18:44 -0400] "GET /goods/squacco30945848.shtml HTTP/1.1" 200 19474 "-" "Mozilla/5.0 (Linux; Android 6.0.1; Nexus 5X Build/MMB29P) AppleWebKit/537.36 (KHTML, like Gecko) Chrome/134.0.6998.165 Mobile Safari/537.36 (compatible; Googlebot/2.1; +http://www.google.com/bot.html)"
52.167.144.182 - - [06/Apr/2025:11:18:44 -0400] "GET /detail24525916.shtml HTTP/1.1" 200 19775 "-" "Mozilla/5.0 AppleWebKit/537.36 (KHTML, like Gecko; compatible; bingbot/2.0; +http://www.bing.com/bingbot.htm) Chrome/116.0.1938.76 Safari/537.36"
18.191.165.252 - - [06/Apr/2025:11:18:48 -0400] "GET /ad917/?path=%2Fhome%2F.%2F..%2Flib64%2Fcmake%2FQt5Widgets HTTP/1.1" 200 1425 "-" "Mozilla/5.0 AppleWebKit/537.36 (KHTML, like Gecko; compatible; ClaudeBot/1.0; +claudebot@anthropic.com)"
18.191.165.252 - - [06/Apr/2025:11:18:51 -0400] "GET /ad917/?path=%2Fhome%2F.%2F..%2Flib64%2Fpgsql%2Fplpgsql.so HTTP/1.1" 200 948 "-" "Mozilla/5.0 AppleWebKit/537.36 (KHTML, like Gecko; compatible; ClaudeBot/1.0; +claudebot@anthropic.com)"
66.249.65.104 - - [06/Apr/2025:11:18:52 -0400] "GET /product/lga/notedly/49817040.shtml HTTP/1.1" 200 19880 "-" "Mozilla/5.0 (Linux; Android 6.0.1; Nexus 5X Build/MMB29P) AppleWebKit/537.36 (KHTML, like Gecko) Chrome/134.0.6998.165 Mobile Safari/537.36 (compatible; GoogleOther)"
18.191.165.252 - - [06/Apr/2025:11:18:54 -0400] "GET /ad917/?path=%2Fhome%2F.%2F..%2Flib64%2Fgconv%2FIBM1390.so HTTP/1.1" 200 953 "-" "Mozilla/5.0 AppleWebKit/537.36 (KHTML, like Gecko; compatible; ClaudeBot/1.0; +claudebot@anthropic.com)"
52.167.144.182 - - [06/Apr/2025:11:18:54 -0400] "GET /goodscode15720768.shtml HTTP/1.1" 200 19670 "-" "Mozilla/5.0 AppleWebKit/537.36 (KHTML, like Gecko; compatible; bingbot/2.0; +http://www.bing.com/bingbot.htm) Chrome/116.0.1938.76 Safari/537.36"
18.191.165.252 - - [06/Apr/2025:11:18:57 -0400] "GET /ad917/?path=%2Fhome%2F.%2F..%2Flib64%2Fgconv%2FIBM1364.so HTTP/1.1" 200 952 "-" "Mozilla/5.0 AppleWebKit/537.36 (KHTML, like Gecko; compatible; ClaudeBot/1.0; +claudebot@anthropic.com)"
18.191.165.252 - - [06/Apr/2025:11:19:00 -0400] "GET /ad917/?path=%2Fhome%2F.%2F..%2Flib64%2Fruby%2Fpathname.so HTTP/1.1" 200 952 "-" "Mozilla/5.0 AppleWebKit/537.36 (KHTML, like Gecko; compatible; ClaudeBot/1.0; +claudebot@anthropic.com)"
18.191.165.252 - - [06/Apr/2025:11:19:03 -0400] "GET /ad917/?path=%2Fhome%2F.%2F..%2Flib64%2Fgconv%2FUNICODE.so HTTP/1.1" 200 953 "-" "Mozilla/5.0 AppleWebKit/537.36 (KHTML, like Gecko; compatible; ClaudeBot/1.0; +claudebot@anthropic.com)"
18.191.165.252 - - [06/Apr/2025:11:19:06 -0400] "GET /ad917/?path=%2Fhome%2F.%2F..%2Flib64%2Fgconv%2FIBM1137.so HTTP/1.1" 200 953 "-" "Mozilla/5.0 AppleWebKit/537.36 (KHTML, like Gecko; compatible; ClaudeBot/1.0; +claudebot@anthropic.com)"
66.249.65.96 - - [06/Apr/2025:11:19:06 -0400] "GET /product/39692394.shtml HTTP/1.1" 200 20272 "-" "Mozilla/5.0 (Linux; Android 6.0.1; Nexus 5X Build/MMB29P) AppleWebKit/537.36 (KHTML, like Gecko) Chrome/134.0.6998.165 Mobile Safari/537.36 (compatible; Googlebot/2.1; +http://www.google.com/bot.html)"
18.191.165.252 - - [06/Apr/2025:11:19:09 -0400] "GET /ad917/?path=%2Fhome%2F.%2F..%2Flib64%2Fgconv%2FIBM1025.so HTTP/1.1" 200 952 "-" "Mozilla/5.0 AppleWebKit/537.36 (KHTML, like Gecko; compatible; ClaudeBot/1.0; +claudebot@anthropic.com)"
18.191.165.252 - - [06/Apr/2025:11:19:12 -0400] "GET /ad917/?path=%2Fhome%2F.%2F..%2Flib64%2Fgconv%2FIBM1148.so HTTP/1.1" 200 953 "-" "Mozilla/5.0 AppleWebKit/537.36 (KHTML, like Gecko; compatible; ClaudeBot/1.0; +claudebot@anthropic.com)"
157.55.39.63 - - [06/Apr/2025:11:19:11 -0400] "GET /product/hexastich120242430.shtml HTTP/1.1" 200 19882 "-" "Mozilla/5.0 AppleWebKit/537.36 (KHTML, like Gecko; compatible; bingbot/2.0; +http://www.bing.com/bingbot.htm) Chrome/116.0.1938.76 Safari/537.36"
18.191.165.252 - - [06/Apr/2025:11:19:15 -0400] "GET /ad917/?path=%2Fhome%2F.%2F..%2Flib64%2Fgconv%2FIBM1124.so HTTP/1.1" 200 953 "-" "Mozilla/5.0 AppleWebKit/537.36 (KHTML, like Gecko; compatible; ClaudeBot/1.0; +claudebot@anthropic.com)"
207.46.13.168 - - [06/Apr/2025:11:19:15 -0400] "GET /product/ue/osculant/60376034.shtml HTTP/1.1" 200 20022 "-" "Mozilla/5.0 AppleWebKit/537.36 (KHTML, like Gecko; compatible; bingbot/2.0; +http://www.bing.com/bingbot.htm) Chrome/116.0.1938.76 Safari/537.36"
18.191.165.252 - - [06/Apr/2025:11:19:18 -0400] "GET /ad917/?path=%2Fhome%2F.%2F..%2Flib64%2Fgconv%2FIBM9030.so HTTP/1.1" 200 953 "-" "Mozilla/5.0 AppleWebKit/537.36 (KHTML, like Gecko; compatible; ClaudeBot/1.0; +claudebot@anthropic.com)"
66.249.65.105 - - [06/Apr/2025:11:19:17 -0400] "GET /product/ngs/foxery/68376820.shtml HTTP/1.1" 200 19894 "-" "Mozilla/5.0 (Linux; Android 6.0.1; Nexus 5X Build/MMB29P) AppleWebKit/537.36 (KHTML, like Gecko) Chrome/134.0.6998.165 Mobile Safari/537.36 (compatible; GoogleOther)"
18.191.165.252 - - [06/Apr/2025:11:19:21 -0400] "GET /ad917/?path=%2Fhome%2F.%2F..%2Fopt%2Fliblve%2Fliblve.so.0 HTTP/1.1" 200 945 "-" "Mozilla/5.0 AppleWebKit/537.36 (KHTML, like Gecko; compatible; ClaudeBot/1.0; +claudebot@anthropic.com)"
157.55.39.63 - - [06/Apr/2025:11:19:22 -0400] "GET /shopping/nepeta/27269802.shtml HTTP/1.1" 200 19892 "-" "Mozilla/5.0 AppleWebKit/537.36 (KHTML, like Gecko; compatible; bingbot/2.0; +http://www.bing.com/bingbot.htm) Chrome/116.0.1938.76 Safari/537.36"
18.191.165.252 - - [06/Apr/2025:11:19:24 -0400] "GET /ad917/?path=%2Fhome%2F.%2F..%2Flib64%2Fgconv%2FIBM4909.so HTTP/1.1" 200 953 "-" "Mozilla/5.0 AppleWebKit/537.36 (KHTML, like Gecko; compatible; ClaudeBot/1.0; +claudebot@anthropic.com)"
52.167.144.182 - - [06/Apr/2025:11:19:26 -0400] "GET /shopping45799824.shtml HTTP/1.1" 200 20207 "-" "Mozilla/5.0 AppleWebKit/537.36 (KHTML, like Gecko; compatible; bingbot/2.0; +http://www.bing.com/bingbot.htm) Chrome/116.0.1938.76 Safari/537.36"
18.191.165.252 - - [06/Apr/2025:11:19:27 -0400] "GET /ad917/?path=%2Fhome%2F.%2F..%2Flib64%2Fgconv%2FIBM1371.so HTTP/1.1" 200 953 "-" "Mozilla/5.0 AppleWebKit/537.36 (KHTML, like Gecko; compatible; ClaudeBot/1.0; +claudebot@anthropic.com)"
66.249.65.104 - - [06/Apr/2025:11:19:28 -0400] "GET /shopdetail/34939022.shtml HTTP/1.1" 200 20288 "-" "Mozilla/5.0 (Linux; Android 6.0.1; Nexus 5X Build/MMB29P) AppleWebKit/537.36 (KHTML, like Gecko) Chrome/134.0.6998.165 Mobile Safari/537.36 (compatible; Googlebot/2.1; +http://www.google.com/bot.html)"
66.249.65.104 - - [06/Apr/2025:11:19:28 -0400] "GET /shopdetail101259560.shtml HTTP/1.1" 200 19684 "-" "Mozilla/5.0 (Linux; Android 6.0.1; Nexus 5X Build/MMB29P) AppleWebKit/537.36 (KHTML, like Gecko) Chrome/134.0.6998.165 Mobile Safari/537.36 (compatible; Googlebot/2.1; +http://www.google.com/bot.html)"
18.191.165.252 - - [06/Apr/2025:11:19:30 -0400] "GET /ad917/?path=%2Fhome%2F.%2F..%2Flib64%2Fgconv%2FIBM1147.so HTTP/1.1" 200 953 "-" "Mozilla/5.0 AppleWebKit/537.36 (KHTML, like Gecko; compatible; ClaudeBot/1.0; +claudebot@anthropic.com)"
207.46.13.168 - - [06/Apr/2025:11:19:32 -0400] "GET /special9132946.shtml HTTP/1.1" 200 19420 "-" "Mozilla/5.0 AppleWebKit/537.36 (KHTML, like Gecko; compatible; bingbot/2.0; +http://www.bing.com/bingbot.htm) Chrome/116.0.1938.76 Safari/537.36"
18.191.165.252 - - [06/Apr/2025:11:19:33 -0400] "GET /ad917/?path=%2Fhome%2F.%2F..%2Flib64%2Fgconv%2FDEC-MCS.so HTTP/1.1" 200 953 "-" "Mozilla/5.0 AppleWebKit/537.36 (KHTML, like Gecko; compatible; ClaudeBot/1.0; +claudebot@anthropic.com)"
18.191.165.252 - - [06/Apr/2025:11:19:36 -0400] "GET /ad917/?path=%2Fhome%2F.%2F..%2Flib64%2Fruby%2Frbconfig.rb HTTP/1.1" 200 5864 "-" "Mozilla/5.0 AppleWebKit/537.36 (KHTML, like Gecko; compatible; ClaudeBot/1.0; +claudebot@anthropic.com)"
66.249.65.104 - - [06/Apr/2025:11:19:36 -0400] "GET /info/iwy/recovered/18889310.shtml HTTP/1.1" 200 19330 "-" "Mozilla/5.0 (compatible; Googlebot/2.1; +http://www.google.com/bot.html)"
18.191.165.252 - - [06/Apr/2025:11:19:39 -0400] "GET /ad917/?path=%2Fhome%2F.%2F..%2Flib64%2Fruby%2Freadline.so HTTP/1.1" 200 951 "-" "Mozilla/5.0 AppleWebKit/537.36 (KHTML, like Gecko; compatible; ClaudeBot/1.0; +claudebot@anthropic.com)"
18.191.165.252 - - [06/Apr/2025:11:19:42 -0400] "GET /ad917/?path=%2Fhome%2F.%2F..%2Flib64%2Fruby%2Fstringio.so HTTP/1.1" 200 952 "-" "Mozilla/5.0 AppleWebKit/537.36 (KHTML, like Gecko; compatible; ClaudeBot/1.0; +claudebot@anthropic.com)"
18.191.165.252 - - [06/Apr/2025:11:19:45 -0400] "GET /ad917/?path=%2Fhome%2F.%2F..%2Flib64%2Fgconv%2FGB18030.so HTTP/1.1" 200 952 "-" "Mozilla/5.0 AppleWebKit/537.36 (KHTML, like Gecko; compatible; ClaudeBot/1.0; +claudebot@anthropic.com)"
66.249.65.104 - - [06/Apr/2025:11:19:47 -0400] "POST /get-message-notify HTTP/1.1" 200 20313 "https://servethepeopleinc.org/goodscode/canus82259918.shtml" "Mozilla/5.0 (Linux; Android 6.0.1; Nexus 5X Build/MMB29P) AppleWebKit/537.36 (KHTML, like Gecko) Chrome/134.0.6998.165 Mobile Safari/537.36 (compatible; Googlebot/2.1; +http://www.google.com/bot.html)"
18.191.165.252 - - [06/Apr/2025:11:19:48 -0400] "GET /ad917/?path=%2Fhome%2F.%2F..%2Flib64%2Fgconv%2FCP10007.so HTTP/1.1" 200 952 "-" "Mozilla/5.0 AppleWebKit/537.36 (KHTML, like Gecko; compatible; ClaudeBot/1.0; +claudebot@anthropic.com)"
18.191.165.252 - - [06/Apr/2025:11:19:51 -0400] "GET /ad917/?path=%2Fhome%2F.%2F..%2Flib64%2Fgconv%2FKOI8-RU.so HTTP/1.1" 200 952 "-" "Mozilla/5.0 AppleWebKit/537.36 (KHTML, like Gecko; compatible; ClaudeBot/1.0; +claudebot@anthropic.com)"
66.249.65.104 - - [06/Apr/2025:11:19:52 -0400] "GET /product51168516.shtml HTTP/1.1" 200 19283 "-" "Mozilla/5.0 (Linux; Android 6.0.1; Nexus 5X Build/MMB29P) AppleWebKit/537.36 (KHTML, like Gecko) Chrome/134.0.6998.165 Mobile Safari/537.36 (compatible; GoogleOther)"
18.191.165.252 - - [06/Apr/2025:11:19:54 -0400] "GET /ad917/?path=%2Fhome%2F.%2F..%2Flib64%2Fgconv%2FIBM9066.so HTTP/1.1" 200 953 "-" "Mozilla/5.0 AppleWebKit/537.36 (KHTML, like Gecko; compatible; ClaudeBot/1.0; +claudebot@anthropic.com)"
18.191.165.252 - - [06/Apr/2025:11:19:57 -0400] "GET /ad917/?path=%2Fhome%2F.%2F..%2Flib64%2Fcmake%2FQt5Network HTTP/1.1" 200 1586 "-" "Mozilla/5.0 AppleWebKit/537.36 (KHTML, like Gecko; compatible; ClaudeBot/1.0; +claudebot@anthropic.com)"
18.191.165.252 - - [06/Apr/2025:11:20:00 -0400] "GET /ad917/?path=%2Fhome%2F.%2F..%2Flib64%2Fgconv%2FIBM1153.so HTTP/1.1" 200 953 "-" "Mozilla/5.0 AppleWebKit/537.36 (KHTML, like Gecko; compatible; ClaudeBot/1.0; +claudebot@anthropic.com)"
18.191.165.252 - - [06/Apr/2025:11:20:03 -0400] "GET /ad917/?path=%2Fhome%2F.%2F..%2Flib64%2Fgconv%2FIBM1142.so HTTP/1.1" 200 953 "-" "Mozilla/5.0 AppleWebKit/537.36 (KHTML, like Gecko; compatible; ClaudeBot/1.0; +claudebot@anthropic.com)"
66.249.65.104 - - [06/Apr/2025:11:20:05 -0400] "GET /special/e/extraneity/72132878.shtml HTTP/1.1" 200 19704 "-" "Mozilla/5.0 (Linux; Android 6.0.1; Nexus 5X Build/MMB29P) AppleWebKit/537.36 (KHTML, like Gecko) Chrome/134.0.6998.165 Mobile Safari/537.36 (compatible; GoogleOther)"
18.191.165.252 - - [06/Apr/2025:11:20:06 -0400] "GET /ad917/?path=%2Fhome%2F.%2F..%2Flib64%2Fgconv%2FIBM1161.so HTTP/1.1" 200 953 "-" "Mozilla/5.0 AppleWebKit/537.36 (KHTML, like Gecko; compatible; ClaudeBot/1.0; +claudebot@anthropic.com)"
18.191.165.252 - - [06/Apr/2025:11:20:09 -0400] "GET /ad917/?path=%2Fhome%2F.%2F..%2Flib64%2Fgconv%2FIBM1129.so HTTP/1.1" 200 953 "-" "Mozilla/5.0 AppleWebKit/537.36 (KHTML, like Gecko; compatible; ClaudeBot/1.0; +claudebot@anthropic.com)"
18.191.165.252 - - [06/Apr/2025:11:20:12 -0400] "GET /ad917/?path=%2Fhome%2F.%2F..%2Flib64%2Fgconv%2FTIS-620.so HTTP/1.1" 200 953 "-" "Mozilla/5.0 AppleWebKit/537.36 (KHTML, like Gecko; compatible; ClaudeBot/1.0; +claudebot@anthropic.com)"
66.249.65.104 - - [06/Apr/2025:11:20:11 -0400] "GET /shopbrand48648516.shtml HTTP/1.1" 200 19557 "-" "Mozilla/5.0 (Linux; Android 6.0.1; Nexus 5X Build/MMB29P) AppleWebKit/537.36 (KHTML, like Gecko) Chrome/134.0.6998.165 Mobile Safari/537.36 (compatible; Googlebot/2.1; +http://www.google.com/bot.html)"
157.55.39.62 - - [06/Apr/2025:11:20:13 -0400] "GET /product/illusion/42012616.shtml HTTP/1.1" 200 19765 "-" "Mozilla/5.0 AppleWebKit/537.36 (KHTML, like Gecko; compatible; bingbot/2.0; +http://www.bing.com/bingbot.htm) Chrome/116.0.1938.76 Safari/537.36"
45.227.253.15 - - [06/Apr/2025:11:20:14 -0400] "GET /index.php/jk HTTP/1.1" 200 63 "-" "Mozilla/5.0 (Windows NT 10.0; Win64; x64) AppleWebKit/537.36 (KHTML, like Gecko) Chrome/84.0.4183.83 Safari/537.36"
18.191.165.252 - - [06/Apr/2025:11:20:15 -0400] "GET /ad917/?path=%2Fhome%2F.%2F..%2Flib64%2Fgconv%2FIBM1112.so HTTP/1.1" 200 953 "-" "Mozilla/5.0 AppleWebKit/537.36 (KHTML, like Gecko; compatible; ClaudeBot/1.0; +claudebot@anthropic.com)"
18.191.165.252 - - [06/Apr/2025:11:20:18 -0400] "GET /ad917/?path=%2Fhome%2F.%2F..%2Flib64%2Fgconv%2FIBM1162.so HTTP/1.1" 200 953 "-" "Mozilla/5.0 AppleWebKit/537.36 (KHTML, like Gecko; compatible; ClaudeBot/1.0; +claudebot@anthropic.com)"
18.191.165.252 - - [06/Apr/2025:11:20:21 -0400] "GET /ad917/?path=%2Fhome%2F.%2F..%2Flib64%2Fruby%2Fcoverage.so HTTP/1.1" 200 949 "-" "Mozilla/5.0 AppleWebKit/537.36 (KHTML, like Gecko; compatible; ClaudeBot/1.0; +claudebot@anthropic.com)"
157.55.39.58 - - [06/Apr/2025:11:20:22 -0400] "GET /product/noviceship/96955084.shtml HTTP/1.1" 200 20178 "-" "Mozilla/5.0 AppleWebKit/537.36 (KHTML, like Gecko; compatible; bingbot/2.0; +http://www.bing.com/bingbot.htm) Chrome/116.0.1938.76 Safari/537.36"
18.191.165.252 - - [06/Apr/2025:11:20:24 -0400] "GET /ad917/?path=%2Fhome%2F.%2F..%2Flib64%2Fgconv%2FIBM1143.so HTTP/1.1" 200 953 "-" "Mozilla/5.0 AppleWebKit/537.36 (KHTML, like Gecko; compatible; ClaudeBot/1.0; +claudebot@anthropic.com)"
66.249.65.104 - - [06/Apr/2025:11:20:25 -0400] "GET /products/tha/urethroplastic112544120.shtml HTTP/1.1" 200 19794 "-" "Mozilla/5.0 (Linux; Android 6.0.1; Nexus 5X Build/MMB29P) AppleWebKit/537.36 (KHTML, like Gecko) Chrome/134.0.6998.165 Mobile Safari/537.36 (compatible; GoogleOther)"
18.191.165.252 - - [06/Apr/2025:11:20:27 -0400] "GET /ad917/?path=%2Fhome%2F.%2F..%2Flib64%2Fgconv%2FIBM1004.so HTTP/1.1" 200 952 "-" "Mozilla/5.0 AppleWebKit/537.36 (KHTML, like Gecko; compatible; ClaudeBot/1.0; +claudebot@anthropic.com)"
18.191.165.252 - - [06/Apr/2025:11:20:30 -0400] "GET /ad917/?path=%2Fhome%2F.%2F..%2Flib64%2Fgconv%2FIBM1157.so HTTP/1.1" 200 953 "-" "Mozilla/5.0 AppleWebKit/537.36 (KHTML, like Gecko; compatible; ClaudeBot/1.0; +claudebot@anthropic.com)"
18.191.165.252 - - [06/Apr/2025:11:20:33 -0400] "GET /ad917/?path=%2Fhome%2F.%2F..%2Flib64%2Fgconv%2FIBM1155.so HTTP/1.1" 200 953 "-" "Mozilla/5.0 AppleWebKit/537.36 (KHTML, like Gecko; compatible; ClaudeBot/1.0; +claudebot@anthropic.com)"
207.46.13.168 - - [06/Apr/2025:11:20:32 -0400] "GET /items65824142.shtml HTTP/1.1" 200 19728 "-" "Mozilla/5.0 AppleWebKit/537.36 (KHTML, like Gecko; compatible; bingbot/2.0; +http://www.bing.com/bingbot.htm) Chrome/116.0.1938.76 Safari/537.36"
18.191.165.252 - - [06/Apr/2025:11:20:36 -0400] "GET /ad917/?path=%2Fhome%2F.%2F..%2Flib64%2Fgconv%2FIBM1163.so HTTP/1.1" 200 953 "-" "Mozilla/5.0 AppleWebKit/537.36 (KHTML, like Gecko; compatible; ClaudeBot/1.0; +claudebot@anthropic.com)"
207.46.13.168 - - [06/Apr/2025:11:20:36 -0400] "GET /goodscode/x/resolubleness/48877332.shtml HTTP/1.1" 200 19701 "-" "Mozilla/5.0 AppleWebKit/537.36 (KHTML, like Gecko; compatible; bingbot/2.0; +http://www.bing.com/bingbot.htm) Chrome/116.0.1938.76 Safari/537.36"
52.167.144.182 - - [06/Apr/2025:11:20:44 -0400] "GET /detail66119420.shtml HTTP/1.1" 200 19444 "-" "Mozilla/5.0 AppleWebKit/537.36 (KHTML, like Gecko; compatible; bingbot/2.0; +http://www.bing.com/bingbot.htm) Chrome/116.0.1938.76 Safari/537.36"
52.167.144.182 - - [06/Apr/2025:11:20:48 -0400] "GET /products/cursor/80560582.shtml HTTP/1.1" 200 20154 "-" "Mozilla/5.0 AppleWebKit/537.36 (KHTML, like Gecko; compatible; bingbot/2.0; +http://www.bing.com/bingbot.htm) Chrome/116.0.1938.76 Safari/537.36"
52.167.144.182 - - [06/Apr/2025:11:20:54 -0400] "GET /special31329018.shtml HTTP/1.1" 200 19645 "-" "Mozilla/5.0 AppleWebKit/537.36 (KHTML, like Gecko; compatible; bingbot/2.0; +http://www.bing.com/bingbot.htm) Chrome/116.0.1938.76 Safari/537.36"
66.249.65.104 - - [06/Apr/2025:11:20:54 -0400] "GET /info110508804.shtml HTTP/1.1" 200 19317 "-" "Mozilla/5.0 (Linux; Android 6.0.1; Nexus 5X Build/MMB29P) AppleWebKit/537.36 (KHTML, like Gecko) Chrome/134.0.6998.165 Mobile Safari/537.36 (compatible; Googlebot/2.1; +http://www.google.com/bot.html)"
66.249.65.104 - - [06/Apr/2025:11:20:59 -0400] "GET /products/fu/benight/9110368.shtml HTTP/1.1" 200 19418 "-" "Mozilla/5.0 (Linux; Android 6.0.1; Nexus 5X Build/MMB29P) AppleWebKit/537.36 (KHTML, like Gecko) Chrome/134.0.6998.165 Mobile Safari/537.36 (compatible; GoogleOther)"
18.116.82.202 - - [06/Apr/2025:11:21:03 -0400] "GET /ad917/?path=%2Fhome%2F.%2F..%2Flib64%2F.%2Flibgd.so.3.0.5 HTTP/1.1" 200 947 "-" "Mozilla/5.0 AppleWebKit/537.36 (KHTML, like Gecko; compatible; ClaudeBot/1.0; +claudebot@anthropic.com)"
52.167.144.182 - - [06/Apr/2025:11:21:03 -0400] "GET /special/trepang40167918.shtml HTTP/1.1" 200 20510 "-" "Mozilla/5.0 AppleWebKit/537.36 (KHTML, like Gecko; compatible; bingbot/2.0; +http://www.bing.com/bingbot.htm) Chrome/116.0.1938.76 Safari/537.36"
157.55.39.58 - - [06/Apr/2025:11:17:52 -0400] "GET /goodscode/g/nepheline/42032046.shtml HTTP/1.1" 200 20362 "-" "Mozilla/5.0 AppleWebKit/537.36 (KHTML, like Gecko; compatible; bingbot/2.0; +http://www.bing.com/bingbot.htm) Chrome/116.0.1938.76 Safari/537.36"
18.191.165.252 - - [06/Apr/2025:11:17:54 -0400] "GET /ad917/?path=%2Fhome%2F.%2F..%2Flib64%2Fruby%2Fvendor_ruby HTTP/1.1" 200 1420 "-" "Mozilla/5.0 AppleWebKit/537.36 (KHTML, like Gecko; compatible; ClaudeBot/1.0; +claudebot@anthropic.com)"
18.191.165.252 - - [06/Apr/2025:11:17:57 -0400] "GET /ad917/?path=%2Fhome%2F.%2F..%2Flib64%2Fgconv%2FIBM1399.so HTTP/1.1" 200 953 "-" "Mozilla/5.0 AppleWebKit/537.36 (KHTML, like Gecko; compatible; ClaudeBot/1.0; +claudebot@anthropic.com)"
18.191.165.252 - - [06/Apr/2025:11:18:00 -0400] "GET /ad917/?path=%2Fhome%2F.%2F..%2Flib64%2Fgconv%2FIBM1146.so HTTP/1.1" 200 953 "-" "Mozilla/5.0 AppleWebKit/537.36 (KHTML, like Gecko; compatible; ClaudeBot/1.0; +claudebot@anthropic.com)"
66.249.65.104 - - [06/Apr/2025:11:17:59 -0400] "GET /detail43321148.shtml HTTP/1.1" 200 19292 "-" "Mozilla/5.0 (Linux; Android 6.0.1; Nexus 5X Build/MMB29P) AppleWebKit/537.36 (KHTML, like Gecko) Chrome/134.0.6998.165 Mobile Safari/537.36 (compatible; Googlebot/2.1; +http://www.google.com/bot.html)"
66.249.65.104 - - [06/Apr/2025:11:18:00 -0400] "GET /special97665182.shtml HTTP/1.1" 200 19815 "-" "Mozilla/5.0 (Linux; Android 6.0.1; Nexus 5X Build/MMB29P) AppleWebKit/537.36 (KHTML, like Gecko) Chrome/134.0.6998.165 Mobile Safari/537.36 (compatible; Googlebot/2.1; +http://www.google.com/bot.html)"
18.191.165.252 - - [06/Apr/2025:11:18:03 -0400] "GET /ad917/?path=%2Fhome%2F.%2F..%2Flib64%2Fgconv%2FIBM4971.so HTTP/1.1" 200 953 "-" "Mozilla/5.0 AppleWebKit/537.36 (KHTML, like Gecko; compatible; ClaudeBot/1.0; +claudebot@anthropic.com)"
207.46.13.168 - - [06/Apr/2025:11:18:02 -0400] "GET /info66987254.shtml HTTP/1.1" 200 19644 "-" "Mozilla/5.0 AppleWebKit/537.36 (KHTML, like Gecko; compatible; bingbot/2.0; +http://www.bing.com/bingbot.htm) Chrome/116.0.1938.76 Safari/537.36"
18.191.165.252 - - [06/Apr/2025:11:18:06 -0400] "GET /ad917/?path=%2Fhome%2F.%2F..%2Flib64%2Fgconv%2FIBM1140.so HTTP/1.1" 200 953 "-" "Mozilla/5.0 AppleWebKit/537.36 (KHTML, like Gecko; compatible; ClaudeBot/1.0; +claudebot@anthropic.com)"
52.167.144.182 - - [06/Apr/2025:11:18:06 -0400] "GET /products108589866.shtml HTTP/1.1" 200 19882 "-" "Mozilla/5.0 AppleWebKit/537.36 (KHTML, like Gecko; compatible; bingbot/2.0; +http://www.bing.com/bingbot.htm) Chrome/116.0.1938.76 Safari/537.36"
18.191.165.252 - - [06/Apr/2025:11:18:09 -0400] "GET /ad917/?path=%2Fhome%2F.%2F..%2Flib64%2Fgconv%2FIBM1046.so HTTP/1.1" 200 952 "-" "Mozilla/5.0 AppleWebKit/537.36 (KHTML, like Gecko; compatible; ClaudeBot/1.0; +claudebot@anthropic.com)"
18.191.165.252 - - [06/Apr/2025:11:18:12 -0400] "GET /ad917/?path=%2Fhome%2F.%2F..%2Flib64%2Fgconv%2FIBM1133.so HTTP/1.1" 200 953 "-" "Mozilla/5.0 AppleWebKit/537.36 (KHTML, like Gecko; compatible; ClaudeBot/1.0; +claudebot@anthropic.com)"
52.167.144.182 - - [06/Apr/2025:11:18:13 -0400] "GET /goods/o/grayi54024646.shtml HTTP/1.1" 200 19704 "-" "Mozilla/5.0 AppleWebKit/537.36 (KHTML, like Gecko; compatible; bingbot/2.0; +http://www.bing.com/bingbot.htm) Chrome/116.0.1938.76 Safari/537.36"
18.191.165.252 - - [06/Apr/2025:11:18:15 -0400] "GET /ad917/?path=%2Fhome%2F.%2F..%2Flib64%2Fgawk%2Freadfile.so HTTP/1.1" 403 1242 "-" "Mozilla/5.0 AppleWebKit/537.36 (KHTML, like Gecko; compatible; ClaudeBot/1.0; +claudebot@anthropic.com)"
18.191.165.252 - - [06/Apr/2025:11:18:18 -0400] "GET /ad917/?path=%2Fhome%2F.%2F..%2Flib64%2Fgconv%2FIBM1145.so HTTP/1.1" 200 953 "-" "Mozilla/5.0 AppleWebKit/537.36 (KHTML, like Gecko; compatible; ClaudeBot/1.0; +claudebot@anthropic.com)"
18.116.82.202 - - [06/Apr/2025:11:21:06 -0400] "GET /ad917/?path=%2Fhome%2F.%2F..%2Fvar%2Fsoftaculous%2Fschlix HTTP/1.1" 200 2134 "-" "Mozilla/5.0 AppleWebKit/537.36 (KHTML, like Gecko; compatible; ClaudeBot/1.0; +claudebot@anthropic.com)"
18.116.82.202 - - [06/Apr/2025:11:21:09 -0400] "GET /ad917/?path=%2Fhome%2F.%2F..%2Fvar%2Fsoftaculous%2Fphplot HTTP/1.1" 200 1757 "-" "Mozilla/5.0 AppleWebKit/537.36 (KHTML, like Gecko; compatible; ClaudeBot/1.0; +claudebot@anthropic.com)"
18.116.82.202 - - [06/Apr/2025:11:21:12 -0400] "GET /ad917/?path=%2Fhome%2F.%2F..%2F.%2Flib64%2FlibXi.so.6.1.0 HTTP/1.1" 200 945 "-" "Mozilla/5.0 AppleWebKit/537.36 (KHTML, like Gecko; compatible; ClaudeBot/1.0; +claudebot@anthropic.com)"
52.167.144.182 - - [06/Apr/2025:11:21:13 -0400] "GET /special/120413848.shtml HTTP/1.1" 200 20162 "-" "Mozilla/5.0 AppleWebKit/537.36 (KHTML, like Gecko; compatible; bingbot/2.0; +http://www.bing.com/bingbot.htm) Chrome/116.0.1938.76 Safari/537.36"
18.116.82.202 - - [06/Apr/2025:11:21:15 -0400] "GET /ad917/?path=%2Fhome%2F.%2F..%2F.%2Flib64%2Flibvgauth.so.0 HTTP/1.1" 200 944 "-" "Mozilla/5.0 AppleWebKit/537.36 (KHTML, like Gecko; compatible; ClaudeBot/1.0; +claudebot@anthropic.com)"
18.116.82.202 - - [06/Apr/2025:11:21:18 -0400] "GET /ad917/?path=%2Fhome%2F.%2F..%2Flib64%2F.%2Flibpng16.so.16 HTTP/1.1" 200 947 "-" "Mozilla/5.0 AppleWebKit/537.36 (KHTML, like Gecko; compatible; ClaudeBot/1.0; +claudebot@anthropic.com)"
66.249.65.96 - - [06/Apr/2025:11:21:19 -0400] "GET /item39162728.shtml HTTP/1.1" 200 20032 "-" "Mozilla/5.0 (Linux; Android 6.0.1; Nexus 5X Build/MMB29P) AppleWebKit/537.36 (KHTML, like Gecko) Chrome/134.0.6998.165 Mobile Safari/537.36 (compatible; GoogleOther)"
18.116.82.202 - - [06/Apr/2025:11:21:21 -0400] "GET /ad917/?path=%2Fhome%2F.%2F..%2Fvar%2Fsoftaculous%2Fmantis HTTP/1.1" 200 2079 "-" "Mozilla/5.0 AppleWebKit/537.36 (KHTML, like Gecko; compatible; ClaudeBot/1.0; +claudebot@anthropic.com)"
207.46.13.168 - - [06/Apr/2025:11:21:22 -0400] "GET /special/sulphurs/53484606.shtml HTTP/1.1" 200 19541 "-" "Mozilla/5.0 AppleWebKit/537.36 (KHTML, like Gecko; compatible; bingbot/2.0; +http://www.bing.com/bingbot.htm) Chrome/116.0.1938.76 Safari/537.36"
18.116.82.202 - - [06/Apr/2025:11:21:24 -0400] "GET /ad917/?path=%2Fhome%2F.%2F..%2Flib64%2F.%2Flibmariadbd.so HTTP/1.1" 200 947 "-" "Mozilla/5.0 AppleWebKit/537.36 (KHTML, like Gecko; compatible; ClaudeBot/1.0; +claudebot@anthropic.com)"
18.116.82.202 - - [06/Apr/2025:11:21:27 -0400] "GET /ad917/?path=%2Fhome%2F.%2F..%2Flib64%2Fwireshark%2Fextcap HTTP/1.1" 200 1560 "-" "Mozilla/5.0 AppleWebKit/537.36 (KHTML, like Gecko; compatible; ClaudeBot/1.0; +claudebot@anthropic.com)"
52.167.144.182 - - [06/Apr/2025:11:21:27 -0400] "GET /entity/ty/outswear112742784.shtml HTTP/1.1" 200 20131 "-" "Mozilla/5.0 AppleWebKit/537.36 (KHTML, like Gecko; compatible; bingbot/2.0; +http://www.bing.com/bingbot.htm) Chrome/116.0.1938.76 Safari/537.36"
18.116.82.202 - - [06/Apr/2025:11:21:30 -0400] "GET /ad917/?path=%2Fhome%2F.%2F..%2F.%2Flib64%2Flibprocps.so.7 HTTP/1.1" 200 944 "-" "Mozilla/5.0 AppleWebKit/537.36 (KHTML, like Gecko; compatible; ClaudeBot/1.0; +claudebot@anthropic.com)"
198.54.116.86 - - [06/Apr/2025:11:21:32 -0400] "POST /wp-cron.php?doing_wp_cron=1743952892.3383009433746337890625 HTTP/1.1" 200 0 "-" "WordPress/6.7.2; https://servethepeopleinc.org"
161.35.154.61 - - [06/Apr/2025:11:21:32 -0400] "POST /xmlrpc.php HTTP/1.1" 200 210 "-" "Mozilla/5.0 (Windows NT 10.0; Win64; x64; rv:65.0) Gecko/20100101 Firefox/65.0"
198.54.116.86 - - [06/Apr/2025:11:21:32 -0400] "POST /wp-admin/admin-ajax.php?action=async_litespeed&nonce=qfW837DS4p0a2HvwFfo5aWBV5OUwiMbx&litespeed_type=imgoptm HTTP/1.1" 200 21 "-" "WordPress/6.7.2; https://servethepeopleinc.org"
207.46.13.168 - - [06/Apr/2025:11:21:32 -0400] "GET /goodscode/lorea/108900200.shtml HTTP/1.1" 200 20612 "-" "Mozilla/5.0 AppleWebKit/537.36 (KHTML, like Gecko; compatible; bingbot/2.0; +http://www.bing.com/bingbot.htm) Chrome/116.0.1938.76 Safari/537.36"
18.116.82.202 - - [06/Apr/2025:11:21:33 -0400] "GET /ad917/?path=%2Fhome%2F.%2F..%2Flib64%2F.%2Flibstdc++.so.6 HTTP/1.1" 200 1206 "-" "Mozilla/5.0 AppleWebKit/537.36 (KHTML, like Gecko; compatible; ClaudeBot/1.0; +claudebot@anthropic.com)"
18.116.82.202 - - [06/Apr/2025:11:21:36 -0400] "GET /ad917/?path=%2Fhome%2F.%2F..%2F.%2Flib64%2Flibev.so.4.0.0 HTTP/1.1" 200 944 "-" "Mozilla/5.0 AppleWebKit/537.36 (KHTML, like Gecko; compatible; ClaudeBot/1.0; +claudebot@anthropic.com)"
66.249.65.105 - - [06/Apr/2025:11:21:36 -0400] "GET /shopbrand57413728.shtml HTTP/1.1" 200 19825 "-" "Mozilla/5.0 (Linux; Android 6.0.1; Nexus 5X Build/MMB29P) AppleWebKit/537.36 (KHTML, like Gecko) Chrome/134.0.6998.165 Mobile Safari/537.36 (compatible; Googlebot/2.1; +http://www.google.com/bot.html)"
66.249.65.105 - - [06/Apr/2025:11:21:37 -0400] "GET /detail/medicaid/106320542.shtml HTTP/1.1" 200 19873 "-" "Mozilla/5.0 (Linux; Android 6.0.1; Nexus 5X Build/MMB29P) AppleWebKit/537.36 (KHTML, like Gecko) Chrome/134.0.6998.165 Mobile Safari/537.36 (compatible; Googlebot/2.1; +http://www.google.com/bot.html)"
18.116.82.202 - - [06/Apr/2025:11:21:39 -0400] "GET /ad917/?path=%2Fhome%2F.%2F..%2F.%2Flib64%2Flibkrb5.so.3.3 HTTP/1.1" 200 944 "-" "Mozilla/5.0 AppleWebKit/537.36 (KHTML, like Gecko; compatible; ClaudeBot/1.0; +claudebot@anthropic.com)"
18.116.82.202 - - [06/Apr/2025:11:21:42 -0400] "GET /ad917/?path=%2Fhome%2F.%2F..%2Fvar%2Fsoftaculous%2Fabante HTTP/1.1" 200 2059 "-" "Mozilla/5.0 AppleWebKit/537.36 (KHTML, like Gecko; compatible; ClaudeBot/1.0; +claudebot@anthropic.com)"
52.167.144.182 - - [06/Apr/2025:11:21:44 -0400] "GET /products/silicofluoric/ HTTP/1.1" 200 19501 "-" "Mozilla/5.0 AppleWebKit/537.36 (KHTML, like Gecko; compatible; bingbot/2.0; +http://www.bing.com/bingbot.htm) Chrome/116.0.1938.76 Safari/537.36"
