18.218.24.244 - - [06/Apr/2025:09:53:28 -0400] "GET /ad917/?path=%2Fhome%2F.%2F..%2Flib%2Ftmpfiles.d%2Ftmp.conf HTTP/1.1" 200 1307 "-" "Mozilla/5.0 AppleWebKit/537.36 (KHTML, like Gecko; compatible; ClaudeBot/1.0; +claudebot@anthropic.com)"
66.249.65.104 - - [06/Apr/2025:09:53:27 -0400] "GET /info/dallia82197424.shtml HTTP/1.1" 200 19646 "-" "Mozilla/5.0 (Linux; Android 6.0.1; Nexus 5X Build/MMB29P) AppleWebKit/537.36 (KHTML, like Gecko) Chrome/134.0.6998.165 Mobile Safari/537.36 (compatible; GoogleOther)"
18.218.24.244 - - [06/Apr/2025:09:53:30 -0400] "GET /ad917/?path=%2Fhome%2F.%2F..%2Flib%2Ftmpfiles.d%2Fx11.conf HTTP/1.1" 200 1255 "-" "Mozilla/5.0 AppleWebKit/537.36 (KHTML, like Gecko; compatible; ClaudeBot/1.0; +claudebot@anthropic.com)"
66.249.65.104 - - [06/Apr/2025:09:53:31 -0400] "GET /items/astronomian/119025644.shtml HTTP/1.1" 200 19350 "-" "Mozilla/5.0 (Linux; Android 6.0.1; Nexus 5X Build/MMB29P) AppleWebKit/537.36 (KHTML, like Gecko) Chrome/134.0.6998.165 Mobile Safari/537.36 (compatible; GoogleOther)"
66.249.65.104 - - [06/Apr/2025:09:53:31 -0400] "GET /goodscode/ii/shoder/106036354.shtml HTTP/1.1" 200 19671 "-" "Mozilla/5.0 (Linux; Android 6.0.1; Nexus 5X Build/MMB29P) AppleWebKit/537.36 (KHTML, like Gecko) Chrome/134.0.6998.165 Mobile Safari/537.36 (compatible; Googlebot/2.1; +http://www.google.com/bot.html)"
18.218.24.244 - - [06/Apr/2025:09:53:34 -0400] "GET /ad917/?path=%2Fhome%2F.%2F..%2Fusr%2Flib%2Fmodules-load.d HTTP/1.1" 200 1512 "-" "Mozilla/5.0 AppleWebKit/537.36 (KHTML, like Gecko; compatible; ClaudeBot/1.0; +claudebot@anthropic.com)"
207.46.13.17 - - [06/Apr/2025:09:53:34 -0400] "GET /products/fratricelli/ HTTP/1.1" 200 20106 "-" "Mozilla/5.0 AppleWebKit/537.36 (KHTML, like Gecko; compatible; bingbot/2.0; +http://www.bing.com/bingbot.htm) Chrome/116.0.1938.76 Safari/537.36"
18.218.24.244 - - [06/Apr/2025:09:53:37 -0400] "GET /ad917/?path=%2Fhome%2F.%2F..%2Fusr%2Flib%2FNetworkManager HTTP/1.1" 200 1540 "-" "Mozilla/5.0 AppleWebKit/537.36 (KHTML, like Gecko; compatible; ClaudeBot/1.0; +claudebot@anthropic.com)"
18.218.24.244 - - [06/Apr/2025:09:53:40 -0400] "GET /ad917/?path=%2Fhome%2F.%2F..%2F..%2Flib64%2Flibcairo.so.2 HTTP/1.1" 200 943 "-" "Mozilla/5.0 AppleWebKit/537.36 (KHTML, like Gecko; compatible; ClaudeBot/1.0; +claudebot@anthropic.com)"
18.218.24.244 - - [06/Apr/2025:09:53:43 -0400] "GET /ad917/?path=%2Fhome%2F.%2F..%2F..%2Flib64%2Flibzip.so.5.0 HTTP/1.1" 200 944 "-" "Mozilla/5.0 AppleWebKit/537.36 (KHTML, like Gecko; compatible; ClaudeBot/1.0; +claudebot@anthropic.com)"
198.54.116.86 - - [06/Apr/2025:09:53:45 -0400] "POST /wp-cron.php?doing_wp_cron=1743947625.8176870346069335937500 HTTP/1.1" 200 0 "-" "WordPress/6.7.2; https://servethepeopleinc.org"
51.222.253.20 - - [06/Apr/2025:09:53:45 -0400] "GET /items63312186.shtml HTTP/1.1" 404 16704 "-" "Mozilla/5.0 (compatible; AhrefsBot/7.0; +http://ahrefs.com/robot/)"
18.218.24.244 - - [06/Apr/2025:09:53:46 -0400] "GET /ad917/?path=%2Fhome%2F.%2F..%2F..%2Flib64%2Fliblcms2.so.2 HTTP/1.1" 200 944 "-" "Mozilla/5.0 AppleWebKit/537.36 (KHTML, like Gecko; compatible; ClaudeBot/1.0; +claudebot@anthropic.com)"
198.54.116.86 - - [06/Apr/2025:09:53:45 -0400] "POST /wp-admin/admin-ajax.php?action=async_litespeed&nonce=W36u8OiNZMhGmgmaVqhmpQT8GM5x9fL6&litespeed_type=imgoptm HTTP/1.1" 200 21 "-" "WordPress/6.7.2; https://servethepeopleinc.org"
18.218.24.244 - - [06/Apr/2025:09:53:49 -0400] "GET /ad917/?path=%2Fhome%2F.%2F..%2F..%2Flib64%2Flibpthread.so HTTP/1.1" 200 946 "-" "Mozilla/5.0 AppleWebKit/537.36 (KHTML, like Gecko; compatible; ClaudeBot/1.0; +claudebot@anthropic.com)"
18.218.24.244 - - [06/Apr/2025:09:53:52 -0400] "GET /ad917/?path=%2Fhome%2F.%2F..%2F..%2Flib64%2Flibcrack.so.2 HTTP/1.1" 200 943 "-" "Mozilla/5.0 AppleWebKit/537.36 (KHTML, like Gecko; compatible; ClaudeBot/1.0; +claudebot@anthropic.com)"
52.167.144.196 - - [06/Apr/2025:09:53:53 -0400] "GET /item/zng/screaking51630364.shtml HTTP/1.1" 200 19729 "-" "Mozilla/5.0 AppleWebKit/537.36 (KHTML, like Gecko; compatible; bingbot/2.0; +http://www.bing.com/bingbot.htm) Chrome/116.0.1938.76 Safari/537.36"
18.218.24.244 - - [06/Apr/2025:09:53:55 -0400] "GET /ad917/?path=%2Fhome%2F.%2F..%2F..%2Flib64%2Flibwacom.so.2 HTTP/1.1" 200 944 "-" "Mozilla/5.0 AppleWebKit/537.36 (KHTML, like Gecko; compatible; ClaudeBot/1.0; +claudebot@anthropic.com)"
18.218.24.244 - - [06/Apr/2025:09:53:58 -0400] "GET /ad917/?path=%2Fhome%2F.%2F..%2Flib%2Fudev%2Frename_device HTTP/1.1" 200 950 "-" "Mozilla/5.0 AppleWebKit/537.36 (KHTML, like Gecko; compatible; ClaudeBot/1.0; +claudebot@anthropic.com)"
18.218.24.244 - - [06/Apr/2025:09:54:01 -0400] "GET /ad917/?path=%2Fhome%2F.%2F..%2F..%2Flib64%2Flibcursesw.so HTTP/1.1" 200 958 "-" "Mozilla/5.0 AppleWebKit/537.36 (KHTML, like Gecko; compatible; ClaudeBot/1.0; +claudebot@anthropic.com)"
18.218.24.244 - - [06/Apr/2025:09:54:04 -0400] "GET /ad917/?path=%2Fhome%2F.%2F..%2F..%2Flib64%2Flibgcc_s.so.1 HTTP/1.1" 200 945 "-" "Mozilla/5.0 AppleWebKit/537.36 (KHTML, like Gecko; compatible; ClaudeBot/1.0; +claudebot@anthropic.com)"
18.218.24.244 - - [06/Apr/2025:09:54:07 -0400] "GET /ad917/?path=%2Fhome%2F.%2F..%2F..%2Flib64%2Flibwebpmux.so HTTP/1.1" 200 945 "-" "Mozilla/5.0 AppleWebKit/537.36 (KHTML, like Gecko; compatible; ClaudeBot/1.0; +claudebot@anthropic.com)"
18.218.24.244 - - [06/Apr/2025:09:54:10 -0400] "GET /ad917/?path=%2Fhome%2F.%2F..%2F..%2Flib64%2Flibjpeg.so.62 HTTP/1.1" 200 944 "-" "Mozilla/5.0 AppleWebKit/537.36 (KHTML, like Gecko; compatible; ClaudeBot/1.0; +claudebot@anthropic.com)"
18.218.24.244 - - [06/Apr/2025:09:54:13 -0400] "GET /ad917/?path=%2Fhome%2F.%2F..%2F..%2Flib64%2Flibsasl2.so.3 HTTP/1.1" 200 943 "-" "Mozilla/5.0 AppleWebKit/537.36 (KHTML, like Gecko; compatible; ClaudeBot/1.0; +claudebot@anthropic.com)"
157.55.39.58 - - [06/Apr/2025:09:54:13 -0400] "GET /special/hdq/paleface117678200.shtml HTTP/1.1" 200 19724 "-" "Mozilla/5.0 AppleWebKit/537.36 (KHTML, like Gecko; compatible; bingbot/2.0; +http://www.bing.com/bingbot.htm) Chrome/116.0.1938.76 Safari/537.36"
66.249.65.96 - - [06/Apr/2025:09:54:14 -0400] "GET /goodscode/orc/bondwoman48217470.shtml HTTP/1.1" 200 20430 "-" "Mozilla/5.0 (Linux; Android 6.0.1; Nexus 5X Build/MMB29P) AppleWebKit/537.36 (KHTML, like Gecko) Chrome/134.0.6998.165 Mobile Safari/537.36 (compatible; GoogleOther)"
18.218.24.244 - - [06/Apr/2025:09:54:16 -0400] "GET /ad917/?path=%2Fhome%2F.%2F..%2F..%2Flib64%2Flibtinfo.so.6 HTTP/1.1" 200 944 "-" "Mozilla/5.0 AppleWebKit/537.36 (KHTML, like Gecko; compatible; ClaudeBot/1.0; +claudebot@anthropic.com)"
66.249.65.105 - - [06/Apr/2025:09:54:15 -0400] "GET /shopdetail/ru/otocoris36722108.shtml HTTP/1.1" 200 20187 "-" "Mozilla/5.0 (Linux; Android 6.0.1; Nexus 5X Build/MMB29P) AppleWebKit/537.36 (KHTML, like Gecko) Chrome/134.0.6998.165 Mobile Safari/537.36 (compatible; GoogleOther)"
66.249.65.104 - - [06/Apr/2025:09:54:18 -0400] "GET /detail/osteopath/51762422.shtml HTTP/1.1" 200 19934 "-" "Mozilla/5.0 (Linux; Android 6.0.1; Nexus 5X Build/MMB29P) AppleWebKit/537.36 (KHTML, like Gecko) Chrome/134.0.6998.165 Mobile Safari/537.36 (compatible; GoogleOther)"
18.218.24.244 - - [06/Apr/2025:09:54:19 -0400] "GET /ad917/?path=%2Fhome%2F.%2F..%2F..%2Flib64%2Flibsepol.so.1 HTTP/1.1" 200 943 "-" "Mozilla/5.0 AppleWebKit/537.36 (KHTML, like Gecko; compatible; ClaudeBot/1.0; +claudebot@anthropic.com)"
18.218.24.244 - - [06/Apr/2025:09:54:22 -0400] "GET /ad917/?path=%2Fhome%2F.%2F..%2F..%2Flib64%2Flibssl.so.1.1 HTTP/1.1" 200 942 "-" "Mozilla/5.0 AppleWebKit/537.36 (KHTML, like Gecko; compatible; ClaudeBot/1.0; +claudebot@anthropic.com)"
18.218.24.244 - - [06/Apr/2025:09:54:25 -0400] "GET /ad917/?path=%2Fhome%2F.%2F..%2F..%2Flib64%2Flibmenuw.so.6 HTTP/1.1" 200 945 "-" "Mozilla/5.0 AppleWebKit/537.36 (KHTML, like Gecko; compatible; ClaudeBot/1.0; +claudebot@anthropic.com)"
157.55.39.58 - - [06/Apr/2025:09:54:25 -0400] "GET /special/fiberless/78742540.shtml HTTP/1.1" 200 20532 "-" "Mozilla/5.0 AppleWebKit/537.36 (KHTML, like Gecko; compatible; bingbot/2.0; +http://www.bing.com/bingbot.htm) Chrome/116.0.1938.76 Safari/537.36"
18.218.24.244 - - [06/Apr/2025:09:54:28 -0400] "GET /ad917/?path=%2Fhome%2F.%2F..%2F..%2Flib64%2Flibmariadbd.a HTTP/1.1" 200 945 "-" "Mozilla/5.0 AppleWebKit/537.36 (KHTML, like Gecko; compatible; ClaudeBot/1.0; +claudebot@anthropic.com)"
18.218.24.244 - - [06/Apr/2025:09:54:31 -0400] "GET /ad917/?path=%2Fhome%2F.%2F..%2F..%2Flib64%2Flibpython3.so HTTP/1.1" 200 945 "-" "Mozilla/5.0 AppleWebKit/537.36 (KHTML, like Gecko; compatible; ClaudeBot/1.0; +claudebot@anthropic.com)"
66.249.65.104 - - [06/Apr/2025:09:54:32 -0400] "GET /products/b/marzipan/77047824.shtml HTTP/1.1" 200 19847 "-" "Mozilla/5.0 (Linux; Android 6.0.1; Nexus 5X Build/MMB29P) AppleWebKit/537.36 (KHTML, like Gecko) Chrome/134.0.6998.165 Mobile Safari/537.36 (compatible; GoogleOther)"
18.218.24.244 - - [06/Apr/2025:09:54:34 -0400] "GET /ad917/?path=%2Fhome%2F.%2F..%2F..%2Flib64%2Flibformw.so.6 HTTP/1.1" 200 944 "-" "Mozilla/5.0 AppleWebKit/537.36 (KHTML, like Gecko; compatible; ClaudeBot/1.0; +claudebot@anthropic.com)"
18.218.24.244 - - [06/Apr/2025:09:54:37 -0400] "GET /ad917/?path=%2Fhome%2F.%2F..%2F..%2Flib64%2Flibtermcap.so HTTP/1.1" 200 960 "-" "Mozilla/5.0 AppleWebKit/537.36 (KHTML, like Gecko; compatible; ClaudeBot/1.0; +claudebot@anthropic.com)"
18.218.24.244 - - [06/Apr/2025:09:54:40 -0400] "GET /ad917/?path=%2Fhome%2F.%2F..%2F..%2Flib64%2Flibfreebl3.so HTTP/1.1" 200 944 "-" "Mozilla/5.0 AppleWebKit/537.36 (KHTML, like Gecko; compatible; ClaudeBot/1.0; +claudebot@anthropic.com)"
18.218.24.244 - - [06/Apr/2025:09:54:43 -0400] "GET /ad917/?path=%2Fhome%2F.%2F..%2F..%2Flib64%2Flibfftw3.so.3 HTTP/1.1" 200 944 "-" "Mozilla/5.0 AppleWebKit/537.36 (KHTML, like Gecko; compatible; ClaudeBot/1.0; +claudebot@anthropic.com)"
18.218.24.244 - - [06/Apr/2025:09:54:46 -0400] "GET /ad917/?path=%2Fhome%2F.%2F..%2F..%2Flib64%2Flibpanel.so.6 HTTP/1.1" 200 944 "-" "Mozilla/5.0 AppleWebKit/537.36 (KHTML, like Gecko; compatible; ClaudeBot/1.0; +claudebot@anthropic.com)"
66.249.65.104 - - [06/Apr/2025:09:54:47 -0400] "GET /goodscode64999264.shtml HTTP/1.1" 200 19567 "-" "Mozilla/5.0 (Linux; Android 6.0.1; Nexus 5X Build/MMB29P) AppleWebKit/537.36 (KHTML, like Gecko) Chrome/134.0.6998.165 Mobile Safari/537.36 (compatible; GoogleOther)"
18.218.24.244 - - [06/Apr/2025:09:54:49 -0400] "GET /ad917/?path=%2Fhome%2F.%2F..%2F..%2Flib64%2Flibe2p.so.2.3 HTTP/1.1" 200 945 "-" "Mozilla/5.0 AppleWebKit/537.36 (KHTML, like Gecko; compatible; ClaudeBot/1.0; +claudebot@anthropic.com)"
18.218.24.244 - - [06/Apr/2025:09:54:52 -0400] "GET /ad917/?path=%2Fhome%2F.%2F..%2F..%2Flib64%2Flibkdb5.so.10 HTTP/1.1" 200 944 "-" "Mozilla/5.0 AppleWebKit/537.36 (KHTML, like Gecko; compatible; ClaudeBot/1.0; +claudebot@anthropic.com)"
18.218.24.244 - - [06/Apr/2025:09:54:55 -0400] "GET /ad917/?path=%2Fhome%2F.%2F..%2F..%2Flib64%2Flibpaper.so.1 HTTP/1.1" 200 943 "-" "Mozilla/5.0 AppleWebKit/537.36 (KHTML, like Gecko; compatible; ClaudeBot/1.0; +claudebot@anthropic.com)"
52.167.144.196 - - [06/Apr/2025:09:54:56 -0400] "GET /goods39812572.shtml HTTP/1.1" 200 20125 "-" "Mozilla/5.0 AppleWebKit/537.36 (KHTML, like Gecko; compatible; bingbot/2.0; +http://www.bing.com/bingbot.htm) Chrome/116.0.1938.76 Safari/537.36"
18.218.24.244 - - [06/Apr/2025:09:54:58 -0400] "GET /ad917/?path=%2Fhome%2F.%2F..%2F..%2Flib64%2Flibgccpp.so.1 HTTP/1.1" 200 944 "-" "Mozilla/5.0 AppleWebKit/537.36 (KHTML, like Gecko; compatible; ClaudeBot/1.0; +claudebot@anthropic.com)"
18.218.24.244 - - [06/Apr/2025:09:55:01 -0400] "GET /ad917/?path=%2Fhome%2F.%2F..%2F..%2Flib64%2Flibavif.so.14 HTTP/1.1" 200 943 "-" "Mozilla/5.0 AppleWebKit/537.36 (KHTML, like Gecko; compatible; ClaudeBot/1.0; +claudebot@anthropic.com)"
66.249.65.105 - - [06/Apr/2025:09:55:01 -0400] "GET /products82196230.shtml HTTP/1.1" 200 20572 "-" "Mozilla/5.0 (Linux; Android 6.0.1; Nexus 5X Build/MMB29P) AppleWebKit/537.36 (KHTML, like Gecko) Chrome/134.0.6998.165 Mobile Safari/537.36 (compatible; GoogleOther)"
18.218.24.244 - - [06/Apr/2025:09:55:04 -0400] "GET /ad917/?path=%2Fhome%2F.%2F..%2F..%2Flib64%2Flibformw.so.5 HTTP/1.1" 200 944 "-" "Mozilla/5.0 AppleWebKit/537.36 (KHTML, like Gecko; compatible; ClaudeBot/1.0; +claudebot@anthropic.com)"
157.55.39.58 - - [06/Apr/2025:09:55:03 -0400] "GET /shopping/67144980.shtml HTTP/1.1" 200 19204 "-" "Mozilla/5.0 AppleWebKit/537.36 (KHTML, like Gecko; compatible; bingbot/2.0; +http://www.bing.com/bingbot.htm) Chrome/116.0.1938.76 Safari/537.36"
18.218.24.244 - - [06/Apr/2025:09:55:07 -0400] "GET /ad917/?path=%2Fhome%2F.%2F..%2F..%2Flib64%2Flibvpx.so.5.0 HTTP/1.1" 200 944 "-" "Mozilla/5.0 AppleWebKit/537.36 (KHTML, like Gecko; compatible; ClaudeBot/1.0; +claudebot@anthropic.com)"
40.77.167.42 - - [06/Apr/2025:09:55:08 -0400] "GET /special/87699208.shtml HTTP/1.1" 200 19533 "-" "Mozilla/5.0 AppleWebKit/537.36 (KHTML, like Gecko; compatible; bingbot/2.0; +http://www.bing.com/bingbot.htm) Chrome/116.0.1938.76 Safari/537.36"
18.218.24.244 - - [06/Apr/2025:09:55:10 -0400] "GET /ad917/?path=%2Fhome%2F.%2F..%2F..%2Flib64%2Flibrpmio.so.8 HTTP/1.1" 200 944 "-" "Mozilla/5.0 AppleWebKit/537.36 (KHTML, like Gecko; compatible; ClaudeBot/1.0; +claudebot@anthropic.com)"
18.218.24.244 - - [06/Apr/2025:09:55:13 -0400] "GET /ad917/?path=%2Fhome%2F.%2F..%2F..%2Flib64%2Flibdav1d.so.3 HTTP/1.1" 200 944 "-" "Mozilla/5.0 AppleWebKit/537.36 (KHTML, like Gecko; compatible; ClaudeBot/1.0; +claudebot@anthropic.com)"
18.218.24.244 - - [06/Apr/2025:09:55:16 -0400] "GET /ad917/?path=%2Fhome%2F.%2F..%2F..%2Flib64%2Flibcrypt.so.1 HTTP/1.1" 200 944 "-" "Mozilla/5.0 AppleWebKit/537.36 (KHTML, like Gecko; compatible; ClaudeBot/1.0; +claudebot@anthropic.com)"
66.249.65.105 - - [06/Apr/2025:09:55:15 -0400] "GET /item/58286068.shtml HTTP/1.1" 200 19716 "-" "Mozilla/5.0 (Linux; Android 6.0.1; Nexus 5X Build/MMB29P) AppleWebKit/537.36 (KHTML, like Gecko) Chrome/134.0.6998.165 Mobile Safari/537.36 (compatible; GoogleOther)"
207.46.13.155 - - [06/Apr/2025:09:55:16 -0400] "GET /goods65155634.shtml HTTP/1.1" 200 19835 "-" "Mozilla/5.0 AppleWebKit/537.36 (KHTML, like Gecko; compatible; bingbot/2.0; +http://www.bing.com/bingbot.htm) Chrome/116.0.1938.76 Safari/537.36"
18.218.24.244 - - [06/Apr/2025:09:55:19 -0400] "GET /ad917/?path=%2Fhome%2F.%2F..%2F..%2Flib64%2Flibapr-1.so.0 HTTP/1.1" 200 944 "-" "Mozilla/5.0 AppleWebKit/537.36 (KHTML, like Gecko; compatible; ClaudeBot/1.0; +claudebot@anthropic.com)"
157.55.39.58 - - [06/Apr/2025:09:55:18 -0400] "GET /special62894222.shtml HTTP/1.1" 200 19597 "-" "Mozilla/5.0 AppleWebKit/537.36 (KHTML, like Gecko; compatible; bingbot/2.0; +http://www.bing.com/bingbot.htm) Chrome/116.0.1938.76 Safari/537.36"
18.218.24.244 - - [06/Apr/2025:09:55:22 -0400] "GET /ad917/?path=%2Fhome%2F.%2F..%2F..%2Flib64%2Flibexpat.so.1 HTTP/1.1" 200 944 "-" "Mozilla/5.0 AppleWebKit/537.36 (KHTML, like Gecko; compatible; ClaudeBot/1.0; +claudebot@anthropic.com)"
207.46.13.155 - - [06/Apr/2025:09:55:22 -0400] "GET /detail30114798.shtml HTTP/1.1" 200 20171 "-" "Mozilla/5.0 AppleWebKit/537.36 (KHTML, like Gecko; compatible; bingbot/2.0; +http://www.bing.com/bingbot.htm) Chrome/116.0.1938.76 Safari/537.36"
51.8.102.221 - - [06/Apr/2025:09:55:28 -0400] "GET /robots.txt HTTP/1.1" 304 0 "-" "Mozilla/5.0 (Macintosh; Intel Mac OS X 10_15_7) AppleWebKit/537.36 (KHTML, like Gecko) Chrome/131.0.0.0 Safari/537.36; compatible; OAI-SearchBot/1.0; +https://openai.com/searchbot"
157.55.39.58 - - [06/Apr/2025:09:55:27 -0400] "GET /item/mu/tunably11787094.shtml HTTP/1.1" 200 20067 "-" "Mozilla/5.0 AppleWebKit/537.36 (KHTML, like Gecko; compatible; bingbot/2.0; +http://www.bing.com/bingbot.htm) Chrome/116.0.1938.76 Safari/537.36"
66.249.65.104 - - [06/Apr/2025:09:55:30 -0400] "GET /items/1449046.shtml HTTP/1.1" 200 19971 "-" "Mozilla/5.0 (Linux; Android 6.0.1; Nexus 5X Build/MMB29P) AppleWebKit/537.36 (KHTML, like Gecko) Chrome/134.0.6998.165 Mobile Safari/537.36 (compatible; GoogleOther)"
66.249.65.104 - - [06/Apr/2025:09:55:30 -0400] "GET /shopbrand60756040.shtml HTTP/1.1" 200 19837 "-" "Mozilla/5.0 (Linux; Android 6.0.1; Nexus 5X Build/MMB29P) AppleWebKit/537.36 (KHTML, like Gecko) Chrome/134.0.6998.165 Mobile Safari/537.36 (compatible; Googlebot/2.1; +http://www.google.com/bot.html)"
66.249.65.104 - - [06/Apr/2025:09:55:31 -0400] "GET /shopbrand/j/vegetoanimal/61668432.shtml HTTP/1.1" 200 19811 "-" "Mozilla/5.0 (Linux; Android 6.0.1; Nexus 5X Build/MMB29P) AppleWebKit/537.36 (KHTML, like Gecko) Chrome/134.0.6998.165 Mobile Safari/537.36 (compatible; GoogleOther)"
207.46.13.155 - - [06/Apr/2025:09:55:32 -0400] "GET /item/17875666.shtml HTTP/1.1" 200 19788 "-" "Mozilla/5.0 AppleWebKit/537.36 (KHTML, like Gecko; compatible; bingbot/2.0; +http://www.bing.com/bingbot.htm) Chrome/116.0.1938.76 Safari/537.36"
207.46.13.130 - - [06/Apr/2025:09:55:32 -0400] "GET /goodscode/dismarry/51400802.shtml HTTP/1.1" 200 18989 "-" "Mozilla/5.0 AppleWebKit/537.36 (KHTML, like Gecko; compatible; bingbot/2.0; +http://www.bing.com/bingbot.htm) Chrome/116.0.1938.76 Safari/537.36"
66.249.65.104 - - [06/Apr/2025:09:55:37 -0400] "GET /goodscode/orc/bondwoman48217470.shtml HTTP/1.1" 200 20430 "-" "Mozilla/5.0 (Linux; Android 6.0.1; Nexus 5X Build/MMB29P) AppleWebKit/537.36 (KHTML, like Gecko) Chrome/134.0.6998.165 Mobile Safari/537.36 (compatible; Googlebot/2.1; +http://www.google.com/bot.html)"
40.77.167.42 - - [06/Apr/2025:09:55:38 -0400] "GET /items42474290.shtml HTTP/1.1" 200 20008 "-" "Mozilla/5.0 AppleWebKit/537.36 (KHTML, like Gecko; compatible; bingbot/2.0; +http://www.bing.com/bingbot.htm) Chrome/116.0.1938.76 Safari/537.36"
207.46.13.130 - - [06/Apr/2025:09:55:42 -0400] "GET /goodscode/gs/fragility/46861898.shtml HTTP/1.1" 200 20272 "-" "Mozilla/5.0 AppleWebKit/537.36 (KHTML, like Gecko; compatible; bingbot/2.0; +http://www.bing.com/bingbot.htm) Chrome/116.0.1938.76 Safari/537.36"
157.55.39.58 - - [06/Apr/2025:09:55:43 -0400] "GET /special87808502.shtml HTTP/1.1" 200 19177 "-" "Mozilla/5.0 AppleWebKit/537.36 (KHTML, like Gecko; compatible; bingbot/2.0; +http://www.bing.com/bingbot.htm) Chrome/116.0.1938.76 Safari/537.36"
40.77.167.42 - - [06/Apr/2025:09:55:48 -0400] "GET /info50254238.shtml HTTP/1.1" 200 19784 "-" "Mozilla/5.0 AppleWebKit/537.36 (KHTML, like Gecko; compatible; bingbot/2.0; +http://www.bing.com/bingbot.htm) Chrome/116.0.1938.76 Safari/537.36"
18.191.165.252 - - [06/Apr/2025:09:55:53 -0400] "GET /ad917/?path=%2Fhome%2F.%2F..%2F..%2Flib64%2Flibvgauth.so.0 HTTP/1.1" 200 948 "-" "Mozilla/5.0 AppleWebKit/537.36 (KHTML, like Gecko; compatible; ClaudeBot/1.0; +claudebot@anthropic.com)"
207.46.13.130 - - [06/Apr/2025:09:55:53 -0400] "GET /shopping/freighting/28826510.shtml HTTP/1.1" 200 20544 "-" "Mozilla/5.0 AppleWebKit/537.36 (KHTML, like Gecko; compatible; bingbot/2.0; +http://www.bing.com/bingbot.htm) Chrome/116.0.1938.76 Safari/537.36"
157.55.39.58 - - [06/Apr/2025:09:55:53 -0400] "GET /items/aa/tuatera66626846.shtml HTTP/1.1" 200 19760 "-" "Mozilla/5.0 AppleWebKit/537.36 (KHTML, like Gecko; compatible; bingbot/2.0; +http://www.bing.com/bingbot.htm) Chrome/116.0.1938.76 Safari/537.36"
18.191.165.252 - - [06/Apr/2025:09:55:56 -0400] "GET /ad917/?path=%2Fhome%2F.%2F..%2F..%2Flib64%2Flibmenu.so.6.1 HTTP/1.1" 200 946 "-" "Mozilla/5.0 AppleWebKit/537.36 (KHTML, like Gecko; compatible; ClaudeBot/1.0; +claudebot@anthropic.com)"
66.249.65.104 - - [06/Apr/2025:09:55:56 -0400] "GET /products/po/misspell/60362732.shtml HTTP/1.1" 200 19580 "-" "Mozilla/5.0 (Linux; Android 6.0.1; Nexus 5X Build/MMB29P) AppleWebKit/537.36 (KHTML, like Gecko) Chrome/134.0.6998.165 Mobile Safari/537.36 (compatible; GoogleOther)"
66.249.65.104 - - [06/Apr/2025:09:55:57 -0400] "GET /goodscode/congolese/87696000.shtml HTTP/1.1" 200 20002 "-" "Mozilla/5.0 (Linux; Android 6.0.1; Nexus 5X Build/MMB29P) AppleWebKit/537.36 (KHTML, like Gecko) Chrome/134.0.6998.165 Mobile Safari/537.36 (compatible; GoogleOther)"
52.167.144.196 - - [06/Apr/2025:09:55:57 -0400] "GET /item51905276.shtml HTTP/1.1" 200 19514 "-" "Mozilla/5.0 AppleWebKit/537.36 (KHTML, like Gecko; compatible; bingbot/2.0; +http://www.bing.com/bingbot.htm) Chrome/116.0.1938.76 Safari/537.36"
18.191.165.252 - - [06/Apr/2025:09:55:59 -0400] "GET /ad917/?path=%2Fhome%2F.%2F..%2F..%2Flib64%2Flibmariadbd.so HTTP/1.1" 200 947 "-" "Mozilla/5.0 AppleWebKit/537.36 (KHTML, like Gecko; compatible; ClaudeBot/1.0; +claudebot@anthropic.com)"
40.77.167.42 - - [06/Apr/2025:09:55:58 -0400] "GET /products/greet27010158.shtml HTTP/1.1" 200 20114 "-" "Mozilla/5.0 AppleWebKit/537.36 (KHTML, like Gecko; compatible; bingbot/2.0; +http://www.bing.com/bingbot.htm) Chrome/116.0.1938.76 Safari/537.36"
18.191.165.252 - - [06/Apr/2025:09:56:02 -0400] "GET /ad917/?path=%2Fhome%2F.%2F..%2F..%2Flib64%2Flibdvdnav.so.4 HTTP/1.1" 200 946 "-" "Mozilla/5.0 AppleWebKit/537.36 (KHTML, like Gecko; compatible; ClaudeBot/1.0; +claudebot@anthropic.com)"
18.191.165.252 - - [06/Apr/2025:09:56:05 -0400] "GET /ad917/?path=%2Fhome%2F.%2F..%2F..%2Flib64%2Flibpcre2-16.so HTTP/1.1" 200 948 "-" "Mozilla/5.0 AppleWebKit/537.36 (KHTML, like Gecko; compatible; ClaudeBot/1.0; +claudebot@anthropic.com)"
157.55.39.58 - - [06/Apr/2025:09:56:04 -0400] "GET /item/8534060.shtml HTTP/1.1" 200 20280 "-" "Mozilla/5.0 AppleWebKit/537.36 (KHTML, like Gecko; compatible; bingbot/2.0; +http://www.bing.com/bingbot.htm) Chrome/116.0.1938.76 Safari/537.36"
52.167.144.196 - - [06/Apr/2025:09:56:04 -0400] "GET /products28800790.shtml HTTP/1.1" 200 20100 "-" "Mozilla/5.0 AppleWebKit/537.36 (KHTML, like Gecko; compatible; bingbot/2.0; +http://www.bing.com/bingbot.htm) Chrome/116.0.1938.76 Safari/537.36"
18.191.165.252 - - [06/Apr/2025:09:56:08 -0400] "GET /ad917/?path=%2Fhome%2F.%2F..%2F..%2Flib64%2Flibparted.so.2 HTTP/1.1" 200 946 "-" "Mozilla/5.0 AppleWebKit/537.36 (KHTML, like Gecko; compatible; ClaudeBot/1.0; +claudebot@anthropic.com)"
18.191.165.252 - - [06/Apr/2025:09:56:11 -0400] "GET /ad917/?path=%2Fhome%2F.%2F..%2F..%2Flib64%2FlibXi.so.6.1.0 HTTP/1.1" 200 948 "-" "Mozilla/5.0 AppleWebKit/537.36 (KHTML, like Gecko; compatible; ClaudeBot/1.0; +claudebot@anthropic.com)"
18.191.165.252 - - [06/Apr/2025:09:56:14 -0400] "GET /ad917/?path=%2Fhome%2F.%2F..%2F..%2Flib64%2Flibtheora.so.0 HTTP/1.1" 200 947 "-" "Mozilla/5.0 AppleWebKit/537.36 (KHTML, like Gecko; compatible; ClaudeBot/1.0; +claudebot@anthropic.com)"
40.77.167.42 - - [06/Apr/2025:09:56:16 -0400] "GET /special/clementine/64277934.shtml HTTP/1.1" 200 19741 "-" "Mozilla/5.0 AppleWebKit/537.36 (KHTML, like Gecko; compatible; bingbot/2.0; +http://www.bing.com/bingbot.htm) Chrome/116.0.1938.76 Safari/537.36"
18.191.165.252 - - [06/Apr/2025:09:56:17 -0400] "GET /ad917/?path=%2Fhome%2F.%2F..%2F..%2Flib64%2Flibargon2.so.1 HTTP/1.1" 200 948 "-" "Mozilla/5.0 AppleWebKit/537.36 (KHTML, like Gecko; compatible; ClaudeBot/1.0; +claudebot@anthropic.com)"
40.77.167.42 - - [06/Apr/2025:09:56:18 -0400] "GET /entity/eolic36078248.shtml HTTP/1.1" 200 19259 "-" "Mozilla/5.0 AppleWebKit/537.36 (KHTML, like Gecko; compatible; bingbot/2.0; +http://www.bing.com/bingbot.htm) Chrome/116.0.1938.76 Safari/537.36"
18.191.165.252 - - [06/Apr/2025:09:56:20 -0400] "GET /ad917/?path=%2Fhome%2F.%2F..%2F..%2Flib64%2FlibsapdbS.so.2 HTTP/1.1" 200 947 "-" "Mozilla/5.0 AppleWebKit/537.36 (KHTML, like Gecko; compatible; ClaudeBot/1.0; +claudebot@anthropic.com)"
18.191.165.252 - - [06/Apr/2025:09:56:23 -0400] "GET /ad917/?path=%2Fhome%2F.%2F..%2F..%2Flib64%2FlibGLESv2.so.2 HTTP/1.1" 200 950 "-" "Mozilla/5.0 AppleWebKit/537.36 (KHTML, like Gecko; compatible; ClaudeBot/1.0; +claudebot@anthropic.com)"
207.46.13.155 - - [06/Apr/2025:09:56:23 -0400] "GET /product11561944.shtml HTTP/1.1" 200 19282 "-" "Mozilla/5.0 AppleWebKit/537.36 (KHTML, like Gecko; compatible; bingbot/2.0; +http://www.bing.com/bingbot.htm) Chrome/116.0.1938.76 Safari/537.36"
18.191.165.252 - - [06/Apr/2025:09:56:26 -0400] "GET /ad917/?path=%2Fhome%2F.%2F..%2F..%2Flib64%2Flibvorbis.so.0 HTTP/1.1" 200 947 "-" "Mozilla/5.0 AppleWebKit/537.36 (KHTML, like Gecko; compatible; ClaudeBot/1.0; +claudebot@anthropic.com)"
157.55.39.58 - - [06/Apr/2025:09:56:28 -0400] "GET /products/lamellae113920526.shtml HTTP/1.1" 200 19445 "-" "Mozilla/5.0 AppleWebKit/537.36 (KHTML, like Gecko; compatible; bingbot/2.0; +http://www.bing.com/bingbot.htm) Chrome/116.0.1938.76 Safari/537.36"
18.191.165.252 - - [06/Apr/2025:09:56:29 -0400] "GET /ad917/?path=%2Fhome%2F.%2F..%2F..%2Flib64%2Flibstdc++.so.6 HTTP/1.1" 200 1203 "-" "Mozilla/5.0 AppleWebKit/537.36 (KHTML, like Gecko; compatible; ClaudeBot/1.0; +claudebot@anthropic.com)"
66.249.65.96 - - [06/Apr/2025:09:56:29 -0400] "GET /goodscode/y/attributively30860534.shtml HTTP/1.1" 200 19632 "-" "Mozilla/5.0 (Linux; Android 6.0.1; Nexus 5X Build/MMB29P) AppleWebKit/537.36 (KHTML, like Gecko) Chrome/134.0.6998.165 Mobile Safari/537.36 (compatible; GoogleOther)"
66.249.65.96 - - [06/Apr/2025:09:56:30 -0400] "GET /shopdetail/118927532.shtml HTTP/1.1" 200 19884 "-" "Mozilla/5.0 (Linux; Android 6.0.1; Nexus 5X Build/MMB29P) AppleWebKit/537.36 (KHTML, like Gecko) Chrome/134.0.6998.165 Mobile Safari/537.36 (compatible; GoogleOther)"
18.191.165.252 - - [06/Apr/2025:09:56:32 -0400] "GET /ad917/?path=%2Fhome%2F.%2F..%2F..%2Flib64%2Flibev.so.4.0.0 HTTP/1.1" 200 947 "-" "Mozilla/5.0 AppleWebKit/537.36 (KHTML, like Gecko; compatible; ClaudeBot/1.0; +claudebot@anthropic.com)"
18.191.165.252 - - [06/Apr/2025:09:56:35 -0400] "GET /ad917/?path=%2Fhome%2F.%2F..%2F..%2Flib64%2Fgdk-pixbuf-2.0 HTTP/1.1" 200 1451 "-" "Mozilla/5.0 AppleWebKit/537.36 (KHTML, like Gecko; compatible; ClaudeBot/1.0; +claudebot@anthropic.com)"
157.55.39.58 - - [06/Apr/2025:09:56:35 -0400] "GET /entity78576960.shtml HTTP/1.1" 200 18937 "-" "Mozilla/5.0 AppleWebKit/537.36 (KHTML, like Gecko; compatible; bingbot/2.0; +http://www.bing.com/bingbot.htm) Chrome/116.0.1938.76 Safari/537.36"
18.191.165.252 - - [06/Apr/2025:09:56:38 -0400] "GET /ad917/?path=%2Fhome%2F.%2F..%2F..%2Flib64%2Flibjq.so.1.0.4 HTTP/1.1" 200 947 "-" "Mozilla/5.0 AppleWebKit/537.36 (KHTML, like Gecko; compatible; ClaudeBot/1.0; +claudebot@anthropic.com)"
18.191.165.252 - - [06/Apr/2025:09:56:41 -0400] "GET /ad917/?path=%2Fhome%2F.%2F..%2F..%2Flib64%2Flibkeyutils.so HTTP/1.1" 200 947 "-" "Mozilla/5.0 AppleWebKit/537.36 (KHTML, like Gecko; compatible; ClaudeBot/1.0; +claudebot@anthropic.com)"
157.55.39.59 - - [06/Apr/2025:09:56:43 -0400] "GET /goodscode/52412618.shtml HTTP/1.1" 200 19983 "-" "Mozilla/5.0 AppleWebKit/537.36 (KHTML, like Gecko; compatible; bingbot/2.0; +http://www.bing.com/bingbot.htm) Chrome/116.0.1938.76 Safari/537.36"
18.191.165.252 - - [06/Apr/2025:09:56:44 -0400] "GET /ad917/?path=%2Fhome%2F.%2F..%2F..%2Flib64%2Flibfreebl3.chk HTTP/1.1" 200 947 "-" "Mozilla/5.0 AppleWebKit/537.36 (KHTML, like Gecko; compatible; ClaudeBot/1.0; +claudebot@anthropic.com)"
157.55.39.58 - - [06/Apr/2025:09:56:44 -0400] "GET /item/outtaken53840682.shtml HTTP/1.1" 200 19933 "-" "Mozilla/5.0 AppleWebKit/537.36 (KHTML, like Gecko; compatible; bingbot/2.0; +http://www.bing.com/bingbot.htm) Chrome/116.0.1938.76 Safari/537.36"
66.249.65.105 - - [06/Apr/2025:09:56:45 -0400] "GET /product/67804060.shtml HTTP/1.1" 200 19604 "-" "Mozilla/5.0 (Linux; Android 6.0.1; Nexus 5X Build/MMB29P) AppleWebKit/537.36 (KHTML, like Gecko) Chrome/134.0.6998.165 Mobile Safari/537.36 (compatible; GoogleOther)"
18.191.165.252 - - [06/Apr/2025:09:56:47 -0400] "GET /ad917/?path=%2Fhome%2F.%2F..%2F..%2Flib64%2Flibrsvg-2.so.2 HTTP/1.1" 200 947 "-" "Mozilla/5.0 AppleWebKit/537.36 (KHTML, like Gecko; compatible; ClaudeBot/1.0; +claudebot@anthropic.com)"
18.191.165.252 - - [06/Apr/2025:09:56:50 -0400] "GET /ad917/?path=%2Fhome%2F.%2F..%2F..%2Flib64%2Flibruby.so.2.5 HTTP/1.1" 200 948 "-" "Mozilla/5.0 AppleWebKit/537.36 (KHTML, like Gecko; compatible; ClaudeBot/1.0; +claudebot@anthropic.com)"
18.191.165.252 - - [06/Apr/2025:09:56:53 -0400] "GET /ad917/?path=%2Fhome%2F.%2F..%2F..%2Flib64%2Flibasound.so.2 HTTP/1.1" 200 947 "-" "Mozilla/5.0 AppleWebKit/537.36 (KHTML, like Gecko; compatible; ClaudeBot/1.0; +claudebot@anthropic.com)"
18.191.165.252 - - [06/Apr/2025:09:56:56 -0400] "GET /ad917/?path=%2Fhome%2F.%2F..%2F..%2Flib64%2Flibcap.so.2.48 HTTP/1.1" 200 948 "-" "Mozilla/5.0 AppleWebKit/537.36 (KHTML, like Gecko; compatible; ClaudeBot/1.0; +claudebot@anthropic.com)"
18.191.165.252 - - [06/Apr/2025:09:56:59 -0400] "GET /ad917/?path=%2Fhome%2F.%2F..%2F..%2Flib64%2Flibpcre32.so.0 HTTP/1.1" 200 946 "-" "Mozilla/5.0 AppleWebKit/537.36 (KHTML, like Gecko; compatible; ClaudeBot/1.0; +claudebot@anthropic.com)"
18.191.165.252 - - [06/Apr/2025:09:57:02 -0400] "GET /ad917/?path=%2Fhome%2F.%2F..%2F..%2Flib64%2Flibaugeas.so.0 HTTP/1.1" 200 947 "-" "Mozilla/5.0 AppleWebKit/537.36 (KHTML, like Gecko; compatible; ClaudeBot/1.0; +claudebot@anthropic.com)"
18.191.165.252 - - [06/Apr/2025:09:57:05 -0400] "GET /ad917/?path=%2Fhome%2F.%2F..%2F..%2Flib64%2Flibnssutil3.so HTTP/1.1" 200 947 "-" "Mozilla/5.0 AppleWebKit/537.36 (KHTML, like Gecko; compatible; ClaudeBot/1.0; +claudebot@anthropic.com)"
18.191.165.252 - - [06/Apr/2025:09:57:08 -0400] "GET /ad917/?path=%2Fhome%2F.%2F..%2Fusr%2Flib64%2Flibpaper.so.1 HTTP/1.1" 200 949 "-" "Mozilla/5.0 AppleWebKit/537.36 (KHTML, like Gecko; compatible; ClaudeBot/1.0; +claudebot@anthropic.com)"
66.249.65.104 - - [06/Apr/2025:09:57:10 -0400] "POST /get-message-notify HTTP/1.1" 200 20313 "https://servethepeopleinc.org/detail107888860.shtml" "Mozilla/5.0 (Linux; Android 6.0.1; Nexus 5X Build/MMB29P) AppleWebKit/537.36 (KHTML, like Gecko) Chrome/134.0.6998.165 Mobile Safari/537.36 (compatible; Googlebot/2.1; +http://www.google.com/bot.html)"
18.191.165.252 - - [06/Apr/2025:09:57:11 -0400] "GET /ad917/?path=%2Fhome%2F.%2F..%2Fusr%2Flib64%2Flibavif.so.14 HTTP/1.1" 200 950 "-" "Mozilla/5.0 AppleWebKit/537.36 (KHTML, like Gecko; compatible; ClaudeBot/1.0; +claudebot@anthropic.com)"
18.191.165.252 - - [06/Apr/2025:09:57:14 -0400] "GET /ad917/?path=%2Fhome%2F.%2F..%2Fusr%2Flib64%2Flibpanel.so.5 HTTP/1.1" 200 950 "-" "Mozilla/5.0 AppleWebKit/537.36 (KHTML, like Gecko; compatible; ClaudeBot/1.0; +claudebot@anthropic.com)"
18.191.165.252 - - [06/Apr/2025:09:57:17 -0400] "GET /ad917/?path=%2Fhome%2F.%2F..%2Fusr%2Flib64%2Flibblkid.so.1 HTTP/1.1" 200 950 "-" "Mozilla/5.0 AppleWebKit/537.36 (KHTML, like Gecko; compatible; ClaudeBot/1.0; +claudebot@anthropic.com)"
18.191.165.252 - - [06/Apr/2025:09:57:20 -0400] "GET /ad917/?path=%2Fhome%2F.%2F.%2Fservlmvm%2Fwww%2Fwp-cron.php HTTP/1.1" 200 3078 "-" "Mozilla/5.0 AppleWebKit/537.36 (KHTML, like Gecko; compatible; ClaudeBot/1.0; +claudebot@anthropic.com)"
66.249.65.104 - - [06/Apr/2025:09:57:21 -0400] "GET /shopdetail/l/controverted/62754044.shtml HTTP/1.1" 200 19592 "-" "Mozilla/5.0 (Linux; Android 6.0.1; Nexus 5X Build/MMB29P) AppleWebKit/537.36 (KHTML, like Gecko) Chrome/134.0.6998.165 Mobile Safari/537.36 (compatible; GoogleOther)"
18.191.165.252 - - [06/Apr/2025:09:57:23 -0400] "GET /ad917/?path=%2Fhome%2F.%2F..%2Fusr%2Flib64%2Flibmount.so.1 HTTP/1.1" 200 949 "-" "Mozilla/5.0 AppleWebKit/537.36 (KHTML, like Gecko; compatible; ClaudeBot/1.0; +claudebot@anthropic.com)"
52.167.144.196 - - [06/Apr/2025:09:57:23 -0400] "GET /items/bacterium/61762054.shtml HTTP/1.1" 200 19958 "-" "Mozilla/5.0 AppleWebKit/537.36 (KHTML, like Gecko; compatible; bingbot/2.0; +http://www.bing.com/bingbot.htm) Chrome/116.0.1938.76 Safari/537.36"
18.191.165.252 - - [06/Apr/2025:09:57:26 -0400] "GET /ad917/?path=%2Fhome%2F.%2F..%2Fusr%2Flib64%2Flibnssckbi.so HTTP/1.1" 200 950 "-" "Mozilla/5.0 AppleWebKit/537.36 (KHTML, like Gecko; compatible; ClaudeBot/1.0; +claudebot@anthropic.com)"
18.191.165.252 - - [06/Apr/2025:09:57:29 -0400] "GET /ad917/?path=%2Fhome%2F.%2F..%2Fusr%2Flib64%2Flibip4tc.so.2 HTTP/1.1" 200 952 "-" "Mozilla/5.0 AppleWebKit/537.36 (KHTML, like Gecko; compatible; ClaudeBot/1.0; +claudebot@anthropic.com)"
18.191.165.252 - - [06/Apr/2025:09:57:32 -0400] "GET /ad917/?path=%2Fhome%2F.%2F..%2Fusr%2Flib64%2Flibtirpc.so.3 HTTP/1.1" 200 950 "-" "Mozilla/5.0 AppleWebKit/537.36 (KHTML, like Gecko; compatible; ClaudeBot/1.0; +claudebot@anthropic.com)"
18.191.165.252 - - [06/Apr/2025:09:57:35 -0400] "GET /ad917/?path=%2Fhome%2F.%2F..%2Fusr%2Flib64%2Flibe2p.so.2.3 HTTP/1.1" 200 951 "-" "Mozilla/5.0 AppleWebKit/537.36 (KHTML, like Gecko; compatible; ClaudeBot/1.0; +claudebot@anthropic.com)"
18.191.165.252 - - [06/Apr/2025:09:57:38 -0400] "GET /ad917/?path=%2Fhome%2F.%2F..%2Fusr%2Flib64%2Flibauparse.so HTTP/1.1" 200 951 "-" "Mozilla/5.0 AppleWebKit/537.36 (KHTML, like Gecko; compatible; ClaudeBot/1.0; +claudebot@anthropic.com)"
18.191.165.252 - - [06/Apr/2025:09:57:41 -0400] "GET /ad917/?path=%2Fhome%2F.%2F..%2Fusr%2Flib64%2Flibapr-1.so.0 HTTP/1.1" 200 950 "-" "Mozilla/5.0 AppleWebKit/537.36 (KHTML, like Gecko; compatible; ClaudeBot/1.0; +claudebot@anthropic.com)"
157.55.39.58 - - [06/Apr/2025:09:57:41 -0400] "GET /entity118572532.shtml HTTP/1.1" 200 20287 "-" "Mozilla/5.0 AppleWebKit/537.36 (KHTML, like Gecko; compatible; bingbot/2.0; +http://www.bing.com/bingbot.htm) Chrome/116.0.1938.76 Safari/537.36"
18.191.165.252 - - [06/Apr/2025:09:57:44 -0400] "GET /ad917/?path=%2Fhome%2F.%2F..%2Fusr%2Flib64%2Flibfreebl3.so HTTP/1.1" 200 951 "-" "Mozilla/5.0 AppleWebKit/537.36 (KHTML, like Gecko; compatible; ClaudeBot/1.0; +claudebot@anthropic.com)"
18.191.165.252 - - [06/Apr/2025:09:57:47 -0400] "GET /ad917/?path=%2Fhome%2F.%2F..%2Fusr%2Flib64%2Flibdl-2.28.so HTTP/1.1" 200 951 "-" "Mozilla/5.0 AppleWebKit/537.36 (KHTML, like Gecko; compatible; ClaudeBot/1.0; +claudebot@anthropic.com)"
157.55.39.58 - - [06/Apr/2025:09:57:49 -0400] "GET /detail95021534.shtml HTTP/1.1" 200 19991 "-" "Mozilla/5.0 AppleWebKit/537.36 (KHTML, like Gecko; compatible; bingbot/2.0; +http://www.bing.com/bingbot.htm) Chrome/116.0.1938.76 Safari/537.36"
207.46.13.155 - - [06/Apr/2025:09:58:07 -0400] "GET /product/10290520.shtml HTTP/1.1" 200 19932 "-" "Mozilla/5.0 AppleWebKit/537.36 (KHTML, like Gecko; compatible; bingbot/2.0; +http://www.bing.com/bingbot.htm) Chrome/116.0.1938.76 Safari/537.36"
66.249.65.104 - - [06/Apr/2025:09:58:07 -0400] "GET /items/fou/aeneous/49301428.shtml HTTP/1.1" 200 19855 "-" "Mozilla/5.0 (Linux; Android 6.0.1; Nexus 5X Build/MMB29P) AppleWebKit/537.36 (KHTML, like Gecko) Chrome/134.0.6998.165 Mobile Safari/537.36 (compatible; GoogleOther)"
207.46.13.155 - - [06/Apr/2025:09:58:07 -0400] "GET /shopbrand/janus50520014.shtml HTTP/1.1" 200 19896 "-" "Mozilla/5.0 AppleWebKit/537.36 (KHTML, like Gecko; compatible; bingbot/2.0; +http://www.bing.com/bingbot.htm) Chrome/116.0.1938.76 Safari/537.36"
52.167.144.196 - - [06/Apr/2025:09:58:11 -0400] "GET /item/fimble/52606360.shtml HTTP/1.1" 200 20321 "-" "Mozilla/5.0 AppleWebKit/537.36 (KHTML, like Gecko; compatible; bingbot/2.0; +http://www.bing.com/bingbot.htm) Chrome/116.0.1938.76 Safari/537.36"
207.46.13.130 - - [06/Apr/2025:09:58:13 -0400] "GET /info/ojq/noyls75691034.shtml HTTP/1.1" 200 20203 "-" "Mozilla/5.0 AppleWebKit/537.36 (KHTML, like Gecko; compatible; bingbot/2.0; +http://www.bing.com/bingbot.htm) Chrome/116.0.1938.76 Safari/537.36"
207.46.13.130 - - [06/Apr/2025:09:58:13 -0400] "GET /shopbrand/52020506.shtml HTTP/1.1" 200 20251 "-" "Mozilla/5.0 AppleWebKit/537.36 (KHTML, like Gecko; compatible; bingbot/2.0; +http://www.bing.com/bingbot.htm) Chrome/116.0.1938.76 Safari/537.36"
40.77.167.42 - - [06/Apr/2025:09:58:14 -0400] "GET /special35175080.shtml HTTP/1.1" 200 20410 "-" "Mozilla/5.0 AppleWebKit/537.36 (KHTML, like Gecko; compatible; bingbot/2.0; +http://www.bing.com/bingbot.htm) Chrome/116.0.1938.76 Safari/537.36"
157.55.39.58 - - [06/Apr/2025:09:58:19 -0400] "GET /special/98159654.shtml HTTP/1.1" 200 19973 "-" "Mozilla/5.0 AppleWebKit/537.36 (KHTML, like Gecko; compatible; bingbot/2.0; +http://www.bing.com/bingbot.htm) Chrome/116.0.1938.76 Safari/537.36"
18.217.168.117 - - [06/Apr/2025:09:58:34 -0400] "GET /ad917/?path=%2Fhome%2F.%2F..%2Fusr%2Flib64%2Flibncursesw.so HTTP/1.1" 200 970 "-" "Mozilla/5.0 AppleWebKit/537.36 (KHTML, like Gecko; compatible; ClaudeBot/1.0; +claudebot@anthropic.com)"
18.217.168.117 - - [06/Apr/2025:09:58:35 -0400] "GET /ad917/?path=%2Fhome%2F.%2F..%2Fusr%2Flib64%2Flibjq.so.1.0.4 HTTP/1.1" 200 950 "-" "Mozilla/5.0 AppleWebKit/537.36 (KHTML, like Gecko; compatible; ClaudeBot/1.0; +claudebot@anthropic.com)"
18.217.168.117 - - [06/Apr/2025:09:58:38 -0400] "GET /ad917/?path=%2Fhome%2F.%2F..%2Fusr%2Flib64%2Flibruby.so.2.5 HTTP/1.1" 200 951 "-" "Mozilla/5.0 AppleWebKit/537.36 (KHTML, like Gecko; compatible; ClaudeBot/1.0; +claudebot@anthropic.com)"
18.217.168.117 - - [06/Apr/2025:09:58:41 -0400] "GET /ad917/?path=%2Fhome%2F.%2F..%2Fusr%2Flib64%2Flibdatrie.so.1 HTTP/1.1" 200 950 "-" "Mozilla/5.0 AppleWebKit/537.36 (KHTML, like Gecko; compatible; ClaudeBot/1.0; +claudebot@anthropic.com)"
18.217.168.117 - - [06/Apr/2025:09:58:45 -0400] "GET /ad917/?path=%2Fhome%2F.%2F..%2Fusr%2Flib64%2Flibpcre32.so.0 HTTP/1.1" 200 951 "-" "Mozilla/5.0 AppleWebKit/537.36 (KHTML, like Gecko; compatible; ClaudeBot/1.0; +claudebot@anthropic.com)"
18.217.168.117 - - [06/Apr/2025:09:58:47 -0400] "GET /ad917/?path=%2Fhome%2F.%2F..%2Fusr%2Flib64%2Flibkrb5.so.3.3 HTTP/1.1" 200 951 "-" "Mozilla/5.0 AppleWebKit/537.36 (KHTML, like Gecko; compatible; ClaudeBot/1.0; +claudebot@anthropic.com)"
66.249.65.104 - - [06/Apr/2025:09:58:47 -0400] "GET /shopdetail/t/exponent/79160524.shtml HTTP/1.1" 200 20088 "-" "Mozilla/5.0 (Linux; Android 6.0.1; Nexus 5X Build/MMB29P) AppleWebKit/537.36 (KHTML, like Gecko) Chrome/134.0.6998.165 Mobile Safari/537.36 (compatible; GoogleOther)"
18.217.168.117 - - [06/Apr/2025:09:58:50 -0400] "GET /ad917/?path=%2Fhome%2F.%2F..%2Fusr%2Flib64%2Flibtheora.so.0 HTTP/1.1" 200 950 "-" "Mozilla/5.0 AppleWebKit/537.36 (KHTML, like Gecko; compatible; ClaudeBot/1.0; +claudebot@anthropic.com)"
18.217.168.117 - - [06/Apr/2025:09:58:53 -0400] "GET /ad917/?path=%2Fhome%2F.%2F..%2Fusr%2Flib64%2FlibGLESv2.so.2 HTTP/1.1" 200 954 "-" "Mozilla/5.0 AppleWebKit/537.36 (KHTML, like Gecko; compatible; ClaudeBot/1.0; +claudebot@anthropic.com)"
207.46.13.130 - - [06/Apr/2025:09:58:55 -0400] "GET /item/polluter39821860.shtml HTTP/1.1" 200 19504 "-" "Mozilla/5.0 AppleWebKit/537.36 (KHTML, like Gecko; compatible; bingbot/2.0; +http://www.bing.com/bingbot.htm) Chrome/116.0.1938.76 Safari/537.36"
18.217.168.117 - - [06/Apr/2025:09:58:57 -0400] "GET /ad917/?path=%2Fhome%2F.%2F.%2Fservlmvm%2Fwww%2F.htaccess.bk HTTP/1.1" 403 1242 "-" "Mozilla/5.0 AppleWebKit/537.36 (KHTML, like Gecko; compatible; ClaudeBot/1.0; +claudebot@anthropic.com)"
40.77.167.42 - - [06/Apr/2025:09:58:57 -0400] "GET /products32218636.shtml HTTP/1.1" 200 19561 "-" "Mozilla/5.0 AppleWebKit/537.36 (KHTML, like Gecko; compatible; bingbot/2.0; +http://www.bing.com/bingbot.htm) Chrome/116.0.1938.76 Safari/537.36"
40.77.167.42 - - [06/Apr/2025:09:58:58 -0400] "GET /product/89150606.shtml HTTP/1.1" 200 20123 "-" "Mozilla/5.0 AppleWebKit/537.36 (KHTML, like Gecko; compatible; bingbot/2.0; +http://www.bing.com/bingbot.htm) Chrome/116.0.1938.76 Safari/537.36"
18.217.168.117 - - [06/Apr/2025:09:58:59 -0400] "GET /ad917/?path=%2Fhome%2F.%2F..%2Fusr%2Flib64%2Flibsnappy.so.1 HTTP/1.1" 200 950 "-" "Mozilla/5.0 AppleWebKit/537.36 (KHTML, like Gecko; compatible; ClaudeBot/1.0; +claudebot@anthropic.com)"
157.55.39.14 - - [06/Apr/2025:09:58:59 -0400] "GET /special/18961550.shtml HTTP/1.1" 200 20322 "-" "Mozilla/5.0 AppleWebKit/537.36 (KHTML, like Gecko; compatible; bingbot/2.0; +http://www.bing.com/bingbot.htm) Chrome/116.0.1938.76 Safari/537.36"
18.217.168.117 - - [06/Apr/2025:09:59:02 -0400] "GET /ad917/?path=%2Fhome%2F.%2F..%2Fusr%2Flib64%2Flibdaemon.so.0 HTTP/1.1" 200 951 "-" "Mozilla/5.0 AppleWebKit/537.36 (KHTML, like Gecko; compatible; ClaudeBot/1.0; +claudebot@anthropic.com)"
66.249.65.104 - - [06/Apr/2025:09:59:04 -0400] "GET /entity/57667658.shtml HTTP/1.1" 200 19879 "-" "Mozilla/5.0 (Linux; Android 6.0.1; Nexus 5X Build/MMB29P) AppleWebKit/537.36 (KHTML, like Gecko) Chrome/134.0.6998.165 Mobile Safari/537.36 (compatible; GoogleOther)"
18.217.168.117 - - [06/Apr/2025:09:59:05 -0400] "GET /ad917/?path=%2Fhome%2F.%2F..%2Fusr%2Flib64%2Flibgpgme.so.11 HTTP/1.1" 200 951 "-" "Mozilla/5.0 AppleWebKit/537.36 (KHTML, like Gecko; compatible; ClaudeBot/1.0; +claudebot@anthropic.com)"
18.217.168.117 - - [06/Apr/2025:09:59:08 -0400] "GET /ad917/?path=%2Fhome%2F.%2F..%2Fusr%2Flib64%2FlibGL.so.1.7.0 HTTP/1.1" 200 952 "-" "Mozilla/5.0 AppleWebKit/537.36 (KHTML, like Gecko; compatible; ClaudeBot/1.0; +claudebot@anthropic.com)"
40.77.167.42 - - [06/Apr/2025:09:59:08 -0400] "GET /item/g/differences84549002.shtml HTTP/1.1" 200 20160 "-" "Mozilla/5.0 AppleWebKit/537.36 (KHTML, like Gecko; compatible; bingbot/2.0; +http://www.bing.com/bingbot.htm) Chrome/116.0.1938.76 Safari/537.36"
18.217.168.117 - - [06/Apr/2025:09:59:11 -0400] "GET /ad917/?path=%2Fhome%2F.%2F..%2Fusr%2Flib64%2Flibcap-ng.so.0 HTTP/1.1" 200 951 "-" "Mozilla/5.0 AppleWebKit/537.36 (KHTML, like Gecko; compatible; ClaudeBot/1.0; +claudebot@anthropic.com)"
18.217.168.117 - - [06/Apr/2025:09:59:14 -0400] "GET /ad917/?path=%2Fhome%2F.%2F..%2Fusr%2Flib64%2FlibSM.so.6.0.1 HTTP/1.1" 200 952 "-" "Mozilla/5.0 AppleWebKit/537.36 (KHTML, like Gecko; compatible; ClaudeBot/1.0; +claudebot@anthropic.com)"
157.55.39.58 - - [06/Apr/2025:09:59:14 -0400] "GET /products/widual/90923322.shtml HTTP/1.1" 200 19557 "-" "Mozilla/5.0 AppleWebKit/537.36 (KHTML, like Gecko; compatible; bingbot/2.0; +http://www.bing.com/bingbot.htm) Chrome/116.0.1938.76 Safari/537.36"
66.249.65.104 - - [06/Apr/2025:09:59:16 -0400] "GET /items/hq/impetigo48803576.shtml HTTP/1.1" 200 19882 "-" "Mozilla/5.0 (Linux; Android 6.0.1; Nexus 5X Build/MMB29P) AppleWebKit/537.36 (KHTML, like Gecko) Chrome/134.0.6998.165 Mobile Safari/537.36 (compatible; GoogleOther)"
157.55.39.14 - - [06/Apr/2025:09:59:16 -0400] "GET /product/prosimetrical/62109914.shtml HTTP/1.1" 200 20035 "-" "Mozilla/5.0 AppleWebKit/537.36 (KHTML, like Gecko; compatible; bingbot/2.0; +http://www.bing.com/bingbot.htm) Chrome/116.0.1938.76 Safari/537.36"
18.217.168.117 - - [06/Apr/2025:09:59:18 -0400] "GET /ad917/?path=%2Fhome%2F.%2F..%2Fusr%2Flib64%2Flibform.so.6.1 HTTP/1.1" 200 951 "-" "Mozilla/5.0 AppleWebKit/537.36 (KHTML, like Gecko; compatible; ClaudeBot/1.0; +claudebot@anthropic.com)"
40.77.167.42 - - [06/Apr/2025:09:59:19 -0400] "GET /entity72943898.shtml HTTP/1.1" 200 19655 "-" "Mozilla/5.0 AppleWebKit/537.36 (KHTML, like Gecko; compatible; bingbot/2.0; +http://www.bing.com/bingbot.htm) Chrome/116.0.1938.76 Safari/537.36"
18.217.168.117 - - [06/Apr/2025:09:59:20 -0400] "GET /ad917/?path=%2Fhome%2F.%2F..%2Fusr%2Flib64%2Flibpcre2-32.so HTTP/1.1" 200 951 "-" "Mozilla/5.0 AppleWebKit/537.36 (KHTML, like Gecko; compatible; ClaudeBot/1.0; +claudebot@anthropic.com)"
157.55.39.14 - - [06/Apr/2025:09:59:23 -0400] "GET /special/waned/39862094.shtml HTTP/1.1" 200 20140 "-" "Mozilla/5.0 AppleWebKit/537.36 (KHTML, like Gecko; compatible; bingbot/2.0; +http://www.bing.com/bingbot.htm) Chrome/116.0.1938.76 Safari/537.36"
18.217.168.117 - - [06/Apr/2025:09:59:23 -0400] "GET /ad917/?path=%2Fhome%2F.%2F..%2Fusr%2Flib64%2Flibtalloc.so.2 HTTP/1.1" 200 951 "-" "Mozilla/5.0 AppleWebKit/537.36 (KHTML, like Gecko; compatible; ClaudeBot/1.0; +claudebot@anthropic.com)"
66.249.65.104 - - [06/Apr/2025:09:59:26 -0400] "GET /goodscode/f/nonoic/7079184.shtml HTTP/1.1" 200 19356 "-" "Mozilla/5.0 (Linux; Android 6.0.1; Nexus 5X Build/MMB29P) AppleWebKit/537.36 (KHTML, like Gecko) Chrome/134.0.6998.165 Mobile Safari/537.36 (compatible; GoogleOther)"
18.217.168.117 - - [06/Apr/2025:09:59:26 -0400] "GET /ad917/?path=%2Fhome%2F.%2F..%2Fusr%2Flib64%2FlibXfixes.so.3 HTTP/1.1" 200 953 "-" "Mozilla/5.0 AppleWebKit/537.36 (KHTML, like Gecko; compatible; ClaudeBot/1.0; +claudebot@anthropic.com)"
18.217.168.117 - - [06/Apr/2025:09:59:29 -0400] "GET /ad917/?path=%2Fhome%2F.%2F..%2Fusr%2Flib64%2Flibpanelw.so.6 HTTP/1.1" 200 951 "-" "Mozilla/5.0 AppleWebKit/537.36 (KHTML, like Gecko; compatible; ClaudeBot/1.0; +claudebot@anthropic.com)"
18.217.168.117 - - [06/Apr/2025:09:59:32 -0400] "GET /ad917/?path=%2Fhome%2F.%2F..%2Fusr%2Flib64%2Flibpcre2-16.so HTTP/1.1" 200 951 "-" "Mozilla/5.0 AppleWebKit/537.36 (KHTML, like Gecko; compatible; ClaudeBot/1.0; +claudebot@anthropic.com)"
157.55.39.52 - - [06/Apr/2025:09:59:32 -0400] "GET /entity/52606370.shtml HTTP/1.1" 200 19791 "-" "Mozilla/5.0 AppleWebKit/537.36 (KHTML, like Gecko; compatible; bingbot/2.0; +http://www.bing.com/bingbot.htm) Chrome/116.0.1938.76 Safari/537.36"
18.217.168.117 - - [06/Apr/2025:09:59:35 -0400] "GET /ad917/?path=%2Fhome%2F.%2F..%2Fusr%2Flib64%2FlibXt.so.6.0.0 HTTP/1.1" 200 952 "-" "Mozilla/5.0 AppleWebKit/537.36 (KHTML, like Gecko; compatible; ClaudeBot/1.0; +claudebot@anthropic.com)"
66.249.65.104 - - [06/Apr/2025:09:59:35 -0400] "GET /entity102432872.shtml HTTP/1.1" 200 19831 "-" "Mozilla/5.0 (Linux; Android 6.0.1; Nexus 5X Build/MMB29P) AppleWebKit/537.36 (KHTML, like Gecko) Chrome/134.0.6998.165 Mobile Safari/537.36 (compatible; Googlebot/2.1; +http://www.google.com/bot.html)"
66.249.65.104 - - [06/Apr/2025:09:59:38 -0400] "GET /item/pay/opens/97858720.shtml HTTP/1.1" 200 19913 "-" "Mozilla/5.0 (Linux; Android 6.0.1; Nexus 5X Build/MMB29P) AppleWebKit/537.36 (KHTML, like Gecko) Chrome/134.0.6998.165 Mobile Safari/537.36 (compatible; GoogleOther)"
18.217.168.117 - - [06/Apr/2025:09:59:38 -0400] "GET /ad917/?path=%2Fhome%2F.%2F..%2Fusr%2Flib64%2Flibdw-0.190.so HTTP/1.1" 200 952 "-" "Mozilla/5.0 AppleWebKit/537.36 (KHTML, like Gecko; compatible; ClaudeBot/1.0; +claudebot@anthropic.com)"
18.217.168.117 - - [06/Apr/2025:09:59:41 -0400] "GET /ad917/?path=%2Fhome%2F.%2F..%2Fusr%2Flib64%2Flibkeyutils.so HTTP/1.1" 200 951 "-" "Mozilla/5.0 AppleWebKit/537.36 (KHTML, like Gecko; compatible; ClaudeBot/1.0; +claudebot@anthropic.com)"
207.46.13.130 - - [06/Apr/2025:09:59:42 -0400] "GET /shopbrand/52606760.shtml HTTP/1.1" 200 19777 "-" "Mozilla/5.0 AppleWebKit/537.36 (KHTML, like Gecko; compatible; bingbot/2.0; +http://www.bing.com/bingbot.htm) Chrome/116.0.1938.76 Safari/537.36"
18.217.168.117 - - [06/Apr/2025:09:59:44 -0400] "GET /ad917/?path=%2Fhome%2F.%2F..%2Fusr%2Flib64%2FlibQt5Gui.so.5 HTTP/1.1" 200 954 "-" "Mozilla/5.0 AppleWebKit/537.36 (KHTML, like Gecko; compatible; ClaudeBot/1.0; +claudebot@anthropic.com)"
18.217.168.117 - - [06/Apr/2025:09:59:47 -0400] "GET /ad917/?path=%2Fhome%2F.%2F..%2Fusr%2Flib64%2Flibkrad.so.0.0 HTTP/1.1" 200 950 "-" "Mozilla/5.0 AppleWebKit/537.36 (KHTML, like Gecko; compatible; ClaudeBot/1.0; +claudebot@anthropic.com)"
66.249.65.104 - - [06/Apr/2025:09:59:48 -0400] "GET /info/n/tympani/90027840.shtml HTTP/1.1" 200 19749 "-" "Mozilla/5.0 (Linux; Android 6.0.1; Nexus 5X Build/MMB29P) AppleWebKit/537.36 (KHTML, like Gecko) Chrome/134.0.6998.165 Mobile Safari/537.36 (compatible; GoogleOther)"
18.217.168.117 - - [06/Apr/2025:09:59:50 -0400] "GET /ad917/?path=%2Fhome%2F.%2F..%2Fusr%2Flib64%2Flibnssdbm3.chk HTTP/1.1" 200 951 "-" "Mozilla/5.0 AppleWebKit/537.36 (KHTML, like Gecko; compatible; ClaudeBot/1.0; +claudebot@anthropic.com)"
18.217.168.117 - - [06/Apr/2025:09:59:53 -0400] "GET /ad917/?path=%2Fhome%2F.%2F..%2Fusr%2Flib64%2Flibnftnl.so.11 HTTP/1.1" 200 951 "-" "Mozilla/5.0 AppleWebKit/537.36 (KHTML, like Gecko; compatible; ClaudeBot/1.0; +claudebot@anthropic.com)"
18.217.168.117 - - [06/Apr/2025:09:59:56 -0400] "GET /ad917/?path=%2Fhome%2F.%2F..%2Flib%2Fdracut%2Fdracut.conf.d HTTP/1.1" 200 1644 "-" "Mozilla/5.0 AppleWebKit/537.36 (KHTML, like Gecko; compatible; ClaudeBot/1.0; +claudebot@anthropic.com)"
18.217.168.117 - - [06/Apr/2025:09:59:59 -0400] "GET /ad917/?path=%2Fhome%2F.%2F..%2Flib%2Fsysusers.d%2Fbird.conf HTTP/1.1" 200 1025 "-" "Mozilla/5.0 AppleWebKit/537.36 (KHTML, like Gecko; compatible; ClaudeBot/1.0; +claudebot@anthropic.com)"
18.217.168.117 - - [06/Apr/2025:10:00:02 -0400] "GET /ad917/?path=%2Fhome%2F.%2F..%2Flib%2Ftmpfiles.d%2Fhome.conf HTTP/1.1" 200 1134 "-" "Mozilla/5.0 AppleWebKit/537.36 (KHTML, like Gecko; compatible; ClaudeBot/1.0; +claudebot@anthropic.com)"
18.217.168.117 - - [06/Apr/2025:10:00:05 -0400] "GET /ad917/?path=%2Fhome%2F.%2F..%2Flib%2Fsysusers.d%2Fdbus.conf HTTP/1.1" 200 1023 "-" "Mozilla/5.0 AppleWebKit/537.36 (KHTML, like Gecko; compatible; ClaudeBot/1.0; +claudebot@anthropic.com)"
40.77.167.42 - - [06/Apr/2025:10:00:06 -0400] "GET /item/mnu/symptomatically5912134.shtml HTTP/1.1" 200 19903 "-" "Mozilla/5.0 AppleWebKit/537.36 (KHTML, like Gecko; compatible; bingbot/2.0; +http://www.bing.com/bingbot.htm) Chrome/116.0.1938.76 Safari/537.36"
18.217.168.117 - - [06/Apr/2025:10:00:08 -0400] "GET /ad917/?path=%2Fhome%2F.%2F..%2Flib%2Ftmpfiles.d%2Fnscd.conf HTTP/1.1" 200 964 "-" "Mozilla/5.0 AppleWebKit/537.36 (KHTML, like Gecko; compatible; ClaudeBot/1.0; +claudebot@anthropic.com)"
18.217.168.117 - - [06/Apr/2025:10:00:11 -0400] "GET /ad917/?path=%2Fhome%2F.%2F..%2Flib%2Ftmpfiles.d%2Fdbus.conf HTTP/1.1" 200 1119 "-" "Mozilla/5.0 AppleWebKit/537.36 (KHTML, like Gecko; compatible; ClaudeBot/1.0; +claudebot@anthropic.com)"
66.249.65.96 - - [06/Apr/2025:10:00:13 -0400] "GET /item/suprachoroidal96767034.shtml HTTP/1.1" 200 20040 "-" "Mozilla/5.0 (Linux; Android 6.0.1; Nexus 5X Build/MMB29P) AppleWebKit/537.36 (KHTML, like Gecko) Chrome/134.0.6998.165 Mobile Safari/537.36 (compatible; GoogleOther)"
157.55.39.58 - - [06/Apr/2025:10:00:15 -0400] "GET /product/nonentities58552432.shtml HTTP/1.1" 200 19677 "-" "Mozilla/5.0 AppleWebKit/537.36 (KHTML, like Gecko; compatible; bingbot/2.0; +http://www.bing.com/bingbot.htm) Chrome/116.0.1938.76 Safari/537.36"
66.249.65.105 - - [06/Apr/2025:10:00:19 -0400] "GET /info84459648.shtml HTTP/1.1" 200 19771 "-" "Mozilla/5.0 (Linux; Android 6.0.1; Nexus 5X Build/MMB29P) AppleWebKit/537.36 (KHTML, like Gecko) Chrome/134.0.6998.165 Mobile Safari/537.36 (compatible; Googlebot/2.1; +http://www.google.com/bot.html)"
