66.249.65.96 - - [09/Apr/2025:08:57:06 -0400] "GET /special/bepinch/46229296.shtml HTTP/1.1" 200 26404 "-" "Mozilla/5.0 (Linux; Android 6.0.1; Nexus 5X Build/MMB29P) AppleWebKit/537.36 (KHTML, like Gecko) Chrome/135.0.7049.52 Mobile Safari/537.36 (compatible; GoogleOther)"
66.249.65.104 - - [09/Apr/2025:08:57:07 -0400] "GET /items/literatus50908300.shtml HTTP/1.1" 200 26874 "-" "Mozilla/5.0 (Linux; Android 6.0.1; Nexus 5X Build/MMB29P) AppleWebKit/537.36 (KHTML, like Gecko) Chrome/135.0.7049.52 Mobile Safari/537.36 (compatible; GoogleOther)"
66.249.65.105 - - [09/Apr/2025:08:57:08 -0400] "GET /entity30437446.shtml HTTP/1.1" 200 28852 "-" "Mozilla/5.0 (Linux; Android 6.0.1; Nexus 5X Build/MMB29P) AppleWebKit/537.36 (KHTML, like Gecko) Chrome/135.0.7049.52 Mobile Safari/537.36 (compatible; GoogleOther)"
40.77.167.79 - - [09/Apr/2025:08:57:08 -0400] "GET /item82680460.shtml HTTP/1.1" 200 27652 "-" "Mozilla/5.0 AppleWebKit/537.36 (KHTML, like Gecko; compatible; bingbot/2.0; +http://www.bing.com/bingbot.htm) Chrome/116.0.1938.76 Safari/537.36"
66.249.65.105 - - [09/Apr/2025:08:57:09 -0400] "GET /entity/107101528.shtml HTTP/1.1" 200 27888 "-" "Mozilla/5.0 (Linux; Android 6.0.1; Nexus 5X Build/MMB29P) AppleWebKit/537.36 (KHTML, like Gecko) Chrome/135.0.7049.52 Mobile Safari/537.36 (compatible; GoogleOther)"
66.249.65.97 - - [09/Apr/2025:08:57:10 -0400] "GET /goodscode/abominably/122755832.shtml HTTP/1.1" 200 27438 "-" "Mozilla/5.0 (Linux; Android 6.0.1; Nexus 5X Build/MMB29P) AppleWebKit/537.36 (KHTML, like Gecko) Chrome/135.0.7049.52 Mobile Safari/537.36 (compatible; GoogleOther)"
66.249.65.105 - - [09/Apr/2025:08:57:12 -0400] "GET /goodscode/vu/gambol68373832.shtml HTTP/1.1" 200 27779 "-" "Mozilla/5.0 (Linux; Android 6.0.1; Nexus 5X Build/MMB29P) AppleWebKit/537.36 (KHTML, like Gecko) Chrome/135.0.7049.52 Mobile Safari/537.36 (compatible; GoogleOther)"
207.46.13.17 - - [09/Apr/2025:08:57:12 -0400] "GET /entity/decemlineata/13045730.shtml HTTP/1.1" 200 28917 "-" "Mozilla/5.0 AppleWebKit/537.36 (KHTML, like Gecko; compatible; bingbot/2.0; +http://www.bing.com/bingbot.htm) Chrome/116.0.1938.76 Safari/537.36"
66.249.65.105 - - [09/Apr/2025:08:57:13 -0400] "GET /entity/to/undermirth/110788120.shtml HTTP/1.1" 200 25908 "-" "Mozilla/5.0 (Linux; Android 6.0.1; Nexus 5X Build/MMB29P) AppleWebKit/537.36 (KHTML, like Gecko) Chrome/135.0.7049.52 Mobile Safari/537.36 (compatible; GoogleOther)"
66.249.65.105 - - [09/Apr/2025:08:57:14 -0400] "GET /entity/conspicuous/18683558.shtml HTTP/1.1" 200 25852 "-" "Mozilla/5.0 (Linux; Android 6.0.1; Nexus 5X Build/MMB29P) AppleWebKit/537.36 (KHTML, like Gecko) Chrome/135.0.7049.52 Mobile Safari/537.36 (compatible; GoogleOther)"
66.249.65.104 - - [09/Apr/2025:08:57:16 -0400] "GET /special104592558.shtml HTTP/1.1" 200 29406 "-" "Mozilla/5.0 (Linux; Android 6.0.1; Nexus 5X Build/MMB29P) AppleWebKit/537.36 (KHTML, like Gecko) Chrome/135.0.7049.52 Mobile Safari/537.36 (compatible; GoogleOther)"
66.249.65.105 - - [09/Apr/2025:08:57:17 -0400] "GET /products/n/improvisatrice/30376264.shtml HTTP/1.1" 200 27037 "-" "Mozilla/5.0 (Linux; Android 6.0.1; Nexus 5X Build/MMB29P) AppleWebKit/537.36 (KHTML, like Gecko) Chrome/135.0.7049.52 Mobile Safari/537.36 (compatible; GoogleOther)"
52.167.144.225 - - [09/Apr/2025:08:57:17 -0400] "GET /product/buttock68365496.shtml HTTP/1.1" 200 27777 "-" "Mozilla/5.0 AppleWebKit/537.36 (KHTML, like Gecko; compatible; bingbot/2.0; +http://www.bing.com/bingbot.htm) Chrome/116.0.1938.76 Safari/537.36"
66.249.65.104 - - [09/Apr/2025:08:57:18 -0400] "GET /special/l/culter/98240752.shtml HTTP/1.1" 200 26990 "-" "Mozilla/5.0 (Linux; Android 6.0.1; Nexus 5X Build/MMB29P) AppleWebKit/537.36 (KHTML, like Gecko) Chrome/135.0.7049.52 Mobile Safari/537.36 (compatible; GoogleOther)"
66.249.65.104 - - [09/Apr/2025:08:57:19 -0400] "GET /special/hq/choosing19429868.shtml HTTP/1.1" 200 25878 "-" "Mozilla/5.0 (Linux; Android 6.0.1; Nexus 5X Build/MMB29P) AppleWebKit/537.36 (KHTML, like Gecko) Chrome/135.0.7049.52 Mobile Safari/537.36 (compatible; GoogleOther)"
66.249.65.104 - - [09/Apr/2025:08:57:20 -0400] "GET /goodscode/cervantite32473456.shtml HTTP/1.1" 200 29285 "-" "Mozilla/5.0 (Linux; Android 6.0.1; Nexus 5X Build/MMB29P) AppleWebKit/537.36 (KHTML, like Gecko) Chrome/135.0.7049.52 Mobile Safari/537.36 (compatible; GoogleOther)"
66.249.65.104 - - [09/Apr/2025:08:57:22 -0400] "GET /info/70558534.shtml HTTP/1.1" 200 27951 "-" "Mozilla/5.0 (Linux; Android 6.0.1; Nexus 5X Build/MMB29P) AppleWebKit/537.36 (KHTML, like Gecko) Chrome/135.0.7049.52 Mobile Safari/537.36 (compatible; GoogleOther)"
66.249.65.105 - - [09/Apr/2025:08:57:23 -0400] "GET /detail/110730694.shtml HTTP/1.1" 200 26137 "-" "Mozilla/5.0 (Linux; Android 6.0.1; Nexus 5X Build/MMB29P) AppleWebKit/537.36 (KHTML, like Gecko) Chrome/135.0.7049.52 Mobile Safari/537.36 (compatible; GoogleOther)"
66.249.65.104 - - [09/Apr/2025:08:57:25 -0400] "GET /entity/cs/rochelle61942314.shtml HTTP/1.1" 200 29130 "-" "Mozilla/5.0 (Linux; Android 6.0.1; Nexus 5X Build/MMB29P) AppleWebKit/537.36 (KHTML, like Gecko) Chrome/135.0.7049.52 Mobile Safari/537.36 (compatible; GoogleOther)"
66.249.65.105 - - [09/Apr/2025:08:57:26 -0400] "GET /entity/48203988.shtml HTTP/1.1" 200 27984 "-" "Mozilla/5.0 (Linux; Android 6.0.1; Nexus 5X Build/MMB29P) AppleWebKit/537.36 (KHTML, like Gecko) Chrome/135.0.7049.52 Mobile Safari/537.36 (compatible; GoogleOther)"
66.249.65.104 - - [09/Apr/2025:08:57:28 -0400] "GET /goodscode/eey/whoot/32008494.shtml HTTP/1.1" 200 27950 "-" "Mozilla/5.0 (Linux; Android 6.0.1; Nexus 5X Build/MMB29P) AppleWebKit/537.36 (KHTML, like Gecko) Chrome/135.0.7049.52 Mobile Safari/537.36 (compatible; GoogleOther)"
66.249.65.105 - - [09/Apr/2025:08:57:29 -0400] "GET /shopbrand/ii/interregnum67283458.shtml HTTP/1.1" 200 28017 "-" "Mozilla/5.0 (Linux; Android 6.0.1; Nexus 5X Build/MMB29P) AppleWebKit/537.36 (KHTML, like Gecko) Chrome/135.0.7049.52 Mobile Safari/537.36 (compatible; GoogleOther)"
66.249.65.105 - - [09/Apr/2025:08:57:31 -0400] "GET /detail/aiming923370.shtml HTTP/1.1" 200 26977 "-" "Mozilla/5.0 (Linux; Android 6.0.1; Nexus 5X Build/MMB29P) AppleWebKit/537.36 (KHTML, like Gecko) Chrome/135.0.7049.52 Mobile Safari/537.36 (compatible; GoogleOther)"
66.249.66.44 - - [09/Apr/2025:08:57:32 -0400] "GET /detail84011824.shtml HTTP/1.1" 200 26797 "-" "Mozilla/5.0 (Linux; Android 6.0.1; Nexus 5X Build/MMB29P) AppleWebKit/537.36 (KHTML, like Gecko) Chrome/135.0.7049.52 Mobile Safari/537.36 (compatible; GoogleOther)"
66.249.65.105 - - [09/Apr/2025:08:57:34 -0400] "GET /entity111042754.shtml HTTP/1.1" 200 24895 "-" "Mozilla/5.0 (Linux; Android 6.0.1; Nexus 5X Build/MMB29P) AppleWebKit/537.36 (KHTML, like Gecko) Chrome/135.0.7049.52 Mobile Safari/537.36 (compatible; GoogleOther)"
66.249.65.105 - - [09/Apr/2025:08:57:35 -0400] "GET /products/b/deconcentrate/90512200.shtml HTTP/1.1" 200 28286 "-" "Mozilla/5.0 (Linux; Android 6.0.1; Nexus 5X Build/MMB29P) AppleWebKit/537.36 (KHTML, like Gecko) Chrome/135.0.7049.52 Mobile Safari/537.36 (compatible; GoogleOther)"
66.249.65.96 - - [09/Apr/2025:08:57:36 -0400] "GET /items31123828.shtml HTTP/1.1" 200 27752 "-" "Mozilla/5.0 (Linux; Android 6.0.1; Nexus 5X Build/MMB29P) AppleWebKit/537.36 (KHTML, like Gecko) Chrome/135.0.7049.52 Mobile Safari/537.36 (compatible; GoogleOther)"
40.77.167.44 - - [09/Apr/2025:08:57:36 -0400] "GET /item/baresark27245228.shtml HTTP/1.1" 200 25755 "-" "Mozilla/5.0 AppleWebKit/537.36 (KHTML, like Gecko; compatible; bingbot/2.0; +http://www.bing.com/bingbot.htm) Chrome/116.0.1938.76 Safari/537.36"
52.167.144.19 - - [09/Apr/2025:08:57:36 -0400] "GET /products/oq/hagborn32361566.shtml HTTP/1.1" 200 27152 "-" "Mozilla/5.0 AppleWebKit/537.36 (KHTML, like Gecko; compatible; bingbot/2.0; +http://www.bing.com/bingbot.htm) Chrome/116.0.1938.76 Safari/537.36"
66.249.65.104 - - [09/Apr/2025:08:57:37 -0400] "GET /goodscode/27645828.shtml HTTP/1.1" 200 26769 "-" "Mozilla/5.0 (Linux; Android 6.0.1; Nexus 5X Build/MMB29P) AppleWebKit/537.36 (KHTML, like Gecko) Chrome/135.0.7049.52 Mobile Safari/537.36 (compatible; GoogleOther)"
66.249.65.96 - - [09/Apr/2025:08:57:38 -0400] "GET /goodscode/37636410.shtml HTTP/1.1" 200 25146 "-" "Mozilla/5.0 (Linux; Android 6.0.1; Nexus 5X Build/MMB29P) AppleWebKit/537.36 (KHTML, like Gecko) Chrome/135.0.7049.52 Mobile Safari/537.36 (compatible; GoogleOther)"
66.249.65.97 - - [09/Apr/2025:08:57:39 -0400] "GET /entity/go/suborbicular6481970.shtml HTTP/1.1" 200 26939 "-" "Mozilla/5.0 (Linux; Android 6.0.1; Nexus 5X Build/MMB29P) AppleWebKit/537.36 (KHTML, like Gecko) Chrome/135.0.7049.52 Mobile Safari/537.36 (compatible; GoogleOther)"
66.249.65.104 - - [09/Apr/2025:08:57:41 -0400] "GET /entity/h/ramulous/8145124.shtml HTTP/1.1" 200 28041 "-" "Mozilla/5.0 (Linux; Android 6.0.1; Nexus 5X Build/MMB29P) AppleWebKit/537.36 (KHTML, like Gecko) Chrome/135.0.7049.52 Mobile Safari/537.36 (compatible; GoogleOther)"
66.249.65.96 - - [09/Apr/2025:08:57:42 -0400] "GET /entity/flavourful/36797644.shtml HTTP/1.1" 200 26415 "-" "Mozilla/5.0 (Linux; Android 6.0.1; Nexus 5X Build/MMB29P) AppleWebKit/537.36 (KHTML, like Gecko) Chrome/135.0.7049.52 Mobile Safari/537.36 (compatible; GoogleOther)"
66.249.65.96 - - [09/Apr/2025:08:57:43 -0400] "GET /products/lernaeidae/44024190.shtml HTTP/1.1" 200 25428 "-" "Mozilla/5.0 (Linux; Android 6.0.1; Nexus 5X Build/MMB29P) AppleWebKit/537.36 (KHTML, like Gecko) Chrome/135.0.7049.52 Mobile Safari/537.36 (compatible; GoogleOther)"
66.249.65.96 - - [09/Apr/2025:08:57:45 -0400] "GET /goodscode/flocks104597892.shtml HTTP/1.1" 200 24700 "-" "Mozilla/5.0 (Linux; Android 6.0.1; Nexus 5X Build/MMB29P) AppleWebKit/537.36 (KHTML, like Gecko) Chrome/135.0.7049.52 Mobile Safari/537.36 (compatible; GoogleOther)"
66.249.65.97 - - [09/Apr/2025:08:57:46 -0400] "GET /item/so/halfbreadth/51644334.shtml HTTP/1.1" 200 28788 "-" "Mozilla/5.0 (Linux; Android 6.0.1; Nexus 5X Build/MMB29P) AppleWebKit/537.36 (KHTML, like Gecko) Chrome/135.0.7049.52 Mobile Safari/537.36 (compatible; GoogleOther)"
52.167.144.19 - - [09/Apr/2025:08:57:46 -0400] "GET /detail16765052.shtml HTTP/1.1" 200 27367 "-" "Mozilla/5.0 AppleWebKit/537.36 (KHTML, like Gecko; compatible; bingbot/2.0; +http://www.bing.com/bingbot.htm) Chrome/116.0.1938.76 Safari/537.36"
66.249.65.96 - - [09/Apr/2025:08:57:47 -0400] "GET /special/t/kerria46236772.shtml HTTP/1.1" 200 26241 "-" "Mozilla/5.0 (Linux; Android 6.0.1; Nexus 5X Build/MMB29P) AppleWebKit/537.36 (KHTML, like Gecko) Chrome/135.0.7049.52 Mobile Safari/537.36 (compatible; GoogleOther)"
66.249.65.105 - - [09/Apr/2025:08:57:48 -0400] "GET /goodscode/20583574.shtml HTTP/1.1" 200 25890 "-" "Mozilla/5.0 (Linux; Android 6.0.1; Nexus 5X Build/MMB29P) AppleWebKit/537.36 (KHTML, like Gecko) Chrome/135.0.7049.52 Mobile Safari/537.36 (compatible; GoogleOther)"
40.77.167.44 - - [09/Apr/2025:08:57:49 -0400] "GET /special/oa/interrelation7413718.shtml HTTP/1.1" 200 26633 "-" "Mozilla/5.0 AppleWebKit/537.36 (KHTML, like Gecko; compatible; bingbot/2.0; +http://www.bing.com/bingbot.htm) Chrome/116.0.1938.76 Safari/537.36"
66.249.65.104 - - [09/Apr/2025:08:57:50 -0400] "GET /goods/u/prestimony/70005306.shtml HTTP/1.1" 200 25364 "-" "Mozilla/5.0 (Linux; Android 6.0.1; Nexus 5X Build/MMB29P) AppleWebKit/537.36 (KHTML, like Gecko) Chrome/135.0.7049.52 Mobile Safari/537.36 (compatible; GoogleOther)"
66.249.65.104 - - [09/Apr/2025:08:57:51 -0400] "GET /special/bqy/revocation/104795624.shtml HTTP/1.1" 200 26380 "-" "Mozilla/5.0 (Linux; Android 6.0.1; Nexus 5X Build/MMB29P) AppleWebKit/537.36 (KHTML, like Gecko) Chrome/135.0.7049.52 Mobile Safari/537.36 (compatible; GoogleOther)"
40.77.167.44 - - [09/Apr/2025:08:57:51 -0400] "GET /entity/k/diorism49349642.shtml HTTP/1.1" 200 27461 "-" "Mozilla/5.0 AppleWebKit/537.36 (KHTML, like Gecko; compatible; bingbot/2.0; +http://www.bing.com/bingbot.htm) Chrome/116.0.1938.76 Safari/537.36"
66.249.65.98 - - [09/Apr/2025:08:57:52 -0400] "GET /info/t/conchometry/17953972.shtml HTTP/1.1" 200 28633 "-" "Mozilla/5.0 (Linux; Android 6.0.1; Nexus 5X Build/MMB29P) AppleWebKit/537.36 (KHTML, like Gecko) Chrome/135.0.7049.52 Mobile Safari/537.36 (compatible; GoogleOther)"
66.249.65.98 - - [09/Apr/2025:08:57:53 -0400] "GET /goodscode/106492454.shtml HTTP/1.1" 200 25133 "-" "Mozilla/5.0 (Linux; Android 6.0.1; Nexus 5X Build/MMB29P) AppleWebKit/537.36 (KHTML, like Gecko) Chrome/135.0.7049.52 Mobile Safari/537.36 (compatible; GoogleOther)"
66.249.65.105 - - [09/Apr/2025:08:57:54 -0400] "GET /entity/121562490.shtml HTTP/1.1" 200 25047 "-" "Mozilla/5.0 (Linux; Android 6.0.1; Nexus 5X Build/MMB29P) AppleWebKit/537.36 (KHTML, like Gecko) Chrome/135.0.7049.52 Mobile Safari/537.36 (compatible; GoogleOther)"
66.249.65.96 - - [09/Apr/2025:08:57:56 -0400] "GET /entity/v/borderer55768940.shtml HTTP/1.1" 200 27159 "-" "Mozilla/5.0 (Linux; Android 6.0.1; Nexus 5X Build/MMB29P) AppleWebKit/537.36 (KHTML, like Gecko) Chrome/135.0.7049.52 Mobile Safari/537.36 (compatible; GoogleOther)"
66.249.65.97 - - [09/Apr/2025:08:57:57 -0400] "GET /items/c/algorithm/36361042.shtml HTTP/1.1" 200 25436 "-" "Mozilla/5.0 (Linux; Android 6.0.1; Nexus 5X Build/MMB29P) AppleWebKit/537.36 (KHTML, like Gecko) Chrome/135.0.7049.52 Mobile Safari/537.36 (compatible; GoogleOther)"
157.230.237.134 - - [09/Apr/2025:08:57:58 -0400] "GET /wp-admin/css/ HTTP/1.1" 200 3699 "binance.com" "Mozilla/5.0 (Windows NT 10.0; Win64; x64) AppleWebKit/537.36 (KHTML, like Gecko) Chrome/90.0.4430.85 Safari/537.36"
40.77.167.79 - - [09/Apr/2025:08:57:58 -0400] "GET /special26909210.shtml HTTP/1.1" 200 25846 "-" "Mozilla/5.0 AppleWebKit/537.36 (KHTML, like Gecko; compatible; bingbot/2.0; +http://www.bing.com/bingbot.htm) Chrome/116.0.1938.76 Safari/537.36"
66.249.65.98 - - [09/Apr/2025:08:57:58 -0400] "GET /entity/k/irradiance21196838.shtml HTTP/1.1" 200 26895 "-" "Mozilla/5.0 (Linux; Android 6.0.1; Nexus 5X Build/MMB29P) AppleWebKit/537.36 (KHTML, like Gecko) Chrome/135.0.7049.52 Mobile Safari/537.36 (compatible; GoogleOther)"
66.249.65.97 - - [09/Apr/2025:08:58:00 -0400] "GET /item/across62416616.shtml HTTP/1.1" 200 28255 "-" "Mozilla/5.0 (Linux; Android 6.0.1; Nexus 5X Build/MMB29P) AppleWebKit/537.36 (KHTML, like Gecko) Chrome/135.0.7049.52 Mobile Safari/537.36 (compatible; GoogleOther)"
66.249.65.97 - - [09/Apr/2025:08:58:01 -0400] "GET /shopping/bw/reality20071632.shtml HTTP/1.1" 200 27383 "-" "Mozilla/5.0 (Linux; Android 6.0.1; Nexus 5X Build/MMB29P) AppleWebKit/537.36 (KHTML, like Gecko) Chrome/135.0.7049.52 Mobile Safari/537.36 (compatible; GoogleOther)"
157.230.237.134 - - [09/Apr/2025:08:58:03 -0400] "GET /wp-content/uploads/2025/04/ HTTP/1.1" 200 690 "binance.com" "Mozilla/5.0 (Windows NT 10.0; Win64; x64) AppleWebKit/537.36 (KHTML, like Gecko) Chrome/90.0.4430.85 Safari/537.36"
66.249.65.97 - - [09/Apr/2025:08:58:03 -0400] "GET /entity79529986.shtml HTTP/1.1" 200 26088 "-" "Mozilla/5.0 (Linux; Android 6.0.1; Nexus 5X Build/MMB29P) AppleWebKit/537.36 (KHTML, like Gecko) Chrome/135.0.7049.52 Mobile Safari/537.36 (compatible; GoogleOther)"
207.46.13.17 - - [09/Apr/2025:08:58:03 -0400] "GET /special5993416.shtml HTTP/1.1" 200 24569 "-" "Mozilla/5.0 AppleWebKit/537.36 (KHTML, like Gecko; compatible; bingbot/2.0; +http://www.bing.com/bingbot.htm) Chrome/116.0.1938.76 Safari/537.36"
66.249.65.104 - - [09/Apr/2025:08:58:04 -0400] "GET /entity/refrainer/6480558.shtml HTTP/1.1" 200 26774 "-" "Mozilla/5.0 (Linux; Android 6.0.1; Nexus 5X Build/MMB29P) AppleWebKit/537.36 (KHTML, like Gecko) Chrome/135.0.7049.52 Mobile Safari/537.36 (compatible; GoogleOther)"
52.167.144.225 - - [09/Apr/2025:08:58:05 -0400] "GET /shopdetail/jewbush51529826.shtml HTTP/1.1" 200 24944 "-" "Mozilla/5.0 AppleWebKit/537.36 (KHTML, like Gecko; compatible; bingbot/2.0; +http://www.bing.com/bingbot.htm) Chrome/116.0.1938.76 Safari/537.36"
66.249.65.96 - - [09/Apr/2025:08:58:06 -0400] "GET /item/armamentary109396266.shtml HTTP/1.1" 200 27649 "-" "Mozilla/5.0 (Linux; Android 6.0.1; Nexus 5X Build/MMB29P) AppleWebKit/537.36 (KHTML, like Gecko) Chrome/135.0.7049.52 Mobile Safari/537.36 (compatible; GoogleOther)"
207.46.13.17 - - [09/Apr/2025:08:58:07 -0400] "GET /products/inculpating64219092.shtml HTTP/1.1" 200 27001 "-" "Mozilla/5.0 AppleWebKit/537.36 (KHTML, like Gecko; compatible; bingbot/2.0; +http://www.bing.com/bingbot.htm) Chrome/116.0.1938.76 Safari/537.36"
66.249.65.104 - - [09/Apr/2025:08:58:07 -0400] "GET /entity/51379036.shtml HTTP/1.1" 200 25327 "-" "Mozilla/5.0 (Linux; Android 6.0.1; Nexus 5X Build/MMB29P) AppleWebKit/537.36 (KHTML, like Gecko) Chrome/135.0.7049.52 Mobile Safari/537.36 (compatible; GoogleOther)"
66.249.65.104 - - [09/Apr/2025:08:58:09 -0400] "GET /entity/56862938.shtml HTTP/1.1" 200 27143 "-" "Mozilla/5.0 (Linux; Android 6.0.1; Nexus 5X Build/MMB29P) AppleWebKit/537.36 (KHTML, like Gecko) Chrome/135.0.7049.52 Mobile Safari/537.36 (compatible; GoogleOther)"
157.230.237.134 - - [09/Apr/2025:08:58:09 -0400] "GET /wp-content/uploads/2025/03/ HTTP/1.1" 200 690 "binance.com" "Mozilla/5.0 (Windows NT 10.0; Win64; x64) AppleWebKit/537.36 (KHTML, like Gecko) Chrome/90.0.4430.85 Safari/537.36"
66.249.65.105 - - [09/Apr/2025:08:58:10 -0400] "GET /goodscode/r/irrecordable/11028376.shtml HTTP/1.1" 200 26029 "-" "Mozilla/5.0 (Linux; Android 6.0.1; Nexus 5X Build/MMB29P) AppleWebKit/537.36 (KHTML, like Gecko) Chrome/135.0.7049.52 Mobile Safari/537.36 (compatible; GoogleOther)"
66.249.65.104 - - [09/Apr/2025:08:58:11 -0400] "GET /entity/leghorn/6481234.shtml HTTP/1.1" 200 26498 "-" "Mozilla/5.0 (Linux; Android 6.0.1; Nexus 5X Build/MMB29P) AppleWebKit/537.36 (KHTML, like Gecko) Chrome/135.0.7049.52 Mobile Safari/537.36 (compatible; GoogleOther)"
66.249.65.104 - - [09/Apr/2025:08:58:12 -0400] "GET /goodscode/wagnerian/10611830.shtml HTTP/1.1" 200 27912 "-" "Mozilla/5.0 (Linux; Android 6.0.1; Nexus 5X Build/MMB29P) AppleWebKit/537.36 (KHTML, like Gecko) Chrome/135.0.7049.52 Mobile Safari/537.36 (compatible; GoogleOther)"
66.249.65.104 - - [09/Apr/2025:08:58:13 -0400] "GET /info/whizzed5210600.shtml HTTP/1.1" 200 27541 "-" "Mozilla/5.0 (Linux; Android 6.0.1; Nexus 5X Build/MMB29P) AppleWebKit/537.36 (KHTML, like Gecko) Chrome/135.0.7049.52 Mobile Safari/537.36 (compatible; GoogleOther)"
157.230.237.134 - - [09/Apr/2025:08:58:14 -0400] "GET /wp-content/uploads/ HTTP/1.1" 200 1294 "binance.com" "Mozilla/5.0 (Windows NT 10.0; Win64; x64) AppleWebKit/537.36 (KHTML, like Gecko) Chrome/90.0.4430.85 Safari/537.36"
207.46.13.17 - - [09/Apr/2025:08:58:14 -0400] "GET /products/pseudotetrameral29426876.shtml HTTP/1.1" 200 26773 "-" "Mozilla/5.0 AppleWebKit/537.36 (KHTML, like Gecko; compatible; bingbot/2.0; +http://www.bing.com/bingbot.htm) Chrome/116.0.1938.76 Safari/537.36"
66.249.65.104 - - [09/Apr/2025:08:58:15 -0400] "GET /goodscode/zymome21052936.shtml HTTP/1.1" 200 28209 "-" "Mozilla/5.0 (Linux; Android 6.0.1; Nexus 5X Build/MMB29P) AppleWebKit/537.36 (KHTML, like Gecko) Chrome/135.0.7049.52 Mobile Safari/537.36 (compatible; GoogleOther)"
66.249.65.105 - - [09/Apr/2025:08:58:16 -0400] "GET /shopbrand110656288.shtml HTTP/1.1" 200 29821 "-" "Mozilla/5.0 (Linux; Android 6.0.1; Nexus 5X Build/MMB29P) AppleWebKit/537.36 (KHTML, like Gecko) Chrome/135.0.7049.52 Mobile Safari/537.36 (compatible; GoogleOther)"
52.167.144.225 - - [09/Apr/2025:08:58:17 -0400] "GET /entity60789250.shtml HTTP/1.1" 200 25810 "-" "Mozilla/5.0 AppleWebKit/537.36 (KHTML, like Gecko; compatible; bingbot/2.0; +http://www.bing.com/bingbot.htm) Chrome/116.0.1938.76 Safari/537.36"
66.249.65.105 - - [09/Apr/2025:08:58:17 -0400] "GET /goodscode/ii/overclothes107748610.shtml HTTP/1.1" 200 27412 "-" "Mozilla/5.0 (Linux; Android 6.0.1; Nexus 5X Build/MMB29P) AppleWebKit/537.36 (KHTML, like Gecko) Chrome/135.0.7049.52 Mobile Safari/537.36 (compatible; GoogleOther)"
66.249.65.105 - - [09/Apr/2025:08:58:19 -0400] "GET /entity/22364980.shtml HTTP/1.1" 200 27703 "-" "Mozilla/5.0 (Linux; Android 6.0.1; Nexus 5X Build/MMB29P) AppleWebKit/537.36 (KHTML, like Gecko) Chrome/135.0.7049.52 Mobile Safari/537.36 (compatible; GoogleOther)"
157.230.237.134 - - [09/Apr/2025:08:58:21 -0400] "GET /wp-content/upgrade/ HTTP/1.1" 200 683 "binance.com" "Mozilla/5.0 (Windows NT 10.0; Win64; x64) AppleWebKit/537.36 (KHTML, like Gecko) Chrome/90.0.4430.85 Safari/537.36"
66.249.65.104 - - [09/Apr/2025:08:58:20 -0400] "GET /entity/rhizostome48206320.shtml HTTP/1.1" 200 25167 "-" "Mozilla/5.0 (Linux; Android 6.0.1; Nexus 5X Build/MMB29P) AppleWebKit/537.36 (KHTML, like Gecko) Chrome/135.0.7049.52 Mobile Safari/537.36 (compatible; GoogleOther)"
66.249.65.104 - - [09/Apr/2025:08:58:22 -0400] "GET /shopbrand/5311346.shtml HTTP/1.1" 200 27085 "-" "Mozilla/5.0 (Linux; Android 6.0.1; Nexus 5X Build/MMB29P) AppleWebKit/537.36 (KHTML, like Gecko) Chrome/135.0.7049.52 Mobile Safari/537.36 (compatible; GoogleOther)"
66.249.65.104 - - [09/Apr/2025:08:58:23 -0400] "GET /goods/m/ditto/1442578.shtml HTTP/1.1" 200 30013 "-" "Mozilla/5.0 (Linux; Android 6.0.1; Nexus 5X Build/MMB29P) AppleWebKit/537.36 (KHTML, like Gecko) Chrome/135.0.7049.52 Mobile Safari/537.36 (compatible; GoogleOther)"
66.249.65.104 - - [09/Apr/2025:08:58:25 -0400] "GET /goodscode/deiodinating43798650.shtml HTTP/1.1" 200 27377 "-" "Mozilla/5.0 (Linux; Android 6.0.1; Nexus 5X Build/MMB29P) AppleWebKit/537.36 (KHTML, like Gecko) Chrome/135.0.7049.52 Mobile Safari/537.36 (compatible; GoogleOther)"
66.249.65.105 - - [09/Apr/2025:08:58:26 -0400] "GET /items/80201368.shtml HTTP/1.1" 200 26170 "-" "Mozilla/5.0 (Linux; Android 6.0.1; Nexus 5X Build/MMB29P) AppleWebKit/537.36 (KHTML, like Gecko) Chrome/135.0.7049.52 Mobile Safari/537.36 (compatible; GoogleOther)"
40.77.167.79 - - [09/Apr/2025:08:58:27 -0400] "GET /detail80904516.shtml HTTP/1.1" 200 26555 "-" "Mozilla/5.0 AppleWebKit/537.36 (KHTML, like Gecko; compatible; bingbot/2.0; +http://www.bing.com/bingbot.htm) Chrome/116.0.1938.76 Safari/537.36"
198.54.116.86 - - [09/Apr/2025:08:58:27 -0400] "POST /wp-cron.php?doing_wp_cron=1744203507.7098259925842285156250 HTTP/1.1" 200 0 "-" "WordPress/6.7.2; https://servethepeopleinc.org"
157.230.237.134 - - [09/Apr/2025:08:58:27 -0400] "GET /wp-content/languages/ HTTP/1.1" 404 19416 "binance.com" "Mozilla/5.0 (Windows NT 10.0; Win64; x64) AppleWebKit/537.36 (KHTML, like Gecko) Chrome/90.0.4430.85 Safari/537.36"
198.54.116.86 - - [09/Apr/2025:08:58:27 -0400] "POST /wp-admin/admin-ajax.php?action=async_litespeed&nonce=GsiTxyqrsnTEecXHh0aQFx4xDmfYOeo4&litespeed_type=imgoptm HTTP/1.1" 200 21 "-" "WordPress/6.7.2; https://servethepeopleinc.org"
66.249.65.104 - - [09/Apr/2025:08:58:27 -0400] "GET /items/j/clusteringly/24674764.shtml HTTP/1.1" 200 27548 "-" "Mozilla/5.0 (Linux; Android 6.0.1; Nexus 5X Build/MMB29P) AppleWebKit/537.36 (KHTML, like Gecko) Chrome/135.0.7049.52 Mobile Safari/537.36 (compatible; GoogleOther)"
66.249.65.105 - - [09/Apr/2025:08:58:28 -0400] "GET /detail/82683830.shtml HTTP/1.1" 200 27095 "-" "Mozilla/5.0 (Linux; Android 6.0.1; Nexus 5X Build/MMB29P) AppleWebKit/537.36 (KHTML, like Gecko) Chrome/135.0.7049.52 Mobile Safari/537.36 (compatible; GoogleOther)"
66.249.65.96 - - [09/Apr/2025:08:58:30 -0400] "GET /detail/hibernaculum68728648.shtml HTTP/1.1" 200 24342 "-" "Mozilla/5.0 (Linux; Android 6.0.1; Nexus 5X Build/MMB29P) AppleWebKit/537.36 (KHTML, like Gecko) Chrome/135.0.7049.52 Mobile Safari/537.36 (compatible; GoogleOther)"
161.97.119.41 - - [09/Apr/2025:08:58:30 -0400] "POST /xmlrpc.php HTTP/1.1" 200 210 "-" "Mozilla/5.0 (Windows NT 10.0; Win64; x64; rv:56.0) Gecko/20100101 Firefox/56.0"
66.249.65.104 - - [09/Apr/2025:08:58:31 -0400] "GET /special105762782.shtml HTTP/1.1" 200 26696 "-" "Mozilla/5.0 (Linux; Android 6.0.1; Nexus 5X Build/MMB29P) AppleWebKit/537.36 (KHTML, like Gecko) Chrome/135.0.7049.52 Mobile Safari/537.36 (compatible; GoogleOther)"
40.77.167.44 - - [09/Apr/2025:08:58:31 -0400] "GET /product/dte/verrucosum9660668.shtml HTTP/1.1" 200 27795 "-" "Mozilla/5.0 AppleWebKit/537.36 (KHTML, like Gecko; compatible; bingbot/2.0; +http://www.bing.com/bingbot.htm) Chrome/116.0.1938.76 Safari/537.36"
157.230.237.134 - - [09/Apr/2025:08:58:32 -0400] "GET /wp-admin/includes/ HTTP/1.1" 200 4571 "binance.com" "Mozilla/5.0 (Windows NT 10.0; Win64; x64) AppleWebKit/537.36 (KHTML, like Gecko) Chrome/90.0.4430.85 Safari/537.36"
66.249.65.104 - - [09/Apr/2025:08:58:32 -0400] "GET /item82885300.shtml HTTP/1.1" 200 25406 "-" "Mozilla/5.0 (Linux; Android 6.0.1; Nexus 5X Build/MMB29P) AppleWebKit/537.36 (KHTML, like Gecko) Chrome/135.0.7049.52 Mobile Safari/537.36 (compatible; GoogleOther)"
66.249.65.105 - - [09/Apr/2025:08:58:34 -0400] "GET /entity/mk/philomathematic/14073758.shtml HTTP/1.1" 200 25259 "-" "Mozilla/5.0 (Linux; Android 6.0.1; Nexus 5X Build/MMB29P) AppleWebKit/537.36 (KHTML, like Gecko) Chrome/135.0.7049.52 Mobile Safari/537.36 (compatible; GoogleOther)"
3.145.97.221 - - [09/Apr/2025:08:58:35 -0400] "GET /ad917/?path=%2Fhome%2Fservlmvm%2Fpublic_html%2Fad917%2F.%2F..%2F..%2F.%2Fmail%2F.sabina%40servethepeopleinc_org%2F.. HTTP/1.1" 200 1656 "-" "Mozilla/5.0 AppleWebKit/537.36 (KHTML, like Gecko; compatible; ClaudeBot/1.0; +claudebot@anthropic.com)"
66.249.65.104 - - [09/Apr/2025:08:58:35 -0400] "GET /special34839902.shtml HTTP/1.1" 200 27168 "-" "Mozilla/5.0 (Linux; Android 6.0.1; Nexus 5X Build/MMB29P) AppleWebKit/537.36 (KHTML, like Gecko) Chrome/135.0.7049.52 Mobile Safari/537.36 (compatible; GoogleOther)"
66.249.65.105 - - [09/Apr/2025:08:58:36 -0400] "GET /entity/longus/71519742.shtml HTTP/1.1" 200 28651 "-" "Mozilla/5.0 (Linux; Android 6.0.1; Nexus 5X Build/MMB29P) AppleWebKit/537.36 (KHTML, like Gecko) Chrome/135.0.7049.52 Mobile Safari/537.36 (compatible; GoogleOther)"
66.249.65.96 - - [09/Apr/2025:08:58:37 -0400] "GET /product/eperlan12467074.shtml HTTP/1.1" 200 25561 "-" "Mozilla/5.0 (Linux; Android 6.0.1; Nexus 5X Build/MMB29P) AppleWebKit/537.36 (KHTML, like Gecko) Chrome/135.0.7049.52 Mobile Safari/537.36 (compatible; GoogleOther)"
157.230.237.134 - - [09/Apr/2025:08:58:37 -0400] "GET /wp-admin/includes/ HTTP/1.1" 200 4571 "binance.com" "Mozilla/5.0 (Windows NT 10.0; Win64; x64) AppleWebKit/537.36 (KHTML, like Gecko) Chrome/90.0.4430.85 Safari/537.36"
3.145.97.221 - - [09/Apr/2025:08:58:38 -0400] "GET /ad917/?path=%2Fhome%2Fservlmvm%2Fpublic_html%2Fad917%2F.%2F..%2F.%2F.well-known%2F..%2Fwp-includes%2Fsitemaps.php HTTP/1.1" 200 2039 "-" "Mozilla/5.0 AppleWebKit/537.36 (KHTML, like Gecko; compatible; ClaudeBot/1.0; +claudebot@anthropic.com)"
40.77.167.79 - - [09/Apr/2025:08:58:38 -0400] "GET /products/dissolvative58827700.shtml HTTP/1.1" 200 27294 "-" "Mozilla/5.0 AppleWebKit/537.36 (KHTML, like Gecko; compatible; bingbot/2.0; +http://www.bing.com/bingbot.htm) Chrome/116.0.1938.76 Safari/537.36"
66.249.65.96 - - [09/Apr/2025:08:58:38 -0400] "GET /item/90617246.shtml HTTP/1.1" 200 26660 "-" "Mozilla/5.0 (Linux; Android 6.0.1; Nexus 5X Build/MMB29P) AppleWebKit/537.36 (KHTML, like Gecko) Chrome/135.0.7049.52 Mobile Safari/537.36 (compatible; GoogleOther)"
66.249.65.104 - - [09/Apr/2025:08:58:40 -0400] "GET /item/1210120.shtml HTTP/1.1" 200 28087 "-" "Mozilla/5.0 (Linux; Android 6.0.1; Nexus 5X Build/MMB29P) AppleWebKit/537.36 (KHTML, like Gecko) Chrome/135.0.7049.52 Mobile Safari/537.36 (compatible; GoogleOther)"
157.230.237.134 - - [09/Apr/2025:08:58:41 -0400] "GET /wp-admin/maint/ HTTP/1.1" 200 831 "binance.com" "Mozilla/5.0 (Windows NT 10.0; Win64; x64) AppleWebKit/537.36 (KHTML, like Gecko) Chrome/90.0.4430.85 Safari/537.36"
66.249.65.97 - - [09/Apr/2025:08:58:41 -0400] "GET /shopping60603916.shtml HTTP/1.1" 200 29297 "-" "Mozilla/5.0 (Linux; Android 6.0.1; Nexus 5X Build/MMB29P) AppleWebKit/537.36 (KHTML, like Gecko) Chrome/135.0.7049.52 Mobile Safari/537.36 (compatible; GoogleOther)"
207.46.13.168 - - [09/Apr/2025:08:58:42 -0400] "GET /special/wo/cowhide75985118.shtml HTTP/1.1" 200 28025 "-" "Mozilla/5.0 AppleWebKit/537.36 (KHTML, like Gecko; compatible; bingbot/2.0; +http://www.bing.com/bingbot.htm) Chrome/116.0.1938.76 Safari/537.36"
66.249.65.96 - - [09/Apr/2025:08:58:42 -0400] "GET /shopdetail111169964.shtml HTTP/1.1" 200 26701 "-" "Mozilla/5.0 (Linux; Android 6.0.1; Nexus 5X Build/MMB29P) AppleWebKit/537.36 (KHTML, like Gecko) Chrome/135.0.7049.52 Mobile Safari/537.36 (compatible; GoogleOther)"
66.249.65.96 - - [09/Apr/2025:08:58:44 -0400] "GET /entity/re/inattentive50539168.shtml HTTP/1.1" 200 26739 "-" "Mozilla/5.0 (Linux; Android 6.0.1; Nexus 5X Build/MMB29P) AppleWebKit/537.36 (KHTML, like Gecko) Chrome/135.0.7049.52 Mobile Safari/537.36 (compatible; GoogleOther)"
66.249.65.96 - - [09/Apr/2025:08:58:45 -0400] "GET /products/muu/philosophistic/117522178.shtml HTTP/1.1" 200 26748 "-" "Mozilla/5.0 (Linux; Android 6.0.1; Nexus 5X Build/MMB29P) AppleWebKit/537.36 (KHTML, like Gecko) Chrome/135.0.7049.52 Mobile Safari/537.36 (compatible; GoogleOther)"
66.249.65.97 - - [09/Apr/2025:08:58:46 -0400] "GET /entity/xxk/grammacus10106964.shtml HTTP/1.1" 200 27490 "-" "Mozilla/5.0 (Linux; Android 6.0.1; Nexus 5X Build/MMB29P) AppleWebKit/537.36 (KHTML, like Gecko) Chrome/135.0.7049.52 Mobile Safari/537.36 (compatible; GoogleOther)"
157.230.237.134 - - [09/Apr/2025:08:58:47 -0400] "GET /wp-admin/maint/ HTTP/1.1" 200 831 "binance.com" "Mozilla/5.0 (Windows NT 10.0; Win64; x64) AppleWebKit/537.36 (KHTML, like Gecko) Chrome/90.0.4430.85 Safari/537.36"
66.249.65.97 - - [09/Apr/2025:08:58:47 -0400] "GET /entity/27583916.shtml HTTP/1.1" 200 27403 "-" "Mozilla/5.0 (Linux; Android 6.0.1; Nexus 5X Build/MMB29P) AppleWebKit/537.36 (KHTML, like Gecko) Chrome/135.0.7049.52 Mobile Safari/537.36 (compatible; GoogleOther)"
66.249.65.105 - - [09/Apr/2025:08:58:48 -0400] "GET /entity/t/infanticide21127340.shtml HTTP/1.1" 200 26186 "-" "Mozilla/5.0 (Linux; Android 6.0.1; Nexus 5X Build/MMB29P) AppleWebKit/537.36 (KHTML, like Gecko) Chrome/135.0.7049.52 Mobile Safari/537.36 (compatible; GoogleOther)"
66.249.65.98 - - [09/Apr/2025:08:58:49 -0400] "GET /info/twa/retrograded/51760124.shtml HTTP/1.1" 200 27639 "-" "Mozilla/5.0 (Linux; Android 6.0.1; Nexus 5X Build/MMB29P) AppleWebKit/537.36 (KHTML, like Gecko) Chrome/135.0.7049.52 Mobile Safari/537.36 (compatible; GoogleOther)"
66.249.65.104 - - [09/Apr/2025:08:58:51 -0400] "GET /detail/avowing/98255320.shtml HTTP/1.1" 200 27436 "-" "Mozilla/5.0 (Linux; Android 6.0.1; Nexus 5X Build/MMB29P) AppleWebKit/537.36 (KHTML, like Gecko) Chrome/135.0.7049.52 Mobile Safari/537.36 (compatible; GoogleOther)"
66.249.65.96 - - [09/Apr/2025:08:58:52 -0400] "GET /entity/9999844.shtml HTTP/1.1" 200 24936 "-" "Mozilla/5.0 (Linux; Android 6.0.1; Nexus 5X Build/MMB29P) AppleWebKit/537.36 (KHTML, like Gecko) Chrome/135.0.7049.52 Mobile Safari/537.36 (compatible; GoogleOther)"
66.249.65.98 - - [09/Apr/2025:08:58:53 -0400] "GET /item/wholesouled/12893728.shtml HTTP/1.1" 200 27066 "-" "Mozilla/5.0 (Linux; Android 6.0.1; Nexus 5X Build/MMB29P) AppleWebKit/537.36 (KHTML, like Gecko) Chrome/135.0.7049.52 Mobile Safari/537.36 (compatible; GoogleOther)"
157.230.237.134 - - [09/Apr/2025:08:58:54 -0400] "GET /wp-admin/network/ HTTP/1.1" 403 1242 "binance.com" "Mozilla/5.0 (Windows NT 10.0; Win64; x64) AppleWebKit/537.36 (KHTML, like Gecko) Chrome/90.0.4430.85 Safari/537.36"
66.249.65.97 - - [09/Apr/2025:08:58:54 -0400] "GET /product/tgk/interne/8251552.shtml HTTP/1.1" 200 27313 "-" "Mozilla/5.0 (Linux; Android 6.0.1; Nexus 5X Build/MMB29P) AppleWebKit/537.36 (KHTML, like Gecko) Chrome/135.0.7049.52 Mobile Safari/537.36 (compatible; GoogleOther)"
66.249.65.105 - - [09/Apr/2025:08:58:56 -0400] "GET /shopdetail41650308.shtml HTTP/1.1" 200 24647 "-" "Mozilla/5.0 (Linux; Android 6.0.1; Nexus 5X Build/MMB29P) AppleWebKit/537.36 (KHTML, like Gecko) Chrome/135.0.7049.52 Mobile Safari/537.36 (compatible; GoogleOther)"
66.249.65.97 - - [09/Apr/2025:08:58:58 -0400] "GET /item/31125910.shtml HTTP/1.1" 200 25212 "-" "Mozilla/5.0 (Linux; Android 6.0.1; Nexus 5X Build/MMB29P) AppleWebKit/537.36 (KHTML, like Gecko) Chrome/135.0.7049.52 Mobile Safari/537.36 (compatible; GoogleOther)"
40.77.167.44 - - [09/Apr/2025:08:58:59 -0400] "GET /item/marigenous119054204.shtml HTTP/1.1" 200 27044 "-" "Mozilla/5.0 AppleWebKit/537.36 (KHTML, like Gecko; compatible; bingbot/2.0; +http://www.bing.com/bingbot.htm) Chrome/116.0.1938.76 Safari/537.36"
66.249.65.104 - - [09/Apr/2025:08:58:59 -0400] "GET /entity/qw/mercer/62718158.shtml HTTP/1.1" 200 30000 "-" "Mozilla/5.0 (Linux; Android 6.0.1; Nexus 5X Build/MMB29P) AppleWebKit/537.36 (KHTML, like Gecko) Chrome/135.0.7049.52 Mobile Safari/537.36 (compatible; GoogleOther)"
66.249.65.97 - - [09/Apr/2025:08:59:00 -0400] "GET /item121408202.shtml HTTP/1.1" 200 27234 "-" "Mozilla/5.0 (Linux; Android 6.0.1; Nexus 5X Build/MMB29P) AppleWebKit/537.36 (KHTML, like Gecko) Chrome/135.0.7049.52 Mobile Safari/537.36 (compatible; GoogleOther)"
66.249.65.105 - - [09/Apr/2025:08:59:02 -0400] "GET /detail/pylae/70184016.shtml HTTP/1.1" 200 25319 "-" "Mozilla/5.0 (Linux; Android 6.0.1; Nexus 5X Build/MMB29P) AppleWebKit/537.36 (KHTML, like Gecko) Chrome/135.0.7049.52 Mobile Safari/537.36 (compatible; GoogleOther)"
66.249.65.98 - - [09/Apr/2025:08:59:03 -0400] "GET /shopbrand/do/sancte/103609780.shtml HTTP/1.1" 200 25390 "-" "Mozilla/5.0 (Linux; Android 6.0.1; Nexus 5X Build/MMB29P) AppleWebKit/537.36 (KHTML, like Gecko) Chrome/135.0.7049.52 Mobile Safari/537.36 (compatible; GoogleOther)"
157.230.237.134 - - [09/Apr/2025:08:59:04 -0400] "GET /wp-admin/user/ HTTP/1.1" 403 1242 "binance.com" "Mozilla/5.0 (Windows NT 10.0; Win64; x64) AppleWebKit/537.36 (KHTML, like Gecko) Chrome/90.0.4430.85 Safari/537.36"
66.249.65.96 - - [09/Apr/2025:08:59:04 -0400] "GET /product/faradized/116784570.shtml HTTP/1.1" 200 26044 "-" "Mozilla/5.0 (Linux; Android 6.0.1; Nexus 5X Build/MMB29P) AppleWebKit/537.36 (KHTML, like Gecko) Chrome/135.0.7049.52 Mobile Safari/537.36 (compatible; GoogleOther)"
66.249.65.104 - - [09/Apr/2025:08:59:05 -0400] "GET /entity/58757942.shtml HTTP/1.1" 200 29873 "-" "Mozilla/5.0 (Linux; Android 6.0.1; Nexus 5X Build/MMB29P) AppleWebKit/537.36 (KHTML, like Gecko) Chrome/135.0.7049.52 Mobile Safari/537.36 (compatible; GoogleOther)"
66.249.65.96 - - [09/Apr/2025:08:59:06 -0400] "GET /special73875916.shtml HTTP/1.1" 200 26670 "-" "Mozilla/5.0 (Linux; Android 6.0.1; Nexus 5X Build/MMB29P) AppleWebKit/537.36 (KHTML, like Gecko) Chrome/135.0.7049.52 Mobile Safari/537.36 (compatible; GoogleOther)"
157.230.237.134 - - [09/Apr/2025:08:59:08 -0400] "GET /wp-admin/css/ HTTP/1.1" 200 3671 "binance.com" "Mozilla/5.0 (Windows NT 10.0; Win64; x64) AppleWebKit/537.36 (KHTML, like Gecko) Chrome/90.0.4430.85 Safari/537.36"
66.249.65.96 - - [09/Apr/2025:08:59:09 -0400] "GET /entity/oka/bunkmate/68700034.shtml HTTP/1.1" 200 26954 "-" "Mozilla/5.0 (Linux; Android 6.0.1; Nexus 5X Build/MMB29P) AppleWebKit/537.36 (KHTML, like Gecko) Chrome/135.0.7049.52 Mobile Safari/537.36 (compatible; GoogleOther)"
66.249.65.104 - - [09/Apr/2025:08:59:10 -0400] "GET /item/4976832.shtml HTTP/1.1" 200 25919 "-" "Mozilla/5.0 (Linux; Android 6.0.1; Nexus 5X Build/MMB29P) AppleWebKit/537.36 (KHTML, like Gecko) Chrome/135.0.7049.52 Mobile Safari/537.36 (compatible; GoogleOther)"
157.230.237.134 - - [09/Apr/2025:08:59:11 -0400] "GET /wp-admin/css/colors/ HTTP/1.1" 200 1348 "binance.com" "Mozilla/5.0 (Windows NT 10.0; Win64; x64) AppleWebKit/537.36 (KHTML, like Gecko) Chrome/90.0.4430.85 Safari/537.36"
66.249.65.96 - - [09/Apr/2025:08:59:11 -0400] "GET /entity/40703166.shtml HTTP/1.1" 200 28284 "-" "Mozilla/5.0 (Linux; Android 6.0.1; Nexus 5X Build/MMB29P) AppleWebKit/537.36 (KHTML, like Gecko) Chrome/135.0.7049.52 Mobile Safari/537.36 (compatible; GoogleOther)"
157.230.237.134 - - [09/Apr/2025:08:59:13 -0400] "GET /wp-admin/css/colors/blue/ HTTP/1.1" 200 1250 "binance.com" "Mozilla/5.0 (Windows NT 10.0; Win64; x64) AppleWebKit/537.36 (KHTML, like Gecko) Chrome/90.0.4430.85 Safari/537.36"
66.249.65.104 - - [09/Apr/2025:08:59:12 -0400] "GET /items/kbo/sporocarp52601602.shtml HTTP/1.1" 200 29192 "-" "Mozilla/5.0 (Linux; Android 6.0.1; Nexus 5X Build/MMB29P) AppleWebKit/537.36 (KHTML, like Gecko) Chrome/135.0.7049.52 Mobile Safari/537.36 (compatible; GoogleOther)"
66.249.65.104 - - [09/Apr/2025:08:59:14 -0400] "GET /detail/zc/farcically52755172.shtml HTTP/1.1" 200 27851 "-" "Mozilla/5.0 (Linux; Android 6.0.1; Nexus 5X Build/MMB29P) AppleWebKit/537.36 (KHTML, like Gecko) Chrome/135.0.7049.52 Mobile Safari/537.36 (compatible; GoogleOther)"
66.249.65.104 - - [09/Apr/2025:08:59:15 -0400] "GET /product41657192.shtml HTTP/1.1" 200 27227 "-" "Mozilla/5.0 (Linux; Android 6.0.1; Nexus 5X Build/MMB29P) AppleWebKit/537.36 (KHTML, like Gecko) Chrome/135.0.7049.52 Mobile Safari/537.36 (compatible; GoogleOther)"
207.46.13.17 - - [09/Apr/2025:08:59:15 -0400] "GET /shopping47622772.shtml HTTP/1.1" 200 25652 "-" "Mozilla/5.0 AppleWebKit/537.36 (KHTML, like Gecko; compatible; bingbot/2.0; +http://www.bing.com/bingbot.htm) Chrome/116.0.1938.76 Safari/537.36"
66.249.65.104 - - [09/Apr/2025:08:59:16 -0400] "GET /goodscode/82582946.shtml HTTP/1.1" 200 26327 "-" "Mozilla/5.0 (Linux; Android 6.0.1; Nexus 5X Build/MMB29P) AppleWebKit/537.36 (KHTML, like Gecko) Chrome/135.0.7049.52 Mobile Safari/537.36 (compatible; GoogleOther)"
157.230.237.134 - - [09/Apr/2025:08:59:17 -0400] "GET /wp-admin/css/colors/coffee/ HTTP/1.1" 200 1252 "binance.com" "Mozilla/5.0 (Windows NT 10.0; Win64; x64) AppleWebKit/537.36 (KHTML, like Gecko) Chrome/90.0.4430.85 Safari/537.36"
66.249.65.104 - - [09/Apr/2025:08:59:18 -0400] "GET /detail/caballer62721268.shtml HTTP/1.1" 200 28543 "-" "Mozilla/5.0 (Linux; Android 6.0.1; Nexus 5X Build/MMB29P) AppleWebKit/537.36 (KHTML, like Gecko) Chrome/135.0.7049.52 Mobile Safari/537.36 (compatible; GoogleOther)"
157.230.237.134 - - [09/Apr/2025:08:59:19 -0400] "GET /wp-admin/css/colors/ectoplasm/ HTTP/1.1" 200 890 "binance.com" "Mozilla/5.0 (Windows NT 10.0; Win64; x64) AppleWebKit/537.36 (KHTML, like Gecko) Chrome/90.0.4430.85 Safari/537.36"
66.249.65.105 - - [09/Apr/2025:08:59:19 -0400] "GET /shopbrand/c/vestryman/22166198.shtml HTTP/1.1" 200 27521 "-" "Mozilla/5.0 (Linux; Android 6.0.1; Nexus 5X Build/MMB29P) AppleWebKit/537.36 (KHTML, like Gecko) Chrome/135.0.7049.52 Mobile Safari/537.36 (compatible; GoogleOther)"
66.249.65.104 - - [09/Apr/2025:08:59:20 -0400] "GET /entity/80033126.shtml HTTP/1.1" 200 27076 "-" "Mozilla/5.0 (Linux; Android 6.0.1; Nexus 5X Build/MMB29P) AppleWebKit/537.36 (KHTML, like Gecko) Chrome/135.0.7049.52 Mobile Safari/537.36 (compatible; GoogleOther)"
66.249.65.104 - - [09/Apr/2025:08:59:21 -0400] "GET /detail14075570.shtml HTTP/1.1" 200 30044 "-" "Mozilla/5.0 (Linux; Android 6.0.1; Nexus 5X Build/MMB29P) AppleWebKit/537.36 (KHTML, like Gecko) Chrome/135.0.7049.52 Mobile Safari/537.36 (compatible; GoogleOther)"
66.249.65.105 - - [09/Apr/2025:08:59:22 -0400] "GET /goodscode/q/impedible121666550.shtml HTTP/1.1" 200 28656 "-" "Mozilla/5.0 (Linux; Android 6.0.1; Nexus 5X Build/MMB29P) AppleWebKit/537.36 (KHTML, like Gecko) Chrome/135.0.7049.52 Mobile Safari/537.36 (compatible; GoogleOther)"
66.249.65.96 - - [09/Apr/2025:08:59:24 -0400] "GET /goodscode/1328356.shtml HTTP/1.1" 200 26293 "-" "Mozilla/5.0 (Linux; Android 6.0.1; Nexus 5X Build/MMB29P) AppleWebKit/537.36 (KHTML, like Gecko) Chrome/135.0.7049.52 Mobile Safari/537.36 (compatible; GoogleOther)"
66.249.65.104 - - [09/Apr/2025:08:59:25 -0400] "GET /entity/encompass52316674.shtml HTTP/1.1" 200 24705 "-" "Mozilla/5.0 (Linux; Android 6.0.1; Nexus 5X Build/MMB29P) AppleWebKit/537.36 (KHTML, like Gecko) Chrome/135.0.7049.52 Mobile Safari/537.36 (compatible; GoogleOther)"
66.249.65.104 - - [09/Apr/2025:08:59:26 -0400] "GET /detail/quadrangulum12461652.shtml HTTP/1.1" 200 25432 "-" "Mozilla/5.0 (Linux; Android 6.0.1; Nexus 5X Build/MMB29P) AppleWebKit/537.36 (KHTML, like Gecko) Chrome/135.0.7049.52 Mobile Safari/537.36 (compatible; GoogleOther)"
157.230.237.134 - - [09/Apr/2025:08:59:27 -0400] "GET /wp-admin/css/colors/light/ HTTP/1.1" 200 1250 "binance.com" "Mozilla/5.0 (Windows NT 10.0; Win64; x64) AppleWebKit/537.36 (KHTML, like Gecko) Chrome/90.0.4430.85 Safari/537.36"
40.77.167.44 - - [09/Apr/2025:08:59:27 -0400] "GET /shopping119812266.shtml HTTP/1.1" 200 26450 "-" "Mozilla/5.0 AppleWebKit/537.36 (KHTML, like Gecko; compatible; bingbot/2.0; +http://www.bing.com/bingbot.htm) Chrome/116.0.1938.76 Safari/537.36"
66.249.65.105 - - [09/Apr/2025:08:59:28 -0400] "GET /entity/primitive/17599676.shtml HTTP/1.1" 200 27019 "-" "Mozilla/5.0 (Linux; Android 6.0.1; Nexus 5X Build/MMB29P) AppleWebKit/537.36 (KHTML, like Gecko) Chrome/135.0.7049.52 Mobile Safari/537.36 (compatible; GoogleOther)"
157.230.237.134 - - [09/Apr/2025:08:59:30 -0400] "GET /wp-admin/css/colors/midnight/ HTTP/1.1" 200 1256 "binance.com" "Mozilla/5.0 (Windows NT 10.0; Win64; x64) AppleWebKit/537.36 (KHTML, like Gecko) Chrome/90.0.4430.85 Safari/537.36"
66.249.65.104 - - [09/Apr/2025:08:59:29 -0400] "GET /shopdetail121589512.shtml HTTP/1.1" 200 27026 "-" "Mozilla/5.0 (Linux; Android 6.0.1; Nexus 5X Build/MMB29P) AppleWebKit/537.36 (KHTML, like Gecko) Chrome/135.0.7049.52 Mobile Safari/537.36 (compatible; GoogleOther)"
157.230.237.134 - - [09/Apr/2025:08:59:31 -0400] "GET /wp-admin/css/colors/modern/ HTTP/1.1" 200 887 "binance.com" "Mozilla/5.0 (Windows NT 10.0; Win64; x64) AppleWebKit/537.36 (KHTML, like Gecko) Chrome/90.0.4430.85 Safari/537.36"
66.249.65.104 - - [09/Apr/2025:08:59:31 -0400] "GET /special/femme2663200.shtml HTTP/1.1" 200 26355 "-" "Mozilla/5.0 (Linux; Android 6.0.1; Nexus 5X Build/MMB29P) AppleWebKit/537.36 (KHTML, like Gecko) Chrome/135.0.7049.52 Mobile Safari/537.36 (compatible; GoogleOther)"
157.230.237.134 - - [09/Apr/2025:08:59:33 -0400] "GET /wp-admin/css/colors/ocean/ HTTP/1.1" 200 884 "binance.com" "Mozilla/5.0 (Windows NT 10.0; Win64; x64) AppleWebKit/537.36 (KHTML, like Gecko) Chrome/90.0.4430.85 Safari/537.36"
66.249.65.96 - - [09/Apr/2025:08:59:32 -0400] "GET /entity/ululating/80022894.shtml HTTP/1.1" 200 28202 "-" "Mozilla/5.0 (Linux; Android 6.0.1; Nexus 5X Build/MMB29P) AppleWebKit/537.36 (KHTML, like Gecko) Chrome/135.0.7049.52 Mobile Safari/537.36 (compatible; GoogleOther)"
66.249.65.104 - - [09/Apr/2025:08:59:34 -0400] "GET /item/91111970.shtml HTTP/1.1" 200 26135 "-" "Mozilla/5.0 (Linux; Android 6.0.1; Nexus 5X Build/MMB29P) AppleWebKit/537.36 (KHTML, like Gecko) Chrome/135.0.7049.52 Mobile Safari/537.36 (compatible; GoogleOther)"
198.54.116.86 - - [09/Apr/2025:08:59:35 -0400] "POST /wp-cron.php?doing_wp_cron=1744203575.7771809101104736328125 HTTP/1.1" 200 0 "-" "WordPress/6.7.2; https://servethepeopleinc.org"
157.230.237.134 - - [09/Apr/2025:08:59:35 -0400] "GET /wp-admin/css/colors/sunrise/%20 HTTP/1.1" 302 0 "binance.com" "Mozilla/5.0 (Windows NT 10.0; Win64; x64) AppleWebKit/537.36 (KHTML, like Gecko) Chrome/90.0.4430.85 Safari/537.36"
157.230.237.134 - - [09/Apr/2025:08:59:35 -0400] "GET /wp-login.php?redirect_to=https%3A%2F%2Fservethepeopleinc.org%2Fwp-admin%2Fcss%2Fcolors%2Fsunrise%2F%2520&reauth=1 HTTP/1.1" 200 2051 "binance.com" "Mozilla/5.0 (Windows NT 10.0; Win64; x64) AppleWebKit/537.36 (KHTML, like Gecko) Chrome/90.0.4430.85 Safari/537.36"
198.54.116.86 - - [09/Apr/2025:08:59:35 -0400] "POST /wp-admin/admin-ajax.php?action=async_litespeed&nonce=NJD1NRo79A2UuJjHW2TBohLCimbJZkIz&litespeed_type=imgoptm HTTP/1.1" 200 21 "-" "WordPress/6.7.2; https://servethepeopleinc.org"
66.249.65.104 - - [09/Apr/2025:08:59:35 -0400] "GET /entity/r/bookstall96581180.shtml HTTP/1.1" 200 27527 "-" "Mozilla/5.0 (Linux; Android 6.0.1; Nexus 5X Build/MMB29P) AppleWebKit/537.36 (KHTML, like Gecko) Chrome/135.0.7049.52 Mobile Safari/537.36 (compatible; GoogleOther)"
40.77.167.44 - - [09/Apr/2025:08:59:36 -0400] "GET /items/69246824.shtml HTTP/1.1" 200 25435 "-" "Mozilla/5.0 AppleWebKit/537.36 (KHTML, like Gecko; compatible; bingbot/2.0; +http://www.bing.com/bingbot.htm) Chrome/116.0.1938.76 Safari/537.36"
157.230.237.134 - - [09/Apr/2025:08:59:37 -0400] "GET /wp-admin/images/ HTTP/1.1" 200 3329 "binance.com" "Mozilla/5.0 (Windows NT 10.0; Win64; x64) AppleWebKit/537.36 (KHTML, like Gecko) Chrome/90.0.4430.85 Safari/537.36"
66.249.65.105 - - [09/Apr/2025:08:59:37 -0400] "GET /product/c/infelicity/110755742.shtml HTTP/1.1" 200 26907 "-" "Mozilla/5.0 (Linux; Android 6.0.1; Nexus 5X Build/MMB29P) AppleWebKit/537.36 (KHTML, like Gecko) Chrome/135.0.7049.52 Mobile Safari/537.36 (compatible; GoogleOther)"
157.230.237.134 - - [09/Apr/2025:08:59:38 -0400] "GET /wp-admin/js/ HTTP/1.1" 200 4061 "binance.com" "Mozilla/5.0 (Windows NT 10.0; Win64; x64) AppleWebKit/537.36 (KHTML, like Gecko) Chrome/90.0.4430.85 Safari/537.36"
66.249.65.104 - - [09/Apr/2025:08:59:38 -0400] "GET /products/73879192.shtml HTTP/1.1" 200 25078 "-" "Mozilla/5.0 (Linux; Android 6.0.1; Nexus 5X Build/MMB29P) AppleWebKit/537.36 (KHTML, like Gecko) Chrome/135.0.7049.52 Mobile Safari/537.36 (compatible; GoogleOther)"
157.230.237.134 - - [09/Apr/2025:08:59:39 -0400] "GET /wp-admin/js/widgets/ HTTP/1.1" 200 1610 "binance.com" "Mozilla/5.0 (Windows NT 10.0; Win64; x64) AppleWebKit/537.36 (KHTML, like Gecko) Chrome/90.0.4430.85 Safari/537.36"
66.249.65.96 - - [09/Apr/2025:08:59:39 -0400] "GET /items/17824648.shtml HTTP/1.1" 200 28277 "-" "Mozilla/5.0 (Linux; Android 6.0.1; Nexus 5X Build/MMB29P) AppleWebKit/537.36 (KHTML, like Gecko) Chrome/135.0.7049.52 Mobile Safari/537.36 (compatible; GoogleOther)"
157.230.237.134 - - [09/Apr/2025:08:59:40 -0400] "GET /wp-includes/ HTTP/1.1" 200 9518 "binance.com" "Mozilla/5.0 (Windows NT 10.0; Win64; x64) AppleWebKit/537.36 (KHTML, like Gecko) Chrome/90.0.4430.85 Safari/537.36"
66.249.65.97 - - [09/Apr/2025:08:59:40 -0400] "GET /items/reversing/33227224.shtml HTTP/1.1" 200 27212 "-" "Mozilla/5.0 (Linux; Android 6.0.1; Nexus 5X Build/MMB29P) AppleWebKit/537.36 (KHTML, like Gecko) Chrome/135.0.7049.52 Mobile Safari/537.36 (compatible; GoogleOther)"
157.230.237.134 - - [09/Apr/2025:08:59:41 -0400] "GET /wp-includes/ HTTP/1.1" 200 9412 "binance.com" "Mozilla/5.0 (Windows NT 10.0; Win64; x64) AppleWebKit/537.36 (KHTML, like Gecko) Chrome/90.0.4430.85 Safari/537.36"
66.249.65.96 - - [09/Apr/2025:08:59:41 -0400] "GET /entity/5067400.shtml HTTP/1.1" 200 28364 "-" "Mozilla/5.0 (Linux; Android 6.0.1; Nexus 5X Build/MMB29P) AppleWebKit/537.36 (KHTML, like Gecko) Chrome/135.0.7049.52 Mobile Safari/537.36 (compatible; GoogleOther)"
157.230.237.134 - - [09/Apr/2025:08:59:42 -0400] "GET /wp-includes/block-bindings.php HTTP/1.1" 403 1242 "binance.com" "Mozilla/5.0 (Windows NT 10.0; Win64; x64) AppleWebKit/537.36 (KHTML, like Gecko) Chrome/90.0.4430.85 Safari/537.36"
66.249.65.96 - - [09/Apr/2025:08:59:43 -0400] "GET /shopbrand952538.shtml HTTP/1.1" 200 28205 "-" "Mozilla/5.0 (Linux; Android 6.0.1; Nexus 5X Build/MMB29P) AppleWebKit/537.36 (KHTML, like Gecko) Chrome/135.0.7049.52 Mobile Safari/537.36 (compatible; GoogleOther)"
157.230.237.134 - - [09/Apr/2025:08:59:44 -0400] "GET /wp-includes/block-editor.php HTTP/1.1" 403 1242 "binance.com" "Mozilla/5.0 (Windows NT 10.0; Win64; x64) AppleWebKit/537.36 (KHTML, like Gecko) Chrome/90.0.4430.85 Safari/537.36"
66.249.65.96 - - [09/Apr/2025:08:59:44 -0400] "GET /entity41753318.shtml HTTP/1.1" 200 27824 "-" "Mozilla/5.0 (Linux; Android 6.0.1; Nexus 5X Build/MMB29P) AppleWebKit/537.36 (KHTML, like Gecko) Chrome/135.0.7049.52 Mobile Safari/537.36 (compatible; GoogleOther)"
157.230.237.134 - - [09/Apr/2025:08:59:45 -0400] "GET /wp-includes/block-template-utils.php HTTP/1.1" 403 1242 "binance.com" "Mozilla/5.0 (Windows NT 10.0; Win64; x64) AppleWebKit/537.36 (KHTML, like Gecko) Chrome/90.0.4430.85 Safari/537.36"
66.249.65.96 - - [09/Apr/2025:08:59:45 -0400] "GET /entity/mealiest48208456.shtml HTTP/1.1" 200 28236 "-" "Mozilla/5.0 (Linux; Android 6.0.1; Nexus 5X Build/MMB29P) AppleWebKit/537.36 (KHTML, like Gecko) Chrome/135.0.7049.52 Mobile Safari/537.36 (compatible; GoogleOther)"
157.230.237.134 - - [09/Apr/2025:08:59:46 -0400] "GET /wp-includes/block-template.php HTTP/1.1" 403 1242 "binance.com" "Mozilla/5.0 (Windows NT 10.0; Win64; x64) AppleWebKit/537.36 (KHTML, like Gecko) Chrome/90.0.4430.85 Safari/537.36"
157.55.39.201 - - [09/Apr/2025:08:59:46 -0400] "GET /items/ho/spreader/13520976.shtml HTTP/1.1" 200 24843 "-" "Mozilla/5.0 AppleWebKit/537.36 (KHTML, like Gecko; compatible; bingbot/2.0; +http://www.bing.com/bingbot.htm) Chrome/116.0.1938.76 Safari/537.36"
157.230.237.134 - - [09/Apr/2025:08:59:47 -0400] "GET /wp-includes/class-avif-info.php HTTP/1.1" 403 1242 "binance.com" "Mozilla/5.0 (Windows NT 10.0; Win64; x64) AppleWebKit/537.36 (KHTML, like Gecko) Chrome/90.0.4430.85 Safari/537.36"
66.249.65.96 - - [09/Apr/2025:08:59:47 -0400] "GET /entity/om/helotiaceae29816162.shtml HTTP/1.1" 200 27327 "-" "Mozilla/5.0 (Linux; Android 6.0.1; Nexus 5X Build/MMB29P) AppleWebKit/537.36 (KHTML, like Gecko) Chrome/135.0.7049.52 Mobile Safari/537.36 (compatible; GoogleOther)"
157.230.237.134 - - [09/Apr/2025:08:59:48 -0400] "GET /wp-includes/class-wp-block-bindings-registry.php HTTP/1.1" 403 1242 "binance.com" "Mozilla/5.0 (Windows NT 10.0; Win64; x64) AppleWebKit/537.36 (KHTML, like Gecko) Chrome/90.0.4430.85 Safari/537.36"
66.249.65.105 - - [09/Apr/2025:08:59:48 -0400] "GET /items/nog/macropetalous/20127828.shtml HTTP/1.1" 200 25863 "-" "Mozilla/5.0 (Linux; Android 6.0.1; Nexus 5X Build/MMB29P) AppleWebKit/537.36 (KHTML, like Gecko) Chrome/135.0.7049.52 Mobile Safari/537.36 (compatible; GoogleOther)"
157.230.237.134 - - [09/Apr/2025:08:59:49 -0400] "GET /wp-includes/class-wp-block-bindings-source.php HTTP/1.1" 403 1242 "binance.com" "Mozilla/5.0 (Windows NT 10.0; Win64; x64) AppleWebKit/537.36 (KHTML, like Gecko) Chrome/90.0.4430.85 Safari/537.36"
40.77.167.44 - - [09/Apr/2025:08:59:49 -0400] "GET /product/terminalia/56429314.shtml HTTP/1.1" 200 26137 "-" "Mozilla/5.0 AppleWebKit/537.36 (KHTML, like Gecko; compatible; bingbot/2.0; +http://www.bing.com/bingbot.htm) Chrome/116.0.1938.76 Safari/537.36"
