157.55.39.55 - - [09/Apr/2025:08:22:20 -0400] "GET /product/feathers/92676506.shtml HTTP/1.1" 200 27013 "-" "Mozilla/5.0 AppleWebKit/537.36 (KHTML, like Gecko; compatible; bingbot/2.0; +http://www.bing.com/bingbot.htm) Chrome/116.0.1938.76 Safari/537.36"
66.249.65.105 - - [09/Apr/2025:08:22:20 -0400] "GET /special/ddc/emplacement57872388.shtml HTTP/1.1" 200 26594 "-" "Mozilla/5.0 (Linux; Android 6.0.1; Nexus 5X Build/MMB29P) AppleWebKit/537.36 (KHTML, like Gecko) Chrome/135.0.7049.52 Mobile Safari/537.36 (compatible; GoogleOther)"
66.249.65.104 - - [09/Apr/2025:08:22:22 -0400] "GET /detail/errancy/18031234.shtml HTTP/1.1" 200 27745 "-" "Mozilla/5.0 (Linux; Android 6.0.1; Nexus 5X Build/MMB29P) AppleWebKit/537.36 (KHTML, like Gecko) Chrome/135.0.7049.52 Mobile Safari/537.36 (compatible; GoogleOther)"
66.249.65.96 - - [09/Apr/2025:08:22:23 -0400] "GET /detail/opaca/120615328.shtml HTTP/1.1" 200 27620 "-" "Mozilla/5.0 (Linux; Android 6.0.1; Nexus 5X Build/MMB29P) AppleWebKit/537.36 (KHTML, like Gecko) Chrome/135.0.7049.52 Mobile Safari/537.36 (compatible; GoogleOther)"
66.249.65.96 - - [09/Apr/2025:08:22:25 -0400] "GET /product/t/strongylus77253940.shtml HTTP/1.1" 200 26942 "-" "Mozilla/5.0 (Linux; Android 6.0.1; Nexus 5X Build/MMB29P) AppleWebKit/537.36 (KHTML, like Gecko) Chrome/135.0.7049.52 Mobile Safari/537.36 (compatible; GoogleOther)"
66.249.65.104 - - [09/Apr/2025:08:22:26 -0400] "GET /info/p/gynandromorph/9822772.shtml HTTP/1.1" 200 27943 "-" "Mozilla/5.0 (Linux; Android 6.0.1; Nexus 5X Build/MMB29P) AppleWebKit/537.36 (KHTML, like Gecko) Chrome/135.0.7049.52 Mobile Safari/537.36 (compatible; GoogleOther)"
66.249.65.105 - - [09/Apr/2025:08:22:27 -0400] "GET /items/goo/fulsome/52591670.shtml HTTP/1.1" 200 25436 "-" "Mozilla/5.0 (Linux; Android 6.0.1; Nexus 5X Build/MMB29P) AppleWebKit/537.36 (KHTML, like Gecko) Chrome/135.0.7049.52 Mobile Safari/537.36 (compatible; GoogleOther)"
66.249.65.104 - - [09/Apr/2025:08:22:28 -0400] "GET /entity/diatessaron/90634320.shtml HTTP/1.1" 200 29550 "-" "Mozilla/5.0 (Linux; Android 6.0.1; Nexus 5X Build/MMB29P) AppleWebKit/537.36 (KHTML, like Gecko) Chrome/135.0.7049.52 Mobile Safari/537.36 (compatible; GoogleOther)"
66.249.65.104 - - [09/Apr/2025:08:22:29 -0400] "GET /entity/a/esoterics66454294.shtml HTTP/1.1" 200 26948 "-" "Mozilla/5.0 (Linux; Android 6.0.1; Nexus 5X Build/MMB29P) AppleWebKit/537.36 (KHTML, like Gecko) Chrome/135.0.7049.52 Mobile Safari/537.36 (compatible; GoogleOther)"
66.249.65.96 - - [09/Apr/2025:08:22:31 -0400] "GET /entity/107566700.shtml HTTP/1.1" 200 28241 "-" "Mozilla/5.0 (Linux; Android 6.0.1; Nexus 5X Build/MMB29P) AppleWebKit/537.36 (KHTML, like Gecko) Chrome/135.0.7049.52 Mobile Safari/537.36 (compatible; GoogleOther)"
66.249.65.105 - - [09/Apr/2025:08:22:32 -0400] "GET /item/78575994.shtml HTTP/1.1" 200 26219 "-" "Mozilla/5.0 (Linux; Android 6.0.1; Nexus 5X Build/MMB29P) AppleWebKit/537.36 (KHTML, like Gecko) Chrome/135.0.7049.52 Mobile Safari/537.36 (compatible; GoogleOther)"
66.249.65.104 - - [09/Apr/2025:08:22:33 -0400] "GET /item/fnu/vacillans17012080.shtml HTTP/1.1" 200 27604 "-" "Mozilla/5.0 (Linux; Android 6.0.1; Nexus 5X Build/MMB29P) AppleWebKit/537.36 (KHTML, like Gecko) Chrome/135.0.7049.52 Mobile Safari/537.36 (compatible; GoogleOther)"
66.249.65.105 - - [09/Apr/2025:08:22:34 -0400] "GET /goodscode/jeg/brosme/111853540.shtml HTTP/1.1" 200 26823 "-" "Mozilla/5.0 (Linux; Android 6.0.1; Nexus 5X Build/MMB29P) AppleWebKit/537.36 (KHTML, like Gecko) Chrome/135.0.7049.52 Mobile Safari/537.36 (compatible; GoogleOther)"
66.249.65.105 - - [09/Apr/2025:08:22:36 -0400] "GET /items/tbk/enthrallment58558900.shtml HTTP/1.1" 200 27838 "-" "Mozilla/5.0 (Linux; Android 6.0.1; Nexus 5X Build/MMB29P) AppleWebKit/537.36 (KHTML, like Gecko) Chrome/135.0.7049.52 Mobile Safari/537.36 (compatible; GoogleOther)"
66.249.65.104 - - [09/Apr/2025:08:22:37 -0400] "GET /entity/j/convicting/108470476.shtml HTTP/1.1" 200 27030 "-" "Mozilla/5.0 (Linux; Android 6.0.1; Nexus 5X Build/MMB29P) AppleWebKit/537.36 (KHTML, like Gecko) Chrome/135.0.7049.52 Mobile Safari/537.36 (compatible; GoogleOther)"
66.249.65.105 - - [09/Apr/2025:08:22:38 -0400] "GET /item/aaw/cranmer/50856230.shtml HTTP/1.1" 200 26384 "-" "Mozilla/5.0 (Linux; Android 6.0.1; Nexus 5X Build/MMB29P) AppleWebKit/537.36 (KHTML, like Gecko) Chrome/135.0.7049.52 Mobile Safari/537.36 (compatible; GoogleOther)"
66.249.65.97 - - [09/Apr/2025:08:22:39 -0400] "GET /goodscode/u/marrer2377666.shtml HTTP/1.1" 200 26576 "-" "Mozilla/5.0 (Linux; Android 6.0.1; Nexus 5X Build/MMB29P) AppleWebKit/537.36 (KHTML, like Gecko) Chrome/135.0.7049.52 Mobile Safari/537.36 (compatible; GoogleOther)"
66.249.65.104 - - [09/Apr/2025:08:22:41 -0400] "GET /item/cq/inebriant/2379094.shtml HTTP/1.1" 200 28631 "-" "Mozilla/5.0 (Linux; Android 6.0.1; Nexus 5X Build/MMB29P) AppleWebKit/537.36 (KHTML, like Gecko) Chrome/135.0.7049.52 Mobile Safari/537.36 (compatible; GoogleOther)"
66.249.65.104 - - [09/Apr/2025:08:22:42 -0400] "GET /info82557530.shtml HTTP/1.1" 200 27097 "-" "Mozilla/5.0 (Linux; Android 6.0.1; Nexus 5X Build/MMB29P) AppleWebKit/537.36 (KHTML, like Gecko) Chrome/135.0.7049.52 Mobile Safari/537.36 (compatible; GoogleOther)"
66.249.65.97 - - [09/Apr/2025:08:22:43 -0400] "GET /shopbrand/simplest/20355614.shtml HTTP/1.1" 200 27779 "-" "Mozilla/5.0 (Linux; Android 6.0.1; Nexus 5X Build/MMB29P) AppleWebKit/537.36 (KHTML, like Gecko) Chrome/135.0.7049.52 Mobile Safari/537.36 (compatible; GoogleOther)"
66.249.65.97 - - [09/Apr/2025:08:22:44 -0400] "GET /goodscode/q/drawable/58470326.shtml HTTP/1.1" 200 25362 "-" "Mozilla/5.0 (Linux; Android 6.0.1; Nexus 5X Build/MMB29P) AppleWebKit/537.36 (KHTML, like Gecko) Chrome/135.0.7049.52 Mobile Safari/537.36 (compatible; GoogleOther)"
66.249.65.105 - - [09/Apr/2025:08:22:46 -0400] "GET /goodscode93007346.shtml HTTP/1.1" 200 27858 "-" "Mozilla/5.0 (Linux; Android 6.0.1; Nexus 5X Build/MMB29P) AppleWebKit/537.36 (KHTML, like Gecko) Chrome/135.0.7049.52 Mobile Safari/537.36 (compatible; GoogleOther)"
66.249.65.104 - - [09/Apr/2025:08:22:47 -0400] "GET /entity/t/bindheimite46233512.shtml HTTP/1.1" 200 26120 "-" "Mozilla/5.0 (Linux; Android 6.0.1; Nexus 5X Build/MMB29P) AppleWebKit/537.36 (KHTML, like Gecko) Chrome/135.0.7049.52 Mobile Safari/537.36 (compatible; GoogleOther)"
66.249.65.97 - - [09/Apr/2025:08:22:48 -0400] "GET /entity/scentingly46422364.shtml HTTP/1.1" 200 25179 "-" "Mozilla/5.0 (Linux; Android 6.0.1; Nexus 5X Build/MMB29P) AppleWebKit/537.36 (KHTML, like Gecko) Chrome/135.0.7049.52 Mobile Safari/537.36 (compatible; GoogleOther)"
66.249.65.96 - - [09/Apr/2025:08:22:50 -0400] "GET /entity/digamist/69622838.shtml HTTP/1.1" 200 28330 "-" "Mozilla/5.0 (Linux; Android 6.0.1; Nexus 5X Build/MMB29P) AppleWebKit/537.36 (KHTML, like Gecko) Chrome/135.0.7049.52 Mobile Safari/537.36 (compatible; GoogleOther)"
66.249.65.104 - - [09/Apr/2025:08:22:51 -0400] "GET /special41547556.shtml HTTP/1.1" 200 27114 "-" "Mozilla/5.0 (Linux; Android 6.0.1; Nexus 5X Build/MMB29P) AppleWebKit/537.36 (KHTML, like Gecko) Chrome/135.0.7049.52 Mobile Safari/537.36 (compatible; GoogleOther)"
66.249.65.104 - - [09/Apr/2025:08:22:52 -0400] "GET /product/treadmill43086902.shtml HTTP/1.1" 200 26866 "-" "Mozilla/5.0 (Linux; Android 6.0.1; Nexus 5X Build/MMB29P) AppleWebKit/537.36 (KHTML, like Gecko) Chrome/135.0.7049.52 Mobile Safari/537.36 (compatible; GoogleOther)"
66.249.65.104 - - [09/Apr/2025:08:22:54 -0400] "GET /goodscode/profanely/106305844.shtml HTTP/1.1" 200 26808 "-" "Mozilla/5.0 (Linux; Android 6.0.1; Nexus 5X Build/MMB29P) AppleWebKit/537.36 (KHTML, like Gecko) Chrome/135.0.7049.52 Mobile Safari/537.36 (compatible; GoogleOther)"
40.77.167.18 - - [09/Apr/2025:08:22:55 -0400] "GET /shopping/cupolas23005516.shtml HTTP/1.1" 200 27241 "-" "Mozilla/5.0 AppleWebKit/537.36 (KHTML, like Gecko; compatible; bingbot/2.0; +http://www.bing.com/bingbot.htm) Chrome/116.0.1938.76 Safari/537.36"
66.249.65.104 - - [09/Apr/2025:08:22:55 -0400] "GET /item/67196972.shtml HTTP/1.1" 200 27810 "-" "Mozilla/5.0 (Linux; Android 6.0.1; Nexus 5X Build/MMB29P) AppleWebKit/537.36 (KHTML, like Gecko) Chrome/135.0.7049.52 Mobile Safari/537.36 (compatible; GoogleOther)"
66.249.65.96 - - [09/Apr/2025:08:22:57 -0400] "GET /entity/72702940.shtml HTTP/1.1" 200 24947 "-" "Mozilla/5.0 (Linux; Android 6.0.1; Nexus 5X Build/MMB29P) AppleWebKit/537.36 (KHTML, like Gecko) Chrome/135.0.7049.52 Mobile Safari/537.36 (compatible; GoogleOther)"
66.249.65.104 - - [09/Apr/2025:08:22:58 -0400] "GET /item/83918016.shtml HTTP/1.1" 200 25784 "-" "Mozilla/5.0 (Linux; Android 6.0.1; Nexus 5X Build/MMB29P) AppleWebKit/537.36 (KHTML, like Gecko) Chrome/135.0.7049.52 Mobile Safari/537.36 (compatible; GoogleOther)"
66.249.65.97 - - [09/Apr/2025:08:23:00 -0400] "GET /item72315784.shtml HTTP/1.1" 200 25096 "-" "Mozilla/5.0 (Linux; Android 6.0.1; Nexus 5X Build/MMB29P) AppleWebKit/537.36 (KHTML, like Gecko) Chrome/135.0.7049.52 Mobile Safari/537.36 (compatible; GoogleOther)"
66.249.65.105 - - [09/Apr/2025:08:23:01 -0400] "GET /items/doe/faber/20353532.shtml HTTP/1.1" 200 27919 "-" "Mozilla/5.0 (Linux; Android 6.0.1; Nexus 5X Build/MMB29P) AppleWebKit/537.36 (KHTML, like Gecko) Chrome/135.0.7049.52 Mobile Safari/537.36 (compatible; GoogleOther)"
66.249.65.97 - - [09/Apr/2025:08:23:02 -0400] "GET /goodscode/chrismatory/103231174.shtml HTTP/1.1" 200 27211 "-" "Mozilla/5.0 (Linux; Android 6.0.1; Nexus 5X Build/MMB29P) AppleWebKit/537.36 (KHTML, like Gecko) Chrome/135.0.7049.52 Mobile Safari/537.36 (compatible; GoogleOther)"
66.249.65.105 - - [09/Apr/2025:08:23:03 -0400] "GET /products121554532.shtml HTTP/1.1" 200 27819 "-" "Mozilla/5.0 (Linux; Android 6.0.1; Nexus 5X Build/MMB29P) AppleWebKit/537.36 (KHTML, like Gecko) Chrome/135.0.7049.52 Mobile Safari/537.36 (compatible; GoogleOther)"
66.249.65.104 - - [09/Apr/2025:08:23:04 -0400] "GET /item/18871924.shtml HTTP/1.1" 200 26974 "-" "Mozilla/5.0 (Linux; Android 6.0.1; Nexus 5X Build/MMB29P) AppleWebKit/537.36 (KHTML, like Gecko) Chrome/135.0.7049.52 Mobile Safari/537.36 (compatible; GoogleOther)"
40.77.167.52 - - [09/Apr/2025:08:23:05 -0400] "GET /items9945936.shtml HTTP/1.1" 200 25939 "-" "Mozilla/5.0 AppleWebKit/537.36 (KHTML, like Gecko; compatible; bingbot/2.0; +http://www.bing.com/bingbot.htm) Chrome/116.0.1938.76 Safari/537.36"
66.249.65.105 - - [09/Apr/2025:08:23:06 -0400] "GET /entity/acaroidea52505906.shtml HTTP/1.1" 200 30701 "-" "Mozilla/5.0 (Linux; Android 6.0.1; Nexus 5X Build/MMB29P) AppleWebKit/537.36 (KHTML, like Gecko) Chrome/135.0.7049.52 Mobile Safari/537.36 (compatible; GoogleOther)"
66.249.65.105 - - [09/Apr/2025:08:23:07 -0400] "GET /item/91262246.shtml HTTP/1.1" 200 27556 "-" "Mozilla/5.0 (Linux; Android 6.0.1; Nexus 5X Build/MMB29P) AppleWebKit/537.36 (KHTML, like Gecko) Chrome/135.0.7049.52 Mobile Safari/537.36 (compatible; GoogleOther)"
66.249.65.104 - - [09/Apr/2025:08:23:09 -0400] "GET /entity/lxa/unchancy13999440.shtml HTTP/1.1" 200 26266 "-" "Mozilla/5.0 (Linux; Android 6.0.1; Nexus 5X Build/MMB29P) AppleWebKit/537.36 (KHTML, like Gecko) Chrome/135.0.7049.52 Mobile Safari/537.36 (compatible; GoogleOther)"
40.77.167.74 - - [09/Apr/2025:08:23:09 -0400] "GET /product/illapsable119898030.shtml HTTP/1.1" 200 27090 "-" "Mozilla/5.0 AppleWebKit/537.36 (KHTML, like Gecko; compatible; bingbot/2.0; +http://www.bing.com/bingbot.htm) Chrome/116.0.1938.76 Safari/537.36"
66.249.65.104 - - [09/Apr/2025:08:23:10 -0400] "GET /special/otocoris27483834.shtml HTTP/1.1" 200 27524 "-" "Mozilla/5.0 (Linux; Android 6.0.1; Nexus 5X Build/MMB29P) AppleWebKit/537.36 (KHTML, like Gecko) Chrome/135.0.7049.52 Mobile Safari/537.36 (compatible; GoogleOther)"
66.249.65.104 - - [09/Apr/2025:08:23:11 -0400] "GET /entity/71407370.shtml HTTP/1.1" 200 25594 "-" "Mozilla/5.0 (Linux; Android 6.0.1; Nexus 5X Build/MMB29P) AppleWebKit/537.36 (KHTML, like Gecko) Chrome/135.0.7049.52 Mobile Safari/537.36 (compatible; GoogleOther)"
66.249.65.104 - - [09/Apr/2025:08:23:13 -0400] "GET /entity/iy/shipbuilder70357454.shtml HTTP/1.1" 200 27428 "-" "Mozilla/5.0 (Linux; Android 6.0.1; Nexus 5X Build/MMB29P) AppleWebKit/537.36 (KHTML, like Gecko) Chrome/135.0.7049.52 Mobile Safari/537.36 (compatible; GoogleOther)"
66.249.65.105 - - [09/Apr/2025:08:23:26 -0400] "GET /entity/h/spurrier110450188.shtml HTTP/1.1" 200 27598 "-" "Mozilla/5.0 (Linux; Android 6.0.1; Nexus 5X Build/MMB29P) AppleWebKit/537.36 (KHTML, like Gecko) Chrome/135.0.7049.52 Mobile Safari/537.36 (compatible; GoogleOther)"
66.249.65.105 - - [09/Apr/2025:08:23:28 -0400] "GET /goodscode/h/spanpiece95732260.shtml HTTP/1.1" 200 26614 "-" "Mozilla/5.0 (Linux; Android 6.0.1; Nexus 5X Build/MMB29P) AppleWebKit/537.36 (KHTML, like Gecko) Chrome/135.0.7049.52 Mobile Safari/537.36 (compatible; GoogleOther)"
66.249.65.104 - - [09/Apr/2025:08:23:29 -0400] "GET /products/52782996.shtml HTTP/1.1" 200 27376 "-" "Mozilla/5.0 (Linux; Android 6.0.1; Nexus 5X Build/MMB29P) AppleWebKit/537.36 (KHTML, like Gecko) Chrome/135.0.7049.52 Mobile Safari/537.36 (compatible; GoogleOther)"
66.249.65.104 - - [09/Apr/2025:08:23:31 -0400] "GET /shopping83179282.shtml HTTP/1.1" 200 27009 "-" "Mozilla/5.0 (Linux; Android 6.0.1; Nexus 5X Build/MMB29P) AppleWebKit/537.36 (KHTML, like Gecko) Chrome/135.0.7049.52 Mobile Safari/537.36 (compatible; GoogleOther)"
52.167.144.25 - - [09/Apr/2025:08:23:31 -0400] "GET /item/75985858.shtml HTTP/1.1" 200 27053 "-" "Mozilla/5.0 AppleWebKit/537.36 (KHTML, like Gecko; compatible; bingbot/2.0; +http://www.bing.com/bingbot.htm) Chrome/116.0.1938.76 Safari/537.36"
66.249.65.104 - - [09/Apr/2025:08:23:32 -0400] "GET /entity/3248826.shtml HTTP/1.1" 200 28314 "-" "Mozilla/5.0 (Linux; Android 6.0.1; Nexus 5X Build/MMB29P) AppleWebKit/537.36 (KHTML, like Gecko) Chrome/135.0.7049.52 Mobile Safari/537.36 (compatible; GoogleOther)"
66.249.65.96 - - [09/Apr/2025:08:23:34 -0400] "GET /entity/mku/involucral/99194050.shtml HTTP/1.1" 200 26817 "-" "Mozilla/5.0 (Linux; Android 6.0.1; Nexus 5X Build/MMB29P) AppleWebKit/537.36 (KHTML, like Gecko) Chrome/135.0.7049.52 Mobile Safari/537.36 (compatible; GoogleOther)"
66.249.65.105 - - [09/Apr/2025:08:23:35 -0400] "GET /item/57415764.shtml HTTP/1.1" 200 24963 "-" "Mozilla/5.0 (Linux; Android 6.0.1; Nexus 5X Build/MMB29P) AppleWebKit/537.36 (KHTML, like Gecko) Chrome/135.0.7049.52 Mobile Safari/537.36 (compatible; GoogleOther)"
66.249.65.104 - - [09/Apr/2025:08:23:36 -0400] "GET /shopbrand/range/87432434.shtml HTTP/1.1" 200 25935 "-" "Mozilla/5.0 (Linux; Android 6.0.1; Nexus 5X Build/MMB29P) AppleWebKit/537.36 (KHTML, like Gecko) Chrome/135.0.7049.52 Mobile Safari/537.36 (compatible; GoogleOther)"
66.249.65.104 - - [09/Apr/2025:08:23:37 -0400] "GET /info/valetudinary/51568672.shtml HTTP/1.1" 200 26275 "-" "Mozilla/5.0 (Linux; Android 6.0.1; Nexus 5X Build/MMB29P) AppleWebKit/537.36 (KHTML, like Gecko) Chrome/135.0.7049.52 Mobile Safari/537.36 (compatible; GoogleOther)"
66.249.65.104 - - [09/Apr/2025:08:23:38 -0400] "GET /entity/103587184.shtml HTTP/1.1" 200 27053 "-" "Mozilla/5.0 (Linux; Android 6.0.1; Nexus 5X Build/MMB29P) AppleWebKit/537.36 (KHTML, like Gecko) Chrome/135.0.7049.52 Mobile Safari/537.36 (compatible; GoogleOther)"
66.249.65.97 - - [09/Apr/2025:08:23:39 -0400] "GET /info/ui/waver45216842.shtml HTTP/1.1" 200 25929 "-" "Mozilla/5.0 (Linux; Android 6.0.1; Nexus 5X Build/MMB29P) AppleWebKit/537.36 (KHTML, like Gecko) Chrome/135.0.7049.52 Mobile Safari/537.36 (compatible; GoogleOther)"
66.249.65.96 - - [09/Apr/2025:08:23:40 -0400] "GET /entity/h/shaving76612368.shtml HTTP/1.1" 200 25124 "-" "Mozilla/5.0 (Linux; Android 6.0.1; Nexus 5X Build/MMB29P) AppleWebKit/537.36 (KHTML, like Gecko) Chrome/135.0.7049.52 Mobile Safari/537.36 (compatible; GoogleOther)"
66.249.65.105 - - [09/Apr/2025:08:23:42 -0400] "GET /entity/32092552.shtml HTTP/1.1" 200 27053 "-" "Mozilla/5.0 (Linux; Android 6.0.1; Nexus 5X Build/MMB29P) AppleWebKit/537.36 (KHTML, like Gecko) Chrome/135.0.7049.52 Mobile Safari/537.36 (compatible; GoogleOther)"
3.140.188.79 - - [09/Apr/2025:08:23:44 -0400] "GET /ad917/?path=%2Fhome%2Fservlmvm%2Fpublic_html%2Fad917%2F.%2F..%2Fwp-includes%2F.%2Fblocks%2Fbutton%2Feditor.min.css HTTP/1.1" 200 1232 "-" "Mozilla/5.0 AppleWebKit/537.36 (KHTML, like Gecko; compatible; ClaudeBot/1.0; +claudebot@anthropic.com)"
66.249.65.97 - - [09/Apr/2025:08:23:44 -0400] "GET /entity/jaunted41105022.shtml HTTP/1.1" 200 28408 "-" "Mozilla/5.0 (Linux; Android 6.0.1; Nexus 5X Build/MMB29P) AppleWebKit/537.36 (KHTML, like Gecko) Chrome/135.0.7049.52 Mobile Safari/537.36 (compatible; GoogleOther)"
66.249.65.97 - - [09/Apr/2025:08:23:45 -0400] "GET /entity/b/cataphractum/49975024.shtml HTTP/1.1" 200 26356 "-" "Mozilla/5.0 (Linux; Android 6.0.1; Nexus 5X Build/MMB29P) AppleWebKit/537.36 (KHTML, like Gecko) Chrome/135.0.7049.52 Mobile Safari/537.36 (compatible; GoogleOther)"
3.140.188.79 - - [09/Apr/2025:08:23:46 -0400] "GET /ad917/?path=%2Fhome%2Fservlmvm%2Fpublic_html%2Fad917%2F.%2F..%2Fwp-includes%2F.%2Fblocks%2Favatar%2Feditor.min.css HTTP/1.1" 200 1076 "-" "Mozilla/5.0 AppleWebKit/537.36 (KHTML, like Gecko; compatible; ClaudeBot/1.0; +claudebot@anthropic.com)"
66.249.65.96 - - [09/Apr/2025:08:23:46 -0400] "GET /entity/cks/gentility/43794366.shtml HTTP/1.1" 200 28127 "-" "Mozilla/5.0 (Linux; Android 6.0.1; Nexus 5X Build/MMB29P) AppleWebKit/537.36 (KHTML, like Gecko) Chrome/135.0.7049.52 Mobile Safari/537.36 (compatible; GoogleOther)"
3.140.188.79 - - [09/Apr/2025:08:23:49 -0400] "GET /ad917/?path=%2Fhome%2Fservlmvm%2Fpublic_html%2Fad917%2F.%2F..%2Fwp-includes%2F.%2Fblocks%2Fbutton%2Feditor-rtl.css HTTP/1.1" 200 1240 "-" "Mozilla/5.0 AppleWebKit/537.36 (KHTML, like Gecko; compatible; ClaudeBot/1.0; +claudebot@anthropic.com)"
66.249.65.104 - - [09/Apr/2025:08:23:50 -0400] "GET /entity/pc/fogies/93008008.shtml HTTP/1.1" 200 26338 "-" "Mozilla/5.0 (Linux; Android 6.0.1; Nexus 5X Build/MMB29P) AppleWebKit/537.36 (KHTML, like Gecko) Chrome/135.0.7049.52 Mobile Safari/537.36 (compatible; GoogleOther)"
66.249.65.96 - - [09/Apr/2025:08:23:51 -0400] "GET /goodscode/hastile37559890.shtml HTTP/1.1" 200 27599 "-" "Mozilla/5.0 (Linux; Android 6.0.1; Nexus 5X Build/MMB29P) AppleWebKit/537.36 (KHTML, like Gecko) Chrome/135.0.7049.52 Mobile Safari/537.36 (compatible; GoogleOther)"
66.249.65.97 - - [09/Apr/2025:08:23:53 -0400] "GET /product83180202.shtml HTTP/1.1" 200 26366 "-" "Mozilla/5.0 (Linux; Android 6.0.1; Nexus 5X Build/MMB29P) AppleWebKit/537.36 (KHTML, like Gecko) Chrome/135.0.7049.52 Mobile Safari/537.36 (compatible; GoogleOther)"
66.249.65.105 - - [09/Apr/2025:08:23:54 -0400] "GET /special/22265560.shtml HTTP/1.1" 200 24851 "-" "Mozilla/5.0 (Linux; Android 6.0.1; Nexus 5X Build/MMB29P) AppleWebKit/537.36 (KHTML, like Gecko) Chrome/135.0.7049.52 Mobile Safari/537.36 (compatible; GoogleOther)"
66.249.65.105 - - [09/Apr/2025:08:23:55 -0400] "GET /goodscode/do/mutinying17717428.shtml HTTP/1.1" 200 29268 "-" "Mozilla/5.0 (Linux; Android 6.0.1; Nexus 5X Build/MMB29P) AppleWebKit/537.36 (KHTML, like Gecko) Chrome/135.0.7049.52 Mobile Safari/537.36 (compatible; GoogleOther)"
66.249.65.98 - - [09/Apr/2025:08:23:57 -0400] "GET /goodscode/xew/harmonies/20353264.shtml HTTP/1.1" 200 28838 "-" "Mozilla/5.0 (Linux; Android 6.0.1; Nexus 5X Build/MMB29P) AppleWebKit/537.36 (KHTML, like Gecko) Chrome/135.0.7049.52 Mobile Safari/537.36 (compatible; GoogleOther)"
66.249.65.97 - - [09/Apr/2025:08:23:58 -0400] "GET /entity/immigrant1606348.shtml HTTP/1.1" 200 30682 "-" "Mozilla/5.0 (Linux; Android 6.0.1; Nexus 5X Build/MMB29P) AppleWebKit/537.36 (KHTML, like Gecko) Chrome/135.0.7049.52 Mobile Safari/537.36 (compatible; GoogleOther)"
66.249.65.97 - - [09/Apr/2025:08:23:59 -0400] "GET /goods/nonresilient5107326.shtml HTTP/1.1" 200 28039 "-" "Mozilla/5.0 (Linux; Android 6.0.1; Nexus 5X Build/MMB29P) AppleWebKit/537.36 (KHTML, like Gecko) Chrome/135.0.7049.52 Mobile Safari/537.36 (compatible; GoogleOther)"
66.249.65.98 - - [09/Apr/2025:08:24:01 -0400] "GET /entity/ru/bumkin/117721208.shtml HTTP/1.1" 200 28393 "-" "Mozilla/5.0 (Linux; Android 6.0.1; Nexus 5X Build/MMB29P) AppleWebKit/537.36 (KHTML, like Gecko) Chrome/135.0.7049.52 Mobile Safari/537.36 (compatible; GoogleOther)"
66.249.65.105 - - [09/Apr/2025:08:24:02 -0400] "GET /item27268500.shtml HTTP/1.1" 200 25102 "-" "Mozilla/5.0 (Linux; Android 6.0.1; Nexus 5X Build/MMB29P) AppleWebKit/537.36 (KHTML, like Gecko) Chrome/135.0.7049.52 Mobile Safari/537.36 (compatible; GoogleOther)"
66.249.65.97 - - [09/Apr/2025:08:24:03 -0400] "GET /entity/podophyllous68980322.shtml HTTP/1.1" 200 27572 "-" "Mozilla/5.0 (Linux; Android 6.0.1; Nexus 5X Build/MMB29P) AppleWebKit/537.36 (KHTML, like Gecko) Chrome/135.0.7049.52 Mobile Safari/537.36 (compatible; GoogleOther)"
66.249.65.105 - - [09/Apr/2025:08:24:04 -0400] "GET /shopping/ifu/endable41648822.shtml HTTP/1.1" 200 24634 "-" "Mozilla/5.0 (Linux; Android 6.0.1; Nexus 5X Build/MMB29P) AppleWebKit/537.36 (KHTML, like Gecko) Chrome/135.0.7049.52 Mobile Safari/537.36 (compatible; GoogleOther)"
66.249.65.104 - - [09/Apr/2025:08:24:06 -0400] "GET /special117617870.shtml HTTP/1.1" 200 27453 "-" "Mozilla/5.0 (Linux; Android 6.0.1; Nexus 5X Build/MMB29P) AppleWebKit/537.36 (KHTML, like Gecko) Chrome/135.0.7049.52 Mobile Safari/537.36 (compatible; GoogleOther)"
66.249.65.105 - - [09/Apr/2025:08:24:07 -0400] "GET /entity/qkw/atomisation/47429066.shtml HTTP/1.1" 200 26070 "-" "Mozilla/5.0 (Linux; Android 6.0.1; Nexus 5X Build/MMB29P) AppleWebKit/537.36 (KHTML, like Gecko) Chrome/135.0.7049.52 Mobile Safari/537.36 (compatible; GoogleOther)"
66.249.65.104 - - [09/Apr/2025:08:24:08 -0400] "GET /goodscode/derogator/29718004.shtml HTTP/1.1" 200 25647 "-" "Mozilla/5.0 (Linux; Android 6.0.1; Nexus 5X Build/MMB29P) AppleWebKit/537.36 (KHTML, like Gecko) Chrome/135.0.7049.52 Mobile Safari/537.36 (compatible; GoogleOther)"
66.249.65.104 - - [09/Apr/2025:08:24:09 -0400] "GET /goods/33235288.shtml HTTP/1.1" 200 26669 "-" "Mozilla/5.0 (Linux; Android 6.0.1; Nexus 5X Build/MMB29P) AppleWebKit/537.36 (KHTML, like Gecko) Chrome/135.0.7049.52 Mobile Safari/537.36 (compatible; GoogleOther)"
66.249.65.96 - - [09/Apr/2025:08:24:10 -0400] "GET /items53512918.shtml HTTP/1.1" 200 26215 "-" "Mozilla/5.0 (Linux; Android 6.0.1; Nexus 5X Build/MMB29P) AppleWebKit/537.36 (KHTML, like Gecko) Chrome/135.0.7049.52 Mobile Safari/537.36 (compatible; GoogleOther)"
66.249.65.105 - - [09/Apr/2025:08:24:11 -0400] "GET /entity/xkk/gravidity/6384336.shtml HTTP/1.1" 200 27844 "-" "Mozilla/5.0 (Linux; Android 6.0.1; Nexus 5X Build/MMB29P) AppleWebKit/537.36 (KHTML, like Gecko) Chrome/135.0.7049.52 Mobile Safari/537.36 (compatible; GoogleOther)"
66.249.65.104 - - [09/Apr/2025:08:24:12 -0400] "GET /product/surfer74002718.shtml HTTP/1.1" 200 27425 "-" "Mozilla/5.0 (Linux; Android 6.0.1; Nexus 5X Build/MMB29P) AppleWebKit/537.36 (KHTML, like Gecko) Chrome/135.0.7049.52 Mobile Safari/537.36 (compatible; GoogleOther)"
66.249.65.104 - - [09/Apr/2025:08:24:13 -0400] "GET /entity33026510.shtml HTTP/1.1" 200 27243 "-" "Mozilla/5.0 (Linux; Android 6.0.1; Nexus 5X Build/MMB29P) AppleWebKit/537.36 (KHTML, like Gecko) Chrome/135.0.7049.52 Mobile Safari/537.36 (compatible; GoogleOther)"
40.77.167.74 - - [09/Apr/2025:08:24:14 -0400] "GET /product/cleopatra62563196.shtml HTTP/1.1" 200 25319 "-" "Mozilla/5.0 AppleWebKit/537.36 (KHTML, like Gecko; compatible; bingbot/2.0; +http://www.bing.com/bingbot.htm) Chrome/116.0.1938.76 Safari/537.36"
66.249.65.104 - - [09/Apr/2025:08:24:15 -0400] "GET /items/12373684.shtml HTTP/1.1" 200 27229 "-" "Mozilla/5.0 (Linux; Android 6.0.1; Nexus 5X Build/MMB29P) AppleWebKit/537.36 (KHTML, like Gecko) Chrome/135.0.7049.52 Mobile Safari/537.36 (compatible; GoogleOther)"
66.249.65.105 - - [09/Apr/2025:08:24:16 -0400] "GET /goodscode/105578168.shtml HTTP/1.1" 200 26531 "-" "Mozilla/5.0 (Linux; Android 6.0.1; Nexus 5X Build/MMB29P) AppleWebKit/537.36 (KHTML, like Gecko) Chrome/135.0.7049.52 Mobile Safari/537.36 (compatible; GoogleOther)"
66.249.65.105 - - [09/Apr/2025:08:24:17 -0400] "GET /item/121112606.shtml HTTP/1.1" 200 27875 "-" "Mozilla/5.0 (Linux; Android 6.0.1; Nexus 5X Build/MMB29P) AppleWebKit/537.36 (KHTML, like Gecko) Chrome/135.0.7049.52 Mobile Safari/537.36 (compatible; GoogleOther)"
40.77.167.52 - - [09/Apr/2025:08:24:18 -0400] "GET /products/prophets87173668.shtml HTTP/1.1" 200 27134 "-" "Mozilla/5.0 AppleWebKit/537.36 (KHTML, like Gecko; compatible; bingbot/2.0; +http://www.bing.com/bingbot.htm) Chrome/116.0.1938.76 Safari/537.36"
66.249.65.104 - - [09/Apr/2025:08:24:19 -0400] "GET /entity/h/sermonize36412652.shtml HTTP/1.1" 200 27969 "-" "Mozilla/5.0 (Linux; Android 6.0.1; Nexus 5X Build/MMB29P) AppleWebKit/537.36 (KHTML, like Gecko) Chrome/135.0.7049.52 Mobile Safari/537.36 (compatible; GoogleOther)"
198.54.116.86 - - [09/Apr/2025:08:24:20 -0400] "POST /wp-cron.php?doing_wp_cron=1744201460.4176208972930908203125 HTTP/1.1" 200 0 "-" "WordPress/6.7.2; https://servethepeopleinc.org"
178.32.125.101 - - [09/Apr/2025:08:24:20 -0400] "POST /xmlrpc.php HTTP/1.1" 200 210 "-" "Mozilla/5.0 (Windows NT 10.0; Win64; x64; rv:44.0) Gecko/20100101 Firefox/44.0"
198.54.116.86 - - [09/Apr/2025:08:24:20 -0400] "POST /wp-admin/admin-ajax.php?action=async_litespeed&nonce=vjhbAebF8f41AFVsFFHarWDU1wG6UrQU&litespeed_type=imgoptm HTTP/1.1" 200 21 "-" "WordPress/6.7.2; https://servethepeopleinc.org"
66.249.65.104 - - [09/Apr/2025:08:24:20 -0400] "GET /entity/ge/forewent31797822.shtml HTTP/1.1" 200 26320 "-" "Mozilla/5.0 (Linux; Android 6.0.1; Nexus 5X Build/MMB29P) AppleWebKit/537.36 (KHTML, like Gecko) Chrome/135.0.7049.52 Mobile Safari/537.36 (compatible; GoogleOther)"
66.249.65.104 - - [09/Apr/2025:08:24:22 -0400] "GET /goodscode/streamer/19503250.shtml HTTP/1.1" 200 27701 "-" "Mozilla/5.0 (Linux; Android 6.0.1; Nexus 5X Build/MMB29P) AppleWebKit/537.36 (KHTML, like Gecko) Chrome/135.0.7049.52 Mobile Safari/537.36 (compatible; GoogleOther)"
66.249.65.104 - - [09/Apr/2025:08:24:23 -0400] "GET /shopbrand/t/unworldliness/20177220.shtml HTTP/1.1" 200 28253 "-" "Mozilla/5.0 (Linux; Android 6.0.1; Nexus 5X Build/MMB29P) AppleWebKit/537.36 (KHTML, like Gecko) Chrome/135.0.7049.52 Mobile Safari/537.36 (compatible; GoogleOther)"
66.249.65.104 - - [09/Apr/2025:08:24:25 -0400] "GET /detail/wantoning/124196750.shtml HTTP/1.1" 200 25477 "-" "Mozilla/5.0 (Linux; Android 6.0.1; Nexus 5X Build/MMB29P) AppleWebKit/537.36 (KHTML, like Gecko) Chrome/135.0.7049.52 Mobile Safari/537.36 (compatible; GoogleOther)"
40.77.167.52 - - [09/Apr/2025:08:24:25 -0400] "GET /detail53213996.shtml HTTP/1.1" 200 27988 "-" "Mozilla/5.0 AppleWebKit/537.36 (KHTML, like Gecko; compatible; bingbot/2.0; +http://www.bing.com/bingbot.htm) Chrome/116.0.1938.76 Safari/537.36"
66.249.65.105 - - [09/Apr/2025:08:24:26 -0400] "GET /goods/80312148.shtml HTTP/1.1" 200 30464 "-" "Mozilla/5.0 (Linux; Android 6.0.1; Nexus 5X Build/MMB29P) AppleWebKit/537.36 (KHTML, like Gecko) Chrome/135.0.7049.52 Mobile Safari/537.36 (compatible; GoogleOther)"
66.249.65.96 - - [09/Apr/2025:08:24:28 -0400] "GET /entity/xkw/enroll/20476660.shtml HTTP/1.1" 200 27370 "-" "Mozilla/5.0 (Linux; Android 6.0.1; Nexus 5X Build/MMB29P) AppleWebKit/537.36 (KHTML, like Gecko) Chrome/135.0.7049.52 Mobile Safari/537.36 (compatible; GoogleOther)"
66.249.65.105 - - [09/Apr/2025:08:24:29 -0400] "GET /items/r/unrelentingly/7921620.shtml HTTP/1.1" 200 24549 "-" "Mozilla/5.0 (Linux; Android 6.0.1; Nexus 5X Build/MMB29P) AppleWebKit/537.36 (KHTML, like Gecko) Chrome/135.0.7049.52 Mobile Safari/537.36 (compatible; GoogleOther)"
40.77.167.74 - - [09/Apr/2025:08:24:29 -0400] "GET /shopbrand/68972248.shtml HTTP/1.1" 200 26160 "-" "Mozilla/5.0 AppleWebKit/537.36 (KHTML, like Gecko; compatible; bingbot/2.0; +http://www.bing.com/bingbot.htm) Chrome/116.0.1938.76 Safari/537.36"
66.249.65.105 - - [09/Apr/2025:08:24:30 -0400] "GET /product/greenheaded940406.shtml HTTP/1.1" 200 29883 "-" "Mozilla/5.0 (Linux; Android 6.0.1; Nexus 5X Build/MMB29P) AppleWebKit/537.36 (KHTML, like Gecko) Chrome/135.0.7049.52 Mobile Safari/537.36 (compatible; GoogleOther)"
66.249.65.104 - - [09/Apr/2025:08:24:31 -0400] "GET /detail/q/aragonese/41938554.shtml HTTP/1.1" 200 28034 "-" "Mozilla/5.0 (Linux; Android 6.0.1; Nexus 5X Build/MMB29P) AppleWebKit/537.36 (KHTML, like Gecko) Chrome/135.0.7049.52 Mobile Safari/537.36 (compatible; GoogleOther)"
66.249.65.96 - - [09/Apr/2025:08:24:32 -0400] "GET /items/ge/encephalous45316782.shtml HTTP/1.1" 200 27887 "-" "Mozilla/5.0 (Linux; Android 6.0.1; Nexus 5X Build/MMB29P) AppleWebKit/537.36 (KHTML, like Gecko) Chrome/135.0.7049.52 Mobile Safari/537.36 (compatible; GoogleOther)"
66.249.65.104 - - [09/Apr/2025:08:24:34 -0400] "GET /special314018.shtml HTTP/1.1" 200 26798 "-" "Mozilla/5.0 (Linux; Android 6.0.1; Nexus 5X Build/MMB29P) AppleWebKit/537.36 (KHTML, like Gecko) Chrome/135.0.7049.52 Mobile Safari/537.36 (compatible; GoogleOther)"
66.249.65.104 - - [09/Apr/2025:08:24:35 -0400] "GET /item/103114010.shtml HTTP/1.1" 200 24845 "-" "Mozilla/5.0 (Linux; Android 6.0.1; Nexus 5X Build/MMB29P) AppleWebKit/537.36 (KHTML, like Gecko) Chrome/135.0.7049.52 Mobile Safari/537.36 (compatible; GoogleOther)"
40.77.167.74 - - [09/Apr/2025:08:24:35 -0400] "GET /product/118497434.shtml HTTP/1.1" 200 27226 "-" "Mozilla/5.0 AppleWebKit/537.36 (KHTML, like Gecko; compatible; bingbot/2.0; +http://www.bing.com/bingbot.htm) Chrome/116.0.1938.76 Safari/537.36"
66.249.65.96 - - [09/Apr/2025:08:24:36 -0400] "GET /shopbrand43703226.shtml HTTP/1.1" 200 25513 "-" "Mozilla/5.0 (Linux; Android 6.0.1; Nexus 5X Build/MMB29P) AppleWebKit/537.36 (KHTML, like Gecko) Chrome/135.0.7049.52 Mobile Safari/537.36 (compatible; GoogleOther)"
66.249.65.97 - - [09/Apr/2025:08:24:38 -0400] "GET /entity/de/vicemen/117806888.shtml HTTP/1.1" 200 27258 "-" "Mozilla/5.0 (Linux; Android 6.0.1; Nexus 5X Build/MMB29P) AppleWebKit/537.36 (KHTML, like Gecko) Chrome/135.0.7049.52 Mobile Safari/537.36 (compatible; GoogleOther)"
66.249.65.105 - - [09/Apr/2025:08:24:40 -0400] "GET /goodscode/nebulize34551410.shtml HTTP/1.1" 200 28689 "-" "Mozilla/5.0 (Linux; Android 6.0.1; Nexus 5X Build/MMB29P) AppleWebKit/537.36 (KHTML, like Gecko) Chrome/135.0.7049.52 Mobile Safari/537.36 (compatible; GoogleOther)"
66.249.65.104 - - [09/Apr/2025:08:24:41 -0400] "GET /entity/36698992.shtml HTTP/1.1" 200 27314 "-" "Mozilla/5.0 (Linux; Android 6.0.1; Nexus 5X Build/MMB29P) AppleWebKit/537.36 (KHTML, like Gecko) Chrome/135.0.7049.52 Mobile Safari/537.36 (compatible; GoogleOther)"
66.249.65.96 - - [09/Apr/2025:08:24:42 -0400] "GET /entity/52699462.shtml HTTP/1.1" 200 28222 "-" "Mozilla/5.0 (Linux; Android 6.0.1; Nexus 5X Build/MMB29P) AppleWebKit/537.36 (KHTML, like Gecko) Chrome/135.0.7049.52 Mobile Safari/537.36 (compatible; GoogleOther)"
66.249.65.105 - - [09/Apr/2025:08:24:44 -0400] "GET /goodscode/t/tigrish62127492.shtml HTTP/1.1" 200 26674 "-" "Mozilla/5.0 (Linux; Android 6.0.1; Nexus 5X Build/MMB29P) AppleWebKit/537.36 (KHTML, like Gecko) Chrome/135.0.7049.52 Mobile Safari/537.36 (compatible; GoogleOther)"
40.77.167.74 - - [09/Apr/2025:08:24:44 -0400] "GET /goods/squail62967136.shtml HTTP/1.1" 200 27863 "-" "Mozilla/5.0 AppleWebKit/537.36 (KHTML, like Gecko; compatible; bingbot/2.0; +http://www.bing.com/bingbot.htm) Chrome/116.0.1938.76 Safari/537.36"
66.249.65.105 - - [09/Apr/2025:08:24:45 -0400] "GET /goodscode/21095152.shtml HTTP/1.1" 200 27884 "-" "Mozilla/5.0 (Linux; Android 6.0.1; Nexus 5X Build/MMB29P) AppleWebKit/537.36 (KHTML, like Gecko) Chrome/135.0.7049.52 Mobile Safari/537.36 (compatible; GoogleOther)"
66.249.65.105 - - [09/Apr/2025:08:24:46 -0400] "GET /entity/jk/worthlessness/109448908.shtml HTTP/1.1" 200 25651 "-" "Mozilla/5.0 (Linux; Android 6.0.1; Nexus 5X Build/MMB29P) AppleWebKit/537.36 (KHTML, like Gecko) Chrome/135.0.7049.52 Mobile Safari/537.36 (compatible; GoogleOther)"
66.249.65.104 - - [09/Apr/2025:08:24:48 -0400] "GET /goodscode/jk/redispose/87434188.shtml HTTP/1.1" 200 27117 "-" "Mozilla/5.0 (Linux; Android 6.0.1; Nexus 5X Build/MMB29P) AppleWebKit/537.36 (KHTML, like Gecko) Chrome/135.0.7049.52 Mobile Safari/537.36 (compatible; GoogleOther)"
66.249.65.104 - - [09/Apr/2025:08:24:49 -0400] "GET /entity/y/iridectomy/104788870.shtml HTTP/1.1" 200 28779 "-" "Mozilla/5.0 (Linux; Android 6.0.1; Nexus 5X Build/MMB29P) AppleWebKit/537.36 (KHTML, like Gecko) Chrome/135.0.7049.52 Mobile Safari/537.36 (compatible; GoogleOther)"
40.77.167.74 - - [09/Apr/2025:08:24:49 -0400] "GET /goods/ni/prelumbar50535740.shtml HTTP/1.1" 200 25485 "-" "Mozilla/5.0 AppleWebKit/537.36 (KHTML, like Gecko; compatible; bingbot/2.0; +http://www.bing.com/bingbot.htm) Chrome/116.0.1938.76 Safari/537.36"
66.249.65.97 - - [09/Apr/2025:08:24:50 -0400] "GET /items/919380.shtml HTTP/1.1" 200 27078 "-" "Mozilla/5.0 (Linux; Android 6.0.1; Nexus 5X Build/MMB29P) AppleWebKit/537.36 (KHTML, like Gecko) Chrome/135.0.7049.52 Mobile Safari/537.36 (compatible; GoogleOther)"
66.249.65.98 - - [09/Apr/2025:08:24:51 -0400] "GET /items70369636.shtml HTTP/1.1" 200 26174 "-" "Mozilla/5.0 (Linux; Android 6.0.1; Nexus 5X Build/MMB29P) AppleWebKit/537.36 (KHTML, like Gecko) Chrome/135.0.7049.52 Mobile Safari/537.36 (compatible; GoogleOther)"
66.249.65.98 - - [09/Apr/2025:08:24:52 -0400] "GET /entity/gemming10329038.shtml HTTP/1.1" 200 29660 "-" "Mozilla/5.0 (Linux; Android 6.0.1; Nexus 5X Build/MMB29P) AppleWebKit/537.36 (KHTML, like Gecko) Chrome/135.0.7049.52 Mobile Safari/537.36 (compatible; GoogleOther)"
66.249.65.96 - - [09/Apr/2025:08:24:53 -0400] "GET /shopbrand39510790.shtml HTTP/1.1" 200 27736 "-" "Mozilla/5.0 (Linux; Android 6.0.1; Nexus 5X Build/MMB29P) AppleWebKit/537.36 (KHTML, like Gecko) Chrome/135.0.7049.52 Mobile Safari/537.36 (compatible; GoogleOther)"
66.249.65.105 - - [09/Apr/2025:08:24:54 -0400] "GET /entity/inquisiturient46024940.shtml HTTP/1.1" 200 26056 "-" "Mozilla/5.0 (Linux; Android 6.0.1; Nexus 5X Build/MMB29P) AppleWebKit/537.36 (KHTML, like Gecko) Chrome/135.0.7049.52 Mobile Safari/537.36 (compatible; GoogleOther)"
40.77.167.48 - - [09/Apr/2025:08:24:55 -0400] "GET /special88559982.shtml HTTP/1.1" 200 25492 "-" "Mozilla/5.0 AppleWebKit/537.36 (KHTML, like Gecko; compatible; bingbot/2.0; +http://www.bing.com/bingbot.htm) Chrome/116.0.1938.76 Safari/537.36"
66.249.65.96 - - [09/Apr/2025:08:24:56 -0400] "GET /special27279902.shtml HTTP/1.1" 200 27362 "-" "Mozilla/5.0 (Linux; Android 6.0.1; Nexus 5X Build/MMB29P) AppleWebKit/537.36 (KHTML, like Gecko) Chrome/135.0.7049.52 Mobile Safari/537.36 (compatible; GoogleOther)"
66.249.65.98 - - [09/Apr/2025:08:24:57 -0400] "GET /entity/pederasty20470732.shtml HTTP/1.1" 200 27021 "-" "Mozilla/5.0 (Linux; Android 6.0.1; Nexus 5X Build/MMB29P) AppleWebKit/537.36 (KHTML, like Gecko) Chrome/135.0.7049.52 Mobile Safari/537.36 (compatible; GoogleOther)"
66.249.65.98 - - [09/Apr/2025:08:24:58 -0400] "GET /entity/maser69795176.shtml HTTP/1.1" 200 27762 "-" "Mozilla/5.0 (Linux; Android 6.0.1; Nexus 5X Build/MMB29P) AppleWebKit/537.36 (KHTML, like Gecko) Chrome/135.0.7049.52 Mobile Safari/537.36 (compatible; GoogleOther)"
66.249.65.99 - - [09/Apr/2025:08:25:00 -0400] "GET /info/botheration61755922.shtml HTTP/1.1" 200 27371 "-" "Mozilla/5.0 (Linux; Android 6.0.1; Nexus 5X Build/MMB29P) AppleWebKit/537.36 (KHTML, like Gecko) Chrome/135.0.7049.52 Mobile Safari/537.36 (compatible; GoogleOther)"
157.55.39.55 - - [09/Apr/2025:08:25:00 -0400] "GET /items113713366.shtml HTTP/1.1" 200 28816 "-" "Mozilla/5.0 AppleWebKit/537.36 (KHTML, like Gecko; compatible; bingbot/2.0; +http://www.bing.com/bingbot.htm) Chrome/116.0.1938.76 Safari/537.36"
66.249.65.105 - - [09/Apr/2025:08:25:01 -0400] "GET /shopping28400400.shtml HTTP/1.1" 200 25333 "-" "Mozilla/5.0 (Linux; Android 6.0.1; Nexus 5X Build/MMB29P) AppleWebKit/537.36 (KHTML, like Gecko) Chrome/135.0.7049.52 Mobile Safari/537.36 (compatible; GoogleOther)"
66.249.65.96 - - [09/Apr/2025:08:25:03 -0400] "GET /items/ioi/claspered/52699798.shtml HTTP/1.1" 200 26857 "-" "Mozilla/5.0 (Linux; Android 6.0.1; Nexus 5X Build/MMB29P) AppleWebKit/537.36 (KHTML, like Gecko) Chrome/135.0.7049.52 Mobile Safari/537.36 (compatible; GoogleOther)"
40.77.167.74 - - [09/Apr/2025:08:25:04 -0400] "GET /item26387218.shtml HTTP/1.1" 200 25344 "-" "Mozilla/5.0 AppleWebKit/537.36 (KHTML, like Gecko; compatible; bingbot/2.0; +http://www.bing.com/bingbot.htm) Chrome/116.0.1938.76 Safari/537.36"
66.249.65.97 - - [09/Apr/2025:08:25:04 -0400] "GET /info/twa/retrograded/51760124.shtml HTTP/1.1" 200 27639 "-" "Mozilla/5.0 (Linux; Android 6.0.1; Nexus 5X Build/MMB29P) AppleWebKit/537.36 (KHTML, like Gecko) Chrome/135.0.7049.52 Mobile Safari/537.36 (compatible; GoogleOther)"
66.249.65.104 - - [09/Apr/2025:08:25:05 -0400] "GET /goods/gpc/bowsprit93008710.shtml HTTP/1.1" 200 27406 "-" "Mozilla/5.0 (Linux; Android 6.0.1; Nexus 5X Build/MMB29P) AppleWebKit/537.36 (KHTML, like Gecko) Chrome/135.0.7049.52 Mobile Safari/537.36 (compatible; GoogleOther)"
66.249.65.98 - - [09/Apr/2025:08:25:06 -0400] "GET /entity/nkw/popularized/44721868.shtml HTTP/1.1" 200 27525 "-" "Mozilla/5.0 (Linux; Android 6.0.1; Nexus 5X Build/MMB29P) AppleWebKit/537.36 (KHTML, like Gecko) Chrome/135.0.7049.52 Mobile Safari/537.36 (compatible; GoogleOther)"
66.249.65.104 - - [09/Apr/2025:08:25:08 -0400] "GET /products/resolving68275598.shtml HTTP/1.1" 200 26575 "-" "Mozilla/5.0 (Linux; Android 6.0.1; Nexus 5X Build/MMB29P) AppleWebKit/537.36 (KHTML, like Gecko) Chrome/135.0.7049.52 Mobile Safari/537.36 (compatible; GoogleOther)"
40.77.167.74 - - [09/Apr/2025:08:25:08 -0400] "GET /items/noncombustible105906254.shtml HTTP/1.1" 200 26480 "-" "Mozilla/5.0 AppleWebKit/537.36 (KHTML, like Gecko; compatible; bingbot/2.0; +http://www.bing.com/bingbot.htm) Chrome/116.0.1938.76 Safari/537.36"
66.249.65.105 - - [09/Apr/2025:08:25:09 -0400] "GET /special/gauze/20182240.shtml HTTP/1.1" 200 28242 "-" "Mozilla/5.0 (Linux; Android 6.0.1; Nexus 5X Build/MMB29P) AppleWebKit/537.36 (KHTML, like Gecko) Chrome/135.0.7049.52 Mobile Safari/537.36 (compatible; GoogleOther)"
66.249.65.96 - - [09/Apr/2025:08:25:10 -0400] "GET /goodscode/recommence45885718.shtml HTTP/1.1" 200 25809 "-" "Mozilla/5.0 (Linux; Android 6.0.1; Nexus 5X Build/MMB29P) AppleWebKit/537.36 (KHTML, like Gecko) Chrome/135.0.7049.52 Mobile Safari/537.36 (compatible; GoogleOther)"
66.249.65.104 - - [09/Apr/2025:08:25:13 -0400] "GET /info/aleatory40260040.shtml HTTP/1.1" 200 27015 "-" "Mozilla/5.0 (Linux; Android 6.0.1; Nexus 5X Build/MMB29P) AppleWebKit/537.36 (KHTML, like Gecko) Chrome/135.0.7049.52 Mobile Safari/537.36 (compatible; GoogleOther)"
66.249.65.104 - - [09/Apr/2025:08:25:14 -0400] "GET /goodscode/q/resurrectionize103012958.shtml HTTP/1.1" 200 26976 "-" "Mozilla/5.0 (Linux; Android 6.0.1; Nexus 5X Build/MMB29P) AppleWebKit/537.36 (KHTML, like Gecko) Chrome/135.0.7049.52 Mobile Safari/537.36 (compatible; GoogleOther)"
66.249.65.96 - - [09/Apr/2025:08:25:15 -0400] "GET /goodscode/swizzle/43601838.shtml HTTP/1.1" 200 25428 "-" "Mozilla/5.0 (Linux; Android 6.0.1; Nexus 5X Build/MMB29P) AppleWebKit/537.36 (KHTML, like Gecko) Chrome/135.0.7049.52 Mobile Safari/537.36 (compatible; GoogleOther)"
66.249.65.105 - - [09/Apr/2025:08:25:16 -0400] "GET /entity/jeremy/47238304.shtml HTTP/1.1" 200 26710 "-" "Mozilla/5.0 (Linux; Android 6.0.1; Nexus 5X Build/MMB29P) AppleWebKit/537.36 (KHTML, like Gecko) Chrome/135.0.7049.52 Mobile Safari/537.36 (compatible; GoogleOther)"
66.249.65.104 - - [09/Apr/2025:08:25:18 -0400] "GET /products/x/distemperature/11128048.shtml HTTP/1.1" 200 25955 "-" "Mozilla/5.0 (Linux; Android 6.0.1; Nexus 5X Build/MMB29P) AppleWebKit/537.36 (KHTML, like Gecko) Chrome/135.0.7049.52 Mobile Safari/537.36 (compatible; GoogleOther)"
66.249.65.105 - - [09/Apr/2025:08:25:19 -0400] "GET /entity/mesquite/20370000.shtml HTTP/1.1" 200 26755 "-" "Mozilla/5.0 (Linux; Android 6.0.1; Nexus 5X Build/MMB29P) AppleWebKit/537.36 (KHTML, like Gecko) Chrome/135.0.7049.52 Mobile Safari/537.36 (compatible; GoogleOther)"
66.249.65.105 - - [09/Apr/2025:08:25:20 -0400] "GET /item/dextral/12514504.shtml HTTP/1.1" 200 29038 "-" "Mozilla/5.0 (Linux; Android 6.0.1; Nexus 5X Build/MMB29P) AppleWebKit/537.36 (KHTML, like Gecko) Chrome/135.0.7049.52 Mobile Safari/537.36 (compatible; GoogleOther)"
157.55.39.16 - - [09/Apr/2025:08:25:21 -0400] "GET /goods74619010.shtml HTTP/1.1" 200 27981 "-" "Mozilla/5.0 AppleWebKit/537.36 (KHTML, like Gecko; compatible; bingbot/2.0; +http://www.bing.com/bingbot.htm) Chrome/116.0.1938.76 Safari/537.36"
66.249.65.104 - - [09/Apr/2025:08:25:22 -0400] "GET /product/p/thousand/24684908.shtml HTTP/1.1" 200 26089 "-" "Mozilla/5.0 (Linux; Android 6.0.1; Nexus 5X Build/MMB29P) AppleWebKit/537.36 (KHTML, like Gecko) Chrome/135.0.7049.52 Mobile Safari/537.36 (compatible; GoogleOther)"
66.249.65.105 - - [09/Apr/2025:08:25:23 -0400] "GET /entity/nictation/77151796.shtml HTTP/1.1" 200 26617 "-" "Mozilla/5.0 (Linux; Android 6.0.1; Nexus 5X Build/MMB29P) AppleWebKit/537.36 (KHTML, like Gecko) Chrome/135.0.7049.52 Mobile Safari/537.36 (compatible; GoogleOther)"
66.249.65.105 - - [09/Apr/2025:08:25:24 -0400] "GET /entity/20840060.shtml HTTP/1.1" 200 27663 "-" "Mozilla/5.0 (Linux; Android 6.0.1; Nexus 5X Build/MMB29P) AppleWebKit/537.36 (KHTML, like Gecko) Chrome/135.0.7049.52 Mobile Safari/537.36 (compatible; GoogleOther)"
66.249.65.105 - - [09/Apr/2025:08:25:25 -0400] "GET /entity/wxy/spectroheliogram12702610.shtml HTTP/1.1" 200 27656 "-" "Mozilla/5.0 (Linux; Android 6.0.1; Nexus 5X Build/MMB29P) AppleWebKit/537.36 (KHTML, like Gecko) Chrome/135.0.7049.52 Mobile Safari/537.36 (compatible; GoogleOther)"
66.249.65.104 - - [09/Apr/2025:08:25:26 -0400] "GET /products/30858282.shtml HTTP/1.1" 200 28774 "-" "Mozilla/5.0 (Linux; Android 6.0.1; Nexus 5X Build/MMB29P) AppleWebKit/537.36 (KHTML, like Gecko) Chrome/135.0.7049.52 Mobile Safari/537.36 (compatible; GoogleOther)"
66.249.65.96 - - [09/Apr/2025:08:25:28 -0400] "GET /shopping/vu/nictitate/99233752.shtml HTTP/1.1" 200 25211 "-" "Mozilla/5.0 (Linux; Android 6.0.1; Nexus 5X Build/MMB29P) AppleWebKit/537.36 (KHTML, like Gecko) Chrome/135.0.7049.52 Mobile Safari/537.36 (compatible; GoogleOther)"
66.249.65.104 - - [09/Apr/2025:08:25:29 -0400] "GET /items/12803212.shtml HTTP/1.1" 200 29536 "-" "Mozilla/5.0 (Linux; Android 6.0.1; Nexus 5X Build/MMB29P) AppleWebKit/537.36 (KHTML, like Gecko) Chrome/135.0.7049.52 Mobile Safari/537.36 (compatible; GoogleOther)"
66.249.65.105 - - [09/Apr/2025:08:25:31 -0400] "GET /goods/a/essenes33221458.shtml HTTP/1.1" 200 29176 "-" "Mozilla/5.0 (Linux; Android 6.0.1; Nexus 5X Build/MMB29P) AppleWebKit/537.36 (KHTML, like Gecko) Chrome/135.0.7049.52 Mobile Safari/537.36 (compatible; GoogleOther)"
66.249.65.104 - - [09/Apr/2025:08:25:32 -0400] "GET /items/17958004.shtml HTTP/1.1" 200 26705 "-" "Mozilla/5.0 (Linux; Android 6.0.1; Nexus 5X Build/MMB29P) AppleWebKit/537.36 (KHTML, like Gecko) Chrome/135.0.7049.52 Mobile Safari/537.36 (compatible; GoogleOther)"
66.249.65.96 - - [09/Apr/2025:08:25:34 -0400] "GET /goodscode/12372256.shtml HTTP/1.1" 200 25547 "-" "Mozilla/5.0 (Linux; Android 6.0.1; Nexus 5X Build/MMB29P) AppleWebKit/537.36 (KHTML, like Gecko) Chrome/135.0.7049.52 Mobile Safari/537.36 (compatible; GoogleOther)"
66.249.65.105 - - [09/Apr/2025:08:25:35 -0400] "GET /detail/97077856.shtml HTTP/1.1" 200 26066 "-" "Mozilla/5.0 (Linux; Android 6.0.1; Nexus 5X Build/MMB29P) AppleWebKit/537.36 (KHTML, like Gecko) Chrome/135.0.7049.52 Mobile Safari/537.36 (compatible; GoogleOther)"
66.249.65.104 - - [09/Apr/2025:08:25:37 -0400] "GET /entity/ak/canadian17793682.shtml HTTP/1.1" 200 27494 "-" "Mozilla/5.0 (Linux; Android 6.0.1; Nexus 5X Build/MMB29P) AppleWebKit/537.36 (KHTML, like Gecko) Chrome/135.0.7049.52 Mobile Safari/537.36 (compatible; GoogleOther)"
66.249.65.104 - - [09/Apr/2025:08:25:38 -0400] "GET /entity/septifluous/118024830.shtml HTTP/1.1" 200 29950 "-" "Mozilla/5.0 (Linux; Android 6.0.1; Nexus 5X Build/MMB29P) AppleWebKit/537.36 (KHTML, like Gecko) Chrome/135.0.7049.52 Mobile Safari/537.36 (compatible; GoogleOther)"
40.77.167.52 - - [09/Apr/2025:08:23:14 -0400] "GET /product/cq/horseback87201286.shtml HTTP/1.1" 200 27858 "-" "Mozilla/5.0 AppleWebKit/537.36 (KHTML, like Gecko; compatible; bingbot/2.0; +http://www.bing.com/bingbot.htm) Chrome/116.0.1938.76 Safari/537.36"
66.249.65.104 - - [09/Apr/2025:08:23:14 -0400] "GET /entity/septum17497448.shtml HTTP/1.1" 200 28319 "-" "Mozilla/5.0 (Linux; Android 6.0.1; Nexus 5X Build/MMB29P) AppleWebKit/537.36 (KHTML, like Gecko) Chrome/135.0.7049.52 Mobile Safari/537.36 (compatible; GoogleOther)"
66.249.65.104 - - [09/Apr/2025:08:23:16 -0400] "GET /entity/x/arpent/40596776.shtml HTTP/1.1" 200 27193 "-" "Mozilla/5.0 (Linux; Android 6.0.1; Nexus 5X Build/MMB29P) AppleWebKit/537.36 (KHTML, like Gecko) Chrome/135.0.7049.52 Mobile Safari/537.36 (compatible; GoogleOther)"
66.249.65.105 - - [09/Apr/2025:08:23:17 -0400] "GET /entity/thriftiest/20028078.shtml HTTP/1.1" 200 27589 "-" "Mozilla/5.0 (Linux; Android 6.0.1; Nexus 5X Build/MMB29P) AppleWebKit/537.36 (KHTML, like Gecko) Chrome/135.0.7049.52 Mobile Safari/537.36 (compatible; GoogleOther)"
66.249.65.105 - - [09/Apr/2025:08:23:18 -0400] "GET /info/iwi/roting/87429766.shtml HTTP/1.1" 200 29005 "-" "Mozilla/5.0 (Linux; Android 6.0.1; Nexus 5X Build/MMB29P) AppleWebKit/537.36 (KHTML, like Gecko) Chrome/135.0.7049.52 Mobile Safari/537.36 (compatible; GoogleOther)"
40.77.167.74 - - [09/Apr/2025:08:23:19 -0400] "GET /product/historian/82959134.shtml HTTP/1.1" 200 27396 "-" "Mozilla/5.0 AppleWebKit/537.36 (KHTML, like Gecko; compatible; bingbot/2.0; +http://www.bing.com/bingbot.htm) Chrome/116.0.1938.76 Safari/537.36"
66.249.65.105 - - [09/Apr/2025:08:23:20 -0400] "GET /entity/d/generator/23393660.shtml HTTP/1.1" 200 27149 "-" "Mozilla/5.0 (Linux; Android 6.0.1; Nexus 5X Build/MMB29P) AppleWebKit/537.36 (KHTML, like Gecko) Chrome/135.0.7049.52 Mobile Safari/537.36 (compatible; GoogleOther)"
66.249.65.105 - - [09/Apr/2025:08:23:21 -0400] "GET /special/stimuli32205662.shtml HTTP/1.1" 200 28317 "-" "Mozilla/5.0 (Linux; Android 6.0.1; Nexus 5X Build/MMB29P) AppleWebKit/537.36 (KHTML, like Gecko) Chrome/135.0.7049.52 Mobile Safari/537.36 (compatible; GoogleOther)"
66.249.65.105 - - [09/Apr/2025:08:23:22 -0400] "GET /detail/i/validate40425782.shtml HTTP/1.1" 200 27323 "-" "Mozilla/5.0 (Linux; Android 6.0.1; Nexus 5X Build/MMB29P) AppleWebKit/537.36 (KHTML, like Gecko) Chrome/135.0.7049.52 Mobile Safari/537.36 (compatible; GoogleOther)"
66.249.65.104 - - [09/Apr/2025:08:23:23 -0400] "GET /goodscode/aw/allatrate110749154.shtml HTTP/1.1" 200 25953 "-" "Mozilla/5.0 (Linux; Android 6.0.1; Nexus 5X Build/MMB29P) AppleWebKit/537.36 (KHTML, like Gecko) Chrome/135.0.7049.52 Mobile Safari/537.36 (compatible; GoogleOther)"
66.249.65.104 - - [09/Apr/2025:08:23:25 -0400] "GET /goodscode/14013930.shtml HTTP/1.1" 200 29255 "-" "Mozilla/5.0 (Linux; Android 6.0.1; Nexus 5X Build/MMB29P) AppleWebKit/537.36 (KHTML, like Gecko) Chrome/135.0.7049.52 Mobile Safari/537.36 (compatible; GoogleOther)"
66.249.65.105 - - [09/Apr/2025:08:25:39 -0400] "GET /item/qas/ruthlessness/90512882.shtml HTTP/1.1" 200 26651 "-" "Mozilla/5.0 (Linux; Android 6.0.1; Nexus 5X Build/MMB29P) AppleWebKit/537.36 (KHTML, like Gecko) Chrome/135.0.7049.52 Mobile Safari/537.36 (compatible; GoogleOther)"
66.249.65.104 - - [09/Apr/2025:08:25:40 -0400] "GET /product/m/montessori82598942.shtml HTTP/1.1" 200 26810 "-" "Mozilla/5.0 (Linux; Android 6.0.1; Nexus 5X Build/MMB29P) AppleWebKit/537.36 (KHTML, like Gecko) Chrome/135.0.7049.52 Mobile Safari/537.36 (compatible; GoogleOther)"
66.249.65.105 - - [09/Apr/2025:08:25:41 -0400] "GET /entity/wicken123112478.shtml HTTP/1.1" 200 27494 "-" "Mozilla/5.0 (Linux; Android 6.0.1; Nexus 5X Build/MMB29P) AppleWebKit/537.36 (KHTML, like Gecko) Chrome/135.0.7049.52 Mobile Safari/537.36 (compatible; GoogleOther)"
66.249.65.104 - - [09/Apr/2025:08:25:42 -0400] "GET /shopbrand27283814.shtml HTTP/1.1" 200 25771 "-" "Mozilla/5.0 (Linux; Android 6.0.1; Nexus 5X Build/MMB29P) AppleWebKit/537.36 (KHTML, like Gecko) Chrome/135.0.7049.52 Mobile Safari/537.36 (compatible; GoogleOther)"
66.249.65.105 - - [09/Apr/2025:08:25:44 -0400] "GET /entity/79433356.shtml HTTP/1.1" 200 26069 "-" "Mozilla/5.0 (Linux; Android 6.0.1; Nexus 5X Build/MMB29P) AppleWebKit/537.36 (KHTML, like Gecko) Chrome/135.0.7049.52 Mobile Safari/537.36 (compatible; GoogleOther)"
66.249.65.104 - - [09/Apr/2025:08:25:45 -0400] "GET /items/suspiciously71418208.shtml HTTP/1.1" 200 26836 "-" "Mozilla/5.0 (Linux; Android 6.0.1; Nexus 5X Build/MMB29P) AppleWebKit/537.36 (KHTML, like Gecko) Chrome/135.0.7049.52 Mobile Safari/537.36 (compatible; GoogleOther)"
66.249.65.96 - - [09/Apr/2025:08:25:47 -0400] "GET /entity/lazyback108746462.shtml HTTP/1.1" 200 28857 "-" "Mozilla/5.0 (Linux; Android 6.0.1; Nexus 5X Build/MMB29P) AppleWebKit/537.36 (KHTML, like Gecko) Chrome/135.0.7049.52 Mobile Safari/537.36 (compatible; GoogleOther)"
66.249.65.105 - - [09/Apr/2025:08:25:48 -0400] "GET /entity/70379546.shtml HTTP/1.1" 200 27103 "-" "Mozilla/5.0 (Linux; Android 6.0.1; Nexus 5X Build/MMB29P) AppleWebKit/537.36 (KHTML, like Gecko) Chrome/135.0.7049.52 Mobile Safari/537.36 (compatible; GoogleOther)"
66.249.65.104 - - [09/Apr/2025:08:25:50 -0400] "GET /goodscode/c/describable121731498.shtml HTTP/1.1" 200 25708 "-" "Mozilla/5.0 (Linux; Android 6.0.1; Nexus 5X Build/MMB29P) AppleWebKit/537.36 (KHTML, like Gecko) Chrome/135.0.7049.52 Mobile Safari/537.36 (compatible; GoogleOther)"
66.249.65.97 - - [09/Apr/2025:08:25:51 -0400] "GET /goods/d/unorder72419000.shtml HTTP/1.1" 200 26183 "-" "Mozilla/5.0 (Linux; Android 6.0.1; Nexus 5X Build/MMB29P) AppleWebKit/537.36 (KHTML, like Gecko) Chrome/135.0.7049.52 Mobile Safari/537.36 (compatible; GoogleOther)"
