66.249.65.96 - - [09/Apr/2025:08:48:48 -0400] "GET /entity/bullata1011674.shtml HTTP/1.1" 200 29801 "-" "Mozilla/5.0 (Linux; Android 6.0.1; Nexus 5X Build/MMB29P) AppleWebKit/537.36 (KHTML, like Gecko) Chrome/135.0.7049.52 Mobile Safari/537.36 (compatible; GoogleOther)"
66.249.65.97 - - [09/Apr/2025:08:48:49 -0400] "GET /shopping/biographer107468656.shtml HTTP/1.1" 200 26768 "-" "Mozilla/5.0 (Linux; Android 6.0.1; Nexus 5X Build/MMB29P) AppleWebKit/537.36 (KHTML, like Gecko) Chrome/135.0.7049.52 Mobile Safari/537.36 (compatible; GoogleOther)"
66.249.65.104 - - [09/Apr/2025:08:48:50 -0400] "GET /entity/sharper/73265114.shtml HTTP/1.1" 200 27054 "-" "Mozilla/5.0 (Linux; Android 6.0.1; Nexus 5X Build/MMB29P) AppleWebKit/537.36 (KHTML, like Gecko) Chrome/135.0.7049.52 Mobile Safari/537.36 (compatible; GoogleOther)"
66.249.65.104 - - [09/Apr/2025:08:48:52 -0400] "GET /items/wk/negotiating90724982.shtml HTTP/1.1" 200 26055 "-" "Mozilla/5.0 (Linux; Android 6.0.1; Nexus 5X Build/MMB29P) AppleWebKit/537.36 (KHTML, like Gecko) Chrome/135.0.7049.52 Mobile Safari/537.36 (compatible; GoogleOther)"
66.249.65.105 - - [09/Apr/2025:08:48:54 -0400] "GET /special/q/vermiparous57772490.shtml HTTP/1.1" 200 25334 "-" "Mozilla/5.0 (Linux; Android 6.0.1; Nexus 5X Build/MMB29P) AppleWebKit/537.36 (KHTML, like Gecko) Chrome/135.0.7049.52 Mobile Safari/537.36 (compatible; GoogleOther)"
66.249.65.105 - - [09/Apr/2025:08:48:55 -0400] "GET /goodscode/c/fandangoes108660178.shtml HTTP/1.1" 200 27210 "-" "Mozilla/5.0 (Linux; Android 6.0.1; Nexus 5X Build/MMB29P) AppleWebKit/537.36 (KHTML, like Gecko) Chrome/135.0.7049.52 Mobile Safari/537.36 (compatible; GoogleOther)"
66.249.65.105 - - [09/Apr/2025:08:48:56 -0400] "GET /products/bui/piscidia/31696036.shtml HTTP/1.1" 200 27545 "-" "Mozilla/5.0 (Linux; Android 6.0.1; Nexus 5X Build/MMB29P) AppleWebKit/537.36 (KHTML, like Gecko) Chrome/135.0.7049.52 Mobile Safari/537.36 (compatible; GoogleOther)"
40.77.167.74 - - [09/Apr/2025:08:48:56 -0400] "GET /entity/surveyors/12870522.shtml HTTP/1.1" 200 29863 "-" "Mozilla/5.0 AppleWebKit/537.36 (KHTML, like Gecko; compatible; bingbot/2.0; +http://www.bing.com/bingbot.htm) Chrome/116.0.1938.76 Safari/537.36"
66.249.65.104 - - [09/Apr/2025:08:48:57 -0400] "GET /item/mw/indestructible/67926894.shtml HTTP/1.1" 200 25267 "-" "Mozilla/5.0 (Linux; Android 6.0.1; Nexus 5X Build/MMB29P) AppleWebKit/537.36 (KHTML, like Gecko) Chrome/135.0.7049.52 Mobile Safari/537.36 (compatible; GoogleOther)"
66.249.65.104 - - [09/Apr/2025:08:48:58 -0400] "GET /entity/y/ectozoa82578698.shtml HTTP/1.1" 200 26944 "-" "Mozilla/5.0 (Linux; Android 6.0.1; Nexus 5X Build/MMB29P) AppleWebKit/537.36 (KHTML, like Gecko) Chrome/135.0.7049.52 Mobile Safari/537.36 (compatible; GoogleOther)"
66.249.65.104 - - [09/Apr/2025:08:48:59 -0400] "GET /entity/29915150.shtml HTTP/1.1" 200 27259 "-" "Mozilla/5.0 (Linux; Android 6.0.1; Nexus 5X Build/MMB29P) AppleWebKit/537.36 (KHTML, like Gecko) Chrome/135.0.7049.52 Mobile Safari/537.36 (compatible; GoogleOther)"
66.249.65.99 - - [09/Apr/2025:08:49:00 -0400] "GET /detail31824434.shtml HTTP/1.1" 200 26436 "-" "Mozilla/5.0 (Linux; Android 6.0.1; Nexus 5X Build/MMB29P) AppleWebKit/537.36 (KHTML, like Gecko) Chrome/135.0.7049.52 Mobile Safari/537.36 (compatible; GoogleOther)"
40.77.167.150 - - [09/Apr/2025:08:49:01 -0400] "GET /shopbrand/ni/conversion/96958844.shtml HTTP/1.1" 200 27616 "-" "Mozilla/5.0 AppleWebKit/537.36 (KHTML, like Gecko; compatible; bingbot/2.0; +http://www.bing.com/bingbot.htm) Chrome/116.0.1938.76 Safari/537.36"
66.249.65.105 - - [09/Apr/2025:08:49:02 -0400] "GET /entity/naples45854470.shtml HTTP/1.1" 200 25886 "-" "Mozilla/5.0 (Linux; Android 6.0.1; Nexus 5X Build/MMB29P) AppleWebKit/537.36 (KHTML, like Gecko) Chrome/135.0.7049.52 Mobile Safari/537.36 (compatible; GoogleOther)"
66.249.65.96 - - [09/Apr/2025:08:49:03 -0400] "GET /goodscode/yq/redisseize/72614246.shtml HTTP/1.1" 200 27332 "-" "Mozilla/5.0 (Linux; Android 6.0.1; Nexus 5X Build/MMB29P) AppleWebKit/537.36 (KHTML, like Gecko) Chrome/135.0.7049.52 Mobile Safari/537.36 (compatible; GoogleOther)"
66.249.65.97 - - [09/Apr/2025:08:49:04 -0400] "GET /product/x/sidereal/7921872.shtml HTTP/1.1" 200 28009 "-" "Mozilla/5.0 (Linux; Android 6.0.1; Nexus 5X Build/MMB29P) AppleWebKit/537.36 (KHTML, like Gecko) Chrome/135.0.7049.52 Mobile Safari/537.36 (compatible; GoogleOther)"
66.249.65.98 - - [09/Apr/2025:08:49:05 -0400] "GET /shopbrand61814806.shtml HTTP/1.1" 200 26834 "-" "Mozilla/5.0 (Linux; Android 6.0.1; Nexus 5X Build/MMB29P) AppleWebKit/537.36 (KHTML, like Gecko) Chrome/135.0.7049.52 Mobile Safari/537.36 (compatible; GoogleOther)"
66.249.65.105 - - [09/Apr/2025:08:49:07 -0400] "GET /info122472736.shtml HTTP/1.1" 200 27841 "-" "Mozilla/5.0 (Linux; Android 6.0.1; Nexus 5X Build/MMB29P) AppleWebKit/537.36 (KHTML, like Gecko) Chrome/135.0.7049.52 Mobile Safari/537.36 (compatible; GoogleOther)"
66.249.65.105 - - [09/Apr/2025:08:49:08 -0400] "GET /goods107097732.shtml HTTP/1.1" 200 26757 "-" "Mozilla/5.0 (Linux; Android 6.0.1; Nexus 5X Build/MMB29P) AppleWebKit/537.36 (KHTML, like Gecko) Chrome/135.0.7049.52 Mobile Safari/537.36 (compatible; GoogleOther)"
66.249.65.97 - - [09/Apr/2025:08:49:09 -0400] "GET /special/68280660.shtml HTTP/1.1" 200 25899 "-" "Mozilla/5.0 (Linux; Android 6.0.1; Nexus 5X Build/MMB29P) AppleWebKit/537.36 (KHTML, like Gecko) Chrome/135.0.7049.52 Mobile Safari/537.36 (compatible; GoogleOther)"
66.249.65.97 - - [09/Apr/2025:08:49:10 -0400] "GET /items/launching/30940492.shtml HTTP/1.1" 200 25610 "-" "Mozilla/5.0 (Linux; Android 6.0.1; Nexus 5X Build/MMB29P) AppleWebKit/537.36 (KHTML, like Gecko) Chrome/135.0.7049.52 Mobile Safari/537.36 (compatible; GoogleOther)"
66.249.65.105 - - [09/Apr/2025:08:49:12 -0400] "GET /entity/ykq/gingerly/80305202.shtml HTTP/1.1" 200 25982 "-" "Mozilla/5.0 (Linux; Android 6.0.1; Nexus 5X Build/MMB29P) AppleWebKit/537.36 (KHTML, like Gecko) Chrome/135.0.7049.52 Mobile Safari/537.36 (compatible; GoogleOther)"
66.249.65.96 - - [09/Apr/2025:08:49:13 -0400] "GET /detail/ziq/matronage/53606868.shtml HTTP/1.1" 200 25447 "-" "Mozilla/5.0 (Linux; Android 6.0.1; Nexus 5X Build/MMB29P) AppleWebKit/537.36 (KHTML, like Gecko) Chrome/135.0.7049.52 Mobile Safari/537.36 (compatible; GoogleOther)"
66.249.65.104 - - [09/Apr/2025:08:49:15 -0400] "GET /entity/go/quadrisyllabical12454118.shtml HTTP/1.1" 200 26631 "-" "Mozilla/5.0 (Linux; Android 6.0.1; Nexus 5X Build/MMB29P) AppleWebKit/537.36 (KHTML, like Gecko) Chrome/135.0.7049.52 Mobile Safari/537.36 (compatible; GoogleOther)"
40.77.167.74 - - [09/Apr/2025:08:49:16 -0400] "GET /items/erectus47184422.shtml HTTP/1.1" 200 25889 "-" "Mozilla/5.0 AppleWebKit/537.36 (KHTML, like Gecko; compatible; bingbot/2.0; +http://www.bing.com/bingbot.htm) Chrome/116.0.1938.76 Safari/537.36"
66.249.65.104 - - [09/Apr/2025:08:49:16 -0400] "GET /entity/uu/loxodromy70582974.shtml HTTP/1.1" 200 27398 "-" "Mozilla/5.0 (Linux; Android 6.0.1; Nexus 5X Build/MMB29P) AppleWebKit/537.36 (KHTML, like Gecko) Chrome/135.0.7049.52 Mobile Safari/537.36 (compatible; GoogleOther)"
66.249.65.104 - - [09/Apr/2025:08:49:17 -0400] "GET /entity/gnoma/50442314.shtml HTTP/1.1" 200 29672 "-" "Mozilla/5.0 (Linux; Android 6.0.1; Nexus 5X Build/MMB29P) AppleWebKit/537.36 (KHTML, like Gecko) Chrome/135.0.7049.52 Mobile Safari/537.36 (compatible; GoogleOther)"
66.249.65.105 - - [09/Apr/2025:08:49:19 -0400] "GET /item/109411958.shtml HTTP/1.1" 200 26139 "-" "Mozilla/5.0 (Linux; Android 6.0.1; Nexus 5X Build/MMB29P) AppleWebKit/537.36 (KHTML, like Gecko) Chrome/135.0.7049.52 Mobile Safari/537.36 (compatible; GoogleOther)"
66.249.65.104 - - [09/Apr/2025:08:49:20 -0400] "GET /info62124446.shtml HTTP/1.1" 200 26441 "-" "Mozilla/5.0 (Linux; Android 6.0.1; Nexus 5X Build/MMB29P) AppleWebKit/537.36 (KHTML, like Gecko) Chrome/135.0.7049.52 Mobile Safari/537.36 (compatible; GoogleOther)"
66.249.65.104 - - [09/Apr/2025:08:49:22 -0400] "GET /items/ii/delightsome/100082770.shtml HTTP/1.1" 200 25375 "-" "Mozilla/5.0 (Linux; Android 6.0.1; Nexus 5X Build/MMB29P) AppleWebKit/537.36 (KHTML, like Gecko) Chrome/135.0.7049.52 Mobile Safari/537.36 (compatible; GoogleOther)"
66.249.65.104 - - [09/Apr/2025:08:49:23 -0400] "GET /shopping45681830.shtml HTTP/1.1" 200 28434 "-" "Mozilla/5.0 (Linux; Android 6.0.1; Nexus 5X Build/MMB29P) AppleWebKit/537.36 (KHTML, like Gecko) Chrome/135.0.7049.52 Mobile Safari/537.36 (compatible; GoogleOther)"
66.249.65.104 - - [09/Apr/2025:08:49:24 -0400] "GET /detail/diggers/103324888.shtml HTTP/1.1" 200 26905 "-" "Mozilla/5.0 (Linux; Android 6.0.1; Nexus 5X Build/MMB29P) AppleWebKit/537.36 (KHTML, like Gecko) Chrome/135.0.7049.52 Mobile Safari/537.36 (compatible; GoogleOther)"
66.249.65.105 - - [09/Apr/2025:08:49:25 -0400] "GET /items/annulet91012988.shtml HTTP/1.1" 200 26147 "-" "Mozilla/5.0 (Linux; Android 6.0.1; Nexus 5X Build/MMB29P) AppleWebKit/537.36 (KHTML, like Gecko) Chrome/135.0.7049.52 Mobile Safari/537.36 (compatible; GoogleOther)"
40.77.167.150 - - [09/Apr/2025:08:49:25 -0400] "GET /goodscode/delignate51305332.shtml HTTP/1.1" 200 27970 "-" "Mozilla/5.0 AppleWebKit/537.36 (KHTML, like Gecko; compatible; bingbot/2.0; +http://www.bing.com/bingbot.htm) Chrome/116.0.1938.76 Safari/537.36"
66.249.65.105 - - [09/Apr/2025:08:49:26 -0400] "GET /entity/akk/tessellata/116859922.shtml HTTP/1.1" 200 25642 "-" "Mozilla/5.0 (Linux; Android 6.0.1; Nexus 5X Build/MMB29P) AppleWebKit/537.36 (KHTML, like Gecko) Chrome/135.0.7049.52 Mobile Safari/537.36 (compatible; GoogleOther)"
52.167.144.138 - - [09/Apr/2025:08:49:27 -0400] "GET /special/tutnose43611940.shtml HTTP/1.1" 200 25980 "-" "Mozilla/5.0 AppleWebKit/537.36 (KHTML, like Gecko; compatible; bingbot/2.0; +http://www.bing.com/bingbot.htm) Chrome/116.0.1938.76 Safari/537.36"
66.249.65.104 - - [09/Apr/2025:08:49:28 -0400] "GET /detail/4966206.shtml HTTP/1.1" 200 27088 "-" "Mozilla/5.0 (Linux; Android 6.0.1; Nexus 5X Build/MMB29P) AppleWebKit/537.36 (KHTML, like Gecko) Chrome/135.0.7049.52 Mobile Safari/537.36 (compatible; GoogleOther)"
66.249.65.105 - - [09/Apr/2025:08:49:29 -0400] "GET /detail/90908896.shtml HTTP/1.1" 200 28512 "-" "Mozilla/5.0 (Linux; Android 6.0.1; Nexus 5X Build/MMB29P) AppleWebKit/537.36 (KHTML, like Gecko) Chrome/135.0.7049.52 Mobile Safari/537.36 (compatible; GoogleOther)"
66.249.65.105 - - [09/Apr/2025:08:49:31 -0400] "GET /item/misdirect29624448.shtml HTTP/1.1" 200 26794 "-" "Mozilla/5.0 (Linux; Android 6.0.1; Nexus 5X Build/MMB29P) AppleWebKit/537.36 (KHTML, like Gecko) Chrome/135.0.7049.52 Mobile Safari/537.36 (compatible; GoogleOther)"
66.249.65.105 - - [09/Apr/2025:08:49:32 -0400] "GET /detail31028198.shtml HTTP/1.1" 200 25887 "-" "Mozilla/5.0 (Linux; Android 6.0.1; Nexus 5X Build/MMB29P) AppleWebKit/537.36 (KHTML, like Gecko) Chrome/135.0.7049.52 Mobile Safari/537.36 (compatible; GoogleOther)"
66.249.65.105 - - [09/Apr/2025:08:49:34 -0400] "GET /entity/vu/betrap/27546136.shtml HTTP/1.1" 200 25461 "-" "Mozilla/5.0 (Linux; Android 6.0.1; Nexus 5X Build/MMB29P) AppleWebKit/537.36 (KHTML, like Gecko) Chrome/135.0.7049.52 Mobile Safari/537.36 (compatible; GoogleOther)"
66.249.65.105 - - [09/Apr/2025:08:49:35 -0400] "GET /goodscode/62431756.shtml HTTP/1.1" 200 25696 "-" "Mozilla/5.0 (Linux; Android 6.0.1; Nexus 5X Build/MMB29P) AppleWebKit/537.36 (KHTML, like Gecko) Chrome/135.0.7049.52 Mobile Safari/537.36 (compatible; GoogleOther)"
66.249.65.105 - - [09/Apr/2025:08:49:37 -0400] "GET /goodscode/37721308.shtml HTTP/1.1" 200 25901 "-" "Mozilla/5.0 (Linux; Android 6.0.1; Nexus 5X Build/MMB29P) AppleWebKit/537.36 (KHTML, like Gecko) Chrome/135.0.7049.52 Mobile Safari/537.36 (compatible; GoogleOther)"
66.249.65.105 - - [09/Apr/2025:08:49:38 -0400] "GET /goodscode/m/caberzon96670502.shtml HTTP/1.1" 200 26981 "-" "Mozilla/5.0 (Linux; Android 6.0.1; Nexus 5X Build/MMB29P) AppleWebKit/537.36 (KHTML, like Gecko) Chrome/135.0.7049.52 Mobile Safari/537.36 (compatible; GoogleOther)"
66.249.65.105 - - [09/Apr/2025:08:49:39 -0400] "GET /items/punish51974072.shtml HTTP/1.1" 200 26461 "-" "Mozilla/5.0 (Linux; Android 6.0.1; Nexus 5X Build/MMB29P) AppleWebKit/537.36 (KHTML, like Gecko) Chrome/135.0.7049.52 Mobile Safari/537.36 (compatible; GoogleOther)"
66.249.65.96 - - [09/Apr/2025:08:49:40 -0400] "GET /entity/mku/interchained/30144706.shtml HTTP/1.1" 200 28106 "-" "Mozilla/5.0 (Linux; Android 6.0.1; Nexus 5X Build/MMB29P) AppleWebKit/537.36 (KHTML, like Gecko) Chrome/135.0.7049.52 Mobile Safari/537.36 (compatible; GoogleOther)"
66.249.65.105 - - [09/Apr/2025:08:49:41 -0400] "GET /goods/participate9915508.shtml HTTP/1.1" 200 27743 "-" "Mozilla/5.0 (Linux; Android 6.0.1; Nexus 5X Build/MMB29P) AppleWebKit/537.36 (KHTML, like Gecko) Chrome/135.0.7049.52 Mobile Safari/537.36 (compatible; GoogleOther)"
66.249.65.96 - - [09/Apr/2025:08:49:43 -0400] "GET /item/redemptible/76670222.shtml HTTP/1.1" 200 27939 "-" "Mozilla/5.0 (Linux; Android 6.0.1; Nexus 5X Build/MMB29P) AppleWebKit/537.36 (KHTML, like Gecko) Chrome/135.0.7049.52 Mobile Safari/537.36 (compatible; GoogleOther)"
66.249.65.104 - - [09/Apr/2025:08:49:44 -0400] "GET /entity/31905342.shtml HTTP/1.1" 200 27367 "-" "Mozilla/5.0 (Linux; Android 6.0.1; Nexus 5X Build/MMB29P) AppleWebKit/537.36 (KHTML, like Gecko) Chrome/135.0.7049.52 Mobile Safari/537.36 (compatible; GoogleOther)"
18.216.227.61 - - [09/Apr/2025:08:49:45 -0400] "GET /ad917/?path=%2Fhome%2Fservlmvm%2Fpublic_html%2Fad917%2F.%2F..%2F..%2F.%2Fmail%2F.sabina%40servethepeopleinc_org%2Fdovecot-uidvalidity HTTP/1.1" 200 1030 "-" "Mozilla/5.0 AppleWebKit/537.36 (KHTML, like Gecko; compatible; ClaudeBot/1.0; +claudebot@anthropic.com)"
66.249.65.96 - - [09/Apr/2025:08:49:45 -0400] "GET /entity18772262.shtml HTTP/1.1" 200 26923 "-" "Mozilla/5.0 (Linux; Android 6.0.1; Nexus 5X Build/MMB29P) AppleWebKit/537.36 (KHTML, like Gecko) Chrome/135.0.7049.52 Mobile Safari/537.36 (compatible; GoogleOther)"
40.77.167.4 - - [09/Apr/2025:08:49:46 -0400] "GET /entity38845108.shtml HTTP/1.1" 200 25260 "-" "Mozilla/5.0 AppleWebKit/537.36 (KHTML, like Gecko; compatible; bingbot/2.0; +http://www.bing.com/bingbot.htm) Chrome/116.0.1938.76 Safari/537.36"
66.249.65.104 - - [09/Apr/2025:08:49:47 -0400] "GET /entity/sororicide21171424.shtml HTTP/1.1" 200 27447 "-" "Mozilla/5.0 (Linux; Android 6.0.1; Nexus 5X Build/MMB29P) AppleWebKit/537.36 (KHTML, like Gecko) Chrome/135.0.7049.52 Mobile Safari/537.36 (compatible; GoogleOther)"
18.216.227.61 - - [09/Apr/2025:08:49:48 -0400] "GET /ad917/?path=%2Fhome%2Fservlmvm%2Fpublic_html%2Fad917%2F.%2F..%2F..%2F.%2Fmail%2F.sabina%40servethepeopleinc_org%2F.Junk HTTP/1.1" 200 1730 "-" "Mozilla/5.0 AppleWebKit/537.36 (KHTML, like Gecko; compatible; ClaudeBot/1.0; +claudebot@anthropic.com)"
66.249.65.104 - - [09/Apr/2025:08:49:47 -0400] "GET /shopdetail/k/stubborn/42085658.shtml HTTP/1.1" 200 27394 "-" "Mozilla/5.0 (compatible; Googlebot/2.1; +http://www.google.com/bot.html)"
66.249.65.104 - - [09/Apr/2025:08:49:48 -0400] "GET /entity/20669036.shtml HTTP/1.1" 200 26050 "-" "Mozilla/5.0 (Linux; Android 6.0.1; Nexus 5X Build/MMB29P) AppleWebKit/537.36 (KHTML, like Gecko) Chrome/135.0.7049.52 Mobile Safari/537.36 (compatible; GoogleOther)"
66.249.65.97 - - [09/Apr/2025:08:49:50 -0400] "GET /entity/kxq/glorify5298426.shtml HTTP/1.1" 200 27750 "-" "Mozilla/5.0 (Linux; Android 6.0.1; Nexus 5X Build/MMB29P) AppleWebKit/537.36 (KHTML, like Gecko) Chrome/135.0.7049.52 Mobile Safari/537.36 (compatible; GoogleOther)"
66.249.65.98 - - [09/Apr/2025:08:49:52 -0400] "GET /info/q/cavilous/24265562.shtml HTTP/1.1" 200 27212 "-" "Mozilla/5.0 (Linux; Android 6.0.1; Nexus 5X Build/MMB29P) AppleWebKit/537.36 (KHTML, like Gecko) Chrome/135.0.7049.52 Mobile Safari/537.36 (compatible; GoogleOther)"
66.249.65.96 - - [09/Apr/2025:08:49:53 -0400] "GET /goodscode/e/heteromera33334102.shtml HTTP/1.1" 200 26265 "-" "Mozilla/5.0 (Linux; Android 6.0.1; Nexus 5X Build/MMB29P) AppleWebKit/537.36 (KHTML, like Gecko) Chrome/135.0.7049.52 Mobile Safari/537.36 (compatible; GoogleOther)"
66.249.65.104 - - [09/Apr/2025:08:49:55 -0400] "GET /shopdetail121574858.shtml HTTP/1.1" 200 25121 "-" "Mozilla/5.0 (Linux; Android 6.0.1; Nexus 5X Build/MMB29P) AppleWebKit/537.36 (KHTML, like Gecko) Chrome/135.0.7049.52 Mobile Safari/537.36 (compatible; GoogleOther)"
66.249.65.96 - - [09/Apr/2025:08:49:56 -0400] "GET /goods/j/abelian74104128.shtml HTTP/1.1" 200 26137 "-" "Mozilla/5.0 (Linux; Android 6.0.1; Nexus 5X Build/MMB29P) AppleWebKit/537.36 (KHTML, like Gecko) Chrome/135.0.7049.52 Mobile Safari/537.36 (compatible; GoogleOther)"
66.249.65.96 - - [09/Apr/2025:08:49:57 -0400] "GET /special/61728218.shtml HTTP/1.1" 200 26946 "-" "Mozilla/5.0 (Linux; Android 6.0.1; Nexus 5X Build/MMB29P) AppleWebKit/537.36 (KHTML, like Gecko) Chrome/135.0.7049.52 Mobile Safari/537.36 (compatible; GoogleOther)"
66.249.65.97 - - [09/Apr/2025:08:49:58 -0400] "GET /goodscode/po/endodermis/20247020.shtml HTTP/1.1" 200 27311 "-" "Mozilla/5.0 (Linux; Android 6.0.1; Nexus 5X Build/MMB29P) AppleWebKit/537.36 (KHTML, like Gecko) Chrome/135.0.7049.52 Mobile Safari/537.36 (compatible; GoogleOther)"
66.249.65.96 - - [09/Apr/2025:08:49:59 -0400] "GET /items/zog/computable/18572248.shtml HTTP/1.1" 200 27123 "-" "Mozilla/5.0 (Linux; Android 6.0.1; Nexus 5X Build/MMB29P) AppleWebKit/537.36 (KHTML, like Gecko) Chrome/135.0.7049.52 Mobile Safari/537.36 (compatible; GoogleOther)"
66.249.65.104 - - [09/Apr/2025:08:50:01 -0400] "GET /entity/ambrein/23847578.shtml HTTP/1.1" 200 25914 "-" "Mozilla/5.0 (Linux; Android 6.0.1; Nexus 5X Build/MMB29P) AppleWebKit/537.36 (KHTML, like Gecko) Chrome/135.0.7049.52 Mobile Safari/537.36 (compatible; GoogleOther)"
66.249.65.104 - - [09/Apr/2025:08:50:02 -0400] "GET /entity/38819572.shtml HTTP/1.1" 200 27714 "-" "Mozilla/5.0 (Linux; Android 6.0.1; Nexus 5X Build/MMB29P) AppleWebKit/537.36 (KHTML, like Gecko) Chrome/135.0.7049.52 Mobile Safari/537.36 (compatible; GoogleOther)"
207.46.13.168 - - [09/Apr/2025:08:50:02 -0400] "GET /shopbrand/oxacid/51625334.shtml HTTP/1.1" 200 27114 "-" "Mozilla/5.0 AppleWebKit/537.36 (KHTML, like Gecko; compatible; bingbot/2.0; +http://www.bing.com/bingbot.htm) Chrome/116.0.1938.76 Safari/537.36"
66.249.65.104 - - [09/Apr/2025:08:50:03 -0400] "GET /products/r/albescent/38183124.shtml HTTP/1.1" 200 25175 "-" "Mozilla/5.0 (Linux; Android 6.0.1; Nexus 5X Build/MMB29P) AppleWebKit/537.36 (KHTML, like Gecko) Chrome/135.0.7049.52 Mobile Safari/537.36 (compatible; GoogleOther)"
66.249.65.105 - - [09/Apr/2025:08:50:04 -0400] "GET /info/18567880.shtml HTTP/1.1" 200 28982 "-" "Mozilla/5.0 (Linux; Android 6.0.1; Nexus 5X Build/MMB29P) AppleWebKit/537.36 (KHTML, like Gecko) Chrome/135.0.7049.52 Mobile Safari/537.36 (compatible; GoogleOther)"
66.249.65.97 - - [09/Apr/2025:08:50:05 -0400] "GET /goodscode/glutination33845952.shtml HTTP/1.1" 200 27243 "-" "Mozilla/5.0 (Linux; Android 6.0.1; Nexus 5X Build/MMB29P) AppleWebKit/537.36 (KHTML, like Gecko) Chrome/135.0.7049.52 Mobile Safari/537.36 (compatible; GoogleOther)"
207.46.13.168 - - [09/Apr/2025:08:50:06 -0400] "GET /products/nui/medallion/49343276.shtml HTTP/1.1" 200 26367 "-" "Mozilla/5.0 AppleWebKit/537.36 (KHTML, like Gecko; compatible; bingbot/2.0; +http://www.bing.com/bingbot.htm) Chrome/116.0.1938.76 Safari/537.36"
66.249.65.105 - - [09/Apr/2025:08:50:06 -0400] "GET /detail/recoiling47434128.shtml HTTP/1.1" 200 25598 "-" "Mozilla/5.0 (Linux; Android 6.0.1; Nexus 5X Build/MMB29P) AppleWebKit/537.36 (KHTML, like Gecko) Chrome/135.0.7049.52 Mobile Safari/537.36 (compatible; GoogleOther)"
66.249.65.96 - - [09/Apr/2025:08:50:08 -0400] "GET /item/f/immesh34051584.shtml HTTP/1.1" 200 26708 "-" "Mozilla/5.0 (Linux; Android 6.0.1; Nexus 5X Build/MMB29P) AppleWebKit/537.36 (KHTML, like Gecko) Chrome/135.0.7049.52 Mobile Safari/537.36 (compatible; GoogleOther)"
66.249.65.104 - - [09/Apr/2025:08:50:09 -0400] "GET /goodscode/o/graminea67725970.shtml HTTP/1.1" 200 27111 "-" "Mozilla/5.0 (Linux; Android 6.0.1; Nexus 5X Build/MMB29P) AppleWebKit/537.36 (KHTML, like Gecko) Chrome/135.0.7049.52 Mobile Safari/537.36 (compatible; GoogleOther)"
66.249.65.96 - - [09/Apr/2025:08:50:10 -0400] "GET /product/b/aboard37723876.shtml HTTP/1.1" 200 27547 "-" "Mozilla/5.0 (Linux; Android 6.0.1; Nexus 5X Build/MMB29P) AppleWebKit/537.36 (KHTML, like Gecko) Chrome/135.0.7049.52 Mobile Safari/537.36 (compatible; GoogleOther)"
66.249.65.105 - - [09/Apr/2025:08:50:11 -0400] "GET /products/72428644.shtml HTTP/1.1" 200 27959 "-" "Mozilla/5.0 (Linux; Android 6.0.1; Nexus 5X Build/MMB29P) AppleWebKit/537.36 (KHTML, like Gecko) Chrome/135.0.7049.52 Mobile Safari/537.36 (compatible; GoogleOther)"
207.46.13.17 - - [09/Apr/2025:08:50:12 -0400] "GET /items117806098.shtml HTTP/1.1" 200 25236 "-" "Mozilla/5.0 AppleWebKit/537.36 (KHTML, like Gecko; compatible; bingbot/2.0; +http://www.bing.com/bingbot.htm) Chrome/116.0.1938.76 Safari/537.36"
66.249.65.104 - - [09/Apr/2025:08:50:12 -0400] "GET /entity/e/responseless/53504498.shtml HTTP/1.1" 200 25663 "-" "Mozilla/5.0 (Linux; Android 6.0.1; Nexus 5X Build/MMB29P) AppleWebKit/537.36 (KHTML, like Gecko) Chrome/135.0.7049.52 Mobile Safari/537.36 (compatible; GoogleOther)"
40.77.167.74 - - [09/Apr/2025:08:50:14 -0400] "GET /shopdetail75684400.shtml HTTP/1.1" 200 26938 "-" "Mozilla/5.0 AppleWebKit/537.36 (KHTML, like Gecko; compatible; bingbot/2.0; +http://www.bing.com/bingbot.htm) Chrome/116.0.1938.76 Safari/537.36"
66.249.65.104 - - [09/Apr/2025:08:50:14 -0400] "GET /products33748490.shtml HTTP/1.1" 200 25398 "-" "Mozilla/5.0 (Linux; Android 6.0.1; Nexus 5X Build/MMB29P) AppleWebKit/537.36 (KHTML, like Gecko) Chrome/135.0.7049.52 Mobile Safari/537.36 (compatible; GoogleOther)"
66.249.65.105 - - [09/Apr/2025:08:50:16 -0400] "GET /shopdetail/go/recurrence/97000034.shtml HTTP/1.1" 200 25973 "-" "Mozilla/5.0 (Linux; Android 6.0.1; Nexus 5X Build/MMB29P) AppleWebKit/537.36 (KHTML, like Gecko) Chrome/135.0.7049.52 Mobile Safari/537.36 (compatible; GoogleOther)"
207.46.13.17 - - [09/Apr/2025:08:50:16 -0400] "GET /product/i/pensively90356390.shtml HTTP/1.1" 200 27354 "-" "Mozilla/5.0 AppleWebKit/537.36 (KHTML, like Gecko; compatible; bingbot/2.0; +http://www.bing.com/bingbot.htm) Chrome/116.0.1938.76 Safari/537.36"
66.249.65.104 - - [09/Apr/2025:08:50:17 -0400] "GET /goodscode/d/awninged/110949064.shtml HTTP/1.1" 200 26339 "-" "Mozilla/5.0 (Linux; Android 6.0.1; Nexus 5X Build/MMB29P) AppleWebKit/537.36 (KHTML, like Gecko) Chrome/135.0.7049.52 Mobile Safari/537.36 (compatible; GoogleOther)"
66.249.65.104 - - [09/Apr/2025:08:50:18 -0400] "GET /entity/brazos104612320.shtml HTTP/1.1" 200 29135 "-" "Mozilla/5.0 (Linux; Android 6.0.1; Nexus 5X Build/MMB29P) AppleWebKit/537.36 (KHTML, like Gecko) Chrome/135.0.7049.52 Mobile Safari/537.36 (compatible; GoogleOther)"
66.249.65.104 - - [09/Apr/2025:08:50:19 -0400] "GET /entity/reservatory/108564418.shtml HTTP/1.1" 200 29242 "-" "Mozilla/5.0 (Linux; Android 6.0.1; Nexus 5X Build/MMB29P) AppleWebKit/537.36 (KHTML, like Gecko) Chrome/135.0.7049.52 Mobile Safari/537.36 (compatible; GoogleOther)"
66.249.65.104 - - [09/Apr/2025:08:50:20 -0400] "GET /entity/x/squiggle40228692.shtml HTTP/1.1" 200 26440 "-" "Mozilla/5.0 (Linux; Android 6.0.1; Nexus 5X Build/MMB29P) AppleWebKit/537.36 (KHTML, like Gecko) Chrome/135.0.7049.52 Mobile Safari/537.36 (compatible; GoogleOther)"
207.46.13.17 - - [09/Apr/2025:08:50:21 -0400] "GET /items/333648.shtml HTTP/1.1" 200 27276 "-" "Mozilla/5.0 AppleWebKit/537.36 (KHTML, like Gecko; compatible; bingbot/2.0; +http://www.bing.com/bingbot.htm) Chrome/116.0.1938.76 Safari/537.36"
66.249.65.104 - - [09/Apr/2025:08:50:21 -0400] "GET /items1043558.shtml HTTP/1.1" 200 26963 "-" "Mozilla/5.0 (Linux; Android 6.0.1; Nexus 5X Build/MMB29P) AppleWebKit/537.36 (KHTML, like Gecko) Chrome/135.0.7049.52 Mobile Safari/537.36 (compatible; GoogleOther)"
66.249.65.105 - - [09/Apr/2025:08:50:22 -0400] "GET /item32100222.shtml HTTP/1.1" 200 27637 "-" "Mozilla/5.0 (Linux; Android 6.0.1; Nexus 5X Build/MMB29P) AppleWebKit/537.36 (KHTML, like Gecko) Chrome/135.0.7049.52 Mobile Safari/537.36 (compatible; GoogleOther)"
66.249.65.104 - - [09/Apr/2025:08:50:24 -0400] "GET /product/prevaricator/111501932.shtml HTTP/1.1" 200 25673 "-" "Mozilla/5.0 (Linux; Android 6.0.1; Nexus 5X Build/MMB29P) AppleWebKit/537.36 (KHTML, like Gecko) Chrome/135.0.7049.52 Mobile Safari/537.36 (compatible; GoogleOther)"
207.46.13.17 - - [09/Apr/2025:08:50:26 -0400] "GET /goodscode/bramble/119188520.shtml HTTP/1.1" 200 26397 "-" "Mozilla/5.0 AppleWebKit/537.36 (KHTML, like Gecko; compatible; bingbot/2.0; +http://www.bing.com/bingbot.htm) Chrome/116.0.1938.76 Safari/537.36"
66.249.65.105 - - [09/Apr/2025:08:50:26 -0400] "GET /detail/62728638.shtml HTTP/1.1" 200 26967 "-" "Mozilla/5.0 (Linux; Android 6.0.1; Nexus 5X Build/MMB29P) AppleWebKit/537.36 (KHTML, like Gecko) Chrome/135.0.7049.52 Mobile Safari/537.36 (compatible; GoogleOther)"
66.249.65.104 - - [09/Apr/2025:08:50:28 -0400] "GET /entity/821062.shtml HTTP/1.1" 200 25609 "-" "Mozilla/5.0 (Linux; Android 6.0.1; Nexus 5X Build/MMB29P) AppleWebKit/537.36 (KHTML, like Gecko) Chrome/135.0.7049.52 Mobile Safari/537.36 (compatible; GoogleOther)"
66.249.65.104 - - [09/Apr/2025:08:50:30 -0400] "GET /goodscode/119535402.shtml HTTP/1.1" 200 28943 "-" "Mozilla/5.0 (Linux; Android 6.0.1; Nexus 5X Build/MMB29P) AppleWebKit/537.36 (KHTML, like Gecko) Chrome/135.0.7049.52 Mobile Safari/537.36 (compatible; GoogleOther)"
207.46.13.17 - - [09/Apr/2025:08:50:31 -0400] "GET /item87120810.shtml HTTP/1.1" 200 27203 "-" "Mozilla/5.0 AppleWebKit/537.36 (KHTML, like Gecko; compatible; bingbot/2.0; +http://www.bing.com/bingbot.htm) Chrome/116.0.1938.76 Safari/537.36"
207.46.13.168 - - [09/Apr/2025:08:50:33 -0400] "GET /entity/dipleidoscope/563534.shtml HTTP/1.1" 200 27070 "-" "Mozilla/5.0 AppleWebKit/537.36 (KHTML, like Gecko; compatible; bingbot/2.0; +http://www.bing.com/bingbot.htm) Chrome/116.0.1938.76 Safari/537.36"
66.249.65.105 - - [09/Apr/2025:08:50:33 -0400] "GET /special/weanel109207854.shtml HTTP/1.1" 200 27410 "-" "Mozilla/5.0 (Linux; Android 6.0.1; Nexus 5X Build/MMB29P) AppleWebKit/537.36 (KHTML, like Gecko) Chrome/135.0.7049.52 Mobile Safari/537.36 (compatible; GoogleOther)"
66.249.65.104 - - [09/Apr/2025:08:50:35 -0400] "GET /goods/varanaus55781624.shtml HTTP/1.1" 200 26339 "-" "Mozilla/5.0 (Linux; Android 6.0.1; Nexus 5X Build/MMB29P) AppleWebKit/537.36 (KHTML, like Gecko) Chrome/135.0.7049.52 Mobile Safari/537.36 (compatible; GoogleOther)"
66.249.65.105 - - [09/Apr/2025:08:50:36 -0400] "GET /info/a/idiomuscular/22193350.shtml HTTP/1.1" 200 25860 "-" "Mozilla/5.0 (Linux; Android 6.0.1; Nexus 5X Build/MMB29P) AppleWebKit/537.36 (KHTML, like Gecko) Chrome/135.0.7049.52 Mobile Safari/537.36 (compatible; GoogleOther)"
207.46.13.17 - - [09/Apr/2025:08:50:36 -0400] "GET /item/stauropus47031458.shtml HTTP/1.1" 200 27860 "-" "Mozilla/5.0 AppleWebKit/537.36 (KHTML, like Gecko; compatible; bingbot/2.0; +http://www.bing.com/bingbot.htm) Chrome/116.0.1938.76 Safari/537.36"
52.167.144.138 - - [09/Apr/2025:08:50:36 -0400] "GET /product/25558974.shtml HTTP/1.1" 200 28191 "-" "Mozilla/5.0 AppleWebKit/537.36 (KHTML, like Gecko; compatible; bingbot/2.0; +http://www.bing.com/bingbot.htm) Chrome/116.0.1938.76 Safari/537.36"
66.249.65.105 - - [09/Apr/2025:08:50:37 -0400] "GET /entity/hypsiprymnodon44618716.shtml HTTP/1.1" 200 26120 "-" "Mozilla/5.0 (Linux; Android 6.0.1; Nexus 5X Build/MMB29P) AppleWebKit/537.36 (KHTML, like Gecko) Chrome/135.0.7049.52 Mobile Safari/537.36 (compatible; GoogleOther)"
66.249.65.104 - - [09/Apr/2025:08:50:38 -0400] "GET /entity/ckg/phytologist/104448350.shtml HTTP/1.1" 200 27803 "-" "Mozilla/5.0 (Linux; Android 6.0.1; Nexus 5X Build/MMB29P) AppleWebKit/537.36 (KHTML, like Gecko) Chrome/135.0.7049.52 Mobile Safari/537.36 (compatible; GoogleOther)"
66.249.65.105 - - [09/Apr/2025:08:50:40 -0400] "GET /entity/j/guacho70381516.shtml HTTP/1.1" 200 27738 "-" "Mozilla/5.0 (Linux; Android 6.0.1; Nexus 5X Build/MMB29P) AppleWebKit/537.36 (KHTML, like Gecko) Chrome/135.0.7049.52 Mobile Safari/537.36 (compatible; GoogleOther)"
66.249.65.104 - - [09/Apr/2025:08:50:41 -0400] "GET /items120820744.shtml HTTP/1.1" 200 28564 "-" "Mozilla/5.0 (Linux; Android 6.0.1; Nexus 5X Build/MMB29P) AppleWebKit/537.36 (KHTML, like Gecko) Chrome/135.0.7049.52 Mobile Safari/537.36 (compatible; GoogleOther)"
66.249.79.200 - - [09/Apr/2025:08:50:42 -0400] "GET /items/20385540.shtml HTTP/1.1" 200 28150 "-" "Mozilla/5.0 (Linux; Android 6.0.1; Nexus 5X Build/MMB29P) AppleWebKit/537.36 (KHTML, like Gecko) Chrome/135.0.7049.52 Mobile Safari/537.36 (compatible; GoogleOther)"
66.249.65.104 - - [09/Apr/2025:08:50:43 -0400] "GET /product/105864460.shtml HTTP/1.1" 200 27625 "-" "Mozilla/5.0 (Linux; Android 6.0.1; Nexus 5X Build/MMB29P) AppleWebKit/537.36 (KHTML, like Gecko) Chrome/135.0.7049.52 Mobile Safari/537.36 (compatible; GoogleOther)"
66.249.65.97 - - [09/Apr/2025:08:50:45 -0400] "GET /detail/v/gromwell/32377208.shtml HTTP/1.1" 200 26750 "-" "Mozilla/5.0 (Linux; Android 6.0.1; Nexus 5X Build/MMB29P) AppleWebKit/537.36 (KHTML, like Gecko) Chrome/135.0.7049.52 Mobile Safari/537.36 (compatible; GoogleOther)"
66.249.65.96 - - [09/Apr/2025:08:50:46 -0400] "GET /entity/61759000.shtml HTTP/1.1" 200 27181 "-" "Mozilla/5.0 (Linux; Android 6.0.1; Nexus 5X Build/MMB29P) AppleWebKit/537.36 (KHTML, like Gecko) Chrome/135.0.7049.52 Mobile Safari/537.36 (compatible; GoogleOther)"
40.77.167.4 - - [09/Apr/2025:08:50:46 -0400] "GET /special/detonated/108227548.shtml HTTP/1.1" 200 27420 "-" "Mozilla/5.0 AppleWebKit/537.36 (KHTML, like Gecko; compatible; bingbot/2.0; +http://www.bing.com/bingbot.htm) Chrome/116.0.1938.76 Safari/537.36"
66.249.65.104 - - [09/Apr/2025:08:50:47 -0400] "GET /item/51553148.shtml HTTP/1.1" 200 28279 "-" "Mozilla/5.0 (Linux; Android 6.0.1; Nexus 5X Build/MMB29P) AppleWebKit/537.36 (KHTML, like Gecko) Chrome/135.0.7049.52 Mobile Safari/537.36 (compatible; GoogleOther)"
66.249.65.96 - - [09/Apr/2025:08:50:48 -0400] "GET /item110686322.shtml HTTP/1.1" 200 26365 "-" "Mozilla/5.0 (Linux; Android 6.0.1; Nexus 5X Build/MMB29P) AppleWebKit/537.36 (KHTML, like Gecko) Chrome/135.0.7049.52 Mobile Safari/537.36 (compatible; GoogleOther)"
66.249.65.97 - - [09/Apr/2025:08:50:49 -0400] "GET /entity/gc/stairway/52704082.shtml HTTP/1.1" 200 25779 "-" "Mozilla/5.0 (Linux; Android 6.0.1; Nexus 5X Build/MMB29P) AppleWebKit/537.36 (KHTML, like Gecko) Chrome/135.0.7049.52 Mobile Safari/537.36 (compatible; GoogleOther)"
66.249.65.104 - - [09/Apr/2025:08:50:50 -0400] "GET /product19498542.shtml HTTP/1.1" 200 25906 "-" "Mozilla/5.0 (Linux; Android 6.0.1; Nexus 5X Build/MMB29P) AppleWebKit/537.36 (KHTML, like Gecko) Chrome/135.0.7049.52 Mobile Safari/537.36 (compatible; GoogleOther)"
66.249.65.104 - - [09/Apr/2025:08:50:52 -0400] "GET /goodscode/gec/diluting/86787586.shtml HTTP/1.1" 200 26881 "-" "Mozilla/5.0 (Linux; Android 6.0.1; Nexus 5X Build/MMB29P) AppleWebKit/537.36 (KHTML, like Gecko) Chrome/135.0.7049.52 Mobile Safari/537.36 (compatible; GoogleOther)"
66.249.65.104 - - [09/Apr/2025:08:50:53 -0400] "GET /entity/t/uncivilty/106398280.shtml HTTP/1.1" 200 25345 "-" "Mozilla/5.0 (Linux; Android 6.0.1; Nexus 5X Build/MMB29P) AppleWebKit/537.36 (KHTML, like Gecko) Chrome/135.0.7049.52 Mobile Safari/537.36 (compatible; GoogleOther)"
66.249.65.97 - - [09/Apr/2025:08:50:54 -0400] "GET /shopdetail96571082.shtml HTTP/1.1" 200 26928 "-" "Mozilla/5.0 (Linux; Android 6.0.1; Nexus 5X Build/MMB29P) AppleWebKit/537.36 (KHTML, like Gecko) Chrome/135.0.7049.52 Mobile Safari/537.36 (compatible; GoogleOther)"
66.249.65.96 - - [09/Apr/2025:08:50:55 -0400] "GET /entity/27438962.shtml HTTP/1.1" 200 26319 "-" "Mozilla/5.0 (Linux; Android 6.0.1; Nexus 5X Build/MMB29P) AppleWebKit/537.36 (KHTML, like Gecko) Chrome/135.0.7049.52 Mobile Safari/537.36 (compatible; GoogleOther)"
198.54.116.86 - - [09/Apr/2025:08:50:57 -0400] "POST /wp-cron.php?doing_wp_cron=1744203057.0381569862365722656250 HTTP/1.1" 200 0 "-" "WordPress/6.7.2; https://servethepeopleinc.org"
66.249.65.104 - - [09/Apr/2025:08:50:56 -0400] "GET /entity/tunnelled71320616.shtml HTTP/1.1" 200 28168 "-" "Mozilla/5.0 (Linux; Android 6.0.1; Nexus 5X Build/MMB29P) AppleWebKit/537.36 (KHTML, like Gecko) Chrome/135.0.7049.52 Mobile Safari/537.36 (compatible; GoogleOther)"
40.77.167.4 - - [09/Apr/2025:08:50:56 -0400] "GET /special89217450.shtml HTTP/1.1" 200 28313 "-" "Mozilla/5.0 AppleWebKit/537.36 (KHTML, like Gecko; compatible; bingbot/2.0; +http://www.bing.com/bingbot.htm) Chrome/116.0.1938.76 Safari/537.36"
51.222.253.20 - - [09/Apr/2025:08:50:56 -0400] "GET /shopbrand/5251492.shtml HTTP/1.1" 404 16704 "-" "Mozilla/5.0 (compatible; AhrefsBot/7.0; +http://ahrefs.com/robot/)"
198.54.116.86 - - [09/Apr/2025:08:50:57 -0400] "POST /wp-admin/admin-ajax.php?action=async_litespeed&nonce=9aYmiB6jWaDxTusgWsMiamM2QvWW1MqG&litespeed_type=imgoptm HTTP/1.1" 200 21 "-" "WordPress/6.7.2; https://servethepeopleinc.org"
66.249.65.104 - - [09/Apr/2025:08:50:57 -0400] "GET /info/qws/greed/83922662.shtml HTTP/1.1" 200 27551 "-" "Mozilla/5.0 (Linux; Android 6.0.1; Nexus 5X Build/MMB29P) AppleWebKit/537.36 (KHTML, like Gecko) Chrome/135.0.7049.52 Mobile Safari/537.36 (compatible; GoogleOther)"
66.249.65.97 - - [09/Apr/2025:08:50:58 -0400] "GET /entity/107360194.shtml HTTP/1.1" 200 28136 "-" "Mozilla/5.0 (Linux; Android 6.0.1; Nexus 5X Build/MMB29P) AppleWebKit/537.36 (KHTML, like Gecko) Chrome/135.0.7049.52 Mobile Safari/537.36 (compatible; GoogleOther)"
66.249.65.98 - - [09/Apr/2025:08:51:00 -0400] "GET /items/87560990.shtml HTTP/1.1" 200 26274 "-" "Mozilla/5.0 (Linux; Android 6.0.1; Nexus 5X Build/MMB29P) AppleWebKit/537.36 (KHTML, like Gecko) Chrome/135.0.7049.52 Mobile Safari/537.36 (compatible; GoogleOther)"
66.249.65.104 - - [09/Apr/2025:08:51:01 -0400] "GET /entity/ak/moiled79802902.shtml HTTP/1.1" 200 26749 "-" "Mozilla/5.0 (Linux; Android 6.0.1; Nexus 5X Build/MMB29P) AppleWebKit/537.36 (KHTML, like Gecko) Chrome/135.0.7049.52 Mobile Safari/537.36 (compatible; GoogleOther)"
66.249.65.97 - - [09/Apr/2025:08:51:01 -0400] "GET /shopbrand/proxenetism67739428.shtml HTTP/1.1" 200 27023 "-" "Mozilla/5.0 (compatible; Googlebot/2.1; +http://www.google.com/bot.html)"
207.46.13.17 - - [09/Apr/2025:08:51:03 -0400] "GET /item/tk/checking107544928.shtml HTTP/1.1" 200 27960 "-" "Mozilla/5.0 AppleWebKit/537.36 (KHTML, like Gecko; compatible; bingbot/2.0; +http://www.bing.com/bingbot.htm) Chrome/116.0.1938.76 Safari/537.36"
66.249.65.104 - - [09/Apr/2025:08:51:03 -0400] "GET /product/intercavernous91023220.shtml HTTP/1.1" 200 27168 "-" "Mozilla/5.0 (Linux; Android 6.0.1; Nexus 5X Build/MMB29P) AppleWebKit/537.36 (KHTML, like Gecko) Chrome/135.0.7049.52 Mobile Safari/537.36 (compatible; GoogleOther)"
66.249.65.104 - - [09/Apr/2025:08:51:04 -0400] "GET /detail/27296430.shtml HTTP/1.1" 200 28584 "-" "Mozilla/5.0 (Linux; Android 6.0.1; Nexus 5X Build/MMB29P) AppleWebKit/537.36 (KHTML, like Gecko) Chrome/135.0.7049.52 Mobile Safari/537.36 (compatible; GoogleOther)"
66.249.65.105 - - [09/Apr/2025:08:51:05 -0400] "GET /goodscode/blamefulness/52602694.shtml HTTP/1.1" 200 30501 "-" "Mozilla/5.0 (Linux; Android 6.0.1; Nexus 5X Build/MMB29P) AppleWebKit/537.36 (KHTML, like Gecko) Chrome/135.0.7049.52 Mobile Safari/537.36 (compatible; GoogleOther)"
40.77.167.74 - - [09/Apr/2025:08:51:06 -0400] "GET /products/85247568.shtml HTTP/1.1" 200 26790 "-" "Mozilla/5.0 AppleWebKit/537.36 (KHTML, like Gecko; compatible; bingbot/2.0; +http://www.bing.com/bingbot.htm) Chrome/116.0.1938.76 Safari/537.36"
40.77.167.4 - - [09/Apr/2025:08:51:07 -0400] "GET /product/intwist/102361118.shtml HTTP/1.1" 200 27615 "-" "Mozilla/5.0 AppleWebKit/537.36 (KHTML, like Gecko; compatible; bingbot/2.0; +http://www.bing.com/bingbot.htm) Chrome/116.0.1938.76 Safari/537.36"
66.249.65.96 - - [09/Apr/2025:08:51:07 -0400] "GET /info/iy/cellarer12261962.shtml HTTP/1.1" 200 27127 "-" "Mozilla/5.0 (Linux; Android 6.0.1; Nexus 5X Build/MMB29P) AppleWebKit/537.36 (KHTML, like Gecko) Chrome/135.0.7049.52 Mobile Safari/537.36 (compatible; GoogleOther)"
66.249.65.104 - - [09/Apr/2025:08:51:08 -0400] "GET /entity/hko/bacchius/72314256.shtml HTTP/1.1" 200 26610 "-" "Mozilla/5.0 (Linux; Android 6.0.1; Nexus 5X Build/MMB29P) AppleWebKit/537.36 (KHTML, like Gecko) Chrome/135.0.7049.52 Mobile Safari/537.36 (compatible; GoogleOther)"
66.249.65.105 - - [09/Apr/2025:08:51:10 -0400] "GET /entity/qw/incomprehensibly107537114.shtml HTTP/1.1" 200 27855 "-" "Mozilla/5.0 (Linux; Android 6.0.1; Nexus 5X Build/MMB29P) AppleWebKit/537.36 (KHTML, like Gecko) Chrome/135.0.7049.52 Mobile Safari/537.36 (compatible; GoogleOther)"
66.249.65.104 - - [09/Apr/2025:08:51:11 -0400] "GET /products/dc/beech/98949060.shtml HTTP/1.1" 200 27329 "-" "Mozilla/5.0 (Linux; Android 6.0.1; Nexus 5X Build/MMB29P) AppleWebKit/537.36 (KHTML, like Gecko) Chrome/135.0.7049.52 Mobile Safari/537.36 (compatible; GoogleOther)"
40.77.167.74 - - [09/Apr/2025:08:51:11 -0400] "GET /products/imaging/46261824.shtml HTTP/1.1" 200 28731 "-" "Mozilla/5.0 AppleWebKit/537.36 (KHTML, like Gecko; compatible; bingbot/2.0; +http://www.bing.com/bingbot.htm) Chrome/116.0.1938.76 Safari/537.36"
66.249.65.105 - - [09/Apr/2025:08:51:12 -0400] "GET /shopping/hornstone/103580128.shtml HTTP/1.1" 200 25470 "-" "Mozilla/5.0 (Linux; Android 6.0.1; Nexus 5X Build/MMB29P) AppleWebKit/537.36 (KHTML, like Gecko) Chrome/135.0.7049.52 Mobile Safari/537.36 (compatible; GoogleOther)"
66.249.65.105 - - [09/Apr/2025:08:51:13 -0400] "GET /info/gastroduodenal/106406202.shtml HTTP/1.1" 200 27323 "-" "Mozilla/5.0 (Linux; Android 6.0.1; Nexus 5X Build/MMB29P) AppleWebKit/537.36 (KHTML, like Gecko) Chrome/135.0.7049.52 Mobile Safari/537.36 (compatible; GoogleOther)"
66.249.65.104 - - [09/Apr/2025:08:51:14 -0400] "GET /goods18025770.shtml HTTP/1.1" 200 27925 "-" "Mozilla/5.0 (Linux; Android 6.0.1; Nexus 5X Build/MMB29P) AppleWebKit/537.36 (KHTML, like Gecko) Chrome/135.0.7049.52 Mobile Safari/537.36 (compatible; GoogleOther)"
40.77.167.150 - - [09/Apr/2025:08:51:15 -0400] "GET /info/ojq/heredity52611614.shtml HTTP/1.1" 200 26759 "-" "Mozilla/5.0 AppleWebKit/537.36 (KHTML, like Gecko; compatible; bingbot/2.0; +http://www.bing.com/bingbot.htm) Chrome/116.0.1938.76 Safari/537.36"
66.249.65.105 - - [09/Apr/2025:08:51:15 -0400] "GET /item40118258.shtml HTTP/1.1" 200 27595 "-" "Mozilla/5.0 (Linux; Android 6.0.1; Nexus 5X Build/MMB29P) AppleWebKit/537.36 (KHTML, like Gecko) Chrome/135.0.7049.52 Mobile Safari/537.36 (compatible; GoogleOther)"
40.77.167.4 - - [09/Apr/2025:08:51:15 -0400] "GET /special/ge/rhubarb/75932094.shtml HTTP/1.1" 200 26002 "-" "Mozilla/5.0 AppleWebKit/537.36 (KHTML, like Gecko; compatible; bingbot/2.0; +http://www.bing.com/bingbot.htm) Chrome/116.0.1938.76 Safari/537.36"
66.249.65.104 - - [09/Apr/2025:08:51:16 -0400] "GET /entity/sequaciousness/51457388.shtml HTTP/1.1" 200 25319 "-" "Mozilla/5.0 (Linux; Android 6.0.1; Nexus 5X Build/MMB29P) AppleWebKit/537.36 (KHTML, like Gecko) Chrome/135.0.7049.52 Mobile Safari/537.36 (compatible; GoogleOther)"
207.46.13.168 - - [09/Apr/2025:08:51:16 -0400] "GET /product/ru/glandage/75662828.shtml HTTP/1.1" 200 26998 "-" "Mozilla/5.0 AppleWebKit/537.36 (KHTML, like Gecko; compatible; bingbot/2.0; +http://www.bing.com/bingbot.htm) Chrome/116.0.1938.76 Safari/537.36"
66.249.65.104 - - [09/Apr/2025:08:51:17 -0400] "GET /detail/retake/8136236.shtml HTTP/1.1" 200 26529 "-" "Mozilla/5.0 (Linux; Android 6.0.1; Nexus 5X Build/MMB29P) AppleWebKit/537.36 (KHTML, like Gecko) Chrome/135.0.7049.52 Mobile Safari/537.36 (compatible; GoogleOther)"
66.249.65.104 - - [09/Apr/2025:08:51:19 -0400] "GET /items/ew/nonacquaintance31796566.shtml HTTP/1.1" 200 27262 "-" "Mozilla/5.0 (Linux; Android 6.0.1; Nexus 5X Build/MMB29P) AppleWebKit/537.36 (KHTML, like Gecko) Chrome/135.0.7049.52 Mobile Safari/537.36 (compatible; GoogleOther)"
66.249.65.105 - - [09/Apr/2025:08:51:20 -0400] "GET /goodscode/auricularly18926812.shtml HTTP/1.1" 200 28484 "-" "Mozilla/5.0 (Linux; Android 6.0.1; Nexus 5X Build/MMB29P) AppleWebKit/537.36 (KHTML, like Gecko) Chrome/135.0.7049.52 Mobile Safari/537.36 (compatible; GoogleOther)"
40.77.167.4 - - [09/Apr/2025:08:51:20 -0400] "GET /shopping54067504.shtml HTTP/1.1" 200 25433 "-" "Mozilla/5.0 AppleWebKit/537.36 (KHTML, like Gecko; compatible; bingbot/2.0; +http://www.bing.com/bingbot.htm) Chrome/116.0.1938.76 Safari/537.36"
66.249.65.96 - - [09/Apr/2025:08:51:21 -0400] "GET /goodscode/q/coffinless30577386.shtml HTTP/1.1" 200 26259 "-" "Mozilla/5.0 (Linux; Android 6.0.1; Nexus 5X Build/MMB29P) AppleWebKit/537.36 (KHTML, like Gecko) Chrome/135.0.7049.52 Mobile Safari/537.36 (compatible; GoogleOther)"
66.249.65.96 - - [09/Apr/2025:08:51:22 -0400] "GET /info/czarowitzes/82846596.shtml HTTP/1.1" 200 28554 "-" "Mozilla/5.0 (Linux; Android 6.0.1; Nexus 5X Build/MMB29P) AppleWebKit/537.36 (KHTML, like Gecko) Chrome/135.0.7049.52 Mobile Safari/537.36 (compatible; GoogleOther)"
40.77.167.4 - - [09/Apr/2025:08:51:23 -0400] "GET /products/epipodialia/49174520.shtml HTTP/1.1" 200 25702 "-" "Mozilla/5.0 AppleWebKit/537.36 (KHTML, like Gecko; compatible; bingbot/2.0; +http://www.bing.com/bingbot.htm) Chrome/116.0.1938.76 Safari/537.36"
66.249.65.105 - - [09/Apr/2025:08:51:23 -0400] "GET /item/oa/hysteric/79344850.shtml HTTP/1.1" 200 28064 "-" "Mozilla/5.0 (Linux; Android 6.0.1; Nexus 5X Build/MMB29P) AppleWebKit/537.36 (KHTML, like Gecko) Chrome/135.0.7049.52 Mobile Safari/537.36 (compatible; GoogleOther)"
66.249.65.104 - - [09/Apr/2025:08:51:24 -0400] "GET /entity/qs/nomopelmous110880866.shtml HTTP/1.1" 200 25597 "-" "Mozilla/5.0 (Linux; Android 6.0.1; Nexus 5X Build/MMB29P) AppleWebKit/537.36 (KHTML, like Gecko) Chrome/135.0.7049.52 Mobile Safari/537.36 (compatible; GoogleOther)"
66.249.65.105 - - [09/Apr/2025:08:51:25 -0400] "GET /item/flounder/104600690.shtml HTTP/1.1" 200 27058 "-" "Mozilla/5.0 (Linux; Android 6.0.1; Nexus 5X Build/MMB29P) AppleWebKit/537.36 (KHTML, like Gecko) Chrome/135.0.7049.52 Mobile Safari/537.36 (compatible; GoogleOther)"
66.249.65.105 - - [09/Apr/2025:08:51:26 -0400] "GET /product/p/ambulant/32675056.shtml HTTP/1.1" 200 26894 "-" "Mozilla/5.0 (Linux; Android 6.0.1; Nexus 5X Build/MMB29P) AppleWebKit/537.36 (KHTML, like Gecko) Chrome/135.0.7049.52 Mobile Safari/537.36 (compatible; GoogleOther)"
66.249.65.104 - - [09/Apr/2025:08:51:28 -0400] "GET /goods/eosphorite/40529270.shtml HTTP/1.1" 200 26074 "-" "Mozilla/5.0 (Linux; Android 6.0.1; Nexus 5X Build/MMB29P) AppleWebKit/537.36 (KHTML, like Gecko) Chrome/135.0.7049.52 Mobile Safari/537.36 (compatible; GoogleOther)"
66.249.65.105 - - [09/Apr/2025:08:51:29 -0400] "GET /entity/didymium/123306754.shtml HTTP/1.1" 200 26042 "-" "Mozilla/5.0 (Linux; Android 6.0.1; Nexus 5X Build/MMB29P) AppleWebKit/537.36 (KHTML, like Gecko) Chrome/135.0.7049.52 Mobile Safari/537.36 (compatible; GoogleOther)"
207.46.13.17 - - [09/Apr/2025:08:51:42 -0400] "GET /items87986052.shtml HTTP/1.1" 200 27176 "-" "Mozilla/5.0 AppleWebKit/537.36 (KHTML, like Gecko; compatible; bingbot/2.0; +http://www.bing.com/bingbot.htm) Chrome/116.0.1938.76 Safari/537.36"
66.249.65.105 - - [09/Apr/2025:08:51:42 -0400] "GET /info/d/concessioner/17621268.shtml HTTP/1.1" 200 27564 "-" "Mozilla/5.0 (Linux; Android 6.0.1; Nexus 5X Build/MMB29P) AppleWebKit/537.36 (KHTML, like Gecko) Chrome/135.0.7049.52 Mobile Safari/537.36 (compatible; GoogleOther)"
40.77.167.4 - - [09/Apr/2025:08:51:46 -0400] "GET /products/cuc/mottling/7466786.shtml HTTP/1.1" 200 26915 "-" "Mozilla/5.0 AppleWebKit/537.36 (KHTML, like Gecko; compatible; bingbot/2.0; +http://www.bing.com/bingbot.htm) Chrome/116.0.1938.76 Safari/537.36"
198.54.116.86 - - [09/Apr/2025:08:51:47 -0400] "POST /wp-cron.php?doing_wp_cron=1744203107.9765539169311523437500 HTTP/1.1" 200 0 "-" "WordPress/6.7.2; https://servethepeopleinc.org"
199.244.88.230 - - [09/Apr/2025:08:51:47 -0400] "GET / HTTP/1.1" 200 32636 "http://servethepeopleinc.org" "Mozilla/5.0 (X11; Linux x86_64) AppleWebKit/537.36 (KHTML, like Gecko) Chrome/105.0.0.0 Safari/537.36"
198.54.116.86 - - [09/Apr/2025:08:51:48 -0400] "POST /wp-admin/admin-ajax.php?action=async_litespeed&nonce=oMBfZXXzexkhiObm3zOCi9sD1uUszXqw&litespeed_type=imgoptm HTTP/1.1" 200 21 "-" "WordPress/6.7.2; https://servethepeopleinc.org"
66.249.65.105 - - [09/Apr/2025:08:51:48 -0400] "GET /detail/avw/optatively115274402.shtml HTTP/1.1" 200 27412 "-" "Mozilla/5.0 (Linux; Android 6.0.1; Nexus 5X Build/MMB29P) AppleWebKit/537.36 (KHTML, like Gecko) Chrome/135.0.7049.52 Mobile Safari/537.36 (compatible; GoogleOther)"
207.46.13.17 - - [09/Apr/2025:08:51:54 -0400] "GET /info16798298.shtml HTTP/1.1" 200 26079 "-" "Mozilla/5.0 AppleWebKit/537.36 (KHTML, like Gecko; compatible; bingbot/2.0; +http://www.bing.com/bingbot.htm) Chrome/116.0.1938.76 Safari/537.36"
207.46.13.168 - - [09/Apr/2025:08:51:54 -0400] "GET /special/so/isagogic/36478638.shtml HTTP/1.1" 200 26483 "-" "Mozilla/5.0 AppleWebKit/537.36 (KHTML, like Gecko; compatible; bingbot/2.0; +http://www.bing.com/bingbot.htm) Chrome/116.0.1938.76 Safari/537.36"
66.249.65.104 - - [09/Apr/2025:08:52:01 -0400] "GET /special/p/betaorcin/32693620.shtml HTTP/1.1" 200 26777 "-" "Mozilla/5.0 (Linux; Android 6.0.1; Nexus 5X Build/MMB29P) AppleWebKit/537.36 (KHTML, like Gecko) Chrome/135.0.7049.52 Mobile Safari/537.36 (compatible; GoogleOther)"
52.167.144.138 - - [09/Apr/2025:08:52:08 -0400] "GET /item63712232.shtml HTTP/1.1" 200 25957 "-" "Mozilla/5.0 AppleWebKit/537.36 (KHTML, like Gecko; compatible; bingbot/2.0; +http://www.bing.com/bingbot.htm) Chrome/116.0.1938.76 Safari/537.36"
40.77.167.4 - - [09/Apr/2025:08:52:18 -0400] "GET /item/deliquium47837728.shtml HTTP/1.1" 200 26186 "-" "Mozilla/5.0 AppleWebKit/537.36 (KHTML, like Gecko; compatible; bingbot/2.0; +http://www.bing.com/bingbot.htm) Chrome/116.0.1938.76 Safari/537.36"
66.249.65.104 - - [09/Apr/2025:08:52:18 -0400] "GET /items/towing34388068.shtml HTTP/1.1" 200 26989 "-" "Mozilla/5.0 (Linux; Android 6.0.1; Nexus 5X Build/MMB29P) AppleWebKit/537.36 (KHTML, like Gecko) Chrome/135.0.7049.52 Mobile Safari/537.36 (compatible; GoogleOther)"
66.249.65.105 - - [09/Apr/2025:08:52:21 -0400] "GET /entity/de/piastre/25362536.shtml HTTP/1.1" 200 28182 "-" "Mozilla/5.0 (compatible; Googlebot/2.1; +http://www.google.com/bot.html)"
52.167.144.138 - - [09/Apr/2025:08:52:22 -0400] "GET /products/accorded/31351954.shtml HTTP/1.1" 200 27820 "-" "Mozilla/5.0 AppleWebKit/537.36 (KHTML, like Gecko; compatible; bingbot/2.0; +http://www.bing.com/bingbot.htm) Chrome/116.0.1938.76 Safari/537.36"
207.46.13.168 - - [09/Apr/2025:08:52:24 -0400] "GET /shopping/29221984.shtml HTTP/1.1" 200 30267 "-" "Mozilla/5.0 AppleWebKit/537.36 (KHTML, like Gecko; compatible; bingbot/2.0; +http://www.bing.com/bingbot.htm) Chrome/116.0.1938.76 Safari/537.36"
207.46.13.168 - - [09/Apr/2025:08:52:33 -0400] "GET /shopping/f/ HTTP/1.1" 200 27212 "-" "Mozilla/5.0 AppleWebKit/537.36 (KHTML, like Gecko; compatible; bingbot/2.0; +http://www.bing.com/bingbot.htm) Chrome/116.0.1938.76 Safari/537.36"
18.191.194.2 - - [09/Apr/2025:08:52:41 -0400] "GET /robots.txt HTTP/1.1" 200 101 "-" "Mozilla/5.0 AppleWebKit/537.36 (KHTML, like Gecko; compatible; ClaudeBot/1.0; +claudebot@anthropic.com)"
18.191.194.2 - - [09/Apr/2025:08:52:41 -0400] "GET /ad917/?path=%2Fhome%2Fservlmvm%2Fpublic_html%2Fad917%2F.%2F..%2F..%2F.%2Fmail%2F.sabina%40servethepeopleinc_org%2F.spam HTTP/1.1" 200 1720 "-" "Mozilla/5.0 AppleWebKit/537.36 (KHTML, like Gecko; compatible; ClaudeBot/1.0; +claudebot@anthropic.com)"
18.191.194.2 - - [09/Apr/2025:08:52:44 -0400] "GET /ad917/?path=%2Fhome%2Fservlmvm%2Fpublic_html%2Fad917%2F.%2F..%2Fwp-includes%2F.%2Fblocks%2Fdetails%2F.htaccess HTTP/1.1" 403 1242 "-" "Mozilla/5.0 AppleWebKit/537.36 (KHTML, like Gecko; compatible; ClaudeBot/1.0; +claudebot@anthropic.com)"
66.249.65.104 - - [09/Apr/2025:08:52:46 -0400] "GET /item/x/inopercular/66121104.shtml HTTP/1.1" 200 25570 "-" "Mozilla/5.0 (Linux; Android 6.0.1; Nexus 5X Build/MMB29P) AppleWebKit/537.36 (KHTML, like Gecko) Chrome/135.0.7049.52 Mobile Safari/537.36 (compatible; GoogleOther)"
40.77.167.4 - - [09/Apr/2025:08:52:48 -0400] "GET /special108194164.shtml HTTP/1.1" 200 26134 "-" "Mozilla/5.0 AppleWebKit/537.36 (KHTML, like Gecko; compatible; bingbot/2.0; +http://www.bing.com/bingbot.htm) Chrome/116.0.1938.76 Safari/537.36"
40.77.167.150 - - [09/Apr/2025:08:52:48 -0400] "GET /entity/r/minglemangle42018292.shtml HTTP/1.1" 200 28875 "-" "Mozilla/5.0 AppleWebKit/537.36 (KHTML, like Gecko; compatible; bingbot/2.0; +http://www.bing.com/bingbot.htm) Chrome/116.0.1938.76 Safari/537.36"
66.249.65.104 - - [09/Apr/2025:08:52:53 -0400] "GET /shopbrand/x/tombac/37457276.shtml HTTP/1.1" 200 27415 "-" "Mozilla/5.0 (Linux; Android 6.0.1; Nexus 5X Build/MMB29P) AppleWebKit/537.36 (KHTML, like Gecko) Chrome/135.0.7049.52 Mobile Safari/537.36 (compatible; GoogleOther)"
40.77.167.4 - - [09/Apr/2025:08:52:58 -0400] "GET /items/boldened22853376.shtml HTTP/1.1" 200 26958 "-" "Mozilla/5.0 AppleWebKit/537.36 (KHTML, like Gecko; compatible; bingbot/2.0; +http://www.bing.com/bingbot.htm) Chrome/116.0.1938.76 Safari/537.36"
40.77.167.4 - - [09/Apr/2025:08:53:07 -0400] "GET /special/twitlark106500370.shtml HTTP/1.1" 200 27989 "-" "Mozilla/5.0 AppleWebKit/537.36 (KHTML, like Gecko; compatible; bingbot/2.0; +http://www.bing.com/bingbot.htm) Chrome/116.0.1938.76 Safari/537.36"
66.249.65.96 - - [09/Apr/2025:08:53:11 -0400] "GET /shopbrand/cg/biloculate/22172702.shtml HTTP/1.1" 200 27247 "-" "Mozilla/5.0 (Linux; Android 6.0.1; Nexus 5X Build/MMB29P) AppleWebKit/537.36 (KHTML, like Gecko) Chrome/135.0.7049.52 Mobile Safari/537.36 (compatible; GoogleOther)"
40.77.167.150 - - [09/Apr/2025:08:53:17 -0400] "GET /items/115034052.shtml HTTP/1.1" 200 26390 "-" "Mozilla/5.0 AppleWebKit/537.36 (KHTML, like Gecko; compatible; bingbot/2.0; +http://www.bing.com/bingbot.htm) Chrome/116.0.1938.76 Safari/537.36"
