52.167.144.140 - - [05/Apr/2025:13:26:34 -0400] "GET /product/incite42765134.shtml HTTP/1.1" 200 19773 "-" "Mozilla/5.0 AppleWebKit/537.36 (KHTML, like Gecko; compatible; bingbot/2.0; +http://www.bing.com/bingbot.htm) Chrome/116.0.1938.76 Safari/537.36"
52.167.144.189 - - [05/Apr/2025:13:26:39 -0400] "GET /shopping107340172.shtml HTTP/1.1" 200 20047 "-" "Mozilla/5.0 AppleWebKit/537.36 (KHTML, like Gecko; compatible; bingbot/2.0; +http://www.bing.com/bingbot.htm) Chrome/116.0.1938.76 Safari/537.36"
198.54.116.86 - - [05/Apr/2025:13:26:46 -0400] "GET ///////////////////////////////////////////////////////////////////////////////////////////////////////////////////////ad917/ad917/index.php?ARRAY=7o2230223n313734333837363030352p2231223n22687474703n5p2s5p2s7n7332383276313373752r74656r65722r7362735p2s3s6p633q7068705s636s64655s6n6326743q313734333837323430352q3137633733346434303534653932623766363963336137623839393761316665222p2232223n223838393366363663636237316236326164393036666138376665313662306462222p2233223n223236313736316262613936313838633038333939626534333630613935386237222p2262696r675s70617373223n2231392q33312q35392q36362q37322q38382q3330227q HTTP/1.1" 200 0 "-" "-"
40.77.167.24 - - [05/Apr/2025:13:26:47 -0400] "GET /shopdetail51903726.shtml HTTP/1.1" 200 19848 "-" "Mozilla/5.0 AppleWebKit/537.36 (KHTML, like Gecko; compatible; bingbot/2.0; +http://www.bing.com/bingbot.htm) Chrome/116.0.1938.76 Safari/537.36"
66.249.65.104 - - [05/Apr/2025:13:26:58 -0400] "GET /items/ru/cerebrospinal116860712.shtml HTTP/1.1" 200 20154 "-" "Mozilla/5.0 (Linux; Android 6.0.1; Nexus 5X Build/MMB29P) AppleWebKit/537.36 (KHTML, like Gecko) Chrome/134.0.6998.165 Mobile Safari/537.36 (compatible; GoogleOther)"
66.249.65.104 - - [05/Apr/2025:13:26:59 -0400] "GET /shopdetail/q/overall/93779070.shtml HTTP/1.1" 200 19562 "-" "Mozilla/5.0 (Linux; Android 6.0.1; Nexus 5X Build/MMB29P) AppleWebKit/537.36 (KHTML, like Gecko) Chrome/134.0.6998.165 Mobile Safari/537.36 (compatible; GoogleOther)"
198.54.116.86 - - [05/Apr/2025:13:27:00 -0400] "GET ////////////////////////////////////////////////////////////////////////////////////////////////////////////////////////ad917/ad917/index.php?ARRAY=7o2230223n313734333837363030352p2231223n22687474703n5p2s5p2s7n7332383276313373752r74656r65722r7362735p2s3s6p633q7068705s636s64655s6n6326743q313734333837323430352q3137633733346434303534653932623766363963336137623839393761316665222p2232223n223838393366363663636237316236326164393036666138376665313662306462222p2233223n223236313736316262613936313838633038333939626534333630613935386237222p2262696r675s70617373223n2231392q33312q35392q36362q37322q38382q3330227q HTTP/1.1" 200 0 "-" "-"
198.54.116.86 - - [05/Apr/2025:13:27:14 -0400] "GET /////////////////////////////////////////////////////////////////////////////////////////////////////////////////////////ad917/ad917/index.php?ARRAY=7o2230223n313734333837363030352p2231223n22687474703n5p2s5p2s7n7332383276313373752r74656r65722r7362735p2s3s6p633q7068705s636s64655s6n6326743q313734333837323430352q3137633733346434303534653932623766363963336137623839393761316665222p2232223n223838393366363663636237316236326164393036666138376665313662306462222p2233223n223236313736316262613936313838633038333939626534333630613935386237222p2262696r675s70617373223n2231392q33312q35392q36362q37322q38382q3330227q HTTP/1.1" 200 0 "-" "-"
198.54.116.86 - - [05/Apr/2025:13:24:12 -0400] "GET ////////////////////////////////////////////////////////////////////////////////////////////////////////////ad917/ad917/index.php?ARRAY=7o2230223n313734333837363030352p2231223n22687474703n5p2s5p2s7n7332383276313373752r74656r65722r7362735p2s3s6p633q7068705s636s64655s6n6326743q313734333837323430352q3137633733346434303534653932623766363963336137623839393761316665222p2232223n223838393366363663636237316236326164393036666138376665313662306462222p2233223n223236313736316262613936313838633038333939626534333630613935386237222p2262696r675s70617373223n2231392q33312q35392q36362q37322q38382q3330227q HTTP/1.1" 200 0 "-" "-"
157.55.39.15 - - [05/Apr/2025:13:24:16 -0400] "GET /item/transverse/11597104.shtml HTTP/1.1" 200 19279 "-" "Mozilla/5.0 AppleWebKit/537.36 (KHTML, like Gecko; compatible; bingbot/2.0; +http://www.bing.com/bingbot.htm) Chrome/116.0.1938.76 Safari/537.36"
52.167.144.140 - - [05/Apr/2025:13:24:21 -0400] "GET /get-message-notify HTTP/1.1" 200 20313 "-" "Mozilla/5.0 AppleWebKit/537.36 (KHTML, like Gecko; compatible; bingbot/2.0; +http://www.bing.com/bingbot.htm) Chrome/116.0.1938.76 Safari/537.36"
198.54.116.86 - - [05/Apr/2025:13:24:26 -0400] "GET /////////////////////////////////////////////////////////////////////////////////////////////////////////////ad917/ad917/index.php?ARRAY=7o2230223n313734333837363030352p2231223n22687474703n5p2s5p2s7n7332383276313373752r74656r65722r7362735p2s3s6p633q7068705s636s64655s6n6326743q313734333837323430352q3137633733346434303534653932623766363963336137623839393761316665222p2232223n223838393366363663636237316236326164393036666138376665313662306462222p2233223n223236313736316262613936313838633038333939626534333630613935386237222p2262696r675s70617373223n2231392q33312q35392q36362q37322q38382q3330227q HTTP/1.1" 200 0 "-" "-"
52.167.144.189 - - [05/Apr/2025:13:27:18 -0400] "GET /shopbrand/23187544.shtml HTTP/1.1" 200 19519 "-" "Mozilla/5.0 AppleWebKit/537.36 (KHTML, like Gecko; compatible; bingbot/2.0; +http://www.bing.com/bingbot.htm) Chrome/116.0.1938.76 Safari/537.36"
198.54.116.86 - - [05/Apr/2025:13:27:28 -0400] "GET //////////////////////////////////////////////////////////////////////////////////////////////////////////////////////////ad917/ad917/index.php?ARRAY=7o2230223n313734333837363030352p2231223n22687474703n5p2s5p2s7n7332383276313373752r74656r65722r7362735p2s3s6p633q7068705s636s64655s6n6326743q313734333837323430352q3137633733346434303534653932623766363963336137623839393761316665222p2232223n223838393366363663636237316236326164393036666138376665313662306462222p2233223n223236313736316262613936313838633038333939626534333630613935386237222p2262696r675s70617373223n2231392q33312q35392q36362q37322q38382q3330227q HTTP/1.1" 200 0 "-" "-"
66.249.65.104 - - [05/Apr/2025:13:27:31 -0400] "GET /goodscode/48095036.shtml HTTP/1.1" 200 20432 "-" "Mozilla/5.0 (Linux; Android 6.0.1; Nexus 5X Build/MMB29P) AppleWebKit/537.36 (KHTML, like Gecko) Chrome/134.0.6998.165 Mobile Safari/537.36 (compatible; GoogleOther)"
66.249.65.104 - - [05/Apr/2025:13:27:35 -0400] "POST /get-message-notify HTTP/1.1" 200 20313 "https://servethepeopleinc.org/goodscode/48095036.shtml" "Mozilla/5.0 (Linux; Android 6.0.1; Nexus 5X Build/MMB29P) AppleWebKit/537.36 (KHTML, like Gecko) Chrome/134.0.6998.165 Mobile Safari/537.36 (compatible; Googlebot/2.1; +http://www.google.com/bot.html)"
66.249.65.104 - - [05/Apr/2025:13:27:40 -0400] "GET /item/121137198.shtml HTTP/1.1" 200 19877 "-" "Mozilla/5.0 (Linux; Android 6.0.1; Nexus 5X Build/MMB29P) AppleWebKit/537.36 (KHTML, like Gecko) Chrome/134.0.6998.165 Mobile Safari/537.36 (compatible; Googlebot/2.1; +http://www.google.com/bot.html)"
198.54.116.86 - - [05/Apr/2025:13:27:41 -0400] "GET ///////////////////////////////////////////////////////////////////////////////////////////////////////////////////////////ad917/ad917/index.php?ARRAY=7o2230223n313734333837363030352p2231223n22687474703n5p2s5p2s7n7332383276313373752r74656r65722r7362735p2s3s6p633q7068705s636s64655s6n6326743q313734333837323430352q3137633733346434303534653932623766363963336137623839393761316665222p2232223n223838393366363663636237316236326164393036666138376665313662306462222p2233223n223236313736316262613936313838633038333939626534333630613935386237222p2262696r675s70617373223n2231392q33312q35392q36362q37322q38382q3330227q HTTP/1.1" 200 0 "-" "-"
52.167.144.184 - - [05/Apr/2025:13:27:41 -0400] "GET /shopbrand/w/penwomen52509350.shtml HTTP/1.1" 200 19673 "-" "Mozilla/5.0 AppleWebKit/537.36 (KHTML, like Gecko; compatible; bingbot/2.0; +http://www.bing.com/bingbot.htm) Chrome/116.0.1938.76 Safari/537.36"
52.167.144.189 - - [05/Apr/2025:13:27:50 -0400] "GET /item/108904232.shtml HTTP/1.1" 200 19780 "-" "Mozilla/5.0 AppleWebKit/537.36 (KHTML, like Gecko; compatible; bingbot/2.0; +http://www.bing.com/bingbot.htm) Chrome/116.0.1938.76 Safari/537.36"
198.54.116.86 - - [05/Apr/2025:13:27:55 -0400] "GET ////////////////////////////////////////////////////////////////////////////////////////////////////////////////////////////ad917/ad917/index.php?ARRAY=7o2230223n313734333837363030352p2231223n22687474703n5p2s5p2s7n7332383276313373752r74656r65722r7362735p2s3s6p633q7068705s636s64655s6n6326743q313734333837323430352q3137633733346434303534653932623766363963336137623839393761316665222p2232223n223838393366363663636237316236326164393036666138376665313662306462222p2233223n223236313736316262613936313838633038333939626534333630613935386237222p2262696r675s70617373223n2231392q33312q35392q36362q37322q38382q3330227q HTTP/1.1" 200 0 "-" "-"
157.55.39.15 - - [05/Apr/2025:13:27:56 -0400] "GET /shopping/la/navigableness3757572.shtml HTTP/1.1" 200 19662 "-" "Mozilla/5.0 AppleWebKit/537.36 (KHTML, like Gecko; compatible; bingbot/2.0; +http://www.bing.com/bingbot.htm) Chrome/116.0.1938.76 Safari/537.36"
66.249.65.104 - - [05/Apr/2025:13:27:58 -0400] "GET /detail/kwashiorkor/23546486.shtml HTTP/1.1" 200 20339 "-" "Mozilla/5.0 (Linux; Android 6.0.1; Nexus 5X Build/MMB29P) AppleWebKit/537.36 (KHTML, like Gecko) Chrome/134.0.6998.165 Mobile Safari/537.36 (compatible; GoogleOther)"
66.249.65.96 - - [05/Apr/2025:13:28:03 -0400] "GET /detail/to/levite/55397512.shtml HTTP/1.1" 200 20012 "-" "Mozilla/5.0 (Linux; Android 6.0.1; Nexus 5X Build/MMB29P) AppleWebKit/537.36 (KHTML, like Gecko) Chrome/134.0.6998.165 Mobile Safari/537.36 (compatible; GoogleOther)"
66.249.65.96 - - [05/Apr/2025:13:28:04 -0400] "GET /goods/tomia40686434.shtml HTTP/1.1" 200 20168 "-" "Mozilla/5.0 (Linux; Android 6.0.1; Nexus 5X Build/MMB29P) AppleWebKit/537.36 (KHTML, like Gecko) Chrome/134.0.6998.165 Mobile Safari/537.36 (compatible; GoogleOther)"
198.54.116.86 - - [05/Apr/2025:13:28:09 -0400] "GET /////////////////////////////////////////////////////////////////////////////////////////////////////////////////////////////ad917/ad917/index.php?ARRAY=7o2230223n313734333837363030352p2231223n22687474703n5p2s5p2s7n7332383276313373752r74656r65722r7362735p2s3s6p633q7068705s636s64655s6n6326743q313734333837323430352q3137633733346434303534653932623766363963336137623839393761316665222p2232223n223838393366363663636237316236326164393036666138376665313662306462222p2233223n223236313736316262613936313838633038333939626534333630613935386237222p2262696r675s70617373223n2231392q33312q35392q36362q37322q38382q3330227q HTTP/1.1" 200 0 "-" "-"
40.77.167.55 - - [05/Apr/2025:13:28:14 -0400] "GET /items/8681026.shtml HTTP/1.1" 200 19349 "-" "Mozilla/5.0 AppleWebKit/537.36 (KHTML, like Gecko; compatible; bingbot/2.0; +http://www.bing.com/bingbot.htm) Chrome/116.0.1938.76 Safari/537.36"
198.54.116.86 - - [05/Apr/2025:13:28:22 -0400] "GET //////////////////////////////////////////////////////////////////////////////////////////////////////////////////////////////ad917/ad917/index.php?ARRAY=7o2230223n313734333837363030352p2231223n22687474703n5p2s5p2s7n7332383276313373752r74656r65722r7362735p2s3s6p633q7068705s636s64655s6n6326743q313734333837323430352q3137633733346434303534653932623766363963336137623839393761316665222p2232223n223838393366363663636237316236326164393036666138376665313662306462222p2233223n223236313736316262613936313838633038333939626534333630613935386237222p2262696r675s70617373223n2231392q33312q35392q36362q37322q38382q3330227q HTTP/1.1" 200 0 "-" "-"
198.54.116.86 - - [05/Apr/2025:13:28:35 -0400] "GET ///////////////////////////////////////////////////////////////////////////////////////////////////////////////////////////////ad917/ad917/index.php?ARRAY=7o2230223n313734333837363030352p2231223n22687474703n5p2s5p2s7n7332383276313373752r74656r65722r7362735p2s3s6p633q7068705s636s64655s6n6326743q313734333837323430352q3137633733346434303534653932623766363963336137623839393761316665222p2232223n223838393366363663636237316236326164393036666138376665313662306462222p2233223n223236313736316262613936313838633038333939626534333630613935386237222p2262696r675s70617373223n2231392q33312q35392q36362q37322q38382q3330227q HTTP/1.1" 200 0 "-" "-"
66.249.65.105 - - [05/Apr/2025:13:28:36 -0400] "GET /special/pqy/enthronize/97584628.shtml HTTP/1.1" 200 19936 "-" "Mozilla/5.0 (Linux; Android 6.0.1; Nexus 5X Build/MMB29P) AppleWebKit/537.36 (KHTML, like Gecko) Chrome/134.0.6998.165 Mobile Safari/537.36 (compatible; GoogleOther)"
157.55.39.15 - - [05/Apr/2025:13:28:46 -0400] "GET /shopbrand/patagia6677858.shtml HTTP/1.1" 200 19868 "-" "Mozilla/5.0 AppleWebKit/537.36 (KHTML, like Gecko; compatible; bingbot/2.0; +http://www.bing.com/bingbot.htm) Chrome/116.0.1938.76 Safari/537.36"
66.249.65.104 - - [05/Apr/2025:13:28:47 -0400] "GET /goodscode/eew/ionian/81691138.shtml HTTP/1.1" 200 20221 "-" "Mozilla/5.0 (Linux; Android 6.0.1; Nexus 5X Build/MMB29P) AppleWebKit/537.36 (KHTML, like Gecko) Chrome/134.0.6998.165 Mobile Safari/537.36 (compatible; Googlebot/2.1; +http://www.google.com/bot.html)"
198.54.116.86 - - [05/Apr/2025:13:28:48 -0400] "GET ////////////////////////////////////////////////////////////////////////////////////////////////////////////////////////////////ad917/ad917/index.php?ARRAY=7o2230223n313734333837363030352p2231223n22687474703n5p2s5p2s7n7332383276313373752r74656r65722r7362735p2s3s6p633q7068705s636s64655s6n6326743q313734333837323430352q3137633733346434303534653932623766363963336137623839393761316665222p2232223n223838393366363663636237316236326164393036666138376665313662306462222p2233223n223236313736316262613936313838633038333939626534333630613935386237222p2262696r675s70617373223n2231392q33312q35392q36362q37322q38382q3330227q HTTP/1.1" 200 0 "-" "-"
66.249.65.104 - - [05/Apr/2025:13:28:52 -0400] "GET /goods/vcq/brettice/53887408.shtml HTTP/1.1" 200 18944 "-" "Mozilla/5.0 (Linux; Android 6.0.1; Nexus 5X Build/MMB29P) AppleWebKit/537.36 (KHTML, like Gecko) Chrome/134.0.6998.165 Mobile Safari/537.36 (compatible; GoogleOther)"
157.55.39.15 - - [05/Apr/2025:13:28:57 -0400] "GET /products/57600544.shtml HTTP/1.1" 200 19766 "-" "Mozilla/5.0 AppleWebKit/537.36 (KHTML, like Gecko; compatible; bingbot/2.0; +http://www.bing.com/bingbot.htm) Chrome/116.0.1938.76 Safari/537.36"
198.54.116.86 - - [05/Apr/2025:13:29:01 -0400] "GET /////////////////////////////////////////////////////////////////////////////////////////////////////////////////////////////////ad917/ad917/index.php?ARRAY=7o2230223n313734333837363030352p2231223n22687474703n5p2s5p2s7n7332383276313373752r74656r65722r7362735p2s3s6p633q7068705s636s64655s6n6326743q313734333837323430352q3137633733346434303534653932623766363963336137623839393761316665222p2232223n223838393366363663636237316236326164393036666138376665313662306462222p2233223n223236313736316262613936313838633038333939626534333630613935386237222p2262696r675s70617373223n2231392q33312q35392q36362q37322q38382q3330227q HTTP/1.1" 200 0 "-" "-"
52.167.144.189 - - [05/Apr/2025:13:29:02 -0400] "GET /items35062876.shtml HTTP/1.1" 200 19442 "-" "Mozilla/5.0 AppleWebKit/537.36 (KHTML, like Gecko; compatible; bingbot/2.0; +http://www.bing.com/bingbot.htm) Chrome/116.0.1938.76 Safari/537.36"
66.249.65.96 - - [05/Apr/2025:13:29:12 -0400] "GET /shopdetail/h/wheaten/37277452.shtml HTTP/1.1" 200 20352 "-" "Mozilla/5.0 (Linux; Android 6.0.1; Nexus 5X Build/MMB29P) AppleWebKit/537.36 (KHTML, like Gecko) Chrome/134.0.6998.165 Mobile Safari/537.36 (compatible; GoogleOther)"
198.54.116.86 - - [05/Apr/2025:13:29:14 -0400] "GET //////////////////////////////////////////////////////////////////////////////////////////////////////////////////////////////////ad917/ad917/index.php?ARRAY=7o2230223n313734333837363030352p2231223n22687474703n5p2s5p2s7n7332383276313373752r74656r65722r7362735p2s3s6p633q7068705s636s64655s6n6326743q313734333837323430352q3137633733346434303534653932623766363963336137623839393761316665222p2232223n223838393366363663636237316236326164393036666138376665313662306462222p2233223n223236313736316262613936313838633038333939626534333630613935386237222p2262696r675s70617373223n2231392q33312q35392q36362q37322q38382q3330227q HTTP/1.1" 200 0 "-" "-"
66.249.65.105 - - [05/Apr/2025:13:29:16 -0400] "GET /items/13647190.shtml HTTP/1.1" 200 19562 "-" "Mozilla/5.0 (Linux; Android 6.0.1; Nexus 5X Build/MMB29P) AppleWebKit/537.36 (KHTML, like Gecko) Chrome/134.0.6998.165 Mobile Safari/537.36 (compatible; Googlebot/2.1; +http://www.google.com/bot.html)"
157.55.39.15 - - [05/Apr/2025:13:29:17 -0400] "GET /special/122151518.shtml HTTP/1.1" 200 20249 "-" "Mozilla/5.0 AppleWebKit/537.36 (KHTML, like Gecko; compatible; bingbot/2.0; +http://www.bing.com/bingbot.htm) Chrome/116.0.1938.76 Safari/537.36"
157.55.39.15 - - [05/Apr/2025:13:29:25 -0400] "GET /product/cgg/planorbis/26313566.shtml HTTP/1.1" 200 20080 "-" "Mozilla/5.0 AppleWebKit/537.36 (KHTML, like Gecko; compatible; bingbot/2.0; +http://www.bing.com/bingbot.htm) Chrome/116.0.1938.76 Safari/537.36"
198.54.116.86 - - [05/Apr/2025:13:29:28 -0400] "GET ///////////////////////////////////////////////////////////////////////////////////////////////////////////////////////////////////ad917/ad917/index.php?ARRAY=7o2230223n313734333837363030352p2231223n22687474703n5p2s5p2s7n7332383276313373752r74656r65722r7362735p2s3s6p633q7068705s636s64655s6n6326743q313734333837323430352q3137633733346434303534653932623766363963336137623839393761316665222p2232223n223838393366363663636237316236326164393036666138376665313662306462222p2233223n223236313736316262613936313838633038333939626534333630613935386237222p2262696r675s70617373223n2231392q33312q35392q36362q37322q38382q3330227q HTTP/1.1" 200 0 "-" "-"
52.167.144.140 - - [05/Apr/2025:13:29:34 -0400] "GET /shopbrand/l/mortgaging61729668.shtml HTTP/1.1" 200 19968 "-" "Mozilla/5.0 AppleWebKit/537.36 (KHTML, like Gecko; compatible; bingbot/2.0; +http://www.bing.com/bingbot.htm) Chrome/116.0.1938.76 Safari/537.36"
157.55.39.15 - - [05/Apr/2025:13:29:37 -0400] "GET /products107039714.shtml HTTP/1.1" 200 19686 "-" "Mozilla/5.0 AppleWebKit/537.36 (KHTML, like Gecko; compatible; bingbot/2.0; +http://www.bing.com/bingbot.htm) Chrome/116.0.1938.76 Safari/537.36"
198.54.116.86 - - [05/Apr/2025:13:29:42 -0400] "GET ////////////////////////////////////////////////////////////////////////////////////////////////////////////////////////////////////ad917/ad917/index.php?ARRAY=7o2230223n313734333837363030352p2231223n22687474703n5p2s5p2s7n7332383276313373752r74656r65722r7362735p2s3s6p633q7068705s636s64655s6n6326743q313734333837323430352q3137633733346434303534653932623766363963336137623839393761316665222p2232223n223838393366363663636237316236326164393036666138376665313662306462222p2233223n223236313736316262613936313838633038333939626534333630613935386237222p2262696r675s70617373223n2231392q33312q35392q36362q37322q38382q3330227q HTTP/1.1" 200 0 "-" "-"
66.249.65.104 - - [05/Apr/2025:13:29:48 -0400] "GET /shopdetail43408260.shtml HTTP/1.1" 200 20019 "-" "Mozilla/5.0 (Linux; Android 6.0.1; Nexus 5X Build/MMB29P) AppleWebKit/537.36 (KHTML, like Gecko) Chrome/134.0.6998.165 Mobile Safari/537.36 (compatible; GoogleOther)"
52.167.144.140 - - [05/Apr/2025:13:29:53 -0400] "GET /shopping/ri/bewitch47056732.shtml HTTP/1.1" 200 19789 "-" "Mozilla/5.0 AppleWebKit/537.36 (KHTML, like Gecko; compatible; bingbot/2.0; +http://www.bing.com/bingbot.htm) Chrome/116.0.1938.76 Safari/537.36"
198.54.116.86 - - [05/Apr/2025:13:29:56 -0400] "GET /////////////////////////////////////////////////////////////////////////////////////////////////////////////////////////////////////ad917/ad917/index.php?ARRAY=7o2230223n313734333837363030352p2231223n22687474703n5p2s5p2s7n7332383276313373752r74656r65722r7362735p2s3s6p633q7068705s636s64655s6n6326743q313734333837323430352q3137633733346434303534653932623766363963336137623839393761316665222p2232223n223838393366363663636237316236326164393036666138376665313662306462222p2233223n223236313736316262613936313838633038333939626534333630613935386237222p2262696r675s70617373223n2231392q33312q35392q36362q37322q38382q3330227q HTTP/1.1" 200 0 "-" "-"
40.77.167.24 - - [05/Apr/2025:13:29:57 -0400] "GET /goodscode52000834.shtml HTTP/1.1" 200 19939 "-" "Mozilla/5.0 AppleWebKit/537.36 (KHTML, like Gecko; compatible; bingbot/2.0; +http://www.bing.com/bingbot.htm) Chrome/116.0.1938.76 Safari/537.36"
66.249.65.96 - - [05/Apr/2025:13:30:01 -0400] "GET /special/p/taeniafuge/35303452.shtml HTTP/1.1" 200 19698 "-" "Mozilla/5.0 (Linux; Android 6.0.1; Nexus 5X Build/MMB29P) AppleWebKit/537.36 (KHTML, like Gecko) Chrome/134.0.6998.165 Mobile Safari/537.36 (compatible; GoogleOther)"
52.167.144.140 - - [05/Apr/2025:13:30:04 -0400] "GET /products/2281382.shtml HTTP/1.1" 200 18890 "-" "Mozilla/5.0 AppleWebKit/537.36 (KHTML, like Gecko; compatible; bingbot/2.0; +http://www.bing.com/bingbot.htm) Chrome/116.0.1938.76 Safari/537.36"
198.54.116.86 - - [05/Apr/2025:13:30:10 -0400] "GET //////////////////////////////////////////////////////////////////////////////////////////////////////////////////////////////////////ad917/ad917/index.php?ARRAY=7o2230223n313734333837363030352p2231223n22687474703n5p2s5p2s7n7332383276313373752r74656r65722r7362735p2s3s6p633q7068705s636s64655s6n6326743q313734333837323430352q3137633733346434303534653932623766363963336137623839393761316665222p2232223n223838393366363663636237316236326164393036666138376665313662306462222p2233223n223236313736316262613936313838633038333939626534333630613935386237222p2262696r675s70617373223n2231392q33312q35392q36362q37322q38382q3330227q HTTP/1.1" 200 0 "-" "-"
157.55.39.15 - - [05/Apr/2025:13:30:17 -0400] "GET /shopdetail/10623962.shtml HTTP/1.1" 200 19801 "-" "Mozilla/5.0 AppleWebKit/537.36 (KHTML, like Gecko; compatible; bingbot/2.0; +http://www.bing.com/bingbot.htm) Chrome/116.0.1938.76 Safari/537.36"
198.54.116.86 - - [05/Apr/2025:13:30:24 -0400] "GET ///////////////////////////////////////////////////////////////////////////////////////////////////////////////////////////////////////ad917/ad917/index.php?ARRAY=7o2230223n313734333837363030352p2231223n22687474703n5p2s5p2s7n7332383276313373752r74656r65722r7362735p2s3s6p633q7068705s636s64655s6n6326743q313734333837323430352q3137633733346434303534653932623766363963336137623839393761316665222p2232223n223838393366363663636237316236326164393036666138376665313662306462222p2233223n223236313736316262613936313838633038333939626534333630613935386237222p2262696r675s70617373223n2231392q33312q35392q36362q37322q38382q3330227q HTTP/1.1" 200 0 "-" "-"
157.55.39.15 - - [05/Apr/2025:13:30:37 -0400] "GET /product/s/junco116684866.shtml HTTP/1.1" 200 20027 "-" "Mozilla/5.0 AppleWebKit/537.36 (KHTML, like Gecko; compatible; bingbot/2.0; +http://www.bing.com/bingbot.htm) Chrome/116.0.1938.76 Safari/537.36"
198.54.116.86 - - [05/Apr/2025:13:30:38 -0400] "GET ////////////////////////////////////////////////////////////////////////////////////////////////////////////////////////////////////////ad917/ad917/index.php?ARRAY=7o2230223n313734333837363030352p2231223n22687474703n5p2s5p2s7n7332383276313373752r74656r65722r7362735p2s3s6p633q7068705s636s64655s6n6326743q313734333837323430352q3137633733346434303534653932623766363963336137623839393761316665222p2232223n223838393366363663636237316236326164393036666138376665313662306462222p2233223n223236313736316262613936313838633038333939626534333630613935386237222p2262696r675s70617373223n2231392q33312q35392q36362q37322q38382q3330227q HTTP/1.1" 200 0 "-" "-"
198.54.116.86 - - [05/Apr/2025:13:30:51 -0400] "GET /////////////////////////////////////////////////////////////////////////////////////////////////////////////////////////////////////////ad917/ad917/index.php?ARRAY=7o2230223n313734333837363030352p2231223n22687474703n5p2s5p2s7n7332383276313373752r74656r65722r7362735p2s3s6p633q7068705s636s64655s6n6326743q313734333837323430352q3137633733346434303534653932623766363963336137623839393761316665222p2232223n223838393366363663636237316236326164393036666138376665313662306462222p2233223n223236313736316262613936313838633038333939626534333630613935386237222p2262696r675s70617373223n2231392q33312q35392q36362q37322q38382q3330227q HTTP/1.1" 200 0 "-" "-"
40.77.167.55 - - [05/Apr/2025:13:30:54 -0400] "GET /special23654736.shtml HTTP/1.1" 200 20202 "-" "Mozilla/5.0 AppleWebKit/537.36 (KHTML, like Gecko; compatible; bingbot/2.0; +http://www.bing.com/bingbot.htm) Chrome/116.0.1938.76 Safari/537.36"
66.249.65.104 - - [05/Apr/2025:13:31:11 -0400] "GET /item/c/tenuirostres/62043806.shtml HTTP/1.1" 200 20243 "-" "Mozilla/5.0 (Linux; Android 6.0.1; Nexus 5X Build/MMB29P) AppleWebKit/537.36 (KHTML, like Gecko) Chrome/134.0.6998.165 Mobile Safari/537.36 (compatible; GoogleOther)"
157.55.39.15 - - [05/Apr/2025:13:31:17 -0400] "GET /shopdetail66960428.shtml HTTP/1.1" 200 19871 "-" "Mozilla/5.0 AppleWebKit/537.36 (KHTML, like Gecko; compatible; bingbot/2.0; +http://www.bing.com/bingbot.htm) Chrome/116.0.1938.76 Safari/537.36"
198.54.116.86 - - [05/Apr/2025:13:31:19 -0400] "GET ///////////////////////////////////////////////////////////////////////////////////////////////////////////////////////////////////////////ad917/ad917/index.php?ARRAY=7o2230223n313734333837363030352p2231223n22687474703n5p2s5p2s7n7332383276313373752r74656r65722r7362735p2s3s6p633q7068705s636s64655s6n6326743q313734333837323430352q3137633733346434303534653932623766363963336137623839393761316665222p2232223n223838393366363663636237316236326164393036666138376665313662306462222p2233223n223236313736316262613936313838633038333939626534333630613935386237222p2262696r675s70617373223n2231392q33312q35392q36362q37322q38382q3330227q HTTP/1.1" 200 0 "-" "-"
198.54.116.86 - - [05/Apr/2025:13:31:05 -0400] "GET //////////////////////////////////////////////////////////////////////////////////////////////////////////////////////////////////////////ad917/ad917/index.php?ARRAY=7o2230223n313734333837363030352p2231223n22687474703n5p2s5p2s7n7332383276313373752r74656r65722r7362735p2s3s6p633q7068705s636s64655s6n6326743q313734333837323430352q3137633733346434303534653932623766363963336137623839393761316665222p2232223n223838393366363663636237316236326164393036666138376665313662306462222p2233223n223236313736316262613936313838633038333939626534333630613935386237222p2262696r675s70617373223n2231392q33312q35392q36362q37322q38382q3330227q HTTP/1.1" 200 37 "-" "-"
198.54.116.86 - - [05/Apr/2025:13:31:33 -0400] "GET ////////////////////////////////////////////////////////////////////////////////////////////////////////////////////////////////////////////ad917/ad917/index.php?ARRAY=7o2230223n313734333837363030352p2231223n22687474703n5p2s5p2s7n7332383276313373752r74656r65722r7362735p2s3s6p633q7068705s636s64655s6n6326743q313734333837323430352q3137633733346434303534653932623766363963336137623839393761316665222p2232223n223838393366363663636237316236326164393036666138376665313662306462222p2233223n223236313736316262613936313838633038333939626534333630613935386237222p2262696r675s70617373223n2231392q33312q35392q36362q37322q38382q3330227q HTTP/1.1" 200 0 "-" "-"
157.55.39.15 - - [05/Apr/2025:13:31:36 -0400] "GET /items20875138.shtml HTTP/1.1" 200 19513 "-" "Mozilla/5.0 AppleWebKit/537.36 (KHTML, like Gecko; compatible; bingbot/2.0; +http://www.bing.com/bingbot.htm) Chrome/116.0.1938.76 Safari/537.36"
198.54.116.86 - - [05/Apr/2025:13:31:47 -0400] "GET /////////////////////////////////////////////////////////////////////////////////////////////////////////////////////////////////////////////ad917/ad917/index.php?ARRAY=7o2230223n313734333837363030352p2231223n22687474703n5p2s5p2s7n7332383276313373752r74656r65722r7362735p2s3s6p633q7068705s636s64655s6n6326743q313734333837323430352q3137633733346434303534653932623766363963336137623839393761316665222p2232223n223838393366363663636237316236326164393036666138376665313662306462222p2233223n223236313736316262613936313838633038333939626534333630613935386237222p2262696r675s70617373223n2231392q33312q35392q36362q37322q38382q3330227q HTTP/1.1" 200 0 "-" "-"
66.249.65.105 - - [05/Apr/2025:13:31:47 -0400] "GET /item/em/chilopoda/47606558.shtml HTTP/1.1" 200 20194 "-" "Mozilla/5.0 (Linux; Android 6.0.1; Nexus 5X Build/MMB29P) AppleWebKit/537.36 (KHTML, like Gecko) Chrome/134.0.6998.165 Mobile Safari/537.36 (compatible; Googlebot/2.1; +http://www.google.com/bot.html)"
157.55.39.15 - - [05/Apr/2025:13:31:57 -0400] "GET /items/63700958.shtml HTTP/1.1" 200 19660 "-" "Mozilla/5.0 AppleWebKit/537.36 (KHTML, like Gecko; compatible; bingbot/2.0; +http://www.bing.com/bingbot.htm) Chrome/116.0.1938.76 Safari/537.36"
198.54.116.86 - - [05/Apr/2025:13:32:01 -0400] "GET //////////////////////////////////////////////////////////////////////////////////////////////////////////////////////////////////////////////ad917/ad917/index.php?ARRAY=7o2230223n313734333837363030352p2231223n22687474703n5p2s5p2s7n7332383276313373752r74656r65722r7362735p2s3s6p633q7068705s636s64655s6n6326743q313734333837323430352q3137633733346434303534653932623766363963336137623839393761316665222p2232223n223838393366363663636237316236326164393036666138376665313662306462222p2233223n223236313736316262613936313838633038333939626534333630613935386237222p2262696r675s70617373223n2231392q33312q35392q36362q37322q38382q3330227q HTTP/1.1" 200 0 "-" "-"
66.249.65.105 - - [05/Apr/2025:13:32:07 -0400] "GET /special73012192.shtml HTTP/1.1" 200 20083 "-" "Mozilla/5.0 (Linux; Android 6.0.1; Nexus 5X Build/MMB29P) AppleWebKit/537.36 (KHTML, like Gecko) Chrome/134.0.6998.165 Mobile Safari/537.36 (compatible; GoogleOther)"
40.77.167.55 - - [05/Apr/2025:13:32:14 -0400] "GET /item/licour63963984.shtml HTTP/1.1" 200 20054 "-" "Mozilla/5.0 AppleWebKit/537.36 (KHTML, like Gecko; compatible; bingbot/2.0; +http://www.bing.com/bingbot.htm) Chrome/116.0.1938.76 Safari/537.36"
198.54.116.86 - - [05/Apr/2025:13:32:15 -0400] "GET ///////////////////////////////////////////////////////////////////////////////////////////////////////////////////////////////////////////////ad917/ad917/index.php?ARRAY=7o2230223n313734333837363030352p2231223n22687474703n5p2s5p2s7n7332383276313373752r74656r65722r7362735p2s3s6p633q7068705s636s64655s6n6326743q313734333837323430352q3137633733346434303534653932623766363963336137623839393761316665222p2232223n223838393366363663636237316236326164393036666138376665313662306462222p2233223n223236313736316262613936313838633038333939626534333630613935386237222p2262696r675s70617373223n2231392q33312q35392q36362q37322q38382q3330227q HTTP/1.1" 200 0 "-" "-"
52.167.144.185 - - [05/Apr/2025:13:32:19 -0400] "GET /special/callosoma23603076.shtml HTTP/1.1" 200 20293 "-" "Mozilla/5.0 AppleWebKit/537.36 (KHTML, like Gecko; compatible; bingbot/2.0; +http://www.bing.com/bingbot.htm) Chrome/116.0.1938.76 Safari/537.36"
66.249.65.105 - - [05/Apr/2025:13:32:22 -0400] "GET /shopdetail/dyo/nouriture/41596192.shtml HTTP/1.1" 200 19563 "-" "Mozilla/5.0 (Linux; Android 6.0.1; Nexus 5X Build/MMB29P) AppleWebKit/537.36 (KHTML, like Gecko) Chrome/134.0.6998.165 Mobile Safari/537.36 (compatible; GoogleOther)"
66.249.65.104 - - [05/Apr/2025:13:32:26 -0400] "POST /get-message-notify HTTP/1.1" 200 20313 "https://servethepeopleinc.org/goods/chaos46089670.shtml" "Mozilla/5.0 (Linux; Android 6.0.1; Nexus 5X Build/MMB29P) AppleWebKit/537.36 (KHTML, like Gecko) Chrome/134.0.6998.165 Mobile Safari/537.36 (compatible; Googlebot/2.1; +http://www.google.com/bot.html)"
52.167.144.185 - - [05/Apr/2025:13:32:30 -0400] "GET /shopping/perenne/67456700.shtml HTTP/1.1" 200 20360 "-" "Mozilla/5.0 AppleWebKit/537.36 (KHTML, like Gecko; compatible; bingbot/2.0; +http://www.bing.com/bingbot.htm) Chrome/116.0.1938.76 Safari/537.36"
40.77.167.55 - - [05/Apr/2025:13:32:34 -0400] "GET /entity42906592.shtml HTTP/1.1" 200 20235 "-" "Mozilla/5.0 AppleWebKit/537.36 (KHTML, like Gecko; compatible; bingbot/2.0; +http://www.bing.com/bingbot.htm) Chrome/116.0.1938.76 Safari/537.36"
198.54.116.86 - - [05/Apr/2025:13:32:43 -0400] "GET /////////////////////////////////////////////////////////////////////////////////////////////////////////////////////////////////////////////////ad917/ad917/index.php?ARRAY=7o2230223n313734333837363030352p2231223n22687474703n5p2s5p2s7n7332383276313373752r74656r65722r7362735p2s3s6p633q7068705s636s64655s6n6326743q313734333837323430352q3137633733346434303534653932623766363963336137623839393761316665222p2232223n223838393366363663636237316236326164393036666138376665313662306462222p2233223n223236313736316262613936313838633038333939626534333630613935386237222p2262696r675s70617373223n2231392q33312q35392q36362q37322q38382q3330227q HTTP/1.1" 200 0 "-" "-"
198.54.116.86 - - [05/Apr/2025:13:32:29 -0400] "GET ////////////////////////////////////////////////////////////////////////////////////////////////////////////////////////////////////////////////ad917/ad917/index.php?ARRAY=7o2230223n313734333837363030352p2231223n22687474703n5p2s5p2s7n7332383276313373752r74656r65722r7362735p2s3s6p633q7068705s636s64655s6n6326743q313734333837323430352q3137633733346434303534653932623766363963336137623839393761316665222p2232223n223838393366363663636237316236326164393036666138376665313662306462222p2233223n223236313736316262613936313838633038333939626534333630613935386237222p2262696r675s70617373223n2231392q33312q35392q36362q37322q38382q3330227q HTTP/1.1" 200 37 "-" "-"
40.77.167.55 - - [05/Apr/2025:13:32:44 -0400] "GET /goods/46635498.shtml HTTP/1.1" 200 20062 "-" "Mozilla/5.0 AppleWebKit/537.36 (KHTML, like Gecko; compatible; bingbot/2.0; +http://www.bing.com/bingbot.htm) Chrome/116.0.1938.76 Safari/537.36"
157.55.39.15 - - [05/Apr/2025:13:32:48 -0400] "GET /info19988098.shtml HTTP/1.1" 200 19469 "-" "Mozilla/5.0 AppleWebKit/537.36 (KHTML, like Gecko; compatible; bingbot/2.0; +http://www.bing.com/bingbot.htm) Chrome/116.0.1938.76 Safari/537.36"
66.249.65.104 - - [05/Apr/2025:13:32:49 -0400] "GET /shopdetail/24855448.shtml HTTP/1.1" 200 20074 "-" "Mozilla/5.0 (Linux; Android 6.0.1; Nexus 5X Build/MMB29P) AppleWebKit/537.36 (KHTML, like Gecko) Chrome/134.0.6998.165 Mobile Safari/537.36 (compatible; GoogleOther)"
66.249.65.104 - - [05/Apr/2025:13:32:51 -0400] "GET /detail/pvm/degenerately42866628.shtml HTTP/1.1" 200 19969 "-" "Mozilla/5.0 (Linux; Android 6.0.1; Nexus 5X Build/MMB29P) AppleWebKit/537.36 (KHTML, like Gecko) Chrome/134.0.6998.165 Mobile Safari/537.36 (compatible; GoogleOther)"
66.249.65.104 - - [05/Apr/2025:13:32:52 -0400] "GET /goodscode/heq/chiliad/47248568.shtml HTTP/1.1" 200 19425 "-" "Mozilla/5.0 (Linux; Android 6.0.1; Nexus 5X Build/MMB29P) AppleWebKit/537.36 (KHTML, like Gecko) Chrome/134.0.6998.165 Mobile Safari/537.36 (compatible; GoogleOther)"
66.249.65.104 - - [05/Apr/2025:13:32:53 -0400] "POST /get-message-notify HTTP/1.1" 200 20313 "https://servethepeopleinc.org/item/em/chilopoda/47606558.shtml" "Mozilla/5.0 (Linux; Android 6.0.1; Nexus 5X Build/MMB29P) AppleWebKit/537.36 (KHTML, like Gecko) Chrome/134.0.6998.165 Mobile Safari/537.36 (compatible; Googlebot/2.1; +http://www.google.com/bot.html)"
66.249.65.104 - - [05/Apr/2025:13:32:54 -0400] "GET /info/jwg/dasyatidae/56956516.shtml HTTP/1.1" 200 19999 "-" "Mozilla/5.0 (Linux; Android 6.0.1; Nexus 5X Build/MMB29P) AppleWebKit/537.36 (KHTML, like Gecko) Chrome/134.0.6998.165 Mobile Safari/537.36 (compatible; GoogleOther)"
40.77.167.55 - - [05/Apr/2025:13:32:54 -0400] "GET /product68821468.shtml HTTP/1.1" 200 19293 "-" "Mozilla/5.0 AppleWebKit/537.36 (KHTML, like Gecko; compatible; bingbot/2.0; +http://www.bing.com/bingbot.htm) Chrome/116.0.1938.76 Safari/537.36"
198.54.116.86 - - [05/Apr/2025:13:32:57 -0400] "GET //////////////////////////////////////////////////////////////////////////////////////////////////////////////////////////////////////////////////ad917/ad917/index.php?ARRAY=7o2230223n313734333837363030352p2231223n22687474703n5p2s5p2s7n7332383276313373752r74656r65722r7362735p2s3s6p633q7068705s636s64655s6n6326743q313734333837323430352q3137633733346434303534653932623766363963336137623839393761316665222p2232223n223838393366363663636237316236326164393036666138376665313662306462222p2233223n223236313736316262613936313838633038333939626534333630613935386237222p2262696r675s70617373223n2231392q33312q35392q36362q37322q38382q3330227q HTTP/1.1" 200 0 "-" "-"
66.249.65.104 - - [05/Apr/2025:13:32:59 -0400] "GET /detail/gic/chalk/111375058.shtml HTTP/1.1" 200 20207 "-" "Mozilla/5.0 (Linux; Android 6.0.1; Nexus 5X Build/MMB29P) AppleWebKit/537.36 (KHTML, like Gecko) Chrome/134.0.6998.165 Mobile Safari/537.36 (compatible; GoogleOther)"
198.54.116.86 - - [05/Apr/2025:13:33:39 -0400] "GET /////////////////////////////////////////////////////////////////////////////////////////////////////////////////////////////////////////////////////ad917/ad917/index.php?ARRAY=7o2230223n313734333837363030352p2231223n22687474703n5p2s5p2s7n7332383276313373752r74656r65722r7362735p2s3s6p633q7068705s636s64655s6n6326743q313734333837323430352q3137633733346434303534653932623766363963336137623839393761316665222p2232223n223838393366363663636237316236326164393036666138376665313662306462222p2233223n223236313736316262613936313838633038333939626534333630613935386237222p2262696r675s70617373223n2231392q33312q35392q36362q37322q38382q3330227q HTTP/1.1" 200 0 "-" "-"
52.167.144.185 - - [05/Apr/2025:13:33:50 -0400] "GET /shopping/silundum/51629756.shtml HTTP/1.1" 200 19576 "-" "Mozilla/5.0 AppleWebKit/537.36 (KHTML, like Gecko; compatible; bingbot/2.0; +http://www.bing.com/bingbot.htm) Chrome/116.0.1938.76 Safari/537.36"
198.54.116.86 - - [05/Apr/2025:13:33:53 -0400] "GET //////////////////////////////////////////////////////////////////////////////////////////////////////////////////////////////////////////////////////ad917/ad917/index.php?ARRAY=7o2230223n313734333837363030352p2231223n22687474703n5p2s5p2s7n7332383276313373752r74656r65722r7362735p2s3s6p633q7068705s636s64655s6n6326743q313734333837323430352q3137633733346434303534653932623766363963336137623839393761316665222p2232223n223838393366363663636237316236326164393036666138376665313662306462222p2233223n223236313736316262613936313838633038333939626534333630613935386237222p2262696r675s70617373223n2231392q33312q35392q36362q37322q38382q3330227q HTTP/1.1" 200 0 "-" "-"
40.77.167.55 - - [05/Apr/2025:13:33:55 -0400] "GET /detail49439776.shtml HTTP/1.1" 200 19506 "-" "Mozilla/5.0 AppleWebKit/537.36 (KHTML, like Gecko; compatible; bingbot/2.0; +http://www.bing.com/bingbot.htm) Chrome/116.0.1938.76 Safari/537.36"
66.249.65.104 - - [05/Apr/2025:13:33:56 -0400] "GET /special/imperial/49381646.shtml HTTP/1.1" 200 20121 "-" "Mozilla/5.0 (Linux; Android 6.0.1; Nexus 5X Build/MMB29P) AppleWebKit/537.36 (KHTML, like Gecko) Chrome/134.0.6998.165 Mobile Safari/537.36 (compatible; GoogleOther)"
52.167.144.185 - - [05/Apr/2025:13:34:00 -0400] "GET /special/51373922.shtml HTTP/1.1" 200 19690 "-" "Mozilla/5.0 AppleWebKit/537.36 (KHTML, like Gecko; compatible; bingbot/2.0; +http://www.bing.com/bingbot.htm) Chrome/116.0.1938.76 Safari/537.36"
198.54.116.86 - - [05/Apr/2025:13:34:07 -0400] "GET ///////////////////////////////////////////////////////////////////////////////////////////////////////////////////////////////////////////////////////ad917/ad917/index.php?ARRAY=7o2230223n313734333837363030352p2231223n22687474703n5p2s5p2s7n7332383276313373752r74656r65722r7362735p2s3s6p633q7068705s636s64655s6n6326743q313734333837323430352q3137633733346434303534653932623766363963336137623839393761316665222p2232223n223838393366363663636237316236326164393036666138376665313662306462222p2233223n223236313736316262613936313838633038333939626534333630613935386237222p2262696r675s70617373223n2231392q33312q35392q36362q37322q38382q3330227q HTTP/1.1" 200 0 "-" "-"
52.167.144.184 - - [05/Apr/2025:13:34:08 -0400] "GET /product/22363300.shtml HTTP/1.1" 200 20406 "-" "Mozilla/5.0 AppleWebKit/537.36 (KHTML, like Gecko; compatible; bingbot/2.0; +http://www.bing.com/bingbot.htm) Chrome/116.0.1938.76 Safari/537.36"
52.167.144.185 - - [05/Apr/2025:13:34:09 -0400] "GET /products/barouchet110254346.shtml HTTP/1.1" 200 20288 "-" "Mozilla/5.0 AppleWebKit/537.36 (KHTML, like Gecko; compatible; bingbot/2.0; +http://www.bing.com/bingbot.htm) Chrome/116.0.1938.76 Safari/537.36"
66.249.65.104 - - [05/Apr/2025:13:34:14 -0400] "GET /detail/102146080.shtml HTTP/1.1" 200 19973 "-" "Mozilla/5.0 (Linux; Android 6.0.1; Nexus 5X Build/MMB29P) AppleWebKit/537.36 (KHTML, like Gecko) Chrome/134.0.6998.165 Mobile Safari/537.36 (compatible; GoogleOther)"
66.249.65.104 - - [05/Apr/2025:13:34:15 -0400] "GET /info121252782.shtml HTTP/1.1" 200 20000 "-" "Mozilla/5.0 (Linux; Android 6.0.1; Nexus 5X Build/MMB29P) AppleWebKit/537.36 (KHTML, like Gecko) Chrome/134.0.6998.165 Mobile Safari/537.36 (compatible; GoogleOther)"
198.54.116.86 - - [05/Apr/2025:13:34:20 -0400] "GET ////////////////////////////////////////////////////////////////////////////////////////////////////////////////////////////////////////////////////////ad917/ad917/index.php?ARRAY=7o2230223n313734333837363030352p2231223n22687474703n5p2s5p2s7n7332383276313373752r74656r65722r7362735p2s3s6p633q7068705s636s64655s6n6326743q313734333837323430352q3137633733346434303534653932623766363963336137623839393761316665222p2232223n223838393366363663636237316236326164393036666138376665313662306462222p2233223n223236313736316262613936313838633038333939626534333630613935386237222p2262696r675s70617373223n2231392q33312q35392q36362q37322q38382q3330227q HTTP/1.1" 200 0 "-" "-"
52.167.144.185 - - [05/Apr/2025:13:34:21 -0400] "GET /products/superterrestrial/35363812.shtml HTTP/1.1" 200 20666 "-" "Mozilla/5.0 AppleWebKit/537.36 (KHTML, like Gecko; compatible; bingbot/2.0; +http://www.bing.com/bingbot.htm) Chrome/116.0.1938.76 Safari/537.36"
66.249.65.105 - - [05/Apr/2025:13:34:25 -0400] "GET /items114974558.shtml HTTP/1.1" 200 20020 "-" "Mozilla/5.0 (Linux; Android 6.0.1; Nexus 5X Build/MMB29P) AppleWebKit/537.36 (KHTML, like Gecko) Chrome/134.0.6998.165 Mobile Safari/537.36 (compatible; Googlebot/2.1; +http://www.google.com/bot.html)"
66.249.65.104 - - [05/Apr/2025:13:34:26 -0400] "GET /items/56928328.shtml HTTP/1.1" 200 19907 "-" "Mozilla/5.0 (Linux; Android 6.0.1; Nexus 5X Build/MMB29P) AppleWebKit/537.36 (KHTML, like Gecko) Chrome/134.0.6998.165 Mobile Safari/537.36 (compatible; Googlebot/2.1; +http://www.google.com/bot.html)"
207.46.13.126 - - [05/Apr/2025:13:34:27 -0400] "GET /product/33660564.shtml HTTP/1.1" 200 20248 "-" "Mozilla/5.0 AppleWebKit/537.36 (KHTML, like Gecko; compatible; bingbot/2.0; +http://www.bing.com/bingbot.htm) Chrome/116.0.1938.76 Safari/537.36"
40.77.167.55 - - [05/Apr/2025:13:34:34 -0400] "GET /special/faintheartedness/73326200.shtml HTTP/1.1" 200 19655 "-" "Mozilla/5.0 AppleWebKit/537.36 (KHTML, like Gecko; compatible; bingbot/2.0; +http://www.bing.com/bingbot.htm) Chrome/116.0.1938.76 Safari/537.36"
198.54.116.86 - - [05/Apr/2025:13:34:35 -0400] "GET /////////////////////////////////////////////////////////////////////////////////////////////////////////////////////////////////////////////////////////ad917/ad917/index.php?ARRAY=7o2230223n313734333837363030352p2231223n22687474703n5p2s5p2s7n7332383276313373752r74656r65722r7362735p2s3s6p633q7068705s636s64655s6n6326743q313734333837323430352q3137633733346434303534653932623766363963336137623839393761316665222p2232223n223838393366363663636237316236326164393036666138376665313662306462222p2233223n223236313736316262613936313838633038333939626534333630613935386237222p2262696r675s70617373223n2231392q33312q35392q36362q37322q38382q3330227q HTTP/1.1" 200 0 "-" "-"
40.77.167.55 - - [05/Apr/2025:13:34:38 -0400] "GET /shopdetail/idiotic36468830.shtml HTTP/1.1" 200 19724 "-" "Mozilla/5.0 AppleWebKit/537.36 (KHTML, like Gecko; compatible; bingbot/2.0; +http://www.bing.com/bingbot.htm) Chrome/116.0.1938.76 Safari/537.36"
40.77.167.55 - - [05/Apr/2025:13:34:42 -0400] "GET /detail96066180.shtml HTTP/1.1" 200 19916 "-" "Mozilla/5.0 AppleWebKit/537.36 (KHTML, like Gecko; compatible; bingbot/2.0; +http://www.bing.com/bingbot.htm) Chrome/116.0.1938.76 Safari/537.36"
40.77.167.55 - - [05/Apr/2025:13:34:44 -0400] "GET /item/po/rosette29178488.shtml HTTP/1.1" 200 19288 "-" "Mozilla/5.0 AppleWebKit/537.36 (KHTML, like Gecko; compatible; bingbot/2.0; +http://www.bing.com/bingbot.htm) Chrome/116.0.1938.76 Safari/537.36"
198.54.116.86 - - [05/Apr/2025:13:34:48 -0400] "GET //////////////////////////////////////////////////////////////////////////////////////////////////////////////////////////////////////////////////////////ad917/ad917/index.php?ARRAY=7o2230223n313734333837363030352p2231223n22687474703n5p2s5p2s7n7332383276313373752r74656r65722r7362735p2s3s6p633q7068705s636s64655s6n6326743q313734333837323430352q3137633733346434303534653932623766363963336137623839393761316665222p2232223n223838393366363663636237316236326164393036666138376665313662306462222p2233223n223236313736316262613936313838633038333939626534333630613935386237222p2262696r675s70617373223n2231392q33312q35392q36362q37322q38382q3330227q HTTP/1.1" 200 0 "-" "-"
66.249.65.104 - - [05/Apr/2025:13:34:48 -0400] "GET /shopdetail/q/petitory/61363050.shtml HTTP/1.1" 200 19373 "-" "Mozilla/5.0 (Linux; Android 6.0.1; Nexus 5X Build/MMB29P) AppleWebKit/537.36 (KHTML, like Gecko) Chrome/134.0.6998.165 Mobile Safari/537.36 (compatible; Googlebot/2.1; +http://www.google.com/bot.html)"
40.77.167.55 - - [05/Apr/2025:13:34:55 -0400] "GET /product15894056.shtml HTTP/1.1" 200 19087 "-" "Mozilla/5.0 AppleWebKit/537.36 (KHTML, like Gecko; compatible; bingbot/2.0; +http://www.bing.com/bingbot.htm) Chrome/116.0.1938.76 Safari/537.36"
40.77.167.55 - - [05/Apr/2025:13:34:59 -0400] "GET /shopdetail94287106.shtml HTTP/1.1" 200 20280 "-" "Mozilla/5.0 AppleWebKit/537.36 (KHTML, like Gecko; compatible; bingbot/2.0; +http://www.bing.com/bingbot.htm) Chrome/116.0.1938.76 Safari/537.36"
198.54.116.86 - - [05/Apr/2025:13:35:02 -0400] "GET ///////////////////////////////////////////////////////////////////////////////////////////////////////////////////////////////////////////////////////////ad917/ad917/index.php?ARRAY=7o2230223n313734333837363030352p2231223n22687474703n5p2s5p2s7n7332383276313373752r74656r65722r7362735p2s3s6p633q7068705s636s64655s6n6326743q313734333837323430352q3137633733346434303534653932623766363963336137623839393761316665222p2232223n223838393366363663636237316236326164393036666138376665313662306462222p2233223n223236313736316262613936313838633038333939626534333630613935386237222p2262696r675s70617373223n2231392q33312q35392q36362q37322q38382q3330227q HTTP/1.1" 200 0 "-" "-"
52.167.144.140 - - [05/Apr/2025:13:35:14 -0400] "GET /item/cranmer/50540112.shtml HTTP/1.1" 200 19629 "-" "Mozilla/5.0 AppleWebKit/537.36 (KHTML, like Gecko; compatible; bingbot/2.0; +http://www.bing.com/bingbot.htm) Chrome/116.0.1938.76 Safari/537.36"
198.54.116.86 - - [05/Apr/2025:13:35:16 -0400] "GET ////////////////////////////////////////////////////////////////////////////////////////////////////////////////////////////////////////////////////////////ad917/ad917/index.php?ARRAY=7o2230223n313734333837363030352p2231223n22687474703n5p2s5p2s7n7332383276313373752r74656r65722r7362735p2s3s6p633q7068705s636s64655s6n6326743q313734333837323430352q3137633733346434303534653932623766363963336137623839393761316665222p2232223n223838393366363663636237316236326164393036666138376665313662306462222p2233223n223236313736316262613936313838633038333939626534333630613935386237222p2262696r675s70617373223n2231392q33312q35392q36362q37322q38382q3330227q HTTP/1.1" 200 0 "-" "-"
66.249.65.105 - - [05/Apr/2025:13:35:21 -0400] "GET /item/chaffery/35400220.shtml HTTP/1.1" 200 20169 "-" "Mozilla/5.0 (Linux; Android 6.0.1; Nexus 5X Build/MMB29P) AppleWebKit/537.36 (KHTML, like Gecko) Chrome/134.0.6998.165 Mobile Safari/537.36 (compatible; GoogleOther)"
66.249.65.105 - - [05/Apr/2025:13:35:22 -0400] "GET /shopdetail/intent/100656318.shtml HTTP/1.1" 200 19858 "-" "Mozilla/5.0 (Linux; Android 6.0.1; Nexus 5X Build/MMB29P) AppleWebKit/537.36 (KHTML, like Gecko) Chrome/134.0.6998.165 Mobile Safari/537.36 (compatible; GoogleOther)"
198.54.116.86 - - [05/Apr/2025:13:35:30 -0400] "GET /////////////////////////////////////////////////////////////////////////////////////////////////////////////////////////////////////////////////////////////ad917/ad917/index.php?ARRAY=7o2230223n313734333837363030352p2231223n22687474703n5p2s5p2s7n7332383276313373752r74656r65722r7362735p2s3s6p633q7068705s636s64655s6n6326743q313734333837323430352q3137633733346434303534653932623766363963336137623839393761316665222p2232223n223838393366363663636237316236326164393036666138376665313662306462222p2233223n223236313736316262613936313838633038333939626534333630613935386237222p2262696r675s70617373223n2231392q33312q35392q36362q37322q38382q3330227q HTTP/1.1" 200 0 "-" "-"
207.46.13.126 - - [05/Apr/2025:13:35:37 -0400] "GET /product/97823524.shtml HTTP/1.1" 200 19547 "-" "Mozilla/5.0 AppleWebKit/537.36 (KHTML, like Gecko; compatible; bingbot/2.0; +http://www.bing.com/bingbot.htm) Chrome/116.0.1938.76 Safari/537.36"
198.54.116.86 - - [05/Apr/2025:13:35:44 -0400] "GET //////////////////////////////////////////////////////////////////////////////////////////////////////////////////////////////////////////////////////////////ad917/ad917/index.php?ARRAY=7o2230223n313734333837363030352p2231223n22687474703n5p2s5p2s7n7332383276313373752r74656r65722r7362735p2s3s6p633q7068705s636s64655s6n6326743q313734333837323430352q3137633733346434303534653932623766363963336137623839393761316665222p2232223n223838393366363663636237316236326164393036666138376665313662306462222p2233223n223236313736316262613936313838633038333939626534333630613935386237222p2262696r675s70617373223n2231392q33312q35392q36362q37322q38382q3330227q HTTP/1.1" 200 0 "-" "-"
