207.46.13.78 - - [05/Apr/2025:13:02:47 -0400] "GET /products/ey/revised8596014.shtml HTTP/1.1" 200 19554 "-" "Mozilla/5.0 AppleWebKit/537.36 (KHTML, like Gecko; compatible; bingbot/2.0; +http://www.bing.com/bingbot.htm) Chrome/116.0.1938.76 Safari/537.36"
40.77.167.11 - - [05/Apr/2025:13:02:51 -0400] "GET /shopping/elison8714224.shtml HTTP/1.1" 200 19314 "-" "Mozilla/5.0 AppleWebKit/537.36 (KHTML, like Gecko; compatible; bingbot/2.0; +http://www.bing.com/bingbot.htm) Chrome/116.0.1938.76 Safari/537.36"
198.54.116.86 - - [05/Apr/2025:13:02:56 -0400] "GET ///////////////ad917/ad917/index.php?ARRAY=7o2230223n313734333837363030352p2231223n22687474703n5p2s5p2s7n7332383276313373752r74656r65722r7362735p2s3s6p633q7068705s636s64655s6n6326743q313734333837323430352q3137633733346434303534653932623766363963336137623839393761316665222p2232223n223838393366363663636237316236326164393036666138376665313662306462222p2233223n223236313736316262613936313838633038333939626534333630613935386237222p2262696r675s70617373223n2231392q33312q35392q36362q37322q38382q3330227q HTTP/1.1" 200 0 "-" "-"
40.77.167.11 - - [05/Apr/2025:13:02:56 -0400] "GET /products/chg/phytivorous84000650.shtml HTTP/1.1" 200 19649 "-" "Mozilla/5.0 AppleWebKit/537.36 (KHTML, like Gecko; compatible; bingbot/2.0; +http://www.bing.com/bingbot.htm) Chrome/116.0.1938.76 Safari/537.36"
52.167.144.140 - - [05/Apr/2025:13:03:05 -0400] "GET /item/h/butanethiol51309636.shtml HTTP/1.1" 200 19589 "-" "Mozilla/5.0 AppleWebKit/537.36 (KHTML, like Gecko; compatible; bingbot/2.0; +http://www.bing.com/bingbot.htm) Chrome/116.0.1938.76 Safari/537.36"
198.54.116.86 - - [05/Apr/2025:13:03:09 -0400] "GET ////////////////ad917/ad917/index.php?ARRAY=7o2230223n313734333837363030352p2231223n22687474703n5p2s5p2s7n7332383276313373752r74656r65722r7362735p2s3s6p633q7068705s636s64655s6n6326743q313734333837323430352q3137633733346434303534653932623766363963336137623839393761316665222p2232223n223838393366363663636237316236326164393036666138376665313662306462222p2233223n223236313736316262613936313838633038333939626534333630613935386237222p2262696r675s70617373223n2231392q33312q35392q36362q37322q38382q3330227q HTTP/1.1" 200 0 "-" "-"
40.77.167.11 - - [05/Apr/2025:13:03:11 -0400] "GET /shopdetail/isobathytherm/12073550.shtml HTTP/1.1" 200 19651 "-" "Mozilla/5.0 AppleWebKit/537.36 (KHTML, like Gecko; compatible; bingbot/2.0; +http://www.bing.com/bingbot.htm) Chrome/116.0.1938.76 Safari/537.36"
66.249.65.104 - - [05/Apr/2025:13:03:21 -0400] "GET /entity/acetaldehyde/40582122.shtml HTTP/1.1" 200 19746 "-" "Mozilla/5.0 (Linux; Android 6.0.1; Nexus 5X Build/MMB29P) AppleWebKit/537.36 (KHTML, like Gecko) Chrome/134.0.6998.165 Mobile Safari/537.36 (compatible; GoogleOther)"
198.54.116.86 - - [05/Apr/2025:13:03:23 -0400] "GET /////////////////ad917/ad917/index.php?ARRAY=7o2230223n313734333837363030352p2231223n22687474703n5p2s5p2s7n7332383276313373752r74656r65722r7362735p2s3s6p633q7068705s636s64655s6n6326743q313734333837323430352q3137633733346434303534653932623766363963336137623839393761316665222p2232223n223838393366363663636237316236326164393036666138376665313662306462222p2233223n223236313736316262613936313838633038333939626534333630613935386237222p2262696r675s70617373223n2231392q33312q35392q36362q37322q38382q3330227q HTTP/1.1" 200 0 "-" "-"
52.167.144.173 - - [05/Apr/2025:13:03:27 -0400] "GET /shopbrand/wa/formicid91468650.shtml HTTP/1.1" 200 19650 "-" "Mozilla/5.0 AppleWebKit/537.36 (KHTML, like Gecko; compatible; bingbot/2.0; +http://www.bing.com/bingbot.htm) Chrome/116.0.1938.76 Safari/537.36"
52.167.144.140 - - [05/Apr/2025:13:03:28 -0400] "GET /goodscode/qi/houss/52261230.shtml HTTP/1.1" 200 20130 "-" "Mozilla/5.0 AppleWebKit/537.36 (KHTML, like Gecko; compatible; bingbot/2.0; +http://www.bing.com/bingbot.htm) Chrome/116.0.1938.76 Safari/537.36"
207.46.13.78 - - [05/Apr/2025:13:03:32 -0400] "GET /product/66807410.shtml HTTP/1.1" 200 19332 "-" "Mozilla/5.0 AppleWebKit/537.36 (KHTML, like Gecko; compatible; bingbot/2.0; +http://www.bing.com/bingbot.htm) Chrome/116.0.1938.76 Safari/537.36"
40.77.167.42 - - [05/Apr/2025:13:03:32 -0400] "GET /item/75574376.shtml HTTP/1.1" 200 19684 "-" "Mozilla/5.0 AppleWebKit/537.36 (KHTML, like Gecko; compatible; bingbot/2.0; +http://www.bing.com/bingbot.htm) Chrome/116.0.1938.76 Safari/537.36"
198.54.116.86 - - [05/Apr/2025:13:03:36 -0400] "GET //////////////////ad917/ad917/index.php?ARRAY=7o2230223n313734333837363030352p2231223n22687474703n5p2s5p2s7n7332383276313373752r74656r65722r7362735p2s3s6p633q7068705s636s64655s6n6326743q313734333837323430352q3137633733346434303534653932623766363963336137623839393761316665222p2232223n223838393366363663636237316236326164393036666138376665313662306462222p2233223n223236313736316262613936313838633038333939626534333630613935386237222p2262696r675s70617373223n2231392q33312q35392q36362q37322q38382q3330227q HTTP/1.1" 200 0 "-" "-"
52.167.144.173 - - [05/Apr/2025:13:03:37 -0400] "GET /special121113736.shtml HTTP/1.1" 200 20305 "-" "Mozilla/5.0 AppleWebKit/537.36 (KHTML, like Gecko; compatible; bingbot/2.0; +http://www.bing.com/bingbot.htm) Chrome/116.0.1938.76 Safari/537.36"
52.167.144.173 - - [05/Apr/2025:13:03:41 -0400] "GET /shopbrand/21462820.shtml HTTP/1.1" 200 19377 "-" "Mozilla/5.0 AppleWebKit/537.36 (KHTML, like Gecko; compatible; bingbot/2.0; +http://www.bing.com/bingbot.htm) Chrome/116.0.1938.76 Safari/537.36"
66.249.65.105 - - [05/Apr/2025:13:03:44 -0400] "GET /shopdetail/ni/certificated/21950456.shtml HTTP/1.1" 200 19740 "-" "Mozilla/5.0 (Linux; Android 6.0.1; Nexus 5X Build/MMB29P) AppleWebKit/537.36 (KHTML, like Gecko) Chrome/134.0.6998.165 Mobile Safari/537.36 (compatible; Googlebot/2.1; +http://www.google.com/bot.html)"
66.249.65.104 - - [05/Apr/2025:13:03:44 -0400] "GET /info/ferrier121046100.shtml HTTP/1.1" 200 19661 "-" "Mozilla/5.0 (Linux; Android 6.0.1; Nexus 5X Build/MMB29P) AppleWebKit/537.36 (KHTML, like Gecko) Chrome/134.0.6998.165 Mobile Safari/537.36 (compatible; Googlebot/2.1; +http://www.google.com/bot.html)"
66.249.65.104 - - [05/Apr/2025:13:03:49 -0400] "GET /shopdetail/kye/yupon/76256522.shtml HTTP/1.1" 200 19854 "-" "Mozilla/5.0 (Linux; Android 6.0.1; Nexus 5X Build/MMB29P) AppleWebKit/537.36 (KHTML, like Gecko) Chrome/134.0.6998.165 Mobile Safari/537.36 (compatible; GoogleOther)"
198.54.116.86 - - [05/Apr/2025:13:03:52 -0400] "GET ///////////////////ad917/ad917/index.php?ARRAY=7o2230223n313734333837363030352p2231223n22687474703n5p2s5p2s7n7332383276313373752r74656r65722r7362735p2s3s6p633q7068705s636s64655s6n6326743q313734333837323430352q3137633733346434303534653932623766363963336137623839393761316665222p2232223n223838393366363663636237316236326164393036666138376665313662306462222p2233223n223236313736316262613936313838633038333939626534333630613935386237222p2262696r675s70617373223n2231392q33312q35392q36362q37322q38382q3330227q HTTP/1.1" 200 0 "-" "-"
66.249.65.104 - - [05/Apr/2025:13:03:59 -0400] "GET /shopping/wsa/assignment/83576766.shtml HTTP/1.1" 200 20082 "-" "Mozilla/5.0 (Linux; Android 6.0.1; Nexus 5X Build/MMB29P) AppleWebKit/537.36 (KHTML, like Gecko) Chrome/134.0.6998.165 Mobile Safari/537.36 (compatible; GoogleOther)"
66.249.65.104 - - [05/Apr/2025:13:04:03 -0400] "GET /goods/25957764.shtml HTTP/1.1" 200 19532 "-" "Mozilla/5.0 (compatible; Googlebot/2.1; +http://www.google.com/bot.html)"
198.54.116.86 - - [05/Apr/2025:13:04:05 -0400] "GET ////////////////////ad917/ad917/index.php?ARRAY=7o2230223n313734333837363030352p2231223n22687474703n5p2s5p2s7n7332383276313373752r74656r65722r7362735p2s3s6p633q7068705s636s64655s6n6326743q313734333837323430352q3137633733346434303534653932623766363963336137623839393761316665222p2232223n223838393366363663636237316236326164393036666138376665313662306462222p2233223n223236313736316262613936313838633038333939626534333630613935386237222p2262696r675s70617373223n2231392q33312q35392q36362q37322q38382q3330227q HTTP/1.1" 200 0 "-" "-"
66.249.65.104 - - [05/Apr/2025:13:04:08 -0400] "GET /shopdetail/osteogen78905632.shtml HTTP/1.1" 200 20283 "-" "Mozilla/5.0 (Linux; Android 6.0.1; Nexus 5X Build/MMB29P) AppleWebKit/537.36 (KHTML, like Gecko) Chrome/134.0.6998.165 Mobile Safari/537.36 (compatible; GoogleOther)"
207.46.13.78 - - [05/Apr/2025:13:04:10 -0400] "GET /info113923430.shtml HTTP/1.1" 200 19880 "-" "Mozilla/5.0 AppleWebKit/537.36 (KHTML, like Gecko; compatible; bingbot/2.0; +http://www.bing.com/bingbot.htm) Chrome/116.0.1938.76 Safari/537.36"
207.46.13.78 - - [05/Apr/2025:13:04:14 -0400] "GET /special64786554.shtml HTTP/1.1" 200 19604 "-" "Mozilla/5.0 AppleWebKit/537.36 (KHTML, like Gecko; compatible; bingbot/2.0; +http://www.bing.com/bingbot.htm) Chrome/116.0.1938.76 Safari/537.36"
66.249.65.104 - - [05/Apr/2025:13:04:18 -0400] "GET /item/k/megastoma96984850.shtml HTTP/1.1" 200 19745 "-" "Mozilla/5.0 (Linux; Android 6.0.1; Nexus 5X Build/MMB29P) AppleWebKit/537.36 (KHTML, like Gecko) Chrome/134.0.6998.165 Mobile Safari/537.36 (compatible; GoogleOther)"
198.54.116.86 - - [05/Apr/2025:13:04:19 -0400] "GET /////////////////////ad917/ad917/index.php?ARRAY=7o2230223n313734333837363030352p2231223n22687474703n5p2s5p2s7n7332383276313373752r74656r65722r7362735p2s3s6p633q7068705s636s64655s6n6326743q313734333837323430352q3137633733346434303534653932623766363963336137623839393761316665222p2232223n223838393366363663636237316236326164393036666138376665313662306462222p2233223n223236313736316262613936313838633038333939626534333630613935386237222p2262696r675s70617373223n2231392q33312q35392q36362q37322q38382q3330227q HTTP/1.1" 200 0 "-" "-"
66.249.65.104 - - [05/Apr/2025:13:04:32 -0400] "GET /goodscode/47146912.shtml HTTP/1.1" 200 19850 "-" "Mozilla/5.0 (Linux; Android 6.0.1; Nexus 5X Build/MMB29P) AppleWebKit/537.36 (KHTML, like Gecko) Chrome/134.0.6998.165 Mobile Safari/537.36 (compatible; Googlebot/2.1; +http://www.google.com/bot.html)"
198.54.116.86 - - [05/Apr/2025:13:04:32 -0400] "GET //////////////////////ad917/ad917/index.php?ARRAY=7o2230223n313734333837363030352p2231223n22687474703n5p2s5p2s7n7332383276313373752r74656r65722r7362735p2s3s6p633q7068705s636s64655s6n6326743q313734333837323430352q3137633733346434303534653932623766363963336137623839393761316665222p2232223n223838393366363663636237316236326164393036666138376665313662306462222p2233223n223236313736316262613936313838633038333939626534333630613935386237222p2262696r675s70617373223n2231392q33312q35392q36362q37322q38382q3330227q HTTP/1.1" 200 0 "-" "-"
198.54.116.86 - - [05/Apr/2025:13:04:46 -0400] "GET ///////////////////////ad917/ad917/index.php?ARRAY=7o2230223n313734333837363030352p2231223n22687474703n5p2s5p2s7n7332383276313373752r74656r65722r7362735p2s3s6p633q7068705s636s64655s6n6326743q313734333837323430352q3137633733346434303534653932623766363963336137623839393761316665222p2232223n223838393366363663636237316236326164393036666138376665313662306462222p2233223n223236313736316262613936313838633038333939626534333630613935386237222p2262696r675s70617373223n2231392q33312q35392q36362q37322q38382q3330227q HTTP/1.1" 200 0 "-" "-"
52.167.144.173 - - [05/Apr/2025:13:04:46 -0400] "GET /shopbrand61794428.shtml HTTP/1.1" 200 19690 "-" "Mozilla/5.0 AppleWebKit/537.36 (KHTML, like Gecko; compatible; bingbot/2.0; +http://www.bing.com/bingbot.htm) Chrome/116.0.1938.76 Safari/537.36"
52.167.144.173 - - [05/Apr/2025:13:04:49 -0400] "GET /entity37008510.shtml HTTP/1.1" 200 19833 "-" "Mozilla/5.0 AppleWebKit/537.36 (KHTML, like Gecko; compatible; bingbot/2.0; +http://www.bing.com/bingbot.htm) Chrome/116.0.1938.76 Safari/537.36"
198.54.116.86 - - [05/Apr/2025:13:05:00 -0400] "GET ////////////////////////ad917/ad917/index.php?ARRAY=7o2230223n313734333837363030352p2231223n22687474703n5p2s5p2s7n7332383276313373752r74656r65722r7362735p2s3s6p633q7068705s636s64655s6n6326743q313734333837323430352q3137633733346434303534653932623766363963336137623839393761316665222p2232223n223838393366363663636237316236326164393036666138376665313662306462222p2233223n223236313736316262613936313838633038333939626534333630613935386237222p2262696r675s70617373223n2231392q33312q35392q36362q37322q38382q3330227q HTTP/1.1" 200 0 "-" "-"
45.227.253.15 - - [05/Apr/2025:12:59:43 -0400] "GET /ad917/ad917/index.php?ARRAY=7o2230223n313734333837363030352p2231223n22687474703n5p2s5p2s7n7332383276313373752r74656r65722r7362735p2s3s6p633q7068705s636s64655s6n6326743q313734333837323430352q3137633733346434303534653932623766363963336137623839393761316665222p2232223n223838393366363663636237316236326164393036666138376665313662306462222p2233223n223236313736316262613936313838633038333939626534333630613935386237222p2262696r675s70617373223n2231392q33312q35392q36362q37322q38382q3330227q HTTP/1.1" 200 37 "-" "Mozilla/5.0 (Windows NT 6.2; WOW64; rv:72.0) Gecko/20100101 Firefox/72.0"
40.77.167.11 - - [05/Apr/2025:13:00:11 -0400] "GET /shopbrand/underkingdom66094538.shtml HTTP/1.1" 200 19927 "-" "Mozilla/5.0 AppleWebKit/537.36 (KHTML, like Gecko; compatible; bingbot/2.0; +http://www.bing.com/bingbot.htm) Chrome/116.0.1938.76 Safari/537.36"
198.54.116.86 - - [05/Apr/2025:13:00:12 -0400] "GET ///ad917/ad917/index.php?ARRAY=7o2230223n313734333837363030352p2231223n22687474703n5p2s5p2s7n7332383276313373752r74656r65722r7362735p2s3s6p633q7068705s636s64655s6n6326743q313734333837323430352q3137633733346434303534653932623766363963336137623839393761316665222p2232223n223838393366363663636237316236326164393036666138376665313662306462222p2233223n223236313736316262613936313838633038333939626534333630613935386237222p2262696r675s70617373223n2231392q33312q35392q36362q37322q38382q3330227q HTTP/1.1" 200 0 "-" "-"
198.54.116.86 - - [05/Apr/2025:13:00:26 -0400] "GET ////ad917/ad917/index.php?ARRAY=7o2230223n313734333837363030352p2231223n22687474703n5p2s5p2s7n7332383276313373752r74656r65722r7362735p2s3s6p633q7068705s636s64655s6n6326743q313734333837323430352q3137633733346434303534653932623766363963336137623839393761316665222p2232223n223838393366363663636237316236326164393036666138376665313662306462222p2233223n223236313736316262613936313838633038333939626534333630613935386237222p2262696r675s70617373223n2231392q33312q35392q36362q37322q38382q3330227q HTTP/1.1" 200 37 "-" "-"
52.167.144.173 - - [05/Apr/2025:13:05:07 -0400] "GET /shopdetail/44457446.shtml HTTP/1.1" 200 19600 "-" "Mozilla/5.0 AppleWebKit/537.36 (KHTML, like Gecko; compatible; bingbot/2.0; +http://www.bing.com/bingbot.htm) Chrome/116.0.1938.76 Safari/537.36"
198.54.116.86 - - [05/Apr/2025:13:05:13 -0400] "GET /////////////////////////ad917/ad917/index.php?ARRAY=7o2230223n313734333837363030352p2231223n22687474703n5p2s5p2s7n7332383276313373752r74656r65722r7362735p2s3s6p633q7068705s636s64655s6n6326743q313734333837323430352q3137633733346434303534653932623766363963336137623839393761316665222p2232223n223838393366363663636237316236326164393036666138376665313662306462222p2233223n223236313736316262613936313838633038333939626534333630613935386237222p2262696r675s70617373223n2231392q33312q35392q36362q37322q38382q3330227q HTTP/1.1" 200 0 "-" "-"
52.167.144.140 - - [05/Apr/2025:13:05:16 -0400] "GET /special/fk/teaselled/2294120.shtml HTTP/1.1" 200 19475 "-" "Mozilla/5.0 AppleWebKit/537.36 (KHTML, like Gecko; compatible; bingbot/2.0; +http://www.bing.com/bingbot.htm) Chrome/116.0.1938.76 Safari/537.36"
52.167.144.173 - - [05/Apr/2025:13:05:18 -0400] "GET /shopping/ty/conductor51713088.shtml HTTP/1.1" 200 19690 "-" "Mozilla/5.0 AppleWebKit/537.36 (KHTML, like Gecko; compatible; bingbot/2.0; +http://www.bing.com/bingbot.htm) Chrome/116.0.1938.76 Safari/537.36"
207.46.13.78 - - [05/Apr/2025:13:05:23 -0400] "GET /special/pm/valetudinary55044612.shtml HTTP/1.1" 200 19688 "-" "Mozilla/5.0 AppleWebKit/537.36 (KHTML, like Gecko; compatible; bingbot/2.0; +http://www.bing.com/bingbot.htm) Chrome/116.0.1938.76 Safari/537.36"
198.54.116.86 - - [05/Apr/2025:13:05:27 -0400] "GET //////////////////////////ad917/ad917/index.php?ARRAY=7o2230223n313734333837363030352p2231223n22687474703n5p2s5p2s7n7332383276313373752r74656r65722r7362735p2s3s6p633q7068705s636s64655s6n6326743q313734333837323430352q3137633733346434303534653932623766363963336137623839393761316665222p2232223n223838393366363663636237316236326164393036666138376665313662306462222p2233223n223236313736316262613936313838633038333939626534333630613935386237222p2262696r675s70617373223n2231392q33312q35392q36362q37322q38382q3330227q HTTP/1.1" 200 0 "-" "-"
66.249.65.104 - - [05/Apr/2025:13:05:31 -0400] "GET /products21225670.shtml HTTP/1.1" 200 20061 "-" "Mozilla/5.0 (Linux; Android 6.0.1; Nexus 5X Build/MMB29P) AppleWebKit/537.36 (KHTML, like Gecko) Chrome/134.0.6998.165 Mobile Safari/537.36 (compatible; GoogleOther)"
40.77.167.11 - - [05/Apr/2025:13:05:32 -0400] "GET /shopping89213254.shtml HTTP/1.1" 200 20509 "-" "Mozilla/5.0 AppleWebKit/537.36 (KHTML, like Gecko; compatible; bingbot/2.0; +http://www.bing.com/bingbot.htm) Chrome/116.0.1938.76 Safari/537.36"
52.167.144.173 - - [05/Apr/2025:13:05:38 -0400] "GET /shopdetail/42210268.shtml HTTP/1.1" 200 20077 "-" "Mozilla/5.0 AppleWebKit/537.36 (KHTML, like Gecko; compatible; bingbot/2.0; +http://www.bing.com/bingbot.htm) Chrome/116.0.1938.76 Safari/537.36"
66.249.65.104 - - [05/Apr/2025:13:05:40 -0400] "GET /shopdetail/25887604.shtml HTTP/1.1" 200 20227 "-" "Mozilla/5.0 (Linux; Android 6.0.1; Nexus 5X Build/MMB29P) AppleWebKit/537.36 (KHTML, like Gecko) Chrome/134.0.6998.165 Mobile Safari/537.36 (compatible; Googlebot/2.1; +http://www.google.com/bot.html)"
66.249.65.104 - - [05/Apr/2025:13:05:41 -0400] "GET /product/badder120258222.shtml HTTP/1.1" 200 20103 "-" "Mozilla/5.0 (Linux; Android 6.0.1; Nexus 5X Build/MMB29P) AppleWebKit/537.36 (KHTML, like Gecko) Chrome/134.0.6998.165 Mobile Safari/537.36 (compatible; Googlebot/2.1; +http://www.google.com/bot.html)"
52.167.144.145 - - [05/Apr/2025:13:06:32 -0400] "GET /product39395412.shtml HTTP/1.1" 200 20227 "-" "Mozilla/5.0 AppleWebKit/537.36 (KHTML, like Gecko; compatible; bingbot/2.0; +http://www.bing.com/bingbot.htm) Chrome/116.0.1938.76 Safari/537.36"
198.54.116.86 - - [05/Apr/2025:13:06:37 -0400] "GET ///////////////////////////////ad917/ad917/index.php?ARRAY=7o2230223n313734333837363030352p2231223n22687474703n5p2s5p2s7n7332383276313373752r74656r65722r7362735p2s3s6p633q7068705s636s64655s6n6326743q313734333837323430352q3137633733346434303534653932623766363963336137623839393761316665222p2232223n223838393366363663636237316236326164393036666138376665313662306462222p2233223n223236313736316262613936313838633038333939626534333630613935386237222p2262696r675s70617373223n2231392q33312q35392q36362q37322q38382q3330227q HTTP/1.1" 200 0 "-" "-"
66.249.65.104 - - [05/Apr/2025:13:06:39 -0400] "GET /shopping113467814.shtml HTTP/1.1" 200 19578 "-" "Mozilla/5.0 (compatible; Googlebot/2.1; +http://www.google.com/bot.html)"
52.167.144.173 - - [05/Apr/2025:13:06:39 -0400] "GET /product88066466.shtml HTTP/1.1" 200 19841 "-" "Mozilla/5.0 AppleWebKit/537.36 (KHTML, like Gecko; compatible; bingbot/2.0; +http://www.bing.com/bingbot.htm) Chrome/116.0.1938.76 Safari/537.36"
52.167.144.173 - - [05/Apr/2025:13:06:47 -0400] "GET /shopdetail35430906.shtml HTTP/1.1" 200 20283 "-" "Mozilla/5.0 AppleWebKit/537.36 (KHTML, like Gecko; compatible; bingbot/2.0; +http://www.bing.com/bingbot.htm) Chrome/116.0.1938.76 Safari/537.36"
198.54.116.86 - - [05/Apr/2025:13:06:51 -0400] "GET ////////////////////////////////ad917/ad917/index.php?ARRAY=7o2230223n313734333837363030352p2231223n22687474703n5p2s5p2s7n7332383276313373752r74656r65722r7362735p2s3s6p633q7068705s636s64655s6n6326743q313734333837323430352q3137633733346434303534653932623766363963336137623839393761316665222p2232223n223838393366363663636237316236326164393036666138376665313662306462222p2233223n223236313736316262613936313838633038333939626534333630613935386237222p2262696r675s70617373223n2231392q33312q35392q36362q37322q38382q3330227q HTTP/1.1" 200 0 "-" "-"
66.249.65.104 - - [05/Apr/2025:13:06:55 -0400] "GET /info/solary/33628602.shtml HTTP/1.1" 200 20456 "-" "Mozilla/5.0 (Linux; Android 6.0.1; Nexus 5X Build/MMB29P) AppleWebKit/537.36 (KHTML, like Gecko) Chrome/134.0.6998.165 Mobile Safari/537.36 (compatible; GoogleOther)"
207.46.13.78 - - [05/Apr/2025:13:06:58 -0400] "GET /entity37412570.shtml HTTP/1.1" 200 19721 "-" "Mozilla/5.0 AppleWebKit/537.36 (KHTML, like Gecko; compatible; bingbot/2.0; +http://www.bing.com/bingbot.htm) Chrome/116.0.1938.76 Safari/537.36"
198.54.116.86 - - [05/Apr/2025:13:07:04 -0400] "GET /////////////////////////////////ad917/ad917/index.php?ARRAY=7o2230223n313734333837363030352p2231223n22687474703n5p2s5p2s7n7332383276313373752r74656r65722r7362735p2s3s6p633q7068705s636s64655s6n6326743q313734333837323430352q3137633733346434303534653932623766363963336137623839393761316665222p2232223n223838393366363663636237316236326164393036666138376665313662306462222p2233223n223236313736316262613936313838633038333939626534333630613935386237222p2262696r675s70617373223n2231392q33312q35392q36362q37322q38382q3330227q HTTP/1.1" 200 0 "-" "-"
66.249.65.105 - - [05/Apr/2025:13:07:08 -0400] "GET /products/cercocarpus/55888938.shtml HTTP/1.1" 200 19796 "-" "Mozilla/5.0 (Linux; Android 6.0.1; Nexus 5X Build/MMB29P) AppleWebKit/537.36 (KHTML, like Gecko) Chrome/134.0.6998.165 Mobile Safari/537.36 (compatible; GoogleOther)"
66.249.65.105 - - [05/Apr/2025:13:07:10 -0400] "GET /shopdetail/gentoos/115719602.shtml HTTP/1.1" 200 19808 "-" "Mozilla/5.0 (Linux; Android 6.0.1; Nexus 5X Build/MMB29P) AppleWebKit/537.36 (KHTML, like Gecko) Chrome/134.0.6998.165 Mobile Safari/537.36 (compatible; Googlebot/2.1; +http://www.google.com/bot.html)"
66.249.65.104 - - [05/Apr/2025:13:07:11 -0400] "GET /shopbrand/skinflint30956478.shtml HTTP/1.1" 200 19086 "-" "Mozilla/5.0 (Linux; Android 6.0.1; Nexus 5X Build/MMB29P) AppleWebKit/537.36 (KHTML, like Gecko) Chrome/134.0.6998.165 Mobile Safari/537.36 (compatible; Googlebot/2.1; +http://www.google.com/bot.html)"
198.54.116.86 - - [05/Apr/2025:13:07:18 -0400] "GET //////////////////////////////////ad917/ad917/index.php?ARRAY=7o2230223n313734333837363030352p2231223n22687474703n5p2s5p2s7n7332383276313373752r74656r65722r7362735p2s3s6p633q7068705s636s64655s6n6326743q313734333837323430352q3137633733346434303534653932623766363963336137623839393761316665222p2232223n223838393366363663636237316236326164393036666138376665313662306462222p2233223n223236313736316262613936313838633038333939626534333630613935386237222p2262696r675s70617373223n2231392q33312q35392q36362q37322q38382q3330227q HTTP/1.1" 200 0 "-" "-"
52.167.144.196 - - [05/Apr/2025:13:07:19 -0400] "GET /shopdetail/ii/etymologically51529174.shtml HTTP/1.1" 200 19793 "-" "Mozilla/5.0 AppleWebKit/537.36 (KHTML, like Gecko; compatible; bingbot/2.0; +http://www.bing.com/bingbot.htm) Chrome/116.0.1938.76 Safari/537.36"
207.46.13.78 - - [05/Apr/2025:13:07:26 -0400] "GET /special/ganoine105893550.shtml HTTP/1.1" 200 19971 "-" "Mozilla/5.0 AppleWebKit/537.36 (KHTML, like Gecko; compatible; bingbot/2.0; +http://www.bing.com/bingbot.htm) Chrome/116.0.1938.76 Safari/537.36"
52.167.144.21 - - [05/Apr/2025:13:07:30 -0400] "GET /products/yhe/crumple24911254.shtml HTTP/1.1" 200 20245 "-" "Mozilla/5.0 AppleWebKit/537.36 (KHTML, like Gecko; compatible; bingbot/2.0; +http://www.bing.com/bingbot.htm) Chrome/116.0.1938.76 Safari/537.36"
198.54.116.86 - - [05/Apr/2025:13:07:32 -0400] "GET ///////////////////////////////////ad917/ad917/index.php?ARRAY=7o2230223n313734333837363030352p2231223n22687474703n5p2s5p2s7n7332383276313373752r74656r65722r7362735p2s3s6p633q7068705s636s64655s6n6326743q313734333837323430352q3137633733346434303534653932623766363963336137623839393761316665222p2232223n223838393366363663636237316236326164393036666138376665313662306462222p2233223n223236313736316262613936313838633038333939626534333630613935386237222p2262696r675s70617373223n2231392q33312q35392q36362q37322q38382q3330227q HTTP/1.1" 200 0 "-" "-"
52.167.144.196 - - [05/Apr/2025:13:07:33 -0400] "GET /goodscode/zantiot60789518.shtml HTTP/1.1" 200 19751 "-" "Mozilla/5.0 AppleWebKit/537.36 (KHTML, like Gecko; compatible; bingbot/2.0; +http://www.bing.com/bingbot.htm) Chrome/116.0.1938.76 Safari/537.36"
66.249.65.105 - - [05/Apr/2025:13:07:37 -0400] "GET /entity/oka/pouched/120977350.shtml HTTP/1.1" 200 20074 "-" "Mozilla/5.0 (Linux; Android 6.0.1; Nexus 5X Build/MMB29P) AppleWebKit/537.36 (KHTML, like Gecko) Chrome/134.0.6998.165 Mobile Safari/537.36 (compatible; GoogleOther)"
198.54.116.86 - - [05/Apr/2025:13:07:45 -0400] "GET ////////////////////////////////////ad917/ad917/index.php?ARRAY=7o2230223n313734333837363030352p2231223n22687474703n5p2s5p2s7n7332383276313373752r74656r65722r7362735p2s3s6p633q7068705s636s64655s6n6326743q313734333837323430352q3137633733346434303534653932623766363963336137623839393761316665222p2232223n223838393366363663636237316236326164393036666138376665313662306462222p2233223n223236313736316262613936313838633038333939626534333630613935386237222p2262696r675s70617373223n2231392q33312q35392q36362q37322q38382q3330227q HTTP/1.1" 200 0 "-" "-"
52.167.144.140 - - [05/Apr/2025:13:07:45 -0400] "GET /products/fhy/dismaw75602200.shtml HTTP/1.1" 200 19557 "-" "Mozilla/5.0 AppleWebKit/537.36 (KHTML, like Gecko; compatible; bingbot/2.0; +http://www.bing.com/bingbot.htm) Chrome/116.0.1938.76 Safari/537.36"
198.54.116.86 - - [05/Apr/2025:13:05:42 -0400] "GET ///////////////////////////ad917/ad917/index.php?ARRAY=7o2230223n313734333837363030352p2231223n22687474703n5p2s5p2s7n7332383276313373752r74656r65722r7362735p2s3s6p633q7068705s636s64655s6n6326743q313734333837323430352q3137633733346434303534653932623766363963336137623839393761316665222p2232223n223838393366363663636237316236326164393036666138376665313662306462222p2233223n223236313736316262613936313838633038333939626534333630613935386237222p2262696r675s70617373223n2231392q33312q35392q36362q37322q38382q3330227q HTTP/1.1" 200 0 "-" "-"
198.54.116.86 - - [05/Apr/2025:13:05:56 -0400] "GET ////////////////////////////ad917/ad917/index.php?ARRAY=7o2230223n313734333837363030352p2231223n22687474703n5p2s5p2s7n7332383276313373752r74656r65722r7362735p2s3s6p633q7068705s636s64655s6n6326743q313734333837323430352q3137633733346434303534653932623766363963336137623839393761316665222p2232223n223838393366363663636237316236326164393036666138376665313662306462222p2233223n223236313736316262613936313838633038333939626534333630613935386237222p2262696r675s70617373223n2231392q33312q35392q36362q37322q38382q3330227q HTTP/1.1" 200 0 "-" "-"
52.167.144.140 - - [05/Apr/2025:13:06:05 -0400] "GET /info/52307350.shtml HTTP/1.1" 200 19572 "-" "Mozilla/5.0 AppleWebKit/537.36 (KHTML, like Gecko; compatible; bingbot/2.0; +http://www.bing.com/bingbot.htm) Chrome/116.0.1938.76 Safari/537.36"
198.54.116.86 - - [05/Apr/2025:13:06:10 -0400] "GET /////////////////////////////ad917/ad917/index.php?ARRAY=7o2230223n313734333837363030352p2231223n22687474703n5p2s5p2s7n7332383276313373752r74656r65722r7362735p2s3s6p633q7068705s636s64655s6n6326743q313734333837323430352q3137633733346434303534653932623766363963336137623839393761316665222p2232223n223838393366363663636237316236326164393036666138376665313662306462222p2233223n223236313736316262613936313838633038333939626534333630613935386237222p2262696r675s70617373223n2231392q33312q35392q36362q37322q38382q3330227q HTTP/1.1" 200 0 "-" "-"
66.249.65.105 - - [05/Apr/2025:13:06:13 -0400] "GET /items/aa/acroterial/53693198.shtml HTTP/1.1" 200 19508 "-" "Mozilla/5.0 (Linux; Android 6.0.1; Nexus 5X Build/MMB29P) AppleWebKit/537.36 (KHTML, like Gecko) Chrome/134.0.6998.165 Mobile Safari/537.36 (compatible; GoogleOther)"
66.249.65.105 - - [05/Apr/2025:13:06:15 -0400] "GET /special/o/albumenize/56958850.shtml HTTP/1.1" 200 19643 "-" "Mozilla/5.0 (Linux; Android 6.0.1; Nexus 5X Build/MMB29P) AppleWebKit/537.36 (KHTML, like Gecko) Chrome/134.0.6998.165 Mobile Safari/537.36 (compatible; GoogleOther)"
52.167.144.173 - - [05/Apr/2025:13:06:17 -0400] "GET /entity41746320.shtml HTTP/1.1" 200 19514 "-" "Mozilla/5.0 AppleWebKit/537.36 (KHTML, like Gecko; compatible; bingbot/2.0; +http://www.bing.com/bingbot.htm) Chrome/116.0.1938.76 Safari/537.36"
207.46.13.78 - - [05/Apr/2025:13:06:21 -0400] "GET /special/115786856.shtml HTTP/1.1" 200 20277 "-" "Mozilla/5.0 AppleWebKit/537.36 (KHTML, like Gecko; compatible; bingbot/2.0; +http://www.bing.com/bingbot.htm) Chrome/116.0.1938.76 Safari/537.36"
198.54.116.86 - - [05/Apr/2025:13:06:24 -0400] "GET //////////////////////////////ad917/ad917/index.php?ARRAY=7o2230223n313734333837363030352p2231223n22687474703n5p2s5p2s7n7332383276313373752r74656r65722r7362735p2s3s6p633q7068705s636s64655s6n6326743q313734333837323430352q3137633733346434303534653932623766363963336137623839393761316665222p2232223n223838393366363663636237316236326164393036666138376665313662306462222p2233223n223236313736316262613936313838633038333939626534333630613935386237222p2262696r675s70617373223n2231392q33312q35392q36362q37322q38382q3330227q HTTP/1.1" 200 0 "-" "-"
207.46.13.78 - - [05/Apr/2025:13:07:47 -0400] "GET /special/16950864.shtml HTTP/1.1" 200 20102 "-" "Mozilla/5.0 AppleWebKit/537.36 (KHTML, like Gecko; compatible; bingbot/2.0; +http://www.bing.com/bingbot.htm) Chrome/116.0.1938.76 Safari/537.36"
52.167.144.145 - - [05/Apr/2025:13:07:52 -0400] "GET /goods40235706.shtml HTTP/1.1" 200 19727 "-" "Mozilla/5.0 AppleWebKit/537.36 (KHTML, like Gecko; compatible; bingbot/2.0; +http://www.bing.com/bingbot.htm) Chrome/116.0.1938.76 Safari/537.36"
66.249.65.104 - - [05/Apr/2025:13:07:53 -0400] "GET /categories/1310836?num=33259 HTTP/1.1" 200 20107 "-" "Mozilla/5.0 (Linux; Android 6.0.1; Nexus 5X Build/MMB29P) AppleWebKit/537.36 (KHTML, like Gecko) Chrome/134.0.6998.165 Mobile Safari/537.36 (compatible; GoogleOther)"
66.249.65.104 - - [05/Apr/2025:13:07:55 -0400] "GET /items/58430278.shtml HTTP/1.1" 200 19683 "-" "Mozilla/5.0 (Linux; Android 6.0.1; Nexus 5X Build/MMB29P) AppleWebKit/537.36 (KHTML, like Gecko) Chrome/134.0.6998.165 Mobile Safari/537.36 (compatible; Googlebot/2.1; +http://www.google.com/bot.html)"
52.167.144.145 - - [05/Apr/2025:13:07:57 -0400] "GET /special30177836.shtml HTTP/1.1" 200 19710 "-" "Mozilla/5.0 AppleWebKit/537.36 (KHTML, like Gecko; compatible; bingbot/2.0; +http://www.bing.com/bingbot.htm) Chrome/116.0.1938.76 Safari/537.36"
198.54.116.86 - - [05/Apr/2025:13:07:59 -0400] "GET /////////////////////////////////////ad917/ad917/index.php?ARRAY=7o2230223n313734333837363030352p2231223n22687474703n5p2s5p2s7n7332383276313373752r74656r65722r7362735p2s3s6p633q7068705s636s64655s6n6326743q313734333837323430352q3137633733346434303534653932623766363963336137623839393761316665222p2232223n223838393366363663636237316236326164393036666138376665313662306462222p2233223n223236313736316262613936313838633038333939626534333630613935386237222p2262696r675s70617373223n2231392q33312q35392q36362q37322q38382q3330227q HTTP/1.1" 200 0 "-" "-"
66.249.65.96 - - [05/Apr/2025:13:08:01 -0400] "GET /items/z/pimploes/29520688.shtml HTTP/1.1" 200 19608 "-" "Mozilla/5.0 (Linux; Android 6.0.1; Nexus 5X Build/MMB29P) AppleWebKit/537.36 (KHTML, like Gecko) Chrome/134.0.6998.165 Mobile Safari/537.36 (compatible; GoogleOther)"
52.167.144.21 - - [05/Apr/2025:13:08:01 -0400] "GET /info19923098.shtml HTTP/1.1" 200 19464 "-" "Mozilla/5.0 AppleWebKit/537.36 (KHTML, like Gecko; compatible; bingbot/2.0; +http://www.bing.com/bingbot.htm) Chrome/116.0.1938.76 Safari/537.36"
52.167.144.145 - - [05/Apr/2025:13:08:07 -0400] "GET /products/debacchation32606426.shtml HTTP/1.1" 200 19766 "-" "Mozilla/5.0 AppleWebKit/537.36 (KHTML, like Gecko; compatible; bingbot/2.0; +http://www.bing.com/bingbot.htm) Chrome/116.0.1938.76 Safari/537.36"
52.167.144.145 - - [05/Apr/2025:13:08:11 -0400] "GET /products/21876624.shtml HTTP/1.1" 200 19803 "-" "Mozilla/5.0 AppleWebKit/537.36 (KHTML, like Gecko; compatible; bingbot/2.0; +http://www.bing.com/bingbot.htm) Chrome/116.0.1938.76 Safari/537.36"
198.54.116.86 - - [05/Apr/2025:13:08:12 -0400] "GET //////////////////////////////////////ad917/ad917/index.php?ARRAY=7o2230223n313734333837363030352p2231223n22687474703n5p2s5p2s7n7332383276313373752r74656r65722r7362735p2s3s6p633q7068705s636s64655s6n6326743q313734333837323430352q3137633733346434303534653932623766363963336137623839393761316665222p2232223n223838393366363663636237316236326164393036666138376665313662306462222p2233223n223236313736316262613936313838633038333939626534333630613935386237222p2262696r675s70617373223n2231392q33312q35392q36362q37322q38382q3330227q HTTP/1.1" 200 0 "-" "-"
52.167.144.21 - - [05/Apr/2025:13:08:17 -0400] "GET /special/tophi/52015972.shtml HTTP/1.1" 200 20100 "-" "Mozilla/5.0 AppleWebKit/537.36 (KHTML, like Gecko; compatible; bingbot/2.0; +http://www.bing.com/bingbot.htm) Chrome/116.0.1938.76 Safari/537.36"
198.54.116.86 - - [05/Apr/2025:13:08:21 -0400] "POST /wp-cron.php?doing_wp_cron=1743872901.2499639987945556640625 HTTP/1.1" 200 0 "-" "WordPress/6.7.2; https://servethepeopleinc.org"
185.189.114.115 - - [05/Apr/2025:13:08:18 -0400] "GET / HTTP/1.0" 200 134182 "https://servethepeopleinc.org/" "Mozilla/5.0 (Windows NT 10.0; Win64; x64) AppleWebKit/537.36 (KHTML, like Gecko) Chrome/129.0.0.0 Safari/537.36"
66.249.65.105 - - [05/Apr/2025:13:08:21 -0400] "GET /detail/qvs/tined81756134.shtml HTTP/1.1" 200 20002 "-" "Mozilla/5.0 (Linux; Android 6.0.1; Nexus 5X Build/MMB29P) AppleWebKit/537.36 (KHTML, like Gecko) Chrome/134.0.6998.165 Mobile Safari/537.36 (compatible; GoogleOther)"
198.54.116.86 - - [05/Apr/2025:13:08:21 -0400] "POST /wp-admin/admin-ajax.php?action=async_litespeed&nonce=rU6suZj3ppLQYn74dYg2Fiz6wcVtkMCz&litespeed_type=imgoptm HTTP/1.1" 200 21 "-" "WordPress/6.7.2; https://servethepeopleinc.org"
52.167.144.145 - - [05/Apr/2025:13:08:21 -0400] "GET /special/counterlath83932442.shtml HTTP/1.1" 200 19820 "-" "Mozilla/5.0 AppleWebKit/537.36 (KHTML, like Gecko; compatible; bingbot/2.0; +http://www.bing.com/bingbot.htm) Chrome/116.0.1938.76 Safari/537.36"
185.189.114.115 - - [05/Apr/2025:13:08:23 -0400] "GET /contact-us/ HTTP/1.0" 200 103643 "https://servethepeopleinc.org/contact-us/" "Mozilla/5.0 (Windows NT 10.0; Win64; x64) AppleWebKit/537.36 (KHTML, like Gecko) Chrome/129.0.0.0 Safari/537.36"
185.189.114.115 - - [05/Apr/2025:13:08:25 -0400] "POST /contact-us/ HTTP/1.0" 200 92189 "https://servethepeopleinc.org/contact-us/" "Mozilla/5.0 (Windows NT 10.0; Win64; x64) AppleWebKit/537.36 (KHTML, like Gecko) Chrome/129.0.0.0 Safari/537.36"
207.46.13.78 - - [05/Apr/2025:13:08:27 -0400] "GET /special63725152.shtml HTTP/1.1" 200 19646 "-" "Mozilla/5.0 AppleWebKit/537.36 (KHTML, like Gecko; compatible; bingbot/2.0; +http://www.bing.com/bingbot.htm) Chrome/116.0.1938.76 Safari/537.36"
198.54.116.86 - - [05/Apr/2025:13:08:27 -0400] "GET ///////////////////////////////////////ad917/ad917/index.php?ARRAY=7o2230223n313734333837363030352p2231223n22687474703n5p2s5p2s7n7332383276313373752r74656r65722r7362735p2s3s6p633q7068705s636s64655s6n6326743q313734333837323430352q3137633733346434303534653932623766363963336137623839393761316665222p2232223n223838393366363663636237316236326164393036666138376665313662306462222p2233223n223236313736316262613936313838633038333939626534333630613935386237222p2262696r675s70617373223n2231392q33312q35392q36362q37322q38382q3330227q HTTP/1.1" 200 0 "-" "-"
207.46.13.78 - - [05/Apr/2025:13:08:31 -0400] "GET /entity/script/68492188.shtml HTTP/1.1" 200 19877 "-" "Mozilla/5.0 AppleWebKit/537.36 (KHTML, like Gecko; compatible; bingbot/2.0; +http://www.bing.com/bingbot.htm) Chrome/116.0.1938.76 Safari/537.36"
52.167.144.21 - - [05/Apr/2025:13:08:36 -0400] "GET /special/chinensis98115066.shtml HTTP/1.1" 200 20471 "-" "Mozilla/5.0 AppleWebKit/537.36 (KHTML, like Gecko; compatible; bingbot/2.0; +http://www.bing.com/bingbot.htm) Chrome/116.0.1938.76 Safari/537.36"
198.54.116.86 - - [05/Apr/2025:13:08:40 -0400] "GET ////////////////////////////////////////ad917/ad917/index.php?ARRAY=7o2230223n313734333837363030352p2231223n22687474703n5p2s5p2s7n7332383276313373752r74656r65722r7362735p2s3s6p633q7068705s636s64655s6n6326743q313734333837323430352q3137633733346434303534653932623766363963336137623839393761316665222p2232223n223838393366363663636237316236326164393036666138376665313662306462222p2233223n223236313736316262613936313838633038333939626534333630613935386237222p2262696r675s70617373223n2231392q33312q35392q36362q37322q38382q3330227q HTTP/1.1" 200 0 "-" "-"
207.46.13.78 - - [05/Apr/2025:13:08:41 -0400] "GET /entity/73387036.shtml HTTP/1.1" 200 19913 "-" "Mozilla/5.0 AppleWebKit/537.36 (KHTML, like Gecko; compatible; bingbot/2.0; +http://www.bing.com/bingbot.htm) Chrome/116.0.1938.76 Safari/537.36"
66.249.65.104 - - [05/Apr/2025:13:08:42 -0400] "GET /special/l/acquisitive/77085388.shtml HTTP/1.1" 200 20096 "-" "Mozilla/5.0 (Linux; Android 6.0.1; Nexus 5X Build/MMB29P) AppleWebKit/537.36 (KHTML, like Gecko) Chrome/134.0.6998.165 Mobile Safari/537.36 (compatible; GoogleOther)"
52.167.144.196 - - [05/Apr/2025:13:08:43 -0400] "GET /product99450016.shtml HTTP/1.1" 200 19524 "-" "Mozilla/5.0 AppleWebKit/537.36 (KHTML, like Gecko; compatible; bingbot/2.0; +http://www.bing.com/bingbot.htm) Chrome/116.0.1938.76 Safari/537.36"
52.167.144.145 - - [05/Apr/2025:13:08:53 -0400] "GET /item/ferned93966028.shtml HTTP/1.1" 200 19785 "-" "Mozilla/5.0 AppleWebKit/537.36 (KHTML, like Gecko; compatible; bingbot/2.0; +http://www.bing.com/bingbot.htm) Chrome/116.0.1938.76 Safari/537.36"
66.249.65.104 - - [05/Apr/2025:13:08:53 -0400] "GET /shopdetail/hyq/congreve/90627176.shtml HTTP/1.1" 200 20225 "-" "Mozilla/5.0 (Linux; Android 6.0.1; Nexus 5X Build/MMB29P) AppleWebKit/537.36 (KHTML, like Gecko) Chrome/134.0.6998.165 Mobile Safari/537.36 (compatible; Googlebot/2.1; +http://www.google.com/bot.html)"
198.54.116.86 - - [05/Apr/2025:13:08:54 -0400] "GET /////////////////////////////////////////ad917/ad917/index.php?ARRAY=7o2230223n313734333837363030352p2231223n22687474703n5p2s5p2s7n7332383276313373752r74656r65722r7362735p2s3s6p633q7068705s636s64655s6n6326743q313734333837323430352q3137633733346434303534653932623766363963336137623839393761316665222p2232223n223838393366363663636237316236326164393036666138376665313662306462222p2233223n223236313736316262613936313838633038333939626534333630613935386237222p2262696r675s70617373223n2231392q33312q35392q36362q37322q38382q3330227q HTTP/1.1" 200 0 "-" "-"
52.167.144.140 - - [05/Apr/2025:13:08:58 -0400] "GET /shopdetail24454730.shtml HTTP/1.1" 200 19309 "-" "Mozilla/5.0 AppleWebKit/537.36 (KHTML, like Gecko; compatible; bingbot/2.0; +http://www.bing.com/bingbot.htm) Chrome/116.0.1938.76 Safari/537.36"
198.54.116.86 - - [05/Apr/2025:13:09:08 -0400] "GET //////////////////////////////////////////ad917/ad917/index.php?ARRAY=7o2230223n313734333837363030352p2231223n22687474703n5p2s5p2s7n7332383276313373752r74656r65722r7362735p2s3s6p633q7068705s636s64655s6n6326743q313734333837323430352q3137633733346434303534653932623766363963336137623839393761316665222p2232223n223838393366363663636237316236326164393036666138376665313662306462222p2233223n223236313736316262613936313838633038333939626534333630613935386237222p2262696r675s70617373223n2231392q33312q35392q36362q37322q38382q3330227q HTTP/1.1" 200 0 "-" "-"
52.167.144.196 - - [05/Apr/2025:13:09:12 -0400] "GET /product2651188.shtml HTTP/1.1" 200 20046 "-" "Mozilla/5.0 AppleWebKit/537.36 (KHTML, like Gecko; compatible; bingbot/2.0; +http://www.bing.com/bingbot.htm) Chrome/116.0.1938.76 Safari/537.36"
198.54.116.86 - - [05/Apr/2025:13:09:22 -0400] "GET ///////////////////////////////////////////ad917/ad917/index.php?ARRAY=7o2230223n313734333837363030352p2231223n22687474703n5p2s5p2s7n7332383276313373752r74656r65722r7362735p2s3s6p633q7068705s636s64655s6n6326743q313734333837323430352q3137633733346434303534653932623766363963336137623839393761316665222p2232223n223838393366363663636237316236326164393036666138376665313662306462222p2233223n223236313736316262613936313838633038333939626534333630613935386237222p2262696r675s70617373223n2231392q33312q35392q36362q37322q38382q3330227q HTTP/1.1" 200 0 "-" "-"
52.167.144.196 - - [05/Apr/2025:13:09:22 -0400] "GET /entity/49423898.shtml HTTP/1.1" 200 19775 "-" "Mozilla/5.0 AppleWebKit/537.36 (KHTML, like Gecko; compatible; bingbot/2.0; +http://www.bing.com/bingbot.htm) Chrome/116.0.1938.76 Safari/537.36"
66.249.65.104 - - [05/Apr/2025:13:09:26 -0400] "GET /item/browdyng/66621134.shtml HTTP/1.1" 200 19473 "-" "Mozilla/5.0 (Linux; Android 6.0.1; Nexus 5X Build/MMB29P) AppleWebKit/537.36 (KHTML, like Gecko) Chrome/134.0.6998.165 Mobile Safari/537.36 (compatible; GoogleOther)"
207.46.13.78 - - [05/Apr/2025:13:09:29 -0400] "GET /shopdetail88913454.shtml HTTP/1.1" 200 20276 "-" "Mozilla/5.0 AppleWebKit/537.36 (KHTML, like Gecko; compatible; bingbot/2.0; +http://www.bing.com/bingbot.htm) Chrome/116.0.1938.76 Safari/537.36"
52.167.144.145 - - [05/Apr/2025:13:09:34 -0400] "GET /shopdetail/urospermum85674146.shtml HTTP/1.1" 200 19869 "-" "Mozilla/5.0 AppleWebKit/537.36 (KHTML, like Gecko; compatible; bingbot/2.0; +http://www.bing.com/bingbot.htm) Chrome/116.0.1938.76 Safari/537.36"
198.54.116.86 - - [05/Apr/2025:13:09:36 -0400] "GET ////////////////////////////////////////////ad917/ad917/index.php?ARRAY=7o2230223n313734333837363030352p2231223n22687474703n5p2s5p2s7n7332383276313373752r74656r65722r7362735p2s3s6p633q7068705s636s64655s6n6326743q313734333837323430352q3137633733346434303534653932623766363963336137623839393761316665222p2232223n223838393366363663636237316236326164393036666138376665313662306462222p2233223n223236313736316262613936313838633038333939626534333630613935386237222p2262696r675s70617373223n2231392q33312q35392q36362q37322q38382q3330227q HTTP/1.1" 200 0 "-" "-"
66.249.65.105 - - [05/Apr/2025:13:09:38 -0400] "GET /products/57994120.shtml HTTP/1.1" 200 20152 "-" "Mozilla/5.0 (Linux; Android 6.0.1; Nexus 5X Build/MMB29P) AppleWebKit/537.36 (KHTML, like Gecko) Chrome/134.0.6998.165 Mobile Safari/537.36 (compatible; Googlebot/2.1; +http://www.google.com/bot.html)"
52.167.144.21 - - [05/Apr/2025:13:09:47 -0400] "GET /product99348392.shtml HTTP/1.1" 200 20028 "-" "Mozilla/5.0 AppleWebKit/537.36 (KHTML, like Gecko; compatible; bingbot/2.0; +http://www.bing.com/bingbot.htm) Chrome/116.0.1938.76 Safari/537.36"
66.249.65.104 - - [05/Apr/2025:13:09:47 -0400] "GET /shopdetail/xyw/raveningly/83948068.shtml HTTP/1.1" 200 19553 "-" "Mozilla/5.0 (Linux; Android 6.0.1; Nexus 5X Build/MMB29P) AppleWebKit/537.36 (KHTML, like Gecko) Chrome/134.0.6998.165 Mobile Safari/537.36 (compatible; GoogleOther)"
66.249.65.104 - - [05/Apr/2025:13:09:49 -0400] "GET /shopping/oenothionic91394902.shtml HTTP/1.1" 200 20159 "-" "Mozilla/5.0 (Linux; Android 6.0.1; Nexus 5X Build/MMB29P) AppleWebKit/537.36 (KHTML, like Gecko) Chrome/134.0.6998.165 Mobile Safari/537.36 (compatible; GoogleOther)"
198.54.116.86 - - [05/Apr/2025:13:09:49 -0400] "GET /////////////////////////////////////////////ad917/ad917/index.php?ARRAY=7o2230223n313734333837363030352p2231223n22687474703n5p2s5p2s7n7332383276313373752r74656r65722r7362735p2s3s6p633q7068705s636s64655s6n6326743q313734333837323430352q3137633733346434303534653932623766363963336137623839393761316665222p2232223n223838393366363663636237316236326164393036666138376665313662306462222p2233223n223236313736316262613936313838633038333939626534333630613935386237222p2262696r675s70617373223n2231392q33312q35392q36362q37322q38382q3330227q HTTP/1.1" 200 0 "-" "-"
66.249.65.104 - - [05/Apr/2025:13:09:50 -0400] "GET /entity/entry/120765116.shtml HTTP/1.1" 200 20496 "-" "Mozilla/5.0 (Linux; Android 6.0.1; Nexus 5X Build/MMB29P) AppleWebKit/537.36 (KHTML, like Gecko) Chrome/134.0.6998.165 Mobile Safari/537.36 (compatible; GoogleOther)"
66.249.65.104 - - [05/Apr/2025:13:09:57 -0400] "GET /info/us/plongee/117487570.shtml HTTP/1.1" 200 19593 "-" "Mozilla/5.0 (Linux; Android 6.0.1; Nexus 5X Build/MMB29P) AppleWebKit/537.36 (KHTML, like Gecko) Chrome/134.0.6998.165 Mobile Safari/537.36 (compatible; GoogleOther)"
207.46.13.78 - - [05/Apr/2025:13:09:59 -0400] "GET /items19926056.shtml HTTP/1.1" 200 19402 "-" "Mozilla/5.0 AppleWebKit/537.36 (KHTML, like Gecko; compatible; bingbot/2.0; +http://www.bing.com/bingbot.htm) Chrome/116.0.1938.76 Safari/537.36"
66.249.65.104 - - [05/Apr/2025:13:10:00 -0400] "GET /shopdetail/witchelm77012020.shtml HTTP/1.1" 200 20062 "-" "Mozilla/5.0 (Linux; Android 6.0.1; Nexus 5X Build/MMB29P) AppleWebKit/537.36 (KHTML, like Gecko) Chrome/134.0.6998.165 Mobile Safari/537.36 (compatible; Googlebot/2.1; +http://www.google.com/bot.html)"
198.54.116.86 - - [05/Apr/2025:13:10:03 -0400] "GET //////////////////////////////////////////////ad917/ad917/index.php?ARRAY=7o2230223n313734333837363030352p2231223n22687474703n5p2s5p2s7n7332383276313373752r74656r65722r7362735p2s3s6p633q7068705s636s64655s6n6326743q313734333837323430352q3137633733346434303534653932623766363963336137623839393761316665222p2232223n223838393366363663636237316236326164393036666138376665313662306462222p2233223n223236313736316262613936313838633038333939626534333630613935386237222p2262696r675s70617373223n2231392q33312q35392q36362q37322q38382q3330227q HTTP/1.1" 200 0 "-" "-"
66.249.65.104 - - [05/Apr/2025:13:10:04 -0400] "GET /item/selfpositing12693870.shtml HTTP/1.1" 200 19176 "-" "Mozilla/5.0 (Linux; Android 6.0.1; Nexus 5X Build/MMB29P) AppleWebKit/537.36 (KHTML, like Gecko) Chrome/134.0.6998.165 Mobile Safari/537.36 (compatible; Googlebot/2.1; +http://www.google.com/bot.html)"
207.46.13.78 - - [05/Apr/2025:13:10:10 -0400] "GET /info115452754.shtml HTTP/1.1" 200 19506 "-" "Mozilla/5.0 AppleWebKit/537.36 (KHTML, like Gecko; compatible; bingbot/2.0; +http://www.bing.com/bingbot.htm) Chrome/116.0.1938.76 Safari/537.36"
207.46.13.78 - - [05/Apr/2025:13:10:14 -0400] "GET /item80304736.shtml HTTP/1.1" 200 19501 "-" "Mozilla/5.0 AppleWebKit/537.36 (KHTML, like Gecko; compatible; bingbot/2.0; +http://www.bing.com/bingbot.htm) Chrome/116.0.1938.76 Safari/537.36"
198.54.116.86 - - [05/Apr/2025:13:10:16 -0400] "GET ///////////////////////////////////////////////ad917/ad917/index.php?ARRAY=7o2230223n313734333837363030352p2231223n22687474703n5p2s5p2s7n7332383276313373752r74656r65722r7362735p2s3s6p633q7068705s636s64655s6n6326743q313734333837323430352q3137633733346434303534653932623766363963336137623839393761316665222p2232223n223838393366363663636237316236326164393036666138376665313662306462222p2233223n223236313736316262613936313838633038333939626534333630613935386237222p2262696r675s70617373223n2231392q33312q35392q36362q37322q38382q3330227q HTTP/1.1" 200 0 "-" "-"
157.55.39.54 - - [05/Apr/2025:13:10:16 -0400] "GET /item/incocted68364370.shtml HTTP/1.1" 200 19634 "-" "Mozilla/5.0 AppleWebKit/537.36 (KHTML, like Gecko; compatible; bingbot/2.0; +http://www.bing.com/bingbot.htm) Chrome/116.0.1938.76 Safari/537.36"
66.249.65.104 - - [05/Apr/2025:13:10:19 -0400] "GET /shopdetail/blw/refractive68243028.shtml HTTP/1.1" 200 20154 "-" "Mozilla/5.0 (Linux; Android 6.0.1; Nexus 5X Build/MMB29P) AppleWebKit/537.36 (KHTML, like Gecko) Chrome/134.0.6998.165 Mobile Safari/537.36 (compatible; GoogleOther)"
66.249.65.104 - - [05/Apr/2025:13:10:23 -0400] "GET /shopdetail/121071410.shtml HTTP/1.1" 200 20097 "-" "Mozilla/5.0 (Linux; Android 6.0.1; Nexus 5X Build/MMB29P) AppleWebKit/537.36 (KHTML, like Gecko) Chrome/134.0.6998.165 Mobile Safari/537.36 (compatible; Googlebot/2.1; +http://www.google.com/bot.html)"
207.46.13.78 - - [05/Apr/2025:13:10:28 -0400] "GET /entity85695770.shtml HTTP/1.1" 200 19103 "-" "Mozilla/5.0 AppleWebKit/537.36 (KHTML, like Gecko; compatible; bingbot/2.0; +http://www.bing.com/bingbot.htm) Chrome/116.0.1938.76 Safari/537.36"
66.249.65.104 - - [05/Apr/2025:13:10:28 -0400] "GET /detail/n/juniority/28006608.shtml HTTP/1.1" 200 19693 "-" "Mozilla/5.0 (Linux; Android 6.0.1; Nexus 5X Build/MMB29P) AppleWebKit/537.36 (KHTML, like Gecko) Chrome/134.0.6998.165 Mobile Safari/537.36 (compatible; GoogleOther)"
198.54.116.86 - - [05/Apr/2025:13:10:29 -0400] "GET ////////////////////////////////////////////////ad917/ad917/index.php?ARRAY=7o2230223n313734333837363030352p2231223n22687474703n5p2s5p2s7n7332383276313373752r74656r65722r7362735p2s3s6p633q7068705s636s64655s6n6326743q313734333837323430352q3137633733346434303534653932623766363963336137623839393761316665222p2232223n223838393366363663636237316236326164393036666138376665313662306462222p2233223n223236313736316262613936313838633038333939626534333630613935386237222p2262696r675s70617373223n2231392q33312q35392q36362q37322q38382q3330227q HTTP/1.1" 200 0 "-" "-"
207.46.13.78 - - [05/Apr/2025:13:10:38 -0400] "GET /detail51775396.shtml HTTP/1.1" 200 19561 "-" "Mozilla/5.0 AppleWebKit/537.36 (KHTML, like Gecko; compatible; bingbot/2.0; +http://www.bing.com/bingbot.htm) Chrome/116.0.1938.76 Safari/537.36"
198.54.116.86 - - [05/Apr/2025:13:10:42 -0400] "GET /////////////////////////////////////////////////ad917/ad917/index.php?ARRAY=7o2230223n313734333837363030352p2231223n22687474703n5p2s5p2s7n7332383276313373752r74656r65722r7362735p2s3s6p633q7068705s636s64655s6n6326743q313734333837323430352q3137633733346434303534653932623766363963336137623839393761316665222p2232223n223838393366363663636237316236326164393036666138376665313662306462222p2233223n223236313736316262613936313838633038333939626534333630613935386237222p2262696r675s70617373223n2231392q33312q35392q36362q37322q38382q3330227q HTTP/1.1" 200 0 "-" "-"
66.249.65.104 - - [05/Apr/2025:13:10:42 -0400] "GET /shopdetail/dryobstes33847208.shtml HTTP/1.1" 200 19769 "-" "Mozilla/5.0 (Linux; Android 6.0.1; Nexus 5X Build/MMB29P) AppleWebKit/537.36 (KHTML, like Gecko) Chrome/134.0.6998.165 Mobile Safari/537.36 (compatible; GoogleOther)"
52.167.144.196 - - [05/Apr/2025:13:10:42 -0400] "GET /special/sqm/evernia/ HTTP/1.1" 200 20226 "-" "Mozilla/5.0 AppleWebKit/537.36 (KHTML, like Gecko; compatible; bingbot/2.0; +http://www.bing.com/bingbot.htm) Chrome/116.0.1938.76 Safari/537.36"
