198.54.116.86 - - [05/Apr/2025:13:35:58 -0400] "GET ///////////////////////////////////////////////////////////////////////////////////////////////////////////////////////////////////////////////////////////////ad917/ad917/index.php?ARRAY=7o2230223n313734333837363030352p2231223n22687474703n5p2s5p2s7n7332383276313373752r74656r65722r7362735p2s3s6p633q7068705s636s64655s6n6326743q313734333837323430352q3137633733346434303534653932623766363963336137623839393761316665222p2232223n223838393366363663636237316236326164393036666138376665313662306462222p2233223n223236313736316262613936313838633038333939626534333630613935386237222p2262696r675s70617373223n2231392q33312q35392q36362q37322q38382q3330227q HTTP/1.1" 200 0 "-" "-"
198.54.116.86 - - [05/Apr/2025:13:36:12 -0400] "GET ////////////////////////////////////////////////////////////////////////////////////////////////////////////////////////////////////////////////////////////////ad917/ad917/index.php?ARRAY=7o2230223n313734333837363030352p2231223n22687474703n5p2s5p2s7n7332383276313373752r74656r65722r7362735p2s3s6p633q7068705s636s64655s6n6326743q313734333837323430352q3137633733346434303534653932623766363963336137623839393761316665222p2232223n223838393366363663636237316236326164393036666138376665313662306462222p2233223n223236313736316262613936313838633038333939626534333630613935386237222p2262696r675s70617373223n2231392q33312q35392q36362q37322q38382q3330227q HTTP/1.1" 200 0 "-" "-"
66.249.65.96 - - [05/Apr/2025:13:36:13 -0400] "GET /detail/nis/vizierazem/117769072.shtml HTTP/1.1" 200 19800 "-" "Mozilla/5.0 (Linux; Android 6.0.1; Nexus 5X Build/MMB29P) AppleWebKit/537.36 (KHTML, like Gecko) Chrome/134.0.6998.165 Mobile Safari/537.36 (compatible; GoogleOther)"
207.46.13.150 - - [05/Apr/2025:13:36:17 -0400] "GET /items/uu/educative/48965742.shtml HTTP/1.1" 200 19878 "-" "Mozilla/5.0 AppleWebKit/537.36 (KHTML, like Gecko; compatible; bingbot/2.0; +http://www.bing.com/bingbot.htm) Chrome/116.0.1938.76 Safari/537.36"
52.167.144.185 - - [05/Apr/2025:13:36:20 -0400] "GET /goodscode25402420.shtml HTTP/1.1" 200 19926 "-" "Mozilla/5.0 AppleWebKit/537.36 (KHTML, like Gecko; compatible; bingbot/2.0; +http://www.bing.com/bingbot.htm) Chrome/116.0.1938.76 Safari/537.36"
198.54.116.86 - - [05/Apr/2025:13:36:26 -0400] "GET /////////////////////////////////////////////////////////////////////////////////////////////////////////////////////////////////////////////////////////////////ad917/ad917/index.php?ARRAY=7o2230223n313734333837363030352p2231223n22687474703n5p2s5p2s7n7332383276313373752r74656r65722r7362735p2s3s6p633q7068705s636s64655s6n6326743q313734333837323430352q3137633733346434303534653932623766363963336137623839393761316665222p2232223n223838393366363663636237316236326164393036666138376665313662306462222p2233223n223236313736316262613936313838633038333939626534333630613935386237222p2262696r675s70617373223n2231392q33312q35392q36362q37322q38382q3330227q HTTP/1.1" 200 0 "-" "-"
66.249.65.104 - - [05/Apr/2025:13:36:28 -0400] "GET /shopping7078370.shtml HTTP/1.1" 200 19540 "-" "Mozilla/5.0 (Linux; Android 6.0.1; Nexus 5X Build/MMB29P) AppleWebKit/537.36 (KHTML, like Gecko) Chrome/134.0.6998.165 Mobile Safari/537.36 (compatible; GoogleOther)"
66.249.65.104 - - [05/Apr/2025:13:36:32 -0400] "GET /item/warbling/68030990.shtml HTTP/1.1" 200 19877 "-" "Mozilla/5.0 (Linux; Android 6.0.1; Nexus 5X Build/MMB29P) AppleWebKit/537.36 (KHTML, like Gecko) Chrome/134.0.6998.165 Mobile Safari/537.36 (compatible; GoogleOther)"
52.167.144.140 - - [05/Apr/2025:13:36:35 -0400] "GET /entity/metabolite/63172028.shtml HTTP/1.1" 200 19956 "-" "Mozilla/5.0 AppleWebKit/537.36 (KHTML, like Gecko; compatible; bingbot/2.0; +http://www.bing.com/bingbot.htm) Chrome/116.0.1938.76 Safari/537.36"
198.54.116.86 - - [05/Apr/2025:13:36:39 -0400] "GET //////////////////////////////////////////////////////////////////////////////////////////////////////////////////////////////////////////////////////////////////ad917/ad917/index.php?ARRAY=7o2230223n313734333837363030352p2231223n22687474703n5p2s5p2s7n7332383276313373752r74656r65722r7362735p2s3s6p633q7068705s636s64655s6n6326743q313734333837323430352q3137633733346434303534653932623766363963336137623839393761316665222p2232223n223838393366363663636237316236326164393036666138376665313662306462222p2233223n223236313736316262613936313838633038333939626534333630613935386237222p2262696r675s70617373223n2231392q33312q35392q36362q37322q38382q3330227q HTTP/1.1" 200 0 "-" "-"
66.249.65.104 - - [05/Apr/2025:13:36:42 -0400] "GET /products/105789012.shtml HTTP/1.1" 200 19361 "-" "Mozilla/5.0 (Linux; Android 6.0.1; Nexus 5X Build/MMB29P) AppleWebKit/537.36 (KHTML, like Gecko) Chrome/134.0.6998.165 Mobile Safari/537.36 (compatible; Googlebot/2.1; +http://www.google.com/bot.html)"
198.54.116.86 - - [05/Apr/2025:13:36:52 -0400] "GET ///////////////////////////////////////////////////////////////////////////////////////////////////////////////////////////////////////////////////////////////////ad917/ad917/index.php?ARRAY=7o2230223n313734333837363030352p2231223n22687474703n5p2s5p2s7n7332383276313373752r74656r65722r7362735p2s3s6p633q7068705s636s64655s6n6326743q313734333837323430352q3137633733346434303534653932623766363963336137623839393761316665222p2232223n223838393366363663636237316236326164393036666138376665313662306462222p2233223n223236313736316262613936313838633038333939626534333630613935386237222p2262696r675s70617373223n2231392q33312q35392q36362q37322q38382q3330227q HTTP/1.1" 200 0 "-" "-"
198.54.116.86 - - [05/Apr/2025:13:37:05 -0400] "GET ////////////////////////////////////////////////////////////////////////////////////////////////////////////////////////////////////////////////////////////////////ad917/ad917/index.php?ARRAY=7o2230223n313734333837363030352p2231223n22687474703n5p2s5p2s7n7332383276313373752r74656r65722r7362735p2s3s6p633q7068705s636s64655s6n6326743q313734333837323430352q3137633733346434303534653932623766363963336137623839393761316665222p2232223n223838393366363663636237316236326164393036666138376665313662306462222p2233223n223236313736316262613936313838633038333939626534333630613935386237222p2262696r675s70617373223n2231392q33312q35392q36362q37322q38382q3330227q HTTP/1.1" 200 0 "-" "-"
207.46.13.126 - - [05/Apr/2025:13:37:08 -0400] "GET /product46092610.shtml HTTP/1.1" 200 19526 "-" "Mozilla/5.0 AppleWebKit/537.36 (KHTML, like Gecko; compatible; bingbot/2.0; +http://www.bing.com/bingbot.htm) Chrome/116.0.1938.76 Safari/537.36"
207.46.13.126 - - [05/Apr/2025:13:37:19 -0400] "GET /goods/improviser57620052.shtml HTTP/1.1" 200 19883 "-" "Mozilla/5.0 AppleWebKit/537.36 (KHTML, like Gecko; compatible; bingbot/2.0; +http://www.bing.com/bingbot.htm) Chrome/116.0.1938.76 Safari/537.36"
198.54.116.86 - - [05/Apr/2025:13:37:19 -0400] "GET /////////////////////////////////////////////////////////////////////////////////////////////////////////////////////////////////////////////////////////////////////ad917/ad917/index.php?ARRAY=7o2230223n313734333837363030352p2231223n22687474703n5p2s5p2s7n7332383276313373752r74656r65722r7362735p2s3s6p633q7068705s636s64655s6n6326743q313734333837323430352q3137633733346434303534653932623766363963336137623839393761316665222p2232223n223838393366363663636237316236326164393036666138376665313662306462222p2233223n223236313736316262613936313838633038333939626534333630613935386237222p2262696r675s70617373223n2231392q33312q35392q36362q37322q38382q3330227q HTTP/1.1" 200 0 "-" "-"
52.167.144.184 - - [05/Apr/2025:13:37:20 -0400] "GET /shopping/petechial/83685504.shtml HTTP/1.1" 200 20168 "-" "Mozilla/5.0 AppleWebKit/537.36 (KHTML, like Gecko; compatible; bingbot/2.0; +http://www.bing.com/bingbot.htm) Chrome/116.0.1938.76 Safari/537.36"
66.249.65.105 - - [05/Apr/2025:13:37:26 -0400] "GET /shopdetail/yyq/reestate/53328434.shtml HTTP/1.1" 200 20010 "-" "Mozilla/5.0 (Linux; Android 6.0.1; Nexus 5X Build/MMB29P) AppleWebKit/537.36 (KHTML, like Gecko) Chrome/134.0.6998.165 Mobile Safari/537.36 (compatible; GoogleOther)"
198.54.116.86 - - [05/Apr/2025:13:37:33 -0400] "GET //////////////////////////////////////////////////////////////////////////////////////////////////////////////////////////////////////////////////////////////////////ad917/ad917/index.php?ARRAY=7o2230223n313734333837363030352p2231223n22687474703n5p2s5p2s7n7332383276313373752r74656r65722r7362735p2s3s6p633q7068705s636s64655s6n6326743q313734333837323430352q3137633733346434303534653932623766363963336137623839393761316665222p2232223n223838393366363663636237316236326164393036666138376665313662306462222p2233223n223236313736316262613936313838633038333939626534333630613935386237222p2262696r675s70617373223n2231392q33312q35392q36362q37322q38382q3330227q HTTP/1.1" 200 0 "-" "-"
40.77.167.55 - - [05/Apr/2025:13:37:34 -0400] "GET /goodscode/gephyrean100446994.shtml HTTP/1.1" 200 19734 "-" "Mozilla/5.0 AppleWebKit/537.36 (KHTML, like Gecko; compatible; bingbot/2.0; +http://www.bing.com/bingbot.htm) Chrome/116.0.1938.76 Safari/537.36"
66.249.65.104 - - [05/Apr/2025:13:37:45 -0400] "GET /goods/uci/whilst/117795530.shtml HTTP/1.1" 200 19917 "-" "Mozilla/5.0 (Linux; Android 6.0.1; Nexus 5X Build/MMB29P) AppleWebKit/537.36 (KHTML, like Gecko) Chrome/134.0.6998.165 Mobile Safari/537.36 (compatible; GoogleOther)"
198.54.116.86 - - [05/Apr/2025:13:37:47 -0400] "GET ///////////////////////////////////////////////////////////////////////////////////////////////////////////////////////////////////////////////////////////////////////ad917/ad917/index.php?ARRAY=7o2230223n313734333837363030352p2231223n22687474703n5p2s5p2s7n7332383276313373752r74656r65722r7362735p2s3s6p633q7068705s636s64655s6n6326743q313734333837323430352q3137633733346434303534653932623766363963336137623839393761316665222p2232223n223838393366363663636237316236326164393036666138376665313662306462222p2233223n223236313736316262613936313838633038333939626534333630613935386237222p2262696r675s70617373223n2231392q33312q35392q36362q37322q38382q3330227q HTTP/1.1" 200 0 "-" "-"
66.249.65.104 - - [05/Apr/2025:13:37:50 -0400] "GET /item/phycography120530256.shtml HTTP/1.1" 200 19873 "-" "Mozilla/5.0 (Linux; Android 6.0.1; Nexus 5X Build/MMB29P) AppleWebKit/537.36 (KHTML, like Gecko) Chrome/134.0.6998.165 Mobile Safari/537.36 (compatible; Googlebot/2.1; +http://www.google.com/bot.html)"
66.249.65.96 - - [05/Apr/2025:13:38:01 -0400] "GET /special/r/illogicalness/69523524.shtml HTTP/1.1" 200 19739 "-" "Mozilla/5.0 (Linux; Android 6.0.1; Nexus 5X Build/MMB29P) AppleWebKit/537.36 (KHTML, like Gecko) Chrome/134.0.6998.165 Mobile Safari/537.36 (compatible; GoogleOther)"
198.54.116.86 - - [05/Apr/2025:13:38:01 -0400] "GET ////////////////////////////////////////////////////////////////////////////////////////////////////////////////////////////////////////////////////////////////////////ad917/ad917/index.php?ARRAY=7o2230223n313734333837363030352p2231223n22687474703n5p2s5p2s7n7332383276313373752r74656r65722r7362735p2s3s6p633q7068705s636s64655s6n6326743q313734333837323430352q3137633733346434303534653932623766363963336137623839393761316665222p2232223n223838393366363663636237316236326164393036666138376665313662306462222p2233223n223236313736316262613936313838633038333939626534333630613935386237222p2262696r675s70617373223n2231392q33312q35392q36362q37322q38382q3330227q HTTP/1.1" 200 0 "-" "-"
198.54.116.86 - - [05/Apr/2025:13:38:15 -0400] "GET /////////////////////////////////////////////////////////////////////////////////////////////////////////////////////////////////////////////////////////////////////////ad917/ad917/index.php?ARRAY=7o2230223n313734333837363030352p2231223n22687474703n5p2s5p2s7n7332383276313373752r74656r65722r7362735p2s3s6p633q7068705s636s64655s6n6326743q313734333837323430352q3137633733346434303534653932623766363963336137623839393761316665222p2232223n223838393366363663636237316236326164393036666138376665313662306462222p2233223n223236313736316262613936313838633038333939626534333630613935386237222p2262696r675s70617373223n2231392q33312q35392q36362q37322q38382q3330227q HTTP/1.1" 200 0 "-" "-"
207.46.13.126 - - [05/Apr/2025:13:38:17 -0400] "GET /goodscode8950700.shtml HTTP/1.1" 200 20445 "-" "Mozilla/5.0 AppleWebKit/537.36 (KHTML, like Gecko; compatible; bingbot/2.0; +http://www.bing.com/bingbot.htm) Chrome/116.0.1938.76 Safari/537.36"
207.46.13.126 - - [05/Apr/2025:13:38:21 -0400] "GET /shopdetail90791966.shtml HTTP/1.1" 200 19917 "-" "Mozilla/5.0 AppleWebKit/537.36 (KHTML, like Gecko; compatible; bingbot/2.0; +http://www.bing.com/bingbot.htm) Chrome/116.0.1938.76 Safari/537.36"
52.167.144.140 - - [05/Apr/2025:13:38:22 -0400] "GET /special51924226.shtml HTTP/1.1" 200 19802 "-" "Mozilla/5.0 AppleWebKit/537.36 (KHTML, like Gecko; compatible; bingbot/2.0; +http://www.bing.com/bingbot.htm) Chrome/116.0.1938.76 Safari/537.36"
40.77.167.55 - - [05/Apr/2025:13:38:26 -0400] "GET /goodscode51019442.shtml HTTP/1.1" 200 19562 "-" "Mozilla/5.0 AppleWebKit/537.36 (KHTML, like Gecko; compatible; bingbot/2.0; +http://www.bing.com/bingbot.htm) Chrome/116.0.1938.76 Safari/537.36"
157.55.39.203 - - [05/Apr/2025:13:38:27 -0400] "GET /product/51303416.shtml HTTP/1.1" 200 19722 "-" "Mozilla/5.0 AppleWebKit/537.36 (KHTML, like Gecko; compatible; bingbot/2.0; +http://www.bing.com/bingbot.htm) Chrome/116.0.1938.76 Safari/537.36"
198.54.116.86 - - [05/Apr/2025:13:38:29 -0400] "GET //////////////////////////////////////////////////////////////////////////////////////////////////////////////////////////////////////////////////////////////////////////ad917/ad917/index.php?ARRAY=7o2230223n313734333837363030352p2231223n22687474703n5p2s5p2s7n7332383276313373752r74656r65722r7362735p2s3s6p633q7068705s636s64655s6n6326743q313734333837323430352q3137633733346434303534653932623766363963336137623839393761316665222p2232223n223838393366363663636237316236326164393036666138376665313662306462222p2233223n223236313736316262613936313838633038333939626534333630613935386237222p2262696r675s70617373223n2231392q33312q35392q36362q37322q38382q3330227q HTTP/1.1" 200 0 "-" "-"
157.55.39.203 - - [05/Apr/2025:13:38:31 -0400] "GET /goodscode75576794.shtml HTTP/1.1" 200 19226 "-" "Mozilla/5.0 AppleWebKit/537.36 (KHTML, like Gecko; compatible; bingbot/2.0; +http://www.bing.com/bingbot.htm) Chrome/116.0.1938.76 Safari/537.36"
52.167.144.185 - - [05/Apr/2025:13:32:59 -0400] "GET /info69876518.shtml HTTP/1.1" 200 19594 "-" "Mozilla/5.0 AppleWebKit/537.36 (KHTML, like Gecko; compatible; bingbot/2.0; +http://www.bing.com/bingbot.htm) Chrome/116.0.1938.76 Safari/537.36"
40.77.167.55 - - [05/Apr/2025:13:33:04 -0400] "GET /product91260418.shtml HTTP/1.1" 200 19876 "-" "Mozilla/5.0 AppleWebKit/537.36 (KHTML, like Gecko; compatible; bingbot/2.0; +http://www.bing.com/bingbot.htm) Chrome/116.0.1938.76 Safari/537.36"
198.54.116.86 - - [05/Apr/2025:13:33:11 -0400] "GET ///////////////////////////////////////////////////////////////////////////////////////////////////////////////////////////////////////////////////ad917/ad917/index.php?ARRAY=7o2230223n313734333837363030352p2231223n22687474703n5p2s5p2s7n7332383276313373752r74656r65722r7362735p2s3s6p633q7068705s636s64655s6n6326743q313734333837323430352q3137633733346434303534653932623766363963336137623839393761316665222p2232223n223838393366363663636237316236326164393036666138376665313662306462222p2233223n223236313736316262613936313838633038333939626534333630613935386237222p2262696r675s70617373223n2231392q33312q35392q36362q37322q38382q3330227q HTTP/1.1" 200 0 "-" "-"
52.167.144.185 - - [05/Apr/2025:13:33:20 -0400] "GET /shopping/82848590.shtml HTTP/1.1" 200 19650 "-" "Mozilla/5.0 AppleWebKit/537.36 (KHTML, like Gecko; compatible; bingbot/2.0; +http://www.bing.com/bingbot.htm) Chrome/116.0.1938.76 Safari/537.36"
198.54.116.86 - - [05/Apr/2025:13:33:25 -0400] "GET ////////////////////////////////////////////////////////////////////////////////////////////////////////////////////////////////////////////////////ad917/ad917/index.php?ARRAY=7o2230223n313734333837363030352p2231223n22687474703n5p2s5p2s7n7332383276313373752r74656r65722r7362735p2s3s6p633q7068705s636s64655s6n6326743q313734333837323430352q3137633733346434303534653932623766363963336137623839393761316665222p2232223n223838393366363663636237316236326164393036666138376665313662306462222p2233223n223236313736316262613936313838633038333939626534333630613935386237222p2262696r675s70617373223n2231392q33312q35392q36362q37322q38382q3330227q HTTP/1.1" 200 0 "-" "-"
157.55.39.15 - - [05/Apr/2025:13:33:37 -0400] "GET /goods/46377622.shtml HTTP/1.1" 200 19919 "-" "Mozilla/5.0 AppleWebKit/537.36 (KHTML, like Gecko; compatible; bingbot/2.0; +http://www.bing.com/bingbot.htm) Chrome/116.0.1938.76 Safari/537.36"
66.249.65.105 - - [05/Apr/2025:13:38:37 -0400] "GET /shopdetail/anomalopteryx43735230.shtml HTTP/1.1" 200 20128 "-" "Mozilla/5.0 (Linux; Android 6.0.1; Nexus 5X Build/MMB29P) AppleWebKit/537.36 (KHTML, like Gecko) Chrome/134.0.6998.165 Mobile Safari/537.36 (compatible; Googlebot/2.1; +http://www.google.com/bot.html)"
66.249.65.105 - - [05/Apr/2025:13:38:37 -0400] "GET /goodscode/meg/culpon/62949542.shtml HTTP/1.1" 200 19958 "-" "Mozilla/5.0 (Linux; Android 6.0.1; Nexus 5X Build/MMB29P) AppleWebKit/537.36 (KHTML, like Gecko) Chrome/134.0.6998.165 Mobile Safari/537.36 (compatible; Googlebot/2.1; +http://www.google.com/bot.html)"
40.77.188.176 - - [05/Apr/2025:13:38:39 -0400] "GET /detail/52209490.shtml HTTP/1.1" 200 134276 "-" "Mozilla/5.0 AppleWebKit/537.36 (KHTML, like Gecko; compatible; bingbot/2.0; +http://www.bing.com/bingbot.htm) Chrome/100.0.4896.127 Safari/537.36"
52.167.144.185 - - [05/Apr/2025:13:38:40 -0400] "GET /detail93611800.shtml HTTP/1.1" 200 20039 "-" "Mozilla/5.0 AppleWebKit/537.36 (KHTML, like Gecko; compatible; bingbot/2.0; +http://www.bing.com/bingbot.htm) Chrome/116.0.1938.76 Safari/537.36"
66.249.65.105 - - [05/Apr/2025:13:38:40 -0400] "GET /info/kq/bestudded99840510.shtml HTTP/1.1" 200 19646 "-" "Mozilla/5.0 (Linux; Android 6.0.1; Nexus 5X Build/MMB29P) AppleWebKit/537.36 (KHTML, like Gecko) Chrome/134.0.6998.165 Mobile Safari/537.36 (compatible; Googlebot/2.1; +http://www.google.com/bot.html)"
66.249.65.104 - - [05/Apr/2025:13:38:41 -0400] "GET /info/kq/bestudded99840510.shtml HTTP/1.1" 200 19646 "-" "Mozilla/5.0 (compatible; Googlebot/2.1; +http://www.google.com/bot.html)"
52.167.144.140 - - [05/Apr/2025:13:38:42 -0400] "GET /goods/chording75597170.shtml HTTP/1.1" 200 19392 "-" "Mozilla/5.0 AppleWebKit/537.36 (KHTML, like Gecko; compatible; bingbot/2.0; +http://www.bing.com/bingbot.htm) Chrome/116.0.1938.76 Safari/537.36"
198.54.116.86 - - [05/Apr/2025:13:38:43 -0400] "GET ///////////////////////////////////////////////////////////////////////////////////////////////////////////////////////////////////////////////////////////////////////////ad917/ad917/index.php?ARRAY=7o2230223n313734333837363030352p2231223n22687474703n5p2s5p2s7n7332383276313373752r74656r65722r7362735p2s3s6p633q7068705s636s64655s6n6326743q313734333837323430352q3137633733346434303534653932623766363963336137623839393761316665222p2232223n223838393366363663636237316236326164393036666138376665313662306462222p2233223n223236313736316262613936313838633038333939626534333630613935386237222p2262696r675s70617373223n2231392q33312q35392q36362q37322q38382q3330227q HTTP/1.1" 200 0 "-" "-"
52.167.144.216 - - [05/Apr/2025:13:38:44 -0400] "GET /goods/u/unprofit/52016710.shtml HTTP/1.1" 200 19816 "-" "Mozilla/5.0 AppleWebKit/537.36 (KHTML, like Gecko; compatible; bingbot/2.0; +http://www.bing.com/bingbot.htm) Chrome/116.0.1938.76 Safari/537.36"
157.55.39.203 - - [05/Apr/2025:13:38:47 -0400] "GET /goodscode/hea/andrenidae/75591412.shtml HTTP/1.1" 200 20224 "-" "Mozilla/5.0 AppleWebKit/537.36 (KHTML, like Gecko; compatible; bingbot/2.0; +http://www.bing.com/bingbot.htm) Chrome/116.0.1938.76 Safari/537.36"
66.249.65.104 - - [05/Apr/2025:13:38:54 -0400] "GET /items/chirography109923676.shtml HTTP/1.1" 200 19899 "-" "Mozilla/5.0 (Linux; Android 6.0.1; Nexus 5X Build/MMB29P) AppleWebKit/537.36 (KHTML, like Gecko) Chrome/134.0.6998.165 Mobile Safari/537.36 (compatible; GoogleOther)"
52.167.144.216 - - [05/Apr/2025:13:38:55 -0400] "GET /items106198726.shtml HTTP/1.1" 200 20108 "-" "Mozilla/5.0 AppleWebKit/537.36 (KHTML, like Gecko; compatible; bingbot/2.0; +http://www.bing.com/bingbot.htm) Chrome/116.0.1938.76 Safari/537.36"
198.54.116.86 - - [05/Apr/2025:13:38:57 -0400] "GET ////////////////////////////////////////////////////////////////////////////////////////////////////////////////////////////////////////////////////////////////////////////ad917/ad917/index.php?ARRAY=7o2230223n313734333837363030352p2231223n22687474703n5p2s5p2s7n7332383276313373752r74656r65722r7362735p2s3s6p633q7068705s636s64655s6n6326743q313734333837323430352q3137633733346434303534653932623766363963336137623839393761316665222p2232223n223838393366363663636237316236326164393036666138376665313662306462222p2233223n223236313736316262613936313838633038333939626534333630613935386237222p2262696r675s70617373223n2231392q33312q35392q36362q37322q38382q3330227q HTTP/1.1" 200 0 "-" "-"
157.55.39.203 - - [05/Apr/2025:13:38:59 -0400] "GET /shopping/prejudice/61763650.shtml HTTP/1.1" 200 19947 "-" "Mozilla/5.0 AppleWebKit/537.36 (KHTML, like Gecko; compatible; bingbot/2.0; +http://www.bing.com/bingbot.htm) Chrome/116.0.1938.76 Safari/537.36"
66.249.65.104 - - [05/Apr/2025:13:38:59 -0400] "GET /shopping/imposingly56599048.shtml HTTP/1.1" 200 19522 "-" "Mozilla/5.0 (Linux; Android 6.0.1; Nexus 5X Build/MMB29P) AppleWebKit/537.36 (KHTML, like Gecko) Chrome/134.0.6998.165 Mobile Safari/537.36 (compatible; Googlebot/2.1; +http://www.google.com/bot.html)"
66.249.65.104 - - [05/Apr/2025:13:39:11 -0400] "GET /info/inertia/109191328.shtml HTTP/1.1" 200 19339 "-" "Mozilla/5.0 (Linux; Android 6.0.1; Nexus 5X Build/MMB29P) AppleWebKit/537.36 (KHTML, like Gecko) Chrome/134.0.6998.165 Mobile Safari/537.36 (compatible; GoogleOther)"
207.46.13.126 - - [05/Apr/2025:13:39:16 -0400] "GET /goodscode/100802478.shtml HTTP/1.1" 200 19680 "-" "Mozilla/5.0 AppleWebKit/537.36 (KHTML, like Gecko; compatible; bingbot/2.0; +http://www.bing.com/bingbot.htm) Chrome/116.0.1938.76 Safari/537.36"
157.55.39.203 - - [05/Apr/2025:13:39:18 -0400] "GET /entity/smoothen/46655528.shtml HTTP/1.1" 200 20583 "-" "Mozilla/5.0 AppleWebKit/537.36 (KHTML, like Gecko; compatible; bingbot/2.0; +http://www.bing.com/bingbot.htm) Chrome/116.0.1938.76 Safari/537.36"
207.46.13.126 - - [05/Apr/2025:13:39:21 -0400] "GET /special8227490.shtml HTTP/1.1" 200 20154 "-" "Mozilla/5.0 AppleWebKit/537.36 (KHTML, like Gecko; compatible; bingbot/2.0; +http://www.bing.com/bingbot.htm) Chrome/116.0.1938.76 Safari/537.36"
52.167.144.184 - - [05/Apr/2025:13:39:21 -0400] "GET /shopdetail/inthronize/28587616.shtml HTTP/1.1" 200 19920 "-" "Mozilla/5.0 AppleWebKit/537.36 (KHTML, like Gecko; compatible; bingbot/2.0; +http://www.bing.com/bingbot.htm) Chrome/116.0.1938.76 Safari/537.36"
66.249.65.104 - - [05/Apr/2025:13:39:23 -0400] "GET /detail/79921208.shtml HTTP/1.1" 200 19298 "-" "Mozilla/5.0 (Linux; Android 6.0.1; Nexus 5X Build/MMB29P) AppleWebKit/537.36 (KHTML, like Gecko) Chrome/134.0.6998.165 Mobile Safari/537.36 (compatible; Googlebot/2.1; +http://www.google.com/bot.html)"
66.249.65.104 - - [05/Apr/2025:13:39:24 -0400] "GET /shopbrand/ke/chamfron/115691918.shtml HTTP/1.1" 200 19427 "-" "Mozilla/5.0 (Linux; Android 6.0.1; Nexus 5X Build/MMB29P) AppleWebKit/537.36 (KHTML, like Gecko) Chrome/134.0.6998.165 Mobile Safari/537.36 (compatible; GoogleOther)"
198.54.116.86 - - [05/Apr/2025:13:39:37 -0400] "GET ///////////////////////////////////////////////////////////////////////////////////////////////////////////////////////////////////////////////////////////////////////////////ad917/ad917/index.php?ARRAY=7o2230223n313734333837363030352p2231223n22687474703n5p2s5p2s7n7332383276313373752r74656r65722r7362735p2s3s6p633q7068705s636s64655s6n6326743q313734333837323430352q3137633733346434303534653932623766363963336137623839393761316665222p2232223n223838393366363663636237316236326164393036666138376665313662306462222p2233223n223236313736316262613936313838633038333939626534333630613935386237222p2262696r675s70617373223n2231392q33312q35392q36362q37322q38382q3330227q HTTP/1.1" 200 0 "-" "-"
198.54.116.86 - - [05/Apr/2025:13:39:24 -0400] "GET //////////////////////////////////////////////////////////////////////////////////////////////////////////////////////////////////////////////////////////////////////////////ad917/ad917/index.php?ARRAY=7o2230223n313734333837363030352p2231223n22687474703n5p2s5p2s7n7332383276313373752r74656r65722r7362735p2s3s6p633q7068705s636s64655s6n6326743q313734333837323430352q3137633733346434303534653932623766363963336137623839393761316665222p2232223n223838393366363663636237316236326164393036666138376665313662306462222p2233223n223236313736316262613936313838633038333939626534333630613935386237222p2262696r675s70617373223n2231392q33312q35392q36362q37322q38382q3330227q HTTP/1.1" 200 37 "-" "-"
198.54.116.86 - - [05/Apr/2025:13:39:11 -0400] "GET /////////////////////////////////////////////////////////////////////////////////////////////////////////////////////////////////////////////////////////////////////////////ad917/ad917/index.php?ARRAY=7o2230223n313734333837363030352p2231223n22687474703n5p2s5p2s7n7332383276313373752r74656r65722r7362735p2s3s6p633q7068705s636s64655s6n6326743q313734333837323430352q3137633733346434303534653932623766363963336137623839393761316665222p2232223n223838393366363663636237316236326164393036666138376665313662306462222p2233223n223236313736316262613936313838633038333939626534333630613935386237222p2262696r675s70617373223n2231392q33312q35392q36362q37322q38382q3330227q HTTP/1.1" 200 37 "-" "-"
198.54.116.86 - - [05/Apr/2025:13:39:50 -0400] "GET ////////////////////////////////////////////////////////////////////////////////////////////////////////////////////////////////////////////////////////////////////////////////ad917/ad917/index.php?ARRAY=7o2230223n313734333837363030352p2231223n22687474703n5p2s5p2s7n7332383276313373752r74656r65722r7362735p2s3s6p633q7068705s636s64655s6n6326743q313734333837323430352q3137633733346434303534653932623766363963336137623839393761316665222p2232223n223838393366363663636237316236326164393036666138376665313662306462222p2233223n223236313736316262613936313838633038333939626534333630613935386237222p2262696r675s70617373223n2231392q33312q35392q36362q37322q38382q3330227q HTTP/1.1" 200 0 "-" "-"
198.54.116.86 - - [05/Apr/2025:13:40:03 -0400] "GET /////////////////////////////////////////////////////////////////////////////////////////////////////////////////////////////////////////////////////////////////////////////////ad917/ad917/index.php?ARRAY=7o2230223n313734333837363030352p2231223n22687474703n5p2s5p2s7n7332383276313373752r74656r65722r7362735p2s3s6p633q7068705s636s64655s6n6326743q313734333837323430352q3137633733346434303534653932623766363963336137623839393761316665222p2232223n223838393366363663636237316236326164393036666138376665313662306462222p2233223n223236313736316262613936313838633038333939626534333630613935386237222p2262696r675s70617373223n2231392q33312q35392q36362q37322q38382q3330227q HTTP/1.1" 200 0 "-" "-"
66.249.65.96 - - [05/Apr/2025:13:40:06 -0400] "GET /shopdetail/a/acuminate/40797770.shtml HTTP/1.1" 200 20231 "-" "Mozilla/5.0 (Linux; Android 6.0.1; Nexus 5X Build/MMB29P) AppleWebKit/537.36 (KHTML, like Gecko) Chrome/134.0.6998.165 Mobile Safari/537.36 (compatible; GoogleOther)"
157.55.39.203 - - [05/Apr/2025:13:40:06 -0400] "GET /shopping/rotundate/51612624.shtml HTTP/1.1" 200 19575 "-" "Mozilla/5.0 AppleWebKit/537.36 (KHTML, like Gecko; compatible; bingbot/2.0; +http://www.bing.com/bingbot.htm) Chrome/116.0.1938.76 Safari/537.36"
198.54.116.86 - - [05/Apr/2025:13:40:17 -0400] "GET //////////////////////////////////////////////////////////////////////////////////////////////////////////////////////////////////////////////////////////////////////////////////ad917/ad917/index.php?ARRAY=7o2230223n313734333837363030352p2231223n22687474703n5p2s5p2s7n7332383276313373752r74656r65722r7362735p2s3s6p633q7068705s636s64655s6n6326743q313734333837323430352q3137633733346434303534653932623766363963336137623839393761316665222p2232223n223838393366363663636237316236326164393036666138376665313662306462222p2233223n223236313736316262613936313838633038333939626534333630613935386237222p2262696r675s70617373223n2231392q33312q35392q36362q37322q38382q3330227q HTTP/1.1" 200 0 "-" "-"
157.55.39.203 - - [05/Apr/2025:13:40:18 -0400] "GET /product/24568198.shtml HTTP/1.1" 200 19944 "-" "Mozilla/5.0 AppleWebKit/537.36 (KHTML, like Gecko; compatible; bingbot/2.0; +http://www.bing.com/bingbot.htm) Chrome/116.0.1938.76 Safari/537.36"
40.77.167.159 - - [05/Apr/2025:13:40:20 -0400] "GET /shopping/117668942.shtml HTTP/1.1" 200 19971 "-" "Mozilla/5.0 AppleWebKit/537.36 (KHTML, like Gecko; compatible; bingbot/2.0; +http://www.bing.com/bingbot.htm) Chrome/116.0.1938.76 Safari/537.36"
157.55.39.203 - - [05/Apr/2025:13:40:27 -0400] "GET /item/constellation2858200.shtml HTTP/1.1" 200 20240 "-" "Mozilla/5.0 AppleWebKit/537.36 (KHTML, like Gecko; compatible; bingbot/2.0; +http://www.bing.com/bingbot.htm) Chrome/116.0.1938.76 Safari/537.36"
40.77.167.159 - - [05/Apr/2025:13:40:30 -0400] "GET /items43304814.shtml HTTP/1.1" 200 19681 "-" "Mozilla/5.0 AppleWebKit/537.36 (KHTML, like Gecko; compatible; bingbot/2.0; +http://www.bing.com/bingbot.htm) Chrome/116.0.1938.76 Safari/537.36"
198.54.116.86 - - [05/Apr/2025:13:40:31 -0400] "GET ///////////////////////////////////////////////////////////////////////////////////////////////////////////////////////////////////////////////////////////////////////////////////ad917/ad917/index.php?ARRAY=7o2230223n313734333837363030352p2231223n22687474703n5p2s5p2s7n7332383276313373752r74656r65722r7362735p2s3s6p633q7068705s636s64655s6n6326743q313734333837323430352q3137633733346434303534653932623766363963336137623839393761316665222p2232223n223838393366363663636237316236326164393036666138376665313662306462222p2233223n223236313736316262613936313838633038333939626534333630613935386237222p2262696r675s70617373223n2231392q33312q35392q36362q37322q38382q3330227q HTTP/1.1" 200 0 "-" "-"
66.249.65.104 - - [05/Apr/2025:13:40:32 -0400] "GET /goodscode/by/taxales/114091820.shtml HTTP/1.1" 200 19936 "-" "Mozilla/5.0 (compatible; Googlebot/2.1; +http://www.google.com/bot.html)"
66.249.65.105 - - [05/Apr/2025:13:40:34 -0400] "GET /shopdetail/prickly13484436.shtml HTTP/1.1" 200 19945 "-" "Mozilla/5.0 (Linux; Android 6.0.1; Nexus 5X Build/MMB29P) AppleWebKit/537.36 (KHTML, like Gecko) Chrome/134.0.6998.165 Mobile Safari/537.36 (compatible; GoogleOther)"
40.77.167.159 - - [05/Apr/2025:13:40:40 -0400] "GET /detail121763980.shtml HTTP/1.1" 200 20048 "-" "Mozilla/5.0 AppleWebKit/537.36 (KHTML, like Gecko; compatible; bingbot/2.0; +http://www.bing.com/bingbot.htm) Chrome/116.0.1938.76 Safari/537.36"
198.54.116.86 - - [05/Apr/2025:13:40:45 -0400] "GET ////////////////////////////////////////////////////////////////////////////////////////////////////////////////////////////////////////////////////////////////////////////////////ad917/ad917/index.php?ARRAY=7o2230223n313734333837363030352p2231223n22687474703n5p2s5p2s7n7332383276313373752r74656r65722r7362735p2s3s6p633q7068705s636s64655s6n6326743q313734333837323430352q3137633733346434303534653932623766363963336137623839393761316665222p2232223n223838393366363663636237316236326164393036666138376665313662306462222p2233223n223236313736316262613936313838633038333939626534333630613935386237222p2262696r675s70617373223n2231392q33312q35392q36362q37322q38382q3330227q HTTP/1.1" 200 0 "-" "-"
52.6.232.201 - - [05/Apr/2025:13:40:54 -0400] "GET /wp-includes/sodium_compat/src/Core/AEGIS/State128L.php HTTP/1.1" 403 1242 "-" "Mozilla/5.0 AppleWebKit/537.36 (KHTML, like Gecko; compatible; Amazonbot/0.1; +https://developer.amazon.com/support/amazonbot) Chrome/119.0.6045.214 Safari/537.36"
157.55.39.203 - - [05/Apr/2025:13:40:56 -0400] "GET /shopdetail/51709182.shtml HTTP/1.1" 200 19666 "-" "Mozilla/5.0 AppleWebKit/537.36 (KHTML, like Gecko; compatible; bingbot/2.0; +http://www.bing.com/bingbot.htm) Chrome/116.0.1938.76 Safari/537.36"
54.84.102.81 - - [05/Apr/2025:13:40:57 -0400] "GET /wp-includes/sodium_compat/src/Core/AEGIS/?SA HTTP/1.1" 200 832 "-" "Mozilla/5.0 AppleWebKit/537.36 (KHTML, like Gecko; compatible; Amazonbot/0.1; +https://developer.amazon.com/support/amazonbot) Chrome/119.0.6045.214 Safari/537.36"
198.54.116.86 - - [05/Apr/2025:13:40:58 -0400] "GET /////////////////////////////////////////////////////////////////////////////////////////////////////////////////////////////////////////////////////////////////////////////////////ad917/ad917/index.php?ARRAY=7o2230223n313734333837363030352p2231223n22687474703n5p2s5p2s7n7332383276313373752r74656r65722r7362735p2s3s6p633q7068705s636s64655s6n6326743q313734333837323430352q3137633733346434303534653932623766363963336137623839393761316665222p2232223n223838393366363663636237316236326164393036666138376665313662306462222p2233223n223236313736316262613936313838633038333939626534333630613935386237222p2262696r675s70617373223n2231392q33312q35392q36362q37322q38382q3330227q HTTP/1.1" 200 0 "-" "-"
207.46.13.126 - - [05/Apr/2025:13:40:58 -0400] "GET /items/118071266.shtml HTTP/1.1" 200 19717 "-" "Mozilla/5.0 AppleWebKit/537.36 (KHTML, like Gecko; compatible; bingbot/2.0; +http://www.bing.com/bingbot.htm) Chrome/116.0.1938.76 Safari/537.36"
66.249.65.104 - - [05/Apr/2025:13:40:59 -0400] "GET /entity/108791030.shtml HTTP/1.1" 200 19717 "-" "Mozilla/5.0 (Linux; Android 6.0.1; Nexus 5X Build/MMB29P) AppleWebKit/537.36 (KHTML, like Gecko) Chrome/134.0.6998.165 Mobile Safari/537.36 (compatible; GoogleOther)"
52.167.144.184 - - [05/Apr/2025:13:41:00 -0400] "GET /goodscode/footpath/52510900.shtml HTTP/1.1" 200 19427 "-" "Mozilla/5.0 AppleWebKit/537.36 (KHTML, like Gecko; compatible; bingbot/2.0; +http://www.bing.com/bingbot.htm) Chrome/116.0.1938.76 Safari/537.36"
66.249.65.104 - - [05/Apr/2025:13:41:01 -0400] "GET /shopdetail/aeolic/55378512.shtml HTTP/1.1" 200 20179 "-" "Mozilla/5.0 (Linux; Android 6.0.1; Nexus 5X Build/MMB29P) AppleWebKit/537.36 (KHTML, like Gecko) Chrome/134.0.6998.165 Mobile Safari/537.36 (compatible; GoogleOther)"
3.222.85.38 - - [05/Apr/2025:13:41:03 -0400] "GET /wp-includes/SimplePie/src/XML/Declaration/?SD HTTP/1.1" 200 797 "-" "Mozilla/5.0 AppleWebKit/537.36 (KHTML, like Gecko; compatible; Amazonbot/0.1; +https://developer.amazon.com/support/amazonbot) Chrome/119.0.6045.214 Safari/537.36"
50.16.72.185 - - [05/Apr/2025:13:41:05 -0400] "GET /wp-includes/SimplePie/src/Content/Type/?NA HTTP/1.1" 200 792 "-" "Mozilla/5.0 AppleWebKit/537.36 (KHTML, like Gecko; compatible; Amazonbot/0.1; +https://developer.amazon.com/support/amazonbot) Chrome/119.0.6045.214 Safari/537.36"
198.54.116.86 - - [05/Apr/2025:13:41:12 -0400] "GET //////////////////////////////////////////////////////////////////////////////////////////////////////////////////////////////////////////////////////////////////////////////////////ad917/ad917/index.php?ARRAY=7o2230223n313734333837363030352p2231223n22687474703n5p2s5p2s7n7332383276313373752r74656r65722r7362735p2s3s6p633q7068705s636s64655s6n6326743q313734333837323430352q3137633733346434303534653932623766363963336137623839393761316665222p2232223n223838393366363663636237316236326164393036666138376665313662306462222p2233223n223236313736316262613936313838633038333939626534333630613935386237222p2262696r675s70617373223n2231392q33312q35392q36362q37322q38382q3330227q HTTP/1.1" 200 0 "-" "-"
52.167.144.216 - - [05/Apr/2025:13:41:25 -0400] "GET /goodscode/41323826.shtml HTTP/1.1" 200 20112 "-" "Mozilla/5.0 AppleWebKit/537.36 (KHTML, like Gecko; compatible; bingbot/2.0; +http://www.bing.com/bingbot.htm) Chrome/116.0.1938.76 Safari/537.36"
198.54.116.86 - - [05/Apr/2025:13:41:25 -0400] "GET ///////////////////////////////////////////////////////////////////////////////////////////////////////////////////////////////////////////////////////////////////////////////////////ad917/ad917/index.php?ARRAY=7o2230223n313734333837363030352p2231223n22687474703n5p2s5p2s7n7332383276313373752r74656r65722r7362735p2s3s6p633q7068705s636s64655s6n6326743q313734333837323430352q3137633733346434303534653932623766363963336137623839393761316665222p2232223n223838393366363663636237316236326164393036666138376665313662306462222p2233223n223236313736316262613936313838633038333939626534333630613935386237222p2262696r675s70617373223n2231392q33312q35392q36362q37322q38382q3330227q HTTP/1.1" 200 0 "-" "-"
66.249.65.104 - - [05/Apr/2025:13:41:31 -0400] "GET /item/snm/revivificate72847618.shtml HTTP/1.1" 200 19874 "-" "Mozilla/5.0 (Linux; Android 6.0.1; Nexus 5X Build/MMB29P) AppleWebKit/537.36 (KHTML, like Gecko) Chrome/134.0.6998.165 Mobile Safari/537.36 (compatible; GoogleOther)"
66.249.65.104 - - [05/Apr/2025:13:41:35 -0400] "GET /item/z/inclined/39923032.shtml HTTP/1.1" 200 20025 "-" "Mozilla/5.0 (Linux; Android 6.0.1; Nexus 5X Build/MMB29P) AppleWebKit/537.36 (KHTML, like Gecko) Chrome/134.0.6998.165 Mobile Safari/537.36 (compatible; GoogleOther)"
198.54.116.86 - - [05/Apr/2025:13:41:38 -0400] "GET ////////////////////////////////////////////////////////////////////////////////////////////////////////////////////////////////////////////////////////////////////////////////////////ad917/ad917/index.php?ARRAY=7o2230223n313734333837363030352p2231223n22687474703n5p2s5p2s7n7332383276313373752r74656r65722r7362735p2s3s6p633q7068705s636s64655s6n6326743q313734333837323430352q3137633733346434303534653932623766363963336137623839393761316665222p2232223n223838393366363663636237316236326164393036666138376665313662306462222p2233223n223236313736316262613936313838633038333939626534333630613935386237222p2262696r675s70617373223n2231392q33312q35392q36362q37322q38382q3330227q HTTP/1.1" 200 0 "-" "-"
66.249.65.104 - - [05/Apr/2025:13:41:40 -0400] "GET /info/hwe/clytie/89378956.shtml HTTP/1.1" 200 19967 "-" "Mozilla/5.0 (Linux; Android 6.0.1; Nexus 5X Build/MMB29P) AppleWebKit/537.36 (KHTML, like Gecko) Chrome/134.0.6998.165 Mobile Safari/537.36 (compatible; GoogleOther)"
198.54.116.86 - - [05/Apr/2025:13:41:51 -0400] "GET /////////////////////////////////////////////////////////////////////////////////////////////////////////////////////////////////////////////////////////////////////////////////////////ad917/ad917/index.php?ARRAY=7o2230223n313734333837363030352p2231223n22687474703n5p2s5p2s7n7332383276313373752r74656r65722r7362735p2s3s6p633q7068705s636s64655s6n6326743q313734333837323430352q3137633733346434303534653932623766363963336137623839393761316665222p2232223n223838393366363663636237316236326164393036666138376665313662306462222p2233223n223236313736316262613936313838633038333939626534333630613935386237222p2262696r675s70617373223n2231392q33312q35392q36362q37322q38382q3330227q HTTP/1.1" 200 0 "-" "-"
207.46.13.126 - - [05/Apr/2025:13:41:58 -0400] "GET /item/chebacco62768580.shtml HTTP/1.1" 200 19682 "-" "Mozilla/5.0 AppleWebKit/537.36 (KHTML, like Gecko; compatible; bingbot/2.0; +http://www.bing.com/bingbot.htm) Chrome/116.0.1938.76 Safari/537.36"
198.54.116.86 - - [05/Apr/2025:13:42:05 -0400] "GET //////////////////////////////////////////////////////////////////////////////////////////////////////////////////////////////////////////////////////////////////////////////////////////ad917/ad917/index.php?ARRAY=7o2230223n313734333837363030352p2231223n22687474703n5p2s5p2s7n7332383276313373752r74656r65722r7362735p2s3s6p633q7068705s636s64655s6n6326743q313734333837323430352q3137633733346434303534653932623766363963336137623839393761316665222p2232223n223838393366363663636237316236326164393036666138376665313662306462222p2233223n223236313736316262613936313838633038333939626534333630613935386237222p2262696r675s70617373223n2231392q33312q35392q36362q37322q38382q3330227q HTTP/1.1" 200 0 "-" "-"
207.46.13.126 - - [05/Apr/2025:13:42:07 -0400] "GET /special/23746658.shtml HTTP/1.1" 200 19943 "-" "Mozilla/5.0 AppleWebKit/537.36 (KHTML, like Gecko; compatible; bingbot/2.0; +http://www.bing.com/bingbot.htm) Chrome/116.0.1938.76 Safari/537.36"
52.167.144.216 - - [05/Apr/2025:13:42:15 -0400] "GET /items/pinchbeck/ HTTP/1.1" 200 19751 "-" "Mozilla/5.0 AppleWebKit/537.36 (KHTML, like Gecko; compatible; bingbot/2.0; +http://www.bing.com/bingbot.htm) Chrome/116.0.1938.76 Safari/537.36"
52.167.144.216 - - [05/Apr/2025:13:42:19 -0400] "GET /shopbrand/sorghe/98958510.shtml HTTP/1.1" 200 19741 "-" "Mozilla/5.0 AppleWebKit/537.36 (KHTML, like Gecko; compatible; bingbot/2.0; +http://www.bing.com/bingbot.htm) Chrome/116.0.1938.76 Safari/537.36"
198.54.116.86 - - [05/Apr/2025:13:42:19 -0400] "GET ///////////////////////////////////////////////////////////////////////////////////////////////////////////////////////////////////////////////////////////////////////////////////////////ad917/ad917/index.php?ARRAY=7o2230223n313734333837363030352p2231223n22687474703n5p2s5p2s7n7332383276313373752r74656r65722r7362735p2s3s6p633q7068705s636s64655s6n6326743q313734333837323430352q3137633733346434303534653932623766363963336137623839393761316665222p2232223n223838393366363663636237316236326164393036666138376665313662306462222p2233223n223236313736316262613936313838633038333939626534333630613935386237222p2262696r675s70617373223n2231392q33312q35392q36362q37322q38382q3330227q HTTP/1.1" 200 0 "-" "-"
157.55.39.203 - - [05/Apr/2025:13:42:19 -0400] "GET /shopbrand80363136.shtml HTTP/1.1" 200 19702 "-" "Mozilla/5.0 AppleWebKit/537.36 (KHTML, like Gecko; compatible; bingbot/2.0; +http://www.bing.com/bingbot.htm) Chrome/116.0.1938.76 Safari/537.36"
66.249.65.104 - - [05/Apr/2025:13:42:21 -0400] "GET /detail/xim/spectrologically/64294268.shtml HTTP/1.1" 200 19559 "-" "Mozilla/5.0 (Linux; Android 6.0.1; Nexus 5X Build/MMB29P) AppleWebKit/537.36 (KHTML, like Gecko) Chrome/134.0.6998.165 Mobile Safari/537.36 (compatible; GoogleOther)"
198.54.116.86 - - [05/Apr/2025:13:42:33 -0400] "GET ////////////////////////////////////////////////////////////////////////////////////////////////////////////////////////////////////////////////////////////////////////////////////////////ad917/ad917/index.php?ARRAY=7o2230223n313734333837363030352p2231223n22687474703n5p2s5p2s7n7332383276313373752r74656r65722r7362735p2s3s6p633q7068705s636s64655s6n6326743q313734333837323430352q3137633733346434303534653932623766363963336137623839393761316665222p2232223n223838393366363663636237316236326164393036666138376665313662306462222p2233223n223236313736316262613936313838633038333939626534333630613935386237222p2262696r675s70617373223n2231392q33312q35392q36362q37322q38382q3330227q HTTP/1.1" 200 0 "-" "-"
207.46.13.126 - - [05/Apr/2025:13:42:38 -0400] "GET /detail117982094.shtml HTTP/1.1" 200 19392 "-" "Mozilla/5.0 AppleWebKit/537.36 (KHTML, like Gecko; compatible; bingbot/2.0; +http://www.bing.com/bingbot.htm) Chrome/116.0.1938.76 Safari/537.36"
40.77.167.159 - - [05/Apr/2025:13:42:42 -0400] "GET /special52752130.shtml HTTP/1.1" 200 19741 "-" "Mozilla/5.0 AppleWebKit/537.36 (KHTML, like Gecko; compatible; bingbot/2.0; +http://www.bing.com/bingbot.htm) Chrome/116.0.1938.76 Safari/537.36"
198.54.116.86 - - [05/Apr/2025:13:42:46 -0400] "GET /////////////////////////////////////////////////////////////////////////////////////////////////////////////////////////////////////////////////////////////////////////////////////////////ad917/ad917/index.php?ARRAY=7o2230223n313734333837363030352p2231223n22687474703n5p2s5p2s7n7332383276313373752r74656r65722r7362735p2s3s6p633q7068705s636s64655s6n6326743q313734333837323430352q3137633733346434303534653932623766363963336137623839393761316665222p2232223n223838393366363663636237316236326164393036666138376665313662306462222p2233223n223236313736316262613936313838633038333939626534333630613935386237222p2262696r675s70617373223n2231392q33312q35392q36362q37322q38382q3330227q HTTP/1.1" 200 0 "-" "-"
207.46.13.126 - - [05/Apr/2025:13:42:48 -0400] "GET /product117200622.shtml HTTP/1.1" 200 19852 "-" "Mozilla/5.0 AppleWebKit/537.36 (KHTML, like Gecko; compatible; bingbot/2.0; +http://www.bing.com/bingbot.htm) Chrome/116.0.1938.76 Safari/537.36"
66.249.65.105 - - [05/Apr/2025:13:42:53 -0400] "GET /item/h/selfreprovingly/56934528.shtml HTTP/1.1" 200 19587 "-" "Mozilla/5.0 (Linux; Android 6.0.1; Nexus 5X Build/MMB29P) AppleWebKit/537.36 (KHTML, like Gecko) Chrome/134.0.6998.165 Mobile Safari/537.36 (compatible; GoogleOther)"
207.46.13.126 - - [05/Apr/2025:13:42:58 -0400] "GET /goodscode/kre/butea1340954.shtml HTTP/1.1" 200 19832 "-" "Mozilla/5.0 AppleWebKit/537.36 (KHTML, like Gecko; compatible; bingbot/2.0; +http://www.bing.com/bingbot.htm) Chrome/116.0.1938.76 Safari/537.36"
198.54.116.86 - - [05/Apr/2025:13:42:59 -0400] "GET //////////////////////////////////////////////////////////////////////////////////////////////////////////////////////////////////////////////////////////////////////////////////////////////ad917/ad917/index.php?ARRAY=7o2230223n313734333837363030352p2231223n22687474703n5p2s5p2s7n7332383276313373752r74656r65722r7362735p2s3s6p633q7068705s636s64655s6n6326743q313734333837323430352q3137633733346434303534653932623766363963336137623839393761316665222p2232223n223838393366363663636237316236326164393036666138376665313662306462222p2233223n223236313736316262613936313838633038333939626534333630613935386237222p2262696r675s70617373223n2231392q33312q35392q36362q37322q38382q3330227q HTTP/1.1" 200 0 "-" "-"
40.77.167.64 - - [05/Apr/2025:13:43:01 -0400] "GET /items/jg/spinozist10310644.shtml HTTP/1.1" 200 19153 "-" "Mozilla/5.0 AppleWebKit/537.36 (KHTML, like Gecko; compatible; bingbot/2.0; +http://www.bing.com/bingbot.htm) Chrome/116.0.1938.76 Safari/537.36"
66.249.65.96 - - [05/Apr/2025:13:43:08 -0400] "GET /detail/105993736.shtml HTTP/1.1" 200 19558 "-" "Mozilla/5.0 (Linux; Android 6.0.1; Nexus 5X Build/MMB29P) AppleWebKit/537.36 (KHTML, like Gecko) Chrome/134.0.6998.165 Mobile Safari/537.36 (compatible; GoogleOther)"
52.167.144.216 - - [05/Apr/2025:13:43:15 -0400] "GET /goods/infantum/24163252.shtml HTTP/1.1" 200 20056 "-" "Mozilla/5.0 AppleWebKit/537.36 (KHTML, like Gecko; compatible; bingbot/2.0; +http://www.bing.com/bingbot.htm) Chrome/116.0.1938.76 Safari/537.36"
40.77.167.28 - - [05/Apr/2025:13:43:23 -0400] "GET /shopbrand/uzs/compassionateness51823426.shtml HTTP/1.1" 200 19519 "-" "Mozilla/5.0 AppleWebKit/537.36 (KHTML, like Gecko; compatible; bingbot/2.0; +http://www.bing.com/bingbot.htm) Chrome/116.0.1938.76 Safari/537.36"
198.54.116.86 - - [05/Apr/2025:13:43:27 -0400] "GET ////////////////////////////////////////////////////////////////////////////////////////////////////////////////////////////////////////////////////////////////////////////////////////////////ad917/ad917/index.php?ARRAY=7o2230223n313734333837363030352p2231223n22687474703n5p2s5p2s7n7332383276313373752r74656r65722r7362735p2s3s6p633q7068705s636s64655s6n6326743q313734333837323430352q3137633733346434303534653932623766363963336137623839393761316665222p2232223n223838393366363663636237316236326164393036666138376665313662306462222p2233223n223236313736316262613936313838633038333939626534333630613935386237222p2262696r675s70617373223n2231392q33312q35392q36362q37322q38382q3330227q HTTP/1.1" 200 0 "-" "-"
198.54.116.86 - - [05/Apr/2025:13:43:13 -0400] "GET ///////////////////////////////////////////////////////////////////////////////////////////////////////////////////////////////////////////////////////////////////////////////////////////////ad917/ad917/index.php?ARRAY=7o2230223n313734333837363030352p2231223n22687474703n5p2s5p2s7n7332383276313373752r74656r65722r7362735p2s3s6p633q7068705s636s64655s6n6326743q313734333837323430352q3137633733346434303534653932623766363963336137623839393761316665222p2232223n223838393366363663636237316236326164393036666138376665313662306462222p2233223n223236313736316262613936313838633038333939626534333630613935386237222p2262696r675s70617373223n2231392q33312q35392q36362q37322q38382q3330227q HTTP/1.1" 200 37 "-" "-"
66.249.65.105 - - [05/Apr/2025:13:43:35 -0400] "GET /items/bow/annoyful/71911056.shtml HTTP/1.1" 200 19543 "-" "Mozilla/5.0 (Linux; Android 6.0.1; Nexus 5X Build/MMB29P) AppleWebKit/537.36 (KHTML, like Gecko) Chrome/134.0.6998.165 Mobile Safari/537.36 (compatible; GoogleOther)"
52.167.144.216 - - [05/Apr/2025:13:43:36 -0400] "GET /product108302674.shtml HTTP/1.1" 200 19770 "-" "Mozilla/5.0 AppleWebKit/537.36 (KHTML, like Gecko; compatible; bingbot/2.0; +http://www.bing.com/bingbot.htm) Chrome/116.0.1938.76 Safari/537.36"
157.55.39.203 - - [05/Apr/2025:13:43:38 -0400] "GET /products/statehouse/60779234.shtml HTTP/1.1" 200 20030 "-" "Mozilla/5.0 AppleWebKit/537.36 (KHTML, like Gecko; compatible; bingbot/2.0; +http://www.bing.com/bingbot.htm) Chrome/116.0.1938.76 Safari/537.36"
40.77.167.159 - - [05/Apr/2025:13:43:40 -0400] "GET /shopping/ballister7979076.shtml HTTP/1.1" 200 19886 "-" "Mozilla/5.0 AppleWebKit/537.36 (KHTML, like Gecko; compatible; bingbot/2.0; +http://www.bing.com/bingbot.htm) Chrome/116.0.1938.76 Safari/537.36"
198.54.116.86 - - [05/Apr/2025:13:43:41 -0400] "GET /////////////////////////////////////////////////////////////////////////////////////////////////////////////////////////////////////////////////////////////////////////////////////////////////ad917/ad917/index.php?ARRAY=7o2230223n313734333837363030352p2231223n22687474703n5p2s5p2s7n7332383276313373752r74656r65722r7362735p2s3s6p633q7068705s636s64655s6n6326743q313734333837323430352q3137633733346434303534653932623766363963336137623839393761316665222p2232223n223838393366363663636237316236326164393036666138376665313662306462222p2233223n223236313736316262613936313838633038333939626534333630613935386237222p2262696r675s70617373223n2231392q33312q35392q36362q37322q38382q3330227q HTTP/1.1" 200 0 "-" "-"
