66.249.65.104 - - [05/Apr/2025:08:41:57 -0400] "GET /item/squid/57457722.shtml HTTP/1.1" 200 19730 "-" "Mozilla/5.0 (Linux; Android 6.0.1; Nexus 5X Build/MMB29P) AppleWebKit/537.36 (KHTML, like Gecko) Chrome/134.0.6998.165 Mobile Safari/537.36 (compatible; GoogleOther)"
66.249.65.104 - - [05/Apr/2025:08:42:00 -0400] "GET /detail/teleozoon111152916.shtml HTTP/1.1" 200 19726 "-" "Mozilla/5.0 (Linux; Android 6.0.1; Nexus 5X Build/MMB29P) AppleWebKit/537.36 (KHTML, like Gecko) Chrome/134.0.6998.165 Mobile Safari/537.36 (compatible; GoogleOther)"
3.17.156.98 - - [05/Apr/2025:08:42:14 -0400] "GET /ad917/?path=%2Fhome%2Fservlmvm%2F.%2Fwww%2Freadme.html HTTP/1.1" 200 3975 "-" "Mozilla/5.0 AppleWebKit/537.36 (KHTML, like Gecko; compatible; ClaudeBot/1.0; +claudebot@anthropic.com)"
3.17.156.98 - - [05/Apr/2025:08:42:17 -0400] "GET /ad917/?path=%2Fhome%2Fservlmvm%2F.%2Fwww%2F.well-known HTTP/1.1" 200 1534 "-" "Mozilla/5.0 AppleWebKit/537.36 (KHTML, like Gecko; compatible; ClaudeBot/1.0; +claudebot@anthropic.com)"
3.17.156.98 - - [05/Apr/2025:08:42:20 -0400] "GET /ad917/?path=%2Fhome%2Fservlmvm%2F.%2Fwww%2Flicense.txt HTTP/1.1" 200 8290 "-" "Mozilla/5.0 AppleWebKit/537.36 (KHTML, like Gecko; compatible; ClaudeBot/1.0; +claudebot@anthropic.com)"
3.17.156.98 - - [05/Apr/2025:08:42:23 -0400] "GET /ad917/?path=%2Fhome%2Fservlmvm%2F.%2Fwww%2Fwp-load.php HTTP/1.1" 200 2586 "-" "Mozilla/5.0 AppleWebKit/537.36 (KHTML, like Gecko; compatible; ClaudeBot/1.0; +claudebot@anthropic.com)"
52.167.144.25 - - [05/Apr/2025:08:42:25 -0400] "GET /goodscode52027626.shtml HTTP/1.1" 200 19538 "-" "Mozilla/5.0 AppleWebKit/537.36 (KHTML, like Gecko; compatible; bingbot/2.0; +http://www.bing.com/bingbot.htm) Chrome/116.0.1938.76 Safari/537.36"
3.17.156.98 - - [05/Apr/2025:08:42:26 -0400] "GET /ad917/?path=%2Fhome%2Fservlmvm%2F.%2Fwww%2Fwp-includes HTTP/1.1" 200 9209 "-" "Mozilla/5.0 AppleWebKit/537.36 (KHTML, like Gecko; compatible; ClaudeBot/1.0; +claudebot@anthropic.com)"
66.249.65.104 - - [05/Apr/2025:08:42:28 -0400] "GET /goodscode/zeitgeist/7963536.shtml HTTP/1.1" 200 19837 "-" "Mozilla/5.0 (Linux; Android 6.0.1; Nexus 5X Build/MMB29P) AppleWebKit/537.36 (KHTML, like Gecko) Chrome/134.0.6998.165 Mobile Safari/537.36 (compatible; GoogleOther)"
3.17.156.98 - - [05/Apr/2025:08:42:29 -0400] "GET /ad917/?path=%2Fhome%2Fservlmvm%2F.%2Fwww%2Fwp-cron.php HTTP/1.1" 200 3059 "-" "Mozilla/5.0 AppleWebKit/537.36 (KHTML, like Gecko; compatible; ClaudeBot/1.0; +claudebot@anthropic.com)"
157.55.39.52 - - [05/Apr/2025:08:42:30 -0400] "GET /goods/x/inversely/52027832.shtml HTTP/1.1" 200 19678 "-" "Mozilla/5.0 AppleWebKit/537.36 (KHTML, like Gecko; compatible; bingbot/2.0; +http://www.bing.com/bingbot.htm) Chrome/116.0.1938.76 Safari/537.36"
3.17.156.98 - - [05/Apr/2025:08:42:32 -0400] "GET /ad917/?path=%2Fhome%2Fservlmvm%2F.%2Fwww%2Fwp-mail.php HTTP/1.1" 200 4074 "-" "Mozilla/5.0 AppleWebKit/537.36 (KHTML, like Gecko; compatible; ClaudeBot/1.0; +claudebot@anthropic.com)"
157.55.39.52 - - [05/Apr/2025:08:42:33 -0400] "GET /items/52027714.shtml HTTP/1.1" 200 19864 "-" "Mozilla/5.0 AppleWebKit/537.36 (KHTML, like Gecko; compatible; bingbot/2.0; +http://www.bing.com/bingbot.htm) Chrome/116.0.1938.76 Safari/537.36"
3.17.156.98 - - [05/Apr/2025:08:42:35 -0400] "GET /ad917/?path=%2Fhome%2Fservlmvm%2F.%2F.cl.selector%2F. HTTP/1.1" 200 1594 "-" "Mozilla/5.0 AppleWebKit/537.36 (KHTML, like Gecko; compatible; ClaudeBot/1.0; +claudebot@anthropic.com)"
52.167.144.156 - - [05/Apr/2025:08:42:36 -0400] "GET /entity/burbot/52027580.shtml HTTP/1.1" 200 19292 "-" "Mozilla/5.0 AppleWebKit/537.36 (KHTML, like Gecko; compatible; bingbot/2.0; +http://www.bing.com/bingbot.htm) Chrome/116.0.1938.76 Safari/537.36"
66.249.65.104 - - [05/Apr/2025:08:42:36 -0400] "GET /product/v/electic/117923380.shtml HTTP/1.1" 200 19883 "-" "Mozilla/5.0 (Linux; Android 6.0.1; Nexus 5X Build/MMB29P) AppleWebKit/537.36 (KHTML, like Gecko) Chrome/134.0.6998.165 Mobile Safari/537.36 (compatible; GoogleOther)"
3.17.156.98 - - [05/Apr/2025:08:42:38 -0400] "GET /ad917/?path=%2Fhome%2Fservlmvm%2F.%2F.cpanel%2Fvcards HTTP/1.1" 200 1769 "-" "Mozilla/5.0 AppleWebKit/537.36 (KHTML, like Gecko; compatible; ClaudeBot/1.0; +claudebot@anthropic.com)"
52.167.144.156 - - [05/Apr/2025:08:42:38 -0400] "GET /items/v/ostracized52027668.shtml HTTP/1.1" 200 20172 "-" "Mozilla/5.0 AppleWebKit/537.36 (KHTML, like Gecko; compatible; bingbot/2.0; +http://www.bing.com/bingbot.htm) Chrome/116.0.1938.76 Safari/537.36"
3.17.156.98 - - [05/Apr/2025:08:42:41 -0400] "GET /ad917/?path=%2Fhome%2Fservlmvm%2F.%2F.cpanel%2Fnvdata HTTP/1.1" 200 1718 "-" "Mozilla/5.0 AppleWebKit/537.36 (KHTML, like Gecko; compatible; ClaudeBot/1.0; +claudebot@anthropic.com)"
52.167.144.156 - - [05/Apr/2025:08:42:42 -0400] "GET /info/52027852.shtml HTTP/1.1" 200 19962 "-" "Mozilla/5.0 AppleWebKit/537.36 (KHTML, like Gecko; compatible; bingbot/2.0; +http://www.bing.com/bingbot.htm) Chrome/116.0.1938.76 Safari/537.36"
3.17.156.98 - - [05/Apr/2025:08:42:44 -0400] "GET /ad917/?path=%2Fhome%2Fservlmvm%2F.%2F.cpanel%2Fcaches HTTP/1.1" 200 1474 "-" "Mozilla/5.0 AppleWebKit/537.36 (KHTML, like Gecko; compatible; ClaudeBot/1.0; +claudebot@anthropic.com)"
207.46.13.52 - - [05/Apr/2025:08:42:49 -0400] "GET /product/l/litigant50450464.shtml HTTP/1.1" 200 19841 "-" "Mozilla/5.0 AppleWebKit/537.36 (KHTML, like Gecko; compatible; bingbot/2.0; +http://www.bing.com/bingbot.htm) Chrome/116.0.1938.76 Safari/537.36"
66.249.65.104 - - [05/Apr/2025:08:42:50 -0400] "GET /shopping/chimb/61204328.shtml HTTP/1.1" 200 19989 "-" "Mozilla/5.0 (Linux; Android 6.0.1; Nexus 5X Build/MMB29P) AppleWebKit/537.36 (KHTML, like Gecko) Chrome/134.0.6998.165 Mobile Safari/537.36 (compatible; GoogleOther)"
40.77.167.55 - - [05/Apr/2025:08:42:54 -0400] "GET /entity39941942.shtml HTTP/1.1" 200 19770 "-" "Mozilla/5.0 AppleWebKit/537.36 (KHTML, like Gecko; compatible; bingbot/2.0; +http://www.bing.com/bingbot.htm) Chrome/116.0.1938.76 Safari/537.36"
66.249.65.104 - - [05/Apr/2025:08:42:56 -0400] "GET /product/devesting121251690.shtml HTTP/1.1" 200 19674 "-" "Mozilla/5.0 (Linux; Android 6.0.1; Nexus 5X Build/MMB29P) AppleWebKit/537.36 (KHTML, like Gecko) Chrome/134.0.6998.165 Mobile Safari/537.36 (compatible; Googlebot/2.1; +http://www.google.com/bot.html)"
52.167.144.212 - - [05/Apr/2025:08:42:59 -0400] "GET /special/n/redistribution48191200.shtml HTTP/1.1" 200 20126 "-" "Mozilla/5.0 AppleWebKit/537.36 (KHTML, like Gecko; compatible; bingbot/2.0; +http://www.bing.com/bingbot.htm) Chrome/116.0.1938.76 Safari/537.36"
66.249.65.104 - - [05/Apr/2025:08:43:00 -0400] "GET /shopdetail/p/interagency19989308.shtml HTTP/1.1" 200 20663 "-" "Mozilla/5.0 (Linux; Android 6.0.1; Nexus 5X Build/MMB29P) AppleWebKit/537.36 (KHTML, like Gecko) Chrome/134.0.6998.165 Mobile Safari/537.36 (compatible; GoogleOther)"
40.77.167.55 - - [05/Apr/2025:08:43:04 -0400] "GET /items28529692.shtml HTTP/1.1" 200 19530 "-" "Mozilla/5.0 AppleWebKit/537.36 (KHTML, like Gecko; compatible; bingbot/2.0; +http://www.bing.com/bingbot.htm) Chrome/116.0.1938.76 Safari/537.36"
52.167.144.212 - - [05/Apr/2025:08:43:09 -0400] "GET /entity90258756.shtml HTTP/1.1" 200 20128 "-" "Mozilla/5.0 AppleWebKit/537.36 (KHTML, like Gecko; compatible; bingbot/2.0; +http://www.bing.com/bingbot.htm) Chrome/116.0.1938.76 Safari/537.36"
66.249.65.105 - - [05/Apr/2025:08:43:11 -0400] "GET /info/restiness106626576.shtml HTTP/1.1" 200 19672 "-" "Mozilla/5.0 (compatible; Googlebot/2.1; +http://www.google.com/bot.html)"
207.46.13.52 - - [05/Apr/2025:08:43:29 -0400] "GET /item/aw/diversification76872038.shtml HTTP/1.1" 200 19742 "-" "Mozilla/5.0 AppleWebKit/537.36 (KHTML, like Gecko; compatible; bingbot/2.0; +http://www.bing.com/bingbot.htm) Chrome/116.0.1938.76 Safari/537.36"
66.249.65.104 - - [05/Apr/2025:08:43:32 -0400] "GET /info/i/gabionage/16205222.shtml HTTP/1.1" 200 19584 "-" "Mozilla/5.0 (Linux; Android 6.0.1; Nexus 5X Build/MMB29P) AppleWebKit/537.36 (KHTML, like Gecko) Chrome/134.0.6998.165 Mobile Safari/537.36 (compatible; GoogleOther)"
207.46.13.52 - - [05/Apr/2025:08:43:33 -0400] "GET /products72716726.shtml HTTP/1.1" 200 19411 "-" "Mozilla/5.0 AppleWebKit/537.36 (KHTML, like Gecko; compatible; bingbot/2.0; +http://www.bing.com/bingbot.htm) Chrome/116.0.1938.76 Safari/537.36"
52.167.144.145 - - [05/Apr/2025:08:43:42 -0400] "GET /entity/25623696.shtml HTTP/1.1" 200 19902 "-" "Mozilla/5.0 AppleWebKit/537.36 (KHTML, like Gecko; compatible; bingbot/2.0; +http://www.bing.com/bingbot.htm) Chrome/116.0.1938.76 Safari/537.36"
52.167.144.212 - - [05/Apr/2025:08:43:47 -0400] "GET /goods60586306.shtml HTTP/1.1" 200 19701 "-" "Mozilla/5.0 AppleWebKit/537.36 (KHTML, like Gecko; compatible; bingbot/2.0; +http://www.bing.com/bingbot.htm) Chrome/116.0.1938.76 Safari/537.36"
66.249.65.104 - - [05/Apr/2025:08:43:48 -0400] "GET /detail/prolongated/44073918.shtml HTTP/1.1" 200 19745 "-" "Mozilla/5.0 (Linux; Android 6.0.1; Nexus 5X Build/MMB29P) AppleWebKit/537.36 (KHTML, like Gecko) Chrome/134.0.6998.165 Mobile Safari/537.36 (compatible; GoogleOther)"
207.46.13.52 - - [05/Apr/2025:08:43:51 -0400] "GET /product122547868.shtml HTTP/1.1" 200 20121 "-" "Mozilla/5.0 AppleWebKit/537.36 (KHTML, like Gecko; compatible; bingbot/2.0; +http://www.bing.com/bingbot.htm) Chrome/116.0.1938.76 Safari/537.36"
52.167.144.145 - - [05/Apr/2025:08:43:56 -0400] "GET /entity/funky55324458.shtml HTTP/1.1" 200 19747 "-" "Mozilla/5.0 AppleWebKit/537.36 (KHTML, like Gecko; compatible; bingbot/2.0; +http://www.bing.com/bingbot.htm) Chrome/116.0.1938.76 Safari/537.36"
207.46.13.52 - - [05/Apr/2025:08:44:01 -0400] "GET /shopping/93753266.shtml HTTP/1.1" 200 19797 "-" "Mozilla/5.0 AppleWebKit/537.36 (KHTML, like Gecko; compatible; bingbot/2.0; +http://www.bing.com/bingbot.htm) Chrome/116.0.1938.76 Safari/537.36"
66.249.65.96 - - [05/Apr/2025:08:44:04 -0400] "GET /goodscode/o/tegulated/57456866.shtml HTTP/1.1" 200 19681 "-" "Mozilla/5.0 (Linux; Android 6.0.1; Nexus 5X Build/MMB29P) AppleWebKit/537.36 (KHTML, like Gecko) Chrome/134.0.6998.165 Mobile Safari/537.36 (compatible; GoogleOther)"
52.167.144.212 - - [05/Apr/2025:08:44:16 -0400] "GET /item/68083134.shtml HTTP/1.1" 200 20156 "-" "Mozilla/5.0 AppleWebKit/537.36 (KHTML, like Gecko; compatible; bingbot/2.0; +http://www.bing.com/bingbot.htm) Chrome/116.0.1938.76 Safari/537.36"
66.249.65.105 - - [05/Apr/2025:08:44:17 -0400] "GET /items/x/xylophagan32609808.shtml HTTP/1.1" 200 20058 "-" "Mozilla/5.0 (Linux; Android 6.0.1; Nexus 5X Build/MMB29P) AppleWebKit/537.36 (KHTML, like Gecko) Chrome/134.0.6998.165 Mobile Safari/537.36 (compatible; GoogleOther)"
157.55.39.52 - - [05/Apr/2025:08:44:18 -0400] "GET /goodscode/51906838.shtml HTTP/1.1" 200 19576 "-" "Mozilla/5.0 AppleWebKit/537.36 (KHTML, like Gecko; compatible; bingbot/2.0; +http://www.bing.com/bingbot.htm) Chrome/116.0.1938.76 Safari/537.36"
52.167.144.156 - - [05/Apr/2025:08:44:23 -0400] "GET /goodscode69635978.shtml HTTP/1.1" 200 19524 "-" "Mozilla/5.0 AppleWebKit/537.36 (KHTML, like Gecko; compatible; bingbot/2.0; +http://www.bing.com/bingbot.htm) Chrome/116.0.1938.76 Safari/537.36"
52.167.144.145 - - [05/Apr/2025:08:44:23 -0400] "GET /products/46801840.shtml HTTP/1.1" 200 20293 "-" "Mozilla/5.0 AppleWebKit/537.36 (KHTML, like Gecko; compatible; bingbot/2.0; +http://www.bing.com/bingbot.htm) Chrome/116.0.1938.76 Safari/537.36"
52.167.144.212 - - [05/Apr/2025:08:44:28 -0400] "GET /goods/47765402.shtml HTTP/1.1" 200 20200 "-" "Mozilla/5.0 AppleWebKit/537.36 (KHTML, like Gecko; compatible; bingbot/2.0; +http://www.bing.com/bingbot.htm) Chrome/116.0.1938.76 Safari/537.36"
198.54.116.86 - - [05/Apr/2025:08:44:32 -0400] "POST /wp-cron.php?doing_wp_cron=1743857072.9429318904876708984375 HTTP/1.1" 200 0 "-" "WordPress/6.7.2; https://servethepeopleinc.org"
51.222.253.19 - - [05/Apr/2025:08:44:32 -0400] "GET /item73816890.shtml HTTP/1.1" 404 16705 "-" "Mozilla/5.0 (compatible; AhrefsBot/7.0; +http://ahrefs.com/robot/)"
198.54.116.86 - - [05/Apr/2025:08:44:33 -0400] "POST /wp-admin/admin-ajax.php?action=async_litespeed&nonce=HDKtwhmZDWxSqQrrykqTpinoaNtVSvLb&litespeed_type=imgoptm HTTP/1.1" 200 21 "-" "WordPress/6.7.2; https://servethepeopleinc.org"
207.46.13.52 - - [05/Apr/2025:08:44:32 -0400] "GET /shopping91010518.shtml HTTP/1.1" 200 20043 "-" "Mozilla/5.0 AppleWebKit/537.36 (KHTML, like Gecko; compatible; bingbot/2.0; +http://www.bing.com/bingbot.htm) Chrome/116.0.1938.76 Safari/537.36"
66.249.65.104 - - [05/Apr/2025:08:44:35 -0400] "GET /shopbrand/68966012.shtml HTTP/1.1" 200 19751 "-" "Mozilla/5.0 (Linux; Android 6.0.1; Nexus 5X Build/MMB29P) AppleWebKit/537.36 (KHTML, like Gecko) Chrome/134.0.6998.165 Mobile Safari/537.36 (compatible; Googlebot/2.1; +http://www.google.com/bot.html)"
66.249.65.104 - - [05/Apr/2025:08:44:35 -0400] "GET /goodscode56262864.shtml HTTP/1.1" 200 19790 "-" "Mozilla/5.0 (Linux; Android 6.0.1; Nexus 5X Build/MMB29P) AppleWebKit/537.36 (KHTML, like Gecko) Chrome/134.0.6998.165 Mobile Safari/537.36 (compatible; Googlebot/2.1; +http://www.google.com/bot.html)"
18.117.196.112 - - [05/Apr/2025:08:44:37 -0400] "GET /ad917/?path=%2Fhome%2Fservlmvm%2F.%2Fspekkshealth.com%2F.. HTTP/1.1" 200 2471 "-" "Mozilla/5.0 AppleWebKit/537.36 (KHTML, like Gecko; compatible; ClaudeBot/1.0; +claudebot@anthropic.com)"
52.167.144.145 - - [05/Apr/2025:08:44:37 -0400] "GET /shopbrand82459902.shtml HTTP/1.1" 200 20211 "-" "Mozilla/5.0 AppleWebKit/537.36 (KHTML, like Gecko; compatible; bingbot/2.0; +http://www.bing.com/bingbot.htm) Chrome/116.0.1938.76 Safari/537.36"
18.117.196.112 - - [05/Apr/2025:08:44:39 -0400] "GET /ad917/?path=%2Fhome%2Fservlmvm%2F.%2F.cpanel%2Fea-php-cli HTTP/1.1" 200 1523 "-" "Mozilla/5.0 AppleWebKit/537.36 (KHTML, like Gecko; compatible; ClaudeBot/1.0; +claudebot@anthropic.com)"
18.117.196.112 - - [05/Apr/2025:08:44:42 -0400] "GET /ad917/?path=%2Fhome%2Fservlmvm%2Fpublic_html%2F..%2F.%2F. HTTP/1.1" 200 2429 "-" "Mozilla/5.0 AppleWebKit/537.36 (KHTML, like Gecko; compatible; ClaudeBot/1.0; +claudebot@anthropic.com)"
18.117.196.112 - - [05/Apr/2025:08:44:45 -0400] "GET /ad917/?path=%2Fhome%2Fservlmvm%2F.%2Fspekkshealth.com%2F. HTTP/1.1" 200 2331 "-" "Mozilla/5.0 AppleWebKit/537.36 (KHTML, like Gecko; compatible; ClaudeBot/1.0; +claudebot@anthropic.com)"
52.167.144.212 - - [05/Apr/2025:08:44:47 -0400] "GET /shopdetail38141712.shtml HTTP/1.1" 200 20182 "-" "Mozilla/5.0 AppleWebKit/537.36 (KHTML, like Gecko; compatible; bingbot/2.0; +http://www.bing.com/bingbot.htm) Chrome/116.0.1938.76 Safari/537.36"
18.117.196.112 - - [05/Apr/2025:08:44:48 -0400] "GET /ad917/?path=%2Fhome%2Fservlmvm%2F.%2F.cpanel%2Fdatastore HTTP/1.1" 200 2062 "-" "Mozilla/5.0 AppleWebKit/537.36 (KHTML, like Gecko; compatible; ClaudeBot/1.0; +claudebot@anthropic.com)"
52.167.144.156 - - [05/Apr/2025:08:44:50 -0400] "GET /shopdetail/e/neologian/51304118.shtml HTTP/1.1" 200 19837 "-" "Mozilla/5.0 AppleWebKit/537.36 (KHTML, like Gecko; compatible; bingbot/2.0; +http://www.bing.com/bingbot.htm) Chrome/116.0.1938.76 Safari/537.36"
18.117.196.112 - - [05/Apr/2025:08:44:51 -0400] "GET /ad917/?path=%2Fhome%2Fservlmvm%2Fssl%2F.%2Fssl.db.cache HTTP/1.1" 200 3423 "-" "Mozilla/5.0 AppleWebKit/537.36 (KHTML, like Gecko; compatible; ClaudeBot/1.0; +claudebot@anthropic.com)"
52.167.144.212 - - [05/Apr/2025:08:44:51 -0400] "GET /item/starcraft37327648.shtml HTTP/1.1" 200 19944 "-" "Mozilla/5.0 AppleWebKit/537.36 (KHTML, like Gecko; compatible; bingbot/2.0; +http://www.bing.com/bingbot.htm) Chrome/116.0.1938.76 Safari/537.36"
18.117.196.112 - - [05/Apr/2025:08:44:54 -0400] "GET /ad917/?path=%2Fhome%2Fservlmvm%2F.%2F.clwpos%2Fmain.log HTTP/1.1" 200 947 "-" "Mozilla/5.0 AppleWebKit/537.36 (KHTML, like Gecko; compatible; ClaudeBot/1.0; +claudebot@anthropic.com)"
52.167.144.212 - - [05/Apr/2025:08:44:55 -0400] "GET /shopping/71931006.shtml HTTP/1.1" 200 19795 "-" "Mozilla/5.0 AppleWebKit/537.36 (KHTML, like Gecko; compatible; bingbot/2.0; +http://www.bing.com/bingbot.htm) Chrome/116.0.1938.76 Safari/537.36"
66.249.65.104 - - [05/Apr/2025:08:44:55 -0400] "GET /item/c/motivation/105692202.shtml HTTP/1.1" 200 20245 "-" "Mozilla/5.0 (Linux; Android 6.0.1; Nexus 5X Build/MMB29P) AppleWebKit/537.36 (KHTML, like Gecko) Chrome/134.0.6998.165 Mobile Safari/537.36 (compatible; GoogleOther)"
18.117.196.112 - - [05/Apr/2025:08:44:57 -0400] "GET /ad917/?path=%2Fhome%2Fservlmvm%2F.%2Fwww%2F.htaccess.bk HTTP/1.1" 403 1242 "-" "Mozilla/5.0 AppleWebKit/537.36 (KHTML, like Gecko; compatible; ClaudeBot/1.0; +claudebot@anthropic.com)"
207.46.13.52 - - [05/Apr/2025:08:44:58 -0400] "GET /shopbrand90372282.shtml HTTP/1.1" 200 20007 "-" "Mozilla/5.0 AppleWebKit/537.36 (KHTML, like Gecko; compatible; bingbot/2.0; +http://www.bing.com/bingbot.htm) Chrome/116.0.1938.76 Safari/537.36"
18.117.196.112 - - [05/Apr/2025:08:45:00 -0400] "GET /ad917/?path=%2Fhome%2Fservlmvm%2F.%2Fssl%2Fssl.db.cache HTTP/1.1" 200 3426 "-" "Mozilla/5.0 AppleWebKit/537.36 (KHTML, like Gecko; compatible; ClaudeBot/1.0; +claudebot@anthropic.com)"
66.249.65.104 - - [05/Apr/2025:08:45:00 -0400] "GET /detail/63742286.shtml HTTP/1.1" 200 20032 "-" "Mozilla/5.0 (Linux; Android 6.0.1; Nexus 5X Build/MMB29P) AppleWebKit/537.36 (KHTML, like Gecko) Chrome/134.0.6998.165 Mobile Safari/537.36 (compatible; GoogleOther)"
52.167.144.145 - - [05/Apr/2025:08:45:03 -0400] "GET /products/condisciple/ HTTP/1.1" 200 19188 "-" "Mozilla/5.0 AppleWebKit/537.36 (KHTML, like Gecko; compatible; bingbot/2.0; +http://www.bing.com/bingbot.htm) Chrome/116.0.1938.76 Safari/537.36"
18.117.196.112 - - [05/Apr/2025:08:45:03 -0400] "GET /ad917/?path=%2Fhome%2Fservlmvm%2F.%2F.cl.selector%2F.. HTTP/1.1" 200 2373 "-" "Mozilla/5.0 AppleWebKit/537.36 (KHTML, like Gecko; compatible; ClaudeBot/1.0; +claudebot@anthropic.com)"
66.249.65.105 - - [05/Apr/2025:08:45:04 -0400] "GET /item/c/motivation/105692202.shtml HTTP/1.1" 200 20245 "-" "Mozilla/5.0 (Linux; Android 6.0.1; Nexus 5X Build/MMB29P) AppleWebKit/537.36 (KHTML, like Gecko) Chrome/134.0.6998.165 Mobile Safari/537.36 (compatible; Googlebot/2.1; +http://www.google.com/bot.html)"
66.249.65.105 - - [05/Apr/2025:08:45:07 -0400] "GET /items/c/pantelegraph/19988702.shtml HTTP/1.1" 200 19241 "-" "Mozilla/5.0 (Linux; Android 6.0.1; Nexus 5X Build/MMB29P) AppleWebKit/537.36 (KHTML, like Gecko) Chrome/134.0.6998.165 Mobile Safari/537.36 (compatible; GoogleOther)"
66.249.65.104 - - [05/Apr/2025:08:45:14 -0400] "GET /entity/w/tabulation/116563902.shtml HTTP/1.1" 200 19826 "-" "Mozilla/5.0 (Linux; Android 6.0.1; Nexus 5X Build/MMB29P) AppleWebKit/537.36 (KHTML, like Gecko) Chrome/134.0.6998.165 Mobile Safari/537.36 (compatible; GoogleOther)"
52.167.144.212 - - [05/Apr/2025:08:45:16 -0400] "GET /products110272024.shtml HTTP/1.1" 200 19953 "-" "Mozilla/5.0 AppleWebKit/537.36 (KHTML, like Gecko; compatible; bingbot/2.0; +http://www.bing.com/bingbot.htm) Chrome/116.0.1938.76 Safari/537.36"
66.249.65.104 - - [05/Apr/2025:08:45:25 -0400] "GET /goods/29900918.shtml HTTP/1.1" 200 19942 "-" "Mozilla/5.0 (Linux; Android 6.0.1; Nexus 5X Build/MMB29P) AppleWebKit/537.36 (KHTML, like Gecko) Chrome/134.0.6998.165 Mobile Safari/537.36 (compatible; Googlebot/2.1; +http://www.google.com/bot.html)"
66.249.65.104 - - [05/Apr/2025:08:45:46 -0400] "GET /shopdetail/w/embossment/79714362.shtml HTTP/1.1" 200 19397 "-" "Mozilla/5.0 (Linux; Android 6.0.1; Nexus 5X Build/MMB29P) AppleWebKit/537.36 (KHTML, like Gecko) Chrome/134.0.6998.165 Mobile Safari/537.36 (compatible; GoogleOther)"
157.55.39.52 - - [05/Apr/2025:08:45:51 -0400] "GET /product/51924474.shtml HTTP/1.1" 200 19688 "-" "Mozilla/5.0 AppleWebKit/537.36 (KHTML, like Gecko; compatible; bingbot/2.0; +http://www.bing.com/bingbot.htm) Chrome/116.0.1938.76 Safari/537.36"
52.167.144.212 - - [05/Apr/2025:08:45:57 -0400] "GET /items/f/cicisbeism108629804.shtml HTTP/1.1" 200 19725 "-" "Mozilla/5.0 AppleWebKit/537.36 (KHTML, like Gecko; compatible; bingbot/2.0; +http://www.bing.com/bingbot.htm) Chrome/116.0.1938.76 Safari/537.36"
157.55.39.52 - - [05/Apr/2025:08:45:59 -0400] "GET /goodscode60768266.shtml HTTP/1.1" 200 19795 "-" "Mozilla/5.0 AppleWebKit/537.36 (KHTML, like Gecko; compatible; bingbot/2.0; +http://www.bing.com/bingbot.htm) Chrome/116.0.1938.76 Safari/537.36"
52.167.144.212 - - [05/Apr/2025:08:46:01 -0400] "GET /product/dge/brachet/30468728.shtml HTTP/1.1" 200 19796 "-" "Mozilla/5.0 AppleWebKit/537.36 (KHTML, like Gecko; compatible; bingbot/2.0; +http://www.bing.com/bingbot.htm) Chrome/116.0.1938.76 Safari/537.36"
52.167.144.212 - - [05/Apr/2025:08:46:09 -0400] "GET /special/bm/ HTTP/1.1" 200 19501 "-" "Mozilla/5.0 AppleWebKit/537.36 (KHTML, like Gecko; compatible; bingbot/2.0; +http://www.bing.com/bingbot.htm) Chrome/116.0.1938.76 Safari/537.36"
157.55.39.52 - - [05/Apr/2025:08:46:11 -0400] "GET /entity/f/inseaming/29306924.shtml HTTP/1.1" 200 20280 "-" "Mozilla/5.0 AppleWebKit/537.36 (KHTML, like Gecko; compatible; bingbot/2.0; +http://www.bing.com/bingbot.htm) Chrome/116.0.1938.76 Safari/537.36"
52.167.144.145 - - [05/Apr/2025:08:46:14 -0400] "GET /special/gussied/108820870.shtml HTTP/1.1" 200 19648 "-" "Mozilla/5.0 AppleWebKit/537.36 (KHTML, like Gecko; compatible; bingbot/2.0; +http://www.bing.com/bingbot.htm) Chrome/116.0.1938.76 Safari/537.36"
66.249.65.104 - - [05/Apr/2025:08:46:19 -0400] "GET /items/q/homonymously/1939606.shtml HTTP/1.1" 200 19695 "-" "Mozilla/5.0 (Linux; Android 6.0.1; Nexus 5X Build/MMB29P) AppleWebKit/537.36 (KHTML, like Gecko) Chrome/134.0.6998.165 Mobile Safari/537.36 (compatible; GoogleOther)"
66.249.65.105 - - [05/Apr/2025:08:46:41 -0400] "GET /goodscode/to/cropear116952460.shtml HTTP/1.1" 200 19868 "-" "Mozilla/5.0 (Linux; Android 6.0.1; Nexus 5X Build/MMB29P) AppleWebKit/537.36 (KHTML, like Gecko) Chrome/134.0.6998.165 Mobile Safari/537.36 (compatible; Googlebot/2.1; +http://www.google.com/bot.html)"
66.249.65.104 - - [05/Apr/2025:08:46:43 -0400] "GET /shopdetail/syy/spleenful/41984486.shtml HTTP/1.1" 200 19567 "-" "Mozilla/5.0 (Linux; Android 6.0.1; Nexus 5X Build/MMB29P) AppleWebKit/537.36 (KHTML, like Gecko) Chrome/134.0.6998.165 Mobile Safari/537.36 (compatible; GoogleOther)"
52.167.144.212 - - [05/Apr/2025:08:46:47 -0400] "GET /special34145660.shtml HTTP/1.1" 200 20390 "-" "Mozilla/5.0 AppleWebKit/537.36 (KHTML, like Gecko; compatible; bingbot/2.0; +http://www.bing.com/bingbot.htm) Chrome/116.0.1938.76 Safari/537.36"
52.167.144.212 - - [05/Apr/2025:08:46:57 -0400] "GET /items/arterialized92120054.shtml HTTP/1.1" 200 20198 "-" "Mozilla/5.0 AppleWebKit/537.36 (KHTML, like Gecko; compatible; bingbot/2.0; +http://www.bing.com/bingbot.htm) Chrome/116.0.1938.76 Safari/537.36"
66.249.65.96 - - [05/Apr/2025:08:47:04 -0400] "GET /info/smokable/20012810.shtml HTTP/1.1" 200 19724 "-" "Mozilla/5.0 (Linux; Android 6.0.1; Nexus 5X Build/MMB29P) AppleWebKit/537.36 (KHTML, like Gecko) Chrome/134.0.6998.165 Mobile Safari/537.36 (compatible; GoogleOther)"
3.147.59.186 - - [05/Apr/2025:08:47:06 -0400] "GET /ad917/?path=%2Fhome%2Fservlmvm%2Fpublic_html%2F..%2F.%2Ftmp HTTP/1.1" 200 1875 "-" "Mozilla/5.0 AppleWebKit/537.36 (KHTML, like Gecko; compatible; ClaudeBot/1.0; +claudebot@anthropic.com)"
3.147.59.186 - - [05/Apr/2025:08:47:08 -0400] "GET /ad917/?path=%2Fhome%2Fservlmvm%2Fpublic_html%2F..%2Fwww%2F. HTTP/1.1" 200 2399 "-" "Mozilla/5.0 AppleWebKit/537.36 (KHTML, like Gecko; compatible; ClaudeBot/1.0; +claudebot@anthropic.com)"
3.147.59.186 - - [05/Apr/2025:08:47:11 -0400] "GET /ad917/?path=%2Fhome%2Fservlmvm%2Fpublic_html%2F..%2Fssl%2F. HTTP/1.1" 200 1623 "-" "Mozilla/5.0 AppleWebKit/537.36 (KHTML, like Gecko; compatible; ClaudeBot/1.0; +claudebot@anthropic.com)"
3.147.59.186 - - [05/Apr/2025:08:47:14 -0400] "GET /ad917/?path=%2Fhome%2Fservlmvm%2F.%2Fwww%2Fwp-trackback.php HTTP/1.1" 200 2892 "-" "Mozilla/5.0 AppleWebKit/537.36 (KHTML, like Gecko; compatible; ClaudeBot/1.0; +claudebot@anthropic.com)"
66.249.65.105 - - [05/Apr/2025:08:47:14 -0400] "GET /entity/collider59639642.shtml HTTP/1.1" 200 19859 "-" "Mozilla/5.0 (Linux; Android 6.0.1; Nexus 5X Build/MMB29P) AppleWebKit/537.36 (KHTML, like Gecko) Chrome/134.0.6998.165 Mobile Safari/537.36 (compatible; GoogleOther)"
3.147.59.186 - - [05/Apr/2025:08:47:17 -0400] "GET /ad917/?path=%2Fhome%2Fservlmvm%2F.%2Fetc%2Fspekkshealth.com HTTP/1.1" 403 1242 "-" "Mozilla/5.0 AppleWebKit/537.36 (KHTML, like Gecko; compatible; ClaudeBot/1.0; +claudebot@anthropic.com)"
52.167.144.212 - - [05/Apr/2025:08:47:18 -0400] "GET /product/bulimus112375868.shtml HTTP/1.1" 200 19591 "-" "Mozilla/5.0 AppleWebKit/537.36 (KHTML, like Gecko; compatible; bingbot/2.0; +http://www.bing.com/bingbot.htm) Chrome/116.0.1938.76 Safari/537.36"
3.147.59.186 - - [05/Apr/2025:08:47:20 -0400] "GET /ad917/?path=%2Fhome%2Fservlmvm%2F.%2Fpuppiesoftexas.com%2F. HTTP/1.1" 200 2278 "-" "Mozilla/5.0 AppleWebKit/537.36 (KHTML, like Gecko; compatible; ClaudeBot/1.0; +claudebot@anthropic.com)"
3.147.59.186 - - [05/Apr/2025:08:47:23 -0400] "GET /ad917/?path=%2Fhome%2Fservlmvm%2Fpublic_html%2F..%2F..%2F. HTTP/1.1" 200 1451 "-" "Mozilla/5.0 AppleWebKit/537.36 (KHTML, like Gecko; compatible; ClaudeBot/1.0; +claudebot@anthropic.com)"
66.249.65.104 - - [05/Apr/2025:08:47:24 -0400] "GET /item/a/trunnion/47579074.shtml HTTP/1.1" 200 19798 "-" "Mozilla/5.0 (Linux; Android 6.0.1; Nexus 5X Build/MMB29P) AppleWebKit/537.36 (KHTML, like Gecko) Chrome/134.0.6998.165 Mobile Safari/537.36 (compatible; GoogleOther)"
3.147.59.186 - - [05/Apr/2025:08:47:26 -0400] "GET /ad917/?path=%2Fhome%2Fservlmvm%2Fpublic_html%2F..%2F.%2F.. HTTP/1.1" 200 1458 "-" "Mozilla/5.0 AppleWebKit/537.36 (KHTML, like Gecko; compatible; ClaudeBot/1.0; +claudebot@anthropic.com)"
3.147.59.186 - - [05/Apr/2025:08:47:29 -0400] "GET /ad917/?path=%2Fhome%2Fservlmvm%2F.%2Fwww%2Fwp-settings.php HTTP/1.1" 200 6939 "-" "Mozilla/5.0 AppleWebKit/537.36 (KHTML, like Gecko; compatible; ClaudeBot/1.0; +claudebot@anthropic.com)"
3.147.59.186 - - [05/Apr/2025:08:47:32 -0400] "GET /ad917/?path=%2Fhome%2Fservlmvm%2F.%2Fwww%2Fwp-activate.php HTTP/1.1" 200 3590 "-" "Mozilla/5.0 AppleWebKit/537.36 (KHTML, like Gecko; compatible; ClaudeBot/1.0; +claudebot@anthropic.com)"
66.249.65.104 - - [05/Apr/2025:08:47:38 -0400] "GET /entity/kke/flexicostate/3823070.shtml HTTP/1.1" 200 19755 "-" "Mozilla/5.0 (Linux; Android 6.0.1; Nexus 5X Build/MMB29P) AppleWebKit/537.36 (KHTML, like Gecko) Chrome/134.0.6998.165 Mobile Safari/537.36 (compatible; GoogleOther)"
52.167.144.149 - - [05/Apr/2025:08:47:42 -0400] "GET /shopbrand28689890.shtml HTTP/1.1" 200 19467 "-" "Mozilla/5.0 AppleWebKit/537.36 (KHTML, like Gecko; compatible; bingbot/2.0; +http://www.bing.com/bingbot.htm) Chrome/116.0.1938.76 Safari/537.36"
66.249.65.104 - - [05/Apr/2025:08:47:55 -0400] "GET /special/ds/reedify/108105496.shtml HTTP/1.1" 200 20200 "-" "Mozilla/5.0 (Linux; Android 6.0.1; Nexus 5X Build/MMB29P) AppleWebKit/537.36 (KHTML, like Gecko) Chrome/134.0.6998.165 Mobile Safari/537.36 (compatible; Googlebot/2.1; +http://www.google.com/bot.html)"
52.167.144.197 - - [05/Apr/2025:08:48:05 -0400] "GET /shopdetail/volumetric51303634.shtml HTTP/1.1" 200 19881 "-" "Mozilla/5.0 AppleWebKit/537.36 (KHTML, like Gecko; compatible; bingbot/2.0; +http://www.bing.com/bingbot.htm) Chrome/116.0.1938.76 Safari/537.36"
52.167.144.212 - - [05/Apr/2025:08:48:07 -0400] "GET /shopbrand/boozing62695732.shtml HTTP/1.1" 200 20256 "-" "Mozilla/5.0 AppleWebKit/537.36 (KHTML, like Gecko; compatible; bingbot/2.0; +http://www.bing.com/bingbot.htm) Chrome/116.0.1938.76 Safari/537.36"
157.55.39.52 - - [05/Apr/2025:08:48:11 -0400] "GET /products/leany89471302.shtml HTTP/1.1" 200 20108 "-" "Mozilla/5.0 AppleWebKit/537.36 (KHTML, like Gecko; compatible; bingbot/2.0; +http://www.bing.com/bingbot.htm) Chrome/116.0.1938.76 Safari/537.36"
66.249.65.104 - - [05/Apr/2025:08:48:11 -0400] "GET /shopdetail/pc/volage119514124.shtml HTTP/1.1" 200 19683 "-" "Mozilla/5.0 (Linux; Android 6.0.1; Nexus 5X Build/MMB29P) AppleWebKit/537.36 (KHTML, like Gecko) Chrome/134.0.6998.165 Mobile Safari/537.36 (compatible; GoogleOther)"
66.249.65.104 - - [05/Apr/2025:08:48:15 -0400] "GET /products/ik/archonts/48367914.shtml HTTP/1.1" 200 20096 "-" "Mozilla/5.0 (Linux; Android 6.0.1; Nexus 5X Build/MMB29P) AppleWebKit/537.36 (KHTML, like Gecko) Chrome/134.0.6998.165 Mobile Safari/537.36 (compatible; GoogleOther)"
157.55.39.52 - - [05/Apr/2025:08:48:19 -0400] "GET /detail26320408.shtml HTTP/1.1" 200 20459 "-" "Mozilla/5.0 AppleWebKit/537.36 (KHTML, like Gecko; compatible; bingbot/2.0; +http://www.bing.com/bingbot.htm) Chrome/116.0.1938.76 Safari/537.36"
157.55.39.52 - - [05/Apr/2025:08:48:22 -0400] "GET /goods/sparada100802294.shtml HTTP/1.1" 200 20073 "-" "Mozilla/5.0 AppleWebKit/537.36 (KHTML, like Gecko; compatible; bingbot/2.0; +http://www.bing.com/bingbot.htm) Chrome/116.0.1938.76 Safari/537.36"
157.55.39.52 - - [05/Apr/2025:08:48:25 -0400] "GET /products/86701654.shtml HTTP/1.1" 200 20597 "-" "Mozilla/5.0 AppleWebKit/537.36 (KHTML, like Gecko; compatible; bingbot/2.0; +http://www.bing.com/bingbot.htm) Chrome/116.0.1938.76 Safari/537.36"
52.167.144.145 - - [05/Apr/2025:08:48:28 -0400] "GET /items/agistment/37314086.shtml HTTP/1.1" 200 19458 "-" "Mozilla/5.0 AppleWebKit/537.36 (KHTML, like Gecko; compatible; bingbot/2.0; +http://www.bing.com/bingbot.htm) Chrome/116.0.1938.76 Safari/537.36"
52.167.144.149 - - [05/Apr/2025:08:48:31 -0400] "GET /shopbrand/de/polynoidae74621564.shtml HTTP/1.1" 200 20379 "-" "Mozilla/5.0 AppleWebKit/537.36 (KHTML, like Gecko; compatible; bingbot/2.0; +http://www.bing.com/bingbot.htm) Chrome/116.0.1938.76 Safari/537.36"
52.167.144.145 - - [05/Apr/2025:08:48:32 -0400] "GET /products/8136324.shtml HTTP/1.1" 200 19563 "-" "Mozilla/5.0 AppleWebKit/537.36 (KHTML, like Gecko; compatible; bingbot/2.0; +http://www.bing.com/bingbot.htm) Chrome/116.0.1938.76 Safari/537.36"
157.55.39.52 - - [05/Apr/2025:08:48:38 -0400] "GET /special/unemphatic75584208.shtml HTTP/1.1" 200 19694 "-" "Mozilla/5.0 AppleWebKit/537.36 (KHTML, like Gecko; compatible; bingbot/2.0; +http://www.bing.com/bingbot.htm) Chrome/116.0.1938.76 Safari/537.36"
66.249.65.104 - - [05/Apr/2025:08:48:48 -0400] "GET /info/51773946.shtml HTTP/1.1" 200 19913 "-" "Mozilla/5.0 (Linux; Android 6.0.1; Nexus 5X Build/MMB29P) AppleWebKit/537.36 (KHTML, like Gecko) Chrome/134.0.6998.165 Mobile Safari/537.36 (compatible; Googlebot/2.1; +http://www.google.com/bot.html)"
66.249.65.104 - - [05/Apr/2025:08:48:50 -0400] "GET /special/yg/kinds/67143342.shtml HTTP/1.1" 200 19810 "-" "Mozilla/5.0 (Linux; Android 6.0.1; Nexus 5X Build/MMB29P) AppleWebKit/537.36 (KHTML, like Gecko) Chrome/134.0.6998.165 Mobile Safari/537.36 (compatible; GoogleOther)"
52.167.144.145 - - [05/Apr/2025:08:48:53 -0400] "GET /product75414406.shtml HTTP/1.1" 200 20108 "-" "Mozilla/5.0 AppleWebKit/537.36 (KHTML, like Gecko; compatible; bingbot/2.0; +http://www.bing.com/bingbot.htm) Chrome/116.0.1938.76 Safari/537.36"
66.249.65.104 - - [05/Apr/2025:08:48:54 -0400] "GET /special/o/dashed/38383946.shtml HTTP/1.1" 200 20191 "-" "Mozilla/5.0 (Linux; Android 6.0.1; Nexus 5X Build/MMB29P) AppleWebKit/537.36 (KHTML, like Gecko) Chrome/134.0.6998.165 Mobile Safari/537.36 (compatible; GoogleOther)"
52.167.144.145 - - [05/Apr/2025:08:48:57 -0400] "GET /items/100735702.shtml HTTP/1.1" 200 20208 "-" "Mozilla/5.0 AppleWebKit/537.36 (KHTML, like Gecko; compatible; bingbot/2.0; +http://www.bing.com/bingbot.htm) Chrome/116.0.1938.76 Safari/537.36"
66.249.65.105 - - [05/Apr/2025:08:49:10 -0400] "GET /detail/claybrained/95490254.shtml HTTP/1.1" 200 20492 "-" "Mozilla/5.0 (Linux; Android 6.0.1; Nexus 5X Build/MMB29P) AppleWebKit/537.36 (KHTML, like Gecko) Chrome/134.0.6998.165 Mobile Safari/537.36 (compatible; GoogleOther)"
52.167.144.145 - - [05/Apr/2025:08:49:13 -0400] "GET /products/ii/castellation36497794.shtml HTTP/1.1" 200 19865 "-" "Mozilla/5.0 AppleWebKit/537.36 (KHTML, like Gecko; compatible; bingbot/2.0; +http://www.bing.com/bingbot.htm) Chrome/116.0.1938.76 Safari/537.36"
52.167.144.149 - - [05/Apr/2025:08:49:21 -0400] "GET /goodscode/psychologist52111526.shtml HTTP/1.1" 200 18891 "-" "Mozilla/5.0 AppleWebKit/537.36 (KHTML, like Gecko; compatible; bingbot/2.0; +http://www.bing.com/bingbot.htm) Chrome/116.0.1938.76 Safari/537.36"
52.167.144.145 - - [05/Apr/2025:08:49:22 -0400] "GET /products/walhalla45853584.shtml HTTP/1.1" 200 19857 "-" "Mozilla/5.0 AppleWebKit/537.36 (KHTML, like Gecko; compatible; bingbot/2.0; +http://www.bing.com/bingbot.htm) Chrome/116.0.1938.76 Safari/537.36"
3.143.236.11 - - [05/Apr/2025:08:49:31 -0400] "GET /ad917/?path=%2Fhome%2Fservlmvm%2Fpublic_html%2F..%2F.%2Fmail HTTP/1.1" 200 2287 "-" "Mozilla/5.0 AppleWebKit/537.36 (KHTML, like Gecko; compatible; ClaudeBot/1.0; +claudebot@anthropic.com)"
157.55.39.52 - - [05/Apr/2025:08:49:31 -0400] "GET /items122418890.shtml HTTP/1.1" 200 19857 "-" "Mozilla/5.0 AppleWebKit/537.36 (KHTML, like Gecko; compatible; bingbot/2.0; +http://www.bing.com/bingbot.htm) Chrome/116.0.1938.76 Safari/537.36"
52.167.144.149 - - [05/Apr/2025:08:49:32 -0400] "GET /goodscode/patripassian/52509870.shtml HTTP/1.1" 200 19301 "-" "Mozilla/5.0 AppleWebKit/537.36 (KHTML, like Gecko; compatible; bingbot/2.0; +http://www.bing.com/bingbot.htm) Chrome/116.0.1938.76 Safari/537.36"
3.143.236.11 - - [05/Apr/2025:08:49:34 -0400] "GET /ad917/?path=%2Fhome%2Fservlmvm%2Fpublic_html%2F..%2Fssl%2F.. HTTP/1.1" 200 2451 "-" "Mozilla/5.0 AppleWebKit/537.36 (KHTML, like Gecko; compatible; ClaudeBot/1.0; +claudebot@anthropic.com)"
3.143.236.11 - - [05/Apr/2025:08:49:37 -0400] "GET /ad917/?path=%2Fhome%2Fservlmvm%2Fpublic_html%2F..%2Fwww%2F.. HTTP/1.1" 200 2447 "-" "Mozilla/5.0 AppleWebKit/537.36 (KHTML, like Gecko; compatible; ClaudeBot/1.0; +claudebot@anthropic.com)"
3.143.236.11 - - [05/Apr/2025:08:49:40 -0400] "GET /ad917/?path=%2Fhome%2Fservlmvm%2F.%2Fpuppiesoftexas.com%2F.. HTTP/1.1" 200 2446 "-" "Mozilla/5.0 AppleWebKit/537.36 (KHTML, like Gecko; compatible; ClaudeBot/1.0; +claudebot@anthropic.com)"
52.167.144.149 - - [05/Apr/2025:08:49:41 -0400] "GET /goodscode47072654.shtml HTTP/1.1" 200 20169 "-" "Mozilla/5.0 AppleWebKit/537.36 (KHTML, like Gecko; compatible; bingbot/2.0; +http://www.bing.com/bingbot.htm) Chrome/116.0.1938.76 Safari/537.36"
3.143.236.11 - - [05/Apr/2025:08:49:43 -0400] "GET /ad917/?path=%2Fhome%2Fservlmvm%2F.%2Fwww%2Fwp-links-opml.php HTTP/1.1" 200 2109 "-" "Mozilla/5.0 AppleWebKit/537.36 (KHTML, like Gecko; compatible; ClaudeBot/1.0; +claudebot@anthropic.com)"
3.143.236.11 - - [05/Apr/2025:08:49:46 -0400] "GET /ad917/?path=%2Fhome%2Fservlmvm%2F.%2F.cpanel%2Fnvdata.cache HTTP/1.1" 200 1089 "-" "Mozilla/5.0 AppleWebKit/537.36 (KHTML, like Gecko; compatible; ClaudeBot/1.0; +claudebot@anthropic.com)"
3.143.236.11 - - [05/Apr/2025:08:49:49 -0400] "GET /ad917/?path=%2Fhome%2Fservlmvm%2Fpublic_html%2F..%2F.%2Fetc HTTP/1.1" 200 1507 "-" "Mozilla/5.0 AppleWebKit/537.36 (KHTML, like Gecko; compatible; ClaudeBot/1.0; +claudebot@anthropic.com)"
3.143.236.11 - - [05/Apr/2025:08:49:52 -0400] "GET /ad917/?path=%2Fhome%2Fservlmvm%2Fpublic_html%2F..%2F.%2Fwww HTTP/1.1" 200 2345 "-" "Mozilla/5.0 AppleWebKit/537.36 (KHTML, like Gecko; compatible; ClaudeBot/1.0; +claudebot@anthropic.com)"
52.167.144.145 - - [05/Apr/2025:08:49:52 -0400] "GET /item/picnic22517036.shtml HTTP/1.1" 200 19752 "-" "Mozilla/5.0 AppleWebKit/537.36 (KHTML, like Gecko; compatible; bingbot/2.0; +http://www.bing.com/bingbot.htm) Chrome/116.0.1938.76 Safari/537.36"
3.143.236.11 - - [05/Apr/2025:08:49:55 -0400] "GET /ad917/?path=%2Fhome%2Fservlmvm%2Fpublic_html%2F..%2F..%2F.. HTTP/1.1" 200 1866 "-" "Mozilla/5.0 AppleWebKit/537.36 (KHTML, like Gecko; compatible; ClaudeBot/1.0; +claudebot@anthropic.com)"
66.249.65.104 - - [05/Apr/2025:08:49:55 -0400] "GET /info/hwo/staysail/19999812.shtml HTTP/1.1" 200 19775 "-" "Mozilla/5.0 (Linux; Android 6.0.1; Nexus 5X Build/MMB29P) AppleWebKit/537.36 (KHTML, like Gecko) Chrome/134.0.6998.165 Mobile Safari/537.36 (compatible; GoogleOther)"
3.143.236.11 - - [05/Apr/2025:08:49:58 -0400] "GET /ad917/?path=%2Fhome%2Fservlmvm%2Fpublic_html%2F..%2F.%2Fssl HTTP/1.1" 200 1617 "-" "Mozilla/5.0 AppleWebKit/537.36 (KHTML, like Gecko; compatible; ClaudeBot/1.0; +claudebot@anthropic.com)"
66.249.65.104 - - [05/Apr/2025:08:49:58 -0400] "GET /detail/outmigration92841446.shtml HTTP/1.1" 200 20354 "-" "Mozilla/5.0 (Linux; Android 6.0.1; Nexus 5X Build/MMB29P) AppleWebKit/537.36 (KHTML, like Gecko) Chrome/134.0.6998.165 Mobile Safari/537.36 (compatible; GoogleOther)"
66.249.65.105 - - [05/Apr/2025:08:50:01 -0400] "GET /detail/lagerstromia/41983620.shtml HTTP/1.1" 200 19603 "-" "Mozilla/5.0 (Linux; Android 6.0.1; Nexus 5X Build/MMB29P) AppleWebKit/537.36 (KHTML, like Gecko) Chrome/134.0.6998.165 Mobile Safari/537.36 (compatible; GoogleOther)"
66.249.65.104 - - [05/Apr/2025:08:50:11 -0400] "GET /entity/f/mooting/3825024.shtml HTTP/1.1" 200 20380 "-" "Mozilla/5.0 (Linux; Android 6.0.1; Nexus 5X Build/MMB29P) AppleWebKit/537.36 (KHTML, like Gecko) Chrome/134.0.6998.165 Mobile Safari/537.36 (compatible; GoogleOther)"
157.55.39.52 - - [05/Apr/2025:08:50:20 -0400] "GET /shopping114131992.shtml HTTP/1.1" 200 19829 "-" "Mozilla/5.0 AppleWebKit/537.36 (KHTML, like Gecko; compatible; bingbot/2.0; +http://www.bing.com/bingbot.htm) Chrome/116.0.1938.76 Safari/537.36"
66.249.65.104 - - [05/Apr/2025:08:50:24 -0400] "GET /item/q/arachnia33893726.shtml HTTP/1.1" 200 19923 "-" "Mozilla/5.0 (Linux; Android 6.0.1; Nexus 5X Build/MMB29P) AppleWebKit/537.36 (KHTML, like Gecko) Chrome/134.0.6998.165 Mobile Safari/537.36 (compatible; GoogleOther)"
98.82.63.147 - - [05/Apr/2025:08:50:29 -0400] "GET /wp-includes/css/dist/edit-widgets/ HTTP/1.1" 200 859 "-" "Mozilla/5.0 AppleWebKit/537.36 (KHTML, like Gecko; compatible; Amazonbot/0.1; +https://developer.amazon.com/support/amazonbot) Chrome/119.0.6045.214 Safari/537.36"
52.167.144.212 - - [05/Apr/2025:08:50:29 -0400] "GET /special73654980.shtml HTTP/1.1" 200 20089 "-" "Mozilla/5.0 AppleWebKit/537.36 (KHTML, like Gecko; compatible; bingbot/2.0; +http://www.bing.com/bingbot.htm) Chrome/116.0.1938.76 Safari/537.36"
52.167.144.212 - - [05/Apr/2025:08:50:32 -0400] "GET /entity/37479032.shtml HTTP/1.1" 200 19899 "-" "Mozilla/5.0 AppleWebKit/537.36 (KHTML, like Gecko; compatible; bingbot/2.0; +http://www.bing.com/bingbot.htm) Chrome/116.0.1938.76 Safari/537.36"
54.221.203.24 - - [05/Apr/2025:08:50:34 -0400] "GET /wp-includes/js/dist/script-modules/block-library/file/?SA HTTP/1.1" 403 1242 "-" "Mozilla/5.0 AppleWebKit/537.36 (KHTML, like Gecko; compatible; Amazonbot/0.1; +https://developer.amazon.com/support/amazonbot) Chrome/119.0.6045.214 Safari/537.36"
52.167.144.145 - - [05/Apr/2025:08:50:35 -0400] "GET /detail90626992.shtml HTTP/1.1" 200 20119 "-" "Mozilla/5.0 AppleWebKit/537.36 (KHTML, like Gecko; compatible; bingbot/2.0; +http://www.bing.com/bingbot.htm) Chrome/116.0.1938.76 Safari/537.36"
44.210.204.255 - - [05/Apr/2025:08:50:39 -0400] "GET /wp-includes/sodium_compat/src/Core32/SecretStream/State.php HTTP/1.1" 403 1242 "-" "Mozilla/5.0 AppleWebKit/537.36 (KHTML, like Gecko; compatible; Amazonbot/0.1; +https://developer.amazon.com/support/amazonbot) Chrome/119.0.6045.214 Safari/537.36"
44.212.131.50 - - [05/Apr/2025:08:50:42 -0400] "GET /wp-includes/js/tinymce/skins/lightgray/fonts/?ND HTTP/1.1" 403 1242 "-" "Mozilla/5.0 AppleWebKit/537.36 (KHTML, like Gecko; compatible; Amazonbot/0.1; +https://developer.amazon.com/support/amazonbot) Chrome/119.0.6045.214 Safari/537.36"
52.167.144.212 - - [05/Apr/2025:08:51:08 -0400] "GET /special/gyracanthus/114040564.shtml HTTP/1.1" 200 20278 "-" "Mozilla/5.0 AppleWebKit/537.36 (KHTML, like Gecko; compatible; bingbot/2.0; +http://www.bing.com/bingbot.htm) Chrome/116.0.1938.76 Safari/537.36"
66.249.65.104 - - [05/Apr/2025:08:51:13 -0400] "GET /products/duo/fosterer/19988788.shtml HTTP/1.1" 200 19409 "-" "Mozilla/5.0 (Linux; Android 6.0.1; Nexus 5X Build/MMB29P) AppleWebKit/537.36 (KHTML, like Gecko) Chrome/134.0.6998.165 Mobile Safari/537.36 (compatible; GoogleOther)"
66.249.65.104 - - [05/Apr/2025:08:51:28 -0400] "GET /item/zag/bullpen/73295644.shtml HTTP/1.1" 200 20082 "-" "Mozilla/5.0 (Linux; Android 6.0.1; Nexus 5X Build/MMB29P) AppleWebKit/537.36 (KHTML, like Gecko) Chrome/134.0.6998.165 Mobile Safari/537.36 (compatible; Googlebot/2.1; +http://www.google.com/bot.html)"
52.167.144.145 - - [05/Apr/2025:08:51:33 -0400] "GET /product111043358.shtml HTTP/1.1" 200 20178 "-" "Mozilla/5.0 AppleWebKit/537.36 (KHTML, like Gecko; compatible; bingbot/2.0; +http://www.bing.com/bingbot.htm) Chrome/116.0.1938.76 Safari/537.36"
66.249.65.104 - - [05/Apr/2025:08:51:36 -0400] "GET /product/t/boteless116828020.shtml HTTP/1.1" 200 20142 "-" "Mozilla/5.0 (Linux; Android 6.0.1; Nexus 5X Build/MMB29P) AppleWebKit/537.36 (KHTML, like Gecko) Chrome/134.0.6998.165 Mobile Safari/537.36 (compatible; GoogleOther)"
52.167.144.149 - - [05/Apr/2025:08:51:53 -0400] "GET /shopdetail/49453336.shtml HTTP/1.1" 200 19473 "-" "Mozilla/5.0 AppleWebKit/537.36 (KHTML, like Gecko; compatible; bingbot/2.0; +http://www.bing.com/bingbot.htm) Chrome/116.0.1938.76 Safari/537.36"
18.216.115.2 - - [05/Apr/2025:08:51:55 -0400] "GET /ad917/?path=%2Fhome%2Fservlmvm%2F.%2Fwww%2Fwp-comments-post.php HTTP/1.1" 200 2042 "-" "Mozilla/5.0 AppleWebKit/537.36 (KHTML, like Gecko; compatible; ClaudeBot/1.0; +claudebot@anthropic.com)"
18.216.115.2 - - [05/Apr/2025:08:51:58 -0400] "GET /ad917/?path=%2Fhome%2Fservlmvm%2F.%2Fspekkshealth.com%2Fphp.ini HTTP/1.1" 200 1012 "-" "Mozilla/5.0 AppleWebKit/537.36 (KHTML, like Gecko; compatible; ClaudeBot/1.0; +claudebot@anthropic.com)"
18.216.115.2 - - [05/Apr/2025:08:52:01 -0400] "GET /ad917/?path=%2Fhome%2Fservlmvm%2Fpublic_html%2F..%2F.%2F.trash HTTP/1.1" 200 1428 "-" "Mozilla/5.0 AppleWebKit/537.36 (KHTML, like Gecko; compatible; ClaudeBot/1.0; +claudebot@anthropic.com)"
18.216.115.2 - - [05/Apr/2025:08:52:04 -0400] "GET /ad917/?path=%2Fhome%2Fservlmvm%2Fpublic_html%2F..%2F.%2F.gemrc HTTP/1.1" 200 1050 "-" "Mozilla/5.0 AppleWebKit/537.36 (KHTML, like Gecko; compatible; ClaudeBot/1.0; +claudebot@anthropic.com)"
18.216.115.2 - - [05/Apr/2025:08:52:07 -0400] "GET /ad917/?path=%2Fhome%2Fservlmvm%2Fpublic_html%2F..%2F.%2F.zshrc HTTP/1.1" 200 1317 "-" "Mozilla/5.0 AppleWebKit/537.36 (KHTML, like Gecko; compatible; ClaudeBot/1.0; +claudebot@anthropic.com)"
18.216.115.2 - - [05/Apr/2025:08:52:10 -0400] "GET /ad917/?path=%2Fhome%2Fservlmvm%2Fpublic_html%2F..%2Fssl%2Fcsrs HTTP/1.1" 200 1435 "-" "Mozilla/5.0 AppleWebKit/537.36 (KHTML, like Gecko; compatible; ClaudeBot/1.0; +claudebot@anthropic.com)"
18.216.115.2 - - [05/Apr/2025:08:52:13 -0400] "GET /ad917/?path=%2Fhome%2Fservlmvm%2Fpublic_html%2F..%2Fssl%2Fkeys HTTP/1.1" 200 1717 "-" "Mozilla/5.0 AppleWebKit/537.36 (KHTML, like Gecko; compatible; ClaudeBot/1.0; +claudebot@anthropic.com)"
52.167.144.145 - - [05/Apr/2025:08:52:13 -0400] "GET /entity75695084.shtml HTTP/1.1" 200 19563 "-" "Mozilla/5.0 AppleWebKit/537.36 (KHTML, like Gecko; compatible; bingbot/2.0; +http://www.bing.com/bingbot.htm) Chrome/116.0.1938.76 Safari/537.36"
18.216.115.2 - - [05/Apr/2025:08:52:16 -0400] "GET /ad917/?path=%2Fhome%2Fservlmvm%2F.%2F.cl.selector%2F.htaccess HTTP/1.1" 403 1242 "-" "Mozilla/5.0 AppleWebKit/537.36 (KHTML, like Gecko; compatible; ClaudeBot/1.0; +claudebot@anthropic.com)"
18.216.115.2 - - [05/Apr/2025:08:52:19 -0400] "GET /ad917/?path=%2Fhome%2Fservlmvm%2F.%2Fwww%2Fwp-blog-header.php HTTP/1.1" 200 1130 "-" "Mozilla/5.0 AppleWebKit/537.36 (KHTML, like Gecko; compatible; ClaudeBot/1.0; +claudebot@anthropic.com)"
18.216.115.2 - - [05/Apr/2025:08:52:22 -0400] "GET /ad917/?path=%2Fhome%2Fservlmvm%2Fpublic_html%2F..%2F.%2Flogs HTTP/1.1" 200 1930 "-" "Mozilla/5.0 AppleWebKit/537.36 (KHTML, like Gecko; compatible; ClaudeBot/1.0; +claudebot@anthropic.com)"
66.249.65.96 - - [05/Apr/2025:08:52:34 -0400] "GET /product116664488.shtml HTTP/1.1" 200 19776 "-" "Mozilla/5.0 (Linux; Android 6.0.1; Nexus 5X Build/MMB29P) AppleWebKit/537.36 (KHTML, like Gecko) Chrome/134.0.6998.165 Mobile Safari/537.36 (compatible; GoogleOther)"
66.249.65.104 - - [05/Apr/2025:08:52:36 -0400] "GET /detail/zic/whalebone/67168480.shtml HTTP/1.1" 200 19602 "-" "Mozilla/5.0 (Linux; Android 6.0.1; Nexus 5X Build/MMB29P) AppleWebKit/537.36 (KHTML, like Gecko) Chrome/134.0.6998.165 Mobile Safari/537.36 (compatible; GoogleOther)"
52.167.144.174 - - [05/Apr/2025:08:52:38 -0400] "GET /entity9671692.shtml HTTP/1.1" 200 20021 "-" "Mozilla/5.0 AppleWebKit/537.36 (KHTML, like Gecko; compatible; bingbot/2.0; +http://www.bing.com/bingbot.htm) Chrome/116.0.1938.76 Safari/537.36"
66.249.65.105 - - [05/Apr/2025:08:52:44 -0400] "GET /items/i/allurement/15110990.shtml HTTP/1.1" 200 19488 "-" "Mozilla/5.0 (Linux; Android 6.0.1; Nexus 5X Build/MMB29P) AppleWebKit/537.36 (KHTML, like Gecko) Chrome/134.0.6998.165 Mobile Safari/537.36 (compatible; GoogleOther)"
52.167.144.174 - - [05/Apr/2025:08:52:48 -0400] "GET /detail37610538.shtml HTTP/1.1" 200 20077 "-" "Mozilla/5.0 AppleWebKit/537.36 (KHTML, like Gecko; compatible; bingbot/2.0; +http://www.bing.com/bingbot.htm) Chrome/116.0.1938.76 Safari/537.36"
66.249.65.104 - - [05/Apr/2025:08:52:48 -0400] "GET /special/centner94779278.shtml HTTP/1.1" 200 19827 "-" "Mozilla/5.0 (Linux; Android 6.0.1; Nexus 5X Build/MMB29P) AppleWebKit/537.36 (KHTML, like Gecko) Chrome/134.0.6998.165 Mobile Safari/537.36 (compatible; GoogleOther)"
157.55.39.52 - - [05/Apr/2025:08:52:53 -0400] "GET /entity92945054.shtml HTTP/1.1" 200 20223 "-" "Mozilla/5.0 AppleWebKit/537.36 (KHTML, like Gecko; compatible; bingbot/2.0; +http://www.bing.com/bingbot.htm) Chrome/116.0.1938.76 Safari/537.36"
52.167.144.174 - - [05/Apr/2025:08:52:57 -0400] "GET /items/47039728.shtml HTTP/1.1" 200 19894 "-" "Mozilla/5.0 AppleWebKit/537.36 (KHTML, like Gecko; compatible; bingbot/2.0; +http://www.bing.com/bingbot.htm) Chrome/116.0.1938.76 Safari/537.36"
157.55.39.52 - - [05/Apr/2025:08:53:11 -0400] "GET /item/10281936.shtml HTTP/1.1" 200 19947 "-" "Mozilla/5.0 AppleWebKit/537.36 (KHTML, like Gecko; compatible; bingbot/2.0; +http://www.bing.com/bingbot.htm) Chrome/116.0.1938.76 Safari/537.36"
52.167.144.145 - - [05/Apr/2025:08:53:22 -0400] "GET /special/hygrograph/64518762.shtml HTTP/1.1" 200 19768 "-" "Mozilla/5.0 AppleWebKit/537.36 (KHTML, like Gecko; compatible; bingbot/2.0; +http://www.bing.com/bingbot.htm) Chrome/116.0.1938.76 Safari/537.36"
52.167.144.145 - - [05/Apr/2025:08:53:26 -0400] "GET /special/92689480.shtml HTTP/1.1" 200 19548 "-" "Mozilla/5.0 AppleWebKit/537.36 (KHTML, like Gecko; compatible; bingbot/2.0; +http://www.bing.com/bingbot.htm) Chrome/116.0.1938.76 Safari/537.36"
66.249.65.104 - - [05/Apr/2025:08:53:27 -0400] "GET /shopping/82088916.shtml HTTP/1.1" 200 20130 "-" "Mozilla/5.0 (Linux; Android 6.0.1; Nexus 5X Build/MMB29P) AppleWebKit/537.36 (KHTML, like Gecko) Chrome/134.0.6998.165 Mobile Safari/537.36 (compatible; Googlebot/2.1; +http://www.google.com/bot.html)"
66.249.65.96 - - [05/Apr/2025:08:53:28 -0400] "GET /shopping/61615538.shtml HTTP/1.1" 200 19918 "-" "Mozilla/5.0 (Linux; Android 6.0.1; Nexus 5X Build/MMB29P) AppleWebKit/537.36 (KHTML, like Gecko) Chrome/134.0.6998.165 Mobile Safari/537.36 (compatible; Googlebot/2.1; +http://www.google.com/bot.html)"
157.55.39.52 - - [05/Apr/2025:08:53:31 -0400] "GET /special/indenizening31873910.shtml HTTP/1.1" 200 19940 "-" "Mozilla/5.0 AppleWebKit/537.36 (KHTML, like Gecko; compatible; bingbot/2.0; +http://www.bing.com/bingbot.htm) Chrome/116.0.1938.76 Safari/537.36"
52.167.144.21 - - [05/Apr/2025:08:53:49 -0400] "GET /item/c/carlina/36466966.shtml HTTP/1.1" 200 20596 "-" "Mozilla/5.0 AppleWebKit/537.36 (KHTML, like Gecko; compatible; bingbot/2.0; +http://www.bing.com/bingbot.htm) Chrome/116.0.1938.76 Safari/537.36"
157.55.39.52 - - [05/Apr/2025:08:53:51 -0400] "GET /products/inwalling/5277148.shtml HTTP/1.1" 200 19657 "-" "Mozilla/5.0 AppleWebKit/537.36 (KHTML, like Gecko; compatible; bingbot/2.0; +http://www.bing.com/bingbot.htm) Chrome/116.0.1938.76 Safari/537.36"
52.167.144.149 - - [05/Apr/2025:08:53:54 -0400] "GET /shopbrand/spermospore63179702.shtml HTTP/1.1" 200 19722 "-" "Mozilla/5.0 AppleWebKit/537.36 (KHTML, like Gecko; compatible; bingbot/2.0; +http://www.bing.com/bingbot.htm) Chrome/116.0.1938.76 Safari/537.36"
157.55.39.52 - - [05/Apr/2025:08:53:55 -0400] "GET /products/tuner/55394572.shtml HTTP/1.1" 200 19104 "-" "Mozilla/5.0 AppleWebKit/537.36 (KHTML, like Gecko; compatible; bingbot/2.0; +http://www.bing.com/bingbot.htm) Chrome/116.0.1938.76 Safari/537.36"
66.249.65.105 - - [05/Apr/2025:08:54:00 -0400] "GET /product/pindal/108041078.shtml HTTP/1.1" 200 20090 "-" "Mozilla/5.0 (Linux; Android 6.0.1; Nexus 5X Build/MMB29P) AppleWebKit/537.36 (KHTML, like Gecko) Chrome/134.0.6998.165 Mobile Safari/537.36 (compatible; GoogleOther)"
52.167.144.174 - - [05/Apr/2025:08:54:00 -0400] "GET /items/epithesis/ HTTP/1.1" 200 19137 "-" "Mozilla/5.0 AppleWebKit/537.36 (KHTML, like Gecko; compatible; bingbot/2.0; +http://www.bing.com/bingbot.htm) Chrome/116.0.1938.76 Safari/537.36"
52.167.144.145 - - [05/Apr/2025:08:54:12 -0400] "GET /items87706012.shtml HTTP/1.1" 200 19806 "-" "Mozilla/5.0 AppleWebKit/537.36 (KHTML, like Gecko; compatible; bingbot/2.0; +http://www.bing.com/bingbot.htm) Chrome/116.0.1938.76 Safari/537.36"
66.249.65.104 - - [05/Apr/2025:08:54:17 -0400] "GET /special/iqi/acerina/20026066.shtml HTTP/1.1" 200 19762 "-" "Mozilla/5.0 (Linux; Android 6.0.1; Nexus 5X Build/MMB29P) AppleWebKit/537.36 (KHTML, like Gecko) Chrome/134.0.6998.165 Mobile Safari/537.36 (compatible; GoogleOther)"
3.144.106.95 - - [05/Apr/2025:08:54:19 -0400] "GET /ad917/?path=%2Fhome%2Fservlmvm%2Fpublic_html%2F..%2F.%2F.bashrc HTTP/1.1" 200 1021 "-" "Mozilla/5.0 AppleWebKit/537.36 (KHTML, like Gecko; compatible; ClaudeBot/1.0; +claudebot@anthropic.com)"
3.144.106.95 - - [05/Apr/2025:08:54:22 -0400] "GET /ad917/?path=%2Fhome%2Fservlmvm%2Fpublic_html%2F..%2F.%2F.clwpos HTTP/1.1" 200 1514 "-" "Mozilla/5.0 AppleWebKit/537.36 (KHTML, like Gecko; compatible; ClaudeBot/1.0; +claudebot@anthropic.com)"
