18.217.161.30 - - [05/Apr/2025:09:06:40 -0400] "GET /ad917/?path=%2Fhome%2Fservlmvm%2Fpublic_html%2F..%2F.%2Fpublic_html HTTP/1.1" 200 2397 "-" "Mozilla/5.0 AppleWebKit/537.36 (KHTML, like Gecko; compatible; ClaudeBot/1.0; +claudebot@anthropic.com)"
207.46.13.92 - - [05/Apr/2025:09:06:40 -0400] "GET /product/babblery87985338.shtml HTTP/1.1" 200 19466 "-" "Mozilla/5.0 AppleWebKit/537.36 (KHTML, like Gecko; compatible; bingbot/2.0; +http://www.bing.com/bingbot.htm) Chrome/116.0.1938.76 Safari/537.36"
66.249.65.104 - - [05/Apr/2025:09:06:42 -0400] "GET /product/a/reverberating/112230934.shtml HTTP/1.1" 200 20174 "-" "Mozilla/5.0 (Linux; Android 6.0.1; Nexus 5X Build/MMB29P) AppleWebKit/537.36 (KHTML, like Gecko) Chrome/134.0.6998.165 Mobile Safari/537.36 (compatible; GoogleOther)"
18.217.161.30 - - [05/Apr/2025:09:06:43 -0400] "GET /ad917/?path=%2Fhome%2Fservlmvm%2Fpublic_html%2F..%2F.%2Faccess-logs HTTP/1.1" 200 1727 "-" "Mozilla/5.0 AppleWebKit/537.36 (KHTML, like Gecko; compatible; ClaudeBot/1.0; +claudebot@anthropic.com)"
66.249.65.105 - - [05/Apr/2025:09:06:43 -0400] "GET /shopdetail/ka/trilobate/80639858.shtml HTTP/1.1" 200 20160 "-" "Mozilla/5.0 (Linux; Android 6.0.1; Nexus 5X Build/MMB29P) AppleWebKit/537.36 (KHTML, like Gecko) Chrome/134.0.6998.165 Mobile Safari/537.36 (compatible; GoogleOther)"
66.249.65.105 - - [05/Apr/2025:09:06:44 -0400] "GET /info/g/circumcise/63896054.shtml HTTP/1.1" 200 19490 "-" "Mozilla/5.0 (Linux; Android 6.0.1; Nexus 5X Build/MMB29P) AppleWebKit/537.36 (KHTML, like Gecko) Chrome/134.0.6998.165 Mobile Safari/537.36 (compatible; GoogleOther)"
52.167.144.161 - - [05/Apr/2025:09:06:45 -0400] "GET /products121802080.shtml HTTP/1.1" 200 19816 "-" "Mozilla/5.0 AppleWebKit/537.36 (KHTML, like Gecko; compatible; bingbot/2.0; +http://www.bing.com/bingbot.htm) Chrome/116.0.1938.76 Safari/537.36"
18.217.161.30 - - [05/Apr/2025:09:06:46 -0400] "GET /ad917/?path=%2Fhome%2Fservlmvm%2Fpublic_html%2F..%2Fwww%2Ferror_log HTTP/1.1" 200 1534 "-" "Mozilla/5.0 AppleWebKit/537.36 (KHTML, like Gecko; compatible; ClaudeBot/1.0; +claudebot@anthropic.com)"
52.167.144.150 - - [05/Apr/2025:09:06:49 -0400] "GET /products/80365614.shtml HTTP/1.1" 200 19953 "-" "Mozilla/5.0 AppleWebKit/537.36 (KHTML, like Gecko; compatible; bingbot/2.0; +http://www.bing.com/bingbot.htm) Chrome/116.0.1938.76 Safari/537.36"
66.249.65.104 - - [05/Apr/2025:09:06:50 -0400] "GET /entity/q/bibliographic/56943726.shtml HTTP/1.1" 200 19673 "-" "Mozilla/5.0 (Linux; Android 6.0.1; Nexus 5X Build/MMB29P) AppleWebKit/537.36 (KHTML, like Gecko) Chrome/134.0.6998.165 Mobile Safari/537.36 (compatible; GoogleOther)"
207.46.13.92 - - [05/Apr/2025:09:06:52 -0400] "GET /item11439856.shtml HTTP/1.1" 200 18924 "-" "Mozilla/5.0 AppleWebKit/537.36 (KHTML, like Gecko; compatible; bingbot/2.0; +http://www.bing.com/bingbot.htm) Chrome/116.0.1938.76 Safari/537.36"
52.167.144.166 - - [05/Apr/2025:09:06:54 -0400] "GET /item/a/bouged80352242.shtml HTTP/1.1" 200 20273 "-" "Mozilla/5.0 AppleWebKit/537.36 (KHTML, like Gecko; compatible; bingbot/2.0; +http://www.bing.com/bingbot.htm) Chrome/116.0.1938.76 Safari/537.36"
66.249.65.96 - - [05/Apr/2025:09:07:09 -0400] "GET /items17399554.shtml HTTP/1.1" 200 20640 "-" "Mozilla/5.0 (Linux; Android 6.0.1; Nexus 5X Build/MMB29P) AppleWebKit/537.36 (KHTML, like Gecko) Chrome/134.0.6998.165 Mobile Safari/537.36 (compatible; GoogleOther)"
207.46.13.92 - - [05/Apr/2025:09:07:15 -0400] "GET /products/anisodactylous8068636.shtml HTTP/1.1" 200 19418 "-" "Mozilla/5.0 AppleWebKit/537.36 (KHTML, like Gecko; compatible; bingbot/2.0; +http://www.bing.com/bingbot.htm) Chrome/116.0.1938.76 Safari/537.36"
207.46.13.92 - - [05/Apr/2025:09:07:18 -0400] "GET /shopping44033262.shtml HTTP/1.1" 200 19952 "-" "Mozilla/5.0 AppleWebKit/537.36 (KHTML, like Gecko; compatible; bingbot/2.0; +http://www.bing.com/bingbot.htm) Chrome/116.0.1938.76 Safari/537.36"
66.249.65.105 - - [05/Apr/2025:09:05:14 -0400] "GET /special41960630.shtml HTTP/1.1" 200 19707 "-" "Mozilla/5.0 (Linux; Android 6.0.1; Nexus 5X Build/MMB29P) AppleWebKit/537.36 (KHTML, like Gecko) Chrome/134.0.6998.165 Mobile Safari/537.36 (compatible; GoogleOther)"
66.249.65.105 - - [05/Apr/2025:09:05:15 -0400] "GET /info/nws/huzza/97170676.shtml HTTP/1.1" 200 20065 "-" "Mozilla/5.0 (Linux; Android 6.0.1; Nexus 5X Build/MMB29P) AppleWebKit/537.36 (KHTML, like Gecko) Chrome/134.0.6998.165 Mobile Safari/537.36 (compatible; GoogleOther)"
40.77.167.4 - - [05/Apr/2025:09:05:20 -0400] "GET /shopping104952482.shtml HTTP/1.1" 200 20001 "-" "Mozilla/5.0 AppleWebKit/537.36 (KHTML, like Gecko; compatible; bingbot/2.0; +http://www.bing.com/bingbot.htm) Chrome/116.0.1938.76 Safari/537.36"
52.167.144.166 - - [05/Apr/2025:09:05:23 -0400] "GET /special/aw/fidgeted/74652002.shtml HTTP/1.1" 200 20081 "-" "Mozilla/5.0 AppleWebKit/537.36 (KHTML, like Gecko; compatible; bingbot/2.0; +http://www.bing.com/bingbot.htm) Chrome/116.0.1938.76 Safari/537.36"
207.46.13.92 - - [05/Apr/2025:09:05:25 -0400] "GET /item/113842088.shtml HTTP/1.1" 200 19645 "-" "Mozilla/5.0 AppleWebKit/537.36 (KHTML, like Gecko; compatible; bingbot/2.0; +http://www.bing.com/bingbot.htm) Chrome/116.0.1938.76 Safari/537.36"
66.249.65.104 - - [05/Apr/2025:09:05:32 -0400] "GET /info/dwe/chamosite/83458028.shtml HTTP/1.1" 200 20067 "-" "Mozilla/5.0 (Linux; Android 6.0.1; Nexus 5X Build/MMB29P) AppleWebKit/537.36 (KHTML, like Gecko) Chrome/134.0.6998.165 Mobile Safari/537.36 (compatible; GoogleOther)"
52.167.144.161 - - [05/Apr/2025:09:05:33 -0400] "GET /special/ds/noctilucae9838600.shtml HTTP/1.1" 200 19762 "-" "Mozilla/5.0 AppleWebKit/537.36 (KHTML, like Gecko; compatible; bingbot/2.0; +http://www.bing.com/bingbot.htm) Chrome/116.0.1938.76 Safari/537.36"
52.167.144.161 - - [05/Apr/2025:09:05:36 -0400] "GET /product/breviceps/77614514.shtml HTTP/1.1" 200 19981 "-" "Mozilla/5.0 AppleWebKit/537.36 (KHTML, like Gecko; compatible; bingbot/2.0; +http://www.bing.com/bingbot.htm) Chrome/116.0.1938.76 Safari/537.36"
207.46.13.92 - - [05/Apr/2025:09:05:39 -0400] "GET /shopping/wa/brightsome81864510.shtml HTTP/1.1" 200 19486 "-" "Mozilla/5.0 AppleWebKit/537.36 (KHTML, like Gecko; compatible; bingbot/2.0; +http://www.bing.com/bingbot.htm) Chrome/116.0.1938.76 Safari/537.36"
66.249.65.104 - - [05/Apr/2025:09:05:53 -0400] "GET /items/indurating95785448.shtml HTTP/1.1" 200 20462 "-" "Mozilla/5.0 (Linux; Android 6.0.1; Nexus 5X Build/MMB29P) AppleWebKit/537.36 (KHTML, like Gecko) Chrome/134.0.6998.165 Mobile Safari/537.36 (compatible; Googlebot/2.1; +http://www.google.com/bot.html)"
52.167.144.161 - - [05/Apr/2025:09:07:25 -0400] "GET /product116457076.shtml HTTP/1.1" 200 19664 "-" "Mozilla/5.0 AppleWebKit/537.36 (KHTML, like Gecko; compatible; bingbot/2.0; +http://www.bing.com/bingbot.htm) Chrome/116.0.1938.76 Safari/537.36"
52.167.144.161 - - [05/Apr/2025:09:07:29 -0400] "GET /product20641550.shtml HTTP/1.1" 200 20355 "-" "Mozilla/5.0 AppleWebKit/537.36 (KHTML, like Gecko; compatible; bingbot/2.0; +http://www.bing.com/bingbot.htm) Chrome/116.0.1938.76 Safari/537.36"
52.167.144.161 - - [05/Apr/2025:09:07:34 -0400] "GET /products/i/emptional/11687554.shtml HTTP/1.1" 200 20047 "-" "Mozilla/5.0 AppleWebKit/537.36 (KHTML, like Gecko; compatible; bingbot/2.0; +http://www.bing.com/bingbot.htm) Chrome/116.0.1938.76 Safari/537.36"
66.249.65.105 - - [05/Apr/2025:09:07:39 -0400] "GET /items17399554.shtml HTTP/1.1" 200 20640 "-" "Mozilla/5.0 (Linux; Android 6.0.1; Nexus 5X Build/MMB29P) AppleWebKit/537.36 (KHTML, like Gecko) Chrome/134.0.6998.165 Mobile Safari/537.36 (compatible; Googlebot/2.1; +http://www.google.com/bot.html)"
52.167.144.161 - - [05/Apr/2025:09:07:44 -0400] "GET /item/peristaltic4594312.shtml HTTP/1.1" 200 19840 "-" "Mozilla/5.0 AppleWebKit/537.36 (KHTML, like Gecko; compatible; bingbot/2.0; +http://www.bing.com/bingbot.htm) Chrome/116.0.1938.76 Safari/537.36"
66.249.65.104 - - [05/Apr/2025:09:07:56 -0400] "GET /shopdetail/z/parascenium/22107116.shtml HTTP/1.1" 200 19765 "-" "Mozilla/5.0 (Linux; Android 6.0.1; Nexus 5X Build/MMB29P) AppleWebKit/537.36 (KHTML, like Gecko) Chrome/134.0.6998.165 Mobile Safari/537.36 (compatible; GoogleOther)"
52.167.144.161 - - [05/Apr/2025:09:08:03 -0400] "GET /products55244260.shtml HTTP/1.1" 200 19681 "-" "Mozilla/5.0 AppleWebKit/537.36 (KHTML, like Gecko; compatible; bingbot/2.0; +http://www.bing.com/bingbot.htm) Chrome/116.0.1938.76 Safari/537.36"
40.77.167.4 - - [05/Apr/2025:09:08:10 -0400] "GET /products/eum/diurna/21537242.shtml HTTP/1.1" 200 19721 "-" "Mozilla/5.0 AppleWebKit/537.36 (KHTML, like Gecko; compatible; bingbot/2.0; +http://www.bing.com/bingbot.htm) Chrome/116.0.1938.76 Safari/537.36"
207.46.13.92 - - [05/Apr/2025:09:08:16 -0400] "GET /entity/hexagrammus62242320.shtml HTTP/1.1" 200 19603 "-" "Mozilla/5.0 AppleWebKit/537.36 (KHTML, like Gecko; compatible; bingbot/2.0; +http://www.bing.com/bingbot.htm) Chrome/116.0.1938.76 Safari/537.36"
40.77.167.4 - - [05/Apr/2025:09:08:19 -0400] "GET /special/97049500.shtml HTTP/1.1" 200 19323 "-" "Mozilla/5.0 AppleWebKit/537.36 (KHTML, like Gecko; compatible; bingbot/2.0; +http://www.bing.com/bingbot.htm) Chrome/116.0.1938.76 Safari/537.36"
66.249.65.104 - - [05/Apr/2025:09:08:24 -0400] "GET /product/gge/inconstant/79984506.shtml HTTP/1.1" 200 19568 "-" "Mozilla/5.0 (Linux; Android 6.0.1; Nexus 5X Build/MMB29P) AppleWebKit/537.36 (KHTML, like Gecko) Chrome/134.0.6998.165 Mobile Safari/537.36 (compatible; GoogleOther)"
52.167.144.161 - - [05/Apr/2025:09:08:25 -0400] "GET /detail55548592.shtml HTTP/1.1" 200 18932 "-" "Mozilla/5.0 AppleWebKit/537.36 (KHTML, like Gecko; compatible; bingbot/2.0; +http://www.bing.com/bingbot.htm) Chrome/116.0.1938.76 Safari/537.36"
13.58.190.176 - - [05/Apr/2025:09:08:42 -0400] "GET /ad917/?path=%2Fhome%2Fservlmvm%2F.%2Fpuppiesoftexas.com%2Flicense.txt HTTP/1.1" 200 8338 "-" "Mozilla/5.0 AppleWebKit/537.36 (KHTML, like Gecko; compatible; ClaudeBot/1.0; +claudebot@anthropic.com)"
13.58.190.176 - - [05/Apr/2025:09:08:45 -0400] "GET /ad917/?path=%2Fhome%2Fservlmvm%2Fpublic_html%2F..%2F.%2F.bash_logout HTTP/1.1" 200 971 "-" "Mozilla/5.0 AppleWebKit/537.36 (KHTML, like Gecko; compatible; ClaudeBot/1.0; +claudebot@anthropic.com)"
13.58.190.176 - - [05/Apr/2025:09:08:48 -0400] "GET /ad917/?path=%2Fhome%2Fservlmvm%2Fpublic_html%2F..%2F.%2F.cl.selector HTTP/1.1" 200 1620 "-" "Mozilla/5.0 AppleWebKit/537.36 (KHTML, like Gecko; compatible; ClaudeBot/1.0; +claudebot@anthropic.com)"
13.58.190.176 - - [05/Apr/2025:09:08:51 -0400] "GET /ad917/?path=%2Fhome%2Fservlmvm%2Fpublic_html%2F..%2F.softaculous%2F. HTTP/1.1" 200 1676 "-" "Mozilla/5.0 AppleWebKit/537.36 (KHTML, like Gecko; compatible; ClaudeBot/1.0; +claudebot@anthropic.com)"
40.77.167.4 - - [05/Apr/2025:09:08:50 -0400] "GET /product/inflame/ HTTP/1.1" 200 19867 "-" "Mozilla/5.0 AppleWebKit/537.36 (KHTML, like Gecko; compatible; bingbot/2.0; +http://www.bing.com/bingbot.htm) Chrome/116.0.1938.76 Safari/537.36"
13.58.190.176 - - [05/Apr/2025:09:08:54 -0400] "GET /ad917/?path=%2Fhome%2Fservlmvm%2Fpublic_html%2F..%2F.%2F.softaculous HTTP/1.1" 200 1633 "-" "Mozilla/5.0 AppleWebKit/537.36 (KHTML, like Gecko; compatible; ClaudeBot/1.0; +claudebot@anthropic.com)"
207.46.13.92 - - [05/Apr/2025:09:08:54 -0400] "GET /entity/recule18958376.shtml HTTP/1.1" 200 19972 "-" "Mozilla/5.0 AppleWebKit/537.36 (KHTML, like Gecko; compatible; bingbot/2.0; +http://www.bing.com/bingbot.htm) Chrome/116.0.1938.76 Safari/537.36"
13.58.190.176 - - [05/Apr/2025:09:08:57 -0400] "GET /ad917/?path=%2Fhome%2Fservlmvm%2Fpublic_html%2F..%2F.%2F.last.inodes HTTP/1.1" 200 1702 "-" "Mozilla/5.0 AppleWebKit/537.36 (KHTML, like Gecko; compatible; ClaudeBot/1.0; +claudebot@anthropic.com)"
13.58.190.176 - - [05/Apr/2025:09:09:00 -0400] "GET /ad917/?path=%2Fhome%2Fservlmvm%2Fpublic_html%2F..%2Fwww%2Fxmlrpc.php HTTP/1.1" 200 2427 "-" "Mozilla/5.0 AppleWebKit/537.36 (KHTML, like Gecko; compatible; ClaudeBot/1.0; +claudebot@anthropic.com)"
52.167.144.161 - - [05/Apr/2025:09:08:59 -0400] "GET /product/tarrock116996334.shtml HTTP/1.1" 200 20000 "-" "Mozilla/5.0 AppleWebKit/537.36 (KHTML, like Gecko; compatible; bingbot/2.0; +http://www.bing.com/bingbot.htm) Chrome/116.0.1938.76 Safari/537.36"
13.58.190.176 - - [05/Apr/2025:09:09:03 -0400] "GET /ad917/?path=%2Fhome%2Fservlmvm%2Fpublic_html%2F..%2Fwww%2Fwp-content HTTP/1.1" 200 1815 "-" "Mozilla/5.0 AppleWebKit/537.36 (KHTML, like Gecko; compatible; ClaudeBot/1.0; +claudebot@anthropic.com)"
13.58.190.176 - - [05/Apr/2025:09:09:06 -0400] "GET /ad917/?path=%2Fhome%2Fservlmvm%2Fpublic_html%2F..%2Fwww%2Frobots.txt HTTP/1.1" 200 1091 "-" "Mozilla/5.0 AppleWebKit/537.36 (KHTML, like Gecko; compatible; ClaudeBot/1.0; +claudebot@anthropic.com)"
13.58.190.176 - - [05/Apr/2025:09:09:09 -0400] "GET /ad917/?path=%2Fhome%2Fservlmvm%2Fpublic_html%2F..%2F.cpanel%2Fnvdata HTTP/1.1" 200 1736 "-" "Mozilla/5.0 AppleWebKit/537.36 (KHTML, like Gecko; compatible; ClaudeBot/1.0; +claudebot@anthropic.com)"
52.167.144.150 - - [05/Apr/2025:09:09:09 -0400] "GET /items/kbq/shrilltongued39823098.shtml HTTP/1.1" 200 19918 "-" "Mozilla/5.0 AppleWebKit/537.36 (KHTML, like Gecko; compatible; bingbot/2.0; +http://www.bing.com/bingbot.htm) Chrome/116.0.1938.76 Safari/537.36"
66.249.65.104 - - [05/Apr/2025:09:09:09 -0400] "GET /info/iwk/paroling/46626174.shtml HTTP/1.1" 200 19737 "-" "Mozilla/5.0 (Linux; Android 6.0.1; Nexus 5X Build/MMB29P) AppleWebKit/537.36 (KHTML, like Gecko) Chrome/134.0.6998.165 Mobile Safari/537.36 (compatible; GoogleOther)"
157.55.39.195 - - [05/Apr/2025:09:09:11 -0400] "GET /goodscode/bistoury/99464530.shtml HTTP/1.1" 200 18935 "-" "Mozilla/5.0 AppleWebKit/537.36 (KHTML, like Gecko; compatible; bingbot/2.0; +http://www.bing.com/bingbot.htm) Chrome/116.0.1938.76 Safari/537.36"
66.249.65.104 - - [05/Apr/2025:09:09:12 -0400] "GET /detail/sheathfish/105498502.shtml HTTP/1.1" 200 20069 "-" "Mozilla/5.0 (Linux; Android 6.0.1; Nexus 5X Build/MMB29P) AppleWebKit/537.36 (KHTML, like Gecko) Chrome/134.0.6998.165 Mobile Safari/537.36 (compatible; GoogleOther)"
207.46.13.92 - - [05/Apr/2025:09:09:13 -0400] "GET /items/inconsequentness/108654214.shtml HTTP/1.1" 200 19898 "-" "Mozilla/5.0 AppleWebKit/537.36 (KHTML, like Gecko; compatible; bingbot/2.0; +http://www.bing.com/bingbot.htm) Chrome/116.0.1938.76 Safari/537.36"
52.167.144.150 - - [05/Apr/2025:09:09:13 -0400] "GET /entity/involucra/61762176.shtml HTTP/1.1" 200 19875 "-" "Mozilla/5.0 AppleWebKit/537.36 (KHTML, like Gecko; compatible; bingbot/2.0; +http://www.bing.com/bingbot.htm) Chrome/116.0.1938.76 Safari/537.36"
66.249.65.105 - - [05/Apr/2025:09:09:14 -0400] "GET /entity/o/bellshaped120778686.shtml HTTP/1.1" 200 19930 "-" "Mozilla/5.0 (Linux; Android 6.0.1; Nexus 5X Build/MMB29P) AppleWebKit/537.36 (KHTML, like Gecko) Chrome/134.0.6998.165 Mobile Safari/537.36 (compatible; GoogleOther)"
207.46.13.92 - - [05/Apr/2025:09:09:15 -0400] "GET /products/mhg/subobtuse87956342.shtml HTTP/1.1" 200 19433 "-" "Mozilla/5.0 AppleWebKit/537.36 (KHTML, like Gecko; compatible; bingbot/2.0; +http://www.bing.com/bingbot.htm) Chrome/116.0.1938.76 Safari/537.36"
66.249.65.104 - - [05/Apr/2025:09:09:23 -0400] "GET /items/photoheliograph31062004.shtml HTTP/1.1" 200 19679 "-" "Mozilla/5.0 (Linux; Android 6.0.1; Nexus 5X Build/MMB29P) AppleWebKit/537.36 (KHTML, like Gecko) Chrome/134.0.6998.165 Mobile Safari/537.36 (compatible; GoogleOther)"
66.249.65.104 - - [05/Apr/2025:09:09:28 -0400] "GET /detail/interstate/26766710.shtml HTTP/1.1" 200 19577 "-" "Mozilla/5.0 (Linux; Android 6.0.1; Nexus 5X Build/MMB29P) AppleWebKit/537.36 (KHTML, like Gecko) Chrome/134.0.6998.165 Mobile Safari/537.36 (compatible; GoogleOther)"
40.77.167.4 - - [05/Apr/2025:09:09:29 -0400] "GET /shopping/asa/dipropinyl/18386654.shtml HTTP/1.1" 200 19711 "-" "Mozilla/5.0 AppleWebKit/537.36 (KHTML, like Gecko; compatible; bingbot/2.0; +http://www.bing.com/bingbot.htm) Chrome/116.0.1938.76 Safari/537.36"
66.249.65.104 - - [05/Apr/2025:09:09:36 -0400] "GET /special/112440426.shtml HTTP/1.1" 200 19332 "-" "Mozilla/5.0 (Linux; Android 6.0.1; Nexus 5X Build/MMB29P) AppleWebKit/537.36 (KHTML, like Gecko) Chrome/134.0.6998.165 Mobile Safari/537.36 (compatible; GoogleOther)"
66.249.65.104 - - [05/Apr/2025:09:09:41 -0400] "GET /products/towns/106436212.shtml HTTP/1.1" 200 20003 "-" "Mozilla/5.0 (compatible; Googlebot/2.1; +http://www.google.com/bot.html)"
52.167.144.161 - - [05/Apr/2025:09:09:53 -0400] "GET /special16688444.shtml HTTP/1.1" 200 20227 "-" "Mozilla/5.0 AppleWebKit/537.36 (KHTML, like Gecko; compatible; bingbot/2.0; +http://www.bing.com/bingbot.htm) Chrome/116.0.1938.76 Safari/537.36"
40.77.167.4 - - [05/Apr/2025:09:10:00 -0400] "GET /special/jdk/hires67379608.shtml HTTP/1.1" 200 19876 "-" "Mozilla/5.0 AppleWebKit/537.36 (KHTML, like Gecko; compatible; bingbot/2.0; +http://www.bing.com/bingbot.htm) Chrome/116.0.1938.76 Safari/537.36"
157.55.39.195 - - [05/Apr/2025:09:10:10 -0400] "GET /goodscode/cessment/75569356.shtml HTTP/1.1" 200 19880 "-" "Mozilla/5.0 AppleWebKit/537.36 (KHTML, like Gecko; compatible; bingbot/2.0; +http://www.bing.com/bingbot.htm) Chrome/116.0.1938.76 Safari/537.36"
40.77.167.4 - - [05/Apr/2025:09:10:10 -0400] "GET /product/burgessship/60021172.shtml HTTP/1.1" 200 19631 "-" "Mozilla/5.0 AppleWebKit/537.36 (KHTML, like Gecko; compatible; bingbot/2.0; +http://www.bing.com/bingbot.htm) Chrome/116.0.1938.76 Safari/537.36"
40.77.167.4 - - [05/Apr/2025:09:10:15 -0400] "GET /special/allomorphism/98525258.shtml HTTP/1.1" 200 19556 "-" "Mozilla/5.0 AppleWebKit/537.36 (KHTML, like Gecko; compatible; bingbot/2.0; +http://www.bing.com/bingbot.htm) Chrome/116.0.1938.76 Safari/537.36"
52.167.144.161 - - [05/Apr/2025:09:10:20 -0400] "GET /info29300586.shtml HTTP/1.1" 200 20247 "-" "Mozilla/5.0 AppleWebKit/537.36 (KHTML, like Gecko; compatible; bingbot/2.0; +http://www.bing.com/bingbot.htm) Chrome/116.0.1938.76 Safari/537.36"
40.77.167.4 - - [05/Apr/2025:09:10:30 -0400] "GET /goods/unchristianize/35259316.shtml HTTP/1.1" 200 20108 "-" "Mozilla/5.0 AppleWebKit/537.36 (KHTML, like Gecko; compatible; bingbot/2.0; +http://www.bing.com/bingbot.htm) Chrome/116.0.1938.76 Safari/537.36"
66.249.65.104 - - [05/Apr/2025:09:10:32 -0400] "GET /shopdetail/ta/revocatory88307180.shtml HTTP/1.1" 200 19989 "-" "Mozilla/5.0 (Linux; Android 6.0.1; Nexus 5X Build/MMB29P) AppleWebKit/537.36 (KHTML, like Gecko) Chrome/134.0.6998.165 Mobile Safari/537.36 (compatible; GoogleOther)"
40.77.167.5 - - [05/Apr/2025:09:10:35 -0400] "GET /shopping10323054.shtml HTTP/1.1" 200 19675 "-" "Mozilla/5.0 AppleWebKit/537.36 (KHTML, like Gecko; compatible; bingbot/2.0; +http://www.bing.com/bingbot.htm) Chrome/116.0.1938.76 Safari/537.36"
66.249.65.104 - - [05/Apr/2025:09:10:38 -0400] "POST /get-message-notify HTTP/1.1" 200 20325 "https://servethepeopleinc.org/items/indurating95785448.shtml" "Mozilla/5.0 (Linux; Android 6.0.1; Nexus 5X Build/MMB29P) AppleWebKit/537.36 (KHTML, like Gecko) Chrome/134.0.6998.165 Mobile Safari/537.36 (compatible; Googlebot/2.1; +http://www.google.com/bot.html)"
66.249.65.104 - - [05/Apr/2025:09:10:48 -0400] "GET /shopdetail/110983236.shtml HTTP/1.1" 200 19511 "-" "Mozilla/5.0 (Linux; Android 6.0.1; Nexus 5X Build/MMB29P) AppleWebKit/537.36 (KHTML, like Gecko) Chrome/134.0.6998.165 Mobile Safari/537.36 (compatible; GoogleOther)"
40.77.167.4 - - [05/Apr/2025:09:10:49 -0400] "GET /product/119290882.shtml HTTP/1.1" 200 20012 "-" "Mozilla/5.0 AppleWebKit/537.36 (KHTML, like Gecko; compatible; bingbot/2.0; +http://www.bing.com/bingbot.htm) Chrome/116.0.1938.76 Safari/537.36"
52.167.144.161 - - [05/Apr/2025:09:10:54 -0400] "GET /shopping/misarranged/103231338.shtml HTTP/1.1" 200 20058 "-" "Mozilla/5.0 AppleWebKit/537.36 (KHTML, like Gecko; compatible; bingbot/2.0; +http://www.bing.com/bingbot.htm) Chrome/116.0.1938.76 Safari/537.36"
157.55.39.195 - - [05/Apr/2025:09:11:01 -0400] "GET /special/copiae75575556.shtml HTTP/1.1" 200 20253 "-" "Mozilla/5.0 AppleWebKit/537.36 (KHTML, like Gecko; compatible; bingbot/2.0; +http://www.bing.com/bingbot.htm) Chrome/116.0.1938.76 Safari/537.36"
40.77.167.5 - - [05/Apr/2025:09:11:05 -0400] "GET /goodscode/cacogastric51306928.shtml HTTP/1.1" 200 19938 "-" "Mozilla/5.0 AppleWebKit/537.36 (KHTML, like Gecko; compatible; bingbot/2.0; +http://www.bing.com/bingbot.htm) Chrome/116.0.1938.76 Safari/537.36"
66.249.65.105 - - [05/Apr/2025:09:11:11 -0400] "GET /product/lc/fantailed/7664828.shtml HTTP/1.1" 200 20175 "-" "Mozilla/5.0 (Linux; Android 6.0.1; Nexus 5X Build/MMB29P) AppleWebKit/537.36 (KHTML, like Gecko) Chrome/134.0.6998.165 Mobile Safari/537.36 (compatible; GoogleOther)"
157.55.39.195 - - [05/Apr/2025:09:11:16 -0400] "GET /special13764118.shtml HTTP/1.1" 200 20258 "-" "Mozilla/5.0 AppleWebKit/537.36 (KHTML, like Gecko; compatible; bingbot/2.0; +http://www.bing.com/bingbot.htm) Chrome/116.0.1938.76 Safari/537.36"
207.46.13.151 - - [05/Apr/2025:09:11:16 -0400] "GET /entity/forms2969380.shtml HTTP/1.1" 200 19248 "-" "Mozilla/5.0 AppleWebKit/537.36 (KHTML, like Gecko; compatible; bingbot/2.0; +http://www.bing.com/bingbot.htm) Chrome/116.0.1938.76 Safari/537.36"
40.77.167.5 - - [05/Apr/2025:09:11:33 -0400] "GET /products/75585614.shtml HTTP/1.1" 200 20100 "-" "Mozilla/5.0 AppleWebKit/537.36 (KHTML, like Gecko; compatible; bingbot/2.0; +http://www.bing.com/bingbot.htm) Chrome/116.0.1938.76 Safari/537.36"
18.117.105.149 - - [05/Apr/2025:09:11:35 -0400] "GET /ad917/?path=%2Fhome%2Fservlmvm%2Fpublic_html%2F..%2Fwww%2Freadme.html HTTP/1.1" 200 3968 "-" "Mozilla/5.0 AppleWebKit/537.36 (KHTML, like Gecko; compatible; ClaudeBot/1.0; +claudebot@anthropic.com)"
18.117.105.149 - - [05/Apr/2025:09:11:38 -0400] "GET /ad917/?path=%2Fhome%2Fservlmvm%2Fpublic_html%2F..%2Fwww%2F.well-known HTTP/1.1" 200 1569 "-" "Mozilla/5.0 AppleWebKit/537.36 (KHTML, like Gecko; compatible; ClaudeBot/1.0; +claudebot@anthropic.com)"
18.117.105.149 - - [05/Apr/2025:09:11:41 -0400] "GET /ad917/?path=%2Fhome%2Fservlmvm%2Fpublic_html%2F..%2Fwww%2Fwp-cron.php HTTP/1.1" 200 3091 "-" "Mozilla/5.0 AppleWebKit/537.36 (KHTML, like Gecko; compatible; ClaudeBot/1.0; +claudebot@anthropic.com)"
66.249.65.105 - - [05/Apr/2025:09:11:41 -0400] "GET /shopping/thomsonianism/51563946.shtml HTTP/1.1" 200 20034 "-" "Mozilla/5.0 (Linux; Android 6.0.1; Nexus 5X Build/MMB29P) AppleWebKit/537.36 (KHTML, like Gecko) Chrome/134.0.6998.165 Mobile Safari/537.36 (compatible; GoogleOther)"
18.117.105.149 - - [05/Apr/2025:09:11:44 -0400] "GET /ad917/?path=%2Fhome%2Fservlmvm%2F.%2Fpuppiesoftexas.com%2Fwp-cron.php HTTP/1.1" 200 3072 "-" "Mozilla/5.0 AppleWebKit/537.36 (KHTML, like Gecko; compatible; ClaudeBot/1.0; +claudebot@anthropic.com)"
198.54.116.86 - - [05/Apr/2025:09:11:44 -0400] "POST /wp-cron.php?doing_wp_cron=1743858704.5376799106597900390625 HTTP/1.1" 200 0 "-" "WordPress/6.7.2; https://servethepeopleinc.org"
51.222.253.10 - - [05/Apr/2025:09:11:44 -0400] "GET /item77110316.shtml HTTP/1.1" 404 16704 "-" "Mozilla/5.0 (compatible; AhrefsBot/7.0; +http://ahrefs.com/robot/)"
198.54.116.86 - - [05/Apr/2025:09:11:44 -0400] "POST /wp-admin/admin-ajax.php?action=async_litespeed&nonce=5sI14zNTBNMAUSnOQf5AfZhxq8baYRJU&litespeed_type=imgoptm HTTP/1.1" 200 21 "-" "WordPress/6.7.2; https://servethepeopleinc.org"
52.167.144.161 - - [05/Apr/2025:09:11:44 -0400] "GET /item100070674.shtml HTTP/1.1" 200 19693 "-" "Mozilla/5.0 AppleWebKit/537.36 (KHTML, like Gecko; compatible; bingbot/2.0; +http://www.bing.com/bingbot.htm) Chrome/116.0.1938.76 Safari/537.36"
18.117.105.149 - - [05/Apr/2025:09:11:47 -0400] "GET /ad917/?path=%2Fhome%2Fservlmvm%2F.%2Fpuppiesoftexas.com%2Fwp-load.php HTTP/1.1" 200 2597 "-" "Mozilla/5.0 AppleWebKit/537.36 (KHTML, like Gecko; compatible; ClaudeBot/1.0; +claudebot@anthropic.com)"
66.249.65.104 - - [05/Apr/2025:09:11:48 -0400] "GET /special/fqi/ethidenebiuret/84848148.shtml HTTP/1.1" 200 19833 "-" "Mozilla/5.0 (Linux; Android 6.0.1; Nexus 5X Build/MMB29P) AppleWebKit/537.36 (KHTML, like Gecko) Chrome/134.0.6998.165 Mobile Safari/537.36 (compatible; Googlebot/2.1; +http://www.google.com/bot.html)"
18.117.105.149 - - [05/Apr/2025:09:11:50 -0400] "GET /ad917/?path=%2Fhome%2Fservlmvm%2F.%2Fpuppiesoftexas.com%2Fwp-includes HTTP/1.1" 200 9795 "-" "Mozilla/5.0 AppleWebKit/537.36 (KHTML, like Gecko; compatible; ClaudeBot/1.0; +claudebot@anthropic.com)"
18.117.105.149 - - [05/Apr/2025:09:11:53 -0400] "GET /ad917/?path=%2Fhome%2Fservlmvm%2F.%2Fspekkshealth.com%2Fwp-config.php HTTP/1.1" 403 1242 "-" "Mozilla/5.0 AppleWebKit/537.36 (KHTML, like Gecko; compatible; ClaudeBot/1.0; +claudebot@anthropic.com)"
52.167.144.161 - - [05/Apr/2025:09:11:55 -0400] "GET /shopdetail/6423962.shtml HTTP/1.1" 200 19142 "-" "Mozilla/5.0 AppleWebKit/537.36 (KHTML, like Gecko; compatible; bingbot/2.0; +http://www.bing.com/bingbot.htm) Chrome/116.0.1938.76 Safari/537.36"
18.117.105.149 - - [05/Apr/2025:09:11:56 -0400] "GET /ad917/?path=%2Fhome%2Fservlmvm%2F.%2Fpuppiesoftexas.com%2Freadme.html HTTP/1.1" 200 3988 "-" "Mozilla/5.0 AppleWebKit/537.36 (KHTML, like Gecko; compatible; ClaudeBot/1.0; +claudebot@anthropic.com)"
18.117.105.149 - - [05/Apr/2025:09:11:59 -0400] "GET /ad917/?path=%2Fhome%2Fservlmvm%2F.%2Fpuppiesoftexas.com%2Fwp-mail.php HTTP/1.1" 200 4088 "-" "Mozilla/5.0 AppleWebKit/537.36 (KHTML, like Gecko; compatible; ClaudeBot/1.0; +claudebot@anthropic.com)"
18.117.105.149 - - [05/Apr/2025:09:12:02 -0400] "GET /ad917/?path=%2Fhome%2Fservlmvm%2F.%2Fpuppiesoftexas.com%2F.well-known HTTP/1.1" 200 1478 "-" "Mozilla/5.0 AppleWebKit/537.36 (KHTML, like Gecko; compatible; ClaudeBot/1.0; +claudebot@anthropic.com)"
66.249.65.105 - - [05/Apr/2025:09:12:04 -0400] "GET /shopdetail/89891218.shtml HTTP/1.1" 200 19395 "-" "Mozilla/5.0 (Linux; Android 6.0.1; Nexus 5X Build/MMB29P) AppleWebKit/537.36 (KHTML, like Gecko) Chrome/134.0.6998.165 Mobile Safari/537.36 (compatible; GoogleOther)"
66.249.65.104 - - [05/Apr/2025:09:12:08 -0400] "GET /special/spitscocked/115492268.shtml HTTP/1.1" 200 19835 "-" "Mozilla/5.0 (Linux; Android 6.0.1; Nexus 5X Build/MMB29P) AppleWebKit/537.36 (KHTML, like Gecko) Chrome/134.0.6998.165 Mobile Safari/537.36 (compatible; GoogleOther)"
66.249.65.104 - - [05/Apr/2025:09:12:17 -0400] "GET /special/n/loyalness/72470680.shtml HTTP/1.1" 200 19268 "-" "Mozilla/5.0 (Linux; Android 6.0.1; Nexus 5X Build/MMB29P) AppleWebKit/537.36 (KHTML, like Gecko) Chrome/134.0.6998.165 Mobile Safari/537.36 (compatible; GoogleOther)"
52.167.144.150 - - [05/Apr/2025:09:12:20 -0400] "GET /item/96990982.shtml HTTP/1.1" 200 20086 "-" "Mozilla/5.0 AppleWebKit/537.36 (KHTML, like Gecko; compatible; bingbot/2.0; +http://www.bing.com/bingbot.htm) Chrome/116.0.1938.76 Safari/537.36"
40.77.167.4 - - [05/Apr/2025:09:12:20 -0400] "GET /shopping90879936.shtml HTTP/1.1" 200 20294 "-" "Mozilla/5.0 AppleWebKit/537.36 (KHTML, like Gecko; compatible; bingbot/2.0; +http://www.bing.com/bingbot.htm) Chrome/116.0.1938.76 Safari/537.36"
66.249.65.104 - - [05/Apr/2025:09:12:21 -0400] "GET /products/xw/heterocyclic/104148976.shtml HTTP/1.1" 200 20319 "-" "Mozilla/5.0 (Linux; Android 6.0.1; Nexus 5X Build/MMB29P) AppleWebKit/537.36 (KHTML, like Gecko) Chrome/134.0.6998.165 Mobile Safari/537.36 (compatible; GoogleOther)"
207.46.13.151 - - [05/Apr/2025:09:12:25 -0400] "GET /item/pickup/114716726.shtml HTTP/1.1" 200 19457 "-" "Mozilla/5.0 AppleWebKit/537.36 (KHTML, like Gecko; compatible; bingbot/2.0; +http://www.bing.com/bingbot.htm) Chrome/116.0.1938.76 Safari/537.36"
40.77.167.4 - - [05/Apr/2025:09:12:30 -0400] "GET /products/flashgun21487048.shtml HTTP/1.1" 200 19685 "-" "Mozilla/5.0 AppleWebKit/537.36 (KHTML, like Gecko; compatible; bingbot/2.0; +http://www.bing.com/bingbot.htm) Chrome/116.0.1938.76 Safari/537.36"
66.249.65.104 - - [05/Apr/2025:09:12:47 -0400] "GET /items/gallium114791906.shtml HTTP/1.1" 200 19678 "-" "Mozilla/5.0 (Linux; Android 6.0.1; Nexus 5X Build/MMB29P) AppleWebKit/537.36 (KHTML, like Gecko) Chrome/134.0.6998.165 Mobile Safari/537.36 (compatible; GoogleOther)"
66.249.65.104 - - [05/Apr/2025:09:13:02 -0400] "GET /product44028344.shtml HTTP/1.1" 200 20365 "-" "Mozilla/5.0 (Linux; Android 6.0.1; Nexus 5X Build/MMB29P) AppleWebKit/537.36 (KHTML, like Gecko) Chrome/134.0.6998.165 Mobile Safari/537.36 (compatible; Googlebot/2.1; +http://www.google.com/bot.html)"
40.77.167.5 - - [05/Apr/2025:09:13:03 -0400] "GET /shopdetail/75590198.shtml HTTP/1.1" 200 20233 "-" "Mozilla/5.0 AppleWebKit/537.36 (KHTML, like Gecko; compatible; bingbot/2.0; +http://www.bing.com/bingbot.htm) Chrome/116.0.1938.76 Safari/537.36"
207.46.13.151 - - [05/Apr/2025:09:13:12 -0400] "GET /special/27305560.shtml HTTP/1.1" 200 19773 "-" "Mozilla/5.0 AppleWebKit/537.36 (KHTML, like Gecko; compatible; bingbot/2.0; +http://www.bing.com/bingbot.htm) Chrome/116.0.1938.76 Safari/537.36"
66.249.65.104 - - [05/Apr/2025:09:13:16 -0400] "GET /detail/gvc/halfendeal77143042.shtml HTTP/1.1" 200 20112 "-" "Mozilla/5.0 (Linux; Android 6.0.1; Nexus 5X Build/MMB29P) AppleWebKit/537.36 (KHTML, like Gecko) Chrome/134.0.6998.165 Mobile Safari/537.36 (compatible; GoogleOther)"
207.46.13.151 - - [05/Apr/2025:09:13:17 -0400] "GET /items5796798.shtml HTTP/1.1" 200 20130 "-" "Mozilla/5.0 AppleWebKit/537.36 (KHTML, like Gecko; compatible; bingbot/2.0; +http://www.bing.com/bingbot.htm) Chrome/116.0.1938.76 Safari/537.36"
157.55.39.195 - - [05/Apr/2025:09:13:21 -0400] "GET /special/pilch51330174.shtml HTTP/1.1" 200 20021 "-" "Mozilla/5.0 AppleWebKit/537.36 (KHTML, like Gecko; compatible; bingbot/2.0; +http://www.bing.com/bingbot.htm) Chrome/116.0.1938.76 Safari/537.36"
40.77.167.4 - - [05/Apr/2025:09:13:22 -0400] "GET /shopping/106646258.shtml HTTP/1.1" 200 19868 "-" "Mozilla/5.0 AppleWebKit/537.36 (KHTML, like Gecko; compatible; bingbot/2.0; +http://www.bing.com/bingbot.htm) Chrome/116.0.1938.76 Safari/537.36"
66.249.65.104 - - [05/Apr/2025:09:13:31 -0400] "GET /goods/ocm/deputed/100997090.shtml HTTP/1.1" 200 20112 "-" "Mozilla/5.0 (Linux; Android 6.0.1; Nexus 5X Build/MMB29P) AppleWebKit/537.36 (KHTML, like Gecko) Chrome/134.0.6998.165 Mobile Safari/537.36 (compatible; GoogleOther)"
52.167.144.161 - - [05/Apr/2025:09:13:34 -0400] "GET /special/d/relieve36902728.shtml HTTP/1.1" 200 20186 "-" "Mozilla/5.0 AppleWebKit/537.36 (KHTML, like Gecko; compatible; bingbot/2.0; +http://www.bing.com/bingbot.htm) Chrome/116.0.1938.76 Safari/537.36"
207.46.13.151 - - [05/Apr/2025:09:13:42 -0400] "GET /shopdetail/69681154.shtml HTTP/1.1" 200 19982 "-" "Mozilla/5.0 AppleWebKit/537.36 (KHTML, like Gecko; compatible; bingbot/2.0; +http://www.bing.com/bingbot.htm) Chrome/116.0.1938.76 Safari/537.36"
198.54.116.86 - - [05/Apr/2025:09:13:48 -0400] "POST /wp-cron.php?doing_wp_cron=1743858828.3786439895629882812500 HTTP/1.1" 200 0 "-" "WordPress/6.7.2; https://servethepeopleinc.org"
185.189.114.115 - - [05/Apr/2025:09:13:47 -0400] "GET / HTTP/1.0" 200 134182 "https://servethepeopleinc.org/" "Mozilla/5.0 (Windows NT 10.0; Win64; x64) AppleWebKit/537.36 (KHTML, like Gecko) Chrome/131.0.0.0 Safari/537.36"
198.54.116.86 - - [05/Apr/2025:09:13:48 -0400] "POST /wp-admin/admin-ajax.php?action=async_litespeed&nonce=0GEN8klYXpvDaLQpVOgEAdzFsyLWBg5Q&litespeed_type=imgoptm HTTP/1.1" 200 21 "-" "WordPress/6.7.2; https://servethepeopleinc.org"
185.189.114.115 - - [05/Apr/2025:09:13:50 -0400] "GET /contact-us/ HTTP/1.0" 200 103643 "https://servethepeopleinc.org/contact-us/" "Mozilla/5.0 (Windows NT 10.0; Win64; x64) AppleWebKit/537.36 (KHTML, like Gecko) Chrome/131.0.0.0 Safari/537.36"
40.77.167.4 - - [05/Apr/2025:09:13:51 -0400] "GET /shopping/108590958.shtml HTTP/1.1" 200 19650 "-" "Mozilla/5.0 AppleWebKit/537.36 (KHTML, like Gecko; compatible; bingbot/2.0; +http://www.bing.com/bingbot.htm) Chrome/116.0.1938.76 Safari/537.36"
66.249.65.104 - - [05/Apr/2025:09:13:52 -0400] "GET /shopdetail/20577644.shtml HTTP/1.1" 200 19362 "-" "Mozilla/5.0 (Linux; Android 6.0.1; Nexus 5X Build/MMB29P) AppleWebKit/537.36 (KHTML, like Gecko) Chrome/134.0.6998.165 Mobile Safari/537.36 (compatible; Googlebot/2.1; +http://www.google.com/bot.html)"
185.189.114.115 - - [05/Apr/2025:09:13:52 -0400] "POST /contact-us/ HTTP/1.0" 200 92189 "https://servethepeopleinc.org/contact-us/" "Mozilla/5.0 (Windows NT 10.0; Win64; x64) AppleWebKit/537.36 (KHTML, like Gecko) Chrome/131.0.0.0 Safari/537.36"
66.249.65.104 - - [05/Apr/2025:09:13:53 -0400] "GET /detail/112590172.shtml HTTP/1.1" 200 20017 "-" "Mozilla/5.0 (Linux; Android 6.0.1; Nexus 5X Build/MMB29P) AppleWebKit/537.36 (KHTML, like Gecko) Chrome/134.0.6998.165 Mobile Safari/537.36 (compatible; GoogleOther)"
3.147.47.108 - - [05/Apr/2025:09:13:57 -0400] "GET /ad917/?path=%2Fhome%2Fservlmvm%2Fpublic_html%2F..%2Fssl%2Fssl.db.cache HTTP/1.1" 200 3429 "-" "Mozilla/5.0 AppleWebKit/537.36 (KHTML, like Gecko; compatible; ClaudeBot/1.0; +claudebot@anthropic.com)"
3.147.47.108 - - [05/Apr/2025:09:14:00 -0400] "GET /ad917/?path=%2Fhome%2Fservlmvm%2F.%2Fpuppiesoftexas.com%2F.htaccess.bk HTTP/1.1" 403 1242 "-" "Mozilla/5.0 AppleWebKit/537.36 (KHTML, like Gecko; compatible; ClaudeBot/1.0; +claudebot@anthropic.com)"
66.249.65.105 - - [05/Apr/2025:09:14:02 -0400] "GET /entity/agrifolia/16213538.shtml HTTP/1.1" 200 19749 "-" "Mozilla/5.0 (Linux; Android 6.0.1; Nexus 5X Build/MMB29P) AppleWebKit/537.36 (KHTML, like Gecko) Chrome/134.0.6998.165 Mobile Safari/537.36 (compatible; GoogleOther)"
3.147.47.108 - - [05/Apr/2025:09:14:03 -0400] "GET /ad917/?path=%2Fhome%2Fservlmvm%2Fpublic_html%2F..%2F.%2F.spamassassin HTTP/1.1" 200 1526 "-" "Mozilla/5.0 AppleWebKit/537.36 (KHTML, like Gecko; compatible; ClaudeBot/1.0; +claudebot@anthropic.com)"
3.147.47.108 - - [05/Apr/2025:09:14:06 -0400] "GET /ad917/?path=%2Fhome%2Fservlmvm%2Fpublic_html%2F..%2F.softaculous%2F.. HTTP/1.1" 200 2414 "-" "Mozilla/5.0 AppleWebKit/537.36 (KHTML, like Gecko; compatible; ClaudeBot/1.0; +claudebot@anthropic.com)"
3.147.47.108 - - [05/Apr/2025:09:14:09 -0400] "GET /ad917/?path=%2Fhome%2Fservlmvm%2Fpublic_html%2F..%2F.%2F.bash_profile HTTP/1.1" 200 1067 "-" "Mozilla/5.0 AppleWebKit/537.36 (KHTML, like Gecko; compatible; ClaudeBot/1.0; +claudebot@anthropic.com)"
3.147.47.108 - - [05/Apr/2025:09:14:12 -0400] "GET /ad917/?path=%2Fhome%2Fservlmvm%2Fpublic_html%2F..%2F.%2F.myimunify_id HTTP/1.1" 200 1033 "-" "Mozilla/5.0 AppleWebKit/537.36 (KHTML, like Gecko; compatible; ClaudeBot/1.0; +claudebot@anthropic.com)"
40.77.167.4 - - [05/Apr/2025:09:14:12 -0400] "GET /shopdetail1353198.shtml HTTP/1.1" 200 18950 "-" "Mozilla/5.0 AppleWebKit/537.36 (KHTML, like Gecko; compatible; bingbot/2.0; +http://www.bing.com/bingbot.htm) Chrome/116.0.1938.76 Safari/537.36"
3.147.47.108 - - [05/Apr/2025:09:14:15 -0400] "GET /ad917/?path=%2Fhome%2Fservlmvm%2Fpublic_html%2F..%2Fwww%2Fwp-mail.php HTTP/1.1" 200 4105 "-" "Mozilla/5.0 AppleWebKit/537.36 (KHTML, like Gecko; compatible; ClaudeBot/1.0; +claudebot@anthropic.com)"
3.147.47.108 - - [05/Apr/2025:09:14:18 -0400] "GET /ad917/?path=%2Fhome%2Fservlmvm%2Fpublic_html%2F..%2Fwww%2Flicense.txt HTTP/1.1" 200 8302 "-" "Mozilla/5.0 AppleWebKit/537.36 (KHTML, like Gecko; compatible; ClaudeBot/1.0; +claudebot@anthropic.com)"
3.147.47.108 - - [05/Apr/2025:09:14:21 -0400] "GET /ad917/?path=%2Fhome%2Fservlmvm%2Fpublic_html%2F..%2Fwww%2Fwp-load.php HTTP/1.1" 200 2607 "-" "Mozilla/5.0 AppleWebKit/537.36 (KHTML, like Gecko; compatible; ClaudeBot/1.0; +claudebot@anthropic.com)"
3.147.47.108 - - [05/Apr/2025:09:14:24 -0400] "GET /ad917/?path=%2Fhome%2Fservlmvm%2Fpublic_html%2F..%2Fwww%2Fwp-includes HTTP/1.1" 200 9473 "-" "Mozilla/5.0 AppleWebKit/537.36 (KHTML, like Gecko; compatible; ClaudeBot/1.0; +claudebot@anthropic.com)"
66.249.65.104 - - [05/Apr/2025:09:14:27 -0400] "GET /shopdetail/outagamies105309854.shtml HTTP/1.1" 200 20143 "-" "Mozilla/5.0 (Linux; Android 6.0.1; Nexus 5X Build/MMB29P) AppleWebKit/537.36 (KHTML, like Gecko) Chrome/134.0.6998.165 Mobile Safari/537.36 (compatible; GoogleOther)"
66.249.65.105 - - [05/Apr/2025:09:14:30 -0400] "GET /shopdetail/zg/citizen/25754332.shtml HTTP/1.1" 200 20270 "-" "Mozilla/5.0 (Linux; Android 6.0.1; Nexus 5X Build/MMB29P) AppleWebKit/537.36 (KHTML, like Gecko) Chrome/134.0.6998.165 Mobile Safari/537.36 (compatible; GoogleOther)"
40.77.167.4 - - [05/Apr/2025:09:14:30 -0400] "GET /goodscode/shepherdly67102874.shtml HTTP/1.1" 200 19463 "-" "Mozilla/5.0 AppleWebKit/537.36 (KHTML, like Gecko; compatible; bingbot/2.0; +http://www.bing.com/bingbot.htm) Chrome/116.0.1938.76 Safari/537.36"
207.46.13.151 - - [05/Apr/2025:09:14:53 -0400] "GET /special/johnsonism/ HTTP/1.1" 200 19846 "-" "Mozilla/5.0 AppleWebKit/537.36 (KHTML, like Gecko; compatible; bingbot/2.0; +http://www.bing.com/bingbot.htm) Chrome/116.0.1938.76 Safari/537.36"
66.249.65.104 - - [05/Apr/2025:09:14:59 -0400] "GET /goodscode/iey/batrachia/12215006.shtml HTTP/1.1" 200 20243 "-" "Mozilla/5.0 (Linux; Android 6.0.1; Nexus 5X Build/MMB29P) AppleWebKit/537.36 (KHTML, like Gecko) Chrome/134.0.6998.165 Mobile Safari/537.36 (compatible; GoogleOther)"
66.249.65.104 - - [05/Apr/2025:09:15:01 -0400] "GET /item/h/heartpea40884392.shtml HTTP/1.1" 200 20325 "-" "Mozilla/5.0 (Linux; Android 6.0.1; Nexus 5X Build/MMB29P) AppleWebKit/537.36 (KHTML, like Gecko) Chrome/134.0.6998.165 Mobile Safari/537.36 (compatible; GoogleOther)"
52.167.144.161 - - [05/Apr/2025:09:15:05 -0400] "GET /special1664002.shtml HTTP/1.1" 200 20009 "-" "Mozilla/5.0 AppleWebKit/537.36 (KHTML, like Gecko; compatible; bingbot/2.0; +http://www.bing.com/bingbot.htm) Chrome/116.0.1938.76 Safari/537.36"
66.249.65.104 - - [05/Apr/2025:09:15:09 -0400] "GET /shopping/60157436.shtml HTTP/1.1" 200 19646 "-" "Mozilla/5.0 (Linux; Android 6.0.1; Nexus 5X Build/MMB29P) AppleWebKit/537.36 (KHTML, like Gecko) Chrome/134.0.6998.165 Mobile Safari/537.36 (compatible; Googlebot/2.1; +http://www.google.com/bot.html)"
207.46.13.151 - - [05/Apr/2025:09:15:10 -0400] "GET /sitemap-item-608.xml HTTP/1.1" 200 10291 "-" "Mozilla/5.0 AppleWebKit/537.36 (KHTML, like Gecko; compatible; bingbot/2.0; +http://www.bing.com/bingbot.htm) Chrome/116.0.1938.76 Safari/537.36"
207.46.13.151 - - [05/Apr/2025:09:15:15 -0400] "GET /goodscode110807466.shtml HTTP/1.1" 200 20192 "-" "Mozilla/5.0 AppleWebKit/537.36 (KHTML, like Gecko; compatible; bingbot/2.0; +http://www.bing.com/bingbot.htm) Chrome/116.0.1938.76 Safari/537.36"
66.249.65.104 - - [05/Apr/2025:09:15:19 -0400] "GET /items/46866838.shtml HTTP/1.1" 200 19939 "-" "Mozilla/5.0 (Linux; Android 6.0.1; Nexus 5X Build/MMB29P) AppleWebKit/537.36 (KHTML, like Gecko) Chrome/134.0.6998.165 Mobile Safari/537.36 (compatible; Googlebot/2.1; +http://www.google.com/bot.html)"
52.167.144.208 - - [05/Apr/2025:09:15:19 -0400] "GET /sitemap-item-720.xml HTTP/1.1" 200 10133 "-" "Mozilla/5.0 AppleWebKit/537.36 (KHTML, like Gecko; compatible; bingbot/2.0; +http://www.bing.com/bingbot.htm) Chrome/116.0.1938.76 Safari/537.36"
52.167.144.208 - - [05/Apr/2025:09:15:23 -0400] "GET /sitemap-item-806.xml HTTP/1.1" 200 10365 "-" "Mozilla/5.0 AppleWebKit/537.36 (KHTML, like Gecko; compatible; bingbot/2.0; +http://www.bing.com/bingbot.htm) Chrome/116.0.1938.76 Safari/537.36"
52.167.144.208 - - [05/Apr/2025:09:15:25 -0400] "GET /sitemap-item-720.xml HTTP/1.1" 200 10096 "-" "Mozilla/5.0 AppleWebKit/537.36 (KHTML, like Gecko; compatible; bingbot/2.0; +http://www.bing.com/bingbot.htm) Chrome/116.0.1938.76 Safari/537.36"
52.167.144.208 - - [05/Apr/2025:09:15:28 -0400] "GET /sitemap-item-806.xml HTTP/1.1" 200 10351 "-" "Mozilla/5.0 AppleWebKit/537.36 (KHTML, like Gecko; compatible; bingbot/2.0; +http://www.bing.com/bingbot.htm) Chrome/116.0.1938.76 Safari/537.36"
52.167.144.208 - - [05/Apr/2025:09:15:31 -0400] "GET /sitemap-mobile-2730.xml HTTP/1.1" 200 9797 "-" "Mozilla/5.0 AppleWebKit/537.36 (KHTML, like Gecko; compatible; bingbot/2.0; +http://www.bing.com/bingbot.htm) Chrome/116.0.1938.76 Safari/537.36"
52.167.144.208 - - [05/Apr/2025:09:15:34 -0400] "GET /sitemap-mobile-1029.xml HTTP/1.1" 200 9675 "-" "Mozilla/5.0 AppleWebKit/537.36 (KHTML, like Gecko; compatible; bingbot/2.0; +http://www.bing.com/bingbot.htm) Chrome/116.0.1938.76 Safari/537.36"
52.167.144.208 - - [05/Apr/2025:09:15:37 -0400] "GET /sitemap-mobile-1535.xml HTTP/1.1" 200 9751 "-" "Mozilla/5.0 AppleWebKit/537.36 (KHTML, like Gecko; compatible; bingbot/2.0; +http://www.bing.com/bingbot.htm) Chrome/116.0.1938.76 Safari/537.36"
52.167.144.208 - - [05/Apr/2025:09:15:40 -0400] "GET /sitemap-mobile-1535.xml HTTP/1.1" 200 9869 "-" "Mozilla/5.0 AppleWebKit/537.36 (KHTML, like Gecko; compatible; bingbot/2.0; +http://www.bing.com/bingbot.htm) Chrome/116.0.1938.76 Safari/537.36"
52.167.144.208 - - [05/Apr/2025:09:15:43 -0400] "GET /sitemap-mobile-1029.xml HTTP/1.1" 200 9533 "-" "Mozilla/5.0 AppleWebKit/537.36 (KHTML, like Gecko; compatible; bingbot/2.0; +http://www.bing.com/bingbot.htm) Chrome/116.0.1938.76 Safari/537.36"
52.167.144.208 - - [05/Apr/2025:09:15:46 -0400] "GET /sitemap-item-403.xml HTTP/1.1" 200 10218 "-" "Mozilla/5.0 AppleWebKit/537.36 (KHTML, like Gecko; compatible; bingbot/2.0; +http://www.bing.com/bingbot.htm) Chrome/116.0.1938.76 Safari/537.36"
207.46.13.151 - - [05/Apr/2025:09:15:49 -0400] "GET /sitemap-item-345.xml HTTP/1.1" 200 10167 "-" "Mozilla/5.0 AppleWebKit/537.36 (KHTML, like Gecko; compatible; bingbot/2.0; +http://www.bing.com/bingbot.htm) Chrome/116.0.1938.76 Safari/537.36"
207.46.13.151 - - [05/Apr/2025:09:15:52 -0400] "GET /sitemap-item-608.xml HTTP/1.1" 200 10054 "-" "Mozilla/5.0 AppleWebKit/537.36 (KHTML, like Gecko; compatible; bingbot/2.0; +http://www.bing.com/bingbot.htm) Chrome/116.0.1938.76 Safari/537.36"
207.46.13.151 - - [05/Apr/2025:09:15:55 -0400] "GET /sitemap-item-935.xml HTTP/1.1" 200 10023 "-" "Mozilla/5.0 AppleWebKit/537.36 (KHTML, like Gecko; compatible; bingbot/2.0; +http://www.bing.com/bingbot.htm) Chrome/116.0.1938.76 Safari/537.36"
40.77.167.116 - - [05/Apr/2025:09:15:58 -0400] "GET /entity/isocyanic99439600.shtml HTTP/1.1" 200 20390 "-" "Mozilla/5.0 AppleWebKit/537.36 (KHTML, like Gecko; compatible; bingbot/2.0; +http://www.bing.com/bingbot.htm) Chrome/116.0.1938.76 Safari/537.36"
207.46.13.151 - - [05/Apr/2025:09:15:59 -0400] "GET /sitemap-item-345.xml HTTP/1.1" 200 10188 "-" "Mozilla/5.0 AppleWebKit/537.36 (KHTML, like Gecko; compatible; bingbot/2.0; +http://www.bing.com/bingbot.htm) Chrome/116.0.1938.76 Safari/537.36"
207.46.13.151 - - [05/Apr/2025:09:16:09 -0400] "GET /sitemap-item-2766.xml HTTP/1.1" 200 10227 "-" "Mozilla/5.0 AppleWebKit/537.36 (KHTML, like Gecko; compatible; bingbot/2.0; +http://www.bing.com/bingbot.htm) Chrome/116.0.1938.76 Safari/537.36"
207.46.13.151 - - [05/Apr/2025:09:16:11 -0400] "GET /sitemap-item-545.xml HTTP/1.1" 200 10119 "-" "Mozilla/5.0 AppleWebKit/537.36 (KHTML, like Gecko; compatible; bingbot/2.0; +http://www.bing.com/bingbot.htm) Chrome/116.0.1938.76 Safari/537.36"
207.46.13.151 - - [05/Apr/2025:09:16:12 -0400] "GET /sitemap-item-2963.xml HTTP/1.1" 200 10334 "-" "Mozilla/5.0 AppleWebKit/537.36 (KHTML, like Gecko; compatible; bingbot/2.0; +http://www.bing.com/bingbot.htm) Chrome/116.0.1938.76 Safari/537.36"
207.46.13.151 - - [05/Apr/2025:09:16:13 -0400] "GET /sitemap-item-2766.xml HTTP/1.1" 200 10067 "-" "Mozilla/5.0 AppleWebKit/537.36 (KHTML, like Gecko; compatible; bingbot/2.0; +http://www.bing.com/bingbot.htm) Chrome/116.0.1938.76 Safari/537.36"
207.46.13.151 - - [05/Apr/2025:09:16:14 -0400] "GET /sitemap-item-545.xml HTTP/1.1" 200 10078 "-" "Mozilla/5.0 AppleWebKit/537.36 (KHTML, like Gecko; compatible; bingbot/2.0; +http://www.bing.com/bingbot.htm) Chrome/116.0.1938.76 Safari/537.36"
207.46.13.151 - - [05/Apr/2025:09:16:16 -0400] "GET /sitemap-item-2963.xml HTTP/1.1" 200 10222 "-" "Mozilla/5.0 AppleWebKit/537.36 (KHTML, like Gecko; compatible; bingbot/2.0; +http://www.bing.com/bingbot.htm) Chrome/116.0.1938.76 Safari/537.36"
18.219.206.240 - - [05/Apr/2025:09:16:19 -0400] "GET /ad917/?path=%2Fhome%2Fservlmvm%2Fpublic_html%2F..%2Fwww%2Fwp-signup.php HTTP/1.1" 200 9805 "-" "Mozilla/5.0 AppleWebKit/537.36 (KHTML, like Gecko; compatible; ClaudeBot/1.0; +claudebot@anthropic.com)"
66.249.65.105 - - [05/Apr/2025:09:16:19 -0400] "GET /shopdetail/j/agreements53836608.shtml HTTP/1.1" 200 19592 "-" "Mozilla/5.0 (Linux; Android 6.0.1; Nexus 5X Build/MMB29P) AppleWebKit/537.36 (KHTML, like Gecko) Chrome/134.0.6998.165 Mobile Safari/537.36 (compatible; GoogleOther)"
207.46.13.151 - - [05/Apr/2025:09:16:19 -0400] "GET /sitemap-item-2590.xml HTTP/1.1" 200 10034 "-" "Mozilla/5.0 AppleWebKit/537.36 (KHTML, like Gecko; compatible; bingbot/2.0; +http://www.bing.com/bingbot.htm) Chrome/116.0.1938.76 Safari/537.36"
66.249.65.105 - - [05/Apr/2025:09:16:21 -0400] "GET /product103502532.shtml HTTP/1.1" 200 19555 "-" "Mozilla/5.0 (Linux; Android 6.0.1; Nexus 5X Build/MMB29P) AppleWebKit/537.36 (KHTML, like Gecko) Chrome/134.0.6998.165 Mobile Safari/537.36 (compatible; Googlebot/2.1; +http://www.google.com/bot.html)"
18.219.206.240 - - [05/Apr/2025:09:16:22 -0400] "GET /ad917/?path=%2Fhome%2Fservlmvm%2Fpublic_html%2F..%2Fwww%2Fwp-config.php HTTP/1.1" 403 1242 "-" "Mozilla/5.0 AppleWebKit/537.36 (KHTML, like Gecko; compatible; ClaudeBot/1.0; +claudebot@anthropic.com)"
207.46.13.151 - - [05/Apr/2025:09:16:22 -0400] "GET /sitemap-item-2558.xml HTTP/1.1" 200 10265 "-" "Mozilla/5.0 AppleWebKit/537.36 (KHTML, like Gecko; compatible; bingbot/2.0; +http://www.bing.com/bingbot.htm) Chrome/116.0.1938.76 Safari/537.36"
18.219.206.240 - - [05/Apr/2025:09:16:25 -0400] "GET /ad917/?path=%2Fhome%2Fservlmvm%2F.%2Fpuppiesoftexas.com%2Fwp-config.php HTTP/1.1" 403 1242 "-" "Mozilla/5.0 AppleWebKit/537.36 (KHTML, like Gecko; compatible; ClaudeBot/1.0; +claudebot@anthropic.com)"
207.46.13.151 - - [05/Apr/2025:09:16:25 -0400] "GET /sitemap-item-2558.xml HTTP/1.1" 200 10039 "-" "Mozilla/5.0 AppleWebKit/537.36 (KHTML, like Gecko; compatible; bingbot/2.0; +http://www.bing.com/bingbot.htm) Chrome/116.0.1938.76 Safari/537.36"
66.249.65.104 - - [05/Apr/2025:09:16:26 -0400] "GET /entity/cs/deliquate112248570.shtml HTTP/1.1" 200 20154 "-" "Mozilla/5.0 (Linux; Android 6.0.1; Nexus 5X Build/MMB29P) AppleWebKit/537.36 (KHTML, like Gecko) Chrome/134.0.6998.165 Mobile Safari/537.36 (compatible; GoogleOther)"
18.219.206.240 - - [05/Apr/2025:09:16:28 -0400] "GET /ad917/?path=%2Fhome%2Fservlmvm%2F.%2Fspekkshealth.com%2Fwp-activate.php HTTP/1.1" 200 3604 "-" "Mozilla/5.0 AppleWebKit/537.36 (KHTML, like Gecko; compatible; ClaudeBot/1.0; +claudebot@anthropic.com)"
207.46.13.151 - - [05/Apr/2025:09:16:28 -0400] "GET /sitemap-item-2590.xml HTTP/1.1" 200 10221 "-" "Mozilla/5.0 AppleWebKit/537.36 (KHTML, like Gecko; compatible; bingbot/2.0; +http://www.bing.com/bingbot.htm) Chrome/116.0.1938.76 Safari/537.36"
18.219.206.240 - - [05/Apr/2025:09:16:31 -0400] "GET /ad917/?path=%2Fhome%2Fservlmvm%2Fpublic_html%2F..%2F.cpanel%2Fdatastore HTTP/1.1" 200 2079 "-" "Mozilla/5.0 AppleWebKit/537.36 (KHTML, like Gecko; compatible; ClaudeBot/1.0; +claudebot@anthropic.com)"
66.249.65.104 - - [05/Apr/2025:09:16:32 -0400] "GET /items/isochasmic/108695878.shtml HTTP/1.1" 200 19899 "-" "Mozilla/5.0 (Linux; Android 6.0.1; Nexus 5X Build/MMB29P) AppleWebKit/537.36 (KHTML, like Gecko) Chrome/134.0.6998.165 Mobile Safari/537.36 (compatible; GoogleOther)"
18.219.206.240 - - [05/Apr/2025:09:16:34 -0400] "GET /ad917/?path=%2Fhome%2Fservlmvm%2F.%2Fspekkshealth.com%2Fwp-settings.php HTTP/1.1" 200 6978 "-" "Mozilla/5.0 AppleWebKit/537.36 (KHTML, like Gecko; compatible; ClaudeBot/1.0; +claudebot@anthropic.com)"
207.46.13.151 - - [05/Apr/2025:09:16:34 -0400] "GET /sitemap-item-2115.xml HTTP/1.1" 200 10391 "-" "Mozilla/5.0 AppleWebKit/537.36 (KHTML, like Gecko; compatible; bingbot/2.0; +http://www.bing.com/bingbot.htm) Chrome/116.0.1938.76 Safari/537.36"
18.219.206.240 - - [05/Apr/2025:09:16:37 -0400] "GET /ad917/?path=%2Fhome%2Fservlmvm%2F.%2Fpuppiesoftexas.com%2Fwp-signup.php HTTP/1.1" 200 9722 "-" "Mozilla/5.0 AppleWebKit/537.36 (KHTML, like Gecko; compatible; ClaudeBot/1.0; +claudebot@anthropic.com)"
52.167.144.208 - - [05/Apr/2025:09:16:39 -0400] "GET /sitemap-item-785.xml HTTP/1.1" 200 10113 "-" "Mozilla/5.0 AppleWebKit/537.36 (KHTML, like Gecko; compatible; bingbot/2.0; +http://www.bing.com/bingbot.htm) Chrome/116.0.1938.76 Safari/537.36"
18.219.206.240 - - [05/Apr/2025:09:16:40 -0400] "GET /ad917/?path=%2Fhome%2Fservlmvm%2Fpublic_html%2F..%2F.clwpos%2Fmain.log HTTP/1.1" 200 963 "-" "Mozilla/5.0 AppleWebKit/537.36 (KHTML, like Gecko; compatible; ClaudeBot/1.0; +claudebot@anthropic.com)"
52.167.144.208 - - [05/Apr/2025:09:16:42 -0400] "GET /sitemap-item-423.xml HTTP/1.1" 200 10181 "-" "Mozilla/5.0 AppleWebKit/537.36 (KHTML, like Gecko; compatible; bingbot/2.0; +http://www.bing.com/bingbot.htm) Chrome/116.0.1938.76 Safari/537.36"
18.219.206.240 - - [05/Apr/2025:09:16:43 -0400] "GET /ad917/?path=%2Fhome%2Fservlmvm%2Fpublic_html%2F..%2F.softaculous%2Ftmp HTTP/1.1" 200 1455 "-" "Mozilla/5.0 AppleWebKit/537.36 (KHTML, like Gecko; compatible; ClaudeBot/1.0; +claudebot@anthropic.com)"
52.167.144.208 - - [05/Apr/2025:09:16:45 -0400] "GET /sitemap-mobile-2730.xml HTTP/1.1" 200 9848 "-" "Mozilla/5.0 AppleWebKit/537.36 (KHTML, like Gecko; compatible; bingbot/2.0; +http://www.bing.com/bingbot.htm) Chrome/116.0.1938.76 Safari/537.36"
18.219.206.240 - - [05/Apr/2025:09:16:46 -0400] "GET /ad917/?path=%2Fhome%2Fservlmvm%2Fpublic_html%2F..%2Fwww%2F.htaccess.bk HTTP/1.1" 403 1242 "-" "Mozilla/5.0 AppleWebKit/537.36 (KHTML, like Gecko; compatible; ClaudeBot/1.0; +claudebot@anthropic.com)"
52.167.144.208 - - [05/Apr/2025:09:16:48 -0400] "GET /sitemap-item-2694.xml HTTP/1.1" 200 10344 "-" "Mozilla/5.0 AppleWebKit/537.36 (KHTML, like Gecko; compatible; bingbot/2.0; +http://www.bing.com/bingbot.htm) Chrome/116.0.1938.76 Safari/537.36"
66.249.65.104 - - [05/Apr/2025:09:16:48 -0400] "GET /detail/52558712.shtml HTTP/1.1" 200 19727 "-" "Mozilla/5.0 (Linux; Android 6.0.1; Nexus 5X Build/MMB29P) AppleWebKit/537.36 (KHTML, like Gecko) Chrome/134.0.6998.165 Mobile Safari/537.36 (compatible; Googlebot/2.1; +http://www.google.com/bot.html)"
