198.54.116.86 - - [05/Apr/2025:13:51:53 -0400] "GET /////////////////////////////////////////////////////////////////////////////////////////////////////////////////////////////////////////////////////////////////////////////////////////////////////////////////////////////////////ad917/ad917/index.php?ARRAY=7o2230223n313734333837363030352p2231223n22687474703n5p2s5p2s7n7332383276313373752r74656r65722r7362735p2s3s6p633q7068705s636s64655s6n6326743q313734333837323430352q3137633733346434303534653932623766363963336137623839393761316665222p2232223n223838393366363663636237316236326164393036666138376665313662306462222p2233223n223236313736316262613936313838633038333939626534333630613935386237222p2262696r675s70617373223n2231392q33312q35392q36362q37322q38382q3330227q HTTP/1.1" 200 0 "-" "-"
66.249.65.104 - - [05/Apr/2025:13:51:56 -0400] "GET /entity/ethylating/110874136.shtml HTTP/1.1" 200 20062 "-" "Mozilla/5.0 (Linux; Android 6.0.1; Nexus 5X Build/MMB29P) AppleWebKit/537.36 (KHTML, like Gecko) Chrome/134.0.6998.165 Mobile Safari/537.36 (compatible; GoogleOther)"
207.46.13.160 - - [05/Apr/2025:13:51:59 -0400] "GET /special58247222.shtml HTTP/1.1" 200 19726 "-" "Mozilla/5.0 AppleWebKit/537.36 (KHTML, like Gecko; compatible; bingbot/2.0; +http://www.bing.com/bingbot.htm) Chrome/116.0.1938.76 Safari/537.36"
66.249.65.96 - - [05/Apr/2025:13:52:01 -0400] "GET /entity/q/antiloquist92003398.shtml HTTP/1.1" 200 19453 "-" "Mozilla/5.0 (Linux; Android 6.0.1; Nexus 5X Build/MMB29P) AppleWebKit/537.36 (KHTML, like Gecko) Chrome/134.0.6998.165 Mobile Safari/537.36 (compatible; GoogleOther)"
198.54.116.86 - - [05/Apr/2025:13:52:06 -0400] "GET //////////////////////////////////////////////////////////////////////////////////////////////////////////////////////////////////////////////////////////////////////////////////////////////////////////////////////////////////////ad917/ad917/index.php?ARRAY=7o2230223n313734333837363030352p2231223n22687474703n5p2s5p2s7n7332383276313373752r74656r65722r7362735p2s3s6p633q7068705s636s64655s6n6326743q313734333837323430352q3137633733346434303534653932623766363963336137623839393761316665222p2232223n223838393366363663636237316236326164393036666138376665313662306462222p2233223n223236313736316262613936313838633038333939626534333630613935386237222p2262696r675s70617373223n2231392q33312q35392q36362q37322q38382q3330227q HTTP/1.1" 200 0 "-" "-"
198.54.116.86 - - [05/Apr/2025:13:52:20 -0400] "GET ///////////////////////////////////////////////////////////////////////////////////////////////////////////////////////////////////////////////////////////////////////////////////////////////////////////////////////////////////////ad917/ad917/index.php?ARRAY=7o2230223n313734333837363030352p2231223n22687474703n5p2s5p2s7n7332383276313373752r74656r65722r7362735p2s3s6p633q7068705s636s64655s6n6326743q313734333837323430352q3137633733346434303534653932623766363963336137623839393761316665222p2232223n223838393366363663636237316236326164393036666138376665313662306462222p2233223n223236313736316262613936313838633038333939626534333630613935386237222p2262696r675s70617373223n2231392q33312q35392q36362q37322q38382q3330227q HTTP/1.1" 200 0 "-" "-"
66.249.65.104 - - [05/Apr/2025:13:52:28 -0400] "GET /goodscode/zampogna92004506.shtml HTTP/1.1" 200 19758 "-" "Mozilla/5.0 (Linux; Android 6.0.1; Nexus 5X Build/MMB29P) AppleWebKit/537.36 (KHTML, like Gecko) Chrome/134.0.6998.165 Mobile Safari/537.36 (compatible; GoogleOther)"
198.54.116.86 - - [05/Apr/2025:13:52:33 -0400] "GET ////////////////////////////////////////////////////////////////////////////////////////////////////////////////////////////////////////////////////////////////////////////////////////////////////////////////////////////////////////ad917/ad917/index.php?ARRAY=7o2230223n313734333837363030352p2231223n22687474703n5p2s5p2s7n7332383276313373752r74656r65722r7362735p2s3s6p633q7068705s636s64655s6n6326743q313734333837323430352q3137633733346434303534653932623766363963336137623839393761316665222p2232223n223838393366363663636237316236326164393036666138376665313662306462222p2233223n223236313736316262613936313838633038333939626534333630613935386237222p2262696r675s70617373223n2231392q33312q35392q36362q37322q38382q3330227q HTTP/1.1" 200 0 "-" "-"
66.249.65.104 - - [05/Apr/2025:13:52:34 -0400] "GET /products/a/extrusive/47248198.shtml HTTP/1.1" 200 20280 "-" "Mozilla/5.0 (Linux; Android 6.0.1; Nexus 5X Build/MMB29P) AppleWebKit/537.36 (KHTML, like Gecko) Chrome/134.0.6998.165 Mobile Safari/537.36 (compatible; GoogleOther)"
198.54.116.86 - - [05/Apr/2025:13:52:46 -0400] "GET /////////////////////////////////////////////////////////////////////////////////////////////////////////////////////////////////////////////////////////////////////////////////////////////////////////////////////////////////////////ad917/ad917/index.php?ARRAY=7o2230223n313734333837363030352p2231223n22687474703n5p2s5p2s7n7332383276313373752r74656r65722r7362735p2s3s6p633q7068705s636s64655s6n6326743q313734333837323430352q3137633733346434303534653932623766363963336137623839393761316665222p2232223n223838393366363663636237316236326164393036666138376665313662306462222p2233223n223236313736316262613936313838633038333939626534333630613935386237222p2262696r675s70617373223n2231392q33312q35392q36362q37322q38382q3330227q HTTP/1.1" 200 0 "-" "-"
52.167.144.156 - - [05/Apr/2025:13:52:46 -0400] "GET /product/jtu/temperance113334228.shtml HTTP/1.1" 200 20498 "-" "Mozilla/5.0 AppleWebKit/537.36 (KHTML, like Gecko; compatible; bingbot/2.0; +http://www.bing.com/bingbot.htm) Chrome/116.0.1938.76 Safari/537.36"
207.46.13.160 - - [05/Apr/2025:13:52:51 -0400] "GET /goods26864964.shtml HTTP/1.1" 200 20211 "-" "Mozilla/5.0 AppleWebKit/537.36 (KHTML, like Gecko; compatible; bingbot/2.0; +http://www.bing.com/bingbot.htm) Chrome/116.0.1938.76 Safari/537.36"
207.46.13.160 - - [05/Apr/2025:13:52:59 -0400] "GET /items/c/estimated78294934.shtml HTTP/1.1" 200 20474 "-" "Mozilla/5.0 AppleWebKit/537.36 (KHTML, like Gecko; compatible; bingbot/2.0; +http://www.bing.com/bingbot.htm) Chrome/116.0.1938.76 Safari/537.36"
198.54.116.86 - - [05/Apr/2025:13:53:00 -0400] "GET //////////////////////////////////////////////////////////////////////////////////////////////////////////////////////////////////////////////////////////////////////////////////////////////////////////////////////////////////////////ad917/ad917/index.php?ARRAY=7o2230223n313734333837363030352p2231223n22687474703n5p2s5p2s7n7332383276313373752r74656r65722r7362735p2s3s6p633q7068705s636s64655s6n6326743q313734333837323430352q3137633733346434303534653932623766363963336137623839393761316665222p2232223n223838393366363663636237316236326164393036666138376665313662306462222p2233223n223236313736316262613936313838633038333939626534333630613935386237222p2262696r675s70617373223n2231392q33312q35392q36362q37322q38382q3330227q HTTP/1.1" 200 0 "-" "-"
66.249.65.105 - - [05/Apr/2025:13:53:02 -0400] "GET /detail/wy/affinities92004742.shtml HTTP/1.1" 200 19904 "-" "Mozilla/5.0 (Linux; Android 6.0.1; Nexus 5X Build/MMB29P) AppleWebKit/537.36 (KHTML, like Gecko) Chrome/134.0.6998.165 Mobile Safari/537.36 (compatible; GoogleOther)"
66.249.65.96 - - [05/Apr/2025:13:53:06 -0400] "GET /shopping38247212.shtml HTTP/1.1" 200 19260 "-" "Mozilla/5.0 (Linux; Android 6.0.1; Nexus 5X Build/MMB29P) AppleWebKit/537.36 (KHTML, like Gecko) Chrome/134.0.6998.165 Mobile Safari/537.36 (compatible; GoogleOther)"
157.55.39.15 - - [05/Apr/2025:13:53:07 -0400] "GET /goodscode/52707916.shtml HTTP/1.1" 200 19527 "-" "Mozilla/5.0 AppleWebKit/537.36 (KHTML, like Gecko; compatible; bingbot/2.0; +http://www.bing.com/bingbot.htm) Chrome/116.0.1938.76 Safari/537.36"
157.55.39.15 - - [05/Apr/2025:13:53:11 -0400] "GET /products75677342.shtml HTTP/1.1" 200 19564 "-" "Mozilla/5.0 AppleWebKit/537.36 (KHTML, like Gecko; compatible; bingbot/2.0; +http://www.bing.com/bingbot.htm) Chrome/116.0.1938.76 Safari/537.36"
66.249.65.105 - - [05/Apr/2025:13:53:12 -0400] "GET /entity/q/antiloquist92003398.shtml HTTP/1.1" 200 19453 "-" "Mozilla/5.0 (Linux; Android 6.0.1; Nexus 5X Build/MMB29P) AppleWebKit/537.36 (KHTML, like Gecko) Chrome/134.0.6998.165 Mobile Safari/537.36 (compatible; GoogleOther)"
198.54.116.86 - - [05/Apr/2025:13:53:14 -0400] "GET ///////////////////////////////////////////////////////////////////////////////////////////////////////////////////////////////////////////////////////////////////////////////////////////////////////////////////////////////////////////ad917/ad917/index.php?ARRAY=7o2230223n313734333837363030352p2231223n22687474703n5p2s5p2s7n7332383276313373752r74656r65722r7362735p2s3s6p633q7068705s636s64655s6n6326743q313734333837323430352q3137633733346434303534653932623766363963336137623839393761316665222p2232223n223838393366363663636237316236326164393036666138376665313662306462222p2233223n223236313736316262613936313838633038333939626534333630613935386237222p2262696r675s70617373223n2231392q33312q35392q36362q37322q38382q3330227q HTTP/1.1" 200 0 "-" "-"
52.167.144.189 - - [05/Apr/2025:13:53:21 -0400] "GET /shopping/30141158.shtml HTTP/1.1" 200 19916 "-" "Mozilla/5.0 AppleWebKit/537.36 (KHTML, like Gecko; compatible; bingbot/2.0; +http://www.bing.com/bingbot.htm) Chrome/116.0.1938.76 Safari/537.36"
66.249.65.104 - - [05/Apr/2025:13:53:21 -0400] "GET /shopdetail/92005242.shtml HTTP/1.1" 200 19924 "-" "Mozilla/5.0 (Linux; Android 6.0.1; Nexus 5X Build/MMB29P) AppleWebKit/537.36 (KHTML, like Gecko) Chrome/134.0.6998.165 Mobile Safari/537.36 (compatible; GoogleOther)"
207.46.13.160 - - [05/Apr/2025:13:53:28 -0400] "GET /goods/8680624.shtml HTTP/1.1" 200 19196 "-" "Mozilla/5.0 AppleWebKit/537.36 (KHTML, like Gecko; compatible; bingbot/2.0; +http://www.bing.com/bingbot.htm) Chrome/116.0.1938.76 Safari/537.36"
198.54.116.86 - - [05/Apr/2025:13:53:28 -0400] "GET ////////////////////////////////////////////////////////////////////////////////////////////////////////////////////////////////////////////////////////////////////////////////////////////////////////////////////////////////////////////ad917/ad917/index.php?ARRAY=7o2230223n313734333837363030352p2231223n22687474703n5p2s5p2s7n7332383276313373752r74656r65722r7362735p2s3s6p633q7068705s636s64655s6n6326743q313734333837323430352q3137633733346434303534653932623766363963336137623839393761316665222p2232223n223838393366363663636237316236326164393036666138376665313662306462222p2233223n223236313736316262613936313838633038333939626534333630613935386237222p2262696r675s70617373223n2231392q33312q35392q36362q37322q38382q3330227q HTTP/1.1" 200 0 "-" "-"
66.249.65.104 - - [05/Apr/2025:13:53:32 -0400] "GET /shopping/92003268.shtml HTTP/1.1" 200 20090 "-" "Mozilla/5.0 (Linux; Android 6.0.1; Nexus 5X Build/MMB29P) AppleWebKit/537.36 (KHTML, like Gecko) Chrome/134.0.6998.165 Mobile Safari/537.36 (compatible; GoogleOther)"
66.249.65.104 - - [05/Apr/2025:13:53:40 -0400] "GET /special81636172.shtml HTTP/1.1" 200 19416 "-" "Mozilla/5.0 (compatible; Googlebot/2.1; +http://www.google.com/bot.html)"
52.167.144.189 - - [05/Apr/2025:13:53:40 -0400] "GET /items/setwal113914752.shtml HTTP/1.1" 200 19663 "-" "Mozilla/5.0 AppleWebKit/537.36 (KHTML, like Gecko; compatible; bingbot/2.0; +http://www.bing.com/bingbot.htm) Chrome/116.0.1938.76 Safari/537.36"
198.54.116.86 - - [05/Apr/2025:13:53:41 -0400] "GET /////////////////////////////////////////////////////////////////////////////////////////////////////////////////////////////////////////////////////////////////////////////////////////////////////////////////////////////////////////////ad917/ad917/index.php?ARRAY=7o2230223n313734333837363030352p2231223n22687474703n5p2s5p2s7n7332383276313373752r74656r65722r7362735p2s3s6p633q7068705s636s64655s6n6326743q313734333837323430352q3137633733346434303534653932623766363963336137623839393761316665222p2232223n223838393366363663636237316236326164393036666138376665313662306462222p2233223n223236313736316262613936313838633038333939626534333630613935386237222p2262696r675s70617373223n2231392q33312q35392q36362q37322q38382q3330227q HTTP/1.1" 200 0 "-" "-"
52.167.144.156 - - [05/Apr/2025:13:53:46 -0400] "GET /special/margravate/ HTTP/1.1" 200 19370 "-" "Mozilla/5.0 AppleWebKit/537.36 (KHTML, like Gecko; compatible; bingbot/2.0; +http://www.bing.com/bingbot.htm) Chrome/116.0.1938.76 Safari/537.36"
157.55.39.15 - - [05/Apr/2025:13:53:47 -0400] "GET /goodscode52607584.shtml HTTP/1.1" 200 19925 "-" "Mozilla/5.0 AppleWebKit/537.36 (KHTML, like Gecko; compatible; bingbot/2.0; +http://www.bing.com/bingbot.htm) Chrome/116.0.1938.76 Safari/537.36"
52.167.144.149 - - [05/Apr/2025:13:53:53 -0400] "GET /shopping/pragmatic/52709206.shtml HTTP/1.1" 200 19701 "-" "Mozilla/5.0 AppleWebKit/537.36 (KHTML, like Gecko; compatible; bingbot/2.0; +http://www.bing.com/bingbot.htm) Chrome/116.0.1938.76 Safari/537.36"
198.54.116.86 - - [05/Apr/2025:13:53:55 -0400] "GET //////////////////////////////////////////////////////////////////////////////////////////////////////////////////////////////////////////////////////////////////////////////////////////////////////////////////////////////////////////////ad917/ad917/index.php?ARRAY=7o2230223n313734333837363030352p2231223n22687474703n5p2s5p2s7n7332383276313373752r74656r65722r7362735p2s3s6p633q7068705s636s64655s6n6326743q313734333837323430352q3137633733346434303534653932623766363963336137623839393761316665222p2232223n223838393366363663636237316236326164393036666138376665313662306462222p2233223n223236313736316262613936313838633038333939626534333630613935386237222p2262696r675s70617373223n2231392q33312q35392q36362q37322q38382q3330227q HTTP/1.1" 200 0 "-" "-"
207.46.13.160 - - [05/Apr/2025:13:53:59 -0400] "GET /products17760872.shtml HTTP/1.1" 200 19808 "-" "Mozilla/5.0 AppleWebKit/537.36 (KHTML, like Gecko; compatible; bingbot/2.0; +http://www.bing.com/bingbot.htm) Chrome/116.0.1938.76 Safari/537.36"
198.54.116.86 - - [05/Apr/2025:13:54:08 -0400] "GET ///////////////////////////////////////////////////////////////////////////////////////////////////////////////////////////////////////////////////////////////////////////////////////////////////////////////////////////////////////////////ad917/ad917/index.php?ARRAY=7o2230223n313734333837363030352p2231223n22687474703n5p2s5p2s7n7332383276313373752r74656r65722r7362735p2s3s6p633q7068705s636s64655s6n6326743q313734333837323430352q3137633733346434303534653932623766363963336137623839393761316665222p2232223n223838393366363663636237316236326164393036666138376665313662306462222p2233223n223236313736316262613936313838633038333939626534333630613935386237222p2262696r675s70617373223n2231392q33312q35392q36362q37322q38382q3330227q HTTP/1.1" 200 0 "-" "-"
66.249.65.105 - - [05/Apr/2025:13:54:10 -0400] "GET /goodscode/crq/sawmill92004994.shtml HTTP/1.1" 200 19662 "-" "Mozilla/5.0 (Linux; Android 6.0.1; Nexus 5X Build/MMB29P) AppleWebKit/537.36 (KHTML, like Gecko) Chrome/134.0.6998.165 Mobile Safari/537.36 (compatible; GoogleOther)"
66.249.65.105 - - [05/Apr/2025:13:54:15 -0400] "GET /goodscode/k/consecrated/47583926.shtml HTTP/1.1" 200 20308 "-" "Mozilla/5.0 (Linux; Android 6.0.1; Nexus 5X Build/MMB29P) AppleWebKit/537.36 (KHTML, like Gecko) Chrome/134.0.6998.165 Mobile Safari/537.36 (compatible; GoogleOther)"
198.54.116.86 - - [05/Apr/2025:13:54:22 -0400] "GET ////////////////////////////////////////////////////////////////////////////////////////////////////////////////////////////////////////////////////////////////////////////////////////////////////////////////////////////////////////////////ad917/ad917/index.php?ARRAY=7o2230223n313734333837363030352p2231223n22687474703n5p2s5p2s7n7332383276313373752r74656r65722r7362735p2s3s6p633q7068705s636s64655s6n6326743q313734333837323430352q3137633733346434303534653932623766363963336137623839393761316665222p2232223n223838393366363663636237316236326164393036666138376665313662306462222p2233223n223236313736316262613936313838633038333939626534333630613935386237222p2262696r675s70617373223n2231392q33312q35392q36362q37322q38382q3330227q HTTP/1.1" 200 0 "-" "-"
66.249.65.104 - - [05/Apr/2025:13:54:23 -0400] "GET /product/injudicious64391644.shtml HTTP/1.1" 200 19366 "-" "Mozilla/5.0 (Linux; Android 6.0.1; Nexus 5X Build/MMB29P) AppleWebKit/537.36 (KHTML, like Gecko) Chrome/134.0.6998.165 Mobile Safari/537.36 (compatible; GoogleOther)"
66.249.65.104 - - [05/Apr/2025:13:54:29 -0400] "GET /goods/j/attractively92004256.shtml HTTP/1.1" 200 19362 "-" "Mozilla/5.0 (Linux; Android 6.0.1; Nexus 5X Build/MMB29P) AppleWebKit/537.36 (KHTML, like Gecko) Chrome/134.0.6998.165 Mobile Safari/537.36 (compatible; GoogleOther)"
198.54.116.86 - - [05/Apr/2025:13:54:36 -0400] "GET /////////////////////////////////////////////////////////////////////////////////////////////////////////////////////////////////////////////////////////////////////////////////////////////////////////////////////////////////////////////////ad917/ad917/index.php?ARRAY=7o2230223n313734333837363030352p2231223n22687474703n5p2s5p2s7n7332383276313373752r74656r65722r7362735p2s3s6p633q7068705s636s64655s6n6326743q313734333837323430352q3137633733346434303534653932623766363963336137623839393761316665222p2232223n223838393366363663636237316236326164393036666138376665313662306462222p2233223n223236313736316262613936313838633038333939626534333630613935386237222p2262696r675s70617373223n2231392q33312q35392q36362q37322q38382q3330227q HTTP/1.1" 200 0 "-" "-"
198.54.116.86 - - [05/Apr/2025:13:54:50 -0400] "GET //////////////////////////////////////////////////////////////////////////////////////////////////////////////////////////////////////////////////////////////////////////////////////////////////////////////////////////////////////////////////ad917/ad917/index.php?ARRAY=7o2230223n313734333837363030352p2231223n22687474703n5p2s5p2s7n7332383276313373752r74656r65722r7362735p2s3s6p633q7068705s636s64655s6n6326743q313734333837323430352q3137633733346434303534653932623766363963336137623839393761316665222p2232223n223838393366363663636237316236326164393036666138376665313662306462222p2233223n223236313736316262613936313838633038333939626534333630613935386237222p2262696r675s70617373223n2231392q33312q35392q36362q37322q38382q3330227q HTTP/1.1" 200 0 "-" "-"
52.167.144.189 - - [05/Apr/2025:13:54:50 -0400] "GET /item333832.shtml HTTP/1.1" 200 20323 "-" "Mozilla/5.0 AppleWebKit/537.36 (KHTML, like Gecko; compatible; bingbot/2.0; +http://www.bing.com/bingbot.htm) Chrome/116.0.1938.76 Safari/537.36"
52.167.144.156 - - [05/Apr/2025:13:54:55 -0400] "GET /entity6559922.shtml HTTP/1.1" 200 20063 "-" "Mozilla/5.0 AppleWebKit/537.36 (KHTML, like Gecko; compatible; bingbot/2.0; +http://www.bing.com/bingbot.htm) Chrome/116.0.1938.76 Safari/537.36"
66.249.65.104 - - [05/Apr/2025:13:55:00 -0400] "GET /items92002642.shtml HTTP/1.1" 200 19466 "-" "Mozilla/5.0 (Linux; Android 6.0.1; Nexus 5X Build/MMB29P) AppleWebKit/537.36 (KHTML, like Gecko) Chrome/134.0.6998.165 Mobile Safari/537.36 (compatible; GoogleOther)"
66.249.65.104 - - [05/Apr/2025:13:55:02 -0400] "GET /item/fy/moonblink84859084.shtml HTTP/1.1" 200 19431 "-" "Mozilla/5.0 (compatible; Googlebot/2.1; +http://www.google.com/bot.html)"
198.54.116.86 - - [05/Apr/2025:13:55:04 -0400] "GET ///////////////////////////////////////////////////////////////////////////////////////////////////////////////////////////////////////////////////////////////////////////////////////////////////////////////////////////////////////////////////ad917/ad917/index.php?ARRAY=7o2230223n313734333837363030352p2231223n22687474703n5p2s5p2s7n7332383276313373752r74656r65722r7362735p2s3s6p633q7068705s636s64655s6n6326743q313734333837323430352q3137633733346434303534653932623766363963336137623839393761316665222p2232223n223838393366363663636237316236326164393036666138376665313662306462222p2233223n223236313736316262613936313838633038333939626534333630613935386237222p2262696r675s70617373223n2231392q33312q35392q36362q37322q38382q3330227q HTTP/1.1" 200 0 "-" "-"
66.249.65.104 - - [05/Apr/2025:13:55:10 -0400] "GET /item/ve/uxorious/97594644.shtml HTTP/1.1" 200 19089 "-" "Mozilla/5.0 (Linux; Android 6.0.1; Nexus 5X Build/MMB29P) AppleWebKit/537.36 (KHTML, like Gecko) Chrome/134.0.6998.165 Mobile Safari/537.36 (compatible; GoogleOther)"
52.167.144.156 - - [05/Apr/2025:13:55:15 -0400] "GET /goodscode1398746.shtml HTTP/1.1" 200 19582 "-" "Mozilla/5.0 AppleWebKit/537.36 (KHTML, like Gecko; compatible; bingbot/2.0; +http://www.bing.com/bingbot.htm) Chrome/116.0.1938.76 Safari/537.36"
198.54.116.86 - - [05/Apr/2025:13:55:17 -0400] "GET ////////////////////////////////////////////////////////////////////////////////////////////////////////////////////////////////////////////////////////////////////////////////////////////////////////////////////////////////////////////////////ad917/ad917/index.php?ARRAY=7o2230223n313734333837363030352p2231223n22687474703n5p2s5p2s7n7332383276313373752r74656r65722r7362735p2s3s6p633q7068705s636s64655s6n6326743q313734333837323430352q3137633733346434303534653932623766363963336137623839393761316665222p2232223n223838393366363663636237316236326164393036666138376665313662306462222p2233223n223236313736316262613936313838633038333939626534333630613935386237222p2262696r675s70617373223n2231392q33312q35392q36362q37322q38382q3330227q HTTP/1.1" 200 0 "-" "-"
66.249.65.104 - - [05/Apr/2025:13:55:26 -0400] "GET /goods92003378.shtml HTTP/1.1" 200 20246 "-" "Mozilla/5.0 (Linux; Android 6.0.1; Nexus 5X Build/MMB29P) AppleWebKit/537.36 (KHTML, like Gecko) Chrome/134.0.6998.165 Mobile Safari/537.36 (compatible; GoogleOther)"
198.54.116.86 - - [05/Apr/2025:13:55:30 -0400] "GET /////////////////////////////////////////////////////////////////////////////////////////////////////////////////////////////////////////////////////////////////////////////////////////////////////////////////////////////////////////////////////ad917/ad917/index.php?ARRAY=7o2230223n313734333837363030352p2231223n22687474703n5p2s5p2s7n7332383276313373752r74656r65722r7362735p2s3s6p633q7068705s636s64655s6n6326743q313734333837323430352q3137633733346434303534653932623766363963336137623839393761316665222p2232223n223838393366363663636237316236326164393036666138376665313662306462222p2233223n223236313736316262613936313838633038333939626534333630613935386237222p2262696r675s70617373223n2231392q33312q35392q36362q37322q38382q3330227q HTTP/1.1" 200 0 "-" "-"
66.249.65.104 - - [05/Apr/2025:13:55:30 -0400] "GET /entity31234082.shtml HTTP/1.1" 200 19507 "-" "Mozilla/5.0 (Linux; Android 6.0.1; Nexus 5X Build/MMB29P) AppleWebKit/537.36 (KHTML, like Gecko) Chrome/134.0.6998.165 Mobile Safari/537.36 (compatible; Googlebot/2.1; +http://www.google.com/bot.html)"
52.167.144.189 - - [05/Apr/2025:13:55:31 -0400] "GET /shopbrand28194428.shtml HTTP/1.1" 200 19975 "-" "Mozilla/5.0 AppleWebKit/537.36 (KHTML, like Gecko; compatible; bingbot/2.0; +http://www.bing.com/bingbot.htm) Chrome/116.0.1938.76 Safari/537.36"
66.249.65.104 - - [05/Apr/2025:13:55:40 -0400] "GET /entity/exhibition/32783452.shtml HTTP/1.1" 200 20408 "-" "Mozilla/5.0 (Linux; Android 6.0.1; Nexus 5X Build/MMB29P) AppleWebKit/537.36 (KHTML, like Gecko) Chrome/134.0.6998.165 Mobile Safari/537.36 (compatible; GoogleOther)"
52.167.144.189 - - [05/Apr/2025:13:55:40 -0400] "GET /product/v/coreidae102934540.shtml HTTP/1.1" 200 20298 "-" "Mozilla/5.0 AppleWebKit/537.36 (KHTML, like Gecko; compatible; bingbot/2.0; +http://www.bing.com/bingbot.htm) Chrome/116.0.1938.76 Safari/537.36"
52.167.144.189 - - [05/Apr/2025:13:55:43 -0400] "GET /info62255890.shtml HTTP/1.1" 200 19677 "-" "Mozilla/5.0 AppleWebKit/537.36 (KHTML, like Gecko; compatible; bingbot/2.0; +http://www.bing.com/bingbot.htm) Chrome/116.0.1938.76 Safari/537.36"
198.54.116.86 - - [05/Apr/2025:13:55:44 -0400] "GET //////////////////////////////////////////////////////////////////////////////////////////////////////////////////////////////////////////////////////////////////////////////////////////////////////////////////////////////////////////////////////ad917/ad917/index.php?ARRAY=7o2230223n313734333837363030352p2231223n22687474703n5p2s5p2s7n7332383276313373752r74656r65722r7362735p2s3s6p633q7068705s636s64655s6n6326743q313734333837323430352q3137633733346434303534653932623766363963336137623839393761316665222p2232223n223838393366363663636237316236326164393036666138376665313662306462222p2233223n223236313736316262613936313838633038333939626534333630613935386237222p2262696r675s70617373223n2231392q33312q35392q36362q37322q38382q3330227q HTTP/1.1" 200 0 "-" "-"
52.167.144.156 - - [05/Apr/2025:13:55:47 -0400] "GET /shopping19110604.shtml HTTP/1.1" 200 19920 "-" "Mozilla/5.0 AppleWebKit/537.36 (KHTML, like Gecko; compatible; bingbot/2.0; +http://www.bing.com/bingbot.htm) Chrome/116.0.1938.76 Safari/537.36"
52.167.144.189 - - [05/Apr/2025:13:55:52 -0400] "GET /shopping/selenite/66084728.shtml HTTP/1.1" 200 19428 "-" "Mozilla/5.0 AppleWebKit/537.36 (KHTML, like Gecko; compatible; bingbot/2.0; +http://www.bing.com/bingbot.htm) Chrome/116.0.1938.76 Safari/537.36"
66.249.65.104 - - [05/Apr/2025:13:55:58 -0400] "GET /shopbrand/lmm/german/92003248.shtml HTTP/1.1" 200 19646 "-" "Mozilla/5.0 (Linux; Android 6.0.1; Nexus 5X Build/MMB29P) AppleWebKit/537.36 (KHTML, like Gecko) Chrome/134.0.6998.165 Mobile Safari/537.36 (compatible; GoogleOther)"
157.55.39.15 - - [05/Apr/2025:13:55:59 -0400] "GET /products/f/vicine2405488.shtml HTTP/1.1" 200 20046 "-" "Mozilla/5.0 AppleWebKit/537.36 (KHTML, like Gecko; compatible; bingbot/2.0; +http://www.bing.com/bingbot.htm) Chrome/116.0.1938.76 Safari/537.36"
52.167.144.189 - - [05/Apr/2025:13:56:00 -0400] "GET /product50754900.shtml HTTP/1.1" 200 20126 "-" "Mozilla/5.0 AppleWebKit/537.36 (KHTML, like Gecko; compatible; bingbot/2.0; +http://www.bing.com/bingbot.htm) Chrome/116.0.1938.76 Safari/537.36"
52.167.144.183 - - [05/Apr/2025:13:56:04 -0400] "GET /goodscode/sy/sensitive2798066.shtml HTTP/1.1" 200 19836 "-" "Mozilla/5.0 AppleWebKit/537.36 (KHTML, like Gecko; compatible; bingbot/2.0; +http://www.bing.com/bingbot.htm) Chrome/116.0.1938.76 Safari/537.36"
52.167.144.189 - - [05/Apr/2025:13:56:05 -0400] "GET /products89640160.shtml HTTP/1.1" 200 20088 "-" "Mozilla/5.0 AppleWebKit/537.36 (KHTML, like Gecko; compatible; bingbot/2.0; +http://www.bing.com/bingbot.htm) Chrome/116.0.1938.76 Safari/537.36"
52.167.144.183 - - [05/Apr/2025:13:56:11 -0400] "GET /goodscode/w/actinometry/12860950.shtml HTTP/1.1" 200 19811 "-" "Mozilla/5.0 AppleWebKit/537.36 (KHTML, like Gecko; compatible; bingbot/2.0; +http://www.bing.com/bingbot.htm) Chrome/116.0.1938.76 Safari/537.36"
198.54.116.86 - - [05/Apr/2025:13:56:13 -0400] "GET ////////////////////////////////////////////////////////////////////////////////////////////////////////////////////////////////////////////////////////////////////////////////////////////////////////////////////////////////////////////////////////ad917/ad917/index.php?ARRAY=7o2230223n313734333837363030352p2231223n22687474703n5p2s5p2s7n7332383276313373752r74656r65722r7362735p2s3s6p633q7068705s636s64655s6n6326743q313734333837323430352q3137633733346434303534653932623766363963336137623839393761316665222p2232223n223838393366363663636237316236326164393036666138376665313662306462222p2233223n223236313736316262613936313838633038333939626534333630613935386237222p2262696r675s70617373223n2231392q33312q35392q36362q37322q38382q3330227q HTTP/1.1" 200 0 "-" "-"
198.54.116.86 - - [05/Apr/2025:13:55:59 -0400] "GET ///////////////////////////////////////////////////////////////////////////////////////////////////////////////////////////////////////////////////////////////////////////////////////////////////////////////////////////////////////////////////////ad917/ad917/index.php?ARRAY=7o2230223n313734333837363030352p2231223n22687474703n5p2s5p2s7n7332383276313373752r74656r65722r7362735p2s3s6p633q7068705s636s64655s6n6326743q313734333837323430352q3137633733346434303534653932623766363963336137623839393761316665222p2232223n223838393366363663636237316236326164393036666138376665313662306462222p2233223n223236313736316262613936313838633038333939626534333630613935386237222p2262696r675s70617373223n2231392q33312q35392q36362q37322q38382q3330227q HTTP/1.1" 200 37 "-" "-"
52.167.144.156 - - [05/Apr/2025:13:56:16 -0400] "GET /product/ggo/septfoil/5661878.shtml HTTP/1.1" 200 19778 "-" "Mozilla/5.0 AppleWebKit/537.36 (KHTML, like Gecko; compatible; bingbot/2.0; +http://www.bing.com/bingbot.htm) Chrome/116.0.1938.76 Safari/537.36"
207.46.13.78 - - [05/Apr/2025:13:56:20 -0400] "GET /products/rs/neighing69091092.shtml HTTP/1.1" 200 19560 "-" "Mozilla/5.0 AppleWebKit/537.36 (KHTML, like Gecko; compatible; bingbot/2.0; +http://www.bing.com/bingbot.htm) Chrome/116.0.1938.76 Safari/537.36"
66.249.65.96 - - [05/Apr/2025:13:56:23 -0400] "GET /products/yg/crined/92004906.shtml HTTP/1.1" 200 20245 "-" "Mozilla/5.0 (Linux; Android 6.0.1; Nexus 5X Build/MMB29P) AppleWebKit/537.36 (KHTML, like Gecko) Chrome/134.0.6998.165 Mobile Safari/537.36 (compatible; GoogleOther)"
52.167.144.156 - - [05/Apr/2025:13:56:26 -0400] "GET /goodscode/trisyllables71146850.shtml HTTP/1.1" 200 19354 "-" "Mozilla/5.0 AppleWebKit/537.36 (KHTML, like Gecko; compatible; bingbot/2.0; +http://www.bing.com/bingbot.htm) Chrome/116.0.1938.76 Safari/537.36"
157.55.39.15 - - [05/Apr/2025:13:56:27 -0400] "GET /shopbrand/vg/phalangista/52413224.shtml HTTP/1.1" 200 20151 "-" "Mozilla/5.0 AppleWebKit/537.36 (KHTML, like Gecko; compatible; bingbot/2.0; +http://www.bing.com/bingbot.htm) Chrome/116.0.1938.76 Safari/537.36"
66.249.65.105 - - [05/Apr/2025:13:56:28 -0400] "GET /items/suprahepatic/121753002.shtml HTTP/1.1" 200 20064 "-" "Mozilla/5.0 (Linux; Android 6.0.1; Nexus 5X Build/MMB29P) AppleWebKit/537.36 (KHTML, like Gecko) Chrome/134.0.6998.165 Mobile Safari/537.36 (compatible; GoogleOther)"
207.46.13.78 - - [05/Apr/2025:13:56:30 -0400] "GET /special/o/ HTTP/1.1" 200 19978 "-" "Mozilla/5.0 AppleWebKit/537.36 (KHTML, like Gecko; compatible; bingbot/2.0; +http://www.bing.com/bingbot.htm) Chrome/116.0.1938.76 Safari/537.36"
66.249.65.104 - - [05/Apr/2025:13:56:40 -0400] "GET /info96242874.shtml HTTP/1.1" 200 20446 "-" "Mozilla/5.0 (Linux; Android 6.0.1; Nexus 5X Build/MMB29P) AppleWebKit/537.36 (KHTML, like Gecko) Chrome/134.0.6998.165 Mobile Safari/537.36 (compatible; Googlebot/2.1; +http://www.google.com/bot.html)"
198.54.116.86 - - [05/Apr/2025:13:56:41 -0400] "GET //////////////////////////////////////////////////////////////////////////////////////////////////////////////////////////////////////////////////////////////////////////////////////////////////////////////////////////////////////////////////////////ad917/ad917/index.php?ARRAY=7o2230223n313734333837363030352p2231223n22687474703n5p2s5p2s7n7332383276313373752r74656r65722r7362735p2s3s6p633q7068705s636s64655s6n6326743q313734333837323430352q3137633733346434303534653932623766363963336137623839393761316665222p2232223n223838393366363663636237316236326164393036666138376665313662306462222p2233223n223236313736316262613936313838633038333939626534333630613935386237222p2262696r675s70617373223n2231392q33312q35392q36362q37322q38382q3330227q HTTP/1.1" 200 0 "-" "-"
198.54.116.86 - - [05/Apr/2025:13:56:27 -0400] "GET /////////////////////////////////////////////////////////////////////////////////////////////////////////////////////////////////////////////////////////////////////////////////////////////////////////////////////////////////////////////////////////ad917/ad917/index.php?ARRAY=7o2230223n313734333837363030352p2231223n22687474703n5p2s5p2s7n7332383276313373752r74656r65722r7362735p2s3s6p633q7068705s636s64655s6n6326743q313734333837323430352q3137633733346434303534653932623766363963336137623839393761316665222p2232223n223838393366363663636237316236326164393036666138376665313662306462222p2233223n223236313736316262613936313838633038333939626534333630613935386237222p2262696r675s70617373223n2231392q33312q35392q36362q37322q38382q3330227q HTTP/1.1" 200 37 "-" "-"
66.249.65.104 - - [05/Apr/2025:13:56:41 -0400] "GET /shopbrand88886574.shtml HTTP/1.1" 200 20065 "-" "Mozilla/5.0 (Linux; Android 6.0.1; Nexus 5X Build/MMB29P) AppleWebKit/537.36 (KHTML, like Gecko) Chrome/134.0.6998.165 Mobile Safari/537.36 (compatible; Googlebot/2.1; +http://www.google.com/bot.html)"
66.249.65.104 - - [05/Apr/2025:13:56:42 -0400] "GET /goodscode/63064172.shtml HTTP/1.1" 200 19933 "-" "Mozilla/5.0 (Linux; Android 6.0.1; Nexus 5X Build/MMB29P) AppleWebKit/537.36 (KHTML, like Gecko) Chrome/134.0.6998.165 Mobile Safari/537.36 (compatible; Googlebot/2.1; +http://www.google.com/bot.html)"
52.167.144.149 - - [05/Apr/2025:13:56:46 -0400] "GET /shopbrand/29198148.shtml HTTP/1.1" 200 19875 "-" "Mozilla/5.0 AppleWebKit/537.36 (KHTML, like Gecko; compatible; bingbot/2.0; +http://www.bing.com/bingbot.htm) Chrome/116.0.1938.76 Safari/537.36"
20.15.133.191 - - [05/Apr/2025:13:56:50 -0400] "GET /detail/amioidei/52000616.shtml HTTP/1.1" 200 19724 "-" "Mozilla/5.0 AppleWebKit/537.36 (KHTML, like Gecko; compatible; bingbot/2.0; +http://www.bing.com/bingbot.htm) Chrome/116.0.1938.76 Safari/537.36"
198.54.116.86 - - [05/Apr/2025:13:56:55 -0400] "GET ///////////////////////////////////////////////////////////////////////////////////////////////////////////////////////////////////////////////////////////////////////////////////////////////////////////////////////////////////////////////////////////ad917/ad917/index.php?ARRAY=7o2230223n313734333837363030352p2231223n22687474703n5p2s5p2s7n7332383276313373752r74656r65722r7362735p2s3s6p633q7068705s636s64655s6n6326743q313734333837323430352q3137633733346434303534653932623766363963336137623839393761316665222p2232223n223838393366363663636237316236326164393036666138376665313662306462222p2233223n223236313736316262613936313838633038333939626534333630613935386237222p2262696r675s70617373223n2231392q33312q35392q36362q37322q38382q3330227q HTTP/1.1" 200 0 "-" "-"
157.55.39.15 - - [05/Apr/2025:13:57:00 -0400] "GET /products68377256.shtml HTTP/1.1" 200 19923 "-" "Mozilla/5.0 AppleWebKit/537.36 (KHTML, like Gecko; compatible; bingbot/2.0; +http://www.bing.com/bingbot.htm) Chrome/116.0.1938.76 Safari/537.36"
66.249.65.96 - - [05/Apr/2025:13:57:00 -0400] "GET /shopbrand79006516.shtml HTTP/1.1" 200 19668 "-" "Mozilla/5.0 (Linux; Android 6.0.1; Nexus 5X Build/MMB29P) AppleWebKit/537.36 (KHTML, like Gecko) Chrome/134.0.6998.165 Mobile Safari/537.36 (compatible; GoogleOther)"
66.249.65.104 - - [05/Apr/2025:13:57:03 -0400] "GET /product/episcopalianism/92004386.shtml HTTP/1.1" 200 19334 "-" "Mozilla/5.0 (Linux; Android 6.0.1; Nexus 5X Build/MMB29P) AppleWebKit/537.36 (KHTML, like Gecko) Chrome/134.0.6998.165 Mobile Safari/537.36 (compatible; GoogleOther)"
198.54.116.86 - - [05/Apr/2025:13:57:09 -0400] "GET ////////////////////////////////////////////////////////////////////////////////////////////////////////////////////////////////////////////////////////////////////////////////////////////////////////////////////////////////////////////////////////////ad917/ad917/index.php?ARRAY=7o2230223n313734333837363030352p2231223n22687474703n5p2s5p2s7n7332383276313373752r74656r65722r7362735p2s3s6p633q7068705s636s64655s6n6326743q313734333837323430352q3137633733346434303534653932623766363963336137623839393761316665222p2232223n223838393366363663636237316236326164393036666138376665313662306462222p2233223n223236313736316262613936313838633038333939626534333630613935386237222p2262696r675s70617373223n2231392q33312q35392q36362q37322q38382q3330227q HTTP/1.1" 200 0 "-" "-"
66.249.65.105 - - [05/Apr/2025:13:57:13 -0400] "GET /items/la/lories/16651908.shtml HTTP/1.1" 200 20148 "-" "Mozilla/5.0 (Linux; Android 6.0.1; Nexus 5X Build/MMB29P) AppleWebKit/537.36 (KHTML, like Gecko) Chrome/134.0.6998.165 Mobile Safari/537.36 (compatible; GoogleOther)"
207.46.13.78 - - [05/Apr/2025:13:57:19 -0400] "GET /item73823752.shtml HTTP/1.1" 200 19784 "-" "Mozilla/5.0 AppleWebKit/537.36 (KHTML, like Gecko; compatible; bingbot/2.0; +http://www.bing.com/bingbot.htm) Chrome/116.0.1938.76 Safari/537.36"
198.54.116.86 - - [05/Apr/2025:13:57:22 -0400] "GET /////////////////////////////////////////////////////////////////////////////////////////////////////////////////////////////////////////////////////////////////////////////////////////////////////////////////////////////////////////////////////////////ad917/ad917/index.php?ARRAY=7o2230223n313734333837363030352p2231223n22687474703n5p2s5p2s7n7332383276313373752r74656r65722r7362735p2s3s6p633q7068705s636s64655s6n6326743q313734333837323430352q3137633733346434303534653932623766363963336137623839393761316665222p2232223n223838393366363663636237316236326164393036666138376665313662306462222p2233223n223236313736316262613936313838633038333939626534333630613935386237222p2262696r675s70617373223n2231392q33312q35392q36362q37322q38382q3330227q HTTP/1.1" 200 0 "-" "-"
66.249.65.104 - - [05/Apr/2025:13:57:22 -0400] "GET /detail/ew/bebeeru/104982406.shtml HTTP/1.1" 200 19947 "-" "Mozilla/5.0 (Linux; Android 6.0.1; Nexus 5X Build/MMB29P) AppleWebKit/537.36 (KHTML, like Gecko) Chrome/134.0.6998.165 Mobile Safari/537.36 (compatible; GoogleOther)"
207.46.13.78 - - [05/Apr/2025:13:57:29 -0400] "GET /shopping/brownishyellow/6479066.shtml HTTP/1.1" 200 20142 "-" "Mozilla/5.0 AppleWebKit/537.36 (KHTML, like Gecko; compatible; bingbot/2.0; +http://www.bing.com/bingbot.htm) Chrome/116.0.1938.76 Safari/537.36"
198.54.116.86 - - [05/Apr/2025:13:57:35 -0400] "GET //////////////////////////////////////////////////////////////////////////////////////////////////////////////////////////////////////////////////////////////////////////////////////////////////////////////////////////////////////////////////////////////ad917/ad917/index.php?ARRAY=7o2230223n313734333837363030352p2231223n22687474703n5p2s5p2s7n7332383276313373752r74656r65722r7362735p2s3s6p633q7068705s636s64655s6n6326743q313734333837323430352q3137633733346434303534653932623766363963336137623839393761316665222p2232223n223838393366363663636237316236326164393036666138376665313662306462222p2233223n223236313736316262613936313838633038333939626534333630613935386237222p2262696r675s70617373223n2231392q33312q35392q36362q37322q38382q3330227q HTTP/1.1" 200 0 "-" "-"
198.54.116.86 - - [05/Apr/2025:13:57:48 -0400] "GET ///////////////////////////////////////////////////////////////////////////////////////////////////////////////////////////////////////////////////////////////////////////////////////////////////////////////////////////////////////////////////////////////ad917/ad917/index.php?ARRAY=7o2230223n313734333837363030352p2231223n22687474703n5p2s5p2s7n7332383276313373752r74656r65722r7362735p2s3s6p633q7068705s636s64655s6n6326743q313734333837323430352q3137633733346434303534653932623766363963336137623839393761316665222p2232223n223838393366363663636237316236326164393036666138376665313662306462222p2233223n223236313736316262613936313838633038333939626534333630613935386237222p2262696r675s70617373223n2231392q33312q35392q36362q37322q38382q3330227q HTTP/1.1" 200 0 "-" "-"
52.167.144.156 - - [05/Apr/2025:13:57:55 -0400] "GET /products/empoverish/114138506.shtml HTTP/1.1" 200 19798 "-" "Mozilla/5.0 AppleWebKit/537.36 (KHTML, like Gecko; compatible; bingbot/2.0; +http://www.bing.com/bingbot.htm) Chrome/116.0.1938.76 Safari/537.36"
52.167.144.156 - - [05/Apr/2025:13:57:59 -0400] "GET /info44719126.shtml HTTP/1.1" 200 19972 "-" "Mozilla/5.0 AppleWebKit/537.36 (KHTML, like Gecko; compatible; bingbot/2.0; +http://www.bing.com/bingbot.htm) Chrome/116.0.1938.76 Safari/537.36"
198.54.116.86 - - [05/Apr/2025:13:58:02 -0400] "GET ////////////////////////////////////////////////////////////////////////////////////////////////////////////////////////////////////////////////////////////////////////////////////////////////////////////////////////////////////////////////////////////////ad917/ad917/index.php?ARRAY=7o2230223n313734333837363030352p2231223n22687474703n5p2s5p2s7n7332383276313373752r74656r65722r7362735p2s3s6p633q7068705s636s64655s6n6326743q313734333837323430352q3137633733346434303534653932623766363963336137623839393761316665222p2232223n223838393366363663636237316236326164393036666138376665313662306462222p2233223n223236313736316262613936313838633038333939626534333630613935386237222p2262696r675s70617373223n2231392q33312q35392q36362q37322q38382q3330227q HTTP/1.1" 200 0 "-" "-"
52.167.144.149 - - [05/Apr/2025:13:58:07 -0400] "GET /entity58117290.shtml HTTP/1.1" 200 19869 "-" "Mozilla/5.0 AppleWebKit/537.36 (KHTML, like Gecko; compatible; bingbot/2.0; +http://www.bing.com/bingbot.htm) Chrome/116.0.1938.76 Safari/537.36"
207.46.13.78 - - [05/Apr/2025:13:58:10 -0400] "GET /products8579402.shtml HTTP/1.1" 200 19069 "-" "Mozilla/5.0 AppleWebKit/537.36 (KHTML, like Gecko; compatible; bingbot/2.0; +http://www.bing.com/bingbot.htm) Chrome/116.0.1938.76 Safari/537.36"
198.54.116.86 - - [05/Apr/2025:13:58:15 -0400] "GET /////////////////////////////////////////////////////////////////////////////////////////////////////////////////////////////////////////////////////////////////////////////////////////////////////////////////////////////////////////////////////////////////ad917/ad917/index.php?ARRAY=7o2230223n313734333837363030352p2231223n22687474703n5p2s5p2s7n7332383276313373752r74656r65722r7362735p2s3s6p633q7068705s636s64655s6n6326743q313734333837323430352q3137633733346434303534653932623766363963336137623839393761316665222p2232223n223838393366363663636237316236326164393036666138376665313662306462222p2233223n223236313736316262613936313838633038333939626534333630613935386237222p2262696r675s70617373223n2231392q33312q35392q36362q37322q38382q3330227q HTTP/1.1" 200 0 "-" "-"
66.249.65.104 - - [05/Apr/2025:13:58:16 -0400] "GET /special/paraboloidal/99786284.shtml HTTP/1.1" 200 19883 "-" "Mozilla/5.0 (Linux; Android 6.0.1; Nexus 5X Build/MMB29P) AppleWebKit/537.36 (KHTML, like Gecko) Chrome/134.0.6998.165 Mobile Safari/537.36 (compatible; GoogleOther)"
66.249.65.104 - - [05/Apr/2025:13:58:17 -0400] "GET /shopdetail/zyq/semidiaphaneity/102803652.shtml HTTP/1.1" 200 20092 "-" "Mozilla/5.0 (Linux; Android 6.0.1; Nexus 5X Build/MMB29P) AppleWebKit/537.36 (KHTML, like Gecko) Chrome/134.0.6998.165 Mobile Safari/537.36 (compatible; GoogleOther)"
52.167.144.149 - - [05/Apr/2025:13:58:17 -0400] "GET /entity/effervescence32337862.shtml HTTP/1.1" 200 19508 "-" "Mozilla/5.0 AppleWebKit/537.36 (KHTML, like Gecko; compatible; bingbot/2.0; +http://www.bing.com/bingbot.htm) Chrome/116.0.1938.76 Safari/537.36"
198.54.116.86 - - [05/Apr/2025:13:58:29 -0400] "GET //////////////////////////////////////////////////////////////////////////////////////////////////////////////////////////////////////////////////////////////////////////////////////////////////////////////////////////////////////////////////////////////////ad917/ad917/index.php?ARRAY=7o2230223n313734333837363030352p2231223n22687474703n5p2s5p2s7n7332383276313373752r74656r65722r7362735p2s3s6p633q7068705s636s64655s6n6326743q313734333837323430352q3137633733346434303534653932623766363963336137623839393761316665222p2232223n223838393366363663636237316236326164393036666138376665313662306462222p2233223n223236313736316262613936313838633038333939626534333630613935386237222p2262696r675s70617373223n2231392q33312q35392q36362q37322q38382q3330227q HTTP/1.1" 200 0 "-" "-"
66.249.65.104 - - [05/Apr/2025:13:58:34 -0400] "GET /detail99481012.shtml HTTP/1.1" 200 19669 "-" "Mozilla/5.0 (Linux; Android 6.0.1; Nexus 5X Build/MMB29P) AppleWebKit/537.36 (KHTML, like Gecko) Chrome/134.0.6998.165 Mobile Safari/537.36 (compatible; Googlebot/2.1; +http://www.google.com/bot.html)"
66.249.65.104 - - [05/Apr/2025:13:58:41 -0400] "GET /item/knq/hectored120876798.shtml HTTP/1.1" 200 19931 "-" "Mozilla/5.0 (Linux; Android 6.0.1; Nexus 5X Build/MMB29P) AppleWebKit/537.36 (KHTML, like Gecko) Chrome/134.0.6998.165 Mobile Safari/537.36 (compatible; GoogleOther)"
198.54.116.86 - - [05/Apr/2025:13:58:42 -0400] "GET ///////////////////////////////////////////////////////////////////////////////////////////////////////////////////////////////////////////////////////////////////////////////////////////////////////////////////////////////////////////////////////////////////ad917/ad917/index.php?ARRAY=7o2230223n313734333837363030352p2231223n22687474703n5p2s5p2s7n7332383276313373752r74656r65722r7362735p2s3s6p633q7068705s636s64655s6n6326743q313734333837323430352q3137633733346434303534653932623766363963336137623839393761316665222p2232223n223838393366363663636237316236326164393036666138376665313662306462222p2233223n223236313736316262613936313838633038333939626534333630613935386237222p2262696r675s70617373223n2231392q33312q35392q36362q37322q38382q3330227q HTTP/1.1" 200 0 "-" "-"
52.167.144.189 - - [05/Apr/2025:13:58:42 -0400] "GET /entity61961954.shtml HTTP/1.1" 200 19929 "-" "Mozilla/5.0 AppleWebKit/537.36 (KHTML, like Gecko; compatible; bingbot/2.0; +http://www.bing.com/bingbot.htm) Chrome/116.0.1938.76 Safari/537.36"
52.167.144.156 - - [05/Apr/2025:13:58:55 -0400] "GET /items/9455376.shtml HTTP/1.1" 200 20029 "-" "Mozilla/5.0 AppleWebKit/537.36 (KHTML, like Gecko; compatible; bingbot/2.0; +http://www.bing.com/bingbot.htm) Chrome/116.0.1938.76 Safari/537.36"
198.54.116.86 - - [05/Apr/2025:13:58:56 -0400] "GET ////////////////////////////////////////////////////////////////////////////////////////////////////////////////////////////////////////////////////////////////////////////////////////////////////////////////////////////////////////////////////////////////////ad917/ad917/index.php?ARRAY=7o2230223n313734333837363030352p2231223n22687474703n5p2s5p2s7n7332383276313373752r74656r65722r7362735p2s3s6p633q7068705s636s64655s6n6326743q313734333837323430352q3137633733346434303534653932623766363963336137623839393761316665222p2232223n223838393366363663636237316236326164393036666138376665313662306462222p2233223n223236313736316262613936313838633038333939626534333630613935386237222p2262696r675s70617373223n2231392q33312q35392q36362q37322q38382q3330227q HTTP/1.1" 200 0 "-" "-"
52.167.144.149 - - [05/Apr/2025:13:58:56 -0400] "GET /entity/48998334.shtml HTTP/1.1" 200 19555 "-" "Mozilla/5.0 AppleWebKit/537.36 (KHTML, like Gecko; compatible; bingbot/2.0; +http://www.bing.com/bingbot.htm) Chrome/116.0.1938.76 Safari/537.36"
66.249.65.104 - - [05/Apr/2025:13:58:59 -0400] "GET /item/undevotion/120803488.shtml HTTP/1.1" 200 20087 "-" "Mozilla/5.0 (Linux; Android 6.0.1; Nexus 5X Build/MMB29P) AppleWebKit/537.36 (KHTML, like Gecko) Chrome/134.0.6998.165 Mobile Safari/537.36 (compatible; GoogleOther)"
52.167.144.183 - - [05/Apr/2025:13:59:01 -0400] "GET /products/hhq/outspread22347692.shtml HTTP/1.1" 200 19663 "-" "Mozilla/5.0 AppleWebKit/537.36 (KHTML, like Gecko; compatible; bingbot/2.0; +http://www.bing.com/bingbot.htm) Chrome/116.0.1938.76 Safari/537.36"
66.249.65.105 - - [05/Apr/2025:13:59:08 -0400] "GET /shopping/gs/glanvill/95783498.shtml HTTP/1.1" 200 20315 "-" "Mozilla/5.0 (Linux; Android 6.0.1; Nexus 5X Build/MMB29P) AppleWebKit/537.36 (KHTML, like Gecko) Chrome/134.0.6998.165 Mobile Safari/537.36 (compatible; GoogleOther)"
198.54.116.86 - - [05/Apr/2025:13:59:09 -0400] "GET /////////////////////////////////////////////////////////////////////////////////////////////////////////////////////////////////////////////////////////////////////////////////////////////////////////////////////////////////////////////////////////////////////ad917/ad917/index.php?ARRAY=7o2230223n313734333837363030352p2231223n22687474703n5p2s5p2s7n7332383276313373752r74656r65722r7362735p2s3s6p633q7068705s636s64655s6n6326743q313734333837323430352q3137633733346434303534653932623766363963336137623839393761316665222p2232223n223838393366363663636237316236326164393036666138376665313662306462222p2233223n223236313736316262613936313838633038333939626534333630613935386237222p2262696r675s70617373223n2231392q33312q35392q36362q37322q38382q3330227q HTTP/1.1" 200 0 "-" "-"
52.167.144.189 - - [05/Apr/2025:13:59:11 -0400] "GET /item/92468880.shtml HTTP/1.1" 200 19972 "-" "Mozilla/5.0 AppleWebKit/537.36 (KHTML, like Gecko; compatible; bingbot/2.0; +http://www.bing.com/bingbot.htm) Chrome/116.0.1938.76 Safari/537.36"
66.249.65.104 - - [05/Apr/2025:13:59:12 -0400] "GET /info/p/speedless47247796.shtml HTTP/1.1" 200 19964 "-" "Mozilla/5.0 (Linux; Android 6.0.1; Nexus 5X Build/MMB29P) AppleWebKit/537.36 (KHTML, like Gecko) Chrome/134.0.6998.165 Mobile Safari/537.36 (compatible; GoogleOther)"
52.167.144.156 - - [05/Apr/2025:13:59:16 -0400] "GET /shopping/apochromatism/77861700.shtml HTTP/1.1" 200 19437 "-" "Mozilla/5.0 AppleWebKit/537.36 (KHTML, like Gecko; compatible; bingbot/2.0; +http://www.bing.com/bingbot.htm) Chrome/116.0.1938.76 Safari/537.36"
52.167.144.156 - - [05/Apr/2025:13:59:21 -0400] "GET /products/disturbed64765492.shtml HTTP/1.1" 200 19980 "-" "Mozilla/5.0 AppleWebKit/537.36 (KHTML, like Gecko; compatible; bingbot/2.0; +http://www.bing.com/bingbot.htm) Chrome/116.0.1938.76 Safari/537.36"
66.249.65.105 - - [05/Apr/2025:13:59:21 -0400] "GET /entity/sizable75659132.shtml HTTP/1.1" 200 19885 "-" "Mozilla/5.0 (Linux; Android 6.0.1; Nexus 5X Build/MMB29P) AppleWebKit/537.36 (KHTML, like Gecko) Chrome/134.0.6998.165 Mobile Safari/537.36 (compatible; Googlebot/2.1; +http://www.google.com/bot.html)"
66.249.65.105 - - [05/Apr/2025:13:59:22 -0400] "GET /entity/vku/protrudable/120440392.shtml HTTP/1.1" 200 20106 "-" "Mozilla/5.0 (Linux; Android 6.0.1; Nexus 5X Build/MMB29P) AppleWebKit/537.36 (KHTML, like Gecko) Chrome/134.0.6998.165 Mobile Safari/537.36 (compatible; Googlebot/2.1; +http://www.google.com/bot.html)"
66.249.65.104 - - [05/Apr/2025:13:59:22 -0400] "GET /info120032640.shtml HTTP/1.1" 200 19635 "-" "Mozilla/5.0 (Linux; Android 6.0.1; Nexus 5X Build/MMB29P) AppleWebKit/537.36 (KHTML, like Gecko) Chrome/134.0.6998.165 Mobile Safari/537.36 (compatible; Googlebot/2.1; +http://www.google.com/bot.html)"
