3.12.73.116 - - [18/Apr/2025:09:59:09 -0400] "GET /ad917/?path=%2Fhome%2F.%2F..%2Fproc%2F..%2Flib64%2Fopen-vm-tools%2F..%2Faspell-0.60%2Fcp1258.cmap HTTP/1.1" 200 7608 "-" "Mozilla/5.0 AppleWebKit/537.36 (KHTML, like Gecko; compatible; ClaudeBot/1.0; +claudebot@anthropic.com)"
3.12.73.116 - - [18/Apr/2025:09:59:12 -0400] "GET /ad917/?path=%2Fhome%2F.%2F..%2Flib%2Fdebug%2F..%2FNetworkManager%2F..%2Fdracut%2Fdracut-functions HTTP/1.1" 200 7295 "-" "Mozilla/5.0 AppleWebKit/537.36 (KHTML, like Gecko; compatible; ClaudeBot/1.0; +claudebot@anthropic.com)"
198.54.116.86 - - [18/Apr/2025:09:59:14 -0400] "POST /wp-cron.php?doing_wp_cron=1744984754.6410379409790039062500 HTTP/1.1" 200 0 "-" "WordPress/6.8; https://servethepeopleinc.org"
40.77.167.48 - - [18/Apr/2025:09:59:14 -0400] "GET /items/holocentrus/115782172.shtml HTTP/1.1" 404 16950 "-" "Mozilla/5.0 AppleWebKit/537.36 (KHTML, like Gecko; compatible; bingbot/2.0; +http://www.bing.com/bingbot.htm) Chrome/116.0.1938.76 Safari/537.36"
198.54.116.86 - - [18/Apr/2025:09:59:14 -0400] "POST /wp-admin/admin-ajax.php?action=async_litespeed&nonce=mAbVYWTShLotgPg5Psl38vLgyCdJDTXh&litespeed_type=imgoptm HTTP/1.1" 200 21 "-" "WordPress/6.8; https://servethepeopleinc.org"
3.12.73.116 - - [18/Apr/2025:09:59:15 -0400] "GET /ad917/?path=%2Fhome%2F.%2F..%2Fproc%2F..%2Flib64%2Fopen-vm-tools%2F..%2Faspell-0.60%2Fcp1257.cmap HTTP/1.1" 200 7010 "-" "Mozilla/5.0 AppleWebKit/537.36 (KHTML, like Gecko; compatible; ClaudeBot/1.0; +claudebot@anthropic.com)"
3.12.73.116 - - [18/Apr/2025:09:59:18 -0400] "GET /ad917/?path=%2Fhome%2F.%2F..%2Fproc%2F..%2Flib64%2Fopen-vm-tools%2F..%2Faspell-0.60%2Fcp1257.cset HTTP/1.1" 200 4515 "-" "Mozilla/5.0 AppleWebKit/537.36 (KHTML, like Gecko; compatible; ClaudeBot/1.0; +claudebot@anthropic.com)"
40.77.167.75 - - [18/Apr/2025:09:59:20 -0400] "GET /products/playground/ HTTP/1.1" 404 16943 "-" "Mozilla/5.0 AppleWebKit/537.36 (KHTML, like Gecko; compatible; bingbot/2.0; +http://www.bing.com/bingbot.htm) Chrome/116.0.1938.76 Safari/537.36"
3.109.127.155 - - [18/Apr/2025:09:59:20 -0400] "GET /wp-login.php HTTP/1.1" 200 2027 "-" "GRequests/0.10"
3.12.73.116 - - [18/Apr/2025:09:59:21 -0400] "GET /ad917/?path=%2Fhome%2F.%2F.%2F..%2Fusr%2Flib64%2Fgirepository-1.0%2F..%2Fgconv%2FGOST_19768-74.so HTTP/1.1" 200 995 "-" "Mozilla/5.0 AppleWebKit/537.36 (KHTML, like Gecko; compatible; ClaudeBot/1.0; +claudebot@anthropic.com)"
40.77.167.150 - - [18/Apr/2025:09:59:21 -0400] "GET /entity/51708804.shtml HTTP/1.1" 301 0 "-" "Mozilla/5.0 AppleWebKit/537.36 (KHTML, like Gecko; compatible; bingbot/2.0; +http://www.bing.com/bingbot.htm) Chrome/116.0.1938.76 Safari/537.36"
3.109.127.155 - - [18/Apr/2025:09:59:21 -0400] "POST /wp-login.php HTTP/1.1" 200 2170 "-" "GRequests/0.10"
3.12.73.116 - - [18/Apr/2025:09:59:24 -0400] "GET /ad917/?path=%2Fhome%2F.%2F..%2Fproc%2F..%2Flib64%2Fopen-vm-tools%2F..%2Faspell-0.60%2Fcp1253.cmap HTTP/1.1" 200 7896 "-" "Mozilla/5.0 AppleWebKit/537.36 (KHTML, like Gecko; compatible; ClaudeBot/1.0; +claudebot@anthropic.com)"
52.167.144.172 - - [18/Apr/2025:09:59:25 -0400] "GET /entity/49440262.shtml HTTP/1.1" 301 0 "-" "Mozilla/5.0 AppleWebKit/537.36 (KHTML, like Gecko; compatible; bingbot/2.0; +http://www.bing.com/bingbot.htm) Chrome/116.0.1938.76 Safari/537.36"
3.12.73.116 - - [18/Apr/2025:09:59:27 -0400] "GET /ad917/?path=%2Fhome%2F.%2F..%2Fproc%2F..%2Flib64%2Fgstreamer-1.0%2F..%2Fdsulib%2Flibdsmcabinet.so HTTP/1.1" 200 990 "-" "Mozilla/5.0 AppleWebKit/537.36 (KHTML, like Gecko; compatible; ClaudeBot/1.0; +claudebot@anthropic.com)"
3.12.73.116 - - [18/Apr/2025:09:59:30 -0400] "GET /ad917/?path=%2Fhome%2F.%2F.%2F..%2Fusr%2Flib64%2Fgirepository-1.0%2F..%2Fgconv%2FECMA-CYRILLIC.so HTTP/1.1" 200 997 "-" "Mozilla/5.0 AppleWebKit/537.36 (KHTML, like Gecko; compatible; ClaudeBot/1.0; +claudebot@anthropic.com)"
3.12.73.116 - - [18/Apr/2025:09:59:33 -0400] "GET /ad917/?path=%2Fhome%2F.%2F..%2Fproc%2F..%2Flib64%2Fopen-vm-tools%2F..%2Faspell-0.60%2Fcp1256.cmap HTTP/1.1" 200 9198 "-" "Mozilla/5.0 AppleWebKit/537.36 (KHTML, like Gecko; compatible; ClaudeBot/1.0; +claudebot@anthropic.com)"
52.167.144.174 - - [18/Apr/2025:09:59:33 -0400] "GET /product/btm/emunctory51623896.shtml HTTP/1.1" 301 0 "-" "Mozilla/5.0 AppleWebKit/537.36 (KHTML, like Gecko; compatible; bingbot/2.0; +http://www.bing.com/bingbot.htm) Chrome/116.0.1938.76 Safari/537.36"
3.12.73.116 - - [18/Apr/2025:09:59:36 -0400] "GET /ad917/?path=%2Fhome%2F.%2F..%2Flib%2Fdebug%2F..%2Fmodules-load.d%2F..%2Fdracut%2Fdracut-functions HTTP/1.1" 200 7320 "-" "Mozilla/5.0 AppleWebKit/537.36 (KHTML, like Gecko; compatible; ClaudeBot/1.0; +claudebot@anthropic.com)"
52.167.144.172 - - [18/Apr/2025:09:59:38 -0400] "GET /goodscode/classicistic/12864982.shtml HTTP/1.1" 301 0 "-" "Mozilla/5.0 AppleWebKit/537.36 (KHTML, like Gecko; compatible; bingbot/2.0; +http://www.bing.com/bingbot.htm) Chrome/116.0.1938.76 Safari/537.36"
3.12.73.116 - - [18/Apr/2025:09:59:39 -0400] "GET /ad917/?path=%2Fhome%2F.%2F..%2Fproc%2F..%2Flib64%2Fopen-vm-tools%2F..%2Faspell-0.60%2Fcp1253.cset HTTP/1.1" 200 4546 "-" "Mozilla/5.0 AppleWebKit/537.36 (KHTML, like Gecko; compatible; ClaudeBot/1.0; +claudebot@anthropic.com)"
3.12.73.116 - - [18/Apr/2025:09:59:42 -0400] "GET /ad917/?path=%2Fhome%2F.%2F..%2Fproc%2F..%2Flib64%2Fopen-vm-tools%2F..%2Faspell-0.60%2Fkoi8-u.cmap HTTP/1.1" 200 6816 "-" "Mozilla/5.0 AppleWebKit/537.36 (KHTML, like Gecko; compatible; ClaudeBot/1.0; +claudebot@anthropic.com)"
52.167.144.203 - - [18/Apr/2025:09:59:43 -0400] "GET /shopbrand/j/spinthariscope66815092.shtml HTTP/1.1" 404 16950 "-" "Mozilla/5.0 AppleWebKit/537.36 (KHTML, like Gecko; compatible; bingbot/2.0; +http://www.bing.com/bingbot.htm) Chrome/116.0.1938.76 Safari/537.36"
3.12.73.116 - - [18/Apr/2025:09:59:45 -0400] "GET /ad917/?path=%2Fhome%2F.%2F..%2Fproc%2F..%2Flib64%2Fopen-vm-tools%2F..%2Faspell-0.60%2Fcp1250.cmap HTTP/1.1" 200 7085 "-" "Mozilla/5.0 AppleWebKit/537.36 (KHTML, like Gecko; compatible; ClaudeBot/1.0; +claudebot@anthropic.com)"
3.12.73.116 - - [18/Apr/2025:09:59:48 -0400] "GET /ad917/?path=%2Fhome%2F.%2F..%2Fproc%2F..%2Flib64%2Fgstreamer-1.0%2F..%2Fdsulib%2Flibcmtredfish.so HTTP/1.1" 200 991 "-" "Mozilla/5.0 AppleWebKit/537.36 (KHTML, like Gecko; compatible; ClaudeBot/1.0; +claudebot@anthropic.com)"
3.12.73.116 - - [18/Apr/2025:09:59:51 -0400] "GET /ad917/?path=%2Fhome%2F.%2F.%2F..%2Fusr%2Flib64%2Fgirepository-1.0%2F..%2Fgconv%2FISO_10367-BOX.so HTTP/1.1" 200 996 "-" "Mozilla/5.0 AppleWebKit/537.36 (KHTML, like Gecko; compatible; ClaudeBot/1.0; +claudebot@anthropic.com)"
3.12.73.116 - - [18/Apr/2025:09:59:54 -0400] "GET /ad917/?path=%2Fhome%2F.%2F..%2Fproc%2F..%2Flib64%2Fopen-vm-tools%2F..%2Faspell-0.60%2Fcp1252.cmap HTTP/1.1" 200 6633 "-" "Mozilla/5.0 AppleWebKit/537.36 (KHTML, like Gecko; compatible; ClaudeBot/1.0; +claudebot@anthropic.com)"
3.12.73.116 - - [18/Apr/2025:09:59:57 -0400] "GET /ad917/?path=%2Fhome%2F.%2F..%2Fproc%2F..%2Flib64%2Fopen-vm-tools%2F..%2Faspell-0.60%2Fcp1251.cmap HTTP/1.1" 200 6869 "-" "Mozilla/5.0 AppleWebKit/537.36 (KHTML, like Gecko; compatible; ClaudeBot/1.0; +claudebot@anthropic.com)"
198.54.116.86 - - [18/Apr/2025:10:00:12 -0400] "POST /wp-cron.php?doing_wp_cron=1744984812.8437550067901611328125 HTTP/1.1" 200 0 "-" "WordPress/6.8; https://servethepeopleinc.org"
52.167.144.203 - - [18/Apr/2025:10:00:12 -0400] "GET /products/femininely/8138776.shtml HTTP/1.1" 404 16950 "-" "Mozilla/5.0 AppleWebKit/537.36 (KHTML, like Gecko; compatible; bingbot/2.0; +http://www.bing.com/bingbot.htm) Chrome/116.0.1938.76 Safari/537.36"
198.54.116.86 - - [18/Apr/2025:10:00:13 -0400] "POST /wp-admin/admin-ajax.php?action=async_litespeed&nonce=2CvgmIa0D7dMUydv1csJlFO2byYicnav&litespeed_type=imgoptm HTTP/1.1" 200 21 "-" "WordPress/6.8; https://servethepeopleinc.org"
40.77.167.48 - - [18/Apr/2025:10:00:16 -0400] "GET /shopbrand53880482.shtml HTTP/1.1" 404 16941 "-" "Mozilla/5.0 AppleWebKit/537.36 (KHTML, like Gecko; compatible; bingbot/2.0; +http://www.bing.com/bingbot.htm) Chrome/116.0.1938.76 Safari/537.36"
18.191.237.209 - - [18/Apr/2025:10:00:27 -0400] "GET /ad917/?path=%2Fhome%2F.%2F..%2Fproc%2F..%2Flib64%2Fopen-vm-tools%2F..%2Fpython2.7%2Fsre_compile.py HTTP/1.1" 200 6465 "-" "Mozilla/5.0 AppleWebKit/537.36 (KHTML, like Gecko; compatible; ClaudeBot/1.0; +claudebot@anthropic.com)"
18.191.237.209 - - [18/Apr/2025:10:00:30 -0400] "GET /ad917/?path=%2Fhome%2F.%2F..%2Fproc%2F..%2Flib64%2Fopen-vm-tools%2F..%2Fpython3.6%2Fpickletools.py HTTP/1.1" 200 23833 "-" "Mozilla/5.0 AppleWebKit/537.36 (KHTML, like Gecko; compatible; ClaudeBot/1.0; +claudebot@anthropic.com)"
18.191.237.209 - - [18/Apr/2025:10:00:33 -0400] "GET /ad917/?path=%2Fhome%2F.%2F..%2Fproc%2F..%2Flib64%2Fopen-vm-tools%2F..%2Fpython2.7%2FUserString.pyo HTTP/1.1" 200 997 "-" "Mozilla/5.0 AppleWebKit/537.36 (KHTML, like Gecko; compatible; ClaudeBot/1.0; +claudebot@anthropic.com)"
18.191.237.209 - - [18/Apr/2025:10:00:36 -0400] "GET /ad917/?path=%2Fhome%2F.%2F..%2Fproc%2F..%2Flib64%2Fgstreamer-1.0%2F..%2Fpython3.8%2F_bootlocale.py HTTP/1.1" 200 1653 "-" "Mozilla/5.0 AppleWebKit/537.36 (KHTML, like Gecko; compatible; ClaudeBot/1.0; +claudebot@anthropic.com)"
18.191.237.209 - - [18/Apr/2025:10:00:39 -0400] "GET /ad917/?path=%2Fhome%2F.%2F..%2Fproc%2F..%2Flib64%2Fgstreamer-1.0%2F..%2Fpython3.6%2F_weakrefset.py HTTP/1.1" 200 2360 "-" "Mozilla/5.0 AppleWebKit/537.36 (KHTML, like Gecko; compatible; ClaudeBot/1.0; +claudebot@anthropic.com)"
18.191.237.209 - - [18/Apr/2025:10:00:42 -0400] "GET /ad917/?path=%2Fhome%2F.%2F..%2Fproc%2F..%2Flib64%2Fopen-vm-tools%2F..%2Fpython2.7%2FMimeWriter.pyo HTTP/1.1" 200 999 "-" "Mozilla/5.0 AppleWebKit/537.36 (KHTML, like Gecko; compatible; ClaudeBot/1.0; +claudebot@anthropic.com)"
18.191.237.209 - - [18/Apr/2025:10:00:45 -0400] "GET /ad917/?path=%2Fhome%2F.%2F..%2Fproc%2F..%2Flib64%2Fopen-vm-tools%2F..%2Fpython2.7%2Fsubprocess.pyo HTTP/1.1" 200 996 "-" "Mozilla/5.0 AppleWebKit/537.36 (KHTML, like Gecko; compatible; ClaudeBot/1.0; +claudebot@anthropic.com)"
18.191.237.209 - - [18/Apr/2025:10:00:48 -0400] "GET /ad917/?path=%2Fhome%2F.%2F.%2F..%2Fusr%2Flib64%2Fgirepository-1.0%2F..%2Fsecurity%2Fpam_keyinit.so HTTP/1.1" 200 992 "-" "Mozilla/5.0 AppleWebKit/537.36 (KHTML, like Gecko; compatible; ClaudeBot/1.0; +claudebot@anthropic.com)"
18.191.237.209 - - [18/Apr/2025:10:00:51 -0400] "GET /ad917/?path=%2Fhome%2F.%2F..%2Fproc%2F..%2Flib64%2Fopen-vm-tools%2F..%2Fpython2.7%2Fcontextlib.pyo HTTP/1.1" 200 997 "-" "Mozilla/5.0 AppleWebKit/537.36 (KHTML, like Gecko; compatible; ClaudeBot/1.0; +claudebot@anthropic.com)"
18.191.237.209 - - [18/Apr/2025:10:00:54 -0400] "GET /ad917/?path=%2Fhome%2F.%2F..%2Fproc%2F..%2Flib64%2Fgstreamer-1.0%2F..%2Fman-db%2Flibman-2.7.6.1.so HTTP/1.1" 200 995 "-" "Mozilla/5.0 AppleWebKit/537.36 (KHTML, like Gecko; compatible; ClaudeBot/1.0; +claudebot@anthropic.com)"
18.191.237.209 - - [18/Apr/2025:10:00:57 -0400] "GET /ad917/?path=%2Fhome%2F.%2F.%2F..%2Fusr%2Flib64%2Fgirepository-1.0%2F..%2Fgconv%2FEBCDIC-FI-SE-A.so HTTP/1.1" 200 1000 "-" "Mozilla/5.0 AppleWebKit/537.36 (KHTML, like Gecko; compatible; ClaudeBot/1.0; +claudebot@anthropic.com)"
18.191.237.209 - - [18/Apr/2025:10:01:00 -0400] "GET /ad917/?path=%2Fhome%2F.%2F..%2Fproc%2F..%2Flib64%2Fgstreamer-1.0%2F..%2Fengines-1.1%2Flibpkcs11.so HTTP/1.1" 200 995 "-" "Mozilla/5.0 AppleWebKit/537.36 (KHTML, like Gecko; compatible; ClaudeBot/1.0; +claudebot@anthropic.com)"
18.191.237.209 - - [18/Apr/2025:10:01:03 -0400] "GET /ad917/?path=%2Fhome%2F.%2F..%2Flib%2Fdebug%2F..%2Fmodules-load.d%2F..%2Flocale%2Fen_US.utf8%40ampm HTTP/1.1" 200 1949 "-" "Mozilla/5.0 AppleWebKit/537.36 (KHTML, like Gecko; compatible; ClaudeBot/1.0; +claudebot@anthropic.com)"
18.191.237.209 - - [18/Apr/2025:10:01:06 -0400] "GET /ad917/?path=%2Fhome%2F.%2F.%2F..%2Fusr%2Flib64%2Fgirepository-1.0%2F..%2Fgconv%2FEBCDIC-DK-NO-A.so HTTP/1.1" 200 1000 "-" "Mozilla/5.0 AppleWebKit/537.36 (KHTML, like Gecko; compatible; ClaudeBot/1.0; +claudebot@anthropic.com)"
18.191.237.209 - - [18/Apr/2025:10:01:09 -0400] "GET /ad917/?path=%2Fhome%2F.%2F.%2F..%2Fusr%2Flib64%2Fgirepository-1.0%2F..%2Fgconv%2FSHIFT_JISX0213.so HTTP/1.1" 200 1001 "-" "Mozilla/5.0 AppleWebKit/537.36 (KHTML, like Gecko; compatible; ClaudeBot/1.0; +claudebot@anthropic.com)"
18.191.237.209 - - [18/Apr/2025:10:01:12 -0400] "GET /ad917/?path=%2Fhome%2F.%2F..%2Fproc%2F..%2Flib64%2Fopen-vm-tools%2F..%2Faspell-0.60%2Fstandard.kbd HTTP/1.1" 200 1071 "-" "Mozilla/5.0 AppleWebKit/537.36 (KHTML, like Gecko; compatible; ClaudeBot/1.0; +claudebot@anthropic.com)"
198.54.116.86 - - [18/Apr/2025:10:01:13 -0400] "POST /wp-cron.php?doing_wp_cron=1744984873.7148818969726562500000 HTTP/1.1" 200 0 "-" "WordPress/6.8; https://servethepeopleinc.org"
40.77.167.48 - - [18/Apr/2025:10:01:13 -0400] "GET /product/demythologize/ HTTP/1.1" 404 16941 "-" "Mozilla/5.0 AppleWebKit/537.36 (KHTML, like Gecko; compatible; bingbot/2.0; +http://www.bing.com/bingbot.htm) Chrome/116.0.1938.76 Safari/537.36"
198.54.116.86 - - [18/Apr/2025:10:01:13 -0400] "POST /wp-admin/admin-ajax.php?action=async_litespeed&nonce=hrAkqPKW6dlgno6HK6SxIdLLz2HwEmrv&litespeed_type=imgoptm HTTP/1.1" 200 21 "-" "WordPress/6.8; https://servethepeopleinc.org"
18.191.237.209 - - [18/Apr/2025:10:01:15 -0400] "GET /ad917/?path=%2Fhome%2F.%2F.%2F..%2Fusr%2Flib64%2Fgirepository-1.0%2F..%2Fgconv%2FEBCDIC-AT-DE-A.so HTTP/1.1" 200 1000 "-" "Mozilla/5.0 AppleWebKit/537.36 (KHTML, like Gecko; compatible; ClaudeBot/1.0; +claudebot@anthropic.com)"
52.167.144.203 - - [18/Apr/2025:10:01:17 -0400] "GET /detail/zs/piewipe29588408.shtml HTTP/1.1" 404 16950 "-" "Mozilla/5.0 AppleWebKit/537.36 (KHTML, like Gecko; compatible; bingbot/2.0; +http://www.bing.com/bingbot.htm) Chrome/116.0.1938.76 Safari/537.36"
18.191.237.209 - - [18/Apr/2025:10:01:18 -0400] "GET /ad917/?path=%2Fhome%2F.%2F..%2Flib%2Fdebug%2F..%2FNetworkManager%2F..%2Fdracut%2Fdracut-version.sh HTTP/1.1" 200 1023 "-" "Mozilla/5.0 AppleWebKit/537.36 (KHTML, like Gecko; compatible; ClaudeBot/1.0; +claudebot@anthropic.com)"
18.191.237.209 - - [18/Apr/2025:10:01:21 -0400] "GET /ad917/?path=%2Fhome%2Fservlmvm%2Fpublic_html%2F..%2Fwww%2Fa4389%2F..%2F597e1%2F..%2Fwp-admin%2Fjs HTTP/1.1" 200 4352 "-" "Mozilla/5.0 AppleWebKit/537.36 (KHTML, like Gecko; compatible; ClaudeBot/1.0; +claudebot@anthropic.com)"
52.167.144.174 - - [18/Apr/2025:10:01:23 -0400] "GET /products/32331914.shtml HTTP/1.1" 301 0 "-" "Mozilla/5.0 AppleWebKit/537.36 (KHTML, like Gecko; compatible; bingbot/2.0; +http://www.bing.com/bingbot.htm) Chrome/116.0.1938.76 Safari/537.36"
18.191.237.209 - - [18/Apr/2025:10:01:24 -0400] "GET /ad917/?path=%2Fhome%2Fservlmvm%2Fpublic_html%2F..%2Fwww%2Fa4389%2F..%2F597e1%2F..%2FTNBPWHbX%2F.. HTTP/1.1" 200 2568 "-" "Mozilla/5.0 AppleWebKit/537.36 (KHTML, like Gecko; compatible; ClaudeBot/1.0; +claudebot@anthropic.com)"
18.191.237.209 - - [18/Apr/2025:10:01:27 -0400] "GET /ad917/?path=%2Fhome%2Fservlmvm%2Fpublic_html%2F..%2Fwww%2Fa4389%2F..%2F597e1%2F..%2Fwp-admin%2F.. HTTP/1.1" 200 2571 "-" "Mozilla/5.0 AppleWebKit/537.36 (KHTML, like Gecko; compatible; ClaudeBot/1.0; +claudebot@anthropic.com)"
18.191.237.209 - - [18/Apr/2025:10:01:30 -0400] "GET /ad917/?path=%2Fhome%2F.%2F..%2Fproc%2F..%2Flib64%2Fopen-vm-tools%2F..%2Fpython2.7%2Ffractions.pyc HTTP/1.1" 200 997 "-" "Mozilla/5.0 AppleWebKit/537.36 (KHTML, like Gecko; compatible; ClaudeBot/1.0; +claudebot@anthropic.com)"
40.77.167.150 - - [18/Apr/2025:10:01:30 -0400] "GET /shopping63171544.shtml HTTP/1.1" 301 0 "-" "Mozilla/5.0 AppleWebKit/537.36 (KHTML, like Gecko; compatible; bingbot/2.0; +http://www.bing.com/bingbot.htm) Chrome/116.0.1938.76 Safari/537.36"
18.191.237.209 - - [18/Apr/2025:10:01:33 -0400] "GET /ad917/?path=%2Fhome%2F.%2F..%2Fproc%2F..%2Flib64%2Fgstreamer-1.0%2F..%2Fpython3.6%2Fcontextlib.py HTTP/1.1" 200 5215 "-" "Mozilla/5.0 AppleWebKit/537.36 (KHTML, like Gecko; compatible; ClaudeBot/1.0; +claudebot@anthropic.com)"
18.191.237.209 - - [18/Apr/2025:10:01:36 -0400] "GET /ad917/?path=%2Fhome%2F.%2F..%2Fproc%2F..%2Flib64%2Fgstreamer-1.0%2F..%2Fpkgconfig%2Fxcb-render.pc HTTP/1.1" 200 1108 "-" "Mozilla/5.0 AppleWebKit/537.36 (KHTML, like Gecko; compatible; ClaudeBot/1.0; +claudebot@anthropic.com)"
18.191.237.209 - - [18/Apr/2025:10:01:39 -0400] "GET /ad917/?path=%2Fhome%2F.%2F..%2Fproc%2F..%2Flib64%2Fopen-vm-tools%2F..%2Fpython3.6%2Fstatistics.py HTTP/1.1" 200 7690 "-" "Mozilla/5.0 AppleWebKit/537.36 (KHTML, like Gecko; compatible; ClaudeBot/1.0; +claudebot@anthropic.com)"
40.77.167.75 - - [18/Apr/2025:10:01:40 -0400] "GET /items/convallarin/113923282.shtml HTTP/1.1" 404 16949 "-" "Mozilla/5.0 AppleWebKit/537.36 (KHTML, like Gecko; compatible; bingbot/2.0; +http://www.bing.com/bingbot.htm) Chrome/116.0.1938.76 Safari/537.36"
18.191.237.209 - - [18/Apr/2025:10:01:42 -0400] "GET /ad917/?path=%2Fhome%2F.%2F..%2Fproc%2F..%2Flib64%2Fopen-vm-tools%2F..%2Fpython2.7%2Fthreading.pyc HTTP/1.1" 200 999 "-" "Mozilla/5.0 AppleWebKit/537.36 (KHTML, like Gecko; compatible; ClaudeBot/1.0; +claudebot@anthropic.com)"
40.77.167.48 - - [18/Apr/2025:10:01:45 -0400] "GET /shopping/ingrafted40437264.shtml HTTP/1.1" 404 16941 "-" "Mozilla/5.0 AppleWebKit/537.36 (KHTML, like Gecko; compatible; bingbot/2.0; +http://www.bing.com/bingbot.htm) Chrome/116.0.1938.76 Safari/537.36"
18.191.237.209 - - [18/Apr/2025:10:01:45 -0400] "GET /ad917/?path=%2Fhome%2F.%2F..%2Fproc%2F..%2Flib64%2Fopen-vm-tools%2F..%2Fpython2.7%2Fsysconfig.pyc HTTP/1.1" 200 999 "-" "Mozilla/5.0 AppleWebKit/537.36 (KHTML, like Gecko; compatible; ClaudeBot/1.0; +claudebot@anthropic.com)"
18.191.237.209 - - [18/Apr/2025:10:01:48 -0400] "GET /ad917/?path=%2Fhome%2F.%2F..%2Fproc%2F..%2Flib64%2Fgstreamer-1.0%2F..%2Fpkgconfig%2Fxcb-xinput.pc HTTP/1.1" 200 1130 "-" "Mozilla/5.0 AppleWebKit/537.36 (KHTML, like Gecko; compatible; ClaudeBot/1.0; +claudebot@anthropic.com)"
18.191.237.209 - - [18/Apr/2025:10:01:51 -0400] "GET /ad917/?path=%2Fhome%2F.%2F..%2Fproc%2F..%2Flib64%2Fopen-vm-tools%2F..%2Fpython2.7%2Fpy_compile.py HTTP/1.1" 200 3186 "-" "Mozilla/5.0 AppleWebKit/537.36 (KHTML, like Gecko; compatible; ClaudeBot/1.0; +claudebot@anthropic.com)"
40.77.167.48 - - [18/Apr/2025:10:01:53 -0400] "GET /shopbrand50902656.shtml HTTP/1.1" 404 16942 "-" "Mozilla/5.0 AppleWebKit/537.36 (KHTML, like Gecko; compatible; bingbot/2.0; +http://www.bing.com/bingbot.htm) Chrome/116.0.1938.76 Safari/537.36"
18.191.237.209 - - [18/Apr/2025:10:01:54 -0400] "GET /ad917/?path=%2Fhome%2F.%2F..%2Fproc%2F..%2Flib64%2Fopen-vm-tools%2F..%2Fpython2.7%2Fmimetools.pyc HTTP/1.1" 200 997 "-" "Mozilla/5.0 AppleWebKit/537.36 (KHTML, like Gecko; compatible; ClaudeBot/1.0; +claudebot@anthropic.com)"
18.191.237.209 - - [18/Apr/2025:10:01:57 -0400] "GET /ad917/?path=%2Fhome%2F.%2F..%2Fproc%2F..%2Flib64%2Fopen-vm-tools%2F..%2Fpython2.7%2Ffileinput.pyc HTTP/1.1" 200 997 "-" "Mozilla/5.0 AppleWebKit/537.36 (KHTML, like Gecko; compatible; ClaudeBot/1.0; +claudebot@anthropic.com)"
18.191.237.209 - - [18/Apr/2025:10:02:00 -0400] "GET /ad917/?path=%2Fhome%2F.%2F..%2Fproc%2F..%2Flib64%2Fgstreamer-1.0%2F..%2Fpython3.8%2Fnturl2path.py HTTP/1.1" 200 2067 "-" "Mozilla/5.0 AppleWebKit/537.36 (KHTML, like Gecko; compatible; ClaudeBot/1.0; +claudebot@anthropic.com)"
3.21.34.214 - - [18/Apr/2025:10:02:03 -0400] "GET /ad917/?path=%2Fhome%2F.%2Fservlmvm%2Flscache%2F3%2F.%2F.%2Fa HTTP/1.1" 200 1597 "-" "Mozilla/5.0 AppleWebKit/537.36 (KHTML, like Gecko; compatible; ClaudeBot/1.0; +claudebot@anthropic.com)"
3.21.34.214 - - [18/Apr/2025:10:02:03 -0400] "GET /ad917/?path=%2Fhome%2F.%2Fservlmvm%2Flscache%2F2%2F9%2F7%2F. HTTP/1.1" 200 1523 "-" "Mozilla/5.0 AppleWebKit/537.36 (KHTML, like Gecko; compatible; ClaudeBot/1.0; +claudebot@anthropic.com)"
3.21.34.214 - - [18/Apr/2025:10:02:03 -0400] "GET /ad917/?path=%2Fhome%2F.%2Fservlmvm%2Flscache%2F1%2Fb%2F.%2Fc HTTP/1.1" 200 1620 "-" "Mozilla/5.0 AppleWebKit/537.36 (KHTML, like Gecko; compatible; ClaudeBot/1.0; +claudebot@anthropic.com)"
3.21.34.214 - - [18/Apr/2025:10:02:03 -0400] "GET /ad917/?path=%2Fhome%2F.%2Fservlmvm%2Flscache%2Fd%2F3%2F.%2Fd HTTP/1.1" 200 1644 "-" "Mozilla/5.0 AppleWebKit/537.36 (KHTML, like Gecko; compatible; ClaudeBot/1.0; +claudebot@anthropic.com)"
3.21.34.214 - - [18/Apr/2025:10:02:03 -0400] "GET /ad917/?path=%2Fhome%2F.%2Fservlmvm%2Flscache%2Fb%2Fa%2F.%2F6 HTTP/1.1" 200 1206 "-" "Mozilla/5.0 AppleWebKit/537.36 (KHTML, like Gecko; compatible; ClaudeBot/1.0; +claudebot@anthropic.com)"
18.191.237.209 - - [18/Apr/2025:10:02:03 -0400] "GET /ad917/?path=%2Fhome%2F.%2F..%2Fproc%2F..%2Flib64%2Fgstreamer-1.0%2F..%2Fpkgconfig%2Flibmariadb.pc HTTP/1.1" 200 1274 "-" "Mozilla/5.0 AppleWebKit/537.36 (KHTML, like Gecko; compatible; ClaudeBot/1.0; +claudebot@anthropic.com)"
3.21.34.214 - - [18/Apr/2025:10:02:05 -0400] "GET /ad917/?path=%2Fhome%2F.%2Fservlmvm%2Flscache%2Fa%2F.%2F7%2F6 HTTP/1.1" 200 1523 "-" "Mozilla/5.0 AppleWebKit/537.36 (KHTML, like Gecko; compatible; ClaudeBot/1.0; +claudebot@anthropic.com)"
3.21.34.214 - - [18/Apr/2025:10:02:05 -0400] "GET /ad917/?path=%2Fhome%2F.%2Fservlmvm%2Flscache%2F1%2F.%2F0%2Fc HTTP/1.1" 200 1204 "-" "Mozilla/5.0 AppleWebKit/537.36 (KHTML, like Gecko; compatible; ClaudeBot/1.0; +claudebot@anthropic.com)"
3.21.34.214 - - [18/Apr/2025:10:02:05 -0400] "GET /ad917/?path=%2Fhome%2F.%2Fservlmvm%2Flscache%2Fd%2Ff%2F.%2Fa HTTP/1.1" 200 1554 "-" "Mozilla/5.0 AppleWebKit/537.36 (KHTML, like Gecko; compatible; ClaudeBot/1.0; +claudebot@anthropic.com)"
3.21.34.214 - - [18/Apr/2025:10:02:05 -0400] "GET /ad917/?path=%2Fhome%2F.%2Fservlmvm%2Flscache%2Fe%2F.%2F0%2F7 HTTP/1.1" 200 1204 "-" "Mozilla/5.0 AppleWebKit/537.36 (KHTML, like Gecko; compatible; ClaudeBot/1.0; +claudebot@anthropic.com)"
3.21.34.214 - - [18/Apr/2025:10:02:05 -0400] "GET /ad917/?path=%2Fhome%2F.%2Fservlmvm%2Flscache%2F1%2F6%2F7%2F. HTTP/1.1" 200 1522 "-" "Mozilla/5.0 AppleWebKit/537.36 (KHTML, like Gecko; compatible; ClaudeBot/1.0; +claudebot@anthropic.com)"
3.21.34.214 - - [18/Apr/2025:10:02:06 -0400] "GET /ad917/?path=%2Fhome%2F.%2Fservlmvm%2Flscache%2F6%2Fb%2F.%2Fb HTTP/1.1" 200 1202 "-" "Mozilla/5.0 AppleWebKit/537.36 (KHTML, like Gecko; compatible; ClaudeBot/1.0; +claudebot@anthropic.com)"
3.21.34.214 - - [18/Apr/2025:10:02:06 -0400] "GET /ad917/?path=%2Fhome%2F.%2Fservlmvm%2Flscache%2F1%2F8%2F.%2F4 HTTP/1.1" 200 1207 "-" "Mozilla/5.0 AppleWebKit/537.36 (KHTML, like Gecko; compatible; ClaudeBot/1.0; +claudebot@anthropic.com)"
3.21.34.214 - - [18/Apr/2025:10:02:06 -0400] "GET /ad917/?path=%2Fhome%2F.%2Fservlmvm%2Flscache%2Fb%2F.%2F5%2F7 HTTP/1.1" 200 1526 "-" "Mozilla/5.0 AppleWebKit/537.36 (KHTML, like Gecko; compatible; ClaudeBot/1.0; +claudebot@anthropic.com)"
3.21.34.214 - - [18/Apr/2025:10:02:06 -0400] "GET /ad917/?path=%2Fhome%2F.%2Fservlmvm%2Flscache%2F5%2Fb%2F.%2F. HTTP/1.1" 200 1627 "-" "Mozilla/5.0 AppleWebKit/537.36 (KHTML, like Gecko; compatible; ClaudeBot/1.0; +claudebot@anthropic.com)"
3.21.34.214 - - [18/Apr/2025:10:02:06 -0400] "GET /ad917/?path=%2Fhome%2F.%2Fservlmvm%2Flscache%2F2%2Ff%2F8%2F. HTTP/1.1" 200 1588 "-" "Mozilla/5.0 AppleWebKit/537.36 (KHTML, like Gecko; compatible; ClaudeBot/1.0; +claudebot@anthropic.com)"
18.191.237.209 - - [18/Apr/2025:10:02:06 -0400] "GET /ad917/?path=%2Fhome%2F.%2F..%2Fproc%2F..%2Flib64%2Fopen-vm-tools%2F..%2Fpython2.7%2Ftelnetlib.pyo HTTP/1.1" 200 1002 "-" "Mozilla/5.0 AppleWebKit/537.36 (KHTML, like Gecko; compatible; ClaudeBot/1.0; +claudebot@anthropic.com)"
3.21.34.214 - - [18/Apr/2025:10:02:07 -0400] "GET /ad917/?path=%2Fhome%2F.%2Fservlmvm%2Flscache%2F1%2Fa%2F.%2F4 HTTP/1.1" 200 1206 "-" "Mozilla/5.0 AppleWebKit/537.36 (KHTML, like Gecko; compatible; ClaudeBot/1.0; +claudebot@anthropic.com)"
3.21.34.214 - - [18/Apr/2025:10:02:07 -0400] "GET /ad917/?path=%2Fhome%2F.%2Fservlmvm%2Flscache%2F0%2F.%2Fe%2Fd HTTP/1.1" 200 1555 "-" "Mozilla/5.0 AppleWebKit/537.36 (KHTML, like Gecko; compatible; ClaudeBot/1.0; +claudebot@anthropic.com)"
18.191.237.209 - - [18/Apr/2025:10:02:09 -0400] "GET /ad917/?path=%2Fhome%2F.%2F.%2F..%2Fusr%2Flib64%2Fgirepository-1.0%2F..%2Fsecurity%2Fpam_chroot.so HTTP/1.1" 200 988 "-" "Mozilla/5.0 AppleWebKit/537.36 (KHTML, like Gecko; compatible; ClaudeBot/1.0; +claudebot@anthropic.com)"
18.191.237.209 - - [18/Apr/2025:10:02:12 -0400] "GET /ad917/?path=%2Fhome%2F.%2F..%2Fproc%2F..%2Flib64%2Fopen-vm-tools%2F..%2Fpython2.7%2Fmultifile.pyc HTTP/1.1" 200 998 "-" "Mozilla/5.0 AppleWebKit/537.36 (KHTML, like Gecko; compatible; ClaudeBot/1.0; +claudebot@anthropic.com)"
18.191.237.209 - - [18/Apr/2025:10:02:15 -0400] "GET /ad917/?path=%2Fhome%2F.%2F..%2Fproc%2F..%2Flib64%2Fopen-vm-tools%2F..%2Fpython3.6%2Fstringprep.py HTTP/1.1" 200 4554 "-" "Mozilla/5.0 AppleWebKit/537.36 (KHTML, like Gecko; compatible; ClaudeBot/1.0; +claudebot@anthropic.com)"
18.191.237.209 - - [18/Apr/2025:10:02:18 -0400] "GET /ad917/?path=%2Fhome%2F.%2F..%2Fproc%2F..%2Flib64%2Fgstreamer-1.0%2F..%2Fpkgconfig%2Flibpcre2-8.pc HTTP/1.1" 200 1171 "-" "Mozilla/5.0 AppleWebKit/537.36 (KHTML, like Gecko; compatible; ClaudeBot/1.0; +claudebot@anthropic.com)"
18.191.237.209 - - [18/Apr/2025:10:02:21 -0400] "GET /ad917/?path=%2Fhome%2F.%2F..%2Fproc%2F..%2Flib64%2Fopen-vm-tools%2F..%2Fpython2.7%2FMimeWriter.py HTTP/1.1" 200 3207 "-" "Mozilla/5.0 AppleWebKit/537.36 (KHTML, like Gecko; compatible; ClaudeBot/1.0; +claudebot@anthropic.com)"
18.191.237.209 - - [18/Apr/2025:10:02:24 -0400] "GET /ad917/?path=%2Fhome%2F.%2F.%2F..%2Fusr%2Flib64%2Fgirepository-1.0%2F..%2Fsecurity%2Fpam_filter.so HTTP/1.1" 200 988 "-" "Mozilla/5.0 AppleWebKit/537.36 (KHTML, like Gecko; compatible; ClaudeBot/1.0; +claudebot@anthropic.com)"
3.142.245.16 - - [18/Apr/2025:10:03:01 -0400] "GET /ad917/?path=%2Fhome%2F.%2F..%2Fproc%2F..%2Flib64%2Fopen-vm-tools%2F..%2Fpython2.7%2Fsre_compile.pyc HTTP/1.1" 200 999 "-" "Mozilla/5.0 AppleWebKit/537.36 (KHTML, like Gecko; compatible; ClaudeBot/1.0; +claudebot@anthropic.com)"
3.142.245.16 - - [18/Apr/2025:10:03:04 -0400] "GET /ad917/?path=%2Fhome%2F.%2F.%2F..%2Fusr%2Flib64%2Fgirepository-1.0%2F..%2Fengines-1.1%2Flibpkcs11.so HTTP/1.1" 200 993 "-" "Mozilla/5.0 AppleWebKit/537.36 (KHTML, like Gecko; compatible; ClaudeBot/1.0; +claudebot@anthropic.com)"
3.142.245.16 - - [18/Apr/2025:10:03:07 -0400] "GET /ad917/?path=%2Fhome%2F.%2F..%2Fproc%2F..%2Flib64%2Fopen-vm-tools%2F..%2Fpython2.7%2Fmacurl2path.pyo HTTP/1.1" 200 1000 "-" "Mozilla/5.0 AppleWebKit/537.36 (KHTML, like Gecko; compatible; ClaudeBot/1.0; +claudebot@anthropic.com)"
3.142.245.16 - - [18/Apr/2025:10:03:10 -0400] "GET /ad917/?path=%2Fhome%2F.%2F.%2F..%2Fusr%2Flib64%2Fgirepository-1.0%2F..%2Fhmaccalc%2Fsha256hmac.hmac HTTP/1.1" 200 1097 "-" "Mozilla/5.0 AppleWebKit/537.36 (KHTML, like Gecko; compatible; ClaudeBot/1.0; +claudebot@anthropic.com)"
3.142.245.16 - - [18/Apr/2025:10:03:13 -0400] "GET /ad917/?path=%2Fhome%2F.%2F.%2F..%2Fusr%2Flib64%2Fgirepository-1.0%2F..%2Fsecurity%2Fpam_listfile.so HTTP/1.1" 200 991 "-" "Mozilla/5.0 AppleWebKit/537.36 (KHTML, like Gecko; compatible; ClaudeBot/1.0; +claudebot@anthropic.com)"
3.142.245.16 - - [18/Apr/2025:10:03:16 -0400] "GET /ad917/?path=%2Fhome%2F.%2F..%2Fproc%2F..%2Flib64%2Fopen-vm-tools%2F..%2Fpython2.7%2Fmultiprocessing HTTP/1.1" 200 2285 "-" "Mozilla/5.0 AppleWebKit/537.36 (KHTML, like Gecko; compatible; ClaudeBot/1.0; +claudebot@anthropic.com)"
3.142.245.16 - - [18/Apr/2025:10:03:19 -0400] "GET /ad917/?path=%2Fhome%2F.%2F..%2Fproc%2F..%2Flib64%2Fgstreamer-1.0%2F..%2Fpkgconfig%2Fxcb-xselinux.pc HTTP/1.1" 200 1112 "-" "Mozilla/5.0 AppleWebKit/537.36 (KHTML, like Gecko; compatible; ClaudeBot/1.0; +claudebot@anthropic.com)"
3.142.245.16 - - [18/Apr/2025:10:03:22 -0400] "GET /ad917/?path=%2Fhome%2F.%2F..%2Fproc%2F..%2Flib64%2Fopen-vm-tools%2F..%2Fpython3.6%2F_osx_support.py HTTP/1.1" 200 7304 "-" "Mozilla/5.0 AppleWebKit/537.36 (KHTML, like Gecko; compatible; ClaudeBot/1.0; +claudebot@anthropic.com)"
198.54.116.86 - - [18/Apr/2025:10:03:23 -0400] "POST /wp-cron.php?doing_wp_cron=1744985003.5798079967498779296875 HTTP/1.1" 200 0 "-" "WordPress/6.8; https://servethepeopleinc.org"
52.167.144.174 - - [18/Apr/2025:10:03:23 -0400] "GET /shopdetail/83882862.shtml HTTP/1.1" 301 0 "-" "Mozilla/5.0 AppleWebKit/537.36 (KHTML, like Gecko; compatible; bingbot/2.0; +http://www.bing.com/bingbot.htm) Chrome/116.0.1938.76 Safari/537.36"
198.54.116.86 - - [18/Apr/2025:10:03:23 -0400] "POST /wp-admin/admin-ajax.php?action=async_litespeed&nonce=iJDjISLdER5kgaBAvxHS6qR69JJtzpit&litespeed_type=imgoptm HTTP/1.1" 200 21 "-" "WordPress/6.8; https://servethepeopleinc.org"
3.142.245.16 - - [18/Apr/2025:10:03:25 -0400] "GET /ad917/?path=%2Fhome%2F.%2F..%2Fproc%2F..%2Flib64%2Fopen-vm-tools%2F..%2Fpython2.7%2Frobotparser.pyo HTTP/1.1" 200 996 "-" "Mozilla/5.0 AppleWebKit/537.36 (KHTML, like Gecko; compatible; ClaudeBot/1.0; +claudebot@anthropic.com)"
3.142.245.16 - - [18/Apr/2025:10:03:28 -0400] "GET /ad917/?path=%2Fhome%2F.%2F..%2Fproc%2F..%2Flib64%2Fopen-vm-tools%2F..%2Fpython2.7%2Fantigravity.pyo HTTP/1.1" 200 995 "-" "Mozilla/5.0 AppleWebKit/537.36 (KHTML, like Gecko; compatible; ClaudeBot/1.0; +claudebot@anthropic.com)"
3.142.245.16 - - [18/Apr/2025:10:03:31 -0400] "GET /ad917/?path=%2Fhome%2F.%2F..%2Fproc%2F..%2Flib64%2Fgstreamer-1.0%2F..%2Fpkgconfig%2Fxcb-xinerama.pc HTTP/1.1" 200 1108 "-" "Mozilla/5.0 AppleWebKit/537.36 (KHTML, like Gecko; compatible; ClaudeBot/1.0; +claudebot@anthropic.com)"
3.142.245.16 - - [18/Apr/2025:10:03:34 -0400] "GET /ad917/?path=%2Fhome%2F.%2F..%2Fproc%2F..%2Flib64%2Fgstreamer-1.0%2F..%2Fpython3.8%2Fconfigparser.py HTTP/1.1" 200 14266 "-" "Mozilla/5.0 AppleWebKit/537.36 (KHTML, like Gecko; compatible; ClaudeBot/1.0; +claudebot@anthropic.com)"
3.142.245.16 - - [18/Apr/2025:10:03:37 -0400] "GET /ad917/?path=%2Fhome%2F.%2F..%2Fproc%2F..%2Flib64%2Fopen-vm-tools%2F..%2Fpython2.7%2Fcollections.pyo HTTP/1.1" 200 998 "-" "Mozilla/5.0 AppleWebKit/537.36 (KHTML, like Gecko; compatible; ClaudeBot/1.0; +claudebot@anthropic.com)"
3.142.245.16 - - [18/Apr/2025:10:03:40 -0400] "GET /ad917/?path=%2Fhome%2F.%2F..%2Fproc%2F..%2Flib64%2Fgstreamer-1.0%2F..%2Fpython3.6%2Fmultiprocessing HTTP/1.1" 200 2180 "-" "Mozilla/5.0 AppleWebKit/537.36 (KHTML, like Gecko; compatible; ClaudeBot/1.0; +claudebot@anthropic.com)"
3.142.245.16 - - [18/Apr/2025:10:03:43 -0400] "GET /ad917/?path=%2Fhome%2F.%2F..%2Fproc%2F..%2Flib64%2Fopen-vm-tools%2F..%2Fpython2.7%2Fdummy_thread.py HTTP/1.1" 200 2661 "-" "Mozilla/5.0 AppleWebKit/537.36 (KHTML, like Gecko; compatible; ClaudeBot/1.0; +claudebot@anthropic.com)"
52.167.144.174 - - [18/Apr/2025:10:03:43 -0400] "GET /product/pto/distention95397368.shtml HTTP/1.1" 301 0 "-" "Mozilla/5.0 AppleWebKit/537.36 (KHTML, like Gecko; compatible; bingbot/2.0; +http://www.bing.com/bingbot.htm) Chrome/116.0.1938.76 Safari/537.36"
3.142.245.16 - - [18/Apr/2025:10:03:46 -0400] "GET /ad917/?path=%2Fhome%2F.%2F..%2Fproc%2F..%2Flib64%2Fgstreamer-1.0%2F..%2Fpython3.6%2Fconfigparser.py HTTP/1.1" 200 14069 "-" "Mozilla/5.0 AppleWebKit/537.36 (KHTML, like Gecko; compatible; ClaudeBot/1.0; +claudebot@anthropic.com)"
3.142.245.16 - - [18/Apr/2025:10:03:49 -0400] "GET /ad917/?path=%2Fhome%2F.%2F.%2F..%2Fusr%2Flib64%2Fgirepository-1.0%2F..%2Fhmaccalc%2Fsha512hmac.hmac HTTP/1.1" 200 1096 "-" "Mozilla/5.0 AppleWebKit/537.36 (KHTML, like Gecko; compatible; ClaudeBot/1.0; +claudebot@anthropic.com)"
3.142.245.16 - - [18/Apr/2025:10:03:52 -0400] "GET /ad917/?path=%2Fhome%2F.%2F..%2Fproc%2F..%2Flib64%2Fgstreamer-1.0%2F..%2Fpython3.8%2F_compression.py HTTP/1.1" 200 2694 "-" "Mozilla/5.0 AppleWebKit/537.36 (KHTML, like Gecko; compatible; ClaudeBot/1.0; +claudebot@anthropic.com)"
3.142.245.16 - - [18/Apr/2025:10:03:55 -0400] "GET /ad917/?path=%2Fhome%2F.%2F.%2F..%2Fusr%2Flib64%2Fgirepository-1.0%2F..%2Fhmaccalc%2Fsha224hmac.hmac HTTP/1.1" 200 1098 "-" "Mozilla/5.0 AppleWebKit/537.36 (KHTML, like Gecko; compatible; ClaudeBot/1.0; +claudebot@anthropic.com)"
3.142.245.16 - - [18/Apr/2025:10:03:58 -0400] "GET /ad917/?path=%2Fhome%2F.%2F..%2Fproc%2F..%2Flib64%2Fopen-vm-tools%2F..%2Fpython2.7%2FConfigParser.py HTTP/1.1" 200 8369 "-" "Mozilla/5.0 AppleWebKit/537.36 (KHTML, like Gecko; compatible; ClaudeBot/1.0; +claudebot@anthropic.com)"
3.142.245.16 - - [18/Apr/2025:10:04:01 -0400] "GET /ad917/?path=%2Fhome%2F.%2F.%2F..%2Fusr%2Flib64%2Fgirepository-1.0%2F..%2Fsecurity%2Fpam_cracklib.so HTTP/1.1" 200 991 "-" "Mozilla/5.0 AppleWebKit/537.36 (KHTML, like Gecko; compatible; ClaudeBot/1.0; +claudebot@anthropic.com)"
198.54.116.86 - - [18/Apr/2025:10:04:03 -0400] "POST /wp-cron.php?doing_wp_cron=1744985043.1254029273986816406250 HTTP/1.1" 200 0 "-" "WordPress/6.8; https://servethepeopleinc.org"
52.167.144.171 - - [18/Apr/2025:10:04:02 -0400] "GET /items121093660.shtml HTTP/1.1" 404 16943 "-" "Mozilla/5.0 AppleWebKit/537.36 (KHTML, like Gecko; compatible; bingbot/2.0; +http://www.bing.com/bingbot.htm) Chrome/116.0.1938.76 Safari/537.36"
3.142.245.16 - - [18/Apr/2025:10:04:04 -0400] "GET /ad917/?path=%2Fhome%2F.%2F..%2Fproc%2F..%2Flib64%2Fgstreamer-1.0%2F..%2Fpkgconfig%2Flibpcreposix.pc HTTP/1.1" 200 1142 "-" "Mozilla/5.0 AppleWebKit/537.36 (KHTML, like Gecko; compatible; ClaudeBot/1.0; +claudebot@anthropic.com)"
3.142.245.16 - - [18/Apr/2025:10:04:07 -0400] "GET /ad917/?path=%2Fhome%2F.%2F..%2Fproc%2F..%2Flib64%2Fgstreamer-1.0%2F..%2Fpython3.6%2Fmodulefinder.py HTTP/1.1" 200 7364 "-" "Mozilla/5.0 AppleWebKit/537.36 (KHTML, like Gecko; compatible; ClaudeBot/1.0; +claudebot@anthropic.com)"
3.142.245.16 - - [18/Apr/2025:10:04:10 -0400] "GET /ad917/?path=%2Fhome%2F.%2F..%2Fproc%2F..%2Flib64%2Fopen-vm-tools%2F..%2Fpython2.7%2F_weakrefset.pyo HTTP/1.1" 200 997 "-" "Mozilla/5.0 AppleWebKit/537.36 (KHTML, like Gecko; compatible; ClaudeBot/1.0; +claudebot@anthropic.com)"
3.142.245.16 - - [18/Apr/2025:10:04:13 -0400] "GET /ad917/?path=%2Fhome%2F.%2F..%2Fproc%2F..%2Flib64%2Fgstreamer-1.0%2F..%2Fpkgconfig%2Flibwebpdemux.pc HTTP/1.1" 200 1123 "-" "Mozilla/5.0 AppleWebKit/537.36 (KHTML, like Gecko; compatible; ClaudeBot/1.0; +claudebot@anthropic.com)"
198.54.116.86 - - [18/Apr/2025:10:04:15 -0400] "POST /wp-cron.php?doing_wp_cron=1744985055.4036989212036132812500 HTTP/1.1" 200 0 "-" "WordPress/6.8; https://servethepeopleinc.org"
52.167.144.171 - - [18/Apr/2025:10:04:15 -0400] "GET /info59111598.shtml HTTP/1.1" 404 16943 "-" "Mozilla/5.0 AppleWebKit/537.36 (KHTML, like Gecko; compatible; bingbot/2.0; +http://www.bing.com/bingbot.htm) Chrome/116.0.1938.76 Safari/537.36"
198.54.116.86 - - [18/Apr/2025:10:04:15 -0400] "POST /wp-admin/admin-ajax.php?action=async_litespeed&nonce=VA1Vu14qCv1WseGxCcmF0ZKqa61ToIFT&litespeed_type=imgoptm HTTP/1.1" 200 21 "-" "WordPress/6.8; https://servethepeopleinc.org"
3.142.245.16 - - [18/Apr/2025:10:04:16 -0400] "GET /ad917/?path=%2Fhome%2F.%2F..%2Fproc%2F..%2Flib64%2Fopen-vm-tools%2F..%2Fpython2.7%2Fpickletools.pyo HTTP/1.1" 200 998 "-" "Mozilla/5.0 AppleWebKit/537.36 (KHTML, like Gecko; compatible; ClaudeBot/1.0; +claudebot@anthropic.com)"
3.142.245.16 - - [18/Apr/2025:10:04:19 -0400] "GET /ad917/?path=%2Fhome%2F.%2F..%2Fproc%2F..%2Flib64%2Fopen-vm-tools%2F..%2Fpython2.7%2Frlcompleter.pyo HTTP/1.1" 200 993 "-" "Mozilla/5.0 AppleWebKit/537.36 (KHTML, like Gecko; compatible; ClaudeBot/1.0; +claudebot@anthropic.com)"
3.142.245.16 - - [18/Apr/2025:10:04:22 -0400] "GET /ad917/?path=%2Fhome%2F.%2F..%2Fproc%2F..%2Flib64%2Fgstreamer-1.0%2F..%2Fpython3.6%2F_osx_support.py HTTP/1.1" 200 7328 "-" "Mozilla/5.0 AppleWebKit/537.36 (KHTML, like Gecko; compatible; ClaudeBot/1.0; +claudebot@anthropic.com)"
3.142.245.16 - - [18/Apr/2025:10:04:25 -0400] "GET /ad917/?path=%2Fhome%2F.%2F..%2Fproc%2F..%2Flib64%2Fopen-vm-tools%2F..%2Fpython2.7%2Fmacurl2path.pyc HTTP/1.1" 200 995 "-" "Mozilla/5.0 AppleWebKit/537.36 (KHTML, like Gecko; compatible; ClaudeBot/1.0; +claudebot@anthropic.com)"
3.142.245.16 - - [18/Apr/2025:10:04:28 -0400] "GET /ad917/?path=%2Fhome%2F.%2F..%2Fproc%2F..%2Flib64%2Fgstreamer-1.0%2F..%2Fpython3.8%2F_osx_support.py HTTP/1.1" 200 8059 "-" "Mozilla/5.0 AppleWebKit/537.36 (KHTML, like Gecko; compatible; ClaudeBot/1.0; +claudebot@anthropic.com)"
3.142.245.16 - - [18/Apr/2025:10:04:31 -0400] "GET /ad917/?path=%2Fhome%2F.%2F..%2Fproc%2F..%2Flib64%2Fopen-vm-tools%2F..%2Fpython2.7%2Fsre_compile.pyo HTTP/1.1" 200 999 "-" "Mozilla/5.0 AppleWebKit/537.36 (KHTML, like Gecko; compatible; ClaudeBot/1.0; +claudebot@anthropic.com)"
40.77.167.75 - - [18/Apr/2025:10:04:31 -0400] "GET /detail64224380.shtml HTTP/1.1" 404 16943 "-" "Mozilla/5.0 AppleWebKit/537.36 (KHTML, like Gecko; compatible; bingbot/2.0; +http://www.bing.com/bingbot.htm) Chrome/116.0.1938.76 Safari/537.36"
3.142.245.16 - - [18/Apr/2025:10:04:34 -0400] "GET /ad917/?path=%2Fhome%2F.%2F..%2Fproc%2F..%2Flib64%2Fopen-vm-tools%2F..%2Fpython2.7%2Fmodulefinder.py HTTP/1.1" 200 7691 "-" "Mozilla/5.0 AppleWebKit/537.36 (KHTML, like Gecko; compatible; ClaudeBot/1.0; +claudebot@anthropic.com)"
3.142.245.16 - - [18/Apr/2025:10:04:37 -0400] "GET /ad917/?path=%2Fhome%2F.%2F..%2Fproc%2F..%2Flib64%2Fopen-vm-tools%2F..%2Fpython3.6%2F_compression.py HTTP/1.1" 200 2697 "-" "Mozilla/5.0 AppleWebKit/537.36 (KHTML, like Gecko; compatible; ClaudeBot/1.0; +claudebot@anthropic.com)"
3.142.245.16 - - [18/Apr/2025:10:04:40 -0400] "GET /ad917/?path=%2Fhome%2F.%2F.%2F..%2Fusr%2Flib64%2Fgirepository-1.0%2F..%2Fsecurity%2Fpam_usertype.so HTTP/1.1" 200 991 "-" "Mozilla/5.0 AppleWebKit/537.36 (KHTML, like Gecko; compatible; ClaudeBot/1.0; +claudebot@anthropic.com)"
3.142.245.16 - - [18/Apr/2025:10:04:43 -0400] "GET /ad917/?path=%2Fhome%2F.%2F..%2Fproc%2F..%2Flib64%2Fgstreamer-1.0%2F..%2Fpython3.6%2F_compression.py HTTP/1.1" 200 2694 "-" "Mozilla/5.0 AppleWebKit/537.36 (KHTML, like Gecko; compatible; ClaudeBot/1.0; +claudebot@anthropic.com)"
3.142.245.16 - - [18/Apr/2025:10:04:46 -0400] "GET /ad917/?path=%2Fhome%2F.%2F..%2Fproc%2F..%2Flib64%2Fopen-vm-tools%2F..%2Fpython3.6%2Fmodulefinder.py HTTP/1.1" 200 7340 "-" "Mozilla/5.0 AppleWebKit/537.36 (KHTML, like Gecko; compatible; ClaudeBot/1.0; +claudebot@anthropic.com)"
3.142.245.16 - - [18/Apr/2025:10:04:49 -0400] "GET /ad917/?path=%2Fhome%2F.%2F..%2Fproc%2F..%2Flib64%2Fgstreamer-1.0%2F..%2Fpython3.8%2Fmodulefinder.py HTTP/1.1" 200 7750 "-" "Mozilla/5.0 AppleWebKit/537.36 (KHTML, like Gecko; compatible; ClaudeBot/1.0; +claudebot@anthropic.com)"
40.77.167.150 - - [18/Apr/2025:10:04:51 -0400] "GET /items/cyrenian24568786.shtml HTTP/1.1" 301 0 "-" "Mozilla/5.0 AppleWebKit/537.36 (KHTML, like Gecko; compatible; bingbot/2.0; +http://www.bing.com/bingbot.htm) Chrome/116.0.1938.76 Safari/537.36"
3.142.245.16 - - [18/Apr/2025:10:04:52 -0400] "GET /ad917/?path=%2Fhome%2F.%2F..%2Fproc%2F..%2Flib64%2Fgstreamer-1.0%2F..%2Fpython3.8%2Fsocketserver.py HTTP/1.1" 200 8870 "-" "Mozilla/5.0 AppleWebKit/537.36 (KHTML, like Gecko; compatible; ClaudeBot/1.0; +claudebot@anthropic.com)"
3.142.245.16 - - [18/Apr/2025:10:04:55 -0400] "GET /ad917/?path=%2Fhome%2F.%2F..%2Fproc%2F..%2Flib64%2Fopen-vm-tools%2F..%2Fpython2.7%2F_osx_support.py HTTP/1.1" 200 7301 "-" "Mozilla/5.0 AppleWebKit/537.36 (KHTML, like Gecko; compatible; ClaudeBot/1.0; +claudebot@anthropic.com)"
52.167.144.174 - - [18/Apr/2025:10:04:55 -0400] "GET /product2621620.shtml HTTP/1.1" 301 0 "-" "Mozilla/5.0 AppleWebKit/537.36 (KHTML, like Gecko; compatible; bingbot/2.0; +http://www.bing.com/bingbot.htm) Chrome/116.0.1938.76 Safari/537.36"
3.142.245.16 - - [18/Apr/2025:10:04:58 -0400] "GET /ad917/?path=%2Fhome%2F.%2F..%2Fproc%2F..%2Flib64%2Fopen-vm-tools%2F..%2Fpython3.6%2Fconfigparser.py HTTP/1.1" 200 14068 "-" "Mozilla/5.0 AppleWebKit/537.36 (KHTML, like Gecko; compatible; ClaudeBot/1.0; +claudebot@anthropic.com)"
198.54.116.86 - - [18/Apr/2025:10:05:04 -0400] "POST /wp-cron.php?doing_wp_cron=1744985104.3542358875274658203125 HTTP/1.1" 200 0 "-" "WordPress/6.8; https://servethepeopleinc.org"
52.167.144.203 - - [18/Apr/2025:10:05:04 -0400] "GET /detail91481318.shtml HTTP/1.1" 404 16940 "-" "Mozilla/5.0 AppleWebKit/537.36 (KHTML, like Gecko; compatible; bingbot/2.0; +http://www.bing.com/bingbot.htm) Chrome/116.0.1938.76 Safari/537.36"
198.54.116.86 - - [18/Apr/2025:10:05:25 -0400] "POST /wp-cron.php?doing_wp_cron=1744985125.6589379310607910156250 HTTP/1.1" 200 0 "-" "WordPress/6.8; https://servethepeopleinc.org"
40.77.167.47 - - [18/Apr/2025:10:05:25 -0400] "GET /detail/by/perspectography39835820.shtml HTTP/1.1" 301 0 "-" "Mozilla/5.0 AppleWebKit/537.36 (KHTML, like Gecko; compatible; bingbot/2.0; +http://www.bing.com/bingbot.htm) Chrome/116.0.1938.76 Safari/537.36"
198.54.116.86 - - [18/Apr/2025:10:05:25 -0400] "POST /wp-admin/admin-ajax.php?action=async_litespeed&nonce=PypAERX3E4AzUAP2KupDlZcu2nuAbQp7&litespeed_type=imgoptm HTTP/1.1" 200 21 "-" "WordPress/6.8; https://servethepeopleinc.org"
18.191.136.109 - - [18/Apr/2025:10:05:30 -0400] "GET /ad917/?path=%2Fhome%2Fservlmvm%2Fpublic_html%2F..%2Fwww%2Fa4389%2F..%2F597e1%2F..%2Fwp-admin%2Fnetwork HTTP/1.1" 200 2401 "-" "Mozilla/5.0 AppleWebKit/537.36 (KHTML, like Gecko; compatible; ClaudeBot/1.0; +claudebot@anthropic.com)"
18.191.136.109 - - [18/Apr/2025:10:05:33 -0400] "GET /ad917/?path=%2Fhome%2F.%2F..%2Fproc%2F..%2Flib64%2Fopen-vm-tools%2F..%2Fpython2.7%2FDocXMLRPCServer.py HTTP/1.1" 200 4312 "-" "Mozilla/5.0 AppleWebKit/537.36 (KHTML, like Gecko; compatible; ClaudeBot/1.0; +claudebot@anthropic.com)"
18.191.136.109 - - [18/Apr/2025:10:05:36 -0400] "GET /ad917/?path=%2Fhome%2F.%2F..%2Fproc%2F..%2Flib64%2Fgstreamer-1.0%2F..%2Fpkgconfig%2Fmit-krb5-gssapi.pc HTTP/1.1" 200 1121 "-" "Mozilla/5.0 AppleWebKit/537.36 (KHTML, like Gecko; compatible; ClaudeBot/1.0; +claudebot@anthropic.com)"
18.191.136.109 - - [18/Apr/2025:10:05:39 -0400] "GET /ad917/?path=%2Fhome%2F.%2F..%2Fproc%2F..%2Flib64%2Fopen-vm-tools%2F..%2Fpython2.7%2FBaseHTTPServer.pyo HTTP/1.1" 200 1002 "-" "Mozilla/5.0 AppleWebKit/537.36 (KHTML, like Gecko; compatible; ClaudeBot/1.0; +claudebot@anthropic.com)"
18.191.136.109 - - [18/Apr/2025:10:05:42 -0400] "GET /ad917/?path=%2Fhome%2F.%2F..%2Fproc%2F..%2Flib64%2Fopen-vm-tools%2F..%2Fpython2.7%2Fdummy_threading.py HTTP/1.1" 200 1806 "-" "Mozilla/5.0 AppleWebKit/537.36 (KHTML, like Gecko; compatible; ClaudeBot/1.0; +claudebot@anthropic.com)"
18.191.136.109 - - [18/Apr/2025:10:05:45 -0400] "GET /ad917/?path=%2Fhome%2F.%2F..%2Fproc%2F..%2Flib64%2Fopen-vm-tools%2F..%2Fpython2.7%2F__phello__.foo.pyc HTTP/1.1" 200 1003 "-" "Mozilla/5.0 AppleWebKit/537.36 (KHTML, like Gecko; compatible; ClaudeBot/1.0; +claudebot@anthropic.com)"
40.77.167.13 - - [18/Apr/2025:10:05:45 -0400] "GET /detail/womanize85164118.shtml HTTP/1.1" 301 0 "-" "Mozilla/5.0 AppleWebKit/537.36 (KHTML, like Gecko; compatible; bingbot/2.0; +http://www.bing.com/bingbot.htm) Chrome/116.0.1938.76 Safari/537.36"
52.167.144.171 - - [18/Apr/2025:10:05:46 -0400] "GET /shopbrand/intercentrum22054432.shtml HTTP/1.1" 404 16941 "-" "Mozilla/5.0 AppleWebKit/537.36 (KHTML, like Gecko; compatible; bingbot/2.0; +http://www.bing.com/bingbot.htm) Chrome/116.0.1938.76 Safari/537.36"
18.191.136.109 - - [18/Apr/2025:10:05:48 -0400] "GET /ad917/?path=%2Fhome%2F.%2F..%2Fproc%2F..%2Flib64%2Fopen-vm-tools%2F..%2Fpython2.7%2F_sysconfigdata.pyc HTTP/1.1" 200 1002 "-" "Mozilla/5.0 AppleWebKit/537.36 (KHTML, like Gecko; compatible; ClaudeBot/1.0; +claudebot@anthropic.com)"
18.191.136.109 - - [18/Apr/2025:10:05:51 -0400] "GET /ad917/?path=%2Fhome%2F.%2F..%2Fproc%2F..%2Flib64%2Fopen-vm-tools%2F..%2Fpython2.7%2FBaseHTTPServer.pyc HTTP/1.1" 200 1002 "-" "Mozilla/5.0 AppleWebKit/537.36 (KHTML, like Gecko; compatible; ClaudeBot/1.0; +claudebot@anthropic.com)"
18.191.136.109 - - [18/Apr/2025:10:05:54 -0400] "GET /ad917/?path=%2Fhome%2F.%2F..%2Fproc%2F..%2Flib64%2Fopen-vm-tools%2F..%2Fpython2.7%2F_sysconfigdata.pyo HTTP/1.1" 200 1002 "-" "Mozilla/5.0 AppleWebKit/537.36 (KHTML, like Gecko; compatible; ClaudeBot/1.0; +claudebot@anthropic.com)"
18.191.136.109 - - [18/Apr/2025:10:05:57 -0400] "GET /ad917/?path=%2Fhome%2F.%2F..%2Fproc%2F..%2Flib64%2Fgstreamer-1.0%2F..%2Fpython3.8%2Fdummy_threading.py HTTP/1.1" 200 1812 "-" "Mozilla/5.0 AppleWebKit/537.36 (KHTML, like Gecko; compatible; ClaudeBot/1.0; +claudebot@anthropic.com)"
18.191.136.109 - - [18/Apr/2025:10:06:00 -0400] "GET /ad917/?path=%2Fhome%2F.%2F.%2F..%2Fusr%2Flib64%2Fgirepository-1.0%2F..%2Fsecurity%2Fpam_unix_passwd.so HTTP/1.1" 200 995 "-" "Mozilla/5.0 AppleWebKit/537.36 (KHTML, like Gecko; compatible; ClaudeBot/1.0; +claudebot@anthropic.com)"
198.54.116.86 - - [18/Apr/2025:10:06:03 -0400] "POST /wp-cron.php?doing_wp_cron=1744985163.0191860198974609375000 HTTP/1.1" 200 0 "-" "WordPress/6.8; https://servethepeopleinc.org"
40.77.167.47 - - [18/Apr/2025:10:06:02 -0400] "GET /entity/95365384.shtml HTTP/1.1" 301 0 "-" "Mozilla/5.0 AppleWebKit/537.36 (KHTML, like Gecko; compatible; bingbot/2.0; +http://www.bing.com/bingbot.htm) Chrome/116.0.1938.76 Safari/537.36"
18.191.136.109 - - [18/Apr/2025:10:06:03 -0400] "GET /ad917/?path=%2Fhome%2F.%2F..%2Fproc%2F..%2Flib64%2Fopen-vm-tools%2F..%2Fpython3.6%2Fdummy_threading.py HTTP/1.1" 200 1812 "-" "Mozilla/5.0 AppleWebKit/537.36 (KHTML, like Gecko; compatible; ClaudeBot/1.0; +claudebot@anthropic.com)"
52.167.144.171 - - [18/Apr/2025:10:06:03 -0400] "GET /item/horrendous/ HTTP/1.1" 404 16942 "-" "Mozilla/5.0 AppleWebKit/537.36 (KHTML, like Gecko; compatible; bingbot/2.0; +http://www.bing.com/bingbot.htm) Chrome/116.0.1938.76 Safari/537.36"
18.191.136.109 - - [18/Apr/2025:10:06:06 -0400] "GET /ad917/?path=%2Fhome%2F.%2F..%2Fproc%2F..%2Flib64%2Fopen-vm-tools%2F..%2Fpython2.7%2Fhtmlentitydefs.pyc HTTP/1.1" 200 999 "-" "Mozilla/5.0 AppleWebKit/537.36 (KHTML, like Gecko; compatible; ClaudeBot/1.0; +claudebot@anthropic.com)"
198.54.116.86 - - [18/Apr/2025:10:06:08 -0400] "POST /wp-cron.php?doing_wp_cron=1744985168.1501700878143310546875 HTTP/1.1" 200 0 "-" "WordPress/6.8; https://servethepeopleinc.org"
52.167.144.171 - - [18/Apr/2025:10:06:07 -0400] "GET /detail/shine47320774.shtml HTTP/1.1" 404 16944 "-" "Mozilla/5.0 AppleWebKit/537.36 (KHTML, like Gecko; compatible; bingbot/2.0; +http://www.bing.com/bingbot.htm) Chrome/116.0.1938.76 Safari/537.36"
198.54.116.86 - - [18/Apr/2025:10:06:08 -0400] "POST /wp-admin/admin-ajax.php?action=async_litespeed&nonce=TfS05A8CK2lSLzEJN4xFSj8ttrQ6vLT0&litespeed_type=imgoptm HTTP/1.1" 200 21 "-" "WordPress/6.8; https://servethepeopleinc.org"
18.191.136.109 - - [18/Apr/2025:10:06:09 -0400] "GET /ad917/?path=%2Fhome%2F.%2F..%2Fproc%2F..%2Flib64%2Fopen-vm-tools%2F..%2Fpython2.7%2F__phello__.foo.pyo HTTP/1.1" 200 1000 "-" "Mozilla/5.0 AppleWebKit/537.36 (KHTML, like Gecko; compatible; ClaudeBot/1.0; +claudebot@anthropic.com)"
18.191.136.109 - - [18/Apr/2025:10:06:12 -0400] "GET /ad917/?path=%2Fhome%2F.%2F..%2Fproc%2F..%2Flib64%2Fgstreamer-1.0%2F..%2Fpython3.6%2Fdummy_threading.py HTTP/1.1" 200 1812 "-" "Mozilla/5.0 AppleWebKit/537.36 (KHTML, like Gecko; compatible; ClaudeBot/1.0; +claudebot@anthropic.com)"
52.167.144.203 - - [18/Apr/2025:10:06:13 -0400] "GET /detail5277364.shtml HTTP/1.1" 404 16941 "-" "Mozilla/5.0 AppleWebKit/537.36 (KHTML, like Gecko; compatible; bingbot/2.0; +http://www.bing.com/bingbot.htm) Chrome/116.0.1938.76 Safari/537.36"
18.191.136.109 - - [18/Apr/2025:10:06:15 -0400] "GET /ad917/?path=%2Fhome%2F.%2F..%2Fproc%2F..%2Flib64%2Fgstreamer-1.0%2F..%2Fpkgconfig%2Fea-apr16-util-1.pc HTTP/1.1" 200 1237 "-" "Mozilla/5.0 AppleWebKit/537.36 (KHTML, like Gecko; compatible; ClaudeBot/1.0; +claudebot@anthropic.com)"
18.191.136.109 - - [18/Apr/2025:10:06:18 -0400] "GET /ad917/?path=%2Fhome%2F.%2F..%2Fproc%2F..%2Flib64%2Fopen-vm-tools%2F..%2Fpython2.7%2Fhtmlentitydefs.pyo HTTP/1.1" 200 1000 "-" "Mozilla/5.0 AppleWebKit/537.36 (KHTML, like Gecko; compatible; ClaudeBot/1.0; +claudebot@anthropic.com)"
18.191.136.109 - - [18/Apr/2025:10:06:21 -0400] "GET /ad917/?path=%2Fhome%2F.%2F..%2Fproc%2F..%2Flib64%2Fopen-vm-tools%2F..%2Faspell-0.60%2Fiso-8859-11.cmap HTTP/1.1" 200 6166 "-" "Mozilla/5.0 AppleWebKit/537.36 (KHTML, like Gecko; compatible; ClaudeBot/1.0; +claudebot@anthropic.com)"
40.77.167.150 - - [18/Apr/2025:10:06:22 -0400] "GET /items/polyatomic/29921514.shtml HTTP/1.1" 301 0 "-" "Mozilla/5.0 AppleWebKit/537.36 (KHTML, like Gecko; compatible; bingbot/2.0; +http://www.bing.com/bingbot.htm) Chrome/116.0.1938.76 Safari/537.36"
18.191.136.109 - - [18/Apr/2025:10:06:24 -0400] "GET /ad917/?path=%2Fhome%2F.%2F..%2Fproc%2F..%2Flib64%2Fopen-vm-tools%2F..%2Faspell-0.60%2Fiso-8859-14.cmap HTTP/1.1" 200 6608 "-" "Mozilla/5.0 AppleWebKit/537.36 (KHTML, like Gecko; compatible; ClaudeBot/1.0; +claudebot@anthropic.com)"
40.77.167.47 - - [18/Apr/2025:10:06:26 -0400] "GET /entity12751394.shtml HTTP/1.1" 301 0 "-" "Mozilla/5.0 AppleWebKit/537.36 (KHTML, like Gecko; compatible; bingbot/2.0; +http://www.bing.com/bingbot.htm) Chrome/116.0.1938.76 Safari/537.36"
18.191.136.109 - - [18/Apr/2025:10:06:27 -0400] "GET /ad917/?path=%2Fhome%2F.%2F..%2Fproc%2F..%2Flib64%2Fopen-vm-tools%2F..%2Faspell-0.60%2Fiso-8859-13.cset HTTP/1.1" 200 4374 "-" "Mozilla/5.0 AppleWebKit/537.36 (KHTML, like Gecko; compatible; ClaudeBot/1.0; +claudebot@anthropic.com)"
18.191.136.109 - - [18/Apr/2025:10:06:30 -0400] "GET /ad917/?path=%2Fhome%2F.%2F..%2Fproc%2F..%2Flib64%2Fgstreamer-1.0%2F..%2Fdsulib%2Flibdsmsignverifier.so HTTP/1.1" 200 995 "-" "Mozilla/5.0 AppleWebKit/537.36 (KHTML, like Gecko; compatible; ClaudeBot/1.0; +claudebot@anthropic.com)"
18.191.136.109 - - [18/Apr/2025:10:06:33 -0400] "GET /ad917/?path=%2Fhome%2F.%2F..%2Fproc%2F..%2Flib64%2Fopen-vm-tools%2F..%2Faspell-0.60%2Fiso-8859-16.cset HTTP/1.1" 200 4251 "-" "Mozilla/5.0 AppleWebKit/537.36 (KHTML, like Gecko; compatible; ClaudeBot/1.0; +claudebot@anthropic.com)"
18.191.136.109 - - [18/Apr/2025:10:06:36 -0400] "GET /ad917/?path=%2Fhome%2F.%2F..%2Fproc%2F..%2Flib64%2Fopen-vm-tools%2F..%2Faspell-0.60%2Fsgml-filter.info HTTP/1.1" 200 1234 "-" "Mozilla/5.0 AppleWebKit/537.36 (KHTML, like Gecko; compatible; ClaudeBot/1.0; +claudebot@anthropic.com)"
