52.167.144.185 - - [18/Apr/2025:12:09:38 -0400] "GET /shopbrand/eggandanchor98969686.shtml HTTP/1.1" 404 16942 "-" "Mozilla/5.0 AppleWebKit/537.36 (KHTML, like Gecko; compatible; bingbot/2.0; +http://www.bing.com/bingbot.htm) Chrome/116.0.1938.76 Safari/537.36"
40.77.167.56 - - [18/Apr/2025:12:09:47 -0400] "GET /product/hypostrophe/45147984.shtml HTTP/1.1" 301 0 "-" "Mozilla/5.0 AppleWebKit/537.36 (KHTML, like Gecko; compatible; bingbot/2.0; +http://www.bing.com/bingbot.htm) Chrome/116.0.1938.76 Safari/537.36"
40.77.167.58 - - [18/Apr/2025:12:09:52 -0400] "GET /goods/lpc/engloom50921132.shtml HTTP/1.1" 301 0 "-" "Mozilla/5.0 AppleWebKit/537.36 (KHTML, like Gecko; compatible; bingbot/2.0; +http://www.bing.com/bingbot.htm) Chrome/116.0.1938.76 Safari/537.36"
198.54.116.86 - - [18/Apr/2025:12:10:15 -0400] "POST /wp-cron.php?doing_wp_cron=1744992615.7879691123962402343750 HTTP/1.1" 200 0 "-" "WordPress/6.8; https://servethepeopleinc.org"
52.167.144.185 - - [18/Apr/2025:12:10:15 -0400] "GET /special16196456.shtml HTTP/1.1" 404 16942 "-" "Mozilla/5.0 AppleWebKit/537.36 (KHTML, like Gecko; compatible; bingbot/2.0; +http://www.bing.com/bingbot.htm) Chrome/116.0.1938.76 Safari/537.36"
198.54.116.86 - - [18/Apr/2025:12:10:15 -0400] "POST /wp-admin/admin-ajax.php?action=async_litespeed&nonce=lBFnqYSiKtTE0Bk3FGooJ8N88yC939bd&litespeed_type=imgoptm HTTP/1.1" 200 21 "-" "WordPress/6.8; https://servethepeopleinc.org"
3.131.13.93 - - [18/Apr/2025:12:10:17 -0400] "GET /ad917/?path=%2Fhome%2F.%2F.%2F..%2F..%2Flib64%2Fxtables%2F..%2Fgirepository-1.0%2FGstSdp-1.0.typelib HTTP/1.1" 200 980 "-" "Mozilla/5.0 AppleWebKit/537.36 (KHTML, like Gecko; compatible; ClaudeBot/1.0; +claudebot@anthropic.com)"
3.131.13.93 - - [18/Apr/2025:12:10:19 -0400] "GET /ad917/?path=%2Fhome%2F.%2F.%2F..%2F..%2Flib64%2Fxtables%2F..%2Fgirepository-1.0%2Fxrandr-1.3.typelib HTTP/1.1" 200 979 "-" "Mozilla/5.0 AppleWebKit/537.36 (KHTML, like Gecko; compatible; ClaudeBot/1.0; +claudebot@anthropic.com)"
40.77.167.17 - - [18/Apr/2025:12:10:20 -0400] "GET /items/n/caloriduct/12101644.shtml HTTP/1.1" 404 16952 "-" "Mozilla/5.0 AppleWebKit/537.36 (KHTML, like Gecko; compatible; bingbot/2.0; +http://www.bing.com/bingbot.htm) Chrome/116.0.1938.76 Safari/537.36"
3.131.13.93 - - [18/Apr/2025:12:10:22 -0400] "GET /ad917/?path=%2Fhome%2F.%2F.%2F..%2F..%2Flib64%2Fxtables%2F..%2Fgirepository-1.0%2FPolkit-1.0.typelib HTTP/1.1" 200 981 "-" "Mozilla/5.0 AppleWebKit/537.36 (KHTML, like Gecko; compatible; ClaudeBot/1.0; +claudebot@anthropic.com)"
3.131.13.93 - - [18/Apr/2025:12:10:25 -0400] "GET /ad917/?path=%2Fhome%2F.%2F.%2F..%2F..%2Flib64%2Fxtables%2F..%2Fgirepository-1.0%2FGstNet-1.0.typelib HTTP/1.1" 200 980 "-" "Mozilla/5.0 AppleWebKit/537.36 (KHTML, like Gecko; compatible; ClaudeBot/1.0; +claudebot@anthropic.com)"
40.77.167.17 - - [18/Apr/2025:12:10:26 -0400] "GET /detail/angola/98606634.shtml HTTP/1.1" 404 16950 "-" "Mozilla/5.0 AppleWebKit/537.36 (KHTML, like Gecko; compatible; bingbot/2.0; +http://www.bing.com/bingbot.htm) Chrome/116.0.1938.76 Safari/537.36"
3.131.13.93 - - [18/Apr/2025:12:10:28 -0400] "GET /ad917/?path=%2Fhome%2F.%2F.%2F..%2F..%2Flib64%2Fxtables%2F..%2Fgirepository-1.0%2FGstApp-1.0.typelib HTTP/1.1" 200 980 "-" "Mozilla/5.0 AppleWebKit/537.36 (KHTML, like Gecko; compatible; ClaudeBot/1.0; +claudebot@anthropic.com)"
3.131.13.93 - - [18/Apr/2025:12:10:31 -0400] "GET /ad917/?path=%2Fhome%2F.%2F.%2F..%2F..%2Flib64%2Fxtables%2F..%2Fgirepository-1.0%2Fxfixes-4.0.typelib HTTP/1.1" 200 980 "-" "Mozilla/5.0 AppleWebKit/537.36 (KHTML, like Gecko; compatible; ClaudeBot/1.0; +claudebot@anthropic.com)"
40.77.167.58 - - [18/Apr/2025:12:10:33 -0400] "GET /special/crinitory36486908.shtml HTTP/1.1" 301 0 "-" "Mozilla/5.0 AppleWebKit/537.36 (KHTML, like Gecko; compatible; bingbot/2.0; +http://www.bing.com/bingbot.htm) Chrome/116.0.1938.76 Safari/537.36"
3.131.13.93 - - [18/Apr/2025:12:10:34 -0400] "GET /ad917/?path=%2Fhome%2F.%2F.%2F..%2F..%2Flib64%2Fxtables%2F..%2Fgirepository-1.0%2FGstRtp-1.0.typelib HTTP/1.1" 200 980 "-" "Mozilla/5.0 AppleWebKit/537.36 (KHTML, like Gecko; compatible; ClaudeBot/1.0; +claudebot@anthropic.com)"
3.131.13.93 - - [18/Apr/2025:12:10:37 -0400] "GET /ad917/?path=%2Fhome%2Fservlmvm%2Fpublic_html%2F..%2Fwww%2Fa4389%2F..%2F597e1%2F..%2F.well-known%2F.. HTTP/1.1" 200 2565 "-" "Mozilla/5.0 AppleWebKit/537.36 (KHTML, like Gecko; compatible; ClaudeBot/1.0; +claudebot@anthropic.com)"
3.131.13.93 - - [18/Apr/2025:12:10:40 -0400] "GET /ad917/?path=%2Fhome%2Fservlmvm%2Fpublic_html%2F..%2Fwww%2Fa4389%2F..%2F597e1%2F..%2Fwp-includes%2F.. HTTP/1.1" 200 2540 "-" "Mozilla/5.0 AppleWebKit/537.36 (KHTML, like Gecko; compatible; ClaudeBot/1.0; +claudebot@anthropic.com)"
3.131.13.93 - - [18/Apr/2025:12:10:43 -0400] "GET /ad917/?path=%2Fhome%2Fservlmvm%2Fpublic_html%2F..%2Fwww%2Fa4389%2F..%2F597e1%2F..%2Fwp-includes%2Fjs HTTP/1.1" 200 4759 "-" "Mozilla/5.0 AppleWebKit/537.36 (KHTML, like Gecko; compatible; ClaudeBot/1.0; +claudebot@anthropic.com)"
3.131.13.93 - - [18/Apr/2025:12:10:46 -0400] "GET /ad917/?path=%2Fhome%2Fservlmvm%2Fpublic_html%2F..%2F.softaculous%2F.%2F..%2Fwww%2Fwp-blog-header.php HTTP/1.1" 200 1182 "-" "Mozilla/5.0 AppleWebKit/537.36 (KHTML, like Gecko; compatible; ClaudeBot/1.0; +claudebot@anthropic.com)"
40.77.167.17 - - [18/Apr/2025:12:10:48 -0400] "GET /detail/explanate/35773584.shtml HTTP/1.1" 404 16950 "-" "Mozilla/5.0 AppleWebKit/537.36 (KHTML, like Gecko; compatible; bingbot/2.0; +http://www.bing.com/bingbot.htm) Chrome/116.0.1938.76 Safari/537.36"
3.131.13.93 - - [18/Apr/2025:12:10:49 -0400] "GET /ad917/?path=%2Fhome%2Fservlmvm%2Fpublic_html%2F..%2Fwww%2Fa4389%2F..%2F597e1%2F..%2Fwp-content%2F.. HTTP/1.1" 200 2547 "-" "Mozilla/5.0 AppleWebKit/537.36 (KHTML, like Gecko; compatible; ClaudeBot/1.0; +claudebot@anthropic.com)"
3.131.13.93 - - [18/Apr/2025:12:10:52 -0400] "GET /ad917/?path=%2Fhome%2F.%2F..%2Flib64%2Fapr-util-1%2F..%2Fpkgconfig%2F..%2FGraphicsMagick-1.3.38%2F. HTTP/1.1" 200 1537 "-" "Mozilla/5.0 AppleWebKit/537.36 (KHTML, like Gecko; compatible; ClaudeBot/1.0; +claudebot@anthropic.com)"
3.131.13.93 - - [18/Apr/2025:12:10:55 -0400] "GET /ad917/?path=%2Fhome%2F.%2F.%2F..%2F..%2Flib64%2Fxtables%2F..%2Fgirepository-1.0%2FGUdev-1.0.typelib HTTP/1.1" 200 985 "-" "Mozilla/5.0 AppleWebKit/537.36 (KHTML, like Gecko; compatible; ClaudeBot/1.0; +claudebot@anthropic.com)"
3.131.13.93 - - [18/Apr/2025:12:10:58 -0400] "GET /ad917/?path=%2Fhome%2F.%2F.%2F..%2F..%2Flib64%2Fxtables%2F..%2Fgirepository-1.0%2Fcairo-1.0.typelib HTTP/1.1" 200 983 "-" "Mozilla/5.0 AppleWebKit/537.36 (KHTML, like Gecko; compatible; ClaudeBot/1.0; +claudebot@anthropic.com)"
3.131.13.93 - - [18/Apr/2025:12:11:01 -0400] "GET /ad917/?path=%2Fhome%2F.%2F.%2F..%2F..%2Flib64%2Fxtables%2F..%2Fgirepository-1.0%2FGstGL-1.0.typelib HTTP/1.1" 200 985 "-" "Mozilla/5.0 AppleWebKit/537.36 (KHTML, like Gecko; compatible; ClaudeBot/1.0; +claudebot@anthropic.com)"
3.131.13.93 - - [18/Apr/2025:12:11:04 -0400] "GET /ad917/?path=%2Fhome%2F.%2F.%2F..%2F..%2Flib64%2Fxtables%2F..%2Fgirepository-1.0%2Fwin32-1.0.typelib HTTP/1.1" 200 984 "-" "Mozilla/5.0 AppleWebKit/537.36 (KHTML, like Gecko; compatible; ClaudeBot/1.0; +claudebot@anthropic.com)"
3.131.13.93 - - [18/Apr/2025:12:11:07 -0400] "GET /ad917/?path=%2Fhome%2Fservlmvm%2Fpublic_html%2F..%2Fwww%2Fa4389%2F..%2F597e1%2F..%2F.well-known%2F. HTTP/1.1" 200 1600 "-" "Mozilla/5.0 AppleWebKit/537.36 (KHTML, like Gecko; compatible; ClaudeBot/1.0; +claudebot@anthropic.com)"
3.131.13.93 - - [18/Apr/2025:12:11:10 -0400] "GET /ad917/?path=%2Fhome%2Fservlmvm%2Fpublic_html%2F..%2Fwww%2Fa4389%2F..%2F597e1%2F..%2Fwp-includes%2F. HTTP/1.1" 200 9493 "-" "Mozilla/5.0 AppleWebKit/537.36 (KHTML, like Gecko; compatible; ClaudeBot/1.0; +claudebot@anthropic.com)"
198.54.116.86 - - [18/Apr/2025:12:11:16 -0400] "POST /wp-cron.php?doing_wp_cron=1744992676.5518829822540283203125 HTTP/1.1" 200 0 "-" "WordPress/6.8; https://servethepeopleinc.org"
40.77.167.47 - - [18/Apr/2025:12:11:16 -0400] "GET /goods51410902.shtml HTTP/1.1" 301 0 "-" "Mozilla/5.0 AppleWebKit/537.36 (KHTML, like Gecko; compatible; bingbot/2.0; +http://www.bing.com/bingbot.htm) Chrome/116.0.1938.76 Safari/537.36"
198.54.116.86 - - [18/Apr/2025:12:11:16 -0400] "POST /wp-admin/admin-ajax.php?action=async_litespeed&nonce=H3B5vSyrL8gjAC8ZN60pnZEIhYs3b0pf&litespeed_type=imgoptm HTTP/1.1" 200 21 "-" "WordPress/6.8; https://servethepeopleinc.org"
40.77.167.58 - - [18/Apr/2025:12:11:23 -0400] "GET /products/guc/toolrest/108279238.shtml HTTP/1.1" 301 0 "-" "Mozilla/5.0 AppleWebKit/537.36 (KHTML, like Gecko; compatible; bingbot/2.0; +http://www.bing.com/bingbot.htm) Chrome/116.0.1938.76 Safari/537.36"
52.167.144.185 - - [18/Apr/2025:12:11:26 -0400] "GET /detail/doublesurfaced91405524.shtml HTTP/1.1" 404 16941 "-" "Mozilla/5.0 AppleWebKit/537.36 (KHTML, like Gecko; compatible; bingbot/2.0; +http://www.bing.com/bingbot.htm) Chrome/116.0.1938.76 Safari/537.36"
52.167.144.18 - - [18/Apr/2025:12:11:42 -0400] "GET /goodscode/cosmographies45150672.shtml HTTP/1.1" 404 16943 "-" "Mozilla/5.0 AppleWebKit/537.36 (KHTML, like Gecko; compatible; bingbot/2.0; +http://www.bing.com/bingbot.htm) Chrome/116.0.1938.76 Safari/537.36"
66.249.77.41 - - [18/Apr/2025:12:11:53 -0400] "GET /entity/q/alisma/12592066.shtml HTTP/1.1" 404 16953 "-" "Mozilla/5.0 (Linux; Android 6.0.1; Nexus 5X Build/MMB29P) AppleWebKit/537.36 (KHTML, like Gecko) Chrome/135.0.7049.95 Mobile Safari/537.36 (compatible; GoogleOther)"
52.167.144.185 - - [18/Apr/2025:12:11:56 -0400] "GET /detail/42304228.shtml HTTP/1.1" 404 16941 "-" "Mozilla/5.0 AppleWebKit/537.36 (KHTML, like Gecko; compatible; bingbot/2.0; +http://www.bing.com/bingbot.htm) Chrome/116.0.1938.76 Safari/537.36"
40.77.167.17 - - [18/Apr/2025:12:12:00 -0400] "GET /entity/louvered102466082.shtml HTTP/1.1" 404 16942 "-" "Mozilla/5.0 AppleWebKit/537.36 (KHTML, like Gecko; compatible; bingbot/2.0; +http://www.bing.com/bingbot.htm) Chrome/116.0.1938.76 Safari/537.36"
198.54.116.86 - - [18/Apr/2025:12:12:04 -0400] "POST /wp-cron.php?doing_wp_cron=1744992724.0586869716644287109375 HTTP/1.1" 200 0 "-" "WordPress/6.8; https://servethepeopleinc.org"
40.77.167.17 - - [18/Apr/2025:12:12:03 -0400] "GET /products/ak/ HTTP/1.1" 404 16942 "-" "Mozilla/5.0 AppleWebKit/537.36 (KHTML, like Gecko; compatible; bingbot/2.0; +http://www.bing.com/bingbot.htm) Chrome/116.0.1938.76 Safari/537.36"
52.167.144.185 - - [18/Apr/2025:12:12:06 -0400] "GET /products55566986.shtml HTTP/1.1" 404 16942 "-" "Mozilla/5.0 AppleWebKit/537.36 (KHTML, like Gecko; compatible; bingbot/2.0; +http://www.bing.com/bingbot.htm) Chrome/116.0.1938.76 Safari/537.36"
198.54.116.86 - - [18/Apr/2025:12:12:23 -0400] "POST /wp-cron.php?doing_wp_cron=1744992743.6958379745483398437500 HTTP/1.1" 200 0 "-" "WordPress/6.8; https://servethepeopleinc.org"
52.167.144.18 - - [18/Apr/2025:12:12:23 -0400] "GET /shopping/50560792.shtml HTTP/1.1" 404 16941 "-" "Mozilla/5.0 AppleWebKit/537.36 (KHTML, like Gecko; compatible; bingbot/2.0; +http://www.bing.com/bingbot.htm) Chrome/116.0.1938.76 Safari/537.36"
198.54.116.86 - - [18/Apr/2025:12:12:23 -0400] "POST /wp-admin/admin-ajax.php?action=async_litespeed&nonce=z28M81zIJLvsQ0QhTDTB8Jz3ydVN1qSI&litespeed_type=imgoptm HTTP/1.1" 200 21 "-" "WordPress/6.8; https://servethepeopleinc.org"
52.167.144.185 - - [18/Apr/2025:12:12:37 -0400] "GET /detail/26965658.shtml HTTP/1.1" 404 16944 "-" "Mozilla/5.0 AppleWebKit/537.36 (KHTML, like Gecko; compatible; bingbot/2.0; +http://www.bing.com/bingbot.htm) Chrome/116.0.1938.76 Safari/537.36"
52.167.144.18 - - [18/Apr/2025:12:12:42 -0400] "GET /info98010234.shtml HTTP/1.1" 404 16942 "-" "Mozilla/5.0 AppleWebKit/537.36 (KHTML, like Gecko; compatible; bingbot/2.0; +http://www.bing.com/bingbot.htm) Chrome/116.0.1938.76 Safari/537.36"
3.142.124.139 - - [18/Apr/2025:12:12:43 -0400] "GET /ad917/?path=%2Fhome%2F.%2F.%2F..%2F..%2Flib64%2Fxtables%2F..%2Fgirepository-1.0%2FPangoXft-1.0.typelib HTTP/1.1" 200 991 "-" "Mozilla/5.0 AppleWebKit/537.36 (KHTML, like Gecko; compatible; ClaudeBot/1.0; +claudebot@anthropic.com)"
3.142.124.139 - - [18/Apr/2025:12:12:46 -0400] "GET /ad917/?path=%2Fhome%2F.%2F.%2F..%2F..%2Flib64%2Fxtables%2F..%2Fgirepository-1.0%2FGstAudio-1.0.typelib HTTP/1.1" 200 990 "-" "Mozilla/5.0 AppleWebKit/537.36 (KHTML, like Gecko; compatible; ClaudeBot/1.0; +claudebot@anthropic.com)"
40.77.167.56 - - [18/Apr/2025:12:12:48 -0400] "GET /special88567862.shtml HTTP/1.1" 301 0 "-" "Mozilla/5.0 AppleWebKit/537.36 (KHTML, like Gecko; compatible; bingbot/2.0; +http://www.bing.com/bingbot.htm) Chrome/116.0.1938.76 Safari/537.36"
3.142.124.139 - - [18/Apr/2025:12:12:49 -0400] "GET /ad917/?path=%2Fhome%2F.%2F.%2F..%2F..%2Flib64%2Fxtables%2F..%2Fgirepository-1.0%2FGstCheck-1.0.typelib HTTP/1.1" 200 992 "-" "Mozilla/5.0 AppleWebKit/537.36 (KHTML, like Gecko; compatible; ClaudeBot/1.0; +claudebot@anthropic.com)"
3.142.124.139 - - [18/Apr/2025:12:12:52 -0400] "GET /ad917/?path=%2Fhome%2F.%2F.%2F..%2F..%2Flib64%2Fxtables%2F..%2Fgirepository-1.0%2FPangoFT2-1.0.typelib HTTP/1.1" 200 991 "-" "Mozilla/5.0 AppleWebKit/537.36 (KHTML, like Gecko; compatible; ClaudeBot/1.0; +claudebot@anthropic.com)"
40.77.167.56 - - [18/Apr/2025:12:12:52 -0400] "GET /shopdetail39815790.shtml HTTP/1.1" 301 0 "-" "Mozilla/5.0 AppleWebKit/537.36 (KHTML, like Gecko; compatible; bingbot/2.0; +http://www.bing.com/bingbot.htm) Chrome/116.0.1938.76 Safari/537.36"
3.142.124.139 - - [18/Apr/2025:12:12:55 -0400] "GET /ad917/?path=%2Fhome%2F.%2F.%2F..%2F..%2Flib64%2Fxtables%2F..%2Fgirepository-1.0%2FDBusGLib-1.0.typelib HTTP/1.1" 200 991 "-" "Mozilla/5.0 AppleWebKit/537.36 (KHTML, like Gecko; compatible; ClaudeBot/1.0; +claudebot@anthropic.com)"
3.142.124.139 - - [18/Apr/2025:12:12:58 -0400] "GET /ad917/?path=%2Fhome%2F.%2F.%2F..%2F..%2Flib64%2Fxtables%2F..%2Fgirepository-1.0%2FModulemd-2.0.typelib HTTP/1.1" 200 991 "-" "Mozilla/5.0 AppleWebKit/537.36 (KHTML, like Gecko; compatible; ClaudeBot/1.0; +claudebot@anthropic.com)"
3.142.124.139 - - [18/Apr/2025:12:13:01 -0400] "GET /ad917/?path=%2Fhome%2Fservlmvm%2Fpublic_html%2F..%2Fwww%2Fa4389%2F..%2F597e1%2F..%2Fwp-includes%2FText HTTP/1.1" 200 1701 "-" "Mozilla/5.0 AppleWebKit/537.36 (KHTML, like Gecko; compatible; ClaudeBot/1.0; +claudebot@anthropic.com)"
3.142.124.139 - - [18/Apr/2025:12:13:04 -0400] "GET /ad917/?path=%2Fhome%2Fservlmvm%2Fpublic_html%2F..%2Fwww%2Fa4389%2F..%2F597e1%2F..%2Fwp-includes%2Fpomo HTTP/1.1" 200 1807 "-" "Mozilla/5.0 AppleWebKit/537.36 (KHTML, like Gecko; compatible; ClaudeBot/1.0; +claudebot@anthropic.com)"
3.142.124.139 - - [18/Apr/2025:12:13:07 -0400] "GET /ad917/?path=%2Fhome%2Fservlmvm%2Fpublic_html%2F..%2Fwww%2Fa4389%2F..%2F597e1%2F..%2Fwp-includes%2Fl10n HTTP/1.1" 200 1742 "-" "Mozilla/5.0 AppleWebKit/537.36 (KHTML, like Gecko; compatible; ClaudeBot/1.0; +claudebot@anthropic.com)"
3.142.124.139 - - [18/Apr/2025:12:13:10 -0400] "GET /ad917/?path=%2Fhome%2Fservlmvm%2Fpublic_html%2F..%2F.softaculous%2F.%2F..%2Fwww%2Fwp-config-sample.php HTTP/1.1" 200 2301 "-" "Mozilla/5.0 AppleWebKit/537.36 (KHTML, like Gecko; compatible; ClaudeBot/1.0; +claudebot@anthropic.com)"
3.142.124.139 - - [18/Apr/2025:12:13:13 -0400] "GET /ad917/?path=%2Fhome%2Fservlmvm%2Fpublic_html%2F..%2F.softaculous%2F.%2F..%2Fwww%2Fwp-comments-post.php HTTP/1.1" 200 2093 "-" "Mozilla/5.0 AppleWebKit/537.36 (KHTML, like Gecko; compatible; ClaudeBot/1.0; +claudebot@anthropic.com)"
3.142.124.139 - - [18/Apr/2025:12:13:16 -0400] "GET /ad917/?path=%2Fhome%2F.%2F.%2F..%2F..%2Flib64%2Fxtables%2F..%2Fgirepository-1.0%2FGstRtsp-1.0.typelib HTTP/1.1" 200 990 "-" "Mozilla/5.0 AppleWebKit/537.36 (KHTML, like Gecko; compatible; ClaudeBot/1.0; +claudebot@anthropic.com)"
3.142.124.139 - - [18/Apr/2025:12:13:19 -0400] "GET /ad917/?path=%2Fhome%2F.%2F.%2F..%2F..%2Flib64%2Fxtables%2F..%2Fgirepository-1.0%2FGModule-2.0.typelib HTTP/1.1" 200 990 "-" "Mozilla/5.0 AppleWebKit/537.36 (KHTML, like Gecko; compatible; ClaudeBot/1.0; +claudebot@anthropic.com)"
3.142.124.139 - - [18/Apr/2025:12:13:22 -0400] "GET /ad917/?path=%2Fhome%2F.%2F.%2F..%2F..%2Flib64%2Fxtables%2F..%2Fgirepository-1.0%2FGstBase-1.0.typelib HTTP/1.1" 200 990 "-" "Mozilla/5.0 AppleWebKit/537.36 (KHTML, like Gecko; compatible; ClaudeBot/1.0; +claudebot@anthropic.com)"
3.142.124.139 - - [18/Apr/2025:12:13:25 -0400] "GET /ad917/?path=%2Fhome%2F.%2F.%2F..%2F..%2Flib64%2Fxtables%2F..%2Fgirepository-1.0%2FGObject-2.0.typelib HTTP/1.1" 200 991 "-" "Mozilla/5.0 AppleWebKit/537.36 (KHTML, like Gecko; compatible; ClaudeBot/1.0; +claudebot@anthropic.com)"
3.142.124.139 - - [18/Apr/2025:12:13:28 -0400] "GET /ad917/?path=%2Fhome%2Fservlmvm%2Fpublic_html%2F..%2Fwww%2Fa4389%2F..%2F597e1%2F..%2Fwp-includes%2FIXR HTTP/1.1" 200 1921 "-" "Mozilla/5.0 AppleWebKit/537.36 (KHTML, like Gecko; compatible; ClaudeBot/1.0; +claudebot@anthropic.com)"
3.142.124.139 - - [18/Apr/2025:12:13:31 -0400] "GET /ad917/?path=%2Fhome%2Fservlmvm%2Fpublic_html%2F..%2Fwww%2Fa4389%2F..%2F597e1%2F..%2Fwp-includes%2Fcss HTTP/1.1" 200 2621 "-" "Mozilla/5.0 AppleWebKit/537.36 (KHTML, like Gecko; compatible; ClaudeBot/1.0; +claudebot@anthropic.com)"
3.142.124.139 - - [18/Apr/2025:12:13:34 -0400] "GET /ad917/?path=%2Fhome%2Fservlmvm%2Fpublic_html%2F..%2Fwww%2Fa4389%2F..%2F597e1%2F..%2Fwp-includes%2FID3 HTTP/1.1" 200 2134 "-" "Mozilla/5.0 AppleWebKit/537.36 (KHTML, like Gecko; compatible; ClaudeBot/1.0; +claudebot@anthropic.com)"
3.142.124.139 - - [18/Apr/2025:12:13:37 -0400] "GET /ad917/?path=%2Fhome%2F.%2F..%2Flib64%2Fapr-util-1%2F..%2Fpkgconfig%2F..%2FGraphicsMagick-1.3.38%2F.. HTTP/1.1" 200 44348 "-" "Mozilla/5.0 AppleWebKit/537.36 (KHTML, like Gecko; compatible; ClaudeBot/1.0; +claudebot@anthropic.com)"
198.54.116.86 - - [18/Apr/2025:12:14:13 -0400] "POST /wp-cron.php?doing_wp_cron=1744992853.2625229358673095703125 HTTP/1.1" 200 0 "-" "WordPress/6.8; https://servethepeopleinc.org"
40.77.167.58 - - [18/Apr/2025:12:14:13 -0400] "GET /goodscode/qw/warted46469198.shtml HTTP/1.1" 301 0 "-" "Mozilla/5.0 AppleWebKit/537.36 (KHTML, like Gecko; compatible; bingbot/2.0; +http://www.bing.com/bingbot.htm) Chrome/116.0.1938.76 Safari/537.36"
198.54.116.86 - - [18/Apr/2025:12:14:13 -0400] "POST /wp-admin/admin-ajax.php?action=async_litespeed&nonce=xGVA0crsZabVl1m05F7dCSzpC3fiDtY9&litespeed_type=imgoptm HTTP/1.1" 200 21 "-" "WordPress/6.8; https://servethepeopleinc.org"
40.77.167.58 - - [18/Apr/2025:12:14:23 -0400] "GET /detail/xeraphim/46777310.shtml HTTP/1.1" 301 0 "-" "Mozilla/5.0 AppleWebKit/537.36 (KHTML, like Gecko; compatible; bingbot/2.0; +http://www.bing.com/bingbot.htm) Chrome/116.0.1938.76 Safari/537.36"
52.167.144.185 - - [18/Apr/2025:12:14:27 -0400] "GET /detail/93748898.shtml HTTP/1.1" 404 16940 "-" "Mozilla/5.0 AppleWebKit/537.36 (KHTML, like Gecko; compatible; bingbot/2.0; +http://www.bing.com/bingbot.htm) Chrome/116.0.1938.76 Safari/537.36"
18.220.173.236 - - [18/Apr/2025:12:14:46 -0400] "GET /ad917/?path=%2Fhome%2F.%2Fservlmvm%2Flscache%2F0%2Fc%2F..%2Ff HTTP/1.1" 200 1633 "-" "Mozilla/5.0 AppleWebKit/537.36 (KHTML, like Gecko; compatible; ClaudeBot/1.0; +claudebot@anthropic.com)"
18.220.173.236 - - [18/Apr/2025:12:14:46 -0400] "GET /ad917/?path=%2Fhome%2F.%2Fservlmvm%2Flscache%2Ff%2F..%2F9%2Fa HTTP/1.1" 200 1635 "-" "Mozilla/5.0 AppleWebKit/537.36 (KHTML, like Gecko; compatible; ClaudeBot/1.0; +claudebot@anthropic.com)"
18.220.173.236 - - [18/Apr/2025:12:14:46 -0400] "GET /ad917/?path=%2Fhome%2F.%2Fservlmvm%2Flscache%2Ff%2F..%2F5%2F5 HTTP/1.1" 200 1609 "-" "Mozilla/5.0 AppleWebKit/537.36 (KHTML, like Gecko; compatible; ClaudeBot/1.0; +claudebot@anthropic.com)"
18.220.173.236 - - [18/Apr/2025:12:14:46 -0400] "GET /ad917/?path=%2Fhome%2F.%2Fservlmvm%2Flscache%2Ff%2F..%2F5%2F6 HTTP/1.1" 200 1600 "-" "Mozilla/5.0 AppleWebKit/537.36 (KHTML, like Gecko; compatible; ClaudeBot/1.0; +claudebot@anthropic.com)"
18.220.173.236 - - [18/Apr/2025:12:14:46 -0400] "GET /ad917/?path=%2Fhome%2F.%2Fservlmvm%2Flscache%2F0%2Fb%2F..%2Fb HTTP/1.1" 200 1632 "-" "Mozilla/5.0 AppleWebKit/537.36 (KHTML, like Gecko; compatible; ClaudeBot/1.0; +claudebot@anthropic.com)"
18.220.173.236 - - [18/Apr/2025:12:14:47 -0400] "GET /ad917/?path=%2Fhome%2F.%2Fservlmvm%2Flscache%2F1%2F..%2F1%2Fd HTTP/1.1" 200 1641 "-" "Mozilla/5.0 AppleWebKit/537.36 (KHTML, like Gecko; compatible; ClaudeBot/1.0; +claudebot@anthropic.com)"
18.220.173.236 - - [18/Apr/2025:12:14:47 -0400] "GET /ad917/?path=%2Fhome%2F.%2Fservlmvm%2Flscache%2Fd%2F..%2Fd%2Fd HTTP/1.1" 200 1594 "-" "Mozilla/5.0 AppleWebKit/537.36 (KHTML, like Gecko; compatible; ClaudeBot/1.0; +claudebot@anthropic.com)"
18.220.173.236 - - [18/Apr/2025:12:14:47 -0400] "GET /ad917/?path=%2Fhome%2F.%2Fservlmvm%2Flscache%2F8%2F..%2F.%2F0 HTTP/1.1" 200 1620 "-" "Mozilla/5.0 AppleWebKit/537.36 (KHTML, like Gecko; compatible; ClaudeBot/1.0; +claudebot@anthropic.com)"
18.220.173.236 - - [18/Apr/2025:12:14:47 -0400] "GET /ad917/?path=%2Fhome%2F.%2Fservlmvm%2Flscache%2F0%2F..%2Fa%2F9 HTTP/1.1" 200 1632 "-" "Mozilla/5.0 AppleWebKit/537.36 (KHTML, like Gecko; compatible; ClaudeBot/1.0; +claudebot@anthropic.com)"
18.220.173.236 - - [18/Apr/2025:12:14:47 -0400] "GET /ad917/?path=%2Fhome%2F.%2Fservlmvm%2Flscache%2Fe%2F..%2Ff%2F. HTTP/1.1" 200 1650 "-" "Mozilla/5.0 AppleWebKit/537.36 (KHTML, like Gecko; compatible; ClaudeBot/1.0; +claudebot@anthropic.com)"
18.220.173.236 - - [18/Apr/2025:12:14:48 -0400] "GET /ad917/?path=%2Fhome%2F.%2Fservlmvm%2Flscache%2F9%2F3%2F..%2Fa HTTP/1.1" 200 1631 "-" "Mozilla/5.0 AppleWebKit/537.36 (KHTML, like Gecko; compatible; ClaudeBot/1.0; +claudebot@anthropic.com)"
18.220.173.236 - - [18/Apr/2025:12:14:48 -0400] "GET /ad917/?path=%2Fhome%2F.%2Fservlmvm%2Flscache%2Fb%2F4%2F..%2F8 HTTP/1.1" 200 1634 "-" "Mozilla/5.0 AppleWebKit/537.36 (KHTML, like Gecko; compatible; ClaudeBot/1.0; +claudebot@anthropic.com)"
18.220.173.236 - - [18/Apr/2025:12:14:48 -0400] "GET /ad917/?path=%2Fhome%2F.%2Fservlmvm%2Flscache%2Fd%2F..%2Fd%2F. HTTP/1.1" 200 1644 "-" "Mozilla/5.0 AppleWebKit/537.36 (KHTML, like Gecko; compatible; ClaudeBot/1.0; +claudebot@anthropic.com)"
18.220.173.236 - - [18/Apr/2025:12:14:48 -0400] "GET /ad917/?path=%2Fhome%2F.%2Fservlmvm%2Flscache%2F7%2Fd%2F..%2Fb HTTP/1.1" 200 1588 "-" "Mozilla/5.0 AppleWebKit/537.36 (KHTML, like Gecko; compatible; ClaudeBot/1.0; +claudebot@anthropic.com)"
18.220.173.236 - - [18/Apr/2025:12:14:49 -0400] "GET /ad917/?path=%2Fhome%2F.%2Fservlmvm%2Flscache%2F9%2Fa%2F..%2F0 HTTP/1.1" 200 1640 "-" "Mozilla/5.0 AppleWebKit/537.36 (KHTML, like Gecko; compatible; ClaudeBot/1.0; +claudebot@anthropic.com)"
40.77.167.17 - - [18/Apr/2025:12:14:55 -0400] "GET /detail69034896.shtml HTTP/1.1" 404 16940 "-" "Mozilla/5.0 AppleWebKit/537.36 (KHTML, like Gecko; compatible; bingbot/2.0; +http://www.bing.com/bingbot.htm) Chrome/116.0.1938.76 Safari/537.36"
3.17.132.171 - - [18/Apr/2025:12:15:07 -0400] "GET /ad917/?path=%2Fhome%2Fservlmvm%2Fpublic_html%2F..%2Fwww%2Fa4389%2F..%2F597e1%2F..%2Fwp-content%2Fuploads HTTP/1.1" 200 1828 "-" "Mozilla/5.0 AppleWebKit/537.36 (KHTML, like Gecko; compatible; ClaudeBot/1.0; +claudebot@anthropic.com)"
3.17.132.171 - - [18/Apr/2025:12:15:10 -0400] "GET /ad917/?path=%2Fhome%2Fservlmvm%2Fpublic_html%2F..%2Fwww%2Fa4389%2F..%2F597e1%2F..%2Fwp-content%2Fplugins HTTP/1.1" 200 2095 "-" "Mozilla/5.0 AppleWebKit/537.36 (KHTML, like Gecko; compatible; ClaudeBot/1.0; +claudebot@anthropic.com)"
198.54.116.86 - - [18/Apr/2025:12:15:13 -0400] "POST /wp-cron.php?doing_wp_cron=1744992913.2881450653076171875000 HTTP/1.1" 200 0 "-" "WordPress/6.8; https://servethepeopleinc.org"
52.167.144.18 - - [18/Apr/2025:12:15:13 -0400] "GET /detail/lavatory21443856.shtml HTTP/1.1" 404 16943 "-" "Mozilla/5.0 AppleWebKit/537.36 (KHTML, like Gecko; compatible; bingbot/2.0; +http://www.bing.com/bingbot.htm) Chrome/116.0.1938.76 Safari/537.36"
198.54.116.86 - - [18/Apr/2025:12:15:13 -0400] "POST /wp-admin/admin-ajax.php?action=async_litespeed&nonce=q7TknoMLZCZCPe7Dyx6UlVrm9uY35mfU&litespeed_type=imgoptm HTTP/1.1" 200 21 "-" "WordPress/6.8; https://servethepeopleinc.org"
3.17.132.171 - - [18/Apr/2025:12:15:13 -0400] "GET /ad917/?path=%2Fhome%2Fservlmvm%2Fpublic_html%2F..%2Fwww%2Fa4389%2F..%2F597e1%2F..%2Fwp-content%2Fupgrade HTTP/1.1" 200 1491 "-" "Mozilla/5.0 AppleWebKit/537.36 (KHTML, like Gecko; compatible; ClaudeBot/1.0; +claudebot@anthropic.com)"
3.17.132.171 - - [18/Apr/2025:12:15:16 -0400] "GET /ad917/?path=%2Fhome%2F.%2F.%2F..%2F..%2Flib64%2Fxtables%2F..%2Fgirepository-1.0%2Ffontconfig-2.0.typelib HTTP/1.1" 200 985 "-" "Mozilla/5.0 AppleWebKit/537.36 (KHTML, like Gecko; compatible; ClaudeBot/1.0; +claudebot@anthropic.com)"
3.17.132.171 - - [18/Apr/2025:12:15:19 -0400] "GET /ad917/?path=%2Fhome%2F.%2F.%2F..%2F..%2Flib64%2Fxtables%2F..%2Fgirepository-1.0%2FPangoCairo-1.0.typelib HTTP/1.1" 200 988 "-" "Mozilla/5.0 AppleWebKit/537.36 (KHTML, like Gecko; compatible; ClaudeBot/1.0; +claudebot@anthropic.com)"
3.17.132.171 - - [18/Apr/2025:12:15:22 -0400] "GET /ad917/?path=%2Fhome%2F.%2F.%2F..%2F..%2Flib64%2Fxtables%2F..%2Fgirepository-1.0%2FGstPbutils-1.0.typelib HTTP/1.1" 200 988 "-" "Mozilla/5.0 AppleWebKit/537.36 (KHTML, like Gecko; compatible; ClaudeBot/1.0; +claudebot@anthropic.com)"
66.249.77.40 - - [18/Apr/2025:12:15:22 -0400] "GET /product94957022.shtml HTTP/1.1" 404 16940 "-" "Mozilla/5.0 (Linux; Android 6.0.1; Nexus 5X Build/MMB29P) AppleWebKit/537.36 (KHTML, like Gecko) Chrome/135.0.7049.95 Mobile Safari/537.36 (compatible; Googlebot/2.1; +http://www.google.com/bot.html)"
3.17.132.171 - - [18/Apr/2025:12:15:25 -0400] "GET /ad917/?path=%2Fhome%2Fservlmvm%2Fpublic_html%2F..%2Fwww%2Fa4389%2F..%2F597e1%2F..%2Fwp-includes%2Fassets HTTP/1.1" 200 1821 "-" "Mozilla/5.0 AppleWebKit/537.36 (KHTML, like Gecko; compatible; ClaudeBot/1.0; +claudebot@anthropic.com)"
40.77.167.17 - - [18/Apr/2025:12:15:28 -0400] "GET /special8133158.shtml HTTP/1.1" 404 16941 "-" "Mozilla/5.0 AppleWebKit/537.36 (KHTML, like Gecko; compatible; bingbot/2.0; +http://www.bing.com/bingbot.htm) Chrome/116.0.1938.76 Safari/537.36"
3.17.132.171 - - [18/Apr/2025:12:15:28 -0400] "GET /ad917/?path=%2Fhome%2Fservlmvm%2Fpublic_html%2F..%2Fwww%2Fa4389%2F..%2F597e1%2F..%2Fwp-includes%2Fimages HTTP/1.1" 200 2451 "-" "Mozilla/5.0 AppleWebKit/537.36 (KHTML, like Gecko; compatible; ClaudeBot/1.0; +claudebot@anthropic.com)"
3.17.132.171 - - [18/Apr/2025:12:15:31 -0400] "GET /ad917/?path=%2Fhome%2Fservlmvm%2Fpublic_html%2F..%2Fwww%2Fa4389%2F..%2F597e1%2F..%2Fwp-includes%2Fblocks HTTP/1.1" 200 5910 "-" "Mozilla/5.0 AppleWebKit/537.36 (KHTML, like Gecko; compatible; ClaudeBot/1.0; +claudebot@anthropic.com)"
3.17.132.171 - - [18/Apr/2025:12:15:34 -0400] "GET /ad917/?path=%2Fhome%2Fservlmvm%2Fpublic_html%2F..%2Fwww%2Fa4389%2F..%2F597e1%2F..%2FVhUwsEAeICzRaJB%2F. HTTP/1.1" 200 1637 "-" "Mozilla/5.0 AppleWebKit/537.36 (KHTML, like Gecko; compatible; ClaudeBot/1.0; +claudebot@anthropic.com)"
3.17.132.171 - - [18/Apr/2025:12:15:37 -0400] "GET /ad917/?path=%2Fhome%2Fservlmvm%2Fpublic_html%2F..%2Fwww%2Fa4389%2F..%2F597e1%2F..%2Fwp-content%2Fthemes HTTP/1.1" 200 1764 "-" "Mozilla/5.0 AppleWebKit/537.36 (KHTML, like Gecko; compatible; ClaudeBot/1.0; +claudebot@anthropic.com)"
40.77.167.17 - - [18/Apr/2025:12:15:38 -0400] "GET /shopbrand101824212.shtml HTTP/1.1" 404 16944 "-" "Mozilla/5.0 AppleWebKit/537.36 (KHTML, like Gecko; compatible; bingbot/2.0; +http://www.bing.com/bingbot.htm) Chrome/116.0.1938.76 Safari/537.36"
3.17.132.171 - - [18/Apr/2025:12:15:40 -0400] "GET /ad917/?path=%2Fhome%2Fservlmvm%2Fpublic_html%2F..%2Fwww%2Fa4389%2F..%2F597e1%2F..%2Fwp-content%2Fwflogs HTTP/1.1" 200 1860 "-" "Mozilla/5.0 AppleWebKit/537.36 (KHTML, like Gecko; compatible; ClaudeBot/1.0; +claudebot@anthropic.com)"
3.17.132.171 - - [18/Apr/2025:12:15:43 -0400] "GET /ad917/?path=%2Fhome%2F.%2F.%2F..%2F..%2Flib64%2Fxtables%2F..%2Fgirepository-1.0%2FGstMpegts-1.0.typelib HTTP/1.1" 200 991 "-" "Mozilla/5.0 AppleWebKit/537.36 (KHTML, like Gecko; compatible; ClaudeBot/1.0; +claudebot@anthropic.com)"
3.17.132.171 - - [18/Apr/2025:12:15:46 -0400] "GET /ad917/?path=%2Fhome%2F.%2F.%2F..%2F..%2Flib64%2Fxtables%2F..%2Fgirepository-1.0%2FGdkPixbuf-2.0.typelib HTTP/1.1" 200 991 "-" "Mozilla/5.0 AppleWebKit/537.36 (KHTML, like Gecko; compatible; ClaudeBot/1.0; +claudebot@anthropic.com)"
3.17.132.171 - - [18/Apr/2025:12:15:49 -0400] "GET /ad917/?path=%2Fhome%2F.%2F.%2F..%2F..%2Flib64%2Fxtables%2F..%2Fgirepository-1.0%2FGstWebRTC-1.0.typelib HTTP/1.1" 200 992 "-" "Mozilla/5.0 AppleWebKit/537.36 (KHTML, like Gecko; compatible; ClaudeBot/1.0; +claudebot@anthropic.com)"
3.17.132.171 - - [18/Apr/2025:12:15:52 -0400] "GET /ad917/?path=%2Fhome%2F.%2F.%2F..%2F..%2Flib64%2Fxtables%2F..%2Fgirepository-1.0%2FGstPlayer-1.0.typelib HTTP/1.1" 200 991 "-" "Mozilla/5.0 AppleWebKit/537.36 (KHTML, like Gecko; compatible; ClaudeBot/1.0; +claudebot@anthropic.com)"
52.167.144.18 - - [18/Apr/2025:12:15:54 -0400] "GET /detail68172568.shtml HTTP/1.1" 404 16942 "-" "Mozilla/5.0 AppleWebKit/537.36 (KHTML, like Gecko; compatible; bingbot/2.0; +http://www.bing.com/bingbot.htm) Chrome/116.0.1938.76 Safari/537.36"
3.17.132.171 - - [18/Apr/2025:12:15:55 -0400] "GET /ad917/?path=%2Fhome%2F.%2F.%2F..%2F..%2Flib64%2Fxtables%2F..%2Fgirepository-1.0%2Ffreetype2-2.0.typelib HTTP/1.1" 200 988 "-" "Mozilla/5.0 AppleWebKit/537.36 (KHTML, like Gecko; compatible; ClaudeBot/1.0; +claudebot@anthropic.com)"
3.17.132.171 - - [18/Apr/2025:12:15:58 -0400] "GET /ad917/?path=%2Fhome%2Fservlmvm%2Fpublic_html%2F..%2Fwww%2Fa4389%2F..%2F597e1%2F..%2Fwp-includes%2Ffonts HTTP/1.1" 200 1883 "-" "Mozilla/5.0 AppleWebKit/537.36 (KHTML, like Gecko; compatible; ClaudeBot/1.0; +claudebot@anthropic.com)"
3.17.132.171 - - [18/Apr/2025:12:16:01 -0400] "GET /ad917/?path=%2Fhome%2Fservlmvm%2Fpublic_html%2F..%2F.%2F.softaculous%2F..%2Fetc%2Fservethepeopleinc.org HTTP/1.1" 403 1242 "-" "Mozilla/5.0 AppleWebKit/537.36 (KHTML, like Gecko; compatible; ClaudeBot/1.0; +claudebot@anthropic.com)"
198.54.116.86 - - [18/Apr/2025:12:16:04 -0400] "POST /wp-cron.php?doing_wp_cron=1744992964.8577558994293212890625 HTTP/1.1" 200 0 "-" "WordPress/6.8; https://servethepeopleinc.org"
52.167.144.18 - - [18/Apr/2025:12:16:04 -0400] "GET /goods28690852.shtml HTTP/1.1" 404 16943 "-" "Mozilla/5.0 AppleWebKit/537.36 (KHTML, like Gecko; compatible; bingbot/2.0; +http://www.bing.com/bingbot.htm) Chrome/116.0.1938.76 Safari/537.36"
198.54.116.86 - - [18/Apr/2025:12:17:27 -0400] "POST /wp-cron.php?doing_wp_cron=1744993047.2873160839080810546875 HTTP/1.1" 200 0 "-" "WordPress/6.8; https://servethepeopleinc.org"
40.77.167.48 - - [18/Apr/2025:12:17:27 -0400] "GET /shopdetail/p/carpeting76342980.shtml HTTP/1.1" 404 16950 "-" "Mozilla/5.0 AppleWebKit/537.36 (KHTML, like Gecko; compatible; bingbot/2.0; +http://www.bing.com/bingbot.htm) Chrome/116.0.1938.76 Safari/537.36"
198.54.116.86 - - [18/Apr/2025:12:17:27 -0400] "POST /wp-admin/admin-ajax.php?action=async_litespeed&nonce=tOYTLAh21t7k81c0A3EBa3IUfF9pMSb7&litespeed_type=imgoptm HTTP/1.1" 200 21 "-" "WordPress/6.8; https://servethepeopleinc.org"
3.17.175.109 - - [18/Apr/2025:12:17:32 -0400] "GET /ad917/?path=%2Fhome%2Fservlmvm%2Fpublic_html%2F..%2Fwww%2Fa4389%2F..%2F597e1%2F..%2Fwp-includes%2Fdate.php HTTP/1.1" 200 1226 "-" "Mozilla/5.0 AppleWebKit/537.36 (KHTML, like Gecko; compatible; ClaudeBot/1.0; +claudebot@anthropic.com)"
40.77.167.58 - - [18/Apr/2025:12:17:33 -0400] "GET /goods/8597446.shtml HTTP/1.1" 301 0 "-" "Mozilla/5.0 AppleWebKit/537.36 (KHTML, like Gecko; compatible; bingbot/2.0; +http://www.bing.com/bingbot.htm) Chrome/116.0.1938.76 Safari/537.36"
3.17.175.109 - - [18/Apr/2025:12:17:35 -0400] "GET /ad917/?path=%2Fhome%2Fservlmvm%2Fpublic_html%2F..%2Fwww%2Fa4389%2F..%2F597e1%2F..%2Fwp-includes%2Fl10n.php HTTP/1.1" 200 14739 "-" "Mozilla/5.0 AppleWebKit/537.36 (KHTML, like Gecko; compatible; ClaudeBot/1.0; +claudebot@anthropic.com)"
3.17.175.109 - - [18/Apr/2025:12:17:38 -0400] "GET /ad917/?path=%2Fhome%2Fservlmvm%2Fpublic_html%2F..%2Fwww%2Fa4389%2F..%2F597e1%2F..%2Fwp-includes%2Fkses.php HTTP/1.1" 200 21204 "-" "Mozilla/5.0 AppleWebKit/537.36 (KHTML, like Gecko; compatible; ClaudeBot/1.0; +claudebot@anthropic.com)"
3.17.175.109 - - [18/Apr/2025:12:17:41 -0400] "GET /ad917/?path=%2Fhome%2Fservlmvm%2Fpublic_html%2F..%2Fwww%2Fa4389%2F..%2F597e1%2F..%2Fwp-includes%2Fmeta.php HTTP/1.1" 200 12677 "-" "Mozilla/5.0 AppleWebKit/537.36 (KHTML, like Gecko; compatible; ClaudeBot/1.0; +claudebot@anthropic.com)"
40.77.167.58 - - [18/Apr/2025:12:17:43 -0400] "GET /products61726102.shtml HTTP/1.1" 301 0 "-" "Mozilla/5.0 AppleWebKit/537.36 (KHTML, like Gecko; compatible; bingbot/2.0; +http://www.bing.com/bingbot.htm) Chrome/116.0.1938.76 Safari/537.36"
3.17.175.109 - - [18/Apr/2025:12:17:44 -0400] "GET /ad917/?path=%2Fhome%2Fservlmvm%2Fpublic_html%2F..%2Fwww%2Fa4389%2F..%2F597e1%2F..%2Fwp-includes%2Fsitemaps HTTP/1.1" 200 1797 "-" "Mozilla/5.0 AppleWebKit/537.36 (KHTML, like Gecko; compatible; ClaudeBot/1.0; +claudebot@anthropic.com)"
3.17.175.109 - - [18/Apr/2025:12:17:47 -0400] "GET /ad917/?path=%2Fhome%2Fservlmvm%2Fpublic_html%2F..%2Fwww%2Fa4389%2F..%2F597e1%2F..%2Fwp-includes%2Fcron.php HTTP/1.1" 200 9490 "-" "Mozilla/5.0 AppleWebKit/537.36 (KHTML, like Gecko; compatible; ClaudeBot/1.0; +claudebot@anthropic.com)"
3.17.175.109 - - [18/Apr/2025:12:17:50 -0400] "GET /ad917/?path=%2Fhome%2Fservlmvm%2Fpublic_html%2F..%2Fwww%2Fa4389%2F..%2F597e1%2F..%2Fwp-includes%2Fhtml-api HTTP/1.1" 200 2049 "-" "Mozilla/5.0 AppleWebKit/537.36 (KHTML, like Gecko; compatible; ClaudeBot/1.0; +claudebot@anthropic.com)"
3.17.175.109 - - [18/Apr/2025:12:17:53 -0400] "GET /ad917/?path=%2Fhome%2Fservlmvm%2Fpublic_html%2F..%2Fwww%2Fa4389%2F..%2F597e1%2F..%2Fwp-includes%2Fuser.php HTTP/1.1" 200 40398 "-" "Mozilla/5.0 AppleWebKit/537.36 (KHTML, like Gecko; compatible; ClaudeBot/1.0; +claudebot@anthropic.com)"
3.17.175.109 - - [18/Apr/2025:12:17:56 -0400] "GET /ad917/?path=%2Fhome%2Fservlmvm%2Fpublic_html%2F..%2Fwww%2Fa4389%2F..%2F597e1%2F..%2Fwp-includes%2Fhttp.php HTTP/1.1" 200 6507 "-" "Mozilla/5.0 AppleWebKit/537.36 (KHTML, like Gecko; compatible; ClaudeBot/1.0; +claudebot@anthropic.com)"
3.17.175.109 - - [18/Apr/2025:12:17:59 -0400] "GET /ad917/?path=%2Fhome%2Fservlmvm%2Fpublic_html%2F..%2Fwww%2Fa4389%2F..%2F597e1%2F..%2Fwp-includes%2Ffeed.php HTTP/1.1" 200 7393 "-" "Mozilla/5.0 AppleWebKit/537.36 (KHTML, like Gecko; compatible; ClaudeBot/1.0; +claudebot@anthropic.com)"
3.17.175.109 - - [18/Apr/2025:12:18:02 -0400] "GET /ad917/?path=%2Fhome%2Fservlmvm%2Fpublic_html%2F..%2Fwww%2Fa4389%2F..%2F597e1%2F..%2Fwp-includes%2FRequests HTTP/1.1" 200 1623 "-" "Mozilla/5.0 AppleWebKit/537.36 (KHTML, like Gecko; compatible; ClaudeBot/1.0; +claudebot@anthropic.com)"
3.17.175.109 - - [18/Apr/2025:12:18:05 -0400] "GET /ad917/?path=%2Fhome%2Fservlmvm%2Fpublic_html%2F..%2Fwww%2Fa4389%2F..%2F597e1%2F..%2Fwp-includes%2Frest-api HTTP/1.1" 200 1764 "-" "Mozilla/5.0 AppleWebKit/537.36 (KHTML, like Gecko; compatible; ClaudeBot/1.0; +claudebot@anthropic.com)"
3.17.175.109 - - [18/Apr/2025:12:18:08 -0400] "GET /ad917/?path=%2Fhome%2Fservlmvm%2Fpublic_html%2F..%2Fwww%2Fa4389%2F..%2F597e1%2F..%2Fwp-includes%2Fvars.php HTTP/1.1" 200 3046 "-" "Mozilla/5.0 AppleWebKit/537.36 (KHTML, like Gecko; compatible; ClaudeBot/1.0; +claudebot@anthropic.com)"
3.17.175.109 - - [18/Apr/2025:12:18:11 -0400] "GET /ad917/?path=%2Fhome%2Fservlmvm%2Fpublic_html%2F..%2Fwww%2Fa4389%2F..%2F597e1%2F..%2Fwp-includes%2Fpost.php HTTP/1.1" 200 66762 "-" "Mozilla/5.0 AppleWebKit/537.36 (KHTML, like Gecko; compatible; ClaudeBot/1.0; +claudebot@anthropic.com)"
3.17.175.109 - - [18/Apr/2025:12:18:14 -0400] "GET /ad917/?path=%2Fhome%2Fservlmvm%2Fpublic_html%2F..%2Fwww%2Fa4389%2F..%2F597e1%2F..%2Fwp-includes%2Fload.php HTTP/1.1" 200 17088 "-" "Mozilla/5.0 AppleWebKit/537.36 (KHTML, like Gecko; compatible; ClaudeBot/1.0; +claudebot@anthropic.com)"
198.54.116.86 - - [18/Apr/2025:12:18:17 -0400] "POST /wp-cron.php?doing_wp_cron=1744993097.0317099094390869140625 HTTP/1.1" 200 0 "-" "WordPress/6.8; https://servethepeopleinc.org"
40.77.167.48 - - [18/Apr/2025:12:18:16 -0400] "GET /items51712122.shtml HTTP/1.1" 404 16939 "-" "Mozilla/5.0 AppleWebKit/537.36 (KHTML, like Gecko; compatible; bingbot/2.0; +http://www.bing.com/bingbot.htm) Chrome/116.0.1938.76 Safari/537.36"
198.54.116.86 - - [18/Apr/2025:12:18:17 -0400] "POST /wp-admin/admin-ajax.php?action=async_litespeed&nonce=MKzMvVoupHOYYBVBwDkrOwzmMd7aHjiT&litespeed_type=imgoptm HTTP/1.1" 200 21 "-" "WordPress/6.8; https://servethepeopleinc.org"
3.17.175.109 - - [18/Apr/2025:12:18:17 -0400] "GET /ad917/?path=%2Fhome%2Fservlmvm%2Fpublic_html%2F..%2Fwww%2Fa4389%2F..%2F597e1%2F..%2Fwp-includes%2Fwidgets HTTP/1.1" 200 2185 "-" "Mozilla/5.0 AppleWebKit/537.36 (KHTML, like Gecko; compatible; ClaudeBot/1.0; +claudebot@anthropic.com)"
3.17.175.109 - - [18/Apr/2025:12:18:20 -0400] "GET /ad917/?path=%2Fhome%2Fservlmvm%2Fpublic_html%2F..%2Fwww%2Fa4389%2F..%2F597e1%2F..%2Fwp-includes%2Frss.php HTTP/1.1" 200 8154 "-" "Mozilla/5.0 AppleWebKit/537.36 (KHTML, like Gecko; compatible; ClaudeBot/1.0; +claudebot@anthropic.com)"
3.17.175.109 - - [18/Apr/2025:12:18:23 -0400] "GET /ad917/?path=%2Fhome%2Fservlmvm%2Fpublic_html%2F..%2Fwww%2Fa4389%2F..%2F597e1%2F..%2FVhUwsEAeICzRaJB%2F.. HTTP/1.1" 200 2624 "-" "Mozilla/5.0 AppleWebKit/537.36 (KHTML, like Gecko; compatible; ClaudeBot/1.0; +claudebot@anthropic.com)"
52.167.144.20 - - [18/Apr/2025:12:18:24 -0400] "GET /detail/jacobinize/23209536.shtml HTTP/1.1" 404 16952 "-" "Mozilla/5.0 AppleWebKit/537.36 (KHTML, like Gecko; compatible; bingbot/2.0; +http://www.bing.com/bingbot.htm) Chrome/116.0.1938.76 Safari/537.36"
3.17.175.109 - - [18/Apr/2025:12:18:26 -0400] "GET /ad917/?path=%2Fhome%2F.%2F..%2Flib64%2Fapr-util-1%2F..%2Fpkgconfig%2F..%2FGraphicsMagick-1.3.38%2Fconfig HTTP/1.1" 200 1713 "-" "Mozilla/5.0 AppleWebKit/537.36 (KHTML, like Gecko; compatible; ClaudeBot/1.0; +claudebot@anthropic.com)"
66.249.77.40 - - [18/Apr/2025:12:18:40 -0400] "GET /product/xgw/pygmaeus/89102308.shtml HTTP/1.1" 404 16952 "-" "Mozilla/5.0 (compatible; Googlebot/2.1; +http://www.google.com/bot.html)"
198.54.116.86 - - [18/Apr/2025:12:19:07 -0400] "POST /wp-cron.php?doing_wp_cron=1744993147.8755550384521484375000 HTTP/1.1" 200 0 "-" "WordPress/6.8; https://servethepeopleinc.org"
40.77.167.123 - - [18/Apr/2025:12:19:07 -0400] "GET /shopping/96960192.shtml HTTP/1.1" 301 0 "-" "Mozilla/5.0 AppleWebKit/537.36 (KHTML, like Gecko; compatible; bingbot/2.0; +http://www.bing.com/bingbot.htm) Chrome/116.0.1938.76 Safari/537.36"
198.54.116.86 - - [18/Apr/2025:12:19:08 -0400] "POST /wp-admin/admin-ajax.php?action=async_litespeed&nonce=t8NXapLQQ4F7gyZOFIOJtjnzp5ZNlOaa&litespeed_type=imgoptm HTTP/1.1" 200 21 "-" "WordPress/6.8; https://servethepeopleinc.org"
52.167.144.180 - - [18/Apr/2025:12:19:19 -0400] "GET /goodscode/do/premonishment12126388.shtml HTTP/1.1" 404 16950 "-" "Mozilla/5.0 AppleWebKit/537.36 (KHTML, like Gecko; compatible; bingbot/2.0; +http://www.bing.com/bingbot.htm) Chrome/116.0.1938.76 Safari/537.36"
52.167.144.180 - - [18/Apr/2025:12:19:50 -0400] "GET /items/absinthium/42099184.shtml HTTP/1.1" 404 16950 "-" "Mozilla/5.0 AppleWebKit/537.36 (KHTML, like Gecko; compatible; bingbot/2.0; +http://www.bing.com/bingbot.htm) Chrome/116.0.1938.76 Safari/537.36"
3.137.182.21 - - [18/Apr/2025:12:19:57 -0400] "GET /ad917/?path=%2Fhome%2F.%2F.%2F..%2F..%2Flib64%2Fxtables%2F..%2Fgirepository-1.0%2FGstAllocators-1.0.typelib HTTP/1.1" 200 994 "-" "Mozilla/5.0 AppleWebKit/537.36 (KHTML, like Gecko; compatible; ClaudeBot/1.0; +claudebot@anthropic.com)"
3.137.182.21 - - [18/Apr/2025:12:20:00 -0400] "GET /ad917/?path=%2Fhome%2F.%2F.%2F..%2F..%2Flib64%2Fxtables%2F..%2Fgirepository-1.0%2FGstController-1.0.typelib HTTP/1.1" 200 994 "-" "Mozilla/5.0 AppleWebKit/537.36 (KHTML, like Gecko; compatible; ClaudeBot/1.0; +claudebot@anthropic.com)"
3.137.182.21 - - [18/Apr/2025:12:20:03 -0400] "GET /ad917/?path=%2Fhome%2Fservlmvm%2Fpublic_html%2F..%2Fwww%2Fa4389%2F..%2F597e1%2F..%2Fwp-includes%2Fembed.php HTTP/1.1" 200 11894 "-" "Mozilla/5.0 AppleWebKit/537.36 (KHTML, like Gecko; compatible; ClaudeBot/1.0; +claudebot@anthropic.com)"
3.137.182.21 - - [18/Apr/2025:12:20:06 -0400] "GET /ad917/?path=%2Fhome%2Fservlmvm%2Fpublic_html%2F..%2Fwww%2Fa4389%2F..%2F597e1%2F..%2Fwp-includes%2Fmedia.php HTTP/1.1" 200 55401 "-" "Mozilla/5.0 AppleWebKit/537.36 (KHTML, like Gecko; compatible; ClaudeBot/1.0; +claudebot@anthropic.com)"
3.137.182.21 - - [18/Apr/2025:12:20:09 -0400] "GET /ad917/?path=%2Fhome%2Fservlmvm%2Fpublic_html%2F..%2Fwww%2Fa4389%2F..%2F597e1%2F..%2Fwp-includes%2Fwp-db.php HTTP/1.1" 200 1243 "-" "Mozilla/5.0 AppleWebKit/537.36 (KHTML, like Gecko; compatible; ClaudeBot/1.0; +claudebot@anthropic.com)"
3.137.182.21 - - [18/Apr/2025:12:20:12 -0400] "GET /ad917/?path=%2Fhome%2Fservlmvm%2Fpublic_html%2F..%2Fwww%2Fa4389%2F..%2F597e1%2F..%2Fwp-includes%2FSimplePie HTTP/1.1" 200 1700 "-" "Mozilla/5.0 AppleWebKit/537.36 (KHTML, like Gecko; compatible; ClaudeBot/1.0; +claudebot@anthropic.com)"
3.137.182.21 - - [18/Apr/2025:12:20:15 -0400] "GET /ad917/?path=%2Fhome%2Fservlmvm%2Fpublic_html%2F..%2Fwww%2Fa4389%2F..%2F597e1%2F..%2F.well-known%2F.htaccess HTTP/1.1" 403 1242 "-" "Mozilla/5.0 AppleWebKit/537.36 (KHTML, like Gecko; compatible; ClaudeBot/1.0; +claudebot@anthropic.com)"
3.137.182.21 - - [18/Apr/2025:12:20:18 -0400] "GET /ad917/?path=%2Fhome%2Fservlmvm%2Fpublic_html%2F..%2Fwww%2Fa4389%2F..%2F597e1%2F..%2Fwp-includes%2Ferror_log HTTP/1.1" 200 1836 "-" "Mozilla/5.0 AppleWebKit/537.36 (KHTML, like Gecko; compatible; ClaudeBot/1.0; +claudebot@anthropic.com)"
3.137.182.21 - - [18/Apr/2025:12:20:21 -0400] "GET /ad917/?path=%2Fhome%2Fservlmvm%2Fpublic_html%2F..%2Fwww%2Fa4389%2F..%2F597e1%2F..%2Fwp-includes%2Ffonts.php HTTP/1.1" 200 3750 "-" "Mozilla/5.0 AppleWebKit/537.36 (KHTML, like Gecko; compatible; ClaudeBot/1.0; +claudebot@anthropic.com)"
3.137.182.21 - - [18/Apr/2025:12:20:24 -0400] "GET /ad917/?path=%2Fhome%2Fservlmvm%2Fpublic_html%2F..%2Fwww%2Fa4389%2F..%2F597e1%2F..%2Fwp-includes%2Fcustomize HTTP/1.1" 200 2595 "-" "Mozilla/5.0 AppleWebKit/537.36 (KHTML, like Gecko; compatible; ClaudeBot/1.0; +claudebot@anthropic.com)"
3.137.182.21 - - [18/Apr/2025:12:20:27 -0400] "GET /ad917/?path=%2Fhome%2Fservlmvm%2Fpublic_html%2F..%2Fwww%2Fa4389%2F..%2F597e1%2F..%2Fwp-includes%2F.htaccess HTTP/1.1" 403 1242 "-" "Mozilla/5.0 AppleWebKit/537.36 (KHTML, like Gecko; compatible; ClaudeBot/1.0; +claudebot@anthropic.com)"
3.137.182.21 - - [18/Apr/2025:12:20:30 -0400] "GET /ad917/?path=%2Fhome%2Fservlmvm%2Fpublic_html%2F..%2Fwww%2Fa4389%2F..%2F597e1%2F..%2Fwp-includes%2Fquery.php HTTP/1.1" 200 6235 "-" "Mozilla/5.0 AppleWebKit/537.36 (KHTML, like Gecko; compatible; ClaudeBot/1.0; +claudebot@anthropic.com)"
3.137.182.21 - - [18/Apr/2025:12:20:33 -0400] "GET /ad917/?path=%2Fhome%2Fservlmvm%2Fpublic_html%2F..%2Fwww%2Fa4389%2F..%2F597e1%2F..%2Fwp-includes%2Ftheme.php HTTP/1.1" 200 33785 "-" "Mozilla/5.0 AppleWebKit/537.36 (KHTML, like Gecko; compatible; ClaudeBot/1.0; +claudebot@anthropic.com)"
198.54.116.86 - - [18/Apr/2025:12:20:34 -0400] "POST /wp-cron.php?doing_wp_cron=1744993234.0920879840850830078125 HTTP/1.1" 200 0 "-" "WordPress/6.8; https://servethepeopleinc.org"
52.167.144.20 - - [18/Apr/2025:12:20:33 -0400] "GET /items/crural117347812.shtml HTTP/1.1" 404 16941 "-" "Mozilla/5.0 AppleWebKit/537.36 (KHTML, like Gecko; compatible; bingbot/2.0; +http://www.bing.com/bingbot.htm) Chrome/116.0.1938.76 Safari/537.36"
198.54.116.86 - - [18/Apr/2025:12:20:34 -0400] "POST /wp-admin/admin-ajax.php?action=async_litespeed&nonce=Cg71MjOODJyKTWAkC9z7YYaSpcbAJPNo&litespeed_type=imgoptm HTTP/1.1" 200 21 "-" "WordPress/6.8; https://servethepeopleinc.org"
52.167.144.20 - - [18/Apr/2025:12:20:36 -0400] "GET /entity35613526.shtml HTTP/1.1" 404 16943 "-" "Mozilla/5.0 AppleWebKit/537.36 (KHTML, like Gecko; compatible; bingbot/2.0; +http://www.bing.com/bingbot.htm) Chrome/116.0.1938.76 Safari/537.36"
3.137.182.21 - - [18/Apr/2025:12:20:36 -0400] "GET /ad917/?path=%2Fhome%2Fservlmvm%2Fpublic_html%2F..%2Fwww%2Fa4389%2F..%2F597e1%2F..%2Fwp-includes%2Fcache.php HTTP/1.1" 200 3660 "-" "Mozilla/5.0 AppleWebKit/537.36 (KHTML, like Gecko; compatible; ClaudeBot/1.0; +claudebot@anthropic.com)"
3.137.182.21 - - [18/Apr/2025:12:20:39 -0400] "GET /ad917/?path=%2Fhome%2Fservlmvm%2Fpublic_html%2F..%2Fwww%2Fa4389%2F..%2F597e1%2F..%2Fwp-includes%2FPHPMailer HTTP/1.1" 200 1704 "-" "Mozilla/5.0 AppleWebKit/537.36 (KHTML, like Gecko; compatible; ClaudeBot/1.0; +claudebot@anthropic.com)"
3.137.182.21 - - [18/Apr/2025:12:20:42 -0400] "GET /ad917/?path=%2Fhome%2Fservlmvm%2Fpublic_html%2F..%2Fwww%2Fa4389%2F..%2F597e1%2F..%2Fwp-content%2F.htaccess HTTP/1.1" 403 1242 "-" "Mozilla/5.0 AppleWebKit/537.36 (KHTML, like Gecko; compatible; ClaudeBot/1.0; +claudebot@anthropic.com)"
3.137.182.21 - - [18/Apr/2025:12:20:45 -0400] "GET /ad917/?path=%2Fhome%2Fservlmvm%2Fpublic_html%2F..%2Fwww%2Fa4389%2F..%2F597e1%2F..%2Fwp-content%2Findex.php HTTP/1.1" 200 1026 "-" "Mozilla/5.0 AppleWebKit/537.36 (KHTML, like Gecko; compatible; ClaudeBot/1.0; +claudebot@anthropic.com)"
3.137.182.21 - - [18/Apr/2025:12:20:48 -0400] "GET /ad917/?path=%2Fhome%2F.%2F.%2F..%2F..%2Flib64%2Fxtables%2F..%2Fgirepository-1.0%2FGIRepository-2.0.typelib HTTP/1.1" 200 989 "-" "Mozilla/5.0 AppleWebKit/537.36 (KHTML, like Gecko; compatible; ClaudeBot/1.0; +claudebot@anthropic.com)"
3.137.182.21 - - [18/Apr/2025:12:20:51 -0400] "GET /ad917/?path=%2Fhome%2F.%2F.%2F..%2F..%2Flib64%2Fxtables%2F..%2Fgirepository-1.0%2FGstInsertBin-1.0.typelib HTTP/1.1" 200 993 "-" "Mozilla/5.0 AppleWebKit/537.36 (KHTML, like Gecko; compatible; ClaudeBot/1.0; +claudebot@anthropic.com)"
198.54.116.86 - - [18/Apr/2025:12:21:27 -0400] "POST /wp-cron.php?doing_wp_cron=1744993287.1424970626831054687500 HTTP/1.1" 200 0 "-" "WordPress/6.8; https://servethepeopleinc.org"
52.167.144.179 - - [18/Apr/2025:12:21:26 -0400] "GET /shopbrand/upheave61735422.shtml HTTP/1.1" 301 0 "-" "Mozilla/5.0 AppleWebKit/537.36 (KHTML, like Gecko; compatible; bingbot/2.0; +http://www.bing.com/bingbot.htm) Chrome/116.0.1938.76 Safari/537.36"
198.54.116.86 - - [18/Apr/2025:12:21:27 -0400] "POST /wp-admin/admin-ajax.php?action=async_litespeed&nonce=Y0w4TpthJJXodT3qiNfWNArzZatvqMkb&litespeed_type=imgoptm HTTP/1.1" 200 21 "-" "WordPress/6.8; https://servethepeopleinc.org"
40.77.167.48 - - [18/Apr/2025:12:21:47 -0400] "GET /info/perform/101933122.shtml HTTP/1.1" 404 16950 "-" "Mozilla/5.0 AppleWebKit/537.36 (KHTML, like Gecko; compatible; bingbot/2.0; +http://www.bing.com/bingbot.htm) Chrome/116.0.1938.76 Safari/537.36"
198.54.116.86 - - [18/Apr/2025:12:22:05 -0400] "POST /wp-cron.php?doing_wp_cron=1744993325.5076971054077148437500 HTTP/1.1" 200 0 "-" "WordPress/6.8; https://servethepeopleinc.org"
40.77.167.123 - - [18/Apr/2025:12:22:05 -0400] "GET /info/ejy/finedraw108277050.shtml HTTP/1.1" 301 0 "-" "Mozilla/5.0 AppleWebKit/537.36 (KHTML, like Gecko; compatible; bingbot/2.0; +http://www.bing.com/bingbot.htm) Chrome/116.0.1938.76 Safari/537.36"
198.54.116.86 - - [18/Apr/2025:12:22:10 -0400] "POST /wp-cron.php?doing_wp_cron=1744993330.0067241191864013671875 HTTP/1.1" 200 0 "-" "WordPress/6.8; https://servethepeopleinc.org"
40.77.167.123 - - [18/Apr/2025:12:22:09 -0400] "GET /shopdetail/idiotically/51321018.shtml HTTP/1.1" 301 0 "-" "Mozilla/5.0 AppleWebKit/537.36 (KHTML, like Gecko; compatible; bingbot/2.0; +http://www.bing.com/bingbot.htm) Chrome/116.0.1938.76 Safari/537.36"
198.54.116.86 - - [18/Apr/2025:12:22:10 -0400] "POST /wp-admin/admin-ajax.php?action=async_litespeed&nonce=EZaXoS8HU1GHzKvQDs4vUCy0drwxGrkU&litespeed_type=imgoptm HTTP/1.1" 200 21 "-" "WordPress/6.8; https://servethepeopleinc.org"
18.191.252.78 - - [18/Apr/2025:12:22:21 -0400] "GET /ad917/?path=%2Fhome%2Fservlmvm%2Fpublic_html%2F..%2Fwww%2Fa4389%2F..%2F597e1%2F..%2Fwp-includes%2Fms-blogs.php HTTP/1.1" 200 7577 "-" "Mozilla/5.0 AppleWebKit/537.36 (KHTML, like Gecko; compatible; ClaudeBot/1.0; +claudebot@anthropic.com)"
18.191.252.78 - - [18/Apr/2025:12:22:24 -0400] "GET /ad917/?path=%2Fhome%2Fservlmvm%2Fpublic_html%2F..%2Fwww%2Fa4389%2F..%2F597e1%2F..%2Fwp-includes%2Fsitemaps.php HTTP/1.1" 200 2034 "-" "Mozilla/5.0 AppleWebKit/537.36 (KHTML, like Gecko; compatible; ClaudeBot/1.0; +claudebot@anthropic.com)"
18.191.252.78 - - [18/Apr/2025:12:22:27 -0400] "GET /ad917/?path=%2Fhome%2F.%2F..%2Flib64%2Fapr-util-1%2F..%2Fpkgconfig%2F..%2FGraphicsMagick-1.3.38%2Fmodules-Q16 HTTP/1.1" 200 1546 "-" "Mozilla/5.0 AppleWebKit/537.36 (KHTML, like Gecko; compatible; ClaudeBot/1.0; +claudebot@anthropic.com)"
18.191.252.78 - - [18/Apr/2025:12:22:30 -0400] "GET /ad917/?path=%2Fhome%2Fservlmvm%2Fpublic_html%2F..%2Fwww%2Fa4389%2F..%2F597e1%2F..%2Fwp-includes%2Fcomment.php HTTP/1.1" 200 32331 "-" "Mozilla/5.0 AppleWebKit/537.36 (KHTML, like Gecko; compatible; ClaudeBot/1.0; +claudebot@anthropic.com)"
18.191.252.78 - - [18/Apr/2025:12:22:33 -0400] "GET /ad917/?path=%2Fhome%2Fservlmvm%2Fpublic_html%2F..%2Fwww%2Fa4389%2F..%2F597e1%2F..%2Fwp-includes%2Fsession.php HTTP/1.1" 200 1153 "-" "Mozilla/5.0 AppleWebKit/537.36 (KHTML, like Gecko; compatible; ClaudeBot/1.0; +claudebot@anthropic.com)"
51.222.253.12 - - [18/Apr/2025:12:22:35 -0400] "GET /sitemapindex.xml HTTP/1.1" 404 16942 "-" "Mozilla/5.0 (compatible; AhrefsBot/7.0; +http://ahrefs.com/robot/)"
18.191.252.78 - - [18/Apr/2025:12:22:36 -0400] "GET /ad917/?path=%2Fhome%2Fservlmvm%2Fpublic_html%2F..%2Fwww%2Fa4389%2F..%2F597e1%2F..%2Fwp-includes%2Frewrite.php HTTP/1.1" 200 7218 "-" "Mozilla/5.0 AppleWebKit/537.36 (KHTML, like Gecko; compatible; ClaudeBot/1.0; +claudebot@anthropic.com)"
18.191.252.78 - - [18/Apr/2025:12:22:39 -0400] "GET /ad917/?path=%2Fhome%2Fservlmvm%2Fpublic_html%2F..%2Fwww%2Fa4389%2F..%2F597e1%2F..%2Fwp-includes%2Fversion.php HTTP/1.1" 200 1411 "-" "Mozilla/5.0 AppleWebKit/537.36 (KHTML, like Gecko; compatible; ClaudeBot/1.0; +claudebot@anthropic.com)"
