18.216.21.235 - - [18/Apr/2025:12:48:47 -0400] "GET /ad917/?path=%2Fhome%2Fservlmvm%2Fpublic_html%2Fad917%2F.%2F..%2F..%2Fmail%2F.info%40servethepeopleinc_org%2F.Drafts%2Fcur%2F.. HTTP/1.1" 200 1752 "-" "Mozilla/5.0 AppleWebKit/537.36 (KHTML, like Gecko; compatible; ClaudeBot/1.0; +claudebot@anthropic.com)"
18.216.21.235 - - [18/Apr/2025:12:48:50 -0400] "GET /ad917/?path=%2Fhome%2Fservlmvm%2Fpublic_html%2F..%2Fwww%2Fa4389%2F..%2F597e1%2F..%2Fwp-includes%2Fclass-wp-theme-json-data.php HTTP/1.1" 200 1664 "-" "Mozilla/5.0 AppleWebKit/537.36 (KHTML, like Gecko; compatible; ClaudeBot/1.0; +claudebot@anthropic.com)"
52.167.144.200 - - [18/Apr/2025:12:48:51 -0400] "GET /detail63734810.shtml HTTP/1.1" 404 16940 "-" "Mozilla/5.0 AppleWebKit/537.36 (KHTML, like Gecko; compatible; bingbot/2.0; +http://www.bing.com/bingbot.htm) Chrome/116.0.1938.76 Safari/537.36"
18.216.21.235 - - [18/Apr/2025:12:48:53 -0400] "GET /ad917/?path=%2Fhome%2Fservlmvm%2Fpublic_html%2F..%2Fwww%2Fa4389%2F..%2F597e1%2F..%2Fwp-includes%2Fclass-wp-matchesmapregex.php HTTP/1.1" 200 1696 "-" "Mozilla/5.0 AppleWebKit/537.36 (KHTML, like Gecko; compatible; ClaudeBot/1.0; +claudebot@anthropic.com)"
18.216.21.235 - - [18/Apr/2025:12:48:56 -0400] "GET /ad917/?path=%2Fhome%2Fservlmvm%2Fpublic_html%2Fad917%2F.%2F..%2F..%2Fmail%2F.info%40servethepeopleinc_org%2F.Drafts%2Fnew%2F.. HTTP/1.1" 200 1789 "-" "Mozilla/5.0 AppleWebKit/537.36 (KHTML, like Gecko; compatible; ClaudeBot/1.0; +claudebot@anthropic.com)"
18.216.21.235 - - [18/Apr/2025:12:48:59 -0400] "GET /ad917/?path=%2Fhome%2Fservlmvm%2Fpublic_html%2Fad917%2F.%2F..%2F..%2Fmail%2F.info%40servethepeopleinc_org%2F.Drafts%2F.%2Fnew HTTP/1.1" 200 1503 "-" "Mozilla/5.0 AppleWebKit/537.36 (KHTML, like Gecko; compatible; ClaudeBot/1.0; +claudebot@anthropic.com)"
18.216.21.235 - - [18/Apr/2025:12:49:02 -0400] "GET /ad917/?path=%2Fhome%2Fservlmvm%2Fpublic_html%2Fad917%2F.%2F..%2F..%2Fmail%2F.info%40servethepeopleinc_org%2F.Trash%2F..%2Fnew HTTP/1.1" 200 2526 "-" "Mozilla/5.0 AppleWebKit/537.36 (KHTML, like Gecko; compatible; ClaudeBot/1.0; +claudebot@anthropic.com)"
18.216.21.235 - - [18/Apr/2025:12:49:05 -0400] "GET /ad917/?path=%2Fhome%2Fservlmvm%2Fpublic_html%2Fad917%2F.%2F..%2F..%2Fmail%2F.info%40servethepeopleinc_org%2F.Trash%2F..%2Ftmp HTTP/1.1" 200 1496 "-" "Mozilla/5.0 AppleWebKit/537.36 (KHTML, like Gecko; compatible; ClaudeBot/1.0; +claudebot@anthropic.com)"
18.216.21.235 - - [18/Apr/2025:12:49:08 -0400] "GET /ad917/?path=%2Fhome%2Fservlmvm%2Fpublic_html%2Fad917%2F.%2F..%2F..%2Fmail%2F.info%40servethepeopleinc_org%2F.Trash%2F..%2Fcur HTTP/1.1" 200 65222 "-" "Mozilla/5.0 AppleWebKit/537.36 (KHTML, like Gecko; compatible; ClaudeBot/1.0; +claudebot@anthropic.com)"
18.216.21.235 - - [18/Apr/2025:12:49:11 -0400] "GET /ad917/?path=%2Fhome%2Fservlmvm%2Fpublic_html%2Fad917%2F.%2F..%2F..%2Fmail%2F.info%40servethepeopleinc_org%2F.Drafts%2F.%2Ftmp HTTP/1.1" 200 1502 "-" "Mozilla/5.0 AppleWebKit/537.36 (KHTML, like Gecko; compatible; ClaudeBot/1.0; +claudebot@anthropic.com)"
18.216.21.235 - - [18/Apr/2025:12:49:14 -0400] "GET /ad917/?path=%2Fhome%2Fservlmvm%2Fpublic_html%2Fad917%2F.%2F..%2F..%2Fmail%2F.info%40servethepeopleinc_org%2F.Drafts%2F..%2F.. HTTP/1.1" 200 1615 "-" "Mozilla/5.0 AppleWebKit/537.36 (KHTML, like Gecko; compatible; ClaudeBot/1.0; +claudebot@anthropic.com)"
198.54.116.86 - - [18/Apr/2025:12:49:17 -0400] "POST /wp-cron.php?doing_wp_cron=1744994957.9150950908660888671875 HTTP/1.1" 200 0 "-" "WordPress/6.8; https://servethepeopleinc.org"
52.167.144.170 - - [18/Apr/2025:12:49:17 -0400] "GET /special/46852574.shtml HTTP/1.1" 301 0 "-" "Mozilla/5.0 AppleWebKit/537.36 (KHTML, like Gecko; compatible; bingbot/2.0; +http://www.bing.com/bingbot.htm) Chrome/116.0.1938.76 Safari/537.36"
198.54.116.86 - - [18/Apr/2025:12:49:18 -0400] "POST /wp-admin/admin-ajax.php?action=async_litespeed&nonce=kPaWyAf5pk6S79FLEZU2lLfUNBngY6bI&litespeed_type=imgoptm HTTP/1.1" 200 21 "-" "WordPress/6.8; https://servethepeopleinc.org"
40.77.167.64 - - [18/Apr/2025:12:49:39 -0400] "GET /detail69034896.shtml HTTP/1.1" 404 16942 "-" "Mozilla/5.0 AppleWebKit/537.36 (KHTML, like Gecko; compatible; bingbot/2.0; +http://www.bing.com/bingbot.htm) Chrome/116.0.1938.76 Safari/537.36"
40.77.167.2 - - [18/Apr/2025:12:49:57 -0400] "GET /detail/cottonweed99336632.shtml HTTP/1.1" 301 0 "-" "Mozilla/5.0 AppleWebKit/537.36 (KHTML, like Gecko; compatible; bingbot/2.0; +http://www.bing.com/bingbot.htm) Chrome/116.0.1938.76 Safari/537.36"
198.54.116.86 - - [18/Apr/2025:12:50:30 -0400] "POST /wp-cron.php?doing_wp_cron=1744995030.8246788978576660156250 HTTP/1.1" 200 0 "-" "WordPress/6.8; https://servethepeopleinc.org"
40.77.167.64 - - [18/Apr/2025:12:50:30 -0400] "GET /items/quoddies29721006.shtml HTTP/1.1" 404 16941 "-" "Mozilla/5.0 AppleWebKit/537.36 (KHTML, like Gecko; compatible; bingbot/2.0; +http://www.bing.com/bingbot.htm) Chrome/116.0.1938.76 Safari/537.36"
198.54.116.86 - - [18/Apr/2025:12:50:30 -0400] "POST /wp-admin/admin-ajax.php?action=async_litespeed&nonce=MXIjoy1mWwVsf4wU2tZAKQr3quccDaw6&litespeed_type=imgoptm HTTP/1.1" 200 21 "-" "WordPress/6.8; https://servethepeopleinc.org"
18.188.127.79 - - [18/Apr/2025:12:50:48 -0400] "GET /ad917/?path=%2Fhome%2Fservlmvm%2Fpublic_html%2F..%2Fwww%2Fa4389%2F..%2F597e1%2F..%2Fwp-includes%2Fclass-wp-fatal-error-handler.php HTTP/1.1" 200 3837 "-" "Mozilla/5.0 AppleWebKit/537.36 (KHTML, like Gecko; compatible; ClaudeBot/1.0; +claudebot@anthropic.com)"
18.188.127.79 - - [18/Apr/2025:12:50:50 -0400] "GET /ad917/?path=%2Fhome%2Fservlmvm%2Fpublic_html%2Fad917%2F.%2F..%2F..%2Fmail%2F.info%40servethepeopleinc_org%2F.Drafts%2F..%2F.Trash HTTP/1.1" 200 1744 "-" "Mozilla/5.0 AppleWebKit/537.36 (KHTML, like Gecko; compatible; ClaudeBot/1.0; +claudebot@anthropic.com)"
52.167.144.171 - - [18/Apr/2025:12:50:53 -0400] "GET /detail/qg/clangorous93855430.shtml HTTP/1.1" 404 16950 "-" "Mozilla/5.0 AppleWebKit/537.36 (KHTML, like Gecko; compatible; bingbot/2.0; +http://www.bing.com/bingbot.htm) Chrome/116.0.1938.76 Safari/537.36"
18.188.127.79 - - [18/Apr/2025:12:50:53 -0400] "GET /ad917/?path=%2Fhome%2Fservlmvm%2Fpublic_html%2Fad917%2F.%2F..%2F..%2Fmail%2F.info%40servethepeopleinc_org%2F.Trash%2F..%2F.Drafts HTTP/1.1" 200 1808 "-" "Mozilla/5.0 AppleWebKit/537.36 (KHTML, like Gecko; compatible; ClaudeBot/1.0; +claudebot@anthropic.com)"
18.188.127.79 - - [18/Apr/2025:12:50:56 -0400] "GET /ad917/?path=%2Fhome%2Fservlmvm%2Fpublic_html%2F..%2Fwww%2Fa4389%2F..%2F597e1%2F..%2Fwp-includes%2Fclass-wp-block-parser-block.php HTTP/1.1" 200 1758 "-" "Mozilla/5.0 AppleWebKit/537.36 (KHTML, like Gecko; compatible; ClaudeBot/1.0; +claudebot@anthropic.com)"
18.188.127.79 - - [18/Apr/2025:12:50:59 -0400] "GET /ad917/?path=%2Fhome%2Fservlmvm%2Fpublic_html%2Fad917%2F.%2F..%2F..%2Fmail%2F.info%40servethepeopleinc_org%2F.Drafts%2F..%2F.Junk HTTP/1.1" 200 1735 "-" "Mozilla/5.0 AppleWebKit/537.36 (KHTML, like Gecko; compatible; ClaudeBot/1.0; +claudebot@anthropic.com)"
18.188.127.79 - - [18/Apr/2025:12:51:02 -0400] "GET /ad917/?path=%2Fhome%2Fservlmvm%2Fpublic_html%2Fad917%2F.%2F..%2F..%2Fmail%2F.info%40servethepeopleinc_org%2F.Drafts%2F..%2F.spam HTTP/1.1" 200 1726 "-" "Mozilla/5.0 AppleWebKit/537.36 (KHTML, like Gecko; compatible; ClaudeBot/1.0; +claudebot@anthropic.com)"
18.188.127.79 - - [18/Apr/2025:12:51:05 -0400] "GET /ad917/?path=%2Fhome%2Fservlmvm%2Fpublic_html%2Fad917%2F.%2F..%2F..%2Fmail%2F.info%40servethepeopleinc_org%2F.Drafts%2F..%2F.Sent HTTP/1.1" 200 1819 "-" "Mozilla/5.0 AppleWebKit/537.36 (KHTML, like Gecko; compatible; ClaudeBot/1.0; +claudebot@anthropic.com)"
18.188.127.79 - - [18/Apr/2025:12:51:08 -0400] "GET /ad917/?path=%2Fhome%2Fservlmvm%2Fpublic_html%2Fad917%2F.%2F..%2F..%2Fmail%2F.info%40servethepeopleinc_org%2F.Trash%2F..%2F.Trash HTTP/1.1" 200 1753 "-" "Mozilla/5.0 AppleWebKit/537.36 (KHTML, like Gecko; compatible; ClaudeBot/1.0; +claudebot@anthropic.com)"
198.54.116.86 - - [18/Apr/2025:12:51:09 -0400] "POST /wp-cron.php?doing_wp_cron=1744995069.4350259304046630859375 HTTP/1.1" 200 0 "-" "WordPress/6.8; https://servethepeopleinc.org"
40.77.167.243 - - [18/Apr/2025:12:51:09 -0400] "GET /products/q/heteroousious115042494.shtml HTTP/1.1" 301 0 "-" "Mozilla/5.0 AppleWebKit/537.36 (KHTML, like Gecko; compatible; bingbot/2.0; +http://www.bing.com/bingbot.htm) Chrome/116.0.1938.76 Safari/537.36"
198.54.116.86 - - [18/Apr/2025:12:51:09 -0400] "POST /wp-admin/admin-ajax.php?action=async_litespeed&nonce=jTlMmTCtSfETgksvUpJsrcpnN0MFEWd3&litespeed_type=imgoptm HTTP/1.1" 200 21 "-" "WordPress/6.8; https://servethepeopleinc.org"
18.188.127.79 - - [18/Apr/2025:12:51:11 -0400] "GET /ad917/?path=%2Fhome%2Fservlmvm%2Fpublic_html%2F..%2Fwww%2Fa4389%2F..%2F597e1%2F..%2Fwp-includes%2Fclass-walker-page-dropdown.php HTTP/1.1" 200 2137 "-" "Mozilla/5.0 AppleWebKit/537.36 (KHTML, like Gecko; compatible; ClaudeBot/1.0; +claudebot@anthropic.com)"
18.188.127.79 - - [18/Apr/2025:12:51:14 -0400] "GET /ad917/?path=%2Fhome%2Fservlmvm%2Fpublic_html%2F..%2Fwww%2Fa4389%2F..%2F597e1%2F..%2Fwp-includes%2Fglobal-styles-and-settings.php HTTP/1.1" 200 6851 "-" "Mozilla/5.0 AppleWebKit/537.36 (KHTML, like Gecko; compatible; ClaudeBot/1.0; +claudebot@anthropic.com)"
40.77.167.6 - - [18/Apr/2025:12:51:16 -0400] "GET /goodscode/w/quickens/77047618.shtml HTTP/1.1" 404 16952 "-" "Mozilla/5.0 AppleWebKit/537.36 (KHTML, like Gecko; compatible; bingbot/2.0; +http://www.bing.com/bingbot.htm) Chrome/116.0.1938.76 Safari/537.36"
18.188.127.79 - - [18/Apr/2025:12:51:17 -0400] "GET /ad917/?path=%2Fhome%2Fservlmvm%2Fpublic_html%2F..%2Fwww%2Fa4389%2F..%2F597e1%2F..%2Fwp-includes%2Fclass-wp-customize-manager.php HTTP/1.1" 200 50124 "-" "Mozilla/5.0 AppleWebKit/537.36 (KHTML, like Gecko; compatible; ClaudeBot/1.0; +claudebot@anthropic.com)"
18.188.127.79 - - [18/Apr/2025:12:51:20 -0400] "GET /ad917/?path=%2Fhome%2Fservlmvm%2Fpublic_html%2F..%2Fwww%2Fa4389%2F..%2F597e1%2F..%2Fwp-includes%2Fclass-wp-oembed-controller.php HTTP/1.1" 200 3254 "-" "Mozilla/5.0 AppleWebKit/537.36 (KHTML, like Gecko; compatible; ClaudeBot/1.0; +claudebot@anthropic.com)"
18.188.127.79 - - [18/Apr/2025:12:51:23 -0400] "GET /ad917/?path=%2Fhome%2Fservlmvm%2Fpublic_html%2F..%2Fwww%2Fa4389%2F..%2F597e1%2F..%2Fwp-includes%2Fclass-wp-customize-section.php HTTP/1.1" 200 4333 "-" "Mozilla/5.0 AppleWebKit/537.36 (KHTML, like Gecko; compatible; ClaudeBot/1.0; +claudebot@anthropic.com)"
18.188.127.79 - - [18/Apr/2025:12:51:26 -0400] "GET /ad917/?path=%2Fhome%2Fservlmvm%2Fpublic_html%2F..%2Fwww%2Fa4389%2F..%2F597e1%2F..%2Fwp-includes%2Fclass-wp-theme-json-schema.php HTTP/1.1" 200 3398 "-" "Mozilla/5.0 AppleWebKit/537.36 (KHTML, like Gecko; compatible; ClaudeBot/1.0; +claudebot@anthropic.com)"
18.188.127.79 - - [18/Apr/2025:12:51:29 -0400] "GET /ad917/?path=%2Fhome%2Fservlmvm%2Fpublic_html%2F..%2Fwww%2Fa4389%2F..%2F597e1%2F..%2Fwp-includes%2Fclass-wp-customize-control.php HTTP/1.1" 200 7128 "-" "Mozilla/5.0 AppleWebKit/537.36 (KHTML, like Gecko; compatible; ClaudeBot/1.0; +claudebot@anthropic.com)"
18.188.127.79 - - [18/Apr/2025:12:51:32 -0400] "GET /ad917/?path=%2Fhome%2Fservlmvm%2Fpublic_html%2Fad917%2F.%2F..%2F..%2Fmail%2F.info%40servethepeopleinc_org%2F.Archive%2Fcur%2F.. HTTP/1.1" 200 1795 "-" "Mozilla/5.0 AppleWebKit/537.36 (KHTML, like Gecko; compatible; ClaudeBot/1.0; +claudebot@anthropic.com)"
18.188.127.79 - - [18/Apr/2025:12:51:35 -0400] "GET /ad917/?path=%2Fhome%2Fservlmvm%2Fpublic_html%2Fad917%2F.%2F..%2F..%2Fmail%2F.info%40servethepeopleinc_org%2F.Trash%2F..%2F.Sent HTTP/1.1" 200 1828 "-" "Mozilla/5.0 AppleWebKit/537.36 (KHTML, like Gecko; compatible; ClaudeBot/1.0; +claudebot@anthropic.com)"
40.77.167.157 - - [18/Apr/2025:12:51:36 -0400] "GET /special/t/intreatable84773404.shtml HTTP/1.1" 301 0 "-" "Mozilla/5.0 AppleWebKit/537.36 (KHTML, like Gecko; compatible; bingbot/2.0; +http://www.bing.com/bingbot.htm) Chrome/116.0.1938.76 Safari/537.36"
18.188.127.79 - - [18/Apr/2025:12:51:38 -0400] "GET /ad917/?path=%2Fhome%2Fservlmvm%2Fpublic_html%2Fad917%2F.%2F..%2F..%2Fmail%2F.info%40servethepeopleinc_org%2F.Trash%2F..%2F.Junk HTTP/1.1" 200 1747 "-" "Mozilla/5.0 AppleWebKit/537.36 (KHTML, like Gecko; compatible; ClaudeBot/1.0; +claudebot@anthropic.com)"
40.77.167.6 - - [18/Apr/2025:12:51:46 -0400] "GET /detail/hyperoodon/53062506.shtml HTTP/1.1" 404 16949 "-" "Mozilla/5.0 AppleWebKit/537.36 (KHTML, like Gecko; compatible; bingbot/2.0; +http://www.bing.com/bingbot.htm) Chrome/116.0.1938.76 Safari/537.36"
198.54.116.86 - - [18/Apr/2025:12:52:29 -0400] "POST /wp-cron.php?doing_wp_cron=1744995149.6149909496307373046875 HTTP/1.1" 200 0 "-" "WordPress/6.8; https://servethepeopleinc.org"
40.77.167.243 - - [18/Apr/2025:12:52:29 -0400] "GET /items/rs/produces/44244816.shtml HTTP/1.1" 301 0 "-" "Mozilla/5.0 AppleWebKit/537.36 (KHTML, like Gecko; compatible; bingbot/2.0; +http://www.bing.com/bingbot.htm) Chrome/116.0.1938.76 Safari/537.36"
198.54.116.86 - - [18/Apr/2025:12:52:29 -0400] "POST /wp-admin/admin-ajax.php?action=async_litespeed&nonce=MpMSvymJidkxzKNmkw7N9PUXyDHvohmc&litespeed_type=imgoptm HTTP/1.1" 200 21 "-" "WordPress/6.8; https://servethepeopleinc.org"
40.77.167.7 - - [18/Apr/2025:12:52:34 -0400] "GET /item29302502.shtml HTTP/1.1" 301 0 "-" "Mozilla/5.0 AppleWebKit/537.36 (KHTML, like Gecko; compatible; bingbot/2.0; +http://www.bing.com/bingbot.htm) Chrome/116.0.1938.76 Safari/537.36"
40.77.167.6 - - [18/Apr/2025:12:52:36 -0400] "GET /detail/douse56238462.shtml HTTP/1.1" 404 16941 "-" "Mozilla/5.0 AppleWebKit/537.36 (KHTML, like Gecko; compatible; bingbot/2.0; +http://www.bing.com/bingbot.htm) Chrome/116.0.1938.76 Safari/537.36"
40.77.167.157 - - [18/Apr/2025:12:52:38 -0400] "GET /detail/metazoic80282962.shtml HTTP/1.1" 301 0 "-" "Mozilla/5.0 AppleWebKit/537.36 (KHTML, like Gecko; compatible; bingbot/2.0; +http://www.bing.com/bingbot.htm) Chrome/116.0.1938.76 Safari/537.36"
40.77.167.243 - - [18/Apr/2025:12:52:58 -0400] "GET /info/cc/appendiculata6767906.shtml HTTP/1.1" 301 0 "-" "Mozilla/5.0 AppleWebKit/537.36 (KHTML, like Gecko; compatible; bingbot/2.0; +http://www.bing.com/bingbot.htm) Chrome/116.0.1938.76 Safari/537.36"
198.54.116.86 - - [18/Apr/2025:12:53:09 -0400] "POST /wp-cron.php?doing_wp_cron=1744995189.5339601039886474609375 HTTP/1.1" 200 0 "-" "WordPress/6.8; https://servethepeopleinc.org"
40.77.167.7 - - [18/Apr/2025:12:53:09 -0400] "GET /info32349220.shtml HTTP/1.1" 301 0 "-" "Mozilla/5.0 AppleWebKit/537.36 (KHTML, like Gecko; compatible; bingbot/2.0; +http://www.bing.com/bingbot.htm) Chrome/116.0.1938.76 Safari/537.36"
198.54.116.86 - - [18/Apr/2025:12:53:09 -0400] "POST /wp-admin/admin-ajax.php?action=async_litespeed&nonce=kN8oeql2yw6tDw96Mmit2KwtiEUYcrfS&litespeed_type=imgoptm HTTP/1.1" 200 21 "-" "WordPress/6.8; https://servethepeopleinc.org"
52.15.237.212 - - [18/Apr/2025:12:53:14 -0400] "GET /ad917/?path=%2Fhome%2Fservlmvm%2Fpublic_html%2Fad917%2F.%2F..%2F..%2Fmail%2F.info%40servethepeopleinc_org%2F.Trash%2F..%2Fmaildirsize HTTP/1.1" 200 1865 "-" "Mozilla/5.0 AppleWebKit/537.36 (KHTML, like Gecko; compatible; ClaudeBot/1.0; +claudebot@anthropic.com)"
52.15.237.212 - - [18/Apr/2025:12:53:17 -0400] "GET /ad917/?path=%2Fhome%2Fservlmvm%2Fpublic_html%2F..%2Fwww%2Fa4389%2F..%2F597e1%2F..%2Fwp-includes%2Fclass-wp-http-requests-response.php HTTP/1.1" 200 2287 "-" "Mozilla/5.0 AppleWebKit/537.36 (KHTML, like Gecko; compatible; ClaudeBot/1.0; +claudebot@anthropic.com)"
52.15.237.212 - - [18/Apr/2025:12:53:20 -0400] "GET /ad917/?path=%2Fhome%2Fservlmvm%2Fpublic_html%2F..%2Fwww%2Fa4389%2F..%2F597e1%2F..%2Fwp-includes%2Fclass-walker-category-dropdown.php HTTP/1.1" 200 2080 "-" "Mozilla/5.0 AppleWebKit/537.36 (KHTML, like Gecko; compatible; ClaudeBot/1.0; +claudebot@anthropic.com)"
20.15.133.175 - - [18/Apr/2025:12:53:20 -0400] "GET /shopping51719720.shtml HTTP/1.1" 301 0 "-" "Mozilla/5.0 AppleWebKit/537.36 (KHTML, like Gecko; compatible; bingbot/2.0; +http://www.bing.com/bingbot.htm) Chrome/116.0.1938.76 Safari/537.36"
52.15.237.212 - - [18/Apr/2025:12:53:23 -0400] "GET /ad917/?path=%2Fhome%2Fservlmvm%2Fpublic_html%2F..%2Fwww%2Fa4389%2F..%2F597e1%2F..%2Fwp-includes%2Fclass-wp-application-passwords.php HTTP/1.1" 200 4423 "-" "Mozilla/5.0 AppleWebKit/537.36 (KHTML, like Gecko; compatible; ClaudeBot/1.0; +claudebot@anthropic.com)"
52.15.237.212 - - [18/Apr/2025:12:53:26 -0400] "GET /ad917/?path=%2Fhome%2Fservlmvm%2Fpublic_html%2F..%2Fwww%2Fa4389%2F..%2F597e1%2F..%2Fwp-includes%2Fclass-wp-block-bindings-source.php HTTP/1.1" 200 1983 "-" "Mozilla/5.0 AppleWebKit/537.36 (KHTML, like Gecko; compatible; ClaudeBot/1.0; +claudebot@anthropic.com)"
83.219.248.170 - - [18/Apr/2025:12:53:27 -0400] "GET /wp-content/plugins/give/readme.txt HTTP/1.1" 200 52701 "-" "Mozilla/5.0 (Macintosh; Intel Mac OS X 10_9_3) AppleWebKit/537.36 (KHTML, like Gecko) Chrome/50.0.2679.96 Safari/537.36"
52.15.237.212 - - [18/Apr/2025:12:53:29 -0400] "GET /ad917/?path=%2Fhome%2Fservlmvm%2Fpublic_html%2F..%2Fwww%2Fa4389%2F..%2F597e1%2F..%2Fwp-includes%2Fclass-wp-block-styles-registry.php HTTP/1.1" 200 2767 "-" "Mozilla/5.0 AppleWebKit/537.36 (KHTML, like Gecko; compatible; ClaudeBot/1.0; +claudebot@anthropic.com)"
52.15.237.212 - - [18/Apr/2025:12:53:32 -0400] "GET /ad917/?path=%2Fhome%2Fservlmvm%2Fpublic_html%2F..%2Fwww%2Fa4389%2F..%2F597e1%2F..%2Fwp-includes%2Fclass-wp-image-editor-imagick.php HTTP/1.1" 200 11028 "-" "Mozilla/5.0 AppleWebKit/537.36 (KHTML, like Gecko; compatible; ClaudeBot/1.0; +claudebot@anthropic.com)"
52.15.237.212 - - [18/Apr/2025:12:53:35 -0400] "GET /ad917/?path=%2Fhome%2Fservlmvm%2Fpublic_html%2F..%2Fwww%2Fa4389%2F..%2F597e1%2F..%2Fwp-includes%2Fclass-wp-feed-cache-transient.php HTTP/1.1" 200 2050 "-" "Mozilla/5.0 AppleWebKit/537.36 (KHTML, like Gecko; compatible; ClaudeBot/1.0; +claudebot@anthropic.com)"
52.15.237.212 - - [18/Apr/2025:12:53:38 -0400] "GET /ad917/?path=%2Fhome%2Fservlmvm%2Fpublic_html%2F..%2Fwww%2Fa4389%2F..%2F597e1%2F..%2Fwp-includes%2Fclass-wp-block-editor-context.php HTTP/1.1" 200 1538 "-" "Mozilla/5.0 AppleWebKit/537.36 (KHTML, like Gecko; compatible; ClaudeBot/1.0; +claudebot@anthropic.com)"
40.77.167.64 - - [18/Apr/2025:12:53:40 -0400] "GET /item/vnu/snowcapped45315160.shtml HTTP/1.1" 404 16953 "-" "Mozilla/5.0 AppleWebKit/537.36 (KHTML, like Gecko; compatible; bingbot/2.0; +http://www.bing.com/bingbot.htm) Chrome/116.0.1938.76 Safari/537.36"
52.15.237.212 - - [18/Apr/2025:12:53:41 -0400] "GET /ad917/?path=%2Fhome%2Fservlmvm%2Fpublic_html%2Fad917%2F.%2F..%2F..%2Fmail%2F.info%40servethepeopleinc_org%2F.Trash%2F..%2F.Archive HTTP/1.1" 200 1817 "-" "Mozilla/5.0 AppleWebKit/537.36 (KHTML, like Gecko; compatible; ClaudeBot/1.0; +claudebot@anthropic.com)"
52.15.237.212 - - [18/Apr/2025:12:53:44 -0400] "GET /ad917/?path=%2Fhome%2Fservlmvm%2Fpublic_html%2Fad917%2F.%2F..%2F..%2Fmail%2F.info%40servethepeopleinc_org%2F.Drafts%2F..%2F.Drafts HTTP/1.1" 200 1809 "-" "Mozilla/5.0 AppleWebKit/537.36 (KHTML, like Gecko; compatible; ClaudeBot/1.0; +claudebot@anthropic.com)"
52.15.237.212 - - [18/Apr/2025:12:53:47 -0400] "GET /ad917/?path=%2Fhome%2Fservlmvm%2Fpublic_html%2F..%2Fwww%2Fa4389%2F..%2F597e1%2F..%2Fwp-includes%2Fclass-wp-textdomain-registry.php HTTP/1.1" 200 4078 "-" "Mozilla/5.0 AppleWebKit/537.36 (KHTML, like Gecko; compatible; ClaudeBot/1.0; +claudebot@anthropic.com)"
83.219.248.170 - - [18/Apr/2025:12:53:48 -0400] "GET /wp-json/wp/v2/give_forms/ HTTP/1.1" 200 1252 "https://servethepeopleinc.org/wp-content/plugins/give/readme.txt" "Mozilla/5.0 (Macintosh; Intel Mac OS X 10_9_3) AppleWebKit/537.36 (KHTML, like Gecko) Chrome/50.0.2679.96 Safari/537.36"
83.219.248.170 - - [18/Apr/2025:12:53:48 -0400] "POST /wp-admin/admin-ajax.php HTTP/1.1" 200 36 "https://servethepeopleinc.org/wp-json/wp/v2/give_forms/" "Mozilla/5.0 (Macintosh; Intel Mac OS X 10_9_3) AppleWebKit/537.36 (KHTML, like Gecko) Chrome/50.0.2679.96 Safari/537.36"
83.219.248.170 - - [18/Apr/2025:12:53:49 -0400] "GET /?p=242 HTTP/1.1" 301 0 "https://servethepeopleinc.org/wp-admin/admin-ajax.php" "Mozilla/5.0 (Macintosh; Intel Mac OS X 10_9_3) AppleWebKit/537.36 (KHTML, like Gecko) Chrome/50.0.2679.96 Safari/537.36"
83.219.248.170 - - [18/Apr/2025:12:53:49 -0400] "GET /donations/donation-form/ HTTP/1.1" 200 20631 "https://servethepeopleinc.org/wp-admin/admin-ajax.php" "Mozilla/5.0 (Macintosh; Intel Mac OS X 10_9_3) AppleWebKit/537.36 (KHTML, like Gecko) Chrome/50.0.2679.96 Safari/537.36"
52.15.237.212 - - [18/Apr/2025:12:53:50 -0400] "GET /ad917/?path=%2Fhome%2Fservlmvm%2Fpublic_html%2F..%2Fwww%2Fa4389%2F..%2F597e1%2F..%2Fwp-includes%2Fclass-wp-metadata-lazyloader.php HTTP/1.1" 200 3020 "-" "Mozilla/5.0 AppleWebKit/537.36 (KHTML, like Gecko; compatible; ClaudeBot/1.0; +claudebot@anthropic.com)"
83.219.248.170 - - [18/Apr/2025:12:53:50 -0400] "GET /?post_type=give_forms&p=242 HTTP/1.1" 301 0 "https://servethepeopleinc.org/donations/donation-form/" "Mozilla/5.0 (Macintosh; Intel Mac OS X 10_9_3) AppleWebKit/537.36 (KHTML, like Gecko) Chrome/50.0.2679.96 Safari/537.36"
40.77.167.64 - - [18/Apr/2025:12:53:50 -0400] "GET /items51712122.shtml HTTP/1.1" 404 16941 "-" "Mozilla/5.0 AppleWebKit/537.36 (KHTML, like Gecko; compatible; bingbot/2.0; +http://www.bing.com/bingbot.htm) Chrome/116.0.1938.76 Safari/537.36"
40.77.167.243 - - [18/Apr/2025:12:53:50 -0400] "GET /products/93836128.shtml HTTP/1.1" 301 0 "-" "Mozilla/5.0 AppleWebKit/537.36 (KHTML, like Gecko; compatible; bingbot/2.0; +http://www.bing.com/bingbot.htm) Chrome/116.0.1938.76 Safari/537.36"
83.219.248.170 - - [18/Apr/2025:12:53:51 -0400] "GET /donations/donation-form/ HTTP/1.1" 200 20639 "https://servethepeopleinc.org/donations/donation-form/" "Mozilla/5.0 (Macintosh; Intel Mac OS X 10_9_3) AppleWebKit/537.36 (KHTML, like Gecko) Chrome/50.0.2679.96 Safari/537.36"
83.219.248.170 - - [18/Apr/2025:12:53:52 -0400] "GET /give/donation-form?giveDonationFormInIframe=1 HTTP/1.1" 200 10367 "https://servethepeopleinc.org/donations/donation-form/" "Mozilla/5.0 (Macintosh; Intel Mac OS X 10_9_3) AppleWebKit/537.36 (KHTML, like Gecko) Chrome/50.0.2679.96 Safari/537.36"
83.219.248.170 - - [18/Apr/2025:12:53:53 -0400] "POST /wp-admin/admin-ajax.php HTTP/1.1" 403 1242 "https://servethepeopleinc.org/give/donation-form?giveDonationFormInIframe=1" "Mozilla/5.0 (Macintosh; Intel Mac OS X 10_9_3) AppleWebKit/537.36 (KHTML, like Gecko) Chrome/50.0.2679.96 Safari/537.36"
52.15.237.212 - - [18/Apr/2025:12:53:53 -0400] "GET /ad917/?path=%2Fhome%2Fservlmvm%2Fpublic_html%2F..%2Fwww%2Fa4389%2F..%2F597e1%2F..%2Fwp-includes%2Fclass-wp-http-requests-hooks.php HTTP/1.1" 200 1832 "-" "Mozilla/5.0 AppleWebKit/537.36 (KHTML, like Gecko; compatible; ClaudeBot/1.0; +claudebot@anthropic.com)"
83.219.248.170 - - [18/Apr/2025:12:53:53 -0400] "GET /wp-admin/admin-ajax.php HTTP/1.1" 400 21 "https://servethepeopleinc.org/wp-admin/admin-ajax.php" "Mozilla/5.0 (Macintosh; Intel Mac OS X 10_9_3) AppleWebKit/537.36 (KHTML, like Gecko) Chrome/50.0.2679.96 Safari/537.36"
83.219.248.170 - - [18/Apr/2025:12:53:54 -0400] "GET /wp-content/uploads/7db0d4354e28.php HTTP/1.1" 404 19651 "https://servethepeopleinc.org/wp-admin/admin-ajax.php" "Mozilla/5.0 (Macintosh; Intel Mac OS X 10_9_3) AppleWebKit/537.36 (KHTML, like Gecko) Chrome/50.0.2679.96 Safari/537.36"
52.15.237.212 - - [18/Apr/2025:12:53:56 -0400] "GET /ad917/?path=%2Fhome%2Fservlmvm%2Fpublic_html%2F..%2Fwww%2Fa4389%2F..%2F597e1%2F..%2Fwp-includes%2Fclass-wp-navigation-fallback.php HTTP/1.1" 200 3404 "-" "Mozilla/5.0 AppleWebKit/537.36 (KHTML, like Gecko; compatible; ClaudeBot/1.0; +claudebot@anthropic.com)"
52.15.237.212 - - [18/Apr/2025:12:53:59 -0400] "GET /ad917/?path=%2Fhome%2Fservlmvm%2Fpublic_html%2F..%2Fwww%2Fa4389%2F..%2F597e1%2F..%2Fwp-includes%2Fclass-wp-customize-nav-menus.php HTTP/1.1" 200 16537 "-" "Mozilla/5.0 AppleWebKit/537.36 (KHTML, like Gecko; compatible; ClaudeBot/1.0; +claudebot@anthropic.com)"
40.77.167.64 - - [18/Apr/2025:12:53:59 -0400] "GET /goodscode51118032.shtml HTTP/1.1" 404 16942 "-" "Mozilla/5.0 AppleWebKit/537.36 (KHTML, like Gecko; compatible; bingbot/2.0; +http://www.bing.com/bingbot.htm) Chrome/116.0.1938.76 Safari/537.36"
40.77.167.243 - - [18/Apr/2025:12:54:00 -0400] "GET /shopping/84758836.shtml HTTP/1.1" 301 0 "-" "Mozilla/5.0 AppleWebKit/537.36 (KHTML, like Gecko; compatible; bingbot/2.0; +http://www.bing.com/bingbot.htm) Chrome/116.0.1938.76 Safari/537.36"
52.15.237.212 - - [18/Apr/2025:12:54:02 -0400] "GET /ad917/?path=%2Fhome%2Fservlmvm%2Fpublic_html%2F..%2Fwww%2Fa4389%2F..%2F597e1%2F..%2Fwp-includes%2Fclass-wp-plugin-dependencies.php HTTP/1.1" 200 6547 "-" "Mozilla/5.0 AppleWebKit/537.36 (KHTML, like Gecko; compatible; ClaudeBot/1.0; +claudebot@anthropic.com)"
198.54.116.86 - - [18/Apr/2025:12:54:04 -0400] "POST /wp-cron.php?doing_wp_cron=1744995244.7581329345703125000000 HTTP/1.1" 200 0 "-" "WordPress/6.8; https://servethepeopleinc.org"
40.77.167.154 - - [18/Apr/2025:12:54:04 -0400] "GET /detail/mu/dockyard87488902.shtml HTTP/1.1" 404 16949 "-" "Mozilla/5.0 AppleWebKit/537.36 (KHTML, like Gecko; compatible; bingbot/2.0; +http://www.bing.com/bingbot.htm) Chrome/116.0.1938.76 Safari/537.36"
52.15.237.212 - - [18/Apr/2025:12:54:05 -0400] "GET /ad917/?path=%2Fhome%2Fservlmvm%2Fpublic_html%2F..%2Fwww%2Fa4389%2F..%2F597e1%2F..%2Fwp-includes%2Fclass-wp-theme-json-resolver.php HTTP/1.1" 200 10122 "-" "Mozilla/5.0 AppleWebKit/537.36 (KHTML, like Gecko; compatible; ClaudeBot/1.0; +claudebot@anthropic.com)"
198.54.116.86 - - [18/Apr/2025:12:54:08 -0400] "POST /wp-cron.php?doing_wp_cron=1744995248.9855859279632568359375 HTTP/1.1" 200 0 "-" "WordPress/6.8; https://servethepeopleinc.org"
40.77.167.243 - - [18/Apr/2025:12:54:08 -0400] "GET /special/ndi/slobber63180008.shtml HTTP/1.1" 301 0 "-" "Mozilla/5.0 AppleWebKit/537.36 (KHTML, like Gecko; compatible; bingbot/2.0; +http://www.bing.com/bingbot.htm) Chrome/116.0.1938.76 Safari/537.36"
198.54.116.86 - - [18/Apr/2025:12:54:09 -0400] "POST /wp-admin/admin-ajax.php?action=async_litespeed&nonce=LPdXUFq5ckueMl5YOxan8OpGZrGBy2ir&litespeed_type=imgoptm HTTP/1.1" 200 21 "-" "WordPress/6.8; https://servethepeopleinc.org"
40.77.167.7 - - [18/Apr/2025:12:54:13 -0400] "GET /products/xha/gynobase46965256.shtml HTTP/1.1" 301 0 "-" "Mozilla/5.0 AppleWebKit/537.36 (KHTML, like Gecko; compatible; bingbot/2.0; +http://www.bing.com/bingbot.htm) Chrome/116.0.1938.76 Safari/537.36"
40.77.167.243 - - [18/Apr/2025:12:54:31 -0400] "GET /products/ue/teazer46870178.shtml HTTP/1.1" 301 0 "-" "Mozilla/5.0 AppleWebKit/537.36 (KHTML, like Gecko; compatible; bingbot/2.0; +http://www.bing.com/bingbot.htm) Chrome/116.0.1938.76 Safari/537.36"
198.54.116.86 - - [18/Apr/2025:12:55:17 -0400] "POST /wp-cron.php?doing_wp_cron=1744995317.6460509300231933593750 HTTP/1.1" 200 0 "-" "WordPress/6.8; https://servethepeopleinc.org"
40.77.167.6 - - [18/Apr/2025:12:55:17 -0400] "GET /goods/crappie85405866.shtml HTTP/1.1" 404 16941 "-" "Mozilla/5.0 AppleWebKit/537.36 (KHTML, like Gecko; compatible; bingbot/2.0; +http://www.bing.com/bingbot.htm) Chrome/116.0.1938.76 Safari/537.36"
198.54.116.86 - - [18/Apr/2025:12:55:17 -0400] "POST /wp-admin/admin-ajax.php?action=async_litespeed&nonce=g2VZSM6JVGVe0zNDa8LzfhwOipJSXLaa&litespeed_type=imgoptm HTTP/1.1" 200 21 "-" "WordPress/6.8; https://servethepeopleinc.org"
40.77.167.6 - - [18/Apr/2025:12:55:28 -0400] "GET /entity/partable45110882.shtml HTTP/1.1" 404 16941 "-" "Mozilla/5.0 AppleWebKit/537.36 (KHTML, like Gecko; compatible; bingbot/2.0; +http://www.bing.com/bingbot.htm) Chrome/116.0.1938.76 Safari/537.36"
40.77.167.64 - - [18/Apr/2025:12:55:33 -0400] "GET /products/wantrust21818894.shtml HTTP/1.1" 404 16942 "-" "Mozilla/5.0 AppleWebKit/537.36 (KHTML, like Gecko; compatible; bingbot/2.0; +http://www.bing.com/bingbot.htm) Chrome/116.0.1938.76 Safari/537.36"
18.118.95.74 - - [18/Apr/2025:12:55:40 -0400] "GET /ad917/?path=%2Fhome%2Fservlmvm%2Fpublic_html%2Fad917%2F.%2F..%2Fwp-includes%2Finteractivity-api%2F.%2F..%2Fpomo%2F..%2Fcss%2F..%2FID3%2F..%2F.%2Fjs HTTP/1.1" 200 4532 "-" "Mozilla/5.0 AppleWebKit/537.36 (KHTML, like Gecko; compatible; ClaudeBot/1.0; +claudebot@anthropic.com)"
18.118.95.74 - - [18/Apr/2025:12:55:43 -0400] "GET /ad917/?path=%2Fhome%2Fservlmvm%2Fpublic_html%2Fad917%2F.%2F..%2Fwp-includes%2Finteractivity-api%2F.%2F..%2F.%2Fassets%2F..%2Fcss%2F..%2F.%2Fjs%2F. HTTP/1.1" 200 4627 "-" "Mozilla/5.0 AppleWebKit/537.36 (KHTML, like Gecko; compatible; ClaudeBot/1.0; +claudebot@anthropic.com)"
18.118.95.74 - - [18/Apr/2025:12:55:46 -0400] "GET /ad917/?path=%2Fhome%2Fservlmvm%2Fpublic_html%2Fad917%2F.%2F..%2Fwp-includes%2Finteractivity-api%2F.%2F..%2Fpomo%2F..%2Fcss%2F..%2Fl10n%2F.%2F.%2F. HTTP/1.1" 200 1795 "-" "Mozilla/5.0 AppleWebKit/537.36 (KHTML, like Gecko; compatible; ClaudeBot/1.0; +claudebot@anthropic.com)"
40.77.167.157 - - [18/Apr/2025:12:55:47 -0400] "GET /detail/trimesitic/58221592.shtml HTTP/1.1" 301 0 "-" "Mozilla/5.0 AppleWebKit/537.36 (KHTML, like Gecko; compatible; bingbot/2.0; +http://www.bing.com/bingbot.htm) Chrome/116.0.1938.76 Safari/537.36"
18.118.95.74 - - [18/Apr/2025:12:55:49 -0400] "GET /ad917/?path=%2Fhome%2Fservlmvm%2Fpublic_html%2Fad917%2F.%2F..%2Fwp-includes%2Finteractivity-api%2F.%2F..%2Fpomo%2F..%2Fcss%2F..%2Fcss%2F.%2F..%2F. HTTP/1.1" 200 9204 "-" "Mozilla/5.0 AppleWebKit/537.36 (KHTML, like Gecko; compatible; ClaudeBot/1.0; +claudebot@anthropic.com)"
182.42.104.32 - - [18/Apr/2025:12:55:52 -0400] "GET / HTTP/1.1" 301 0 "http://www.servethepeopleinc.org" "Mozilla/5.0 (iPhone; CPU iPhone OS 13_2_3 like Mac OS X) AppleWebKit/605.1.15 (KHTML, like Gecko) Version/13.0.3 Mobile/15E148 Safari/604.1"
18.118.95.74 - - [18/Apr/2025:12:55:52 -0400] "GET /ad917/?path=%2Fhome%2Fservlmvm%2Fpublic_html%2Fad917%2F.%2F..%2Fwp-includes%2Finteractivity-api%2F.%2F..%2F.%2Fassets%2F..%2Fcss%2F..%2F.%2F..%2F. HTTP/1.1" 200 2645 "-" "Mozilla/5.0 AppleWebKit/537.36 (KHTML, like Gecko; compatible; ClaudeBot/1.0; +claudebot@anthropic.com)"
18.118.95.74 - - [18/Apr/2025:12:55:55 -0400] "GET /ad917/?path=%2Fhome%2Fservlmvm%2Fpublic_html%2Fad917%2F.%2F..%2Fwp-includes%2Finteractivity-api%2F.%2F..%2F..%2F597e1%2F..%2F.%2Fad917%2F.%2F.%2F. HTTP/1.1" 200 1747 "-" "Mozilla/5.0 AppleWebKit/537.36 (KHTML, like Gecko; compatible; ClaudeBot/1.0; +claudebot@anthropic.com)"
182.42.104.32 - - [18/Apr/2025:12:55:56 -0400] "GET / HTTP/1.1" 200 33539 "https://www.servethepeopleinc.org/" "Mozilla/5.0 (iPhone; CPU iPhone OS 13_2_3 like Mac OS X) AppleWebKit/605.1.15 (KHTML, like Gecko) Version/13.0.3 Mobile/15E148 Safari/604.1"
18.118.95.74 - - [18/Apr/2025:12:55:58 -0400] "GET /ad917/?path=%2Fhome%2Fservlmvm%2Fpublic_html%2Fad917%2F.%2F..%2Fwp-includes%2Finteractivity-api%2F.%2F..%2Fpomo%2F..%2Fcss%2F..%2FID3%2F..%2F.%2F. HTTP/1.1" 200 10122 "-" "Mozilla/5.0 AppleWebKit/537.36 (KHTML, like Gecko; compatible; ClaudeBot/1.0; +claudebot@anthropic.com)"
40.77.167.243 - - [18/Apr/2025:12:56:00 -0400] "GET /detail/h/introductively/83590328.shtml HTTP/1.1" 301 0 "-" "Mozilla/5.0 AppleWebKit/537.36 (KHTML, like Gecko; compatible; bingbot/2.0; +http://www.bing.com/bingbot.htm) Chrome/116.0.1938.76 Safari/537.36"
18.118.95.74 - - [18/Apr/2025:12:56:01 -0400] "GET /ad917/?path=%2Fhome%2Fservlmvm%2Fpublic_html%2Fad917%2F.%2F..%2F..%2Fmail%2F.info%40servethepeopleinc_org%2F.Drafts%2F.%2Fdovecot-uidlist HTTP/1.1" 200 1417 "-" "Mozilla/5.0 AppleWebKit/537.36 (KHTML, like Gecko; compatible; ClaudeBot/1.0; +claudebot@anthropic.com)"
18.118.95.74 - - [18/Apr/2025:12:56:04 -0400] "GET /ad917/?path=%2Fhome%2Fservlmvm%2Fpublic_html%2Fad917%2F.%2F..%2F..%2Fmail%2F.info%40servethepeopleinc_org%2F.Trash%2F..%2Fdovecot-uidlist HTTP/1.1" 200 37369 "-" "Mozilla/5.0 AppleWebKit/537.36 (KHTML, like Gecko; compatible; ClaudeBot/1.0; +claudebot@anthropic.com)"
18.118.95.74 - - [18/Apr/2025:12:56:07 -0400] "GET /ad917/?path=%2Fhome%2Fservlmvm%2Fpublic_html%2Fad917%2F.%2F..%2F..%2Fmail%2F.info%40servethepeopleinc_org%2F.Drafts%2F..%2Fdovecot-quota HTTP/1.1" 200 1067 "-" "Mozilla/5.0 AppleWebKit/537.36 (KHTML, like Gecko; compatible; ClaudeBot/1.0; +claudebot@anthropic.com)"
18.118.95.74 - - [18/Apr/2025:12:56:10 -0400] "GET /ad917/?path=%2Fhome%2Fservlmvm%2Fpublic_html%2Fad917%2F.%2F..%2F..%2Fmail%2F.info%40servethepeopleinc_org%2F.Drafts%2F..%2Fsubscriptions HTTP/1.1" 200 1046 "-" "Mozilla/5.0 AppleWebKit/537.36 (KHTML, like Gecko; compatible; ClaudeBot/1.0; +claudebot@anthropic.com)"
18.118.95.74 - - [18/Apr/2025:12:56:13 -0400] "GET /ad917/?path=%2Fhome%2Fservlmvm%2Fpublic_html%2Fad917%2F.%2F..%2F..%2Fmail%2F.info%40servethepeopleinc_org%2F.Drafts%2F..%2Fdovecot.index HTTP/1.1" 200 1037 "-" "Mozilla/5.0 AppleWebKit/537.36 (KHTML, like Gecko; compatible; ClaudeBot/1.0; +claudebot@anthropic.com)"
18.118.95.74 - - [18/Apr/2025:12:56:16 -0400] "GET /ad917/?path=%2Fhome%2Fservlmvm%2Fpublic_html%2Fad917%2F.%2F..%2F..%2Fmail%2F.info%40servethepeopleinc_org%2F.Trash%2F.%2Fdovecot-uidlist HTTP/1.1" 200 26743 "-" "Mozilla/5.0 AppleWebKit/537.36 (KHTML, like Gecko; compatible; ClaudeBot/1.0; +claudebot@anthropic.com)"
198.54.116.86 - - [18/Apr/2025:12:56:19 -0400] "POST /wp-cron.php?doing_wp_cron=1744995379.0654311180114746093750 HTTP/1.1" 200 0 "-" "WordPress/6.8; https://servethepeopleinc.org"
40.77.167.64 - - [18/Apr/2025:12:56:18 -0400] "GET /item113849988.shtml HTTP/1.1" 404 16940 "-" "Mozilla/5.0 AppleWebKit/537.36 (KHTML, like Gecko; compatible; bingbot/2.0; +http://www.bing.com/bingbot.htm) Chrome/116.0.1938.76 Safari/537.36"
198.54.116.86 - - [18/Apr/2025:12:56:19 -0400] "POST /wp-admin/admin-ajax.php?action=async_litespeed&nonce=4Fh4Br1sZ5QTW5B4uwbntrMKnRwghAcE&litespeed_type=imgoptm HTTP/1.1" 200 21 "-" "WordPress/6.8; https://servethepeopleinc.org"
18.118.95.74 - - [18/Apr/2025:12:56:19 -0400] "GET /ad917/?path=%2Fhome%2Fservlmvm%2Fpublic_html%2Fad917%2F.%2F..%2F..%2Fmail%2F.info%40servethepeopleinc_org%2F.Drafts%2F.%2Fdovecot.index HTTP/1.1" 200 1034 "-" "Mozilla/5.0 AppleWebKit/537.36 (KHTML, like Gecko; compatible; ClaudeBot/1.0; +claudebot@anthropic.com)"
18.118.95.74 - - [18/Apr/2025:12:56:22 -0400] "GET /ad917/?path=%2Fhome%2Fservlmvm%2Fpublic_html%2Fad917%2F.%2F..%2F..%2Fmail%2F.info%40servethepeopleinc_org%2F.Trash%2F..%2Fdovecot.index HTTP/1.1" 200 1033 "-" "Mozilla/5.0 AppleWebKit/537.36 (KHTML, like Gecko; compatible; ClaudeBot/1.0; +claudebot@anthropic.com)"
18.118.95.74 - - [18/Apr/2025:12:56:25 -0400] "GET /ad917/?path=%2Fhome%2Fservlmvm%2Fpublic_html%2Fad917%2F.%2F..%2F..%2Fmail%2F.info%40servethepeopleinc_org%2F.Trash%2F..%2Fdovecot-quota HTTP/1.1" 200 1064 "-" "Mozilla/5.0 AppleWebKit/537.36 (KHTML, like Gecko; compatible; ClaudeBot/1.0; +claudebot@anthropic.com)"
18.118.95.74 - - [18/Apr/2025:12:56:28 -0400] "GET /ad917/?path=%2Fhome%2Fservlmvm%2Fpublic_html%2Fad917%2F.%2F..%2F..%2Fmail%2F.info%40servethepeopleinc_org%2F.Trash%2F..%2Fsubscriptions HTTP/1.1" 200 1046 "-" "Mozilla/5.0 AppleWebKit/537.36 (KHTML, like Gecko; compatible; ClaudeBot/1.0; +claudebot@anthropic.com)"
18.118.95.74 - - [18/Apr/2025:12:56:31 -0400] "GET /ad917/?path=%2Fhome%2Fservlmvm%2Fpublic_html%2Fad917%2F.%2F..%2F..%2Fmail%2F.info%40servethepeopleinc_org%2F.Trash%2F.%2Fdovecot.index HTTP/1.1" 200 1034 "-" "Mozilla/5.0 AppleWebKit/537.36 (KHTML, like Gecko; compatible; ClaudeBot/1.0; +claudebot@anthropic.com)"
18.224.15.154 - - [18/Apr/2025:12:56:35 -0400] "GET /ad917/?path=%2Fhome%2F.%2Fservlmvm%2Flscache%2F5%2F..%2Fd%2F2 HTTP/1.1" 200 1643 "-" "Mozilla/5.0 AppleWebKit/537.36 (KHTML, like Gecko; compatible; ClaudeBot/1.0; +claudebot@anthropic.com)"
18.224.15.154 - - [18/Apr/2025:12:56:35 -0400] "GET /ad917/?path=%2Fhome%2F.%2Fservlmvm%2Flscache%2F0%2F.%2F..%2Fe HTTP/1.1" 200 1641 "-" "Mozilla/5.0 AppleWebKit/537.36 (KHTML, like Gecko; compatible; ClaudeBot/1.0; +claudebot@anthropic.com)"
18.224.15.154 - - [18/Apr/2025:12:56:35 -0400] "GET /ad917/?path=%2Fhome%2F.%2Fservlmvm%2Flscache%2F2%2F..%2F1%2F0 HTTP/1.1" 200 1555 "-" "Mozilla/5.0 AppleWebKit/537.36 (KHTML, like Gecko; compatible; ClaudeBot/1.0; +claudebot@anthropic.com)"
18.224.15.154 - - [18/Apr/2025:12:56:35 -0400] "GET /ad917/?path=%2Fhome%2F.%2Fservlmvm%2Flscache%2F1%2Fe%2F..%2F5 HTTP/1.1" 200 1633 "-" "Mozilla/5.0 AppleWebKit/537.36 (KHTML, like Gecko; compatible; ClaudeBot/1.0; +claudebot@anthropic.com)"
18.224.15.154 - - [18/Apr/2025:12:56:35 -0400] "GET /ad917/?path=%2Fhome%2F.%2Fservlmvm%2Flscache%2F8%2F..%2F1%2F9 HTTP/1.1" 200 1580 "-" "Mozilla/5.0 AppleWebKit/537.36 (KHTML, like Gecko; compatible; ClaudeBot/1.0; +claudebot@anthropic.com)"
18.224.15.154 - - [18/Apr/2025:12:56:36 -0400] "GET /ad917/?path=%2Fhome%2F.%2Fservlmvm%2Flscache%2Ff%2F..%2Fc%2F7 HTTP/1.1" 200 1656 "-" "Mozilla/5.0 AppleWebKit/537.36 (KHTML, like Gecko; compatible; ClaudeBot/1.0; +claudebot@anthropic.com)"
18.224.15.154 - - [18/Apr/2025:12:56:36 -0400] "GET /ad917/?path=%2Fhome%2F.%2Fservlmvm%2Flscache%2F1%2F..%2F2%2F. HTTP/1.1" 200 1635 "-" "Mozilla/5.0 AppleWebKit/537.36 (KHTML, like Gecko; compatible; ClaudeBot/1.0; +claudebot@anthropic.com)"
18.224.15.154 - - [18/Apr/2025:12:56:36 -0400] "GET /ad917/?path=%2Fhome%2F.%2Fservlmvm%2Flscache%2F0%2Fb%2F..%2F2 HTTP/1.1" 200 1610 "-" "Mozilla/5.0 AppleWebKit/537.36 (KHTML, like Gecko; compatible; ClaudeBot/1.0; +claudebot@anthropic.com)"
18.224.15.154 - - [18/Apr/2025:12:56:36 -0400] "GET /ad917/?path=%2Fhome%2F.%2Fservlmvm%2Flscache%2Fb%2F4%2F..%2F2 HTTP/1.1" 200 1572 "-" "Mozilla/5.0 AppleWebKit/537.36 (KHTML, like Gecko; compatible; ClaudeBot/1.0; +claudebot@anthropic.com)"
18.224.15.154 - - [18/Apr/2025:12:56:36 -0400] "GET /ad917/?path=%2Fhome%2F.%2Fservlmvm%2Flscache%2Ff%2F..%2Fe%2F7 HTTP/1.1" 200 1615 "-" "Mozilla/5.0 AppleWebKit/537.36 (KHTML, like Gecko; compatible; ClaudeBot/1.0; +claudebot@anthropic.com)"
18.224.15.154 - - [18/Apr/2025:12:56:37 -0400] "GET /ad917/?path=%2Fhome%2F.%2Fservlmvm%2Flscache%2F0%2F3%2F..%2F5 HTTP/1.1" 200 1623 "-" "Mozilla/5.0 AppleWebKit/537.36 (KHTML, like Gecko; compatible; ClaudeBot/1.0; +claudebot@anthropic.com)"
40.77.167.154 - - [18/Apr/2025:12:56:52 -0400] "GET /goods/2480814.shtml HTTP/1.1" 404 16941 "-" "Mozilla/5.0 AppleWebKit/537.36 (KHTML, like Gecko; compatible; bingbot/2.0; +http://www.bing.com/bingbot.htm) Chrome/116.0.1938.76 Safari/537.36"
198.54.116.86 - - [18/Apr/2025:12:57:38 -0400] "POST /wp-cron.php?doing_wp_cron=1744995458.4644150733947753906250 HTTP/1.1" 200 0 "-" "WordPress/6.8; https://servethepeopleinc.org"
40.77.167.6 - - [18/Apr/2025:12:57:38 -0400] "GET /detail/fineable51585806.shtml HTTP/1.1" 404 16942 "-" "Mozilla/5.0 AppleWebKit/537.36 (KHTML, like Gecko; compatible; bingbot/2.0; +http://www.bing.com/bingbot.htm) Chrome/116.0.1938.76 Safari/537.36"
198.54.116.86 - - [18/Apr/2025:12:57:38 -0400] "POST /wp-admin/admin-ajax.php?action=async_litespeed&nonce=9eFQhBD8Ki8qzUKGFLUmraqGmS1HASLH&litespeed_type=imgoptm HTTP/1.1" 200 21 "-" "WordPress/6.8; https://servethepeopleinc.org"
40.77.167.64 - - [18/Apr/2025:12:57:43 -0400] "GET /products/appreciative/121084262.shtml HTTP/1.1" 404 16950 "-" "Mozilla/5.0 AppleWebKit/537.36 (KHTML, like Gecko; compatible; bingbot/2.0; +http://www.bing.com/bingbot.htm) Chrome/116.0.1938.76 Safari/537.36"
3.15.147.225 - - [18/Apr/2025:12:58:06 -0400] "GET /ad917/?path=%2Fhome%2Fservlmvm%2Fpublic_html%2Fad917%2F.%2F..%2Fwp-includes%2Finteractivity-api%2F.%2F..%2F.%2Fassets%2F..%2Fpomo%2F.%2F..%2Fjs%2F. HTTP/1.1" 200 4834 "-" "Mozilla/5.0 AppleWebKit/537.36 (KHTML, like Gecko; compatible; ClaudeBot/1.0; +claudebot@anthropic.com)"
198.54.116.86 - - [18/Apr/2025:12:58:08 -0400] "POST /wp-cron.php?doing_wp_cron=1744995488.7861270904541015625000 HTTP/1.1" 200 0 "-" "WordPress/6.8; https://servethepeopleinc.org"
40.77.167.6 - - [18/Apr/2025:12:58:08 -0400] "GET /shopbrand/assument32596682.shtml HTTP/1.1" 404 16942 "-" "Mozilla/5.0 AppleWebKit/537.36 (KHTML, like Gecko; compatible; bingbot/2.0; +http://www.bing.com/bingbot.htm) Chrome/116.0.1938.76 Safari/537.36"
198.54.116.86 - - [18/Apr/2025:12:58:08 -0400] "POST /wp-admin/admin-ajax.php?action=async_litespeed&nonce=AyN5VeLZ60IBhB21DS5xhVLdPyEVrCHT&litespeed_type=imgoptm HTTP/1.1" 200 21 "-" "WordPress/6.8; https://servethepeopleinc.org"
3.15.147.225 - - [18/Apr/2025:12:58:09 -0400] "GET /ad917/?path=%2Fhome%2Fservlmvm%2Fpublic_html%2Fad917%2F.%2F..%2Fwp-includes%2Finteractivity-api%2F.%2F..%2F.%2Fassets%2F..%2FID3%2F..%2F.%2FID3%2F. HTTP/1.1" 200 2191 "-" "Mozilla/5.0 AppleWebKit/537.36 (KHTML, like Gecko; compatible; ClaudeBot/1.0; +claudebot@anthropic.com)"
3.15.147.225 - - [18/Apr/2025:12:58:12 -0400] "GET /ad917/?path=%2Fhome%2Fservlmvm%2Fpublic_html%2Fad917%2F.%2F..%2Fwp-includes%2Finteractivity-api%2F.%2F..%2F..%2F597e1%2F..%2F.%2Fa4389%2F.%2F..%2F. HTTP/1.1" 200 2564 "-" "Mozilla/5.0 AppleWebKit/537.36 (KHTML, like Gecko; compatible; ClaudeBot/1.0; +claudebot@anthropic.com)"
40.77.167.7 - - [18/Apr/2025:12:58:12 -0400] "GET /info/ng/visavis29318100.shtml HTTP/1.1" 301 0 "-" "Mozilla/5.0 AppleWebKit/537.36 (KHTML, like Gecko; compatible; bingbot/2.0; +http://www.bing.com/bingbot.htm) Chrome/116.0.1938.76 Safari/537.36"
3.15.147.225 - - [18/Apr/2025:12:58:15 -0400] "GET /ad917/?path=%2Fhome%2Fservlmvm%2Fpublic_html%2Fad917%2F.%2F..%2Fwp-includes%2Finteractivity-api%2F.%2F..%2Fpomo%2F..%2Fcss%2F..%2Fcss%2F.%2F..%2Fjs HTTP/1.1" 200 4452 "-" "Mozilla/5.0 AppleWebKit/537.36 (KHTML, like Gecko; compatible; ClaudeBot/1.0; +claudebot@anthropic.com)"
3.15.147.225 - - [18/Apr/2025:12:58:18 -0400] "GET /ad917/?path=%2Fhome%2Fservlmvm%2Fpublic_html%2Fad917%2F.%2F..%2Fwp-includes%2Finteractivity-api%2F.%2F..%2F.%2Fassets%2F..%2FID3%2F..%2F.%2FIXR%2F. HTTP/1.1" 200 1997 "-" "Mozilla/5.0 AppleWebKit/537.36 (KHTML, like Gecko; compatible; ClaudeBot/1.0; +claudebot@anthropic.com)"
3.15.147.225 - - [18/Apr/2025:12:58:21 -0400] "GET /ad917/?path=%2Fhome%2Fservlmvm%2Fpublic_html%2Fad917%2F.%2F..%2Fwp-includes%2Finteractivity-api%2F.%2F..%2F.%2Fassets%2F..%2FID3%2F..%2F.%2Fcss%2F. HTTP/1.1" 200 2661 "-" "Mozilla/5.0 AppleWebKit/537.36 (KHTML, like Gecko; compatible; ClaudeBot/1.0; +claudebot@anthropic.com)"
3.15.147.225 - - [18/Apr/2025:12:58:24 -0400] "GET /ad917/?path=%2Fhome%2Fservlmvm%2Fpublic_html%2Fad917%2F.%2F..%2Fwp-includes%2Finteractivity-api%2F.%2F..%2F.%2Fassets%2F..%2Fpomo%2F.%2F..%2F..%2F. HTTP/1.1" 200 2649 "-" "Mozilla/5.0 AppleWebKit/537.36 (KHTML, like Gecko; compatible; ClaudeBot/1.0; +claudebot@anthropic.com)"
3.15.147.225 - - [18/Apr/2025:12:58:27 -0400] "GET /ad917/?path=%2Fhome%2Fservlmvm%2Fpublic_html%2Fad917%2F.%2F..%2Fwp-includes%2Finteractivity-api%2F.%2F..%2F..%2F597e1%2F..%2F.%2F597e1%2F.%2F..%2F. HTTP/1.1" 200 2608 "-" "Mozilla/5.0 AppleWebKit/537.36 (KHTML, like Gecko; compatible; ClaudeBot/1.0; +claudebot@anthropic.com)"
3.15.147.225 - - [18/Apr/2025:12:58:30 -0400] "GET /ad917/?path=%2Fhome%2Fservlmvm%2Fpublic_html%2Fad917%2F.%2F..%2Fwp-includes%2Finteractivity-api%2F.%2F..%2Fpomo%2F..%2Fcss%2F..%2FID3%2F..%2Fjs%2F. HTTP/1.1" 200 4816 "-" "Mozilla/5.0 AppleWebKit/537.36 (KHTML, like Gecko; compatible; ClaudeBot/1.0; +claudebot@anthropic.com)"
3.15.147.225 - - [18/Apr/2025:12:58:33 -0400] "GET /ad917/?path=%2Fhome%2Fservlmvm%2Fpublic_html%2Fad917%2F.%2F..%2Fwp-includes%2Finteractivity-api%2F.%2F..%2F.%2Fassets%2F..%2Fcss%2F..%2F.%2F..%2F.. HTTP/1.1" 200 2607 "-" "Mozilla/5.0 AppleWebKit/537.36 (KHTML, like Gecko; compatible; ClaudeBot/1.0; +claudebot@anthropic.com)"
3.15.147.225 - - [18/Apr/2025:12:58:36 -0400] "GET /ad917/?path=%2Fhome%2Fservlmvm%2Fpublic_html%2Fad917%2F.%2F..%2Fwp-includes%2Finteractivity-api%2F.%2F..%2Fpomo%2F..%2Fcss%2Fdist%2F.%2Fnux%2F.%2F. HTTP/1.1" 200 1750 "-" "Mozilla/5.0 AppleWebKit/537.36 (KHTML, like Gecko; compatible; ClaudeBot/1.0; +claudebot@anthropic.com)"
3.15.147.225 - - [18/Apr/2025:12:58:39 -0400] "GET /ad917/?path=%2Fhome%2Fservlmvm%2Fpublic_html%2Fad917%2F.%2F..%2Fwp-includes%2Finteractivity-api%2F.%2F..%2F..%2F597e1%2F..%2F..%2Fwww%2F..%2F..%2F. HTTP/1.1" 200 1569 "-" "Mozilla/5.0 AppleWebKit/537.36 (KHTML, like Gecko; compatible; ClaudeBot/1.0; +claudebot@anthropic.com)"
3.15.147.225 - - [18/Apr/2025:12:58:42 -0400] "GET /ad917/?path=%2Fhome%2Fservlmvm%2Fpublic_html%2Fad917%2F.%2F..%2Fwp-includes%2Finteractivity-api%2F.%2F..%2Fpomo%2F..%2Fcss%2F..%2FID3%2F..%2F..%2F. HTTP/1.1" 200 2598 "-" "Mozilla/5.0 AppleWebKit/537.36 (KHTML, like Gecko; compatible; ClaudeBot/1.0; +claudebot@anthropic.com)"
3.15.147.225 - - [18/Apr/2025:12:58:45 -0400] "GET /ad917/?path=%2Fhome%2Fservlmvm%2Fpublic_html%2Fad917%2F.%2F..%2Fwp-includes%2Finteractivity-api%2F.%2F..%2F.%2Fassets%2F..%2Fblocks%2F.%2F.%2F.%2F. HTTP/1.1" 200 5698 "-" "Mozilla/5.0 AppleWebKit/537.36 (KHTML, like Gecko; compatible; ClaudeBot/1.0; +claudebot@anthropic.com)"
3.15.147.225 - - [18/Apr/2025:12:58:48 -0400] "GET /ad917/?path=%2Fhome%2Fservlmvm%2Fpublic_html%2Fad917%2F.%2F..%2Fwp-includes%2Finteractivity-api%2F.%2F..%2F.%2Fassets%2F..%2FID3%2F..%2FIXR%2F.%2F. HTTP/1.1" 200 1933 "-" "Mozilla/5.0 AppleWebKit/537.36 (KHTML, like Gecko; compatible; ClaudeBot/1.0; +claudebot@anthropic.com)"
3.15.147.225 - - [18/Apr/2025:12:58:51 -0400] "GET /ad917/?path=%2Fhome%2Fservlmvm%2Fpublic_html%2Fad917%2F.%2F..%2Fwp-includes%2Finteractivity-api%2F.%2F..%2F..%2F597e1%2F..%2Fassets%2F.%2F.%2F.%2F. HTTP/1.1" 200 1648 "-" "Mozilla/5.0 AppleWebKit/537.36 (KHTML, like Gecko; compatible; ClaudeBot/1.0; +claudebot@anthropic.com)"
3.15.147.225 - - [18/Apr/2025:12:58:54 -0400] "GET /ad917/?path=%2Fhome%2Fservlmvm%2Fpublic_html%2Fad917%2F.%2F..%2Fwp-includes%2Finteractivity-api%2F.%2F..%2Fpomo%2F..%2Fcss%2F..%2Fl10n%2F..%2F.%2F. HTTP/1.1" 200 9832 "-" "Mozilla/5.0 AppleWebKit/537.36 (KHTML, like Gecko; compatible; ClaudeBot/1.0; +claudebot@anthropic.com)"
3.15.147.225 - - [18/Apr/2025:12:58:57 -0400] "GET /ad917/?path=%2Fhome%2Fservlmvm%2Fpublic_html%2Fad917%2F.%2F..%2Fwp-includes%2Finteractivity-api%2F.%2F..%2Fpomo%2F..%2Fcss%2F..%2FID3%2F..%2F.%2F.. HTTP/1.1" 200 2639 "-" "Mozilla/5.0 AppleWebKit/537.36 (KHTML, like Gecko; compatible; ClaudeBot/1.0; +claudebot@anthropic.com)"
198.54.116.86 - - [18/Apr/2025:12:59:07 -0400] "POST /wp-cron.php?doing_wp_cron=1744995547.8355250358581542968750 HTTP/1.1" 200 0 "-" "WordPress/6.8; https://servethepeopleinc.org"
40.77.167.6 - - [18/Apr/2025:12:59:07 -0400] "GET /products76889716.shtml HTTP/1.1" 404 16940 "-" "Mozilla/5.0 AppleWebKit/537.36 (KHTML, like Gecko; compatible; bingbot/2.0; +http://www.bing.com/bingbot.htm) Chrome/116.0.1938.76 Safari/537.36"
198.54.116.86 - - [18/Apr/2025:12:59:08 -0400] "POST /wp-admin/admin-ajax.php?action=async_litespeed&nonce=xuInSf9JMuZZgeRjrPWpIcUAj8W2bdNW&litespeed_type=imgoptm HTTP/1.1" 200 21 "-" "WordPress/6.8; https://servethepeopleinc.org"
66.249.77.42 - - [18/Apr/2025:13:00:00 -0400] "GET /shopdetail9666174.shtml HTTP/1.1" 404 16940 "-" "Mozilla/5.0 (Linux; Android 6.0.1; Nexus 5X Build/MMB29P) AppleWebKit/537.36 (KHTML, like Gecko) Chrome/135.0.7049.95 Mobile Safari/537.36 (compatible; GoogleOther)"
18.216.224.194 - - [18/Apr/2025:13:00:33 -0400] "GET /ad917/?path=%2Fhome%2Fservlmvm%2Fpublic_html%2Fad917%2F.%2F..%2Fwp-includes%2Finteractivity-api%2F.%2F..%2F.%2Fassets%2F..%2FID3%2F..%2Fjs%2F..%2F. HTTP/1.1" 200 9746 "-" "Mozilla/5.0 AppleWebKit/537.36 (KHTML, like Gecko; compatible; ClaudeBot/1.0; +claudebot@anthropic.com)"
18.216.224.194 - - [18/Apr/2025:13:00:35 -0400] "GET /ad917/?path=%2Fhome%2Fservlmvm%2Fpublic_html%2Fad917%2F.%2F..%2Fwp-includes%2Finteractivity-api%2F.%2F..%2F.%2Fassets%2F..%2Fcss%2F..%2F.%2Fjs%2F.. HTTP/1.1" 200 10040 "-" "Mozilla/5.0 AppleWebKit/537.36 (KHTML, like Gecko; compatible; ClaudeBot/1.0; +claudebot@anthropic.com)"
18.216.224.194 - - [18/Apr/2025:13:00:38 -0400] "GET /ad917/?path=%2Fhome%2Fservlmvm%2Fpublic_html%2Fad917%2F.%2F..%2Fwp-includes%2Finteractivity-api%2F.%2F..%2Fpomo%2F..%2Fcss%2Fdist%2F.%2F..%2F..%2F. HTTP/1.1" 200 9421 "-" "Mozilla/5.0 AppleWebKit/537.36 (KHTML, like Gecko; compatible; ClaudeBot/1.0; +claudebot@anthropic.com)"
198.54.116.86 - - [18/Apr/2025:13:00:39 -0400] "POST /wp-cron.php?doing_wp_cron=1744995639.2268030643463134765625 HTTP/1.1" 200 0 "-" "WordPress/6.8; https://servethepeopleinc.org"
40.77.167.157 - - [18/Apr/2025:13:00:39 -0400] "GET /product/jk/flatyrynchus46763740.shtml HTTP/1.1" 301 0 "-" "Mozilla/5.0 AppleWebKit/537.36 (KHTML, like Gecko; compatible; bingbot/2.0; +http://www.bing.com/bingbot.htm) Chrome/116.0.1938.76 Safari/537.36"
198.54.116.86 - - [18/Apr/2025:13:00:39 -0400] "POST /wp-admin/admin-ajax.php?action=async_litespeed&nonce=3Ad9InRDYTjVV6SzDuoJecnM8MfvU7Td&litespeed_type=imgoptm HTTP/1.1" 200 21 "-" "WordPress/6.8; https://servethepeopleinc.org"
40.77.167.6 - - [18/Apr/2025:13:00:39 -0400] "GET /info/emulating100107110.shtml HTTP/1.1" 404 16944 "-" "Mozilla/5.0 AppleWebKit/537.36 (KHTML, like Gecko; compatible; bingbot/2.0; +http://www.bing.com/bingbot.htm) Chrome/116.0.1938.76 Safari/537.36"
18.216.224.194 - - [18/Apr/2025:13:00:41 -0400] "GET /ad917/?path=%2Fhome%2Fservlmvm%2Fpublic_html%2Fad917%2F.%2F..%2Fwp-includes%2Finteractivity-api%2F.%2F..%2Fpomo%2F..%2Fcss%2F..%2Fcss%2F..%2Fjs%2F. HTTP/1.1" 200 4743 "-" "Mozilla/5.0 AppleWebKit/537.36 (KHTML, like Gecko; compatible; ClaudeBot/1.0; +claudebot@anthropic.com)"
18.216.224.194 - - [18/Apr/2025:13:00:44 -0400] "GET /ad917/?path=%2Fhome%2Fservlmvm%2Fpublic_html%2Fad917%2F.%2F..%2Fwp-includes%2Finteractivity-api%2F.%2F..%2Fpomo%2F..%2Fcss%2F..%2Ffonts%2F.%2F.%2F. HTTP/1.1" 200 1947 "-" "Mozilla/5.0 AppleWebKit/537.36 (KHTML, like Gecko; compatible; ClaudeBot/1.0; +claudebot@anthropic.com)"
18.216.224.194 - - [18/Apr/2025:13:00:47 -0400] "GET /ad917/?path=%2Fhome%2Fservlmvm%2Fpublic_html%2Fad917%2F.%2F..%2Fwp-includes%2Finteractivity-api%2F.%2F..%2Fpomo%2F..%2Fcss%2F..%2Fl10n%2F.%2F..%2F. HTTP/1.1" 200 9298 "-" "Mozilla/5.0 AppleWebKit/537.36 (KHTML, like Gecko; compatible; ClaudeBot/1.0; +claudebot@anthropic.com)"
