52.167.144.185 - - [18/Apr/2025:11:41:23 -0400] "GET /detail/v/passed/530056.shtml HTTP/1.1" 301 0 "-" "Mozilla/5.0 AppleWebKit/537.36 (KHTML, like Gecko; compatible; bingbot/2.0; +http://www.bing.com/bingbot.htm) Chrome/116.0.1938.76 Safari/537.36"
198.54.116.86 - - [18/Apr/2025:11:41:24 -0400] "POST /wp-admin/admin-ajax.php?action=async_litespeed&nonce=ZxG2HX2uwg3K6H8uARMQtaHq1t2yvxyp&litespeed_type=imgoptm HTTP/1.1" 200 21 "-" "WordPress/6.8; https://servethepeopleinc.org"
52.167.144.159 - - [18/Apr/2025:11:41:24 -0400] "GET /shopbrand/10319090.shtml HTTP/1.1" 404 16941 "-" "Mozilla/5.0 AppleWebKit/537.36 (KHTML, like Gecko; compatible; bingbot/2.0; +http://www.bing.com/bingbot.htm) Chrome/116.0.1938.76 Safari/537.36"
3.138.174.90 - - [18/Apr/2025:11:41:25 -0400] "GET /ad917/?path=%2Fhome%2F.%2F.%2F..%2F..%2Flib64%2Fgstreamer-1.0%2F..%2Fpython3.6%2F__phello__.foo.py HTTP/1.1" 200 1030 "-" "Mozilla/5.0 AppleWebKit/537.36 (KHTML, like Gecko; compatible; ClaudeBot/1.0; +claudebot@anthropic.com)"
3.138.174.90 - - [18/Apr/2025:11:41:28 -0400] "GET /ad917/?path=%2Fhome%2F.%2F.%2F..%2F..%2Flib64%2Fgstreamer-1.0%2F..%2Fpkgconfig%2Flibevent_extra.pc HTTP/1.1" 200 1122 "-" "Mozilla/5.0 AppleWebKit/537.36 (KHTML, like Gecko; compatible; ClaudeBot/1.0; +claudebot@anthropic.com)"
3.138.174.90 - - [18/Apr/2025:11:41:31 -0400] "GET /ad917/?path=%2Fhome%2F.%2F.%2F..%2F..%2Flib64%2Fgstreamer-1.0%2F..%2Fpkgconfig%2Flibwebpdecoder.pc HTTP/1.1" 200 1114 "-" "Mozilla/5.0 AppleWebKit/537.36 (KHTML, like Gecko; compatible; ClaudeBot/1.0; +claudebot@anthropic.com)"
52.167.144.185 - - [18/Apr/2025:11:41:33 -0400] "GET /info/i/rustier/44241182.shtml HTTP/1.1" 301 0 "-" "Mozilla/5.0 AppleWebKit/537.36 (KHTML, like Gecko; compatible; bingbot/2.0; +http://www.bing.com/bingbot.htm) Chrome/116.0.1938.76 Safari/537.36"
52.167.144.187 - - [18/Apr/2025:11:41:34 -0400] "GET /shopping/5665208.shtml HTTP/1.1" 404 16943 "-" "Mozilla/5.0 AppleWebKit/537.36 (KHTML, like Gecko; compatible; bingbot/2.0; +http://www.bing.com/bingbot.htm) Chrome/116.0.1938.76 Safari/537.36"
3.138.174.90 - - [18/Apr/2025:11:41:34 -0400] "GET /ad917/?path=%2Fhome%2F.%2F.%2F..%2F..%2Flib64%2Fgstreamer-1.0%2F..%2Fpkgconfig%2Flibpcre2-posix.pc HTTP/1.1" 200 1126 "-" "Mozilla/5.0 AppleWebKit/537.36 (KHTML, like Gecko; compatible; ClaudeBot/1.0; +claudebot@anthropic.com)"
3.138.174.90 - - [18/Apr/2025:11:41:37 -0400] "GET /ad917/?path=%2Fhome%2F.%2F.%2F..%2F..%2Flib64%2Fgstreamer-1.0%2F..%2Fpython3.6%2F_compat_pickle.py HTTP/1.1" 200 3665 "-" "Mozilla/5.0 AppleWebKit/537.36 (KHTML, like Gecko; compatible; ClaudeBot/1.0; +claudebot@anthropic.com)"
52.167.144.185 - - [18/Apr/2025:11:41:38 -0400] "GET /items/mog/squiery/58214630.shtml HTTP/1.1" 301 0 "-" "Mozilla/5.0 AppleWebKit/537.36 (KHTML, like Gecko; compatible; bingbot/2.0; +http://www.bing.com/bingbot.htm) Chrome/116.0.1938.76 Safari/537.36"
3.138.174.90 - - [18/Apr/2025:11:41:40 -0400] "GET /ad917/?path=%2Fhome%2F.%2F.%2F..%2Fusr%2Flib64%2Fgirepository-1.0%2F..%2Flibpoco-plesk-1.9.0%2F.. HTTP/1.1" 200 44889 "-" "Mozilla/5.0 AppleWebKit/537.36 (KHTML, like Gecko; compatible; ClaudeBot/1.0; +claudebot@anthropic.com)"
198.54.116.86 - - [18/Apr/2025:11:42:05 -0400] "POST /wp-cron.php?doing_wp_cron=1744990925.0882549285888671875000 HTTP/1.1" 200 0 "-" "WordPress/6.8; https://servethepeopleinc.org"
66.249.77.40 - - [18/Apr/2025:11:42:04 -0400] "GET /sitemap-item-1796.xml HTTP/1.1" 404 16942 "-" "Mozilla/5.0 (compatible; Googlebot/2.1; +http://www.google.com/bot.html)"
198.54.116.86 - - [18/Apr/2025:11:42:11 -0400] "POST /wp-cron.php?doing_wp_cron=1744990931.6959249973297119140625 HTTP/1.1" 200 0 "-" "WordPress/6.8; https://servethepeopleinc.org"
52.167.144.194 - - [18/Apr/2025:11:42:11 -0400] "GET /entity/b/threefold/115016744.shtml HTTP/1.1" 301 0 "-" "Mozilla/5.0 AppleWebKit/537.36 (KHTML, like Gecko; compatible; bingbot/2.0; +http://www.bing.com/bingbot.htm) Chrome/116.0.1938.76 Safari/537.36"
198.54.116.86 - - [18/Apr/2025:11:42:11 -0400] "POST /wp-admin/admin-ajax.php?action=async_litespeed&nonce=wkBMwxSB6KkQjkdH5qJxLqiK9MMTPEoe&litespeed_type=imgoptm HTTP/1.1" 200 21 "-" "WordPress/6.8; https://servethepeopleinc.org"
52.167.144.187 - - [18/Apr/2025:11:42:33 -0400] "GET /products/hyperoxide27857944.shtml HTTP/1.1" 404 16941 "-" "Mozilla/5.0 AppleWebKit/537.36 (KHTML, like Gecko; compatible; bingbot/2.0; +http://www.bing.com/bingbot.htm) Chrome/116.0.1938.76 Safari/537.36"
40.77.167.28 - - [18/Apr/2025:11:42:54 -0400] "GET /entity2594924.shtml HTTP/1.1" 301 0 "-" "Mozilla/5.0 AppleWebKit/537.36 (KHTML, like Gecko; compatible; bingbot/2.0; +http://www.bing.com/bingbot.htm) Chrome/116.0.1938.76 Safari/537.36"
66.249.77.40 - - [18/Apr/2025:11:42:55 -0400] "GET /shopbrand/zmg/infeasible/34416076.shtml HTTP/1.1" 404 16951 "-" "Mozilla/5.0 (Linux; Android 6.0.1; Nexus 5X Build/MMB29P) AppleWebKit/537.36 (KHTML, like Gecko) Chrome/135.0.7049.95 Mobile Safari/537.36 (compatible; Googlebot/2.1; +http://www.google.com/bot.html)"
198.54.116.86 - - [18/Apr/2025:11:43:10 -0400] "POST /wp-cron.php?doing_wp_cron=1744990990.5886518955230712890625 HTTP/1.1" 200 0 "-" "WordPress/6.8; https://servethepeopleinc.org"
52.167.144.194 - - [18/Apr/2025:11:43:10 -0400] "GET /products46852360.shtml HTTP/1.1" 301 0 "-" "Mozilla/5.0 AppleWebKit/537.36 (KHTML, like Gecko; compatible; bingbot/2.0; +http://www.bing.com/bingbot.htm) Chrome/116.0.1938.76 Safari/537.36"
198.54.116.86 - - [18/Apr/2025:11:43:10 -0400] "POST /wp-admin/admin-ajax.php?action=async_litespeed&nonce=QiBgBj5HxGHenEBmSNEUaLOdtBBxs0sj&litespeed_type=imgoptm HTTP/1.1" 200 21 "-" "WordPress/6.8; https://servethepeopleinc.org"
40.77.167.116 - - [18/Apr/2025:11:43:20 -0400] "GET /info/83951128.shtml HTTP/1.1" 404 16941 "-" "Mozilla/5.0 AppleWebKit/537.36 (KHTML, like Gecko; compatible; bingbot/2.0; +http://www.bing.com/bingbot.htm) Chrome/116.0.1938.76 Safari/537.36"
18.218.137.69 - - [18/Apr/2025:11:43:28 -0400] "GET /ad917/?path=%2Fhome%2F.%2F.%2F..%2Fusr%2Flib64%2Fgirepository-1.0%2F..%2Flibpoco-plesk-1.9.0%2FlibPocoEncodings.so.60 HTTP/1.1" 200 1009 "-" "Mozilla/5.0 AppleWebKit/537.36 (KHTML, like Gecko; compatible; ClaudeBot/1.0; +claudebot@anthropic.com)"
18.218.137.69 - - [18/Apr/2025:11:43:31 -0400] "GET /ad917/?path=%2Fhome%2Fservlmvm%2Fpublic_html%2F..%2F.spamassassin%2F..%2Ftmp%2Fsess_99aadd1401bc7530a4ddb89bf1297b0c HTTP/1.1" 200 2823 "-" "Mozilla/5.0 AppleWebKit/537.36 (KHTML, like Gecko; compatible; ClaudeBot/1.0; +claudebot@anthropic.com)"
18.218.137.69 - - [18/Apr/2025:11:43:34 -0400] "GET /ad917/?path=%2Fhome%2Fservlmvm%2Fpublic_html%2F..%2F.spamassassin%2F..%2Ftmp%2Fsess_93d3a2cfa95f1256597fb4ad633ba827 HTTP/1.1" 200 1105 "-" "Mozilla/5.0 AppleWebKit/537.36 (KHTML, like Gecko; compatible; ClaudeBot/1.0; +claudebot@anthropic.com)"
18.218.137.69 - - [18/Apr/2025:11:43:37 -0400] "GET /ad917/?path=%2Fhome%2Fservlmvm%2Fpublic_html%2F..%2F.spamassassin%2F..%2Ftmp%2Fsess_7fee51a1fe1d7a7ee0d89fe4a2a8f74f HTTP/1.1" 200 1009 "-" "Mozilla/5.0 AppleWebKit/537.36 (KHTML, like Gecko; compatible; ClaudeBot/1.0; +claudebot@anthropic.com)"
18.218.137.69 - - [18/Apr/2025:11:43:40 -0400] "GET /ad917/?path=%2Fhome%2Fservlmvm%2Fpublic_html%2F..%2F.spamassassin%2F..%2Ftmp%2Fsess_6730e73a818125058a421cc40a17cac6 HTTP/1.1" 200 1007 "-" "Mozilla/5.0 AppleWebKit/537.36 (KHTML, like Gecko; compatible; ClaudeBot/1.0; +claudebot@anthropic.com)"
18.218.137.69 - - [18/Apr/2025:11:43:43 -0400] "GET /ad917/?path=%2Fhome%2F.%2F.%2F..%2Fusr%2Flib64%2Fgirepository-1.0%2F..%2Flibpoco-plesk-1.9.0%2FlibPocoJSON.so.60 HTTP/1.1" 200 1008 "-" "Mozilla/5.0 AppleWebKit/537.36 (KHTML, like Gecko; compatible; ClaudeBot/1.0; +claudebot@anthropic.com)"
52.167.144.159 - - [18/Apr/2025:11:43:43 -0400] "GET /entity/perpetrating77404384.shtml HTTP/1.1" 404 16943 "-" "Mozilla/5.0 AppleWebKit/537.36 (KHTML, like Gecko; compatible; bingbot/2.0; +http://www.bing.com/bingbot.htm) Chrome/116.0.1938.76 Safari/537.36"
18.218.137.69 - - [18/Apr/2025:11:43:46 -0400] "GET /ad917/?path=%2Fhome%2F.%2F.%2F..%2Fusr%2Flib64%2Fgirepository-1.0%2F..%2Flibpoco-plesk-1.9.0%2FlibPocoUtil.so.60 HTTP/1.1" 200 1006 "-" "Mozilla/5.0 AppleWebKit/537.36 (KHTML, like Gecko; compatible; ClaudeBot/1.0; +claudebot@anthropic.com)"
18.218.137.69 - - [18/Apr/2025:11:43:49 -0400] "GET /ad917/?path=%2Fhome%2F.%2F.%2F..%2Fusr%2Flib64%2Fgirepository-1.0%2F..%2Flibpoco-plesk-1.9.0%2FlibPocoNet.so.60 HTTP/1.1" 200 1006 "-" "Mozilla/5.0 AppleWebKit/537.36 (KHTML, like Gecko; compatible; ClaudeBot/1.0; +claudebot@anthropic.com)"
18.218.137.69 - - [18/Apr/2025:11:43:52 -0400] "GET /ad917/?path=%2Fhome%2F.%2F.%2F..%2Fusr%2Flib64%2Fgirepository-1.0%2F..%2Flibpoco-plesk-1.9.0%2FlibPocoXML.so.60 HTTP/1.1" 200 1006 "-" "Mozilla/5.0 AppleWebKit/537.36 (KHTML, like Gecko; compatible; ClaudeBot/1.0; +claudebot@anthropic.com)"
18.218.137.69 - - [18/Apr/2025:11:43:55 -0400] "GET /ad917/?path=%2Fhome%2Fservlmvm%2Fpublic_html%2F..%2F.spamassassin%2F..%2Ftmp%2Fpma_template_compiles_servlmvm HTTP/1.1" 200 1515 "-" "Mozilla/5.0 AppleWebKit/537.36 (KHTML, like Gecko; compatible; ClaudeBot/1.0; +claudebot@anthropic.com)"
52.167.144.185 - - [18/Apr/2025:11:43:55 -0400] "GET /product/vermeology2790542.shtml HTTP/1.1" 301 0 "-" "Mozilla/5.0 AppleWebKit/537.36 (KHTML, like Gecko; compatible; bingbot/2.0; +http://www.bing.com/bingbot.htm) Chrome/116.0.1938.76 Safari/537.36"
18.218.137.69 - - [18/Apr/2025:11:43:58 -0400] "GET /ad917/?path=%2Fhome%2F.%2F.%2F..%2F..%2Flib64%2Fgstreamer-1.0%2F..%2Fpython3.6%2Fconfig-3.6m-x86_64-linux-gnu HTTP/1.1" 200 1902 "-" "Mozilla/5.0 AppleWebKit/537.36 (KHTML, like Gecko; compatible; ClaudeBot/1.0; +claudebot@anthropic.com)"
18.218.137.69 - - [18/Apr/2025:11:44:01 -0400] "GET /ad917/?path=%2Fhome%2Fservlmvm%2Fpublic_html%2F.%2Fwp-includes%2Fblocks%2Fcomments-title%2F..%2Farchives.php HTTP/1.1" 200 2069 "-" "Mozilla/5.0 AppleWebKit/537.36 (KHTML, like Gecko; compatible; ClaudeBot/1.0; +claudebot@anthropic.com)"
18.218.137.69 - - [18/Apr/2025:11:44:04 -0400] "GET /ad917/?path=%2Fhome%2F.%2F..%2Fproc%2F..%2Flib64%2Fapache2%2F.%2F..%2Flibgstcontroller-1.0.so.0.1601.0 HTTP/1.1" 200 990 "-" "Mozilla/5.0 AppleWebKit/537.36 (KHTML, like Gecko; compatible; ClaudeBot/1.0; +claudebot@anthropic.com)"
198.54.116.86 - - [18/Apr/2025:11:44:04 -0400] "POST /wp-cron.php?doing_wp_cron=1744991044.6060309410095214843750 HTTP/1.1" 200 0 "-" "WordPress/6.8; https://servethepeopleinc.org"
52.167.144.159 - - [18/Apr/2025:11:44:04 -0400] "GET /detail2770320.shtml HTTP/1.1" 404 16942 "-" "Mozilla/5.0 AppleWebKit/537.36 (KHTML, like Gecko; compatible; bingbot/2.0; +http://www.bing.com/bingbot.htm) Chrome/116.0.1938.76 Safari/537.36"
18.218.137.69 - - [18/Apr/2025:11:44:07 -0400] "GET /ad917/?path=%2Fhome%2F.%2F.%2F..%2F..%2Flib64%2Fgstreamer-1.0%2F..%2Fpkgconfig%2Flibevent_pthreads.pc HTTP/1.1" 200 1159 "-" "Mozilla/5.0 AppleWebKit/537.36 (KHTML, like Gecko; compatible; ClaudeBot/1.0; +claudebot@anthropic.com)"
198.54.116.86 - - [18/Apr/2025:11:44:45 -0400] "POST /wp-cron.php?doing_wp_cron=1744991085.2670450210571289062500 HTTP/1.1" 200 0 "-" "WordPress/6.8; https://servethepeopleinc.org"
52.167.144.159 - - [18/Apr/2025:11:44:45 -0400] "GET /detail/34780898.shtml HTTP/1.1" 404 16942 "-" "Mozilla/5.0 AppleWebKit/537.36 (KHTML, like Gecko; compatible; bingbot/2.0; +http://www.bing.com/bingbot.htm) Chrome/116.0.1938.76 Safari/537.36"
198.54.116.86 - - [18/Apr/2025:11:44:45 -0400] "POST /wp-admin/admin-ajax.php?action=async_litespeed&nonce=0Kma6HhwxJ1NcBGi6HufyUy5hCt9ubpk&litespeed_type=imgoptm HTTP/1.1" 200 21 "-" "WordPress/6.8; https://servethepeopleinc.org"
198.54.116.86 - - [18/Apr/2025:11:45:40 -0400] "POST /wp-cron.php?doing_wp_cron=1744991140.9385409355163574218750 HTTP/1.1" 200 0 "-" "WordPress/6.8; https://servethepeopleinc.org"
40.77.167.56 - - [18/Apr/2025:11:45:40 -0400] "GET /shopbrand/101824994.shtml HTTP/1.1" 404 16941 "-" "Mozilla/5.0 AppleWebKit/537.36 (KHTML, like Gecko; compatible; bingbot/2.0; +http://www.bing.com/bingbot.htm) Chrome/116.0.1938.76 Safari/537.36"
198.54.116.86 - - [18/Apr/2025:11:45:41 -0400] "POST /wp-admin/admin-ajax.php?action=async_litespeed&nonce=BvEW0356HGPIUFA5MAJpxJYYOr2vlAwH&litespeed_type=imgoptm HTTP/1.1" 200 21 "-" "WordPress/6.8; https://servethepeopleinc.org"
40.77.167.55 - - [18/Apr/2025:11:45:45 -0400] "GET /detail/83485462.shtml HTTP/1.1" 404 16941 "-" "Mozilla/5.0 AppleWebKit/537.36 (KHTML, like Gecko; compatible; bingbot/2.0; +http://www.bing.com/bingbot.htm) Chrome/116.0.1938.76 Safari/537.36"
3.144.105.255 - - [18/Apr/2025:11:45:54 -0400] "GET /ad917/?path=%2Fhome%2Fservlmvm%2Fpublic_html%2Fad917%2F.%2F..%2F..%2Fmail%2F.info%40servethepeopleinc_org%2F.Archive%2F..%2Fcur HTTP/1.1" 200 58926 "-" "Mozilla/5.0 AppleWebKit/537.36 (KHTML, like Gecko; compatible; ClaudeBot/1.0; +claudebot@anthropic.com)"
3.144.105.255 - - [18/Apr/2025:11:45:57 -0400] "GET /ad917/?path=%2Fhome%2Fservlmvm%2Fpublic_html%2Fad917%2F.%2F..%2F..%2Fmail%2F.info%40servethepeopleinc_org%2F.Archive%2F..%2Fnew HTTP/1.1" 200 2534 "-" "Mozilla/5.0 AppleWebKit/537.36 (KHTML, like Gecko; compatible; ClaudeBot/1.0; +claudebot@anthropic.com)"
3.144.105.255 - - [18/Apr/2025:11:46:00 -0400] "GET /ad917/?path=%2Fhome%2Fservlmvm%2Fpublic_html%2Fad917%2F.%2F..%2F..%2Fmail%2F.info%40servethepeopleinc_org%2F.Archive%2F..%2Ftmp HTTP/1.1" 200 1505 "-" "Mozilla/5.0 AppleWebKit/537.36 (KHTML, like Gecko; compatible; ClaudeBot/1.0; +claudebot@anthropic.com)"
3.144.105.255 - - [18/Apr/2025:11:46:03 -0400] "GET /ad917/?path=%2Fhome%2Fservlmvm%2Fpublic_html%2Fad917%2F.%2F..%2F..%2Fmail%2F.info%40servethepeopleinc_org%2F.Archive%2F.%2Fnew HTTP/1.1" 200 1507 "-" "Mozilla/5.0 AppleWebKit/537.36 (KHTML, like Gecko; compatible; ClaudeBot/1.0; +claudebot@anthropic.com)"
3.144.105.255 - - [18/Apr/2025:11:46:06 -0400] "GET /ad917/?path=%2Fhome%2Fservlmvm%2Fpublic_html%2Fad917%2F.%2F..%2F..%2Fmail%2F.info%40servethepeopleinc_org%2F.Archive%2F.%2Fcur HTTP/1.1" 200 1509 "-" "Mozilla/5.0 AppleWebKit/537.36 (KHTML, like Gecko; compatible; ClaudeBot/1.0; +claudebot@anthropic.com)"
3.144.105.255 - - [18/Apr/2025:11:46:09 -0400] "GET /ad917/?path=%2Fhome%2Fservlmvm%2Fpublic_html%2Fad917%2F.%2F..%2F..%2Fmail%2F.info%40servethepeopleinc_org%2F.Archive%2F.%2Ftmp HTTP/1.1" 200 1507 "-" "Mozilla/5.0 AppleWebKit/537.36 (KHTML, like Gecko; compatible; ClaudeBot/1.0; +claudebot@anthropic.com)"
3.144.105.255 - - [18/Apr/2025:11:46:12 -0400] "GET /ad917/?path=%2Fhome%2Fservlmvm%2Fpublic_html%2Fad917%2F.%2F..%2F..%2Fmail%2F.info%40servethepeopleinc_org%2F.Archive%2F..%2F.. HTTP/1.1" 200 1615 "-" "Mozilla/5.0 AppleWebKit/537.36 (KHTML, like Gecko; compatible; ClaudeBot/1.0; +claudebot@anthropic.com)"
3.144.105.255 - - [18/Apr/2025:11:46:15 -0400] "GET /ad917/?path=%2Fhome%2Fservlmvm%2Fpublic_html%2Fad917%2F.%2F..%2F..%2Fmail%2F.info%40servethepeopleinc_org%2F.Archive%2Fnew%2F. HTTP/1.1" 200 1499 "-" "Mozilla/5.0 AppleWebKit/537.36 (KHTML, like Gecko; compatible; ClaudeBot/1.0; +claudebot@anthropic.com)"
3.144.105.255 - - [18/Apr/2025:11:46:18 -0400] "GET /ad917/?path=%2Fhome%2Fservlmvm%2Fpublic_html%2Fad917%2F.%2F..%2F..%2Fmail%2F.info%40servethepeopleinc_org%2F.Archive%2Ftmp%2F. HTTP/1.1" 200 1499 "-" "Mozilla/5.0 AppleWebKit/537.36 (KHTML, like Gecko; compatible; ClaudeBot/1.0; +claudebot@anthropic.com)"
3.144.105.255 - - [18/Apr/2025:11:46:21 -0400] "GET /ad917/?path=%2Fhome%2Fservlmvm%2Fpublic_html%2Fad917%2F.%2F..%2F..%2Fmail%2F.info%40servethepeopleinc_org%2F.Archive%2F.%2F.. HTTP/1.1" 200 2235 "-" "Mozilla/5.0 AppleWebKit/537.36 (KHTML, like Gecko; compatible; ClaudeBot/1.0; +claudebot@anthropic.com)"
198.54.116.86 - - [18/Apr/2025:11:46:23 -0400] "POST /wp-cron.php?doing_wp_cron=1744991183.7231199741363525390625 HTTP/1.1" 200 0 "-" "WordPress/6.8; https://servethepeopleinc.org"
52.167.144.211 - - [18/Apr/2025:11:46:23 -0400] "GET /special/flopped/61634832.shtml HTTP/1.1" 301 0 "-" "Mozilla/5.0 AppleWebKit/537.36 (KHTML, like Gecko; compatible; bingbot/2.0; +http://www.bing.com/bingbot.htm) Chrome/116.0.1938.76 Safari/537.36"
198.54.116.86 - - [18/Apr/2025:11:46:23 -0400] "POST /wp-admin/admin-ajax.php?action=async_litespeed&nonce=EbnhlhZp0V1gFZOmHodTNAtj2OG81jrF&litespeed_type=imgoptm HTTP/1.1" 200 21 "-" "WordPress/6.8; https://servethepeopleinc.org"
3.144.105.255 - - [18/Apr/2025:11:46:24 -0400] "GET /ad917/?path=%2Fhome%2Fservlmvm%2Fpublic_html%2Fad917%2F.%2F..%2F..%2Fmail%2F.info%40servethepeopleinc_org%2F.Archive%2F..%2F. HTTP/1.1" 200 2301 "-" "Mozilla/5.0 AppleWebKit/537.36 (KHTML, like Gecko; compatible; ClaudeBot/1.0; +claudebot@anthropic.com)"
3.144.105.255 - - [18/Apr/2025:11:46:27 -0400] "GET /ad917/?path=%2Fhome%2F.%2F.%2F..%2F..%2Flib64%2Fgstreamer-1.0%2F..%2Fpython3.6%2F_sysconfigdata_dm_linux_x86_64-linux-gnu.py HTTP/1.1" 200 8197 "-" "Mozilla/5.0 AppleWebKit/537.36 (KHTML, like Gecko; compatible; ClaudeBot/1.0; +claudebot@anthropic.com)"
3.144.105.255 - - [18/Apr/2025:11:46:30 -0400] "GET /ad917/?path=%2Fhome%2Fservlmvm%2Fpublic_html%2Fad917%2F.%2F..%2F..%2Fmail%2F.info%40servethepeopleinc_org%2F.Archive%2F.%2F. HTTP/1.1" 200 1794 "-" "Mozilla/5.0 AppleWebKit/537.36 (KHTML, like Gecko; compatible; ClaudeBot/1.0; +claudebot@anthropic.com)"
3.144.105.255 - - [18/Apr/2025:11:46:33 -0400] "GET /ad917/?path=%2Fhome%2F.%2F.%2F..%2Fusr%2Flib64%2Fgirepository-1.0%2F..%2Flibpoco-plesk-1.9.0%2FlibPocoFoundation.so.60 HTTP/1.1" 200 1003 "-" "Mozilla/5.0 AppleWebKit/537.36 (KHTML, like Gecko; compatible; ClaudeBot/1.0; +claudebot@anthropic.com)"
198.54.116.86 - - [18/Apr/2025:11:47:25 -0400] "POST /wp-cron.php?doing_wp_cron=1744991245.6141679286956787109375 HTTP/1.1" 200 0 "-" "WordPress/6.8; https://servethepeopleinc.org"
40.77.167.55 - - [18/Apr/2025:11:47:25 -0400] "GET /detail95877012.shtml HTTP/1.1" 404 16941 "-" "Mozilla/5.0 AppleWebKit/537.36 (KHTML, like Gecko; compatible; bingbot/2.0; +http://www.bing.com/bingbot.htm) Chrome/116.0.1938.76 Safari/537.36"
198.54.116.86 - - [18/Apr/2025:11:47:25 -0400] "POST /wp-admin/admin-ajax.php?action=async_litespeed&nonce=A6vAjOI0HyeC4Ynal7JUbK3lCTn8jnFp&litespeed_type=imgoptm HTTP/1.1" 200 21 "-" "WordPress/6.8; https://servethepeopleinc.org"
66.249.77.40 - - [18/Apr/2025:11:47:48 -0400] "GET /sitemap-item-1304.xml HTTP/1.1" 404 16941 "-" "Mozilla/5.0 (compatible; Googlebot/2.1; +http://www.google.com/bot.html)"
52.167.144.211 - - [18/Apr/2025:11:47:52 -0400] "GET /shopping/jk/unfairness/51515032.shtml HTTP/1.1" 301 0 "-" "Mozilla/5.0 AppleWebKit/537.36 (KHTML, like Gecko; compatible; bingbot/2.0; +http://www.bing.com/bingbot.htm) Chrome/116.0.1938.76 Safari/537.36"
198.54.116.86 - - [18/Apr/2025:11:48:02 -0400] "POST /wp-cron.php?doing_wp_cron=1744991282.0893540382385253906250 HTTP/1.1" 200 0 "-" "WordPress/6.8; https://servethepeopleinc.org"
40.77.167.0 - - [18/Apr/2025:11:48:01 -0400] "GET /entity/windless/83684774.shtml HTTP/1.1" 301 0 "-" "Mozilla/5.0 AppleWebKit/537.36 (KHTML, like Gecko; compatible; bingbot/2.0; +http://www.bing.com/bingbot.htm) Chrome/116.0.1938.76 Safari/537.36"
13.58.254.98 - - [18/Apr/2025:11:48:19 -0400] "GET /ad917/?path=%2Fhome%2Fservlmvm%2Fpublic_html%2Fad917%2F.%2F..%2F..%2Fmail%2F.info%40servethepeopleinc_org%2F.Archive%2F..%2Fdovecot-quota HTTP/1.1" 200 1066 "-" "Mozilla/5.0 AppleWebKit/537.36 (KHTML, like Gecko; compatible; ClaudeBot/1.0; +claudebot@anthropic.com)"
13.58.254.98 - - [18/Apr/2025:11:48:22 -0400] "GET /ad917/?path=%2Fhome%2Fservlmvm%2Fpublic_html%2Fad917%2F.%2F..%2F..%2Fmail%2F.info%40servethepeopleinc_org%2F.Archive%2F..%2Fdovecot.index HTTP/1.1" 200 1031 "-" "Mozilla/5.0 AppleWebKit/537.36 (KHTML, like Gecko; compatible; ClaudeBot/1.0; +claudebot@anthropic.com)"
13.58.254.98 - - [18/Apr/2025:11:48:25 -0400] "GET /ad917/?path=%2Fhome%2Fservlmvm%2Fpublic_html%2Fad917%2F.%2F..%2F..%2Fmail%2F.info%40servethepeopleinc_org%2F.Archive%2F..%2Fsubscriptions HTTP/1.1" 200 1044 "-" "Mozilla/5.0 AppleWebKit/537.36 (KHTML, like Gecko; compatible; ClaudeBot/1.0; +claudebot@anthropic.com)"
13.58.254.98 - - [18/Apr/2025:11:48:28 -0400] "GET /ad917/?path=%2Fhome%2Fservlmvm%2Fpublic_html%2Fad917%2F.%2F..%2F..%2Fmail%2F.info%40servethepeopleinc_org%2F.Archive%2F.%2Fmaildirfolder HTTP/1.1" 200 1034 "-" "Mozilla/5.0 AppleWebKit/537.36 (KHTML, like Gecko; compatible; ClaudeBot/1.0; +claudebot@anthropic.com)"
13.58.254.98 - - [18/Apr/2025:11:48:31 -0400] "GET /ad917/?path=%2Fhome%2Fservlmvm%2Fpublic_html%2Fad917%2F.%2F..%2F..%2Fmail%2F.info%40servethepeopleinc_org%2F.Archive%2F..%2Fmaildirsize HTTP/1.1" 200 1863 "-" "Mozilla/5.0 AppleWebKit/537.36 (KHTML, like Gecko; compatible; ClaudeBot/1.0; +claudebot@anthropic.com)"
13.58.254.98 - - [18/Apr/2025:11:48:34 -0400] "GET /ad917/?path=%2Fhome%2Fservlmvm%2Fpublic_html%2Fad917%2F.%2F..%2F..%2Fmail%2F.info%40servethepeopleinc_org%2F.Archive%2F..%2F.Archive HTTP/1.1" 200 1771 "-" "Mozilla/5.0 AppleWebKit/537.36 (KHTML, like Gecko; compatible; ClaudeBot/1.0; +claudebot@anthropic.com)"
13.58.254.98 - - [18/Apr/2025:11:48:37 -0400] "GET /ad917/?path=%2Fhome%2Fservlmvm%2Fpublic_html%2Fad917%2F.%2F..%2F..%2Fmail%2F.info%40servethepeopleinc_org%2F.Archive%2F..%2F.Drafts HTTP/1.1" 200 1807 "-" "Mozilla/5.0 AppleWebKit/537.36 (KHTML, like Gecko; compatible; ClaudeBot/1.0; +claudebot@anthropic.com)"
13.58.254.98 - - [18/Apr/2025:11:48:40 -0400] "GET /ad917/?path=%2Fhome%2Fservlmvm%2Fpublic_html%2Fad917%2F.%2F..%2F..%2Fmail%2F.info%40servethepeopleinc_org%2F.Archive%2F..%2F.Trash HTTP/1.1" 200 1772 "-" "Mozilla/5.0 AppleWebKit/537.36 (KHTML, like Gecko; compatible; ClaudeBot/1.0; +claudebot@anthropic.com)"
13.58.254.98 - - [18/Apr/2025:11:48:43 -0400] "GET /ad917/?path=%2Fhome%2Fservlmvm%2Fpublic_html%2F..%2Flogs%2F..%2Flogs%2F.%2F.%2Fspekkshealth.com.servethepeopleinc.org-Apr-2025.gz HTTP/1.1" 200 1016 "-" "Mozilla/5.0 AppleWebKit/537.36 (KHTML, like Gecko; compatible; ClaudeBot/1.0; +claudebot@anthropic.com)"
198.54.116.86 - - [18/Apr/2025:11:48:44 -0400] "POST /wp-cron.php?doing_wp_cron=1744991324.7814989089965820312500 HTTP/1.1" 200 0 "-" "WordPress/6.8; https://servethepeopleinc.org"
40.77.167.55 - - [18/Apr/2025:11:48:44 -0400] "GET /detail/shanghaiing26762194.shtml HTTP/1.1" 404 16943 "-" "Mozilla/5.0 AppleWebKit/537.36 (KHTML, like Gecko; compatible; bingbot/2.0; +http://www.bing.com/bingbot.htm) Chrome/116.0.1938.76 Safari/537.36"
40.77.167.28 - - [18/Apr/2025:11:48:44 -0400] "GET /entity58242706.shtml HTTP/1.1" 301 0 "-" "Mozilla/5.0 AppleWebKit/537.36 (KHTML, like Gecko; compatible; bingbot/2.0; +http://www.bing.com/bingbot.htm) Chrome/116.0.1938.76 Safari/537.36"
198.54.116.86 - - [18/Apr/2025:11:48:44 -0400] "POST /wp-admin/admin-ajax.php?action=async_litespeed&nonce=loJMNySos6Z7scP51GGUFs1yTuCW4Ype&litespeed_type=imgoptm HTTP/1.1" 200 21 "-" "WordPress/6.8; https://servethepeopleinc.org"
13.58.254.98 - - [18/Apr/2025:11:48:46 -0400] "GET /ad917/?path=%2Fhome%2Fservlmvm%2Fpublic_html%2Fad917%2F.%2F..%2F..%2Fmail%2F.info%40servethepeopleinc_org%2F.Archive%2F..%2F.Junk HTTP/1.1" 200 1730 "-" "Mozilla/5.0 AppleWebKit/537.36 (KHTML, like Gecko; compatible; ClaudeBot/1.0; +claudebot@anthropic.com)"
13.58.254.98 - - [18/Apr/2025:11:48:49 -0400] "GET /ad917/?path=%2Fhome%2Fservlmvm%2Fpublic_html%2Fad917%2F.%2F..%2F..%2Fmail%2F.info%40servethepeopleinc_org%2F.Archive%2F..%2F.spam HTTP/1.1" 200 1761 "-" "Mozilla/5.0 AppleWebKit/537.36 (KHTML, like Gecko; compatible; ClaudeBot/1.0; +claudebot@anthropic.com)"
13.58.254.98 - - [18/Apr/2025:11:48:52 -0400] "GET /ad917/?path=%2Fhome%2Fservlmvm%2Fpublic_html%2Fad917%2F.%2F..%2F..%2Fmail%2F.info%40servethepeopleinc_org%2F.Archive%2F..%2F.Sent HTTP/1.1" 200 1820 "-" "Mozilla/5.0 AppleWebKit/537.36 (KHTML, like Gecko; compatible; ClaudeBot/1.0; +claudebot@anthropic.com)"
40.77.167.55 - - [18/Apr/2025:11:48:52 -0400] "GET /items/ceraunics/25903526.shtml HTTP/1.1" 404 16951 "-" "Mozilla/5.0 AppleWebKit/537.36 (KHTML, like Gecko; compatible; bingbot/2.0; +http://www.bing.com/bingbot.htm) Chrome/116.0.1938.76 Safari/537.36"
13.58.254.98 - - [18/Apr/2025:11:48:55 -0400] "GET /ad917/?path=%2Fhome%2Fservlmvm%2Fpublic_html%2Fad917%2F.%2F..%2F..%2Fmail%2F.info%40servethepeopleinc_org%2F.Archive%2Ftmp%2F.. HTTP/1.1" 200 1793 "-" "Mozilla/5.0 AppleWebKit/537.36 (KHTML, like Gecko; compatible; ClaudeBot/1.0; +claudebot@anthropic.com)"
52.167.144.171 - - [18/Apr/2025:11:48:57 -0400] "GET /goodscode554212.shtml HTTP/1.1" 404 16944 "-" "Mozilla/5.0 AppleWebKit/537.36 (KHTML, like Gecko; compatible; bingbot/2.0; +http://www.bing.com/bingbot.htm) Chrome/116.0.1938.76 Safari/537.36"
13.58.254.98 - - [18/Apr/2025:11:48:58 -0400] "GET /ad917/?path=%2Fhome%2Fservlmvm%2Fpublic_html%2Fad917%2F.%2F..%2F..%2Fmail%2F.info%40servethepeopleinc_org%2F.Archive%2Fnew%2F.. HTTP/1.1" 200 1792 "-" "Mozilla/5.0 AppleWebKit/537.36 (KHTML, like Gecko; compatible; ClaudeBot/1.0; +claudebot@anthropic.com)"
198.54.116.86 - - [18/Apr/2025:11:49:05 -0400] "POST /wp-cron.php?doing_wp_cron=1744991345.1367039680480957031250 HTTP/1.1" 200 0 "-" "WordPress/6.8; https://servethepeopleinc.org"
52.167.144.211 - - [18/Apr/2025:11:49:04 -0400] "GET /items/68354962.shtml HTTP/1.1" 301 0 "-" "Mozilla/5.0 AppleWebKit/537.36 (KHTML, like Gecko; compatible; bingbot/2.0; +http://www.bing.com/bingbot.htm) Chrome/116.0.1938.76 Safari/537.36"
198.54.116.86 - - [18/Apr/2025:11:49:15 -0400] "POST /wp-cron.php?doing_wp_cron=1744991355.1869521141052246093750 HTTP/1.1" 200 0 "-" "WordPress/6.8; https://servethepeopleinc.org"
52.167.144.211 - - [18/Apr/2025:11:49:15 -0400] "GET /info/ka/polystoma84780722.shtml HTTP/1.1" 301 0 "-" "Mozilla/5.0 AppleWebKit/537.36 (KHTML, like Gecko; compatible; bingbot/2.0; +http://www.bing.com/bingbot.htm) Chrome/116.0.1938.76 Safari/537.36"
198.54.116.86 - - [18/Apr/2025:11:49:15 -0400] "POST /wp-admin/admin-ajax.php?action=async_litespeed&nonce=IbH2CiRFHHZVhmZEahOjPyb0gqP6hIkA&litespeed_type=imgoptm HTTP/1.1" 200 21 "-" "WordPress/6.8; https://servethepeopleinc.org"
40.77.167.56 - - [18/Apr/2025:11:49:22 -0400] "GET /detail/joinant/68078582.shtml HTTP/1.1" 404 16950 "-" "Mozilla/5.0 AppleWebKit/537.36 (KHTML, like Gecko; compatible; bingbot/2.0; +http://www.bing.com/bingbot.htm) Chrome/116.0.1938.76 Safari/537.36"
40.77.167.28 - - [18/Apr/2025:11:49:44 -0400] "GET /detail/21950586.shtml HTTP/1.1" 301 0 "-" "Mozilla/5.0 AppleWebKit/537.36 (KHTML, like Gecko; compatible; bingbot/2.0; +http://www.bing.com/bingbot.htm) Chrome/116.0.1938.76 Safari/537.36"
52.167.144.171 - - [18/Apr/2025:11:49:45 -0400] "GET /detail/clemently7670544.shtml HTTP/1.1" 404 16943 "-" "Mozilla/5.0 AppleWebKit/537.36 (KHTML, like Gecko; compatible; bingbot/2.0; +http://www.bing.com/bingbot.htm) Chrome/116.0.1938.76 Safari/537.36"
40.77.167.56 - - [18/Apr/2025:11:50:00 -0400] "GET /product3894302.shtml HTTP/1.1" 404 16941 "-" "Mozilla/5.0 AppleWebKit/537.36 (KHTML, like Gecko; compatible; bingbot/2.0; +http://www.bing.com/bingbot.htm) Chrome/116.0.1938.76 Safari/537.36"
198.54.116.86 - - [18/Apr/2025:11:50:12 -0400] "POST /wp-cron.php?doing_wp_cron=1744991412.0543289184570312500000 HTTP/1.1" 200 0 "-" "WordPress/6.8; https://servethepeopleinc.org"
40.77.167.0 - - [18/Apr/2025:11:50:11 -0400] "GET /info/96978130.shtml HTTP/1.1" 301 0 "-" "Mozilla/5.0 AppleWebKit/537.36 (KHTML, like Gecko; compatible; bingbot/2.0; +http://www.bing.com/bingbot.htm) Chrome/116.0.1938.76 Safari/537.36"
198.54.116.86 - - [18/Apr/2025:11:50:12 -0400] "POST /wp-admin/admin-ajax.php?action=async_litespeed&nonce=18HQXZFstcXZx5qHquNiZCNiwBl3Wl5R&litespeed_type=imgoptm HTTP/1.1" 200 21 "-" "WordPress/6.8; https://servethepeopleinc.org"
52.167.144.211 - - [18/Apr/2025:11:50:24 -0400] "GET /item46797256.shtml HTTP/1.1" 301 0 "-" "Mozilla/5.0 AppleWebKit/537.36 (KHTML, like Gecko; compatible; bingbot/2.0; +http://www.bing.com/bingbot.htm) Chrome/116.0.1938.76 Safari/537.36"
40.77.167.56 - - [18/Apr/2025:11:50:42 -0400] "GET /products/lm/lineatum/97694752.shtml HTTP/1.1" 404 16952 "-" "Mozilla/5.0 AppleWebKit/537.36 (KHTML, like Gecko; compatible; bingbot/2.0; +http://www.bing.com/bingbot.htm) Chrome/116.0.1938.76 Safari/537.36"
13.58.173.156 - - [18/Apr/2025:11:50:43 -0400] "GET /ad917/?path=%2Fhome%2F.%2Fservlmvm%2Fmail%2F.info%40servethepeopleinc_org%2Fcur%2F. HTTP/1.1" 200 57952 "-" "Mozilla/5.0 AppleWebKit/537.36 (KHTML, like Gecko; compatible; ClaudeBot/1.0; +claudebot@anthropic.com)"
40.77.167.28 - - [18/Apr/2025:11:50:43 -0400] "GET /special/xqa/aprication/44139160.shtml HTTP/1.1" 301 0 "-" "Mozilla/5.0 AppleWebKit/537.36 (KHTML, like Gecko; compatible; bingbot/2.0; +http://www.bing.com/bingbot.htm) Chrome/116.0.1938.76 Safari/537.36"
13.58.173.156 - - [18/Apr/2025:11:50:46 -0400] "GET /ad917/?path=%2Fhome%2F.%2Fservlmvm%2Fspekkshealth.com%2Fwp-includes%2FRequests%2F. HTTP/1.1" 200 1499 "-" "Mozilla/5.0 AppleWebKit/537.36 (KHTML, like Gecko; compatible; ClaudeBot/1.0; +claudebot@anthropic.com)"
13.58.173.156 - - [18/Apr/2025:11:50:49 -0400] "GET /ad917/?path=%2Fhome%2F.%2Fservlmvm%2F.cpanel%2Fea-php-cli%2Fpuppiesoftexas.com%2F. HTTP/1.1" 200 1471 "-" "Mozilla/5.0 AppleWebKit/537.36 (KHTML, like Gecko; compatible; ClaudeBot/1.0; +claudebot@anthropic.com)"
13.58.173.156 - - [18/Apr/2025:11:50:52 -0400] "GET /ad917/?path=%2Fhome%2Fservlmvm%2Fpublic_html%2F..%2Flscache%2Fb%2F..%2Fc%2F..%2F5 HTTP/1.1" 200 1677 "-" "Mozilla/5.0 AppleWebKit/537.36 (KHTML, like Gecko; compatible; ClaudeBot/1.0; +claudebot@anthropic.com)"
13.58.173.156 - - [18/Apr/2025:11:50:55 -0400] "GET /ad917/?path=%2Fhome%2Fservlmvm%2Fpublic_html%2F..%2Flscache%2F1%2F..%2F5%2F..%2F4 HTTP/1.1" 200 1674 "-" "Mozilla/5.0 AppleWebKit/537.36 (KHTML, like Gecko; compatible; ClaudeBot/1.0; +claudebot@anthropic.com)"
52.167.144.171 - - [18/Apr/2025:11:50:55 -0400] "GET /detail/66097060.shtml HTTP/1.1" 404 16942 "-" "Mozilla/5.0 AppleWebKit/537.36 (KHTML, like Gecko; compatible; bingbot/2.0; +http://www.bing.com/bingbot.htm) Chrome/116.0.1938.76 Safari/537.36"
13.58.173.156 - - [18/Apr/2025:11:50:58 -0400] "GET /ad917/?path=%2Fhome%2Fservlmvm%2Fpublic_html%2F..%2Flscache%2F1%2F..%2Fc%2F8%2F1 HTTP/1.1" 200 1584 "-" "Mozilla/5.0 AppleWebKit/537.36 (KHTML, like Gecko; compatible; ClaudeBot/1.0; +claudebot@anthropic.com)"
13.58.173.156 - - [18/Apr/2025:11:51:01 -0400] "GET /ad917/?path=%2Fhome%2Fservlmvm%2Fpublic_html%2F..%2Flscache%2F4%2F..%2Fd%2F6%2Fb HTTP/1.1" 200 1656 "-" "Mozilla/5.0 AppleWebKit/537.36 (KHTML, like Gecko; compatible; ClaudeBot/1.0; +claudebot@anthropic.com)"
13.58.173.156 - - [18/Apr/2025:11:51:04 -0400] "GET /ad917/?path=%2Fhome%2Fservlmvm%2Fpublic_html%2F..%2Flscache%2F2%2F..%2F.%2Fd%2Fc HTTP/1.1" 200 1645 "-" "Mozilla/5.0 AppleWebKit/537.36 (KHTML, like Gecko; compatible; ClaudeBot/1.0; +claudebot@anthropic.com)"
13.58.173.156 - - [18/Apr/2025:11:51:07 -0400] "GET /ad917/?path=%2Fhome%2Fservlmvm%2Fpublic_html%2F..%2Flscache%2Fc%2F..%2Fd%2F.%2Ff HTTP/1.1" 200 1677 "-" "Mozilla/5.0 AppleWebKit/537.36 (KHTML, like Gecko; compatible; ClaudeBot/1.0; +claudebot@anthropic.com)"
13.58.173.156 - - [18/Apr/2025:11:51:10 -0400] "GET /ad917/?path=%2Fhome%2Fservlmvm%2Fpublic_html%2F..%2Flscache%2F1%2F..%2Fa%2Fe%2F5 HTTP/1.1" 200 1589 "-" "Mozilla/5.0 AppleWebKit/537.36 (KHTML, like Gecko; compatible; ClaudeBot/1.0; +claudebot@anthropic.com)"
13.58.173.156 - - [18/Apr/2025:11:51:13 -0400] "GET /ad917/?path=%2Fhome%2Fservlmvm%2Fpublic_html%2F..%2Flscache%2F4%2F4%2F..%2F6%2F7 HTTP/1.1" 200 1688 "-" "Mozilla/5.0 AppleWebKit/537.36 (KHTML, like Gecko; compatible; ClaudeBot/1.0; +claudebot@anthropic.com)"
198.54.116.86 - - [18/Apr/2025:11:51:13 -0400] "POST /wp-cron.php?doing_wp_cron=1744991473.1313779354095458984375 HTTP/1.1" 200 0 "-" "WordPress/6.8; https://servethepeopleinc.org"
40.77.167.55 - - [18/Apr/2025:11:51:12 -0400] "GET /shopbrand/71134538.shtml HTTP/1.1" 404 16942 "-" "Mozilla/5.0 AppleWebKit/537.36 (KHTML, like Gecko; compatible; bingbot/2.0; +http://www.bing.com/bingbot.htm) Chrome/116.0.1938.76 Safari/537.36"
198.54.116.86 - - [18/Apr/2025:11:51:13 -0400] "POST /wp-admin/admin-ajax.php?action=async_litespeed&nonce=29lDYSDeHiox83JoAW0lINyJ0AvbaBGq&litespeed_type=imgoptm HTTP/1.1" 200 21 "-" "WordPress/6.8; https://servethepeopleinc.org"
13.58.173.156 - - [18/Apr/2025:11:51:16 -0400] "GET /ad917/?path=%2Fhome%2Fservlmvm%2Fpublic_html%2F..%2Flscache%2F2%2F..%2F1%2Fc%2F1 HTTP/1.1" 200 1224 "-" "Mozilla/5.0 AppleWebKit/537.36 (KHTML, like Gecko; compatible; ClaudeBot/1.0; +claudebot@anthropic.com)"
13.58.173.156 - - [18/Apr/2025:11:51:19 -0400] "GET /ad917/?path=%2Fhome%2Fservlmvm%2Fpublic_html%2F..%2Flscache%2F3%2F..%2F7%2F4%2Ff HTTP/1.1" 200 1549 "-" "Mozilla/5.0 AppleWebKit/537.36 (KHTML, like Gecko; compatible; ClaudeBot/1.0; +claudebot@anthropic.com)"
13.58.173.156 - - [18/Apr/2025:11:51:22 -0400] "GET /ad917/?path=%2Fhome%2Fservlmvm%2Fpublic_html%2F..%2Flscache%2F3%2F..%2F7%2F.%2Fd HTTP/1.1" 200 1640 "-" "Mozilla/5.0 AppleWebKit/537.36 (KHTML, like Gecko; compatible; ClaudeBot/1.0; +claudebot@anthropic.com)"
13.58.173.156 - - [18/Apr/2025:11:51:25 -0400] "GET /ad917/?path=%2Fhome%2Fservlmvm%2Fpublic_html%2F..%2Flscache%2F2%2F..%2F1%2Fb%2Fd HTTP/1.1" 200 1548 "-" "Mozilla/5.0 AppleWebKit/537.36 (KHTML, like Gecko; compatible; ClaudeBot/1.0; +claudebot@anthropic.com)"
13.58.173.156 - - [18/Apr/2025:11:51:28 -0400] "GET /ad917/?path=%2Fhome%2Fservlmvm%2Fpublic_html%2F..%2Flscache%2Fd%2F..%2Fa%2Fe%2F1 HTTP/1.1" 200 1546 "-" "Mozilla/5.0 AppleWebKit/537.36 (KHTML, like Gecko; compatible; ClaudeBot/1.0; +claudebot@anthropic.com)"
13.58.173.156 - - [18/Apr/2025:11:51:31 -0400] "GET /ad917/?path=%2Fhome%2Fservlmvm%2Fpublic_html%2F..%2Flscache%2F4%2F7%2F..%2F0%2Fe HTTP/1.1" 200 1585 "-" "Mozilla/5.0 AppleWebKit/537.36 (KHTML, like Gecko; compatible; ClaudeBot/1.0; +claudebot@anthropic.com)"
40.77.167.56 - - [18/Apr/2025:11:51:31 -0400] "GET /product/monographist34865188.shtml HTTP/1.1" 404 16943 "-" "Mozilla/5.0 AppleWebKit/537.36 (KHTML, like Gecko; compatible; bingbot/2.0; +http://www.bing.com/bingbot.htm) Chrome/116.0.1938.76 Safari/537.36"
13.58.173.156 - - [18/Apr/2025:11:51:34 -0400] "GET /ad917/?path=%2Fhome%2F.%2F..%2Flib64%2Fapr-util-1%2F..%2Fbind9-export%2F..%2Fc HTTP/1.1" 200 1225 "-" "Mozilla/5.0 AppleWebKit/537.36 (KHTML, like Gecko; compatible; ClaudeBot/1.0; +claudebot@anthropic.com)"
13.58.173.156 - - [18/Apr/2025:11:51:37 -0400] "GET /ad917/?path=%2Fhome%2F.%2F.%2F..%2F..%2Flib64%2Flibuser%2F..%2Fc HTTP/1.1" 200 1205 "-" "Mozilla/5.0 AppleWebKit/537.36 (KHTML, like Gecko; compatible; ClaudeBot/1.0; +claudebot@anthropic.com)"
40.77.167.56 - - [18/Apr/2025:11:51:50 -0400] "GET /products/92249468.shtml HTTP/1.1" 404 16943 "-" "Mozilla/5.0 AppleWebKit/537.36 (KHTML, like Gecko; compatible; bingbot/2.0; +http://www.bing.com/bingbot.htm) Chrome/116.0.1938.76 Safari/537.36"
198.54.116.86 - - [18/Apr/2025:11:52:11 -0400] "POST /wp-cron.php?doing_wp_cron=1744991531.0114150047302246093750 HTTP/1.1" 200 0 "-" "WordPress/6.8; https://servethepeopleinc.org"
40.77.167.0 - - [18/Apr/2025:11:52:10 -0400] "GET /info/72908052.shtml HTTP/1.1" 301 0 "-" "Mozilla/5.0 AppleWebKit/537.36 (KHTML, like Gecko; compatible; bingbot/2.0; +http://www.bing.com/bingbot.htm) Chrome/116.0.1938.76 Safari/537.36"
198.54.116.86 - - [18/Apr/2025:11:52:11 -0400] "POST /wp-admin/admin-ajax.php?action=async_litespeed&nonce=i2hwsUF9TCIoqnTVJhaJym6dcXlMjqZb&litespeed_type=imgoptm HTTP/1.1" 200 21 "-" "WordPress/6.8; https://servethepeopleinc.org"
52.167.144.171 - - [18/Apr/2025:11:52:25 -0400] "GET /detail/2495536.shtml HTTP/1.1" 404 16941 "-" "Mozilla/5.0 AppleWebKit/537.36 (KHTML, like Gecko; compatible; bingbot/2.0; +http://www.bing.com/bingbot.htm) Chrome/116.0.1938.76 Safari/537.36"
40.77.167.28 - - [18/Apr/2025:11:52:34 -0400] "GET /shopping/lastly88587538.shtml HTTP/1.1" 301 0 "-" "Mozilla/5.0 AppleWebKit/537.36 (KHTML, like Gecko; compatible; bingbot/2.0; +http://www.bing.com/bingbot.htm) Chrome/116.0.1938.76 Safari/537.36"
40.77.167.55 - - [18/Apr/2025:11:52:44 -0400] "GET /goodscode/spruced51118918.shtml HTTP/1.1" 404 16941 "-" "Mozilla/5.0 AppleWebKit/537.36 (KHTML, like Gecko; compatible; bingbot/2.0; +http://www.bing.com/bingbot.htm) Chrome/116.0.1938.76 Safari/537.36"
40.77.167.56 - - [18/Apr/2025:11:52:51 -0400] "GET /items/spermatozoa/78406184.shtml HTTP/1.1" 404 16951 "-" "Mozilla/5.0 AppleWebKit/537.36 (KHTML, like Gecko; compatible; bingbot/2.0; +http://www.bing.com/bingbot.htm) Chrome/116.0.1938.76 Safari/537.36"
18.222.191.57 - - [18/Apr/2025:11:53:15 -0400] "GET /ad917/?path=%2Fhome%2Fservlmvm%2Fpublic_html%2F..%2F.cphorde%2F..%2Flscache%2F1%2F8 HTTP/1.1" 200 1640 "-" "Mozilla/5.0 AppleWebKit/537.36 (KHTML, like Gecko; compatible; ClaudeBot/1.0; +claudebot@anthropic.com)"
18.222.191.57 - - [18/Apr/2025:11:53:17 -0400] "GET /ad917/?path=%2Fhome%2Fservlmvm%2Fpublic_html%2F..%2F.cphorde%2F..%2Flscache%2F1%2Fe HTTP/1.1" 200 1640 "-" "Mozilla/5.0 AppleWebKit/537.36 (KHTML, like Gecko; compatible; ClaudeBot/1.0; +claudebot@anthropic.com)"
18.222.191.57 - - [18/Apr/2025:11:53:20 -0400] "GET /ad917/?path=%2Fhome%2Fservlmvm%2Fpublic_html%2F..%2F.cphorde%2F..%2Flscache%2Fc%2F8 HTTP/1.1" 200 1649 "-" "Mozilla/5.0 AppleWebKit/537.36 (KHTML, like Gecko; compatible; ClaudeBot/1.0; +claudebot@anthropic.com)"
198.54.116.86 - - [18/Apr/2025:11:53:22 -0400] "POST /wp-cron.php?doing_wp_cron=1744991602.1504480838775634765625 HTTP/1.1" 200 0 "-" "WordPress/6.8; https://servethepeopleinc.org"
40.77.167.56 - - [18/Apr/2025:11:53:21 -0400] "GET /detail/animalculum64135806.shtml HTTP/1.1" 404 16942 "-" "Mozilla/5.0 AppleWebKit/537.36 (KHTML, like Gecko; compatible; bingbot/2.0; +http://www.bing.com/bingbot.htm) Chrome/116.0.1938.76 Safari/537.36"
198.54.116.86 - - [18/Apr/2025:11:53:22 -0400] "POST /wp-admin/admin-ajax.php?action=async_litespeed&nonce=JEAxOC0PZq4CD8TemQahJ7wHaV2yMydC&litespeed_type=imgoptm HTTP/1.1" 200 21 "-" "WordPress/6.8; https://servethepeopleinc.org"
18.222.191.57 - - [18/Apr/2025:11:53:23 -0400] "GET /ad917/?path=%2Fhome%2Fservlmvm%2Fpublic_html%2F..%2F.cphorde%2F..%2Flscache%2F1%2F9 HTTP/1.1" 200 1634 "-" "Mozilla/5.0 AppleWebKit/537.36 (KHTML, like Gecko; compatible; ClaudeBot/1.0; +claudebot@anthropic.com)"
18.222.191.57 - - [18/Apr/2025:11:53:26 -0400] "GET /ad917/?path=%2Fhome%2Fservlmvm%2Fpublic_html%2F..%2F.cphorde%2F..%2Flscache%2F1%2F5 HTTP/1.1" 200 1648 "-" "Mozilla/5.0 AppleWebKit/537.36 (KHTML, like Gecko; compatible; ClaudeBot/1.0; +claudebot@anthropic.com)"
18.222.191.57 - - [18/Apr/2025:11:53:29 -0400] "GET /ad917/?path=%2Fhome%2Fservlmvm%2Fpublic_html%2F..%2F.cphorde%2F..%2Flscache%2F1%2F1 HTTP/1.1" 200 1599 "-" "Mozilla/5.0 AppleWebKit/537.36 (KHTML, like Gecko; compatible; ClaudeBot/1.0; +claudebot@anthropic.com)"
18.222.191.57 - - [18/Apr/2025:11:53:32 -0400] "GET /ad917/?path=%2Fhome%2Fservlmvm%2Fpublic_html%2F..%2F.cphorde%2F..%2Flscache%2F1%2F7 HTTP/1.1" 200 1650 "-" "Mozilla/5.0 AppleWebKit/537.36 (KHTML, like Gecko; compatible; ClaudeBot/1.0; +claudebot@anthropic.com)"
18.222.191.57 - - [18/Apr/2025:11:53:35 -0400] "GET /ad917/?path=%2Fhome%2Fservlmvm%2Fpublic_html%2F..%2F.%2F.softaculous%2Fsess%2F.%2F. HTTP/1.1" 200 1458 "-" "Mozilla/5.0 AppleWebKit/537.36 (KHTML, like Gecko; compatible; ClaudeBot/1.0; +claudebot@anthropic.com)"
18.222.191.57 - - [18/Apr/2025:11:53:38 -0400] "GET /ad917/?path=%2Fhome%2Fservlmvm%2Fpublic_html%2F..%2F.cpanel%2F.%2F..%2F.cphorde%2F. HTTP/1.1" 200 1601 "-" "Mozilla/5.0 AppleWebKit/537.36 (KHTML, like Gecko; compatible; ClaudeBot/1.0; +claudebot@anthropic.com)"
18.222.191.57 - - [18/Apr/2025:11:53:41 -0400] "GET /ad917/?path=%2Fhome%2Fservlmvm%2Fpublic_html%2F..%2F.cphorde%2F..%2Flscache%2Fc%2F0 HTTP/1.1" 200 1655 "-" "Mozilla/5.0 AppleWebKit/537.36 (KHTML, like Gecko; compatible; ClaudeBot/1.0; +claudebot@anthropic.com)"
52.167.144.211 - - [18/Apr/2025:11:53:44 -0400] "GET /info/16659346.shtml HTTP/1.1" 301 0 "-" "Mozilla/5.0 AppleWebKit/537.36 (KHTML, like Gecko; compatible; bingbot/2.0; +http://www.bing.com/bingbot.htm) Chrome/116.0.1938.76 Safari/537.36"
18.222.191.57 - - [18/Apr/2025:11:53:44 -0400] "GET /ad917/?path=%2Fhome%2Fservlmvm%2Fpublic_html%2F..%2F.cphorde%2F..%2Flscache%2Fc%2F6 HTTP/1.1" 200 1650 "-" "Mozilla/5.0 AppleWebKit/537.36 (KHTML, like Gecko; compatible; ClaudeBot/1.0; +claudebot@anthropic.com)"
18.222.191.57 - - [18/Apr/2025:11:53:47 -0400] "GET /ad917/?path=%2Fhome%2Fservlmvm%2Fpublic_html%2F..%2F.cphorde%2F..%2Flscache%2F1%2F2 HTTP/1.1" 200 1631 "-" "Mozilla/5.0 AppleWebKit/537.36 (KHTML, like Gecko; compatible; ClaudeBot/1.0; +claudebot@anthropic.com)"
18.222.191.57 - - [18/Apr/2025:11:53:50 -0400] "GET /ad917/?path=%2Fhome%2Fservlmvm%2Fpublic_html%2F..%2Flscache%2Fd%2F..%2Fpriv%2F4%2F. HTTP/1.1" 200 1463 "-" "Mozilla/5.0 AppleWebKit/537.36 (KHTML, like Gecko; compatible; ClaudeBot/1.0; +claudebot@anthropic.com)"
18.222.191.57 - - [18/Apr/2025:11:53:53 -0400] "GET /ad917/?path=%2Fhome%2Fservlmvm%2Fpublic_html%2F..%2F.cphorde%2F..%2Flscache%2Fc%2F3 HTTP/1.1" 200 1631 "-" "Mozilla/5.0 AppleWebKit/537.36 (KHTML, like Gecko; compatible; ClaudeBot/1.0; +claudebot@anthropic.com)"
52.167.144.211 - - [18/Apr/2025:11:53:55 -0400] "GET /items47073206.shtml HTTP/1.1" 301 0 "-" "Mozilla/5.0 AppleWebKit/537.36 (KHTML, like Gecko; compatible; bingbot/2.0; +http://www.bing.com/bingbot.htm) Chrome/116.0.1938.76 Safari/537.36"
18.222.191.57 - - [18/Apr/2025:11:53:56 -0400] "GET /ad917/?path=%2Fhome%2Fservlmvm%2Fpublic_html%2F..%2F.cphorde%2F..%2Flscache%2Fc%2Ff HTTP/1.1" 200 1618 "-" "Mozilla/5.0 AppleWebKit/537.36 (KHTML, like Gecko; compatible; ClaudeBot/1.0; +claudebot@anthropic.com)"
18.222.191.57 - - [18/Apr/2025:11:53:59 -0400] "GET /ad917/?path=%2Fhome%2Fservlmvm%2Fpublic_html%2F..%2Fssl%2F..%2F.cl.selector%2F.%2F. HTTP/1.1" 200 1644 "-" "Mozilla/5.0 AppleWebKit/537.36 (KHTML, like Gecko; compatible; ClaudeBot/1.0; +claudebot@anthropic.com)"
18.222.191.57 - - [18/Apr/2025:11:54:02 -0400] "GET /ad917/?path=%2Fhome%2Fservlmvm%2Fpublic_html%2F..%2F.cphorde%2F..%2Flscache%2Fc%2Fd HTTP/1.1" 200 1621 "-" "Mozilla/5.0 AppleWebKit/537.36 (KHTML, like Gecko; compatible; ClaudeBot/1.0; +claudebot@anthropic.com)"
18.222.191.57 - - [18/Apr/2025:11:54:05 -0400] "GET /ad917/?path=%2Fhome%2Fservlmvm%2Fpublic_html%2F..%2F.cphorde%2F..%2Flscache%2F1%2Fd HTTP/1.1" 200 1631 "-" "Mozilla/5.0 AppleWebKit/537.36 (KHTML, like Gecko; compatible; ClaudeBot/1.0; +claudebot@anthropic.com)"
18.222.191.57 - - [18/Apr/2025:11:54:08 -0400] "GET /ad917/?path=%2Fhome%2Fservlmvm%2Fpublic_html%2F..%2F..%2Fservlmvm%2F.clwpos%2F.%2F. HTTP/1.1" 200 1521 "-" "Mozilla/5.0 AppleWebKit/537.36 (KHTML, like Gecko; compatible; ClaudeBot/1.0; +claudebot@anthropic.com)"
198.54.116.86 - - [18/Apr/2025:11:54:13 -0400] "POST /wp-cron.php?doing_wp_cron=1744991653.9330089092254638671875 HTTP/1.1" 200 0 "-" "WordPress/6.8; https://servethepeopleinc.org"
52.167.144.211 - - [18/Apr/2025:11:54:13 -0400] "GET /info/66715430.shtml HTTP/1.1" 301 0 "-" "Mozilla/5.0 AppleWebKit/537.36 (KHTML, like Gecko; compatible; bingbot/2.0; +http://www.bing.com/bingbot.htm) Chrome/116.0.1938.76 Safari/537.36"
198.54.116.86 - - [18/Apr/2025:11:54:14 -0400] "POST /wp-admin/admin-ajax.php?action=async_litespeed&nonce=0VfHQD1vGafNESF5n1vBz3GqcwG5aFHm&litespeed_type=imgoptm HTTP/1.1" 200 21 "-" "WordPress/6.8; https://servethepeopleinc.org"
52.167.144.171 - - [18/Apr/2025:11:54:14 -0400] "GET /items/mersion/ HTTP/1.1" 404 16941 "-" "Mozilla/5.0 AppleWebKit/537.36 (KHTML, like Gecko; compatible; bingbot/2.0; +http://www.bing.com/bingbot.htm) Chrome/116.0.1938.76 Safari/537.36"
51.222.253.16 - - [18/Apr/2025:11:54:36 -0400] "GET /sitemap-hot-2895792.xml HTTP/1.1" 404 16942 "-" "Mozilla/5.0 (compatible; AhrefsBot/7.0; +http://ahrefs.com/robot/)"
52.167.144.169 - - [18/Apr/2025:11:54:41 -0400] "GET /detail/kq/testudinata61642350.shtml HTTP/1.1" 301 0 "-" "Mozilla/5.0 AppleWebKit/537.36 (KHTML, like Gecko; compatible; bingbot/2.0; +http://www.bing.com/bingbot.htm) Chrome/116.0.1938.76 Safari/537.36"
198.54.116.86 - - [18/Apr/2025:11:55:02 -0400] "POST /wp-cron.php?doing_wp_cron=1744991702.5384979248046875000000 HTTP/1.1" 200 0 "-" "WordPress/6.8; https://servethepeopleinc.org"
52.167.144.169 - - [18/Apr/2025:11:55:02 -0400] "GET /goodscode/46773530.shtml HTTP/1.1" 301 0 "-" "Mozilla/5.0 AppleWebKit/537.36 (KHTML, like Gecko; compatible; bingbot/2.0; +http://www.bing.com/bingbot.htm) Chrome/116.0.1938.76 Safari/537.36"
52.167.144.216 - - [18/Apr/2025:11:55:06 -0400] "GET /entity3065912.shtml HTTP/1.1" 301 0 "-" "Mozilla/5.0 AppleWebKit/537.36 (KHTML, like Gecko; compatible; bingbot/2.0; +http://www.bing.com/bingbot.htm) Chrome/116.0.1938.76 Safari/537.36"
198.54.116.86 - - [18/Apr/2025:11:55:21 -0400] "POST /wp-cron.php?doing_wp_cron=1744991721.8837180137634277343750 HTTP/1.1" 200 0 "-" "WordPress/6.8; https://servethepeopleinc.org"
52.167.144.169 - - [18/Apr/2025:11:55:21 -0400] "GET /special12847338.shtml HTTP/1.1" 301 0 "-" "Mozilla/5.0 AppleWebKit/537.36 (KHTML, like Gecko; compatible; bingbot/2.0; +http://www.bing.com/bingbot.htm) Chrome/116.0.1938.76 Safari/537.36"
198.54.116.86 - - [18/Apr/2025:11:55:22 -0400] "POST /wp-admin/admin-ajax.php?action=async_litespeed&nonce=xIHohqTFW0goKXkPL4VAtfy7eYgzWVCI&litespeed_type=imgoptm HTTP/1.1" 200 21 "-" "WordPress/6.8; https://servethepeopleinc.org"
52.167.144.216 - - [18/Apr/2025:11:55:25 -0400] "GET /entity/yxq/oryctognostic51704630.shtml HTTP/1.1" 301 0 "-" "Mozilla/5.0 AppleWebKit/537.36 (KHTML, like Gecko; compatible; bingbot/2.0; +http://www.bing.com/bingbot.htm) Chrome/116.0.1938.76 Safari/537.36"
18.189.141.141 - - [18/Apr/2025:11:55:41 -0400] "GET /ad917/?path=%2Fhome%2Fservlmvm%2Fpublic_html%2F..%2F.cphorde%2F..%2Flscache%2Fc%2F4 HTTP/1.1" 200 1655 "-" "Mozilla/5.0 AppleWebKit/537.36 (KHTML, like Gecko; compatible; ClaudeBot/1.0; +claudebot@anthropic.com)"
52.167.144.232 - - [18/Apr/2025:11:55:44 -0400] "GET /detail37210450.shtml HTTP/1.1" 404 16941 "-" "Mozilla/5.0 AppleWebKit/537.36 (KHTML, like Gecko; compatible; bingbot/2.0; +http://www.bing.com/bingbot.htm) Chrome/116.0.1938.76 Safari/537.36"
18.189.141.141 - - [18/Apr/2025:11:55:44 -0400] "GET /ad917/?path=%2Fhome%2Fservlmvm%2Fpublic_html%2F..%2F.cphorde%2F..%2Flscache%2Fc%2Fa HTTP/1.1" 200 1639 "-" "Mozilla/5.0 AppleWebKit/537.36 (KHTML, like Gecko; compatible; ClaudeBot/1.0; +claudebot@anthropic.com)"
18.189.141.141 - - [18/Apr/2025:11:55:47 -0400] "GET /ad917/?path=%2Fhome%2Fservlmvm%2Fpublic_html%2F..%2F.cphorde%2F..%2Flscache%2Fc%2F2 HTTP/1.1" 200 1630 "-" "Mozilla/5.0 AppleWebKit/537.36 (KHTML, like Gecko; compatible; ClaudeBot/1.0; +claudebot@anthropic.com)"
52.167.144.232 - - [18/Apr/2025:11:55:48 -0400] "GET /detail/15236718.shtml HTTP/1.1" 404 16941 "-" "Mozilla/5.0 AppleWebKit/537.36 (KHTML, like Gecko; compatible; bingbot/2.0; +http://www.bing.com/bingbot.htm) Chrome/116.0.1938.76 Safari/537.36"
18.189.141.141 - - [18/Apr/2025:11:55:50 -0400] "GET /ad917/?path=%2Fhome%2Fservlmvm%2Fpublic_html%2F..%2F.cphorde%2F..%2Flscache%2F1%2Fc HTTP/1.1" 200 1623 "-" "Mozilla/5.0 AppleWebKit/537.36 (KHTML, like Gecko; compatible; ClaudeBot/1.0; +claudebot@anthropic.com)"
18.189.141.141 - - [18/Apr/2025:11:55:53 -0400] "GET /ad917/?path=%2Fhome%2Fservlmvm%2Fpublic_html%2F..%2F.cphorde%2F..%2Flscache%2Fc%2F1 HTTP/1.1" 200 1637 "-" "Mozilla/5.0 AppleWebKit/537.36 (KHTML, like Gecko; compatible; ClaudeBot/1.0; +claudebot@anthropic.com)"
52.167.144.216 - - [18/Apr/2025:11:55:54 -0400] "GET /special/fault68371090.shtml HTTP/1.1" 301 0 "-" "Mozilla/5.0 AppleWebKit/537.36 (KHTML, like Gecko; compatible; bingbot/2.0; +http://www.bing.com/bingbot.htm) Chrome/116.0.1938.76 Safari/537.36"
18.189.141.141 - - [18/Apr/2025:11:55:56 -0400] "GET /ad917/?path=%2Fhome%2Fservlmvm%2Fpublic_html%2F..%2F.cphorde%2F..%2Flscache%2Fc%2Fe HTTP/1.1" 200 1622 "-" "Mozilla/5.0 AppleWebKit/537.36 (KHTML, like Gecko; compatible; ClaudeBot/1.0; +claudebot@anthropic.com)"
52.167.144.216 - - [18/Apr/2025:11:55:58 -0400] "GET /product/zgg/aengus/ HTTP/1.1" 301 0 "-" "Mozilla/5.0 AppleWebKit/537.36 (KHTML, like Gecko; compatible; bingbot/2.0; +http://www.bing.com/bingbot.htm) Chrome/116.0.1938.76 Safari/537.36"
18.189.141.141 - - [18/Apr/2025:11:55:59 -0400] "GET /ad917/?path=%2Fhome%2Fservlmvm%2Fpublic_html%2F..%2Fwww%2Fassets%2F..%2Fcgi-bin%2F. HTTP/1.1" 200 1569 "-" "Mozilla/5.0 AppleWebKit/537.36 (KHTML, like Gecko; compatible; ClaudeBot/1.0; +claudebot@anthropic.com)"
18.189.141.141 - - [18/Apr/2025:11:56:02 -0400] "GET /ad917/?path=%2Fhome%2Fservlmvm%2Fpublic_html%2F..%2F.%2F.softaculous%2F..%2Fetc%2F. HTTP/1.1" 403 1242 "-" "Mozilla/5.0 AppleWebKit/537.36 (KHTML, like Gecko; compatible; ClaudeBot/1.0; +claudebot@anthropic.com)"
18.189.141.141 - - [18/Apr/2025:11:56:05 -0400] "GET /ad917/?path=%2Fhome%2Fservlmvm%2Fpublic_html%2F..%2F.softaculous%2F.%2F..%2Fssl%2F. HTTP/1.1" 200 1685 "-" "Mozilla/5.0 AppleWebKit/537.36 (KHTML, like Gecko; compatible; ClaudeBot/1.0; +claudebot@anthropic.com)"
18.189.141.141 - - [18/Apr/2025:11:56:08 -0400] "GET /ad917/?path=%2Fhome%2Fservlmvm%2Fpublic_html%2F..%2F.cphorde%2F..%2Flscache%2F1%2Fa HTTP/1.1" 200 1619 "-" "Mozilla/5.0 AppleWebKit/537.36 (KHTML, like Gecko; compatible; ClaudeBot/1.0; +claudebot@anthropic.com)"
18.189.141.141 - - [18/Apr/2025:11:56:11 -0400] "GET /ad917/?path=%2Fhome%2Fservlmvm%2Fpublic_html%2F..%2F.cphorde%2F..%2Flscache%2Fc%2F7 HTTP/1.1" 200 1661 "-" "Mozilla/5.0 AppleWebKit/537.36 (KHTML, like Gecko; compatible; ClaudeBot/1.0; +claudebot@anthropic.com)"
18.189.141.141 - - [18/Apr/2025:11:56:14 -0400] "GET /ad917/?path=%2Fhome%2Fservlmvm%2Fpublic_html%2F..%2F.cagefs%2Fopt%2Falt%2Fphp83%2F. HTTP/1.1" 200 1516 "-" "Mozilla/5.0 AppleWebKit/537.36 (KHTML, like Gecko; compatible; ClaudeBot/1.0; +claudebot@anthropic.com)"
18.189.141.141 - - [18/Apr/2025:11:56:17 -0400] "GET /ad917/?path=%2Fhome%2Fservlmvm%2Fpublic_html%2F..%2F.cphorde%2F..%2Flscache%2F1%2F4 HTTP/1.1" 200 1609 "-" "Mozilla/5.0 AppleWebKit/537.36 (KHTML, like Gecko; compatible; ClaudeBot/1.0; +claudebot@anthropic.com)"
