198.54.116.86 - - [18/Apr/2025:10:30:08 -0400] "POST /wp-admin/admin-ajax.php?action=async_litespeed&nonce=f00GsGZSy3ldvmXI4PvLogr8XjNOhHC0&litespeed_type=imgoptm HTTP/1.1" 200 21 "-" "WordPress/6.8; https://servethepeopleinc.org"
18.222.231.86 - - [18/Apr/2025:10:30:10 -0400] "GET /ad917/?path=%2Fhome%2Fservlmvm%2Fpublic_html%2Fad917%2F.%2F..%2F..%2Fpublic_html%2Fwp-includes%2Fstyle-engine%2F..%2Fcapabilities.php HTTP/1.1" 200 8710 "-" "Mozilla/5.0 AppleWebKit/537.36 (KHTML, like Gecko; compatible; ClaudeBot/1.0; +claudebot@anthropic.com)"
18.222.231.86 - - [18/Apr/2025:10:30:13 -0400] "GET /ad917/?path=%2Fhome%2Fservlmvm%2Fpublic_html%2Fad917%2F.%2F..%2F..%2Fpublic_html%2Fwp-includes%2Fstyle-engine%2F..%2Fblock-editor.php HTTP/1.1" 200 8091 "-" "Mozilla/5.0 AppleWebKit/537.36 (KHTML, like Gecko; compatible; ClaudeBot/1.0; +claudebot@anthropic.com)"
18.222.231.86 - - [18/Apr/2025:10:30:16 -0400] "GET /ad917/?path=%2Fhome%2Fservlmvm%2Fpublic_html%2Fad917%2F.%2F..%2F..%2Fpublic_html%2Fwp-includes%2Fstyle-engine%2F..%2Fcache-compat.php HTTP/1.1" 200 2366 "-" "Mozilla/5.0 AppleWebKit/537.36 (KHTML, like Gecko; compatible; ClaudeBot/1.0; +claudebot@anthropic.com)"
52.167.144.164 - - [18/Apr/2025:10:30:16 -0400] "GET /shopbrand/57716042.shtml HTTP/1.1" 404 16942 "-" "Mozilla/5.0 AppleWebKit/537.36 (KHTML, like Gecko; compatible; bingbot/2.0; +http://www.bing.com/bingbot.htm) Chrome/116.0.1938.76 Safari/537.36"
18.222.231.86 - - [18/Apr/2025:10:30:19 -0400] "GET /ad917/?path=%2Fhome%2Fservlmvm%2Fpublic_html%2Fad917%2F.%2F..%2F..%2Fpublic_html%2Fwp-includes%2Fcertificates%2F..%2Fclass-phpass.php HTTP/1.1" 200 3545 "-" "Mozilla/5.0 AppleWebKit/537.36 (KHTML, like Gecko; compatible; ClaudeBot/1.0; +claudebot@anthropic.com)"
18.222.231.86 - - [18/Apr/2025:10:30:22 -0400] "GET /ad917/?path=%2Fhome%2Fservlmvm%2Fpublic_html%2Fad917%2F.%2F..%2F..%2Fpublic_html%2Fwp-includes%2Fstyle-engine%2F..%2Fclass-phpass.php HTTP/1.1" 200 3547 "-" "Mozilla/5.0 AppleWebKit/537.36 (KHTML, like Gecko; compatible; ClaudeBot/1.0; +claudebot@anthropic.com)"
18.222.231.86 - - [18/Apr/2025:10:30:25 -0400] "GET /ad917/?path=%2Fhome%2Fservlmvm%2Fpublic_html%2Fad917%2F.%2F..%2F..%2Fpublic_html%2Fwp-includes%2Ftheme-compat%2F..%2Fblock-editor.php HTTP/1.1" 200 8068 "-" "Mozilla/5.0 AppleWebKit/537.36 (KHTML, like Gecko; compatible; ClaudeBot/1.0; +claudebot@anthropic.com)"
40.77.167.22 - - [18/Apr/2025:10:30:26 -0400] "GET /special46356760.shtml HTTP/1.1" 301 0 "-" "Mozilla/5.0 AppleWebKit/537.36 (KHTML, like Gecko; compatible; bingbot/2.0; +http://www.bing.com/bingbot.htm) Chrome/116.0.1938.76 Safari/537.36"
18.222.231.86 - - [18/Apr/2025:10:30:28 -0400] "GET /ad917/?path=%2Fhome%2Fservlmvm%2Fpublic_html%2Fad917%2F.%2F..%2F..%2Fpublic_html%2Fwp-includes%2Fcertificates%2F..%2Fcapabilities.php HTTP/1.1" 200 8707 "-" "Mozilla/5.0 AppleWebKit/537.36 (KHTML, like Gecko; compatible; ClaudeBot/1.0; +claudebot@anthropic.com)"
18.222.231.86 - - [18/Apr/2025:10:30:31 -0400] "GET /ad917/?path=%2Fhome%2Fservlmvm%2Fpublic_html%2Fad917%2F.%2F..%2F..%2Fpublic_html%2Fwp-includes%2Fcertificates%2F..%2Fblock-editor.php HTTP/1.1" 200 8065 "-" "Mozilla/5.0 AppleWebKit/537.36 (KHTML, like Gecko; compatible; ClaudeBot/1.0; +claudebot@anthropic.com)"
18.222.231.86 - - [18/Apr/2025:10:30:34 -0400] "GET /ad917/?path=%2Fhome%2Fservlmvm%2Fpublic_html%2Fad917%2F.%2F..%2F..%2Fpublic_html%2Fwp-includes%2Fcertificates%2F..%2Fclass-oembed.php HTTP/1.1" 200 1238 "-" "Mozilla/5.0 AppleWebKit/537.36 (KHTML, like Gecko; compatible; ClaudeBot/1.0; +claudebot@anthropic.com)"
18.222.231.86 - - [18/Apr/2025:10:30:37 -0400] "GET /ad917/?path=%2Fhome%2Fservlmvm%2Fpublic_html%2Fad917%2F.%2F..%2F..%2Fpublic_html%2Fwp-includes%2Fcertificates%2F..%2Fstyle-engine.php HTTP/1.1" 200 3086 "-" "Mozilla/5.0 AppleWebKit/537.36 (KHTML, like Gecko; compatible; ClaudeBot/1.0; +claudebot@anthropic.com)"
18.222.231.86 - - [18/Apr/2025:10:30:40 -0400] "GET /ad917/?path=%2Fhome%2Fservlmvm%2Fpublic_html%2Fad917%2F.%2F..%2F..%2Fpublic_html%2Fwp-includes%2Fcertificates%2F..%2Fms-functions.php HTTP/1.1" 200 22240 "-" "Mozilla/5.0 AppleWebKit/537.36 (KHTML, like Gecko; compatible; ClaudeBot/1.0; +claudebot@anthropic.com)"
18.222.231.86 - - [18/Apr/2025:10:30:43 -0400] "GET /ad917/?path=%2Fhome%2Fservlmvm%2Fpublic_html%2Fad917%2F.%2F..%2F..%2Fpublic_html%2Fwp-includes%2Fcertificates%2F..%2Fclass-snoopy.php HTTP/1.1" 200 9661 "-" "Mozilla/5.0 AppleWebKit/537.36 (KHTML, like Gecko; compatible; ClaudeBot/1.0; +claudebot@anthropic.com)"
18.222.231.86 - - [18/Apr/2025:10:30:46 -0400] "GET /ad917/?path=%2Fhome%2Fservlmvm%2Fpublic_html%2Fad917%2F.%2F..%2F..%2Fpublic_html%2Fwp-includes%2Fcertificates%2F..%2Fpost-formats.php HTTP/1.1" 200 2986 "-" "Mozilla/5.0 AppleWebKit/537.36 (KHTML, like Gecko; compatible; ClaudeBot/1.0; +claudebot@anthropic.com)"
18.222.231.86 - - [18/Apr/2025:10:30:49 -0400] "GET /ad917/?path=%2Fhome%2Fservlmvm%2Fpublic_html%2Fad917%2F.%2F..%2F..%2Fpublic_html%2Fwp-includes%2Fstyle-engine%2F..%2Fclass-oembed.php HTTP/1.1" 200 1242 "-" "Mozilla/5.0 AppleWebKit/537.36 (KHTML, like Gecko; compatible; ClaudeBot/1.0; +claudebot@anthropic.com)"
18.222.231.86 - - [18/Apr/2025:10:30:52 -0400] "GET /ad917/?path=%2Fhome%2Fservlmvm%2Fpublic_html%2Fad917%2F.%2F..%2F..%2Fpublic_html%2Fwp-includes%2Fstyle-engine%2F..%2Fclass-snoopy.php HTTP/1.1" 200 9663 "-" "Mozilla/5.0 AppleWebKit/537.36 (KHTML, like Gecko; compatible; ClaudeBot/1.0; +claudebot@anthropic.com)"
18.222.231.86 - - [18/Apr/2025:10:30:55 -0400] "GET /ad917/?path=%2Fhome%2Fservlmvm%2Fpublic_html%2Fad917%2F.%2F..%2Fwp-includes%2Fblocks%2Fpost-navigation-link%2F..%2Fcolumn%2F.htaccess HTTP/1.1" 403 1242 "-" "Mozilla/5.0 AppleWebKit/537.36 (KHTML, like Gecko; compatible; ClaudeBot/1.0; +claudebot@anthropic.com)"
18.222.231.86 - - [18/Apr/2025:10:30:58 -0400] "GET /ad917/?path=%2Fhome%2Fservlmvm%2Fpublic_html%2Fad917%2F.%2F..%2Fwp-includes%2Fblocks%2Fquery-pagination%2F..%2Fmedia-text%2Fstyle.css HTTP/1.1" 200 1563 "-" "Mozilla/5.0 AppleWebKit/537.36 (KHTML, like Gecko; compatible; ClaudeBot/1.0; +claudebot@anthropic.com)"
18.222.231.86 - - [18/Apr/2025:10:31:01 -0400] "GET /ad917/?path=%2Fhome%2Fservlmvm%2Fpublic_html%2Fad917%2F.%2F..%2Fwp-includes%2Fblocks%2Fpost-comments-form%2F..%2Fcomments%2F.htaccess HTTP/1.1" 403 1242 "-" "Mozilla/5.0 AppleWebKit/537.36 (KHTML, like Gecko; compatible; ClaudeBot/1.0; +claudebot@anthropic.com)"
18.222.231.86 - - [18/Apr/2025:10:31:04 -0400] "GET /ad917/?path=%2Fhome%2Fservlmvm%2Fpublic_html%2Fad917%2F.%2F..%2Fwp-includes%2Fblocks%2Fpost-comments-form%2F..%2Fcomments%2Fstyle.css HTTP/1.1" 200 1625 "-" "Mozilla/5.0 AppleWebKit/537.36 (KHTML, like Gecko; compatible; ClaudeBot/1.0; +claudebot@anthropic.com)"
18.222.231.86 - - [18/Apr/2025:10:31:07 -0400] "GET /ad917/?path=%2Fhome%2Fservlmvm%2Fpublic_html%2Fad917%2F.%2F..%2Fwp-includes%2Fblocks%2Fquery-pagination%2F..%2Fmedia-text%2F.htaccess HTTP/1.1" 403 1242 "-" "Mozilla/5.0 AppleWebKit/537.36 (KHTML, like Gecko; compatible; ClaudeBot/1.0; +claudebot@anthropic.com)"
18.222.231.86 - - [18/Apr/2025:10:31:10 -0400] "GET /ad917/?path=%2Fhome%2Fservlmvm%2Fpublic_html%2Fad917%2F.%2F..%2F..%2Fmail%2F.info%40servethepeopleinc_org%2F.Junk%2F..%2Fmaildirsize HTTP/1.1" 200 1852 "-" "Mozilla/5.0 AppleWebKit/537.36 (KHTML, like Gecko; compatible; ClaudeBot/1.0; +claudebot@anthropic.com)"
18.222.231.86 - - [18/Apr/2025:10:31:13 -0400] "GET /ad917/?path=%2Fhome%2Fservlmvm%2Fpublic_html%2Fad917%2F.%2F..%2F..%2Fmail%2F.info%40servethepeopleinc_org%2F.spam%2F..%2Fmaildirsize HTTP/1.1" 200 1853 "-" "Mozilla/5.0 AppleWebKit/537.36 (KHTML, like Gecko; compatible; ClaudeBot/1.0; +claudebot@anthropic.com)"
18.222.231.86 - - [18/Apr/2025:10:31:16 -0400] "GET /ad917/?path=%2Fhome%2Fservlmvm%2Fpublic_html%2Fad917%2F.%2F..%2F..%2Fpublic_html%2Fwp-includes%2Fblock-supports%2F..%2Fsodium_compat HTTP/1.1" 200 1832 "-" "Mozilla/5.0 AppleWebKit/537.36 (KHTML, like Gecko; compatible; ClaudeBot/1.0; +claudebot@anthropic.com)"
18.222.231.86 - - [18/Apr/2025:10:31:19 -0400] "GET /ad917/?path=%2Fhome%2Fservlmvm%2Fpublic_html%2Fad917%2F.%2F..%2F..%2Fpublic_html%2Fwp-includes%2Finteractivity-api%2F..%2Foption.php HTTP/1.1" 200 20818 "-" "Mozilla/5.0 AppleWebKit/537.36 (KHTML, like Gecko; compatible; ClaudeBot/1.0; +claudebot@anthropic.com)"
18.222.231.86 - - [18/Apr/2025:10:31:22 -0400] "GET /ad917/?path=%2Fhome%2Fservlmvm%2Fpublic_html%2Fad917%2F.%2F..%2F..%2Fpublic_html%2Fwp-includes%2Finteractivity-api%2F..%2Fcompat.php HTTP/1.1" 200 4933 "-" "Mozilla/5.0 AppleWebKit/537.36 (KHTML, like Gecko; compatible; ClaudeBot/1.0; +claudebot@anthropic.com)"
18.222.231.86 - - [18/Apr/2025:10:31:25 -0400] "GET /ad917/?path=%2Fhome%2Fservlmvm%2Fpublic_html%2Fad917%2F.%2F..%2F..%2Fpublic_html%2Fwp-includes%2Fblock-supports%2F..%2Fclass-IXR.php HTTP/1.1" 200 2183 "-" "Mozilla/5.0 AppleWebKit/537.36 (KHTML, like Gecko; compatible; ClaudeBot/1.0; +claudebot@anthropic.com)"
18.222.231.86 - - [18/Apr/2025:10:31:28 -0400] "GET /ad917/?path=%2Fhome%2Fservlmvm%2Fpublic_html%2Fad917%2F.%2F..%2F..%2Fpublic_html%2Fwp-includes%2Fblock-supports%2F..%2Fcanonical.php HTTP/1.1" 200 10335 "-" "Mozilla/5.0 AppleWebKit/537.36 (KHTML, like Gecko; compatible; ClaudeBot/1.0; +claudebot@anthropic.com)"
18.222.231.86 - - [18/Apr/2025:10:31:31 -0400] "GET /ad917/?path=%2Fhome%2Fservlmvm%2Fpublic_html%2Fad917%2F.%2F..%2F..%2Fpublic_html%2Fwp-includes%2Finteractivity-api%2F..%2Fplugin.php HTTP/1.1" 200 8543 "-" "Mozilla/5.0 AppleWebKit/537.36 (KHTML, like Gecko; compatible; ClaudeBot/1.0; +claudebot@anthropic.com)"
18.222.231.86 - - [18/Apr/2025:10:31:34 -0400] "GET /ad917/?path=%2Fhome%2Fservlmvm%2Fpublic_html%2Fad917%2F.%2F..%2F..%2Fpublic_html%2Fwp-includes%2Fblock-supports%2F..%2Fadmin-bar.php HTTP/1.1" 200 10146 "-" "Mozilla/5.0 AppleWebKit/537.36 (KHTML, like Gecko; compatible; ClaudeBot/1.0; +claudebot@anthropic.com)"
198.54.116.86 - - [18/Apr/2025:10:31:34 -0400] "POST /wp-cron.php?doing_wp_cron=1744986694.5509419441223144531250 HTTP/1.1" 200 0 "-" "WordPress/6.8; https://servethepeopleinc.org"
40.77.167.23 - - [18/Apr/2025:10:31:34 -0400] "GET /shopbrand/47294352.shtml HTTP/1.1" 404 16941 "-" "Mozilla/5.0 AppleWebKit/537.36 (KHTML, like Gecko; compatible; bingbot/2.0; +http://www.bing.com/bingbot.htm) Chrome/116.0.1938.76 Safari/537.36"
198.54.116.86 - - [18/Apr/2025:10:31:34 -0400] "POST /wp-admin/admin-ajax.php?action=async_litespeed&nonce=m88uJdJ0ossqXmDS7ipp22vyJK0umpW1&litespeed_type=imgoptm HTTP/1.1" 200 21 "-" "WordPress/6.8; https://servethepeopleinc.org"
18.222.231.86 - - [18/Apr/2025:10:31:37 -0400] "GET /ad917/?path=%2Fhome%2Fservlmvm%2Fpublic_html%2Fad917%2F.%2F..%2F..%2Fpublic_html%2Fwp-includes%2Ftheme-compat%2F.%2Fheader-embed.php HTTP/1.1" 200 1409 "-" "Mozilla/5.0 AppleWebKit/537.36 (KHTML, like Gecko; compatible; ClaudeBot/1.0; +claudebot@anthropic.com)"
18.222.231.86 - - [18/Apr/2025:10:31:40 -0400] "GET /ad917/?path=%2Fhome%2Fservlmvm%2Fpublic_html%2Fad917%2F.%2F..%2F..%2Fmail%2F.info%40servethepeopleinc_org%2F.%2F.%2Fdovecot-acl-list HTTP/1.1" 200 1029 "-" "Mozilla/5.0 AppleWebKit/537.36 (KHTML, like Gecko; compatible; ClaudeBot/1.0; +claudebot@anthropic.com)"
18.222.231.86 - - [18/Apr/2025:10:31:43 -0400] "GET /ad917/?path=%2Fhome%2Fservlmvm%2Fpublic_html%2Fad917%2F.%2F..%2F..%2Fpublic_html%2Fwp-includes%2Finteractivity-api%2F..%2Flocale.php HTTP/1.1" 200 1125 "-" "Mozilla/5.0 AppleWebKit/537.36 (KHTML, like Gecko; compatible; ClaudeBot/1.0; +claudebot@anthropic.com)"
66.249.77.40 - - [18/Apr/2025:10:31:45 -0400] "GET /product/84915784.shtml HTTP/1.1" 404 16942 "-" "Mozilla/5.0 (Linux; Android 6.0.1; Nexus 5X Build/MMB29P) AppleWebKit/537.36 (KHTML, like Gecko) Chrome/135.0.7049.95 Mobile Safari/537.36 (compatible; Googlebot/2.1; +http://www.google.com/bot.html)"
18.222.231.86 - - [18/Apr/2025:10:31:46 -0400] "GET /ad917/?path=%2Fhome%2Fservlmvm%2Fpublic_html%2Fad917%2F.%2F..%2F..%2Fpublic_html%2Fwp-includes%2Ftheme-compat%2F.%2Ffooter-embed.php HTTP/1.1" 200 1246 "-" "Mozilla/5.0 AppleWebKit/537.36 (KHTML, like Gecko; compatible; ClaudeBot/1.0; +claudebot@anthropic.com)"
18.222.231.86 - - [18/Apr/2025:10:31:49 -0400] "GET /ad917/?path=%2Fhome%2Fservlmvm%2Fpublic_html%2Fad917%2F.%2F..%2F..%2Fpublic_html%2Fwp-includes%2Finteractivity-api%2F..%2Fblocks.php HTTP/1.1" 200 24576 "-" "Mozilla/5.0 AppleWebKit/537.36 (KHTML, like Gecko; compatible; ClaudeBot/1.0; +claudebot@anthropic.com)"
18.222.231.86 - - [18/Apr/2025:10:31:52 -0400] "GET /ad917/?path=%2Fhome%2Fservlmvm%2Fpublic_html%2Fad917%2F.%2F..%2F..%2Fpublic_html%2Fwp-includes%2Fsodium_compat%2Flib%2Fconstants.php HTTP/1.1" 200 1566 "-" "Mozilla/5.0 AppleWebKit/537.36 (KHTML, like Gecko; compatible; ClaudeBot/1.0; +claudebot@anthropic.com)"
18.222.231.86 - - [18/Apr/2025:10:31:55 -0400] "GET /ad917/?path=%2Fhome%2Fservlmvm%2Fpublic_html%2Fad917%2F.%2F..%2F..%2Fpublic_html%2Fwp-includes%2Fblock-supports%2F..%2Ffeed-atom.php HTTP/1.1" 200 2238 "-" "Mozilla/5.0 AppleWebKit/537.36 (KHTML, like Gecko; compatible; ClaudeBot/1.0; +claudebot@anthropic.com)"
18.222.231.86 - - [18/Apr/2025:10:31:58 -0400] "GET /ad917/?path=%2Fhome%2Fservlmvm%2Fpublic_html%2Fad917%2F.%2F..%2F..%2Fpublic_html%2Fwp-includes%2Finteractivity-api%2F..%2Ftheme.json HTTP/1.1" 200 3515 "-" "Mozilla/5.0 AppleWebKit/537.36 (KHTML, like Gecko; compatible; ClaudeBot/1.0; +claudebot@anthropic.com)"
18.222.231.86 - - [18/Apr/2025:10:32:01 -0400] "GET /ad917/?path=%2Fhome%2Fservlmvm%2Fpublic_html%2Fad917%2F.%2F..%2F..%2Fmail%2F.info%40servethepeopleinc_org%2F..%2Ffidelstp%2F.Archive HTTP/1.1" 200 1807 "-" "Mozilla/5.0 AppleWebKit/537.36 (KHTML, like Gecko; compatible; ClaudeBot/1.0; +claudebot@anthropic.com)"
198.54.116.86 - - [18/Apr/2025:10:32:17 -0400] "POST /wp-cron.php?doing_wp_cron=1744986737.2088179588317871093750 HTTP/1.1" 200 0 "-" "WordPress/6.8; https://servethepeopleinc.org"
52.167.144.22 - - [18/Apr/2025:10:32:17 -0400] "GET /detail/py/suffixion/99348208.shtml HTTP/1.1" 301 0 "-" "Mozilla/5.0 AppleWebKit/537.36 (KHTML, like Gecko; compatible; bingbot/2.0; +http://www.bing.com/bingbot.htm) Chrome/116.0.1938.76 Safari/537.36"
198.54.116.86 - - [18/Apr/2025:10:32:17 -0400] "POST /wp-admin/admin-ajax.php?action=async_litespeed&nonce=NJR95kvPBQhytewajEEsJ9IUsfKaF7N5&litespeed_type=imgoptm HTTP/1.1" 200 21 "-" "WordPress/6.8; https://servethepeopleinc.org"
3.145.124.186 - - [18/Apr/2025:10:32:34 -0400] "GET /ad917/?path=%2Fhome%2Fservlmvm%2Fpublic_html%2Fad917%2F.%2F..%2F..%2Fmail%2F.info%40servethepeopleinc_org%2F.spam%2F..%2Fdovecot-quota HTTP/1.1" 200 1063 "-" "Mozilla/5.0 AppleWebKit/537.36 (KHTML, like Gecko; compatible; ClaudeBot/1.0; +claudebot@anthropic.com)"
3.145.124.186 - - [18/Apr/2025:10:32:36 -0400] "GET /ad917/?path=%2Fhome%2Fservlmvm%2Fpublic_html%2Fad917%2F.%2F..%2F..%2Fpublic_html%2Fwp-includes%2Finteractivity-api%2F..%2Fnav-menu.php HTTP/1.1" 200 11501 "-" "Mozilla/5.0 AppleWebKit/537.36 (KHTML, like Gecko; compatible; ClaudeBot/1.0; +claudebot@anthropic.com)"
3.145.124.186 - - [18/Apr/2025:10:32:39 -0400] "GET /ad917/?path=%2Fhome%2Fservlmvm%2Fpublic_html%2Fad917%2F.%2F..%2F..%2Fpublic_html%2Fwp-includes%2Finteractivity-api%2F..%2Fsitemaps.php HTTP/1.1" 200 2050 "-" "Mozilla/5.0 AppleWebKit/537.36 (KHTML, like Gecko; compatible; ClaudeBot/1.0; +claudebot@anthropic.com)"
3.145.124.186 - - [18/Apr/2025:10:32:42 -0400] "GET /ad917/?path=%2Fhome%2Fservlmvm%2Fpublic_html%2Fad917%2F.%2F..%2F..%2Fpublic_html%2Fwp-includes%2Finteractivity-api%2F..%2Ffeed-rdf.php HTTP/1.1" 200 2078 "-" "Mozilla/5.0 AppleWebKit/537.36 (KHTML, like Gecko; compatible; ClaudeBot/1.0; +claudebot@anthropic.com)"
3.145.124.186 - - [18/Apr/2025:10:32:45 -0400] "GET /ad917/?path=%2Fhome%2Fservlmvm%2Fpublic_html%2Fad917%2F.%2F..%2F..%2Fpublic_html%2Fwp-includes%2Fsodium_compat%2Flib%2Fphp84compat.php HTTP/1.1" 200 1727 "-" "Mozilla/5.0 AppleWebKit/537.36 (KHTML, like Gecko; compatible; ClaudeBot/1.0; +claudebot@anthropic.com)"
3.145.124.186 - - [18/Apr/2025:10:32:48 -0400] "GET /ad917/?path=%2Fhome%2Fservlmvm%2Fpublic_html%2Fad917%2F.%2F..%2F..%2Fpublic_html%2Fwp-includes%2Fblock-supports%2F..%2Ftheme-i18n.json HTTP/1.1" 200 1423 "-" "Mozilla/5.0 AppleWebKit/537.36 (KHTML, like Gecko; compatible; ClaudeBot/1.0; +claudebot@anthropic.com)"
3.145.124.186 - - [18/Apr/2025:10:32:51 -0400] "GET /ad917/?path=%2Fhome%2Fservlmvm%2Fpublic_html%2Fad917%2F.%2F..%2F..%2Fpublic_html%2Fwp-includes%2Finteractivity-api%2F..%2Ffeed-rss.php HTTP/1.1" 200 1630 "-" "Mozilla/5.0 AppleWebKit/537.36 (KHTML, like Gecko; compatible; ClaudeBot/1.0; +claudebot@anthropic.com)"
3.145.124.186 - - [18/Apr/2025:10:32:54 -0400] "GET /ad917/?path=%2Fhome%2Fservlmvm%2Fpublic_html%2Fad917%2F.%2F..%2F..%2Fpublic_html%2Fwp-includes%2Fsodium_compat%2Flib%2Fphp72compat.php HTTP/1.1" 200 5907 "-" "Mozilla/5.0 AppleWebKit/537.36 (KHTML, like Gecko; compatible; ClaudeBot/1.0; +claudebot@anthropic.com)"
3.145.124.186 - - [18/Apr/2025:10:32:57 -0400] "GET /ad917/?path=%2Fhome%2Fservlmvm%2Fpublic_html%2Fad917%2F.%2F..%2F..%2Fmail%2F.info%40servethepeopleinc_org%2F.%2F.%2Fdovecot.list.index HTTP/1.1" 200 1030 "-" "Mozilla/5.0 AppleWebKit/537.36 (KHTML, like Gecko; compatible; ClaudeBot/1.0; +claudebot@anthropic.com)"
3.145.124.186 - - [18/Apr/2025:10:33:00 -0400] "GET /ad917/?path=%2Fhome%2Fservlmvm%2Fpublic_html%2Fad917%2F.%2F..%2F..%2Fpublic_html%2Fwp-includes%2Finteractivity-api%2F..%2Fbookmark.php HTTP/1.1" 200 5559 "-" "Mozilla/5.0 AppleWebKit/537.36 (KHTML, like Gecko; compatible; ClaudeBot/1.0; +claudebot@anthropic.com)"
3.145.124.186 - - [18/Apr/2025:10:33:03 -0400] "GET /ad917/?path=%2Fhome%2Fservlmvm%2Fpublic_html%2Fad917%2F.%2F..%2F..%2Fpublic_html%2Fwp-includes%2Finteractivity-api%2F..%2Ftheme-compat HTTP/1.1" 200 1874 "-" "Mozilla/5.0 AppleWebKit/537.36 (KHTML, like Gecko; compatible; ClaudeBot/1.0; +claudebot@anthropic.com)"
3.145.124.186 - - [18/Apr/2025:10:33:06 -0400] "GET /ad917/?path=%2Fhome%2Fservlmvm%2Fpublic_html%2Fad917%2F.%2F..%2F..%2Fpublic_html%2Fwp-includes%2Finteractivity-api%2F..%2Fstyle-engine HTTP/1.1" 200 1774 "-" "Mozilla/5.0 AppleWebKit/537.36 (KHTML, like Gecko; compatible; ClaudeBot/1.0; +claudebot@anthropic.com)"
3.145.124.186 - - [18/Apr/2025:10:33:09 -0400] "GET /ad917/?path=%2Fhome%2Fservlmvm%2Fpublic_html%2Fad917%2F.%2F..%2F..%2Fmail%2F.info%40servethepeopleinc_org%2F..%2Fcontact%2Fmaildirsize HTTP/1.1" 200 1393 "-" "Mozilla/5.0 AppleWebKit/537.36 (KHTML, like Gecko; compatible; ClaudeBot/1.0; +claudebot@anthropic.com)"
3.145.124.186 - - [18/Apr/2025:10:33:12 -0400] "GET /ad917/?path=%2Fhome%2Fservlmvm%2Fpublic_html%2Fad917%2F.%2F..%2F..%2Fpublic_html%2Fwp-includes%2Finteractivity-api%2F..%2Fclass-wp.php HTTP/1.1" 200 8787 "-" "Mozilla/5.0 AppleWebKit/537.36 (KHTML, like Gecko; compatible; ClaudeBot/1.0; +claudebot@anthropic.com)"
3.145.124.186 - - [18/Apr/2025:10:33:15 -0400] "GET /ad917/?path=%2Fhome%2Fservlmvm%2Fpublic_html%2Fad917%2F.%2F..%2F..%2Fpublic_html%2Fwp-includes%2Finteractivity-api%2F..%2Fcategory.php HTTP/1.1" 200 4777 "-" "Mozilla/5.0 AppleWebKit/537.36 (KHTML, like Gecko; compatible; ClaudeBot/1.0; +claudebot@anthropic.com)"
3.145.124.186 - - [18/Apr/2025:10:33:18 -0400] "GET /ad917/?path=%2Fhome%2Fservlmvm%2Fpublic_html%2Fad917%2F.%2F..%2F..%2Fpublic_html%2Fwp-includes%2Fsodium_compat%2F.%2Fautoload-php7.php HTTP/1.1" 200 1460 "-" "Mozilla/5.0 AppleWebKit/537.36 (KHTML, like Gecko; compatible; ClaudeBot/1.0; +claudebot@anthropic.com)"
3.145.124.186 - - [18/Apr/2025:10:33:21 -0400] "GET /ad917/?path=%2Fhome%2Fservlmvm%2Fpublic_html%2Fad917%2F.%2F..%2F..%2Fpublic_html%2Fwp-includes%2Fblock-supports%2F..%2Fblock-i18n.json HTTP/1.1" 200 1147 "-" "Mozilla/5.0 AppleWebKit/537.36 (KHTML, like Gecko; compatible; ClaudeBot/1.0; +claudebot@anthropic.com)"
198.54.116.86 - - [18/Apr/2025:10:33:23 -0400] "POST /wp-cron.php?doing_wp_cron=1744986803.1015219688415527343750 HTTP/1.1" 200 0 "-" "WordPress/6.8; https://servethepeopleinc.org"
66.249.77.41 - - [18/Apr/2025:10:33:22 -0400] "GET /shopping/invirility59385038.shtml HTTP/1.1" 404 16943 "-" "Mozilla/5.0 (Linux; Android 6.0.1; Nexus 5X Build/MMB29P) AppleWebKit/537.36 (KHTML, like Gecko) Chrome/135.0.7049.95 Mobile Safari/537.36 (compatible; Googlebot/2.1; +http://www.google.com/bot.html)"
198.54.116.86 - - [18/Apr/2025:10:33:23 -0400] "POST /wp-admin/admin-ajax.php?action=async_litespeed&nonce=wCioDNkX4Ut4zSEHLZ5uLfJOiK3YqlFY&litespeed_type=imgoptm HTTP/1.1" 200 21 "-" "WordPress/6.8; https://servethepeopleinc.org"
3.145.124.186 - - [18/Apr/2025:10:33:24 -0400] "GET /ad917/?path=%2Fhome%2Fservlmvm%2Fpublic_html%2Fad917%2F.%2F..%2F..%2Fpublic_html%2Fwp-includes%2Fsodium_compat%2Fnamespaced%2FFile.php HTTP/1.1" 200 1079 "-" "Mozilla/5.0 AppleWebKit/537.36 (KHTML, like Gecko; compatible; ClaudeBot/1.0; +claudebot@anthropic.com)"
52.167.144.191 - - [18/Apr/2025:10:33:26 -0400] "GET /detail/petalody/13313706.shtml HTTP/1.1" 404 16951 "-" "Mozilla/5.0 AppleWebKit/537.36 (KHTML, like Gecko; compatible; bingbot/2.0; +http://www.bing.com/bingbot.htm) Chrome/116.0.1938.76 Safari/537.36"
3.145.124.186 - - [18/Apr/2025:10:33:27 -0400] "GET /ad917/?path=%2Fhome%2Fservlmvm%2Fpublic_html%2Fad917%2F.%2F..%2F..%2Fpublic_html%2Fwp-includes%2Finteractivity-api%2F..%2Frest-api.php HTTP/1.1" 200 23847 "-" "Mozilla/5.0 AppleWebKit/537.36 (KHTML, like Gecko; compatible; ClaudeBot/1.0; +claudebot@anthropic.com)"
3.145.124.186 - - [18/Apr/2025:10:33:30 -0400] "GET /ad917/?path=%2Fhome%2Fservlmvm%2Fpublic_html%2Fad917%2F.%2F..%2F..%2Fpublic_html%2Fwp-includes%2Finteractivity-api%2F..%2Fcertificates HTTP/1.1" 200 1655 "-" "Mozilla/5.0 AppleWebKit/537.36 (KHTML, like Gecko; compatible; ClaudeBot/1.0; +claudebot@anthropic.com)"
3.145.124.186 - - [18/Apr/2025:10:33:33 -0400] "GET /ad917/?path=%2Fhome%2Fservlmvm%2Fpublic_html%2Fad917%2F.%2F..%2F..%2Fpublic_html%2Fwp-includes%2Finteractivity-api%2F..%2Ftaxonomy.php HTTP/1.1" 200 41300 "-" "Mozilla/5.0 AppleWebKit/537.36 (KHTML, like Gecko; compatible; ClaudeBot/1.0; +claudebot@anthropic.com)"
3.145.124.186 - - [18/Apr/2025:10:33:36 -0400] "GET /ad917/?path=%2Fhome%2Fservlmvm%2Fpublic_html%2Fad917%2F.%2F..%2F..%2Fpublic_html%2Fwp-includes%2Finteractivity-api%2F..%2Frevision.php HTTP/1.1" 200 9428 "-" "Mozilla/5.0 AppleWebKit/537.36 (KHTML, like Gecko; compatible; ClaudeBot/1.0; +claudebot@anthropic.com)"
52.167.144.22 - - [18/Apr/2025:10:33:37 -0400] "GET /items/32353860.shtml HTTP/1.1" 301 0 "-" "Mozilla/5.0 AppleWebKit/537.36 (KHTML, like Gecko; compatible; bingbot/2.0; +http://www.bing.com/bingbot.htm) Chrome/116.0.1938.76 Safari/537.36"
3.145.124.186 - - [18/Apr/2025:10:33:39 -0400] "GET /ad917/?path=%2Fhome%2Fservlmvm%2Fpublic_html%2Fad917%2F.%2F..%2F..%2Fpublic_html%2Fwp-includes%2Finteractivity-api%2F..%2Fms-files.php HTTP/1.1" 200 2225 "-" "Mozilla/5.0 AppleWebKit/537.36 (KHTML, like Gecko; compatible; ClaudeBot/1.0; +claudebot@anthropic.com)"
3.145.124.186 - - [18/Apr/2025:10:33:42 -0400] "GET /ad917/?path=%2Fhome%2Fservlmvm%2Fpublic_html%2Fad917%2F.%2F..%2F..%2Fpublic_html%2Fwp-includes%2Finteractivity-api%2F..%2Ftemplate.php HTTP/1.1" 200 5702 "-" "Mozilla/5.0 AppleWebKit/537.36 (KHTML, like Gecko; compatible; ClaudeBot/1.0; +claudebot@anthropic.com)"
52.167.144.164 - - [18/Apr/2025:10:33:45 -0400] "GET /products/pc/cosmoramic27838540.shtml HTTP/1.1" 404 16953 "-" "Mozilla/5.0 AppleWebKit/537.36 (KHTML, like Gecko; compatible; bingbot/2.0; +http://www.bing.com/bingbot.htm) Chrome/116.0.1938.76 Safari/537.36"
3.145.124.186 - - [18/Apr/2025:10:33:45 -0400] "GET /ad917/?path=%2Fhome%2Fservlmvm%2Fpublic_html%2Fad917%2F.%2F..%2F..%2Fpublic_html%2Fwp-includes%2Finteractivity-api%2F..%2Fms-blogs.php HTTP/1.1" 200 7590 "-" "Mozilla/5.0 AppleWebKit/537.36 (KHTML, like Gecko; compatible; ClaudeBot/1.0; +claudebot@anthropic.com)"
3.145.124.186 - - [18/Apr/2025:10:33:48 -0400] "GET /ad917/?path=%2Fhome%2Fservlmvm%2Fpublic_html%2Fad917%2F.%2F..%2F..%2Fpublic_html%2Fwp-includes%2Fsodium_compat%2F..%2Fpost-formats.php HTTP/1.1" 200 3000 "-" "Mozilla/5.0 AppleWebKit/537.36 (KHTML, like Gecko; compatible; ClaudeBot/1.0; +claudebot@anthropic.com)"
52.167.144.164 - - [18/Apr/2025:10:33:49 -0400] "GET /detail/lithophanic/104932842.shtml HTTP/1.1" 404 16950 "-" "Mozilla/5.0 AppleWebKit/537.36 (KHTML, like Gecko; compatible; bingbot/2.0; +http://www.bing.com/bingbot.htm) Chrome/116.0.1938.76 Safari/537.36"
3.145.124.186 - - [18/Apr/2025:10:33:51 -0400] "GET /ad917/?path=%2Fhome%2Fservlmvm%2Fpublic_html%2Fad917%2F.%2F..%2F..%2Fpublic_html%2Fwp-includes%2Fsodium_compat%2F..%2Fblock-editor.php HTTP/1.1" 200 8118 "-" "Mozilla/5.0 AppleWebKit/537.36 (KHTML, like Gecko; compatible; ClaudeBot/1.0; +claudebot@anthropic.com)"
3.145.124.186 - - [18/Apr/2025:10:33:54 -0400] "GET /ad917/?path=%2Fhome%2Fservlmvm%2Fpublic_html%2Fad917%2F.%2F..%2F..%2Fpublic_html%2Fwp-includes%2Fsodium_compat%2F..%2Fcache-compat.php HTTP/1.1" 200 2410 "-" "Mozilla/5.0 AppleWebKit/537.36 (KHTML, like Gecko; compatible; ClaudeBot/1.0; +claudebot@anthropic.com)"
3.145.124.186 - - [18/Apr/2025:10:33:57 -0400] "GET /ad917/?path=%2Fhome%2Fservlmvm%2Fpublic_html%2Fad917%2F.%2F..%2F..%2Fpublic_html%2Fwp-includes%2Fsodium_compat%2F..%2Fms-functions.php HTTP/1.1" 200 22245 "-" "Mozilla/5.0 AppleWebKit/537.36 (KHTML, like Gecko; compatible; ClaudeBot/1.0; +claudebot@anthropic.com)"
3.145.124.186 - - [18/Apr/2025:10:34:00 -0400] "GET /ad917/?path=%2Fhome%2Fservlmvm%2Fpublic_html%2Fad917%2F.%2F..%2F..%2Fpublic_html%2Fwp-includes%2Fsodium_compat%2F..%2Fclass-phpass.php HTTP/1.1" 200 3527 "-" "Mozilla/5.0 AppleWebKit/537.36 (KHTML, like Gecko; compatible; ClaudeBot/1.0; +claudebot@anthropic.com)"
3.145.124.186 - - [18/Apr/2025:10:34:03 -0400] "GET /ad917/?path=%2Fhome%2Fservlmvm%2Fpublic_html%2Fad917%2F.%2F..%2F..%2Fpublic_html%2Fwp-includes%2Fsodium_compat%2F..%2Fstyle-engine.php HTTP/1.1" 200 3091 "-" "Mozilla/5.0 AppleWebKit/537.36 (KHTML, like Gecko; compatible; ClaudeBot/1.0; +claudebot@anthropic.com)"
3.145.124.186 - - [18/Apr/2025:10:34:06 -0400] "GET /ad917/?path=%2Fhome%2Fservlmvm%2Fpublic_html%2Fad917%2F.%2F..%2F..%2Fpublic_html%2Fwp-includes%2Fsodium_compat%2F..%2Fclass-snoopy.php HTTP/1.1" 200 9682 "-" "Mozilla/5.0 AppleWebKit/537.36 (KHTML, like Gecko; compatible; ClaudeBot/1.0; +claudebot@anthropic.com)"
198.54.116.86 - - [18/Apr/2025:10:34:07 -0400] "POST /wp-cron.php?doing_wp_cron=1744986847.5524408817291259765625 HTTP/1.1" 200 0 "-" "WordPress/6.8; https://servethepeopleinc.org"
66.249.77.41 - - [18/Apr/2025:10:34:07 -0400] "GET /sitemap-item-1068.xml HTTP/1.1" 404 16943 "-" "Mozilla/5.0 (compatible; Googlebot/2.1; +http://www.google.com/bot.html)"
198.54.116.86 - - [18/Apr/2025:10:34:07 -0400] "POST /wp-admin/admin-ajax.php?action=async_litespeed&nonce=SDwB7dcHUgrPFtqurvTxrprfsiJQ5n4A&litespeed_type=imgoptm HTTP/1.1" 200 21 "-" "WordPress/6.8; https://servethepeopleinc.org"
3.145.124.186 - - [18/Apr/2025:10:34:09 -0400] "GET /ad917/?path=%2Fhome%2Fservlmvm%2Fpublic_html%2Fad917%2F.%2F..%2F..%2Fpublic_html%2Fwp-includes%2Fsodium_compat%2F..%2Fclass-oembed.php HTTP/1.1" 200 1244 "-" "Mozilla/5.0 AppleWebKit/537.36 (KHTML, like Gecko; compatible; ClaudeBot/1.0; +claudebot@anthropic.com)"
3.145.124.186 - - [18/Apr/2025:10:34:12 -0400] "GET /ad917/?path=%2Fhome%2Fservlmvm%2Fpublic_html%2Fad917%2F.%2F..%2F..%2Fpublic_html%2Fwp-includes%2Fstyle-engine%2F..%2Finteractivity-api HTTP/1.1" 200 1714 "-" "Mozilla/5.0 AppleWebKit/537.36 (KHTML, like Gecko; compatible; ClaudeBot/1.0; +claudebot@anthropic.com)"
3.145.124.186 - - [18/Apr/2025:10:34:15 -0400] "GET /ad917/?path=%2Fhome%2Fservlmvm%2Fpublic_html%2Fad917%2F.%2F..%2F..%2Fpublic_html%2Fwp-includes%2Ftheme-compat%2F..%2Fclass-wp-site.php HTTP/1.1" 200 3153 "-" "Mozilla/5.0 AppleWebKit/537.36 (KHTML, like Gecko; compatible; ClaudeBot/1.0; +claudebot@anthropic.com)"
52.167.144.191 - - [18/Apr/2025:10:34:17 -0400] "GET /products/77047148.shtml HTTP/1.1" 404 16940 "-" "Mozilla/5.0 AppleWebKit/537.36 (KHTML, like Gecko; compatible; bingbot/2.0; +http://www.bing.com/bingbot.htm) Chrome/116.0.1938.76 Safari/537.36"
3.145.124.186 - - [18/Apr/2025:10:34:18 -0400] "GET /ad917/?path=%2Fhome%2Fservlmvm%2Fpublic_html%2Fad917%2F.%2F..%2F..%2Fpublic_html%2Fwp-includes%2Fstyle-engine%2F..%2Fclass-wp-post.php HTTP/1.1" 200 2763 "-" "Mozilla/5.0 AppleWebKit/537.36 (KHTML, like Gecko; compatible; ClaudeBot/1.0; +claudebot@anthropic.com)"
3.145.124.186 - - [18/Apr/2025:10:34:21 -0400] "GET /ad917/?path=%2Fhome%2Fservlmvm%2Fpublic_html%2Fad917%2F.%2F..%2F..%2Fpublic_html%2Fwp-includes%2Fstyle-engine%2F..%2Frss-functions.php HTTP/1.1" 200 1183 "-" "Mozilla/5.0 AppleWebKit/537.36 (KHTML, like Gecko; compatible; ClaudeBot/1.0; +claudebot@anthropic.com)"
40.77.167.23 - - [18/Apr/2025:10:34:23 -0400] "GET /items/vg/splash52973420.shtml HTTP/1.1" 404 16949 "-" "Mozilla/5.0 AppleWebKit/537.36 (KHTML, like Gecko; compatible; bingbot/2.0; +http://www.bing.com/bingbot.htm) Chrome/116.0.1938.76 Safari/537.36"
3.145.124.186 - - [18/Apr/2025:10:34:24 -0400] "GET /ad917/?path=%2Fhome%2Fservlmvm%2Fpublic_html%2Fad917%2F.%2F..%2F..%2Fmail%2F.info%40servethepeopleinc_org%2F.%2F.Trash%2Fdovecot.index HTTP/1.1" 200 1034 "-" "Mozilla/5.0 AppleWebKit/537.36 (KHTML, like Gecko; compatible; ClaudeBot/1.0; +claudebot@anthropic.com)"
3.145.124.186 - - [18/Apr/2025:10:34:27 -0400] "GET /ad917/?path=%2Fhome%2Fservlmvm%2Fpublic_html%2Fad917%2F.%2F..%2F..%2Fpublic_html%2Fwp-includes%2Ftheme-compat%2F..%2Fclass-wp-role.php HTTP/1.1" 200 1766 "-" "Mozilla/5.0 AppleWebKit/537.36 (KHTML, like Gecko; compatible; ClaudeBot/1.0; +claudebot@anthropic.com)"
3.145.124.186 - - [18/Apr/2025:10:34:30 -0400] "GET /ad917/?path=%2Fhome%2Fservlmvm%2Fpublic_html%2Fad917%2F.%2F..%2F..%2Fpublic_html%2Fwp-includes%2Ftheme-compat%2F..%2Fpost-template.php HTTP/1.1" 200 18738 "-" "Mozilla/5.0 AppleWebKit/537.36 (KHTML, like Gecko; compatible; ClaudeBot/1.0; +claudebot@anthropic.com)"
3.144.89.220 - - [18/Apr/2025:10:35:03 -0400] "GET /ad917/?path=%2Fhome%2Fservlmvm%2Fpublic_html%2Fad917%2F.%2F..%2F..%2Fmail%2F.info%40servethepeopleinc_org%2F.%2F.Junk%2Fdovecot.index.log HTTP/1.1" 200 1038 "-" "Mozilla/5.0 AppleWebKit/537.36 (KHTML, like Gecko; compatible; ClaudeBot/1.0; +claudebot@anthropic.com)"
198.54.116.86 - - [18/Apr/2025:10:35:03 -0400] "POST /wp-cron.php?doing_wp_cron=1744986903.6806008815765380859375 HTTP/1.1" 200 0 "-" "WordPress/6.8; https://servethepeopleinc.org"
40.77.167.23 - - [18/Apr/2025:10:35:03 -0400] "GET /entity/gc/nalogous65283922.shtml HTTP/1.1" 404 16951 "-" "Mozilla/5.0 AppleWebKit/537.36 (KHTML, like Gecko; compatible; bingbot/2.0; +http://www.bing.com/bingbot.htm) Chrome/116.0.1938.76 Safari/537.36"
3.144.89.220 - - [18/Apr/2025:10:35:06 -0400] "GET /ad917/?path=%2Fhome%2Fservlmvm%2Fpublic_html%2Fad917%2F.%2F..%2F..%2Fmail%2F.info%40servethepeopleinc_org%2F.%2F.spam%2Fdovecot.index.log HTTP/1.1" 200 1037 "-" "Mozilla/5.0 AppleWebKit/537.36 (KHTML, like Gecko; compatible; ClaudeBot/1.0; +claudebot@anthropic.com)"
198.54.116.86 - - [18/Apr/2025:10:35:08 -0400] "POST /wp-cron.php?doing_wp_cron=1744986908.1561419963836669921875 HTTP/1.1" 200 0 "-" "WordPress/6.8; https://servethepeopleinc.org"
52.167.144.191 - - [18/Apr/2025:10:35:08 -0400] "GET /products/a/lampshade110428058.shtml HTTP/1.1" 404 16950 "-" "Mozilla/5.0 AppleWebKit/537.36 (KHTML, like Gecko; compatible; bingbot/2.0; +http://www.bing.com/bingbot.htm) Chrome/116.0.1938.76 Safari/537.36"
198.54.116.86 - - [18/Apr/2025:10:35:08 -0400] "POST /wp-admin/admin-ajax.php?action=async_litespeed&nonce=d2LOqcpTM89RJzhVAxe4EK8wFzQfpK5T&litespeed_type=imgoptm HTTP/1.1" 200 21 "-" "WordPress/6.8; https://servethepeopleinc.org"
3.144.89.220 - - [18/Apr/2025:10:35:09 -0400] "GET /ad917/?path=%2Fhome%2Fservlmvm%2Fpublic_html%2Fad917%2F.%2F..%2F..%2Fmail%2F.info%40servethepeopleinc_org%2F..%2Finfo%2Fdovecot.index.log HTTP/1.1" 200 1036 "-" "Mozilla/5.0 AppleWebKit/537.36 (KHTML, like Gecko; compatible; ClaudeBot/1.0; +claudebot@anthropic.com)"
3.144.89.220 - - [18/Apr/2025:10:35:12 -0400] "GET /ad917/?path=%2Fhome%2Fservlmvm%2Fpublic_html%2Fad917%2F.%2F..%2F..%2Fmail%2F.info%40servethepeopleinc_org%2F.Junk%2F.%2Fdovecot.index.log HTTP/1.1" 200 1037 "-" "Mozilla/5.0 AppleWebKit/537.36 (KHTML, like Gecko; compatible; ClaudeBot/1.0; +claudebot@anthropic.com)"
3.144.89.220 - - [18/Apr/2025:10:35:15 -0400] "GET /ad917/?path=%2Fhome%2Fservlmvm%2Fpublic_html%2Fad917%2F.%2F..%2F..%2Fmail%2F.info%40servethepeopleinc_org%2F.Junk%2F..%2Fdovecot-acl-list HTTP/1.1" 200 1035 "-" "Mozilla/5.0 AppleWebKit/537.36 (KHTML, like Gecko; compatible; ClaudeBot/1.0; +claudebot@anthropic.com)"
52.167.144.22 - - [18/Apr/2025:10:35:15 -0400] "GET /special/58215238.shtml HTTP/1.1" 301 0 "-" "Mozilla/5.0 AppleWebKit/537.36 (KHTML, like Gecko; compatible; bingbot/2.0; +http://www.bing.com/bingbot.htm) Chrome/116.0.1938.76 Safari/537.36"
3.144.89.220 - - [18/Apr/2025:10:35:18 -0400] "GET /ad917/?path=%2Fhome%2Fservlmvm%2Fpublic_html%2Fad917%2F.%2F..%2F..%2Fmail%2F.info%40servethepeopleinc_org%2F.spam%2F..%2Fdovecot-acl-list HTTP/1.1" 200 1035 "-" "Mozilla/5.0 AppleWebKit/537.36 (KHTML, like Gecko; compatible; ClaudeBot/1.0; +claudebot@anthropic.com)"
3.144.89.220 - - [18/Apr/2025:10:35:21 -0400] "GET /ad917/?path=%2Fhome%2Fservlmvm%2Fpublic_html%2Fad917%2F.%2F..%2F..%2Fmail%2F.info%40servethepeopleinc_org%2F.spam%2F..%2Fdovecot-keywords HTTP/1.1" 200 1050 "-" "Mozilla/5.0 AppleWebKit/537.36 (KHTML, like Gecko; compatible; ClaudeBot/1.0; +claudebot@anthropic.com)"
3.144.89.220 - - [18/Apr/2025:10:35:24 -0400] "GET /ad917/?path=%2Fhome%2Fservlmvm%2Fpublic_html%2Fad917%2F.%2F..%2F..%2Fmail%2F.info%40servethepeopleinc_org%2F.Junk%2F..%2Fdovecot-keywords HTTP/1.1" 200 1053 "-" "Mozilla/5.0 AppleWebKit/537.36 (KHTML, like Gecko; compatible; ClaudeBot/1.0; +claudebot@anthropic.com)"
3.144.89.220 - - [18/Apr/2025:10:35:27 -0400] "GET /ad917/?path=%2Fhome%2Fservlmvm%2Fpublic_html%2Fad917%2F.%2F..%2F..%2Fmail%2F.info%40servethepeopleinc_org%2F..%2Fsabina%2Fdovecot-uidlist HTTP/1.1" 200 2154 "-" "Mozilla/5.0 AppleWebKit/537.36 (KHTML, like Gecko; compatible; ClaudeBot/1.0; +claudebot@anthropic.com)"
66.249.77.40 - - [18/Apr/2025:10:35:28 -0400] "GET /shopbrand/eschalot/64540708.shtml HTTP/1.1" 404 16950 "-" "Mozilla/5.0 (Linux; Android 6.0.1; Nexus 5X Build/MMB29P) AppleWebKit/537.36 (KHTML, like Gecko) Chrome/135.0.7049.95 Mobile Safari/537.36 (compatible; Googlebot/2.1; +http://www.google.com/bot.html)"
3.144.89.220 - - [18/Apr/2025:10:35:30 -0400] "GET /ad917/?path=%2Fhome%2Fservlmvm%2Fpublic_html%2Fad917%2F.%2F..%2F..%2Fmail%2F.info%40servethepeopleinc_org%2F.%2F.Sent%2Fdovecot.index.log HTTP/1.1" 200 1037 "-" "Mozilla/5.0 AppleWebKit/537.36 (KHTML, like Gecko; compatible; ClaudeBot/1.0; +claudebot@anthropic.com)"
3.144.89.220 - - [18/Apr/2025:10:35:33 -0400] "GET /ad917/?path=%2Fhome%2Fservlmvm%2Fpublic_html%2Fad917%2F.%2F..%2F..%2Fmail%2F.info%40servethepeopleinc_org%2F..%2Ffidelstp%2Fdovecot-quota HTTP/1.1" 200 1062 "-" "Mozilla/5.0 AppleWebKit/537.36 (KHTML, like Gecko; compatible; ClaudeBot/1.0; +claudebot@anthropic.com)"
40.77.167.23 - - [18/Apr/2025:10:35:33 -0400] "GET /detail65838050.shtml HTTP/1.1" 404 16943 "-" "Mozilla/5.0 AppleWebKit/537.36 (KHTML, like Gecko; compatible; bingbot/2.0; +http://www.bing.com/bingbot.htm) Chrome/116.0.1938.76 Safari/537.36"
3.144.89.220 - - [18/Apr/2025:10:35:36 -0400] "GET /ad917/?path=%2Fhome%2Fservlmvm%2Fpublic_html%2Fad917%2F.%2F..%2F..%2Fmail%2F.info%40servethepeopleinc_org%2F..%2Ffidelstp%2Fsubscriptions HTTP/1.1" 200 1045 "-" "Mozilla/5.0 AppleWebKit/537.36 (KHTML, like Gecko; compatible; ClaudeBot/1.0; +claudebot@anthropic.com)"
40.77.167.22 - - [18/Apr/2025:10:35:36 -0400] "GET /info/monandrian56215614.shtml HTTP/1.1" 301 0 "-" "Mozilla/5.0 AppleWebKit/537.36 (KHTML, like Gecko; compatible; bingbot/2.0; +http://www.bing.com/bingbot.htm) Chrome/116.0.1938.76 Safari/537.36"
3.144.89.220 - - [18/Apr/2025:10:35:39 -0400] "GET /ad917/?path=%2Fhome%2Fservlmvm%2Fpublic_html%2Fad917%2F.%2F..%2F..%2Fmail%2F.info%40servethepeopleinc_org%2F..%2Ffidelstp%2Fdovecot.index HTTP/1.1" 200 1035 "-" "Mozilla/5.0 AppleWebKit/537.36 (KHTML, like Gecko; compatible; ClaudeBot/1.0; +claudebot@anthropic.com)"
3.144.89.220 - - [18/Apr/2025:10:35:42 -0400] "GET /ad917/?path=%2Fhome%2Fservlmvm%2Fpublic_html%2Fad917%2F.%2F..%2F..%2Fmail%2F.info%40servethepeopleinc_org%2F.%2F.Drafts%2Fdovecot-uidlist HTTP/1.1" 200 1418 "-" "Mozilla/5.0 AppleWebKit/537.36 (KHTML, like Gecko; compatible; ClaudeBot/1.0; +claudebot@anthropic.com)"
3.144.89.220 - - [18/Apr/2025:10:35:45 -0400] "GET /ad917/?path=%2Fhome%2Fservlmvm%2Fpublic_html%2Fad917%2F.%2F..%2F..%2Fmail%2F.info%40servethepeopleinc_org%2Fcur%2F..%2Fdovecot.list.index HTTP/1.1" 200 1035 "-" "Mozilla/5.0 AppleWebKit/537.36 (KHTML, like Gecko; compatible; ClaudeBot/1.0; +claudebot@anthropic.com)"
40.77.167.23 - - [18/Apr/2025:10:35:45 -0400] "GET /shopping/undemanding23913398.shtml HTTP/1.1" 404 16941 "-" "Mozilla/5.0 AppleWebKit/537.36 (KHTML, like Gecko; compatible; bingbot/2.0; +http://www.bing.com/bingbot.htm) Chrome/116.0.1938.76 Safari/537.36"
66.249.77.41 - - [18/Apr/2025:10:35:45 -0400] "GET /shopping/24013332.shtml HTTP/1.1" 404 16941 "-" "Mozilla/5.0 (Linux; Android 6.0.1; Nexus 5X Build/MMB29P) AppleWebKit/537.36 (KHTML, like Gecko) Chrome/135.0.7049.95 Mobile Safari/537.36 (compatible; Googlebot/2.1; +http://www.google.com/bot.html)"
3.144.89.220 - - [18/Apr/2025:10:35:48 -0400] "GET /ad917/?path=%2Fhome%2Fservlmvm%2Fpublic_html%2Fad917%2F.%2F..%2F..%2Fmail%2F.info%40servethepeopleinc_org%2Fnew%2F..%2Fdovecot.list.index HTTP/1.1" 200 1036 "-" "Mozilla/5.0 AppleWebKit/537.36 (KHTML, like Gecko; compatible; ClaudeBot/1.0; +claudebot@anthropic.com)"
3.144.89.220 - - [18/Apr/2025:10:35:51 -0400] "GET /ad917/?path=%2Fhome%2Fservlmvm%2Fpublic_html%2Fad917%2F.%2F..%2F..%2Fmail%2F.info%40servethepeopleinc_org%2F..%2Finfo%2Fdovecot-acl-list HTTP/1.1" 200 1035 "-" "Mozilla/5.0 AppleWebKit/537.36 (KHTML, like Gecko; compatible; ClaudeBot/1.0; +claudebot@anthropic.com)"
3.144.89.220 - - [18/Apr/2025:10:35:54 -0400] "GET /ad917/?path=%2Fhome%2Fservlmvm%2Fpublic_html%2Fad917%2F.%2F..%2F..%2Fmail%2F.info%40servethepeopleinc_org%2F..%2Finfo%2Fdovecot-keywords HTTP/1.1" 200 1055 "-" "Mozilla/5.0 AppleWebKit/537.36 (KHTML, like Gecko; compatible; ClaudeBot/1.0; +claudebot@anthropic.com)"
3.144.89.220 - - [18/Apr/2025:10:35:57 -0400] "GET /ad917/?path=%2Fhome%2Fservlmvm%2Fpublic_html%2Fad917%2F.%2F..%2F..%2Fmail%2F.info%40servethepeopleinc_org%2F.%2F.Sent%2Fdovecot-keywords HTTP/1.1" 200 1048 "-" "Mozilla/5.0 AppleWebKit/537.36 (KHTML, like Gecko; compatible; ClaudeBot/1.0; +claudebot@anthropic.com)"
3.144.89.220 - - [18/Apr/2025:10:36:00 -0400] "GET /ad917/?path=%2Fhome%2Fservlmvm%2Fpublic_html%2Fad917%2F.%2F..%2F..%2Fmail%2F.info%40servethepeopleinc_org%2F.spam%2F..%2Fdovecot-uidlist HTTP/1.1" 200 37311 "-" "Mozilla/5.0 AppleWebKit/537.36 (KHTML, like Gecko; compatible; ClaudeBot/1.0; +claudebot@anthropic.com)"
3.144.89.220 - - [18/Apr/2025:10:36:03 -0400] "GET /ad917/?path=%2Fhome%2Fservlmvm%2Fpublic_html%2Fad917%2F.%2F..%2F..%2Fmail%2F.info%40servethepeopleinc_org%2F.Junk%2F..%2Fdovecot-uidlist HTTP/1.1" 200 37313 "-" "Mozilla/5.0 AppleWebKit/537.36 (KHTML, like Gecko; compatible; ClaudeBot/1.0; +claudebot@anthropic.com)"
3.144.89.220 - - [18/Apr/2025:10:36:06 -0400] "GET /ad917/?path=%2Fhome%2Fservlmvm%2Fpublic_html%2Fad917%2F.%2F..%2F..%2Fmail%2F.info%40servethepeopleinc_org%2F..%2Fcontact%2Fdovecot-quota HTTP/1.1" 200 1061 "-" "Mozilla/5.0 AppleWebKit/537.36 (KHTML, like Gecko; compatible; ClaudeBot/1.0; +claudebot@anthropic.com)"
3.144.89.220 - - [18/Apr/2025:10:36:09 -0400] "GET /ad917/?path=%2Fhome%2Fservlmvm%2Fpublic_html%2Fad917%2F.%2F..%2F..%2Fmail%2F.info%40servethepeopleinc_org%2F.%2F.Archive%2Fmaildirfolder HTTP/1.1" 200 1034 "-" "Mozilla/5.0 AppleWebKit/537.36 (KHTML, like Gecko; compatible; ClaudeBot/1.0; +claudebot@anthropic.com)"
3.144.89.220 - - [18/Apr/2025:10:36:12 -0400] "GET /ad917/?path=%2Fhome%2Fservlmvm%2Fpublic_html%2Fad917%2F.%2F..%2F..%2Fmail%2F.info%40servethepeopleinc_org%2F..%2Fcontact%2Fsubscriptions HTTP/1.1" 200 1045 "-" "Mozilla/5.0 AppleWebKit/537.36 (KHTML, like Gecko; compatible; ClaudeBot/1.0; +claudebot@anthropic.com)"
198.54.116.86 - - [18/Apr/2025:10:36:13 -0400] "POST /wp-cron.php?doing_wp_cron=1744986973.7765290737152099609375 HTTP/1.1" 200 0 "-" "WordPress/6.8; https://servethepeopleinc.org"
52.167.144.195 - - [18/Apr/2025:10:36:13 -0400] "GET /shopbrand/85415500.shtml HTTP/1.1" 301 0 "-" "Mozilla/5.0 AppleWebKit/537.36 (KHTML, like Gecko; compatible; bingbot/2.0; +http://www.bing.com/bingbot.htm) Chrome/116.0.1938.76 Safari/537.36"
198.54.116.86 - - [18/Apr/2025:10:36:13 -0400] "POST /wp-admin/admin-ajax.php?action=async_litespeed&nonce=BT1Gz9DFigAcgpy7E4PbSeSNd2LNipeZ&litespeed_type=imgoptm HTTP/1.1" 200 21 "-" "WordPress/6.8; https://servethepeopleinc.org"
3.144.89.220 - - [18/Apr/2025:10:36:15 -0400] "GET /ad917/?path=%2Fhome%2Fservlmvm%2Fpublic_html%2Fad917%2F.%2F..%2F..%2Fmail%2F.info%40servethepeopleinc_org%2F..%2Finfocamer%2Fmaildirsize HTTP/1.1" 200 1050 "-" "Mozilla/5.0 AppleWebKit/537.36 (KHTML, like Gecko; compatible; ClaudeBot/1.0; +claudebot@anthropic.com)"
3.144.89.220 - - [18/Apr/2025:10:36:18 -0400] "GET /ad917/?path=%2Fhome%2Fservlmvm%2Fpublic_html%2Fad917%2F.%2F..%2F..%2Fmail%2F.info%40servethepeopleinc_org%2F.%2F.Trash%2Fdovecot-uidlist HTTP/1.1" 200 26743 "-" "Mozilla/5.0 AppleWebKit/537.36 (KHTML, like Gecko; compatible; ClaudeBot/1.0; +claudebot@anthropic.com)"
3.144.89.220 - - [18/Apr/2025:10:36:21 -0400] "GET /ad917/?path=%2Fhome%2Fservlmvm%2Fpublic_html%2Fad917%2F.%2F..%2F..%2Fmail%2F.info%40servethepeopleinc_org%2Fcur%2F..%2Fdovecot.index.log HTTP/1.1" 200 1034 "-" "Mozilla/5.0 AppleWebKit/537.36 (KHTML, like Gecko; compatible; ClaudeBot/1.0; +claudebot@anthropic.com)"
3.144.89.220 - - [18/Apr/2025:10:36:24 -0400] "GET /ad917/?path=%2Fhome%2Fservlmvm%2Fpublic_html%2Fad917%2F.%2F..%2F..%2Fmail%2F.info%40servethepeopleinc_org%2Fnew%2F..%2Fdovecot.index.log HTTP/1.1" 200 1034 "-" "Mozilla/5.0 AppleWebKit/537.36 (KHTML, like Gecko; compatible; ClaudeBot/1.0; +claudebot@anthropic.com)"
3.144.89.220 - - [18/Apr/2025:10:36:27 -0400] "GET /ad917/?path=%2Fhome%2Fservlmvm%2Fpublic_html%2Fad917%2F.%2F..%2F..%2Fmail%2F.info%40servethepeopleinc_org%2F.%2F.Junk%2Fdovecot-uidlist HTTP/1.1" 200 1079 "-" "Mozilla/5.0 AppleWebKit/537.36 (KHTML, like Gecko; compatible; ClaudeBot/1.0; +claudebot@anthropic.com)"
52.167.144.164 - - [18/Apr/2025:10:36:26 -0400] "GET /detail66243892.shtml HTTP/1.1" 404 16942 "-" "Mozilla/5.0 AppleWebKit/537.36 (KHTML, like Gecko; compatible; bingbot/2.0; +http://www.bing.com/bingbot.htm) Chrome/116.0.1938.76 Safari/537.36"
3.144.89.220 - - [18/Apr/2025:10:36:30 -0400] "GET /ad917/?path=%2Fhome%2Fservlmvm%2Fpublic_html%2Fad917%2F.%2F..%2F..%2Fmail%2F.info%40servethepeopleinc_org%2F..%2Finfo%2Fdovecot-uidlist HTTP/1.1" 200 37352 "-" "Mozilla/5.0 AppleWebKit/537.36 (KHTML, like Gecko; compatible; ClaudeBot/1.0; +claudebot@anthropic.com)"
3.144.89.220 - - [18/Apr/2025:10:36:33 -0400] "GET /ad917/?path=%2Fhome%2Fservlmvm%2Fpublic_html%2Fad917%2F.%2F..%2F..%2Fmail%2F.info%40servethepeopleinc_org%2F.%2F.spam%2Fdovecot-uidlist HTTP/1.1" 200 1078 "-" "Mozilla/5.0 AppleWebKit/537.36 (KHTML, like Gecko; compatible; ClaudeBot/1.0; +claudebot@anthropic.com)"
3.144.89.220 - - [18/Apr/2025:10:36:36 -0400] "GET /ad917/?path=%2Fhome%2Fservlmvm%2Fpublic_html%2Fad917%2F.%2F..%2F..%2Fmail%2F.info%40servethepeopleinc_org%2F..%2Fsabina%2Fsubscriptions HTTP/1.1" 200 1044 "-" "Mozilla/5.0 AppleWebKit/537.36 (KHTML, like Gecko; compatible; ClaudeBot/1.0; +claudebot@anthropic.com)"
3.144.89.220 - - [18/Apr/2025:10:36:39 -0400] "GET /ad917/?path=%2Fhome%2Fservlmvm%2Fpublic_html%2Fad917%2F.%2F..%2F..%2Fmail%2F.info%40servethepeopleinc_org%2F.Junk%2F.%2Fdovecot-uidlist HTTP/1.1" 200 1080 "-" "Mozilla/5.0 AppleWebKit/537.36 (KHTML, like Gecko; compatible; ClaudeBot/1.0; +claudebot@anthropic.com)"
3.144.89.220 - - [18/Apr/2025:10:36:42 -0400] "GET /ad917/?path=%2Fhome%2Fservlmvm%2Fpublic_html%2Fad917%2F.%2F..%2F..%2Fmail%2F.info%40servethepeopleinc_org%2F..%2Fsabina%2Fdovecot.index HTTP/1.1" 200 1033 "-" "Mozilla/5.0 AppleWebKit/537.36 (KHTML, like Gecko; compatible; ClaudeBot/1.0; +claudebot@anthropic.com)"
3.144.89.220 - - [18/Apr/2025:10:36:45 -0400] "GET /ad917/?path=%2Fhome%2Fservlmvm%2Fpublic_html%2Fad917%2F.%2F..%2F..%2Fmail%2F.info%40servethepeopleinc_org%2F.%2F.Sent%2Fdovecot-uidlist HTTP/1.1" 200 14394 "-" "Mozilla/5.0 AppleWebKit/537.36 (KHTML, like Gecko; compatible; ClaudeBot/1.0; +claudebot@anthropic.com)"
3.144.89.220 - - [18/Apr/2025:10:36:48 -0400] "GET /ad917/?path=%2Fhome%2Fservlmvm%2Fpublic_html%2Fad917%2F.%2F..%2F..%2Fmail%2F.info%40servethepeopleinc_org%2F..%2Fsabina%2Fdovecot-quota HTTP/1.1" 200 1062 "-" "Mozilla/5.0 AppleWebKit/537.36 (KHTML, like Gecko; compatible; ClaudeBot/1.0; +claudebot@anthropic.com)"
40.77.167.22 - - [18/Apr/2025:10:36:48 -0400] "GET /shopping/ssm/symmetricalness/61735426.shtml HTTP/1.1" 301 0 "-" "Mozilla/5.0 AppleWebKit/537.36 (KHTML, like Gecko; compatible; bingbot/2.0; +http://www.bing.com/bingbot.htm) Chrome/116.0.1938.76 Safari/537.36"
3.144.89.220 - - [18/Apr/2025:10:36:51 -0400] "GET /ad917/?path=%2Fhome%2Fservlmvm%2Fpublic_html%2Fad917%2F.%2F..%2F..%2Fmail%2F.info%40servethepeopleinc_org%2F.spam%2F.%2Fdovecot-uidlist HTTP/1.1" 200 1079 "-" "Mozilla/5.0 AppleWebKit/537.36 (KHTML, like Gecko; compatible; ClaudeBot/1.0; +claudebot@anthropic.com)"
3.144.89.220 - - [18/Apr/2025:10:36:54 -0400] "GET /ad917/?path=%2Fhome%2Fservlmvm%2Fpublic_html%2Fad917%2F.%2F..%2F..%2Fpublic_html%2Fwp-includes%2Finteractivity-api%2F..%2Fadmin-bar.php HTTP/1.1" 200 10165 "-" "Mozilla/5.0 AppleWebKit/537.36 (KHTML, like Gecko; compatible; ClaudeBot/1.0; +claudebot@anthropic.com)"
3.144.89.220 - - [18/Apr/2025:10:36:57 -0400] "GET /ad917/?path=%2Fhome%2Fservlmvm%2Fpublic_html%2Fad917%2F.%2F..%2F..%2Fpublic_html%2Fwp-includes%2Finteractivity-api%2F..%2Fcanonical.php HTTP/1.1" 200 10350 "-" "Mozilla/5.0 AppleWebKit/537.36 (KHTML, like Gecko; compatible; ClaudeBot/1.0; +claudebot@anthropic.com)"
52.167.144.139 - - [18/Apr/2025:10:36:57 -0400] "GET /items/uu/magazine2494590.shtml HTTP/1.1" 301 0 "-" "Mozilla/5.0 AppleWebKit/537.36 (KHTML, like Gecko; compatible; bingbot/2.0; +http://www.bing.com/bingbot.htm) Chrome/116.0.1938.76 Safari/537.36"
3.144.89.220 - - [18/Apr/2025:10:37:00 -0400] "GET /ad917/?path=%2Fhome%2Fservlmvm%2Fpublic_html%2Fad917%2F.%2F..%2F..%2Fpublic_html%2Fwp-includes%2Fblock-supports%2F..%2Fstyle-engine.php HTTP/1.1" 200 3107 "-" "Mozilla/5.0 AppleWebKit/537.36 (KHTML, like Gecko; compatible; ClaudeBot/1.0; +claudebot@anthropic.com)"
18.188.4.90 - - [18/Apr/2025:10:37:31 -0400] "GET /ad917/?path=%2Fhome%2Fservlmvm%2Fpublic_html%2F..%2F.%2F.cpanel%2Fea-php-cli%2F. HTTP/1.1" 200 1540 "-" "Mozilla/5.0 AppleWebKit/537.36 (KHTML, like Gecko; compatible; ClaudeBot/1.0; +claudebot@anthropic.com)"
18.188.4.90 - - [18/Apr/2025:10:37:34 -0400] "GET /ad917/?path=%2Fhome%2Fservlmvm%2F.%2F.cpanel%2Fea-php-cli%2Fspekkshealth.com%2F. HTTP/1.1" 200 1479 "-" "Mozilla/5.0 AppleWebKit/537.36 (KHTML, like Gecko; compatible; ClaudeBot/1.0; +claudebot@anthropic.com)"
198.54.116.86 - - [18/Apr/2025:10:37:37 -0400] "POST /wp-cron.php?doing_wp_cron=1744987057.2470130920410156250000 HTTP/1.1" 200 0 "-" "WordPress/6.8; https://servethepeopleinc.org"
52.167.144.139 - - [18/Apr/2025:10:37:37 -0400] "GET /products/ng/mettlesomely/2861124.shtml HTTP/1.1" 301 0 "-" "Mozilla/5.0 AppleWebKit/537.36 (KHTML, like Gecko; compatible; bingbot/2.0; +http://www.bing.com/bingbot.htm) Chrome/116.0.1938.76 Safari/537.36"
18.188.4.90 - - [18/Apr/2025:10:37:37 -0400] "GET /ad917/?path=%2Fhome%2Fservlmvm%2Fssl%2F..%2Fpuppiesoftexas.com%2F.well-known%2F. HTTP/1.1" 200 1478 "-" "Mozilla/5.0 AppleWebKit/537.36 (KHTML, like Gecko; compatible; ClaudeBot/1.0; +claudebot@anthropic.com)"
198.54.116.86 - - [18/Apr/2025:10:37:37 -0400] "POST /wp-admin/admin-ajax.php?action=async_litespeed&nonce=QAdiWcq0G6vnKhgjHxt92U25tKdMRH0K&litespeed_type=imgoptm HTTP/1.1" 200 21 "-" "WordPress/6.8; https://servethepeopleinc.org"
18.188.4.90 - - [18/Apr/2025:10:37:40 -0400] "GET /ad917/?path=%2Fhome%2Fservlmvm%2Fpublic_html%2F..%2F.spamassassin%2F..%2Ftmp%2F. HTTP/1.1" 200 1891 "-" "Mozilla/5.0 AppleWebKit/537.36 (KHTML, like Gecko; compatible; ClaudeBot/1.0; +claudebot@anthropic.com)"
18.188.4.90 - - [18/Apr/2025:10:37:43 -0400] "GET /ad917/?path=%2Fhome%2Fservlmvm%2Fpublic_html%2F..%2Flscache%2F5%2F..%2F6%2F4%2F7 HTTP/1.1" 200 1579 "-" "Mozilla/5.0 AppleWebKit/537.36 (KHTML, like Gecko; compatible; ClaudeBot/1.0; +claudebot@anthropic.com)"
40.77.167.23 - - [18/Apr/2025:10:37:44 -0400] "GET /info/phyllobranciae15521604.shtml HTTP/1.1" 404 16943 "-" "Mozilla/5.0 AppleWebKit/537.36 (KHTML, like Gecko; compatible; bingbot/2.0; +http://www.bing.com/bingbot.htm) Chrome/116.0.1938.76 Safari/537.36"
18.188.4.90 - - [18/Apr/2025:10:37:46 -0400] "GET /ad917/?path=%2Fhome%2Fservlmvm%2Fpublic_html%2F..%2Flscache%2F.%2F2%2F4%2Fa%2F.. HTTP/1.1" 200 1638 "-" "Mozilla/5.0 AppleWebKit/537.36 (KHTML, like Gecko; compatible; ClaudeBot/1.0; +claudebot@anthropic.com)"
18.188.4.90 - - [18/Apr/2025:10:37:49 -0400] "GET /ad917/?path=%2Fhome%2Fservlmvm%2Fpublic_html%2F..%2Flscache%2F2%2F..%2F.%2F4%2F3 HTTP/1.1" 200 1647 "-" "Mozilla/5.0 AppleWebKit/537.36 (KHTML, like Gecko; compatible; ClaudeBot/1.0; +claudebot@anthropic.com)"
18.188.4.90 - - [18/Apr/2025:10:37:52 -0400] "GET /ad917/?path=%2Fhome%2Fservlmvm%2Fpublic_html%2F..%2Flscache%2Ff%2F0%2F9%2F..%2F6 HTTP/1.1" 200 1583 "-" "Mozilla/5.0 AppleWebKit/537.36 (KHTML, like Gecko; compatible; ClaudeBot/1.0; +claudebot@anthropic.com)"
40.77.167.23 - - [18/Apr/2025:10:37:54 -0400] "GET /special/42011150.shtml HTTP/1.1" 404 16942 "-" "Mozilla/5.0 AppleWebKit/537.36 (KHTML, like Gecko; compatible; bingbot/2.0; +http://www.bing.com/bingbot.htm) Chrome/116.0.1938.76 Safari/537.36"
