13.59.79.237 - - [18/Apr/2025:10:15:52 -0400] "GET /ad917/?path=%2Fhome%2Fservlmvm%2Fpublic_html%2Fad917%2F.%2F..%2F..%2Fmail%2F.info%40servethepeopleinc_org%2Fcur%2F.%2F.. HTTP/1.1" 200 2228 "-" "Mozilla/5.0 AppleWebKit/537.36 (KHTML, like Gecko; compatible; ClaudeBot/1.0; +claudebot@anthropic.com)"
3.147.81.20 - - [18/Apr/2025:10:15:54 -0400] "GET /ad917/?path=%2Fhome%2F.%2Fservlmvm%2Flscache%2F0%2F.%2Fc%2F7 HTTP/1.1" 200 1524 "-" "Mozilla/5.0 AppleWebKit/537.36 (KHTML, like Gecko; compatible; ClaudeBot/1.0; +claudebot@anthropic.com)"
3.147.81.20 - - [18/Apr/2025:10:15:54 -0400] "GET /ad917/?path=%2Fhome%2F.%2Fservlmvm%2Flscache%2F0%2Fa%2F9%2F. HTTP/1.1" 200 1555 "-" "Mozilla/5.0 AppleWebKit/537.36 (KHTML, like Gecko; compatible; ClaudeBot/1.0; +claudebot@anthropic.com)"
3.147.81.20 - - [18/Apr/2025:10:15:54 -0400] "GET /ad917/?path=%2Fhome%2F.%2Fservlmvm%2Flscache%2F9%2F.%2Fe%2F9 HTTP/1.1" 200 1517 "-" "Mozilla/5.0 AppleWebKit/537.36 (KHTML, like Gecko; compatible; ClaudeBot/1.0; +claudebot@anthropic.com)"
3.147.81.20 - - [18/Apr/2025:10:15:54 -0400] "GET /ad917/?path=%2Fhome%2F.%2Fservlmvm%2Flscache%2F6%2F8%2F.%2Fb HTTP/1.1" 200 1206 "-" "Mozilla/5.0 AppleWebKit/537.36 (KHTML, like Gecko; compatible; ClaudeBot/1.0; +claudebot@anthropic.com)"
3.147.81.20 - - [18/Apr/2025:10:15:54 -0400] "GET /ad917/?path=%2Fhome%2F.%2Fservlmvm%2Flscache%2Ff%2F.%2F.%2F5 HTTP/1.1" 200 1599 "-" "Mozilla/5.0 AppleWebKit/537.36 (KHTML, like Gecko; compatible; ClaudeBot/1.0; +claudebot@anthropic.com)"
3.147.81.20 - - [18/Apr/2025:10:15:54 -0400] "GET /ad917/?path=%2Fhome%2F.%2Fservlmvm%2Flscache%2F7%2F.%2Fa%2Ff HTTP/1.1" 200 1591 "-" "Mozilla/5.0 AppleWebKit/537.36 (KHTML, like Gecko; compatible; ClaudeBot/1.0; +claudebot@anthropic.com)"
3.147.81.20 - - [18/Apr/2025:10:15:54 -0400] "GET /ad917/?path=%2Fhome%2F.%2Fservlmvm%2Flscache%2F0%2F.%2F1%2Fb HTTP/1.1" 200 1584 "-" "Mozilla/5.0 AppleWebKit/537.36 (KHTML, like Gecko; compatible; ClaudeBot/1.0; +claudebot@anthropic.com)"
3.147.81.20 - - [18/Apr/2025:10:15:55 -0400] "GET /ad917/?path=%2Fhome%2F.%2Fservlmvm%2Flscache%2F7%2F.%2Fa%2F8 HTTP/1.1" 200 1523 "-" "Mozilla/5.0 AppleWebKit/537.36 (KHTML, like Gecko; compatible; ClaudeBot/1.0; +claudebot@anthropic.com)"
3.147.81.20 - - [18/Apr/2025:10:15:55 -0400] "GET /ad917/?path=%2Fhome%2F.%2Fservlmvm%2Flscache%2Ff%2F9%2F.%2F7 HTTP/1.1" 200 1627 "-" "Mozilla/5.0 AppleWebKit/537.36 (KHTML, like Gecko; compatible; ClaudeBot/1.0; +claudebot@anthropic.com)"
3.147.81.20 - - [18/Apr/2025:10:15:55 -0400] "GET /ad917/?path=%2Fhome%2F.%2Fservlmvm%2Flscache%2F0%2F.%2F1%2F4 HTTP/1.1" 200 1560 "-" "Mozilla/5.0 AppleWebKit/537.36 (KHTML, like Gecko; compatible; ClaudeBot/1.0; +claudebot@anthropic.com)"
3.147.81.20 - - [18/Apr/2025:10:15:55 -0400] "GET /ad917/?path=%2Fhome%2F.%2Fservlmvm%2Flscache%2F0%2F4%2F.%2Fa HTTP/1.1" 200 1206 "-" "Mozilla/5.0 AppleWebKit/537.36 (KHTML, like Gecko; compatible; ClaudeBot/1.0; +claudebot@anthropic.com)"
13.59.79.237 - - [18/Apr/2025:10:15:55 -0400] "GET /ad917/?path=%2Fhome%2Fservlmvm%2Fpublic_html%2Fad917%2F.%2F..%2F..%2Fpublic_html%2Fwp-includes%2Fblock-patterns%2F.%2F.. HTTP/1.1" 200 8891 "-" "Mozilla/5.0 AppleWebKit/537.36 (KHTML, like Gecko; compatible; ClaudeBot/1.0; +claudebot@anthropic.com)"
13.59.79.237 - - [18/Apr/2025:10:15:58 -0400] "GET /ad917/?path=%2Fhome%2F.%2F..%2F..%2Fvar%2Flog%2F..%2Fsoftaculous%2Fespo%2F..%2Fvxgb%2F..%2Fmonstra%2Fphp56%2Finstall.php HTTP/1.1" 200 6640 "-" "Mozilla/5.0 AppleWebKit/537.36 (KHTML, like Gecko; compatible; ClaudeBot/1.0; +claudebot@anthropic.com)"
13.59.79.237 - - [18/Apr/2025:10:16:01 -0400] "GET /ad917/?path=%2Fhome%2Fservlmvm%2Fpublic_html%2Fad917%2F.%2F..%2F..%2Fmail%2F.info%40servethepeopleinc_org%2Fnew%2F.%2F.. HTTP/1.1" 200 2225 "-" "Mozilla/5.0 AppleWebKit/537.36 (KHTML, like Gecko; compatible; ClaudeBot/1.0; +claudebot@anthropic.com)"
198.54.116.86 - - [18/Apr/2025:10:16:02 -0400] "POST /wp-cron.php?doing_wp_cron=1744985762.1241629123687744140625 HTTP/1.1" 200 0 "-" "WordPress/6.8; https://servethepeopleinc.org"
52.167.144.19 - - [18/Apr/2025:10:16:01 -0400] "GET /info/legalisation/80386970.shtml HTTP/1.1" 301 0 "-" "Mozilla/5.0 AppleWebKit/537.36 (KHTML, like Gecko; compatible; bingbot/2.0; +http://www.bing.com/bingbot.htm) Chrome/116.0.1938.76 Safari/537.36"
198.54.116.86 - - [18/Apr/2025:10:16:02 -0400] "POST /wp-admin/admin-ajax.php?action=async_litespeed&nonce=9X9WNQfad7X9P1752tsMXIPqd88VsgU5&litespeed_type=imgoptm HTTP/1.1" 200 21 "-" "WordPress/6.8; https://servethepeopleinc.org"
13.59.79.237 - - [18/Apr/2025:10:16:04 -0400] "GET /ad917/?path=%2Fhome%2F.%2F..%2F..%2Fvar%2Flog%2F..%2Fsoftaculous%2Fespo%2F..%2Fvxgb%2F..%2Fmonstra%2Fphp56%2Fupgrade.php HTTP/1.1" 200 3929 "-" "Mozilla/5.0 AppleWebKit/537.36 (KHTML, like Gecko; compatible; ClaudeBot/1.0; +claudebot@anthropic.com)"
40.77.167.157 - - [18/Apr/2025:10:16:06 -0400] "GET /items/flindermouse90174.shtml HTTP/1.1" 404 16942 "-" "Mozilla/5.0 AppleWebKit/537.36 (KHTML, like Gecko; compatible; bingbot/2.0; +http://www.bing.com/bingbot.htm) Chrome/116.0.1938.76 Safari/537.36"
13.59.79.237 - - [18/Apr/2025:10:16:25 -0400] "GET /ad917/?path=%2Fhome%2F.%2F..%2F..%2Fvar%2Flib%2F..%2Fsoftaculous%2Fgrav%2F..%2Ftine%2F..%2Fphplite%2Fphp53%2Finstall.php HTTP/1.1" 200 3545 "-" "Mozilla/5.0 AppleWebKit/537.36 (KHTML, like Gecko; compatible; ClaudeBot/1.0; +claudebot@anthropic.com)"
52.167.144.236 - - [18/Apr/2025:10:16:26 -0400] "GET /entity/valvulae68333076.shtml HTTP/1.1" 301 0 "-" "Mozilla/5.0 AppleWebKit/537.36 (KHTML, like Gecko; compatible; bingbot/2.0; +http://www.bing.com/bingbot.htm) Chrome/116.0.1938.76 Safari/537.36"
13.59.79.237 - - [18/Apr/2025:10:16:28 -0400] "GET /ad917/?path=%2Fhome%2Fservlmvm%2Fpublic_html%2Fad917%2F.%2F..%2F..%2Fmail%2F.info%40servethepeopleinc_org%2Fcur%2F..%2F. HTTP/1.1" 200 2269 "-" "Mozilla/5.0 AppleWebKit/537.36 (KHTML, like Gecko; compatible; ClaudeBot/1.0; +claudebot@anthropic.com)"
13.59.79.237 - - [18/Apr/2025:10:16:31 -0400] "GET /ad917/?path=%2Fhome%2F.%2F..%2F..%2Fvar%2Flog%2F..%2Fsoftaculous%2Fespo%2F..%2Fvxgb%2F..%2Fclipper%2Fphp56%2Finstall.php HTTP/1.1" 200 5420 "-" "Mozilla/5.0 AppleWebKit/537.36 (KHTML, like Gecko; compatible; ClaudeBot/1.0; +claudebot@anthropic.com)"
13.59.79.237 - - [18/Apr/2025:10:16:34 -0400] "GET /ad917/?path=%2Fhome%2F.%2F..%2F..%2Fvar%2Flib%2F..%2Fsoftaculous%2Fgrav%2F..%2Ftine%2F..%2Fzwiicms%2Fphp81%2Finstall.php HTTP/1.1" 200 7172 "-" "Mozilla/5.0 AppleWebKit/537.36 (KHTML, like Gecko; compatible; ClaudeBot/1.0; +claudebot@anthropic.com)"
13.59.79.237 - - [18/Apr/2025:10:16:37 -0400] "GET /ad917/?path=%2Fhome%2F.%2F..%2F..%2Fvar%2Flog%2F..%2Fsoftaculous%2Fqdpm%2F..%2Fwp57%2F..%2Fopensis%2Fphp53%2Finstall.php HTTP/1.1" 200 5580 "-" "Mozilla/5.0 AppleWebKit/537.36 (KHTML, like Gecko; compatible; ClaudeBot/1.0; +claudebot@anthropic.com)"
13.59.79.237 - - [18/Apr/2025:10:16:40 -0400] "GET /ad917/?path=%2Fhome%2F.%2F..%2F..%2Fvar%2Flib%2F..%2Fsoftaculous%2Fgrav%2F..%2Ftine%2F..%2Fostic14%2Fphp81%2Finstall.php HTTP/1.1" 200 6421 "-" "Mozilla/5.0 AppleWebKit/537.36 (KHTML, like Gecko; compatible; ClaudeBot/1.0; +claudebot@anthropic.com)"
13.59.79.237 - - [18/Apr/2025:10:16:43 -0400] "GET /ad917/?path=%2Fhome%2F.%2F..%2F..%2Fvar%2Flib%2F..%2Fsoftaculous%2Fgrav%2F..%2Ftine%2F..%2Flayerbb%2Fphp53%2Finstall.php HTTP/1.1" 200 4098 "-" "Mozilla/5.0 AppleWebKit/537.36 (KHTML, like Gecko; compatible; ClaudeBot/1.0; +claudebot@anthropic.com)"
52.167.144.188 - - [18/Apr/2025:10:16:45 -0400] "GET /info47177000.shtml HTTP/1.1" 301 0 "-" "Mozilla/5.0 AppleWebKit/537.36 (KHTML, like Gecko; compatible; bingbot/2.0; +http://www.bing.com/bingbot.htm) Chrome/116.0.1938.76 Safari/537.36"
13.59.79.237 - - [18/Apr/2025:10:16:46 -0400] "GET /ad917/?path=%2Fhome%2Fservlmvm%2Fpublic_html%2Fad917%2F.%2F..%2F..%2Fpublic_html%2Fwp-includes%2Fblock-bindings%2F.%2F.. HTTP/1.1" 200 9018 "-" "Mozilla/5.0 AppleWebKit/537.36 (KHTML, like Gecko; compatible; ClaudeBot/1.0; +claudebot@anthropic.com)"
13.59.79.237 - - [18/Apr/2025:10:16:49 -0400] "GET /ad917/?path=%2Fhome%2F.%2F..%2F..%2Fvar%2Flib%2F..%2Fsoftaculous%2Fgrav%2F..%2Ftine%2F..%2Fostic14%2Fphp81%2Fupgrade.php HTTP/1.1" 200 3318 "-" "Mozilla/5.0 AppleWebKit/537.36 (KHTML, like Gecko; compatible; ClaudeBot/1.0; +claudebot@anthropic.com)"
13.59.79.237 - - [18/Apr/2025:10:16:52 -0400] "GET /ad917/?path=%2Fhome%2F.%2F..%2F..%2Fvar%2Flog%2F..%2Fsoftaculous%2Fespo%2F..%2Fvxgb%2F..%2Fadvpoll%2Fphp81%2Fupgrade.php HTTP/1.1" 200 3010 "-" "Mozilla/5.0 AppleWebKit/537.36 (KHTML, like Gecko; compatible; ClaudeBot/1.0; +claudebot@anthropic.com)"
13.59.79.237 - - [18/Apr/2025:10:16:55 -0400] "GET /ad917/?path=%2Fhome%2F.%2F..%2F..%2Fvar%2Flog%2F..%2Fsoftaculous%2Fqdpm%2F..%2Fwp57%2F..%2Fopensis%2Fphp71%2Finstall.php HTTP/1.1" 200 6557 "-" "Mozilla/5.0 AppleWebKit/537.36 (KHTML, like Gecko; compatible; ClaudeBot/1.0; +claudebot@anthropic.com)"
13.59.79.237 - - [18/Apr/2025:10:16:58 -0400] "GET /ad917/?path=%2Fhome%2F.%2F..%2F..%2Fvar%2Flib%2F..%2Fsoftaculous%2Fgrav%2F..%2Ftine%2F..%2Flayerbb%2Fphp81%2Finstall.php HTTP/1.1" 200 4337 "-" "Mozilla/5.0 AppleWebKit/537.36 (KHTML, like Gecko; compatible; ClaudeBot/1.0; +claudebot@anthropic.com)"
13.59.79.237 - - [18/Apr/2025:10:17:01 -0400] "GET /ad917/?path=%2Fhome%2F.%2F..%2F..%2Fvar%2Flog%2F..%2Fsoftaculous%2Fespo%2F..%2Fvxgb%2F..%2Fadvpoll%2Fphp82%2Finstall.php HTTP/1.1" 200 3941 "-" "Mozilla/5.0 AppleWebKit/537.36 (KHTML, like Gecko; compatible; ClaudeBot/1.0; +claudebot@anthropic.com)"
198.54.116.86 - - [18/Apr/2025:10:17:02 -0400] "POST /wp-cron.php?doing_wp_cron=1744985822.0253479480743408203125 HTTP/1.1" 200 0 "-" "WordPress/6.8; https://servethepeopleinc.org"
52.167.144.19 - - [18/Apr/2025:10:17:01 -0400] "GET /goodscode/52485064.shtml HTTP/1.1" 301 0 "-" "Mozilla/5.0 AppleWebKit/537.36 (KHTML, like Gecko; compatible; bingbot/2.0; +http://www.bing.com/bingbot.htm) Chrome/116.0.1938.76 Safari/537.36"
13.59.79.237 - - [18/Apr/2025:10:17:04 -0400] "GET /ad917/?path=%2Fhome%2Fservlmvm%2Fpublic_html%2Fad917%2F.%2F..%2F..%2Fmail%2F.info%40servethepeopleinc_org%2Fnew%2F..%2F. HTTP/1.1" 200 2269 "-" "Mozilla/5.0 AppleWebKit/537.36 (KHTML, like Gecko; compatible; ClaudeBot/1.0; +claudebot@anthropic.com)"
13.59.79.237 - - [18/Apr/2025:10:17:07 -0400] "GET /ad917/?path=%2Fhome%2F.%2F..%2F..%2Fvar%2Flog%2F..%2Fsoftaculous%2Fespo%2F..%2Fvxgb%2F..%2Fadvpoll%2Fphp82%2Fupgrade.php HTTP/1.1" 200 3036 "-" "Mozilla/5.0 AppleWebKit/537.36 (KHTML, like Gecko; compatible; ClaudeBot/1.0; +claudebot@anthropic.com)"
13.59.79.237 - - [18/Apr/2025:10:17:10 -0400] "GET /ad917/?path=%2Fhome%2F.%2F..%2F..%2Fvar%2Flog%2F..%2Fsoftaculous%2Fqdpm%2F..%2Fwp57%2F..%2F4images%2Fphp56%2Finstall.php HTTP/1.1" 200 5285 "-" "Mozilla/5.0 AppleWebKit/537.36 (KHTML, like Gecko; compatible; ClaudeBot/1.0; +claudebot@anthropic.com)"
198.54.116.86 - - [18/Apr/2025:10:17:12 -0400] "POST /wp-cron.php?doing_wp_cron=1744985832.1052839756011962890625 HTTP/1.1" 200 0 "-" "WordPress/6.8; https://servethepeopleinc.org"
52.167.144.19 - - [18/Apr/2025:10:17:11 -0400] "GET /categories/133944?num=33093 HTTP/1.1" 301 0 "-" "Mozilla/5.0 AppleWebKit/537.36 (KHTML, like Gecko; compatible; bingbot/2.0; +http://www.bing.com/bingbot.htm) Chrome/116.0.1938.76 Safari/537.36"
198.54.116.86 - - [18/Apr/2025:10:17:12 -0400] "POST /wp-admin/admin-ajax.php?action=async_litespeed&nonce=9Ubpa1J4zSBwaozLRYIqHT0sQtUDo6rE&litespeed_type=imgoptm HTTP/1.1" 200 21 "-" "WordPress/6.8; https://servethepeopleinc.org"
13.59.79.237 - - [18/Apr/2025:10:17:13 -0400] "GET /ad917/?path=%2Fhome%2F.%2F..%2F..%2Fvar%2Flib%2F..%2Fsoftaculous%2Fgrav%2F..%2Ftine%2F..%2Fsnipeit%2Fphp56%2Finstall.php HTTP/1.1" 200 5015 "-" "Mozilla/5.0 AppleWebKit/537.36 (KHTML, like Gecko; compatible; ClaudeBot/1.0; +claudebot@anthropic.com)"
40.77.167.157 - - [18/Apr/2025:10:17:14 -0400] "GET /special28450648.shtml HTTP/1.1" 404 16940 "-" "Mozilla/5.0 AppleWebKit/537.36 (KHTML, like Gecko; compatible; bingbot/2.0; +http://www.bing.com/bingbot.htm) Chrome/116.0.1938.76 Safari/537.36"
13.59.79.237 - - [18/Apr/2025:10:17:16 -0400] "GET /ad917/?path=%2Fhome%2F.%2F..%2F..%2Fvar%2Flib%2F..%2Fsoftaculous%2Fgrav%2F..%2Ftine%2F..%2Fostic14%2Fphp82%2Fupgrade.php HTTP/1.1" 200 3347 "-" "Mozilla/5.0 AppleWebKit/537.36 (KHTML, like Gecko; compatible; ClaudeBot/1.0; +claudebot@anthropic.com)"
40.77.167.75 - - [18/Apr/2025:10:17:42 -0400] "GET /detail/88031306.shtml HTTP/1.1" 301 0 "-" "Mozilla/5.0 AppleWebKit/537.36 (KHTML, like Gecko; compatible; bingbot/2.0; +http://www.bing.com/bingbot.htm) Chrome/116.0.1938.76 Safari/537.36"
18.218.181.138 - - [18/Apr/2025:10:17:46 -0400] "GET /ad917/?path=%2Fhome%2Fservlmvm%2Fpublic_html%2Fad917%2F.%2F..%2F..%2Fpublic_html%2Fwp-includes%2Ftheme-compat%2F..%2Fwidgets HTTP/1.1" 200 2240 "-" "Mozilla/5.0 AppleWebKit/537.36 (KHTML, like Gecko; compatible; ClaudeBot/1.0; +claudebot@anthropic.com)"
18.218.181.138 - - [18/Apr/2025:10:17:49 -0400] "GET /ad917/?path=%2Fhome%2Fservlmvm%2Fpublic_html%2Fad917%2F.%2F..%2F..%2Fmail%2F.info%40servethepeopleinc_org%2F..%2F.%2Fcontact HTTP/1.1" 200 2285 "-" "Mozilla/5.0 AppleWebKit/537.36 (KHTML, like Gecko; compatible; ClaudeBot/1.0; +claudebot@anthropic.com)"
18.218.181.138 - - [18/Apr/2025:10:17:52 -0400] "GET /ad917/?path=%2Fhome%2Fservlmvm%2Fpublic_html%2Fad917%2F.%2F..%2F..%2Fpublic_html%2Fwp-includes%2Fstyle-engine%2F..%2Frss.php HTTP/1.1" 200 8156 "-" "Mozilla/5.0 AppleWebKit/537.36 (KHTML, like Gecko; compatible; ClaudeBot/1.0; +claudebot@anthropic.com)"
40.77.167.56 - - [18/Apr/2025:10:17:52 -0400] "GET /special100605498.shtml HTTP/1.1" 404 16939 "-" "Mozilla/5.0 AppleWebKit/537.36 (KHTML, like Gecko; compatible; bingbot/2.0; +http://www.bing.com/bingbot.htm) Chrome/116.0.1938.76 Safari/537.36"
18.218.181.138 - - [18/Apr/2025:10:17:55 -0400] "GET /ad917/?path=%2Fhome%2Fservlmvm%2Fpublic_html%2Fad917%2F.%2F..%2F..%2Fmail%2F.info%40servethepeopleinc_org%2F.%2F.Trash%2Fcur HTTP/1.1" 200 9976 "-" "Mozilla/5.0 AppleWebKit/537.36 (KHTML, like Gecko; compatible; ClaudeBot/1.0; +claudebot@anthropic.com)"
18.218.181.138 - - [18/Apr/2025:10:17:58 -0400] "GET /ad917/?path=%2Fhome%2Fservlmvm%2Fpublic_html%2Fad917%2F.%2F..%2F..%2Fmail%2F.info%40servethepeopleinc_org%2F.spam%2Fnew%2F.. HTTP/1.1" 200 1766 "-" "Mozilla/5.0 AppleWebKit/537.36 (KHTML, like Gecko; compatible; ClaudeBot/1.0; +claudebot@anthropic.com)"
18.218.181.138 - - [18/Apr/2025:10:18:01 -0400] "GET /ad917/?path=%2Fhome%2Fservlmvm%2Fpublic_html%2Fad917%2F.%2F..%2F..%2Fpublic_html%2Fwp-includes%2Fcertificates%2F..%2Fwidgets HTTP/1.1" 200 2189 "-" "Mozilla/5.0 AppleWebKit/537.36 (KHTML, like Gecko; compatible; ClaudeBot/1.0; +claudebot@anthropic.com)"
18.218.181.138 - - [18/Apr/2025:10:18:04 -0400] "GET /ad917/?path=%2Fhome%2Fservlmvm%2Fpublic_html%2Fad917%2F.%2F..%2F..%2Fpublic_html%2Fwp-includes%2Fcertificates%2F..%2Frss.php HTTP/1.1" 200 8128 "-" "Mozilla/5.0 AppleWebKit/537.36 (KHTML, like Gecko; compatible; ClaudeBot/1.0; +claudebot@anthropic.com)"
18.218.181.138 - - [18/Apr/2025:10:18:07 -0400] "GET /ad917/?path=%2Fhome%2Fservlmvm%2Fpublic_html%2Fad917%2F.%2F..%2F..%2Fmail%2F.info%40servethepeopleinc_org%2F.%2F.Trash%2Ftmp HTTP/1.1" 200 1511 "-" "Mozilla/5.0 AppleWebKit/537.36 (KHTML, like Gecko; compatible; ClaudeBot/1.0; +claudebot@anthropic.com)"
18.218.181.138 - - [18/Apr/2025:10:18:10 -0400] "GET /ad917/?path=%2Fhome%2Fservlmvm%2Fpublic_html%2Fad917%2F.%2F..%2F..%2Fmail%2F.info%40servethepeopleinc_org%2F.%2F.Trash%2Fnew HTTP/1.1" 200 1510 "-" "Mozilla/5.0 AppleWebKit/537.36 (KHTML, like Gecko; compatible; ClaudeBot/1.0; +claudebot@anthropic.com)"
18.218.181.138 - - [18/Apr/2025:10:18:13 -0400] "GET /ad917/?path=%2Fhome%2Fservlmvm%2Fpublic_html%2Fad917%2F.%2F..%2F..%2Fmail%2F.info%40servethepeopleinc_org%2F.Junk%2Ftmp%2F.. HTTP/1.1" 200 1731 "-" "Mozilla/5.0 AppleWebKit/537.36 (KHTML, like Gecko; compatible; ClaudeBot/1.0; +claudebot@anthropic.com)"
18.218.181.138 - - [18/Apr/2025:10:18:16 -0400] "GET /ad917/?path=%2Fhome%2Fservlmvm%2Fpublic_html%2Fad917%2F.%2F..%2F..%2Fpublic_html%2Fwp-includes%2Ftheme-compat%2F..%2Frss.php HTTP/1.1" 200 8129 "-" "Mozilla/5.0 AppleWebKit/537.36 (KHTML, like Gecko; compatible; ClaudeBot/1.0; +claudebot@anthropic.com)"
18.218.181.138 - - [18/Apr/2025:10:18:19 -0400] "GET /ad917/?path=%2Fhome%2Fservlmvm%2Fpublic_html%2Fad917%2F.%2F..%2F..%2Fmail%2F.info%40servethepeopleinc_org%2Fcur%2F..%2F.spam HTTP/1.1" 200 1727 "-" "Mozilla/5.0 AppleWebKit/537.36 (KHTML, like Gecko; compatible; ClaudeBot/1.0; +claudebot@anthropic.com)"
18.218.181.138 - - [18/Apr/2025:10:18:22 -0400] "GET /ad917/?path=%2Fhome%2Fservlmvm%2Fpublic_html%2Fad917%2F.%2F..%2F..%2Fmail%2F.info%40servethepeopleinc_org%2Fcur%2F..%2F.Junk HTTP/1.1" 200 1702 "-" "Mozilla/5.0 AppleWebKit/537.36 (KHTML, like Gecko; compatible; ClaudeBot/1.0; +claudebot@anthropic.com)"
13.59.79.237 - - [18/Apr/2025:10:16:07 -0400] "GET /ad917/?path=%2Fhome%2F.%2F..%2F..%2Fvar%2Flog%2F..%2Fsoftaculous%2Fqdpm%2F..%2Fwp57%2F..%2F4images%2Fphp56%2Fupgrade.php HTTP/1.1" 200 3270 "-" "Mozilla/5.0 AppleWebKit/537.36 (KHTML, like Gecko; compatible; ClaudeBot/1.0; +claudebot@anthropic.com)"
13.59.79.237 - - [18/Apr/2025:10:16:10 -0400] "GET /ad917/?path=%2Fhome%2F.%2F..%2F..%2Fvar%2Flog%2F..%2Fsoftaculous%2Fqdpm%2F..%2Fwp57%2F..%2F4images%2Fphp53%2Finstall.php HTTP/1.1" 200 4897 "-" "Mozilla/5.0 AppleWebKit/537.36 (KHTML, like Gecko; compatible; ClaudeBot/1.0; +claudebot@anthropic.com)"
13.59.79.237 - - [18/Apr/2025:10:16:13 -0400] "GET /ad917/?path=%2Fhome%2F.%2F..%2F..%2Fvar%2Flib%2F..%2Fsoftaculous%2Fgrav%2F..%2Ftine%2F..%2Fostic14%2Fphp82%2Finstall.php HTTP/1.1" 200 6421 "-" "Mozilla/5.0 AppleWebKit/537.36 (KHTML, like Gecko; compatible; ClaudeBot/1.0; +claudebot@anthropic.com)"
13.59.79.237 - - [18/Apr/2025:10:16:16 -0400] "GET /ad917/?path=%2Fhome%2F.%2F..%2F..%2Fvar%2Flog%2F..%2Fsoftaculous%2Fespo%2F..%2Fvxgb%2F..%2Fadvpoll%2Fphp81%2Finstall.php HTTP/1.1" 200 3932 "-" "Mozilla/5.0 AppleWebKit/537.36 (KHTML, like Gecko; compatible; ClaudeBot/1.0; +claudebot@anthropic.com)"
13.59.79.237 - - [18/Apr/2025:10:16:19 -0400] "GET /ad917/?path=%2Fhome%2F.%2F..%2F..%2Fvar%2Flog%2F..%2Fsoftaculous%2Fespo%2F..%2Fvxgb%2F..%2Fapprain%2Fphp56%2Finstall.php HTTP/1.1" 200 6150 "-" "Mozilla/5.0 AppleWebKit/537.36 (KHTML, like Gecko; compatible; ClaudeBot/1.0; +claudebot@anthropic.com)"
198.54.116.86 - - [18/Apr/2025:10:16:20 -0400] "POST /wp-cron.php?doing_wp_cron=1744985780.5277600288391113281250 HTTP/1.1" 200 0 "-" "WordPress/6.8; https://servethepeopleinc.org"
51.222.253.5 - - [18/Apr/2025:10:16:20 -0400] "GET /special/71817160.shtml HTTP/1.1" 404 16941 "-" "Mozilla/5.0 (compatible; AhrefsBot/7.0; +http://ahrefs.com/robot/)"
198.54.116.86 - - [18/Apr/2025:10:16:20 -0400] "POST /wp-admin/admin-ajax.php?action=async_litespeed&nonce=WI12UJghJMztGqWLSFBWMAYZtBMqZCIi&litespeed_type=imgoptm HTTP/1.1" 200 21 "-" "WordPress/6.8; https://servethepeopleinc.org"
13.59.79.237 - - [18/Apr/2025:10:16:22 -0400] "GET /ad917/?path=%2Fhome%2F.%2F..%2F..%2Fvar%2Flog%2F..%2Fsoftaculous%2Fqdpm%2F..%2Fwp57%2F..%2F4images%2Fphp53%2Fupgrade.php HTTP/1.1" 200 2781 "-" "Mozilla/5.0 AppleWebKit/537.36 (KHTML, like Gecko; compatible; ClaudeBot/1.0; +claudebot@anthropic.com)"
18.218.181.138 - - [18/Apr/2025:10:18:25 -0400] "GET /ad917/?path=%2Fhome%2Fservlmvm%2Fpublic_html%2Fad917%2F.%2F..%2F..%2Fmail%2F.info%40servethepeopleinc_org%2Fnew%2F..%2F.Sent HTTP/1.1" 200 1785 "-" "Mozilla/5.0 AppleWebKit/537.36 (KHTML, like Gecko; compatible; ClaudeBot/1.0; +claudebot@anthropic.com)"
18.218.181.138 - - [18/Apr/2025:10:18:28 -0400] "GET /ad917/?path=%2Fhome%2Fservlmvm%2Fpublic_html%2Fad917%2F.%2F..%2F..%2Fmail%2F.info%40servethepeopleinc_org%2Fcur%2F..%2F.Sent HTTP/1.1" 200 1786 "-" "Mozilla/5.0 AppleWebKit/537.36 (KHTML, like Gecko; compatible; ClaudeBot/1.0; +claudebot@anthropic.com)"
198.54.116.86 - - [18/Apr/2025:10:18:29 -0400] "POST /wp-cron.php?doing_wp_cron=1744985909.2961859703063964843750 HTTP/1.1" 200 0 "-" "WordPress/6.8; https://servethepeopleinc.org"
66.249.77.42 - - [18/Apr/2025:10:18:29 -0400] "GET /sitemap-item-1510.xml HTTP/1.1" 404 16943 "-" "Mozilla/5.0 (compatible; Googlebot/2.1; +http://www.google.com/bot.html)"
198.54.116.86 - - [18/Apr/2025:10:18:29 -0400] "POST /wp-admin/admin-ajax.php?action=async_litespeed&nonce=eRZIsnNz6wjfW7obTiOgeA3xTbhCksVy&litespeed_type=imgoptm HTTP/1.1" 200 21 "-" "WordPress/6.8; https://servethepeopleinc.org"
18.218.181.138 - - [18/Apr/2025:10:18:31 -0400] "GET /ad917/?path=%2Fhome%2Fservlmvm%2Fpublic_html%2Fad917%2F.%2F..%2F..%2Fmail%2F.info%40servethepeopleinc_org%2Fnew%2F..%2F.Junk HTTP/1.1" 200 1739 "-" "Mozilla/5.0 AppleWebKit/537.36 (KHTML, like Gecko; compatible; ClaudeBot/1.0; +claudebot@anthropic.com)"
40.77.167.56 - - [18/Apr/2025:10:18:32 -0400] "GET /special/28688414.shtml HTTP/1.1" 404 16942 "-" "Mozilla/5.0 AppleWebKit/537.36 (KHTML, like Gecko; compatible; bingbot/2.0; +http://www.bing.com/bingbot.htm) Chrome/116.0.1938.76 Safari/537.36"
18.218.181.138 - - [18/Apr/2025:10:18:34 -0400] "GET /ad917/?path=%2Fhome%2Fservlmvm%2Fpublic_html%2Fad917%2F.%2F..%2F..%2Fmail%2F.info%40servethepeopleinc_org%2Fnew%2F..%2F.spam HTTP/1.1" 200 1766 "-" "Mozilla/5.0 AppleWebKit/537.36 (KHTML, like Gecko; compatible; ClaudeBot/1.0; +claudebot@anthropic.com)"
18.218.181.138 - - [18/Apr/2025:10:18:37 -0400] "GET /ad917/?path=%2Fhome%2Fservlmvm%2Fpublic_html%2Fad917%2F.%2F..%2F..%2Fmail%2F.info%40servethepeopleinc_org%2F.%2F.spam%2Ftmp HTTP/1.1" 200 1506 "-" "Mozilla/5.0 AppleWebKit/537.36 (KHTML, like Gecko; compatible; ClaudeBot/1.0; +claudebot@anthropic.com)"
18.218.181.138 - - [18/Apr/2025:10:18:40 -0400] "GET /ad917/?path=%2Fhome%2Fservlmvm%2Fpublic_html%2Fad917%2F.%2F..%2F..%2Fmail%2F.info%40servethepeopleinc_org%2F.%2F.Junk%2Fcur HTTP/1.1" 200 1507 "-" "Mozilla/5.0 AppleWebKit/537.36 (KHTML, like Gecko; compatible; ClaudeBot/1.0; +claudebot@anthropic.com)"
18.218.181.138 - - [18/Apr/2025:10:18:43 -0400] "GET /ad917/?path=%2Fhome%2Fservlmvm%2Fpublic_html%2Fad917%2F.%2F..%2F..%2Fmail%2F.info%40servethepeopleinc_org%2F..%2Finfo%2Fnew HTTP/1.1" 200 2457 "-" "Mozilla/5.0 AppleWebKit/537.36 (KHTML, like Gecko; compatible; ClaudeBot/1.0; +claudebot@anthropic.com)"
18.218.181.138 - - [18/Apr/2025:10:18:46 -0400] "GET /ad917/?path=%2Fhome%2Fservlmvm%2Fpublic_html%2Fad917%2F.%2F..%2F..%2Fmail%2F.info%40servethepeopleinc_org%2F.%2F.spam%2Fnew HTTP/1.1" 200 1506 "-" "Mozilla/5.0 AppleWebKit/537.36 (KHTML, like Gecko; compatible; ClaudeBot/1.0; +claudebot@anthropic.com)"
18.218.181.138 - - [18/Apr/2025:10:18:49 -0400] "GET /ad917/?path=%2Fhome%2Fservlmvm%2Fpublic_html%2Fad917%2F.%2F..%2F..%2Fmail%2F.info%40servethepeopleinc_org%2F.%2F.spam%2Fcur HTTP/1.1" 200 1507 "-" "Mozilla/5.0 AppleWebKit/537.36 (KHTML, like Gecko; compatible; ClaudeBot/1.0; +claudebot@anthropic.com)"
18.218.181.138 - - [18/Apr/2025:10:18:52 -0400] "GET /ad917/?path=%2Fhome%2Fservlmvm%2Fpublic_html%2Fad917%2F.%2F..%2F..%2Fmail%2F.info%40servethepeopleinc_org%2F..%2Finfo%2Ftmp HTTP/1.1" 200 1505 "-" "Mozilla/5.0 AppleWebKit/537.36 (KHTML, like Gecko; compatible; ClaudeBot/1.0; +claudebot@anthropic.com)"
18.219.241.228 - - [18/Apr/2025:10:14:02 -0400] "GET /ad917/?path=%2Fhome%2F.%2F..%2F..%2Fvar%2Flib%2F..%2Fsoftaculous%2Fgrav%2F..%2Ftine%2F..%2Fuvdesk%2Fphp71%2Fimport.php HTTP/1.1" 200 4544 "-" "Mozilla/5.0 AppleWebKit/537.36 (KHTML, like Gecko; compatible; ClaudeBot/1.0; +claudebot@anthropic.com)"
18.219.241.228 - - [18/Apr/2025:10:14:05 -0400] "GET /ad917/?path=%2Fhome%2F.%2F..%2F..%2Fvar%2Flog%2F..%2Fsoftaculous%2Fespo%2F..%2Fvxgb%2F..%2Felgg33%2Fphp81%2Fextend.php HTTP/1.1" 200 7907 "-" "Mozilla/5.0 AppleWebKit/537.36 (KHTML, like Gecko; compatible; ClaudeBot/1.0; +claudebot@anthropic.com)"
18.219.241.228 - - [18/Apr/2025:10:14:08 -0400] "GET /ad917/?path=%2Fhome%2F.%2F..%2F..%2Fvar%2Flib%2F..%2Fsoftaculous%2Fgrav%2F..%2Ftine%2F..%2Fwacart%2Fphp53%2Fextend.php HTTP/1.1" 200 7795 "-" "Mozilla/5.0 AppleWebKit/537.36 (KHTML, like Gecko; compatible; ClaudeBot/1.0; +claudebot@anthropic.com)"
18.219.241.228 - - [18/Apr/2025:10:14:11 -0400] "GET /ad917/?path=%2Fhome%2F.%2F..%2F..%2Fvar%2Flog%2F..%2Fsoftaculous%2Fespo%2F..%2Fvxgb%2F..%2Felgg33%2Fphp81%2Fimport.php HTTP/1.1" 200 4395 "-" "Mozilla/5.0 AppleWebKit/537.36 (KHTML, like Gecko; compatible; ClaudeBot/1.0; +claudebot@anthropic.com)"
18.219.241.228 - - [18/Apr/2025:10:14:14 -0400] "GET /ad917/?path=%2Fhome%2F.%2F..%2F..%2Fvar%2Flib%2F..%2Fsoftaculous%2Fgrav%2F..%2Ftine%2F..%2Fplikli%2Fphp71%2Fimport.php HTTP/1.1" 200 4379 "-" "Mozilla/5.0 AppleWebKit/537.36 (KHTML, like Gecko; compatible; ClaudeBot/1.0; +claudebot@anthropic.com)"
18.219.241.228 - - [18/Apr/2025:10:14:17 -0400] "GET /ad917/?path=%2Fhome%2F.%2F..%2F..%2Fvar%2Flib%2F..%2Fsoftaculous%2Fgrav%2F..%2Ftine%2F..%2Fwacart%2Fphp53%2Fimport.php HTTP/1.1" 200 3202 "-" "Mozilla/5.0 AppleWebKit/537.36 (KHTML, like Gecko; compatible; ClaudeBot/1.0; +claudebot@anthropic.com)"
18.219.241.228 - - [18/Apr/2025:10:14:20 -0400] "GET /ad917/?path=%2Fhome%2F.%2F..%2F..%2Fvar%2Flib%2F..%2Fsoftaculous%2Fgrav%2F..%2Ftine%2F..%2Fkrayin%2Fphp56%2Fimport.php HTTP/1.1" 200 3751 "-" "Mozilla/5.0 AppleWebKit/537.36 (KHTML, like Gecko; compatible; ClaudeBot/1.0; +claudebot@anthropic.com)"
18.219.241.228 - - [18/Apr/2025:10:14:23 -0400] "GET /ad917/?path=%2Fhome%2F.%2F..%2F..%2Fvar%2Flog%2F..%2Fsoftaculous%2Fespo%2F..%2Fvxgb%2F..%2Fninja4%2Fphp53%2Fremove.php HTTP/1.1" 200 2487 "-" "Mozilla/5.0 AppleWebKit/537.36 (KHTML, like Gecko; compatible; ClaudeBot/1.0; +claudebot@anthropic.com)"
52.167.144.188 - - [18/Apr/2025:10:18:54 -0400] "GET /products61752158.shtml HTTP/1.1" 301 0 "-" "Mozilla/5.0 AppleWebKit/537.36 (KHTML, like Gecko; compatible; bingbot/2.0; +http://www.bing.com/bingbot.htm) Chrome/116.0.1938.76 Safari/537.36"
18.218.181.138 - - [18/Apr/2025:10:18:55 -0400] "GET /ad917/?path=%2Fhome%2Fservlmvm%2Fpublic_html%2Fad917%2F.%2F..%2F..%2Fmail%2F.info%40servethepeopleinc_org%2F..%2Finfo%2Fcur HTTP/1.1" 200 63793 "-" "Mozilla/5.0 AppleWebKit/537.36 (KHTML, like Gecko; compatible; ClaudeBot/1.0; +claudebot@anthropic.com)"
18.218.181.138 - - [18/Apr/2025:10:18:58 -0400] "GET /ad917/?path=%2Fhome%2Fservlmvm%2Fpublic_html%2Fad917%2F.%2F..%2F..%2Fmail%2F.info%40servethepeopleinc_org%2F.%2F.Junk%2Fnew HTTP/1.1" 200 1506 "-" "Mozilla/5.0 AppleWebKit/537.36 (KHTML, like Gecko; compatible; ClaudeBot/1.0; +claudebot@anthropic.com)"
18.218.181.138 - - [18/Apr/2025:10:19:01 -0400] "GET /ad917/?path=%2Fhome%2Fservlmvm%2Fpublic_html%2Fad917%2F.%2F..%2F..%2Fmail%2F.info%40servethepeopleinc_org%2F.Junk%2F.%2Fcur HTTP/1.1" 200 1510 "-" "Mozilla/5.0 AppleWebKit/537.36 (KHTML, like Gecko; compatible; ClaudeBot/1.0; +claudebot@anthropic.com)"
18.218.181.138 - - [18/Apr/2025:10:19:04 -0400] "GET /ad917/?path=%2Fhome%2Fservlmvm%2Fpublic_html%2Fad917%2F.%2F..%2F..%2Fmail%2F.info%40servethepeopleinc_org%2F..%2Fsabina%2F. HTTP/1.1" 200 2249 "-" "Mozilla/5.0 AppleWebKit/537.36 (KHTML, like Gecko; compatible; ClaudeBot/1.0; +claudebot@anthropic.com)"
198.54.116.86 - - [18/Apr/2025:10:19:05 -0400] "POST /wp-cron.php?doing_wp_cron=1744985944.9938890933990478515625 HTTP/1.1" 200 0 "-" "WordPress/6.8; https://servethepeopleinc.org"
52.167.144.188 - - [18/Apr/2025:10:19:04 -0400] "GET /shopbrand/29925016.shtml HTTP/1.1" 301 0 "-" "Mozilla/5.0 AppleWebKit/537.36 (KHTML, like Gecko; compatible; bingbot/2.0; +http://www.bing.com/bingbot.htm) Chrome/116.0.1938.76 Safari/537.36"
18.218.181.138 - - [18/Apr/2025:10:19:07 -0400] "GET /ad917/?path=%2Fhome%2Fservlmvm%2Fpublic_html%2Fad917%2F.%2F..%2F..%2Fmail%2F.info%40servethepeopleinc_org%2F.spam%2F.%2Ftmp HTTP/1.1" 200 1510 "-" "Mozilla/5.0 AppleWebKit/537.36 (KHTML, like Gecko; compatible; ClaudeBot/1.0; +claudebot@anthropic.com)"
18.218.181.138 - - [18/Apr/2025:10:19:10 -0400] "GET /ad917/?path=%2Fhome%2Fservlmvm%2Fpublic_html%2Fad917%2F.%2F..%2F..%2Fmail%2F.info%40servethepeopleinc_org%2F.Junk%2F..%2F.. HTTP/1.1" 200 1664 "-" "Mozilla/5.0 AppleWebKit/537.36 (KHTML, like Gecko; compatible; ClaudeBot/1.0; +claudebot@anthropic.com)"
18.218.181.138 - - [18/Apr/2025:10:19:13 -0400] "GET /ad917/?path=%2Fhome%2Fservlmvm%2Fpublic_html%2F..%2F.%2Fpublic_html%2Fwp-includes%2Fcertificates%2F..%2Fclass-phpmailer.php HTTP/1.1" 200 1260 "-" "Mozilla/5.0 AppleWebKit/537.36 (KHTML, like Gecko; compatible; ClaudeBot/1.0; +claudebot@anthropic.com)"
198.54.116.86 - - [18/Apr/2025:10:19:15 -0400] "POST /wp-cron.php?doing_wp_cron=1744985955.2052180767059326171875 HTTP/1.1" 200 0 "-" "WordPress/6.8; https://servethepeopleinc.org"
40.77.167.35 - - [18/Apr/2025:10:19:15 -0400] "GET /detail/degras5942428.shtml HTTP/1.1" 404 16942 "-" "Mozilla/5.0 AppleWebKit/537.36 (KHTML, like Gecko; compatible; bingbot/2.0; +http://www.bing.com/bingbot.htm) Chrome/116.0.1938.76 Safari/537.36"
198.54.116.86 - - [18/Apr/2025:10:19:15 -0400] "POST /wp-admin/admin-ajax.php?action=async_litespeed&nonce=vamPcYgGJvv2vWGre4KNYdXZH69891A1&litespeed_type=imgoptm HTTP/1.1" 200 21 "-" "WordPress/6.8; https://servethepeopleinc.org"
52.167.144.236 - - [18/Apr/2025:10:19:16 -0400] "GET /special2928912.shtml HTTP/1.1" 301 0 "-" "Mozilla/5.0 AppleWebKit/537.36 (KHTML, like Gecko; compatible; bingbot/2.0; +http://www.bing.com/bingbot.htm) Chrome/116.0.1938.76 Safari/537.36"
18.218.181.138 - - [18/Apr/2025:10:19:16 -0400] "GET /ad917/?path=%2Fhome%2Fservlmvm%2Fpublic_html%2Fad917%2F.%2F..%2F..%2Fmail%2F.info%40servethepeopleinc_org%2F.Junk%2F.%2Ftmp HTTP/1.1" 200 1510 "-" "Mozilla/5.0 AppleWebKit/537.36 (KHTML, like Gecko; compatible; ClaudeBot/1.0; +claudebot@anthropic.com)"
18.218.181.138 - - [18/Apr/2025:10:19:19 -0400] "GET /ad917/?path=%2Fhome%2Fservlmvm%2Fpublic_html%2Fad917%2F.%2F..%2F..%2Fmail%2F.info%40servethepeopleinc_org%2F.spam%2F.%2Fnew HTTP/1.1" 200 1509 "-" "Mozilla/5.0 AppleWebKit/537.36 (KHTML, like Gecko; compatible; ClaudeBot/1.0; +claudebot@anthropic.com)"
18.218.181.138 - - [18/Apr/2025:10:19:22 -0400] "GET /ad917/?path=%2Fhome%2Fservlmvm%2Fpublic_html%2Fad917%2F.%2F..%2F..%2Fmail%2F.info%40servethepeopleinc_org%2F.%2F.Sent%2Ftmp HTTP/1.1" 200 1506 "-" "Mozilla/5.0 AppleWebKit/537.36 (KHTML, like Gecko; compatible; ClaudeBot/1.0; +claudebot@anthropic.com)"
18.218.181.138 - - [18/Apr/2025:10:19:25 -0400] "GET /ad917/?path=%2Fhome%2Fservlmvm%2Fpublic_html%2Fad917%2F.%2F..%2F..%2Fmail%2F.info%40servethepeopleinc_org%2F.spam%2F.%2Fcur HTTP/1.1" 200 1510 "-" "Mozilla/5.0 AppleWebKit/537.36 (KHTML, like Gecko; compatible; ClaudeBot/1.0; +claudebot@anthropic.com)"
18.218.181.138 - - [18/Apr/2025:10:19:28 -0400] "GET /ad917/?path=%2Fhome%2Fservlmvm%2Fpublic_html%2Fad917%2F.%2F..%2F..%2Fpublic_html%2Fwp-includes%2Finteractivity-api%2F.%2F.. HTTP/1.1" 200 9841 "-" "Mozilla/5.0 AppleWebKit/537.36 (KHTML, like Gecko; compatible; ClaudeBot/1.0; +claudebot@anthropic.com)"
18.218.181.138 - - [18/Apr/2025:10:19:31 -0400] "GET /ad917/?path=%2Fhome%2Fservlmvm%2Fpublic_html%2Fad917%2F.%2F..%2F..%2Fmail%2F.info%40servethepeopleinc_org%2F.%2F.Sent%2Fnew HTTP/1.1" 200 1505 "-" "Mozilla/5.0 AppleWebKit/537.36 (KHTML, like Gecko; compatible; ClaudeBot/1.0; +claudebot@anthropic.com)"
40.77.167.56 - - [18/Apr/2025:10:19:33 -0400] "GET /product12128722.shtml HTTP/1.1" 404 16942 "-" "Mozilla/5.0 AppleWebKit/537.36 (KHTML, like Gecko; compatible; bingbot/2.0; +http://www.bing.com/bingbot.htm) Chrome/116.0.1938.76 Safari/537.36"
18.218.181.138 - - [18/Apr/2025:10:19:34 -0400] "GET /ad917/?path=%2Fhome%2Fservlmvm%2Fpublic_html%2Fad917%2F.%2F..%2F..%2Fmail%2F.info%40servethepeopleinc_org%2F.%2F.Sent%2Fcur HTTP/1.1" 200 30380 "-" "Mozilla/5.0 AppleWebKit/537.36 (KHTML, like Gecko; compatible; ClaudeBot/1.0; +claudebot@anthropic.com)"
66.249.77.42 - - [18/Apr/2025:10:19:36 -0400] "GET /sitemap-item-749.xml HTTP/1.1" 404 16942 "-" "Mozilla/5.0 (compatible; Googlebot/2.1; +http://www.google.com/bot.html)"
18.218.181.138 - - [18/Apr/2025:10:19:37 -0400] "GET /ad917/?path=%2Fhome%2Fservlmvm%2Fpublic_html%2Fad917%2F.%2F..%2F..%2Fmail%2F.info%40servethepeopleinc_org%2F.Junk%2F.%2Fnew HTTP/1.1" 200 1509 "-" "Mozilla/5.0 AppleWebKit/537.36 (KHTML, like Gecko; compatible; ClaudeBot/1.0; +claudebot@anthropic.com)"
43.153.104.196 - - [18/Apr/2025:10:19:39 -0400] "GET / HTTP/1.1" 301 0 "http://www.servethepeopleinc.org" "Mozilla/5.0 (iPhone; CPU iPhone OS 13_2_3 like Mac OS X) AppleWebKit/605.1.15 (KHTML, like Gecko) Version/13.0.3 Mobile/15E148 Safari/604.1"
43.153.104.196 - - [18/Apr/2025:10:19:39 -0400] "GET / HTTP/1.1" 200 33530 "https://www.servethepeopleinc.org/" "Mozilla/5.0 (iPhone; CPU iPhone OS 13_2_3 like Mac OS X) AppleWebKit/605.1.15 (KHTML, like Gecko) Version/13.0.3 Mobile/15E148 Safari/604.1"
18.218.181.138 - - [18/Apr/2025:10:19:40 -0400] "GET /ad917/?path=%2Fhome%2Fservlmvm%2Fpublic_html%2Fad917%2F.%2F..%2F..%2Fmail%2F.info%40servethepeopleinc_org%2F.Junk%2Fcur%2F. HTTP/1.1" 200 1504 "-" "Mozilla/5.0 AppleWebKit/537.36 (KHTML, like Gecko; compatible; ClaudeBot/1.0; +claudebot@anthropic.com)"
18.218.181.138 - - [18/Apr/2025:10:19:43 -0400] "GET /ad917/?path=%2Fhome%2Fservlmvm%2Fpublic_html%2Fad917%2F.%2F..%2F..%2Fpublic_html%2Fwp-includes%2Fblock-supports%2F..%2FText HTTP/1.1" 200 1713 "-" "Mozilla/5.0 AppleWebKit/537.36 (KHTML, like Gecko; compatible; ClaudeBot/1.0; +claudebot@anthropic.com)"
198.54.116.86 - - [18/Apr/2025:10:20:06 -0400] "POST /wp-cron.php?doing_wp_cron=1744986006.0751619338989257812500 HTTP/1.1" 200 0 "-" "WordPress/6.8; https://servethepeopleinc.org"
52.167.144.188 - - [18/Apr/2025:10:20:05 -0400] "GET /shopping/63102392.shtml HTTP/1.1" 301 0 "-" "Mozilla/5.0 AppleWebKit/537.36 (KHTML, like Gecko; compatible; bingbot/2.0; +http://www.bing.com/bingbot.htm) Chrome/116.0.1938.76 Safari/537.36"
13.59.243.24 - - [18/Apr/2025:10:20:13 -0400] "GET /ad917/?path=%2Fhome%2Fservlmvm%2Fpublic_html%2Fad917%2F.%2F..%2F..%2Fpublic_html%2Fwp-includes%2Fcertificates%2F..%2Ffonts.php HTTP/1.1" 200 3784 "-" "Mozilla/5.0 AppleWebKit/537.36 (KHTML, like Gecko; compatible; ClaudeBot/1.0; +claudebot@anthropic.com)"
13.59.243.24 - - [18/Apr/2025:10:20:16 -0400] "GET /ad917/?path=%2Fhome%2Fservlmvm%2Fpublic_html%2Fad917%2F.%2F..%2F..%2Fpublic_html%2Fwp-includes%2Ftheme-compat%2F..%2Fcache.php HTTP/1.1" 200 3654 "-" "Mozilla/5.0 AppleWebKit/537.36 (KHTML, like Gecko; compatible; ClaudeBot/1.0; +claudebot@anthropic.com)"
13.59.243.24 - - [18/Apr/2025:10:20:19 -0400] "GET /ad917/?path=%2Fhome%2Fservlmvm%2Fpublic_html%2Fad917%2F.%2F..%2F..%2Fpublic_html%2Fwp-includes%2Ftheme-compat%2F..%2Ftheme.php HTTP/1.1" 200 33829 "-" "Mozilla/5.0 AppleWebKit/537.36 (KHTML, like Gecko; compatible; ClaudeBot/1.0; +claudebot@anthropic.com)"
13.59.243.24 - - [18/Apr/2025:10:20:22 -0400] "GET /ad917/?path=%2Fhome%2Fservlmvm%2Fpublic_html%2Fad917%2F.%2F..%2F..%2Fpublic_html%2Fwp-includes%2Fstyle-engine%2F..%2Ferror_log HTTP/1.1" 200 1859 "-" "Mozilla/5.0 AppleWebKit/537.36 (KHTML, like Gecko; compatible; ClaudeBot/1.0; +claudebot@anthropic.com)"
13.59.243.24 - - [18/Apr/2025:10:20:25 -0400] "GET /ad917/?path=%2Fhome%2Fservlmvm%2Fpublic_html%2Fad917%2F.%2F..%2F..%2Fpublic_html%2Fwp-includes%2Fcertificates%2F..%2Fcache.php HTTP/1.1" 200 3615 "-" "Mozilla/5.0 AppleWebKit/537.36 (KHTML, like Gecko; compatible; ClaudeBot/1.0; +claudebot@anthropic.com)"
198.54.116.86 - - [18/Apr/2025:10:20:27 -0400] "POST /wp-cron.php?doing_wp_cron=1744986027.2878360748291015625000 HTTP/1.1" 200 0 "-" "WordPress/6.8; https://servethepeopleinc.org"
52.167.144.236 - - [18/Apr/2025:10:20:27 -0400] "GET /shopbrand/shrew121694072.shtml HTTP/1.1" 301 0 "-" "Mozilla/5.0 AppleWebKit/537.36 (KHTML, like Gecko; compatible; bingbot/2.0; +http://www.bing.com/bingbot.htm) Chrome/116.0.1938.76 Safari/537.36"
198.54.116.86 - - [18/Apr/2025:10:20:27 -0400] "POST /wp-admin/admin-ajax.php?action=async_litespeed&nonce=TA7XxQhlwdCcmwEaQHY94N4jpolke44b&litespeed_type=imgoptm HTTP/1.1" 200 21 "-" "WordPress/6.8; https://servethepeopleinc.org"
13.59.243.24 - - [18/Apr/2025:10:20:28 -0400] "GET /ad917/?path=%2Fhome%2Fservlmvm%2Fpublic_html%2Fad917%2F.%2F..%2F..%2Fmail%2F.info%40servethepeopleinc_org%2F..%2F.%2Finfocamer HTTP/1.1" 200 2232 "-" "Mozilla/5.0 AppleWebKit/537.36 (KHTML, like Gecko; compatible; ClaudeBot/1.0; +claudebot@anthropic.com)"
13.59.243.24 - - [18/Apr/2025:10:20:31 -0400] "GET /ad917/?path=%2Fhome%2Fservlmvm%2Fpublic_html%2Fad917%2F.%2F..%2F..%2Fpublic_html%2Fwp-includes%2Ftheme-compat%2F..%2Fcustomize HTTP/1.1" 200 2637 "-" "Mozilla/5.0 AppleWebKit/537.36 (KHTML, like Gecko; compatible; ClaudeBot/1.0; +claudebot@anthropic.com)"
13.59.243.24 - - [18/Apr/2025:10:20:34 -0400] "GET /ad917/?path=%2Fhome%2Fservlmvm%2Fpublic_html%2Fad917%2F.%2F..%2F..%2Fpublic_html%2Fwp-includes%2Ftheme-compat%2F..%2FSimplePie HTTP/1.1" 200 1714 "-" "Mozilla/5.0 AppleWebKit/537.36 (KHTML, like Gecko; compatible; ClaudeBot/1.0; +claudebot@anthropic.com)"
13.59.243.24 - - [18/Apr/2025:10:20:37 -0400] "GET /ad917/?path=%2Fhome%2Fservlmvm%2Fpublic_html%2Fad917%2F.%2F..%2F..%2Fpublic_html%2Fwp-includes%2Ftheme-compat%2F..%2FPHPMailer HTTP/1.1" 200 1718 "-" "Mozilla/5.0 AppleWebKit/537.36 (KHTML, like Gecko; compatible; ClaudeBot/1.0; +claudebot@anthropic.com)"
13.59.243.24 - - [18/Apr/2025:10:20:40 -0400] "GET /ad917/?path=%2Fhome%2F.%2F..%2Fproc%2F..%2Flib64%2Fgstreamer-1.0%2F..%2Fpython3.8%2F_sysconfigdata_d_linux_x86_64-linux-gnu.py HTTP/1.1" 200 8820 "-" "Mozilla/5.0 AppleWebKit/537.36 (KHTML, like Gecko; compatible; ClaudeBot/1.0; +claudebot@anthropic.com)"
13.59.243.24 - - [18/Apr/2025:10:20:43 -0400] "GET /ad917/?path=%2Fhome%2Fservlmvm%2Fpublic_html%2Fad917%2F.%2F..%2F..%2Fpublic_html%2Fwp-includes%2Fcertificates%2F..%2F.htaccess HTTP/1.1" 403 1242 "-" "Mozilla/5.0 AppleWebKit/537.36 (KHTML, like Gecko; compatible; ClaudeBot/1.0; +claudebot@anthropic.com)"
13.59.243.24 - - [18/Apr/2025:10:20:46 -0400] "GET /ad917/?path=%2Fhome%2Fservlmvm%2Fpublic_html%2Fad917%2F.%2F..%2F..%2Fpublic_html%2Fwp-includes%2Fstyle-engine%2F..%2FSimplePie HTTP/1.1" 200 1678 "-" "Mozilla/5.0 AppleWebKit/537.36 (KHTML, like Gecko; compatible; ClaudeBot/1.0; +claudebot@anthropic.com)"
13.59.243.24 - - [18/Apr/2025:10:20:49 -0400] "GET /ad917/?path=%2Fhome%2Fservlmvm%2Fpublic_html%2Fad917%2F.%2F..%2F..%2Fpublic_html%2Fwp-includes%2Ftheme-compat%2F..%2Fwp-db.php HTTP/1.1" 200 1250 "-" "Mozilla/5.0 AppleWebKit/537.36 (KHTML, like Gecko; compatible; ClaudeBot/1.0; +claudebot@anthropic.com)"
13.59.243.24 - - [18/Apr/2025:10:20:52 -0400] "GET /ad917/?path=%2Fhome%2Fservlmvm%2Fpublic_html%2Fad917%2F.%2F..%2F..%2Fpublic_html%2Fwp-includes%2Ftheme-compat%2F..%2Fembed.php HTTP/1.1" 200 11913 "-" "Mozilla/5.0 AppleWebKit/537.36 (KHTML, like Gecko; compatible; ClaudeBot/1.0; +claudebot@anthropic.com)"
13.59.243.24 - - [18/Apr/2025:10:20:55 -0400] "GET /ad917/?path=%2Fhome%2Fservlmvm%2Fpublic_html%2Fad917%2F.%2F..%2F..%2Fpublic_html%2Fwp-includes%2Fstyle-engine%2F..%2Ffonts.php HTTP/1.1" 200 3754 "-" "Mozilla/5.0 AppleWebKit/537.36 (KHTML, like Gecko; compatible; ClaudeBot/1.0; +claudebot@anthropic.com)"
13.59.243.24 - - [18/Apr/2025:10:20:58 -0400] "GET /ad917/?path=%2Fhome%2Fservlmvm%2Fpublic_html%2Fad917%2F.%2F..%2F..%2Fpublic_html%2Fwp-includes%2Fcertificates%2F..%2FSimplePie HTTP/1.1" 200 1671 "-" "Mozilla/5.0 AppleWebKit/537.36 (KHTML, like Gecko; compatible; ClaudeBot/1.0; +claudebot@anthropic.com)"
13.59.243.24 - - [18/Apr/2025:10:21:01 -0400] "GET /ad917/?path=%2Fhome%2Fservlmvm%2Fpublic_html%2Fad917%2F.%2F..%2F..%2Fpublic_html%2Fwp-includes%2Ftheme-compat%2F..%2Ferror_log HTTP/1.1" 200 1862 "-" "Mozilla/5.0 AppleWebKit/537.36 (KHTML, like Gecko; compatible; ClaudeBot/1.0; +claudebot@anthropic.com)"
13.59.243.24 - - [18/Apr/2025:10:21:04 -0400] "GET /ad917/?path=%2Fhome%2Fservlmvm%2Fpublic_html%2Fad917%2F.%2F..%2Fwp-includes%2Fblocks%2Fpost-comments-form%2F..%2Fcomments%2F.. HTTP/1.1" 200 6082 "-" "Mozilla/5.0 AppleWebKit/537.36 (KHTML, like Gecko; compatible; ClaudeBot/1.0; +claudebot@anthropic.com)"
198.54.116.86 - - [18/Apr/2025:10:21:05 -0400] "POST /wp-cron.php?doing_wp_cron=1744986065.8830060958862304687500 HTTP/1.1" 200 0 "-" "WordPress/6.8; https://servethepeopleinc.org"
40.77.167.35 - - [18/Apr/2025:10:21:05 -0400] "GET /info/wy/sourcrout/8999638.shtml HTTP/1.1" 404 16950 "-" "Mozilla/5.0 AppleWebKit/537.36 (KHTML, like Gecko; compatible; bingbot/2.0; +http://www.bing.com/bingbot.htm) Chrome/116.0.1938.76 Safari/537.36"
13.59.243.24 - - [18/Apr/2025:10:21:07 -0400] "GET /ad917/?path=%2Fhome%2Fservlmvm%2Fpublic_html%2Fad917%2F.%2F..%2Fwp-includes%2Fblocks%2Fpost-navigation-link%2F..%2Fcolumn%2F.. HTTP/1.1" 200 6081 "-" "Mozilla/5.0 AppleWebKit/537.36 (KHTML, like Gecko; compatible; ClaudeBot/1.0; +claudebot@anthropic.com)"
13.59.243.24 - - [18/Apr/2025:10:21:10 -0400] "GET /ad917/?path=%2Fhome%2Fservlmvm%2Fpublic_html%2Fad917%2F.%2F..%2Fwp-includes%2Fblocks%2Fquery-pagination%2F..%2Fmedia-text%2F.. HTTP/1.1" 200 5669 "-" "Mozilla/5.0 AppleWebKit/537.36 (KHTML, like Gecko; compatible; ClaudeBot/1.0; +claudebot@anthropic.com)"
13.59.243.24 - - [18/Apr/2025:10:21:13 -0400] "GET /ad917/?path=%2Fhome%2Fservlmvm%2Fpublic_html%2Fad917%2F.%2F..%2F..%2Fmail%2F.info%40servethepeopleinc_org%2Fnew%2F..%2F.Drafts HTTP/1.1" 200 1801 "-" "Mozilla/5.0 AppleWebKit/537.36 (KHTML, like Gecko; compatible; ClaudeBot/1.0; +claudebot@anthropic.com)"
13.59.243.24 - - [18/Apr/2025:10:21:16 -0400] "GET /ad917/?path=%2Fhome%2Fservlmvm%2Fpublic_html%2Fad917%2F.%2F..%2F..%2Fmail%2F.info%40servethepeopleinc_org%2Fcur%2F..%2F.Drafts HTTP/1.1" 200 1802 "-" "Mozilla/5.0 AppleWebKit/537.36 (KHTML, like Gecko; compatible; ClaudeBot/1.0; +claudebot@anthropic.com)"
13.59.243.24 - - [18/Apr/2025:10:21:19 -0400] "GET /ad917/?path=%2Fhome%2Fservlmvm%2Fpublic_html%2Fad917%2F.%2F..%2F..%2Fpublic_html%2Fwp-includes%2Fphp-compat%2F.%2Freadonly.php HTTP/1.1" 200 1533 "-" "Mozilla/5.0 AppleWebKit/537.36 (KHTML, like Gecko; compatible; ClaudeBot/1.0; +claudebot@anthropic.com)"
13.59.243.24 - - [18/Apr/2025:10:21:22 -0400] "GET /ad917/?path=%2Fhome%2Fservlmvm%2Fpublic_html%2Fad917%2F.%2F..%2F..%2Fmail%2F.info%40servethepeopleinc_org%2F..%2Finfo%2F.Sent HTTP/1.1" 200 1817 "-" "Mozilla/5.0 AppleWebKit/537.36 (KHTML, like Gecko; compatible; ClaudeBot/1.0; +claudebot@anthropic.com)"
13.59.243.24 - - [18/Apr/2025:10:21:25 -0400] "GET /ad917/?path=%2Fhome%2Fservlmvm%2Fpublic_html%2Fad917%2F.%2F..%2F..%2Fmail%2F.info%40servethepeopleinc_org%2F..%2Finfo%2F.spam HTTP/1.1" 200 1765 "-" "Mozilla/5.0 AppleWebKit/537.36 (KHTML, like Gecko; compatible; ClaudeBot/1.0; +claudebot@anthropic.com)"
13.59.243.24 - - [18/Apr/2025:10:21:28 -0400] "GET /ad917/?path=%2Fhome%2Fservlmvm%2Fpublic_html%2Fad917%2F.%2F..%2F..%2Fmail%2F.info%40servethepeopleinc_org%2F..%2Finfo%2F.Junk HTTP/1.1" 200 1727 "-" "Mozilla/5.0 AppleWebKit/537.36 (KHTML, like Gecko; compatible; ClaudeBot/1.0; +claudebot@anthropic.com)"
13.59.243.24 - - [18/Apr/2025:10:21:31 -0400] "GET /ad917/?path=%2Fhome%2Fservlmvm%2Fpublic_html%2Fad917%2F.%2F..%2F..%2Fmail%2F.info%40servethepeopleinc_org%2F..%2Fsabina%2Fcur HTTP/1.1" 200 2277 "-" "Mozilla/5.0 AppleWebKit/537.36 (KHTML, like Gecko; compatible; ClaudeBot/1.0; +claudebot@anthropic.com)"
198.54.116.86 - - [18/Apr/2025:10:21:33 -0400] "POST /wp-cron.php?doing_wp_cron=1744986093.1506400108337402343750 HTTP/1.1" 200 0 "-" "WordPress/6.8; https://servethepeopleinc.org"
40.77.167.56 - - [18/Apr/2025:10:21:33 -0400] "GET /info74848952.shtml HTTP/1.1" 404 16941 "-" "Mozilla/5.0 AppleWebKit/537.36 (KHTML, like Gecko; compatible; bingbot/2.0; +http://www.bing.com/bingbot.htm) Chrome/116.0.1938.76 Safari/537.36"
198.54.116.86 - - [18/Apr/2025:10:21:33 -0400] "POST /wp-admin/admin-ajax.php?action=async_litespeed&nonce=SgmViC9nyqBM1PJjPICQzt0dVxsHz18h&litespeed_type=imgoptm HTTP/1.1" 200 21 "-" "WordPress/6.8; https://servethepeopleinc.org"
13.59.243.24 - - [18/Apr/2025:10:21:34 -0400] "GET /ad917/?path=%2Fhome%2Fservlmvm%2Fpublic_html%2Fad917%2F.%2F..%2F..%2Fmail%2F.info%40servethepeopleinc_org%2F..%2Fsabina%2Ftmp HTTP/1.1" 200 1499 "-" "Mozilla/5.0 AppleWebKit/537.36 (KHTML, like Gecko; compatible; ClaudeBot/1.0; +claudebot@anthropic.com)"
13.59.243.24 - - [18/Apr/2025:10:21:37 -0400] "GET /ad917/?path=%2Fhome%2Fservlmvm%2Fpublic_html%2Fad917%2F.%2F..%2F..%2Fpublic_html%2Fwp-includes%2Ftheme-compat%2F.%2Fembed.php HTTP/1.1" 200 1257 "-" "Mozilla/5.0 AppleWebKit/537.36 (KHTML, like Gecko; compatible; ClaudeBot/1.0; +claudebot@anthropic.com)"
52.167.144.236 - - [18/Apr/2025:10:21:38 -0400] "GET /info/unnecessity/29926454.shtml HTTP/1.1" 301 0 "-" "Mozilla/5.0 AppleWebKit/537.36 (KHTML, like Gecko; compatible; bingbot/2.0; +http://www.bing.com/bingbot.htm) Chrome/116.0.1938.76 Safari/537.36"
13.59.243.24 - - [18/Apr/2025:10:21:40 -0400] "GET /ad917/?path=%2Fhome%2Fservlmvm%2Fpublic_html%2Fad917%2F.%2F..%2F..%2Fpublic_html%2Fwp-includes%2Fblock-supports%2F..%2Fimages HTTP/1.1" 200 2496 "-" "Mozilla/5.0 AppleWebKit/537.36 (KHTML, like Gecko; compatible; ClaudeBot/1.0; +claudebot@anthropic.com)"
13.59.243.24 - - [18/Apr/2025:10:21:43 -0400] "GET /ad917/?path=%2Fhome%2Fservlmvm%2Fpublic_html%2Fad917%2F.%2F..%2F..%2Fpublic_html%2Fwp-includes%2Fblock-supports%2F..%2Fblocks HTTP/1.1" 200 6100 "-" "Mozilla/5.0 AppleWebKit/537.36 (KHTML, like Gecko; compatible; ClaudeBot/1.0; +claudebot@anthropic.com)"
13.59.243.24 - - [18/Apr/2025:10:21:46 -0400] "GET /ad917/?path=%2Fhome%2Fservlmvm%2Fpublic_html%2Fad917%2F.%2F..%2F..%2Fmail%2F.info%40servethepeopleinc_org%2F.%2F.Drafts%2Fnew HTTP/1.1" 200 1498 "-" "Mozilla/5.0 AppleWebKit/537.36 (KHTML, like Gecko; compatible; ClaudeBot/1.0; +claudebot@anthropic.com)"
13.59.243.24 - - [18/Apr/2025:10:21:49 -0400] "GET /ad917/?path=%2Fhome%2Fservlmvm%2Fpublic_html%2Fad917%2F.%2F..%2F..%2Fpublic_html%2Fwp-includes%2Fsodium_compat%2Fsrc%2FCore32 HTTP/1.1" 200 2087 "-" "Mozilla/5.0 AppleWebKit/537.36 (KHTML, like Gecko; compatible; ClaudeBot/1.0; +claudebot@anthropic.com)"
13.59.243.24 - - [18/Apr/2025:10:21:52 -0400] "GET /ad917/?path=%2Fhome%2Fservlmvm%2Fpublic_html%2Fad917%2F.%2F..%2F..%2Fpublic_html%2Fwp-includes%2Fstyle-engine%2F.%2F.htaccess HTTP/1.1" 403 1242 "-" "Mozilla/5.0 AppleWebKit/537.36 (KHTML, like Gecko; compatible; ClaudeBot/1.0; +claudebot@anthropic.com)"
13.59.243.24 - - [18/Apr/2025:10:21:55 -0400] "GET /ad917/?path=%2Fhome%2Fservlmvm%2Fpublic_html%2Fad917%2F.%2F..%2F..%2Fmail%2F.info%40servethepeopleinc_org%2F.%2F..%2Ffidelstp HTTP/1.1" 200 2250 "-" "Mozilla/5.0 AppleWebKit/537.36 (KHTML, like Gecko; compatible; ClaudeBot/1.0; +claudebot@anthropic.com)"
13.59.243.24 - - [18/Apr/2025:10:21:58 -0400] "GET /ad917/?path=%2Fhome%2Fservlmvm%2Fpublic_html%2Fad917%2F.%2F..%2F..%2Fmail%2F.info%40servethepeopleinc_org%2F.%2F.Drafts%2Ftmp HTTP/1.1" 200 1500 "-" "Mozilla/5.0 AppleWebKit/537.36 (KHTML, like Gecko; compatible; ClaudeBot/1.0; +claudebot@anthropic.com)"
13.59.243.24 - - [18/Apr/2025:10:22:01 -0400] "GET /ad917/?path=%2Fhome%2Fservlmvm%2Fpublic_html%2Fad917%2F.%2F..%2F..%2Fpublic_html%2Fwp-includes%2Finteractivity-api%2F..%2FID3 HTTP/1.1" 200 2122 "-" "Mozilla/5.0 AppleWebKit/537.36 (KHTML, like Gecko; compatible; ClaudeBot/1.0; +claudebot@anthropic.com)"
13.59.243.24 - - [18/Apr/2025:10:22:04 -0400] "GET /ad917/?path=%2Fhome%2Fservlmvm%2Fpublic_html%2Fad917%2F.%2F..%2F..%2Fpublic_html%2Fwp-includes%2Finteractivity-api%2F..%2Fcss HTTP/1.1" 200 2609 "-" "Mozilla/5.0 AppleWebKit/537.36 (KHTML, like Gecko; compatible; ClaudeBot/1.0; +claudebot@anthropic.com)"
13.59.243.24 - - [18/Apr/2025:10:22:07 -0400] "GET /ad917/?path=%2Fhome%2Fservlmvm%2Fpublic_html%2Fad917%2F.%2F..%2F..%2Fpublic_html%2Fwp-includes%2Finteractivity-api%2F..%2FIXR HTTP/1.1" 200 1923 "-" "Mozilla/5.0 AppleWebKit/537.36 (KHTML, like Gecko; compatible; ClaudeBot/1.0; +claudebot@anthropic.com)"
13.59.243.24 - - [18/Apr/2025:10:22:10 -0400] "GET /ad917/?path=%2Fhome%2Fservlmvm%2Fpublic_html%2Fad917%2F.%2F..%2F..%2Fpublic_html%2Fwp-includes%2Ftheme-compat%2F.%2F.htaccess HTTP/1.1" 403 1242 "-" "Mozilla/5.0 AppleWebKit/537.36 (KHTML, like Gecko; compatible; ClaudeBot/1.0; +claudebot@anthropic.com)"
198.54.116.86 - - [18/Apr/2025:10:22:13 -0400] "POST /wp-cron.php?doing_wp_cron=1744986133.8765900135040283203125 HTTP/1.1" 200 0 "-" "WordPress/6.8; https://servethepeopleinc.org"
40.77.167.75 - - [18/Apr/2025:10:22:13 -0400] "GET /entity/buckskin88568860.shtml HTTP/1.1" 301 0 "-" "Mozilla/5.0 AppleWebKit/537.36 (KHTML, like Gecko; compatible; bingbot/2.0; +http://www.bing.com/bingbot.htm) Chrome/116.0.1938.76 Safari/537.36"
198.54.116.86 - - [18/Apr/2025:10:22:14 -0400] "POST /wp-admin/admin-ajax.php?action=async_litespeed&nonce=fPi5Ef81Am6RrJgUFPPn5M8ni0SnO0sq&litespeed_type=imgoptm HTTP/1.1" 200 21 "-" "WordPress/6.8; https://servethepeopleinc.org"
40.77.167.35 - - [18/Apr/2025:10:22:36 -0400] "GET /detail/vilest9135252.shtml HTTP/1.1" 404 16943 "-" "Mozilla/5.0 AppleWebKit/537.36 (KHTML, like Gecko; compatible; bingbot/2.0; +http://www.bing.com/bingbot.htm) Chrome/116.0.1938.76 Safari/537.36"
3.144.30.109 - - [18/Apr/2025:10:22:40 -0400] "GET /ad917/?path=%2Fhome%2Fservlmvm%2Fpublic_html%2Fad917%2F.%2F..%2F..%2Fmail%2F.info%40servethepeopleinc_org%2F..%2Fsabina%2F.Junk HTTP/1.1" 200 1729 "-" "Mozilla/5.0 AppleWebKit/537.36 (KHTML, like Gecko; compatible; ClaudeBot/1.0; +claudebot@anthropic.com)"
3.144.30.109 - - [18/Apr/2025:10:22:43 -0400] "GET /ad917/?path=%2Fhome%2Fservlmvm%2Fpublic_html%2Fad917%2F.%2F..%2F..%2Fmail%2F.info%40servethepeopleinc_org%2F.Junk%2F..%2F.Trash HTTP/1.1" 200 1789 "-" "Mozilla/5.0 AppleWebKit/537.36 (KHTML, like Gecko; compatible; ClaudeBot/1.0; +claudebot@anthropic.com)"
40.77.167.56 - - [18/Apr/2025:10:22:43 -0400] "GET /detail81992332.shtml HTTP/1.1" 404 16941 "-" "Mozilla/5.0 AppleWebKit/537.36 (KHTML, like Gecko; compatible; bingbot/2.0; +http://www.bing.com/bingbot.htm) Chrome/116.0.1938.76 Safari/537.36"
