3.147.103.244 - - [18/Apr/2025:09:18:16 -0400] "GET /ad917/?path=%2Fhome%2Fservlmvm%2Fpublic_html%2Fad917%2F.%2F..%2F..%2Fpublic_html%2Fwp-includes%2Frest-api%2F..%2Fclass-wp-taxonomy.php HTTP/1.1" 200 5733 "-" "Mozilla/5.0 AppleWebKit/537.36 (KHTML, like Gecko; compatible; ClaudeBot/1.0; +claudebot@anthropic.com)"
3.147.103.244 - - [18/Apr/2025:09:18:19 -0400] "GET /ad917/?path=%2Fhome%2Fservlmvm%2Fpublic_html%2Fad917%2F.%2F..%2F..%2Fpublic_html%2Fwp-includes%2FPHPMailer%2F..%2Fclass-wp-scripts.php HTTP/1.1" 200 8032 "-" "Mozilla/5.0 AppleWebKit/537.36 (KHTML, like Gecko; compatible; ClaudeBot/1.0; +claudebot@anthropic.com)"
3.147.103.244 - - [18/Apr/2025:09:18:22 -0400] "GET /ad917/?path=%2Fhome%2Fservlmvm%2Fpublic_html%2Fad917%2F.%2F..%2F..%2Fpublic_html%2Fwp-includes%2Frest-api%2F..%2Fcategory-template.php HTTP/1.1" 200 15063 "-" "Mozilla/5.0 AppleWebKit/537.36 (KHTML, like Gecko; compatible; ClaudeBot/1.0; +claudebot@anthropic.com)"
3.147.103.244 - - [18/Apr/2025:09:18:25 -0400] "GET /ad917/?path=%2Fhome%2Fservlmvm%2Fpublic_html%2Fad917%2F.%2F..%2F..%2Fpublic_html%2Fwp-includes%2FPHPMailer%2F..%2Fclass-wp-rewrite.php HTTP/1.1" 200 16823 "-" "Mozilla/5.0 AppleWebKit/537.36 (KHTML, like Gecko; compatible; ClaudeBot/1.0; +claudebot@anthropic.com)"
198.54.116.86 - - [18/Apr/2025:09:18:27 -0400] "POST /wp-cron.php?doing_wp_cron=1744982307.9158990383148193359375 HTTP/1.1" 200 0 "-" "WordPress/6.8; https://servethepeopleinc.org"
52.167.144.232 - - [18/Apr/2025:09:18:27 -0400] "GET /detail/107651590.shtml HTTP/1.1" 404 16941 "-" "Mozilla/5.0 AppleWebKit/537.36 (KHTML, like Gecko; compatible; bingbot/2.0; +http://www.bing.com/bingbot.htm) Chrome/116.0.1938.76 Safari/537.36"
198.54.116.86 - - [18/Apr/2025:09:18:28 -0400] "POST /wp-admin/admin-ajax.php?action=async_litespeed&nonce=bgKz9UMC2Dd1Sxp1L53aiTckaM6DOHWK&litespeed_type=imgoptm HTTP/1.1" 200 21 "-" "WordPress/6.8; https://servethepeopleinc.org"
3.147.103.244 - - [18/Apr/2025:09:18:28 -0400] "GET /ad917/?path=%2Fhome%2Fservlmvm%2Fpublic_html%2Fad917%2F.%2F..%2F..%2Fpublic_html%2Fwp-includes%2FPHPMailer%2F..%2Fclass-wp-comment.php HTTP/1.1" 200 3738 "-" "Mozilla/5.0 AppleWebKit/537.36 (KHTML, like Gecko; compatible; ClaudeBot/1.0; +claudebot@anthropic.com)"
3.147.103.244 - - [18/Apr/2025:09:18:31 -0400] "GET /ad917/?path=%2Fhome%2Fservlmvm%2Fpublic_html%2Fad917%2F.%2F..%2F..%2Fpublic_html%2Fwp-includes%2Fcustomize%2F..%2Ferror-protection.php HTTP/1.1" 200 2414 "-" "Mozilla/5.0 AppleWebKit/537.36 (KHTML, like Gecko; compatible; ClaudeBot/1.0; +claudebot@anthropic.com)"
3.147.103.244 - - [18/Apr/2025:09:18:34 -0400] "GET /ad917/?path=%2Fhome%2Fservlmvm%2Fpublic_html%2Fad917%2F.%2F..%2F..%2Fpublic_html%2Fwp-includes%2Fcustomize%2F..%2Fgeneral-template.php HTTP/1.1" 200 41654 "-" "Mozilla/5.0 AppleWebKit/537.36 (KHTML, like Gecko; compatible; ClaudeBot/1.0; +claudebot@anthropic.com)"
3.147.103.244 - - [18/Apr/2025:09:18:37 -0400] "GET /ad917/?path=%2Fhome%2Fservlmvm%2Fpublic_html%2Fad917%2F.%2F..%2F..%2Fpublic_html%2Fwp-includes%2FPHPMailer%2F..%2Fclass-wp-duotone.php HTTP/1.1" 200 10947 "-" "Mozilla/5.0 AppleWebKit/537.36 (KHTML, like Gecko; compatible; ClaudeBot/1.0; +claudebot@anthropic.com)"
3.147.103.244 - - [18/Apr/2025:09:18:40 -0400] "GET /ad917/?path=%2Fhome%2Fservlmvm%2Fpublic_html%2Fad917%2F.%2F..%2F..%2Fpublic_html%2Fwp-includes%2Frest-api%2F..%2Fdefault-constants.php HTTP/1.1" 200 4071 "-" "Mozilla/5.0 AppleWebKit/537.36 (KHTML, like Gecko; compatible; ClaudeBot/1.0; +claudebot@anthropic.com)"
3.147.103.244 - - [18/Apr/2025:09:18:43 -0400] "GET /ad917/?path=%2Fhome%2Fservlmvm%2Fpublic_html%2Fad917%2F.%2F..%2F..%2Fpublic_html%2Fwp-includes%2Frest-api%2F..%2Fnav-menu-template.php HTTP/1.1" 200 7686 "-" "Mozilla/5.0 AppleWebKit/537.36 (KHTML, like Gecko; compatible; ClaudeBot/1.0; +claudebot@anthropic.com)"
3.147.103.244 - - [18/Apr/2025:09:18:46 -0400] "GET /ad917/?path=%2Fhome%2Fservlmvm%2Fpublic_html%2Fad917%2F.%2F..%2F..%2Fpublic_html%2Fwp-includes%2Fcustomize%2F..%2Fclass-wp-duotone.php HTTP/1.1" 200 10914 "-" "Mozilla/5.0 AppleWebKit/537.36 (KHTML, like Gecko; compatible; ClaudeBot/1.0; +claudebot@anthropic.com)"
3.147.103.244 - - [18/Apr/2025:09:18:49 -0400] "GET /ad917/?path=%2Fhome%2Fservlmvm%2Fpublic_html%2Fad917%2F.%2F..%2F..%2Fpublic_html%2Fwp-includes%2FPHPMailer%2F..%2Fcomment-template.php HTTP/1.1" 200 23430 "-" "Mozilla/5.0 AppleWebKit/537.36 (KHTML, like Gecko; compatible; ClaudeBot/1.0; +claudebot@anthropic.com)"
3.147.103.244 - - [18/Apr/2025:09:18:52 -0400] "GET /ad917/?path=%2Fhome%2Fservlmvm%2Fpublic_html%2Fad917%2F.%2F..%2F..%2Fpublic_html%2Fwp-includes%2FRequests%2F..%2Fdefault-constants.php HTTP/1.1" 200 4071 "-" "Mozilla/5.0 AppleWebKit/537.36 (KHTML, like Gecko; compatible; ClaudeBot/1.0; +claudebot@anthropic.com)"
3.147.103.244 - - [18/Apr/2025:09:18:55 -0400] "GET /ad917/?path=%2Fhome%2Fservlmvm%2Fpublic_html%2Fad917%2F.%2F..%2F..%2Fpublic_html%2Fwp-includes%2Fhtml-api%2F..%2Fclass-walker-page.php HTTP/1.1" 200 3177 "-" "Mozilla/5.0 AppleWebKit/537.36 (KHTML, like Gecko; compatible; ClaudeBot/1.0; +claudebot@anthropic.com)"
3.147.103.244 - - [18/Apr/2025:09:18:58 -0400] "GET /ad917/?path=%2Fhome%2Fservlmvm%2Fpublic_html%2Fad917%2F.%2F..%2F..%2Fpublic_html%2Fwp-includes%2Fhtml-api%2F..%2Fcategory-template.php HTTP/1.1" 200 15063 "-" "Mozilla/5.0 AppleWebKit/537.36 (KHTML, like Gecko; compatible; ClaudeBot/1.0; +claudebot@anthropic.com)"
40.77.167.156 - - [18/Apr/2025:09:19:00 -0400] "GET /shopping/gunnery/2648284.shtml HTTP/1.1" 301 0 "-" "Mozilla/5.0 AppleWebKit/537.36 (KHTML, like Gecko; compatible; bingbot/2.0; +http://www.bing.com/bingbot.htm) Chrome/116.0.1938.76 Safari/537.36"
3.147.103.244 - - [18/Apr/2025:09:19:01 -0400] "GET /ad917/?path=%2Fhome%2Fservlmvm%2Fpublic_html%2Fad917%2F.%2F..%2F..%2Fpublic_html%2Fwp-includes%2Fhtml-api%2F..%2Fbookmark-template.php HTTP/1.1" 200 4487 "-" "Mozilla/5.0 AppleWebKit/537.36 (KHTML, like Gecko; compatible; ClaudeBot/1.0; +claudebot@anthropic.com)"
3.147.103.244 - - [18/Apr/2025:09:19:04 -0400] "GET /ad917/?path=%2Fhome%2Fservlmvm%2Fpublic_html%2Fad917%2F.%2F..%2F..%2Fpublic_html%2Fwp-includes%2FRequests%2F..%2Fclass-walker-page.php HTTP/1.1" 200 3194 "-" "Mozilla/5.0 AppleWebKit/537.36 (KHTML, like Gecko; compatible; ClaudeBot/1.0; +claudebot@anthropic.com)"
3.147.103.244 - - [18/Apr/2025:09:19:07 -0400] "GET /ad917/?path=%2Fhome%2Fservlmvm%2Fpublic_html%2Fad917%2F.%2F..%2F..%2Fpublic_html%2Fwp-includes%2FRequests%2F..%2Fclass-wp-taxonomy.php HTTP/1.1" 200 5764 "-" "Mozilla/5.0 AppleWebKit/537.36 (KHTML, like Gecko; compatible; ClaudeBot/1.0; +claudebot@anthropic.com)"
3.147.103.244 - - [18/Apr/2025:09:19:10 -0400] "GET /ad917/?path=%2Fhome%2Fservlmvm%2Fpublic_html%2Fad917%2F.%2F..%2F..%2Fpublic_html%2Fwp-includes%2Fhtml-api%2F..%2Fclass-wp-taxonomy.php HTTP/1.1" 200 5734 "-" "Mozilla/5.0 AppleWebKit/537.36 (KHTML, like Gecko; compatible; ClaudeBot/1.0; +claudebot@anthropic.com)"
3.147.103.244 - - [18/Apr/2025:09:19:13 -0400] "GET /ad917/?path=%2Fhome%2Fservlmvm%2Fpublic_html%2Fad917%2F.%2F..%2F..%2Fpublic_html%2Fwp-includes%2Fhtml-api%2F.%2Fclass-wp-html-span.php HTTP/1.1" 200 1487 "-" "Mozilla/5.0 AppleWebKit/537.36 (KHTML, like Gecko; compatible; ClaudeBot/1.0; +claudebot@anthropic.com)"
3.147.103.244 - - [18/Apr/2025:09:19:16 -0400] "GET /ad917/?path=%2Fhome%2Fservlmvm%2Fpublic_html%2Fad917%2F.%2F..%2F..%2Fpublic_html%2Fwp-includes%2Fhtml-api%2F..%2Fnav-menu-template.php HTTP/1.1" 200 7687 "-" "Mozilla/5.0 AppleWebKit/537.36 (KHTML, like Gecko; compatible; ClaudeBot/1.0; +claudebot@anthropic.com)"
3.147.103.244 - - [18/Apr/2025:09:19:19 -0400] "GET /ad917/?path=%2Fhome%2Fservlmvm%2Fpublic_html%2Fad917%2F.%2F..%2F..%2Fpublic_html%2Fwp-includes%2FRequests%2F..%2Fnav-menu-template.php HTTP/1.1" 200 7685 "-" "Mozilla/5.0 AppleWebKit/537.36 (KHTML, like Gecko; compatible; ClaudeBot/1.0; +claudebot@anthropic.com)"
3.147.103.244 - - [18/Apr/2025:09:19:22 -0400] "GET /ad917/?path=%2Fhome%2Fservlmvm%2Fpublic_html%2Fad917%2F.%2F..%2F..%2Fpublic_html%2Fwp-includes%2FRequests%2F..%2Fbookmark-template.php HTTP/1.1" 200 4459 "-" "Mozilla/5.0 AppleWebKit/537.36 (KHTML, like Gecko; compatible; ClaudeBot/1.0; +claudebot@anthropic.com)"
3.147.103.244 - - [18/Apr/2025:09:19:25 -0400] "GET /ad917/?path=%2Fhome%2Fservlmvm%2Fpublic_html%2Fad917%2F.%2F..%2F..%2Fpublic_html%2Fwp-includes%2FRequests%2F..%2Fcategory-template.php HTTP/1.1" 200 15094 "-" "Mozilla/5.0 AppleWebKit/537.36 (KHTML, like Gecko; compatible; ClaudeBot/1.0; +claudebot@anthropic.com)"
198.54.116.86 - - [18/Apr/2025:09:19:26 -0400] "POST /wp-cron.php?doing_wp_cron=1744982366.8343260288238525390625 HTTP/1.1" 200 0 "-" "WordPress/6.8; https://servethepeopleinc.org"
52.167.144.232 - - [18/Apr/2025:09:19:26 -0400] "GET /detail/75403688.shtml HTTP/1.1" 404 16943 "-" "Mozilla/5.0 AppleWebKit/537.36 (KHTML, like Gecko; compatible; bingbot/2.0; +http://www.bing.com/bingbot.htm) Chrome/116.0.1938.76 Safari/537.36"
198.54.116.86 - - [18/Apr/2025:09:19:26 -0400] "POST /wp-admin/admin-ajax.php?action=async_litespeed&nonce=PXlAg1RbiucNG7hwMiZKykrT24O3dTPM&litespeed_type=imgoptm HTTP/1.1" 200 21 "-" "WordPress/6.8; https://servethepeopleinc.org"
3.147.103.244 - - [18/Apr/2025:09:19:28 -0400] "GET /ad917/?path=%2Fhome%2Fservlmvm%2Fpublic_html%2Fad917%2F.%2F..%2F..%2Fpublic_html%2Fwp-includes%2FSimplePie%2F..%2Ferror-protection.php HTTP/1.1" 200 2416 "-" "Mozilla/5.0 AppleWebKit/537.36 (KHTML, like Gecko; compatible; ClaudeBot/1.0; +claudebot@anthropic.com)"
3.147.103.244 - - [18/Apr/2025:09:19:31 -0400] "GET /ad917/?path=%2Fhome%2Fservlmvm%2Fpublic_html%2Fad917%2F.%2F..%2F..%2Fpublic_html%2Fwp-includes%2FSimplePie%2F..%2Fclass-wp-network.php HTTP/1.1" 200 4963 "-" "Mozilla/5.0 AppleWebKit/537.36 (KHTML, like Gecko; compatible; ClaudeBot/1.0; +claudebot@anthropic.com)"
3.147.103.244 - - [18/Apr/2025:09:19:34 -0400] "GET /ad917/?path=%2Fhome%2Fservlmvm%2Fpublic_html%2Fad917%2F.%2F..%2F..%2Fpublic_html%2Fwp-includes%2FSimplePie%2F..%2Fcomment-template.php HTTP/1.1" 200 23429 "-" "Mozilla/5.0 AppleWebKit/537.36 (KHTML, like Gecko; compatible; ClaudeBot/1.0; +claudebot@anthropic.com)"
3.147.103.244 - - [18/Apr/2025:09:19:37 -0400] "GET /ad917/?path=%2Fhome%2Fservlmvm%2Fpublic_html%2Fad917%2F.%2F..%2F..%2Fpublic_html%2Fwp-includes%2FSimplePie%2F..%2Fclass.wp-scripts.php HTTP/1.1" 200 1199 "-" "Mozilla/5.0 AppleWebKit/537.36 (KHTML, like Gecko; compatible; ClaudeBot/1.0; +claudebot@anthropic.com)"
3.147.103.244 - - [18/Apr/2025:09:19:40 -0400] "GET /ad917/?path=%2Fhome%2Fservlmvm%2Fpublic_html%2Fad917%2F.%2F..%2F..%2Fpublic_html%2Fwp-includes%2FSimplePie%2F..%2Fgeneral-template.php HTTP/1.1" 200 41658 "-" "Mozilla/5.0 AppleWebKit/537.36 (KHTML, like Gecko; compatible; ClaudeBot/1.0; +claudebot@anthropic.com)"
40.77.167.243 - - [18/Apr/2025:09:19:41 -0400] "GET /shopping99441820.shtml HTTP/1.1" 404 16944 "-" "Mozilla/5.0 AppleWebKit/537.36 (KHTML, like Gecko; compatible; bingbot/2.0; +http://www.bing.com/bingbot.htm) Chrome/116.0.1938.76 Safari/537.36"
3.147.103.244 - - [18/Apr/2025:09:19:43 -0400] "GET /ad917/?path=%2Fhome%2Fservlmvm%2Fpublic_html%2Fad917%2F.%2F..%2F..%2Fpublic_html%2Fwp-includes%2FSimplePie%2F..%2Fclass-wp-comment.php HTTP/1.1" 200 3737 "-" "Mozilla/5.0 AppleWebKit/537.36 (KHTML, like Gecko; compatible; ClaudeBot/1.0; +claudebot@anthropic.com)"
3.147.103.244 - - [18/Apr/2025:09:19:46 -0400] "GET /ad917/?path=%2Fhome%2Fservlmvm%2Fpublic_html%2Fad917%2F.%2F..%2F..%2Fpublic_html%2Fwp-includes%2FSimplePie%2F..%2Fclass-wp-duotone.php HTTP/1.1" 200 10950 "-" "Mozilla/5.0 AppleWebKit/537.36 (KHTML, like Gecko; compatible; ClaudeBot/1.0; +claudebot@anthropic.com)"
3.147.103.244 - - [18/Apr/2025:09:19:49 -0400] "GET /ad917/?path=%2Fhome%2Fservlmvm%2Fpublic_html%2Fad917%2F.%2F..%2F..%2Fpublic_html%2Fwp-includes%2FSimplePie%2F..%2Fclass-wp-rewrite.php HTTP/1.1" 200 16823 "-" "Mozilla/5.0 AppleWebKit/537.36 (KHTML, like Gecko; compatible; ClaudeBot/1.0; +claudebot@anthropic.com)"
3.147.103.244 - - [18/Apr/2025:09:19:52 -0400] "GET /ad917/?path=%2Fhome%2Fservlmvm%2Fpublic_html%2Fad917%2F.%2F..%2F..%2Fpublic_html%2Fwp-includes%2FSimplePie%2F..%2Fclass-wp-scripts.php HTTP/1.1" 200 8031 "-" "Mozilla/5.0 AppleWebKit/537.36 (KHTML, like Gecko; compatible; ClaudeBot/1.0; +claudebot@anthropic.com)"
3.147.103.244 - - [18/Apr/2025:09:19:55 -0400] "GET /ad917/?path=%2Fhome%2Fservlmvm%2Fpublic_html%2Fad917%2F.%2F..%2F..%2Fpublic_html%2Fwp-includes%2FPHPMailer%2F..%2Fclass-wp-widget.php HTTP/1.1" 200 5701 "-" "Mozilla/5.0 AppleWebKit/537.36 (KHTML, like Gecko; compatible; ClaudeBot/1.0; +claudebot@anthropic.com)"
3.147.103.244 - - [18/Apr/2025:09:19:58 -0400] "GET /ad917/?path=%2Fhome%2Fservlmvm%2Fpublic_html%2Fad917%2F.%2F..%2F..%2Fpublic_html%2Fwp-includes%2FPHPMailer%2F..%2Fhttps-migration.php HTTP/1.1" 200 2593 "-" "Mozilla/5.0 AppleWebKit/537.36 (KHTML, like Gecko; compatible; ClaudeBot/1.0; +claudebot@anthropic.com)"
40.77.167.156 - - [18/Apr/2025:09:20:00 -0400] "GET /products/w/trachelorrhaphy/58244534.shtml HTTP/1.1" 301 0 "-" "Mozilla/5.0 AppleWebKit/537.36 (KHTML, like Gecko; compatible; bingbot/2.0; +http://www.bing.com/bingbot.htm) Chrome/116.0.1938.76 Safari/537.36"
3.147.103.244 - - [18/Apr/2025:09:20:01 -0400] "GET /ad917/?path=%2Fhome%2Fservlmvm%2Fpublic_html%2Fad917%2F.%2F..%2F..%2Fpublic_html%2Fwp-includes%2Frest-api%2F..%2Fclass-wp-rewrite.php HTTP/1.1" 200 16789 "-" "Mozilla/5.0 AppleWebKit/537.36 (KHTML, like Gecko; compatible; ClaudeBot/1.0; +claudebot@anthropic.com)"
3.147.103.244 - - [18/Apr/2025:09:20:04 -0400] "GET /ad917/?path=%2Fhome%2Fservlmvm%2Fpublic_html%2Fad917%2F.%2F..%2F..%2Fpublic_html%2Fwp-includes%2Fcustomize%2F..%2Fclass-simplepie.php HTTP/1.1" 200 1267 "-" "Mozilla/5.0 AppleWebKit/537.36 (KHTML, like Gecko; compatible; ClaudeBot/1.0; +claudebot@anthropic.com)"
3.147.103.244 - - [18/Apr/2025:09:20:07 -0400] "GET /ad917/?path=%2Fhome%2Fservlmvm%2Fpublic_html%2Fad917%2F.%2F..%2F..%2Fpublic_html%2Fwp-includes%2Frest-api%2F..%2Fclass-wp-comment.php HTTP/1.1" 200 3746 "-" "Mozilla/5.0 AppleWebKit/537.36 (KHTML, like Gecko; compatible; ClaudeBot/1.0; +claudebot@anthropic.com)"
3.147.103.244 - - [18/Apr/2025:09:20:10 -0400] "GET /ad917/?path=%2Fhome%2Fservlmvm%2Fpublic_html%2Fad917%2F.%2F..%2F..%2Fpublic_html%2Fwp-includes%2Fcustomize%2F..%2Ftemplate-loader.php HTTP/1.1" 200 2115 "-" "Mozilla/5.0 AppleWebKit/537.36 (KHTML, like Gecko; compatible; ClaudeBot/1.0; +claudebot@anthropic.com)"
198.54.116.86 - - [18/Apr/2025:09:20:26 -0400] "POST /wp-cron.php?doing_wp_cron=1744982426.7955770492553710937500 HTTP/1.1" 200 0 "-" "WordPress/6.8; https://servethepeopleinc.org"
52.167.144.188 - - [18/Apr/2025:09:20:26 -0400] "GET /shopdetail/93960426.shtml HTTP/1.1" 301 0 "-" "Mozilla/5.0 AppleWebKit/537.36 (KHTML, like Gecko; compatible; bingbot/2.0; +http://www.bing.com/bingbot.htm) Chrome/116.0.1938.76 Safari/537.36"
198.54.116.86 - - [18/Apr/2025:09:20:26 -0400] "POST /wp-admin/admin-ajax.php?action=async_litespeed&nonce=h2mAqAq2hBq1xEOppvYd4fwWPJPxdyFV&litespeed_type=imgoptm HTTP/1.1" 200 21 "-" "WordPress/6.8; https://servethepeopleinc.org"
66.249.77.42 - - [18/Apr/2025:09:20:34 -0400] "GET /sitemap-item-3080.xml HTTP/1.1" 404 16941 "-" "Mozilla/5.0 (compatible; Googlebot/2.1; +http://www.google.com/bot.html)"
40.77.167.156 - - [18/Apr/2025:09:20:39 -0400] "GET /products46696922.shtml HTTP/1.1" 301 0 "-" "Mozilla/5.0 AppleWebKit/537.36 (KHTML, like Gecko; compatible; bingbot/2.0; +http://www.bing.com/bingbot.htm) Chrome/116.0.1938.76 Safari/537.36"
52.14.78.86 - - [18/Apr/2025:09:20:46 -0400] "GET /ad917/?path=%2Fhome%2Fservlmvm%2Fpublic_html%2Fad917%2F.%2F..%2F..%2Fpublic_html%2Fwp-includes%2Fcustomize%2F..%2Fcategory-template.php HTTP/1.1" 200 15062 "-" "Mozilla/5.0 AppleWebKit/537.36 (KHTML, like Gecko; compatible; ClaudeBot/1.0; +claudebot@anthropic.com)"
52.14.78.86 - - [18/Apr/2025:09:20:49 -0400] "GET /ad917/?path=%2Fhome%2Fservlmvm%2Fpublic_html%2Fad917%2F.%2F..%2F..%2Fpublic_html%2Fwp-includes%2Frest-api%2F..%2Fclass-wp-list-util.php HTTP/1.1" 200 3264 "-" "Mozilla/5.0 AppleWebKit/537.36 (KHTML, like Gecko; compatible; ClaudeBot/1.0; +claudebot@anthropic.com)"
52.14.78.86 - - [18/Apr/2025:09:20:52 -0400] "GET /ad917/?path=%2Fhome%2Fservlmvm%2Fpublic_html%2Fad917%2F.%2F..%2F..%2Fpublic_html%2Fwp-includes%2Fcustomize%2F..%2Fdefault-constants.php HTTP/1.1" 200 4111 "-" "Mozilla/5.0 AppleWebKit/537.36 (KHTML, like Gecko; compatible; ClaudeBot/1.0; +claudebot@anthropic.com)"
52.14.78.86 - - [18/Apr/2025:09:20:55 -0400] "GET /ad917/?path=%2Fhome%2Fservlmvm%2Fpublic_html%2Fad917%2F.%2F..%2F..%2Fpublic_html%2Fwp-includes%2FPHPMailer%2F..%2Fdefault-constants.php HTTP/1.1" 200 4112 "-" "Mozilla/5.0 AppleWebKit/537.36 (KHTML, like Gecko; compatible; ClaudeBot/1.0; +claudebot@anthropic.com)"
52.14.78.86 - - [18/Apr/2025:09:20:58 -0400] "GET /ad917/?path=%2Fhome%2Fservlmvm%2Fpublic_html%2Fad917%2F.%2F..%2F..%2Fpublic_html%2Fwp-includes%2FPHPMailer%2F..%2Fclass-wp-taxonomy.php HTTP/1.1" 200 5761 "-" "Mozilla/5.0 AppleWebKit/537.36 (KHTML, like Gecko; compatible; ClaudeBot/1.0; +claudebot@anthropic.com)"
52.14.78.86 - - [18/Apr/2025:09:21:01 -0400] "GET /ad917/?path=%2Fhome%2Fservlmvm%2Fpublic_html%2Fad917%2F.%2F..%2F..%2Fpublic_html%2Fwp-includes%2Frest-api%2F..%2Fclass-wp-token-map.php HTTP/1.1" 200 9418 "-" "Mozilla/5.0 AppleWebKit/537.36 (KHTML, like Gecko; compatible; ClaudeBot/1.0; +claudebot@anthropic.com)"
52.14.78.86 - - [18/Apr/2025:09:21:04 -0400] "GET /ad917/?path=%2Fhome%2Fservlmvm%2Fpublic_html%2Fad917%2F.%2F..%2F..%2Fpublic_html%2Fwp-includes%2Fcustomize%2F..%2Fnav-menu-template.php HTTP/1.1" 200 7681 "-" "Mozilla/5.0 AppleWebKit/537.36 (KHTML, like Gecko; compatible; ClaudeBot/1.0; +claudebot@anthropic.com)"
52.14.78.86 - - [18/Apr/2025:09:21:07 -0400] "GET /ad917/?path=%2Fhome%2Fservlmvm%2Fpublic_html%2Fad917%2F.%2F..%2F..%2Fpublic_html%2Fwp-includes%2Frest-api%2F..%2Fclass-wp-exception.php HTTP/1.1" 200 1121 "-" "Mozilla/5.0 AppleWebKit/537.36 (KHTML, like Gecko; compatible; ClaudeBot/1.0; +claudebot@anthropic.com)"
52.14.78.86 - - [18/Apr/2025:09:21:10 -0400] "GET /ad917/?path=%2Fhome%2Fservlmvm%2Fpublic_html%2Fad917%2F.%2F..%2F..%2Fpublic_html%2Fwp-includes%2FPHPMailer%2F..%2Fcategory-template.php HTTP/1.1" 200 15034 "-" "Mozilla/5.0 AppleWebKit/537.36 (KHTML, like Gecko; compatible; ClaudeBot/1.0; +claudebot@anthropic.com)"
52.14.78.86 - - [18/Apr/2025:09:21:13 -0400] "GET /ad917/?path=%2Fhome%2Fservlmvm%2Fpublic_html%2Fad917%2F.%2F..%2F..%2Fpublic_html%2Fwp-includes%2FPHPMailer%2F..%2Fnav-menu-template.php HTTP/1.1" 200 7687 "-" "Mozilla/5.0 AppleWebKit/537.36 (KHTML, like Gecko; compatible; ClaudeBot/1.0; +claudebot@anthropic.com)"
52.14.78.86 - - [18/Apr/2025:09:21:16 -0400] "GET /ad917/?path=%2Fhome%2Fservlmvm%2Fpublic_html%2Fad917%2F.%2F..%2F..%2Fpublic_html%2Fwp-includes%2Frest-api%2F..%2Ffeed-atom-comments.php HTTP/1.1" 200 2858 "-" "Mozilla/5.0 AppleWebKit/537.36 (KHTML, like Gecko; compatible; ClaudeBot/1.0; +claudebot@anthropic.com)"
52.14.78.86 - - [18/Apr/2025:09:21:19 -0400] "GET /ad917/?path=%2Fhome%2Fservlmvm%2Fpublic_html%2Fad917%2F.%2F..%2F..%2Fpublic_html%2Fwp-includes%2Frest-api%2F..%2Ffeed-rss2-comments.php HTTP/1.1" 200 2540 "-" "Mozilla/5.0 AppleWebKit/537.36 (KHTML, like Gecko; compatible; ClaudeBot/1.0; +claudebot@anthropic.com)"
52.14.78.86 - - [18/Apr/2025:09:21:22 -0400] "GET /ad917/?path=%2Fhome%2Fservlmvm%2Fpublic_html%2Fad917%2F.%2F..%2F..%2Fpublic_html%2Fwp-includes%2Frest-api%2F..%2Fclass-wp-tax-query.php HTTP/1.1" 200 6558 "-" "Mozilla/5.0 AppleWebKit/537.36 (KHTML, like Gecko; compatible; ClaudeBot/1.0; +claudebot@anthropic.com)"
52.14.78.86 - - [18/Apr/2025:09:21:25 -0400] "GET /ad917/?path=%2Fhome%2Fservlmvm%2Fpublic_html%2Fad917%2F.%2F..%2F..%2Fpublic_html%2Fwp-includes%2Fcustomize%2F..%2Fbookmark-template.php HTTP/1.1" 200 4444 "-" "Mozilla/5.0 AppleWebKit/537.36 (KHTML, like Gecko; compatible; ClaudeBot/1.0; +claudebot@anthropic.com)"
52.14.78.86 - - [18/Apr/2025:09:21:28 -0400] "GET /ad917/?path=%2Fhome%2Fservlmvm%2Fpublic_html%2Fad917%2F.%2F..%2F..%2Fpublic_html%2Fwp-includes%2Frest-api%2F..%2Fclass-wp-http-curl.php HTTP/1.1" 200 4866 "-" "Mozilla/5.0 AppleWebKit/537.36 (KHTML, like Gecko; compatible; ClaudeBot/1.0; +claudebot@anthropic.com)"
52.14.78.86 - - [18/Apr/2025:09:21:31 -0400] "GET /ad917/?path=%2Fhome%2Fservlmvm%2Fpublic_html%2Fad917%2F.%2F..%2F..%2Fpublic_html%2Fwp-includes%2Fcustomize%2F..%2Fclass-walker-page.php HTTP/1.1" 200 3174 "-" "Mozilla/5.0 AppleWebKit/537.36 (KHTML, like Gecko; compatible; ClaudeBot/1.0; +claudebot@anthropic.com)"
52.14.78.86 - - [18/Apr/2025:09:21:34 -0400] "GET /ad917/?path=%2Fhome%2Fservlmvm%2Fpublic_html%2Fad917%2F.%2F..%2F..%2Fpublic_html%2Fwp-includes%2FPHPMailer%2F..%2Fbookmark-template.php HTTP/1.1" 200 4448 "-" "Mozilla/5.0 AppleWebKit/537.36 (KHTML, like Gecko; compatible; ClaudeBot/1.0; +claudebot@anthropic.com)"
52.14.78.86 - - [18/Apr/2025:09:21:37 -0400] "GET /ad917/?path=%2Fhome%2Fservlmvm%2Fpublic_html%2Fad917%2F.%2F..%2F..%2Fpublic_html%2Fwp-includes%2Fcustomize%2F..%2Fclass-wp-taxonomy.php HTTP/1.1" 200 5726 "-" "Mozilla/5.0 AppleWebKit/537.36 (KHTML, like Gecko; compatible; ClaudeBot/1.0; +claudebot@anthropic.com)"
52.14.78.86 - - [18/Apr/2025:09:21:40 -0400] "GET /ad917/?path=%2Fhome%2Fservlmvm%2Fpublic_html%2Fad917%2F.%2F..%2F..%2Fpublic_html%2Fwp-includes%2FPHPMailer%2F..%2Fclass-walker-page.php HTTP/1.1" 200 3174 "-" "Mozilla/5.0 AppleWebKit/537.36 (KHTML, like Gecko; compatible; ClaudeBot/1.0; +claudebot@anthropic.com)"
198.54.116.86 - - [18/Apr/2025:09:21:41 -0400] "POST /wp-cron.php?doing_wp_cron=1744982501.0453190803527832031250 HTTP/1.1" 200 0 "-" "WordPress/6.8; https://servethepeopleinc.org"
40.77.167.243 - - [18/Apr/2025:09:21:40 -0400] "GET /products35134024.shtml HTTP/1.1" 404 16941 "-" "Mozilla/5.0 AppleWebKit/537.36 (KHTML, like Gecko; compatible; bingbot/2.0; +http://www.bing.com/bingbot.htm) Chrome/116.0.1938.76 Safari/537.36"
198.54.116.86 - - [18/Apr/2025:09:21:41 -0400] "POST /wp-admin/admin-ajax.php?action=async_litespeed&nonce=bjiNsW86OpxlRGS4mRZBCZhHmX0MINHP&litespeed_type=imgoptm HTTP/1.1" 200 21 "-" "WordPress/6.8; https://servethepeopleinc.org"
52.14.78.86 - - [18/Apr/2025:09:21:43 -0400] "GET /ad917/?path=%2Fhome%2Fservlmvm%2Fpublic_html%2Fad917%2F.%2F..%2F..%2Fpublic_html%2Fwp-includes%2Fhtml-api%2F..%2Ffeed-rss2-comments.php HTTP/1.1" 200 2541 "-" "Mozilla/5.0 AppleWebKit/537.36 (KHTML, like Gecko; compatible; ClaudeBot/1.0; +claudebot@anthropic.com)"
66.249.77.42 - - [18/Apr/2025:09:21:44 -0400] "GET /info/kjq/barken69839994.shtml HTTP/1.1" 404 16952 "-" "Mozilla/5.0 (compatible; Googlebot/2.1; +http://www.google.com/bot.html)"
52.14.78.86 - - [18/Apr/2025:09:21:46 -0400] "GET /ad917/?path=%2Fhome%2Fservlmvm%2Fpublic_html%2Fad917%2F.%2F..%2F..%2Fpublic_html%2Fwp-includes%2Fhtml-api%2F..%2Fclass-wp-http-curl.php HTTP/1.1" 200 4896 "-" "Mozilla/5.0 AppleWebKit/537.36 (KHTML, like Gecko; compatible; ClaudeBot/1.0; +claudebot@anthropic.com)"
52.14.78.86 - - [18/Apr/2025:09:21:49 -0400] "GET /ad917/?path=%2Fhome%2Fservlmvm%2Fpublic_html%2Fad917%2F.%2F..%2F..%2Fpublic_html%2Fwp-includes%2Fhtml-api%2F..%2Fclass-wp-list-util.php HTTP/1.1" 200 3266 "-" "Mozilla/5.0 AppleWebKit/537.36 (KHTML, like Gecko; compatible; ClaudeBot/1.0; +claudebot@anthropic.com)"
52.14.78.86 - - [18/Apr/2025:09:21:52 -0400] "GET /ad917/?path=%2Fhome%2Fservlmvm%2Fpublic_html%2Fad917%2F.%2F..%2F..%2Fpublic_html%2Fwp-includes%2FRequests%2F..%2Ffeed-atom-comments.php HTTP/1.1" 200 2880 "-" "Mozilla/5.0 AppleWebKit/537.36 (KHTML, like Gecko; compatible; ClaudeBot/1.0; +claudebot@anthropic.com)"
52.14.78.86 - - [18/Apr/2025:09:21:55 -0400] "GET /ad917/?path=%2Fhome%2Fservlmvm%2Fpublic_html%2Fad917%2F.%2F..%2F..%2Fpublic_html%2Fwp-includes%2FRequests%2F..%2Fclass-wp-exception.php HTTP/1.1" 200 1121 "-" "Mozilla/5.0 AppleWebKit/537.36 (KHTML, like Gecko; compatible; ClaudeBot/1.0; +claudebot@anthropic.com)"
52.14.78.86 - - [18/Apr/2025:09:21:58 -0400] "GET /ad917/?path=%2Fhome%2Fservlmvm%2Fpublic_html%2Fad917%2F.%2F..%2F..%2Fpublic_html%2Fwp-includes%2FRequests%2F..%2Fclass-wp-token-map.php HTTP/1.1" 200 9443 "-" "Mozilla/5.0 AppleWebKit/537.36 (KHTML, like Gecko; compatible; ClaudeBot/1.0; +claudebot@anthropic.com)"
52.14.78.86 - - [18/Apr/2025:09:22:01 -0400] "GET /ad917/?path=%2Fhome%2Fservlmvm%2Fpublic_html%2Fad917%2F.%2F..%2F..%2Fpublic_html%2Fwp-includes%2Fhtml-api%2F..%2Fclass-wp-token-map.php HTTP/1.1" 200 9418 "-" "Mozilla/5.0 AppleWebKit/537.36 (KHTML, like Gecko; compatible; ClaudeBot/1.0; +claudebot@anthropic.com)"
52.14.78.86 - - [18/Apr/2025:09:22:04 -0400] "GET /ad917/?path=%2Fhome%2Fservlmvm%2Fpublic_html%2Fad917%2F.%2F..%2F..%2Fpublic_html%2Fwp-includes%2FRequests%2F..%2Fclass-wp-list-util.php HTTP/1.1" 200 3251 "-" "Mozilla/5.0 AppleWebKit/537.36 (KHTML, like Gecko; compatible; ClaudeBot/1.0; +claudebot@anthropic.com)"
52.14.78.86 - - [18/Apr/2025:09:22:07 -0400] "GET /ad917/?path=%2Fhome%2Fservlmvm%2Fpublic_html%2Fad917%2F.%2F..%2F..%2Fpublic_html%2Fwp-includes%2Fhtml-api%2F.%2Fclass-wp-html-token.php HTTP/1.1" 200 2258 "-" "Mozilla/5.0 AppleWebKit/537.36 (KHTML, like Gecko; compatible; ClaudeBot/1.0; +claudebot@anthropic.com)"
52.14.78.86 - - [18/Apr/2025:09:22:10 -0400] "GET /ad917/?path=%2Fhome%2Fservlmvm%2Fpublic_html%2Fad917%2F.%2F..%2F..%2Fpublic_html%2Fwp-includes%2Fhtml-api%2F..%2Fclass-wp-admin-bar.php HTTP/1.1" 200 6239 "-" "Mozilla/5.0 AppleWebKit/537.36 (KHTML, like Gecko; compatible; ClaudeBot/1.0; +claudebot@anthropic.com)"
52.14.78.86 - - [18/Apr/2025:09:22:13 -0400] "GET /ad917/?path=%2Fhome%2Fservlmvm%2Fpublic_html%2Fad917%2F.%2F..%2F..%2Fpublic_html%2Fwp-includes%2FRequests%2F..%2Fms-default-filters.php HTTP/1.1" 200 2849 "-" "Mozilla/5.0 AppleWebKit/537.36 (KHTML, like Gecko; compatible; ClaudeBot/1.0; +claudebot@anthropic.com)"
52.14.78.86 - - [18/Apr/2025:09:22:16 -0400] "GET /ad917/?path=%2Fhome%2Fservlmvm%2Fpublic_html%2Fad917%2F.%2F..%2F..%2Fpublic_html%2Fwp-includes%2FRequests%2F..%2Fclass-wp-tax-query.php HTTP/1.1" 200 6558 "-" "Mozilla/5.0 AppleWebKit/537.36 (KHTML, like Gecko; compatible; ClaudeBot/1.0; +claudebot@anthropic.com)"
52.14.78.86 - - [18/Apr/2025:09:22:19 -0400] "GET /ad917/?path=%2Fhome%2Fservlmvm%2Fpublic_html%2Fad917%2F.%2F..%2F..%2Fpublic_html%2Fwp-includes%2Fhtml-api%2F..%2Ffeed-atom-comments.php HTTP/1.1" 200 2858 "-" "Mozilla/5.0 AppleWebKit/537.36 (KHTML, like Gecko; compatible; ClaudeBot/1.0; +claudebot@anthropic.com)"
52.14.78.86 - - [18/Apr/2025:09:22:22 -0400] "GET /ad917/?path=%2Fhome%2Fservlmvm%2Fpublic_html%2Fad917%2F.%2F..%2F..%2Fpublic_html%2Fwp-includes%2FRequests%2F..%2Fclass-wp-admin-bar.php HTTP/1.1" 200 6240 "-" "Mozilla/5.0 AppleWebKit/537.36 (KHTML, like Gecko; compatible; ClaudeBot/1.0; +claudebot@anthropic.com)"
52.14.78.86 - - [18/Apr/2025:09:22:25 -0400] "GET /ad917/?path=%2Fhome%2Fservlmvm%2Fpublic_html%2Fad917%2F.%2F..%2F..%2Fpublic_html%2Fwp-includes%2Fhtml-api%2F..%2Fclass-wp-exception.php HTTP/1.1" 200 1122 "-" "Mozilla/5.0 AppleWebKit/537.36 (KHTML, like Gecko; compatible; ClaudeBot/1.0; +claudebot@anthropic.com)"
52.14.78.86 - - [18/Apr/2025:09:22:28 -0400] "GET /ad917/?path=%2Fhome%2Fservlmvm%2Fpublic_html%2Fad917%2F.%2F..%2F..%2Fpublic_html%2Fwp-includes%2FRequests%2F..%2Fclass-wp-http-curl.php HTTP/1.1" 200 4865 "-" "Mozilla/5.0 AppleWebKit/537.36 (KHTML, like Gecko; compatible; ClaudeBot/1.0; +claudebot@anthropic.com)"
198.54.116.86 - - [18/Apr/2025:09:22:28 -0400] "POST /wp-cron.php?doing_wp_cron=1744982548.7297589778900146484375 HTTP/1.1" 200 0 "-" "WordPress/6.8; https://servethepeopleinc.org"
52.167.144.188 - - [18/Apr/2025:09:22:28 -0400] "GET /goods95371442.shtml HTTP/1.1" 301 0 "-" "Mozilla/5.0 AppleWebKit/537.36 (KHTML, like Gecko; compatible; bingbot/2.0; +http://www.bing.com/bingbot.htm) Chrome/116.0.1938.76 Safari/537.36"
198.54.116.86 - - [18/Apr/2025:09:22:28 -0400] "POST /wp-admin/admin-ajax.php?action=async_litespeed&nonce=0nwDAhe6YZ2eMvu47IxptN3ranWnGOwE&litespeed_type=imgoptm HTTP/1.1" 200 21 "-" "WordPress/6.8; https://servethepeopleinc.org"
52.14.78.86 - - [18/Apr/2025:09:22:31 -0400] "GET /ad917/?path=%2Fhome%2Fservlmvm%2Fpublic_html%2Fad917%2F.%2F..%2F..%2Fpublic_html%2Fwp-includes%2Fhtml-api%2F..%2Fclass-wp-tax-query.php HTTP/1.1" 200 6587 "-" "Mozilla/5.0 AppleWebKit/537.36 (KHTML, like Gecko; compatible; ClaudeBot/1.0; +claudebot@anthropic.com)"
40.77.167.55 - - [18/Apr/2025:09:22:32 -0400] "GET /detail/i/straightlined60677966.shtml HTTP/1.1" 301 0 "-" "Mozilla/5.0 AppleWebKit/537.36 (KHTML, like Gecko; compatible; bingbot/2.0; +http://www.bing.com/bingbot.htm) Chrome/116.0.1938.76 Safari/537.36"
52.14.78.86 - - [18/Apr/2025:09:22:34 -0400] "GET /ad917/?path=%2Fhome%2Fservlmvm%2Fpublic_html%2Fad917%2F.%2F..%2F..%2Fpublic_html%2Fwp-includes%2FSimplePie%2F..%2Fclass-walker-page.php HTTP/1.1" 200 3193 "-" "Mozilla/5.0 AppleWebKit/537.36 (KHTML, like Gecko; compatible; ClaudeBot/1.0; +claudebot@anthropic.com)"
52.14.78.86 - - [18/Apr/2025:09:22:37 -0400] "GET /ad917/?path=%2Fhome%2Fservlmvm%2Fpublic_html%2Fad917%2F.%2F..%2F..%2Fpublic_html%2Fwp-includes%2FSimplePie%2F..%2Fnav-menu-template.php HTTP/1.1" 200 7718 "-" "Mozilla/5.0 AppleWebKit/537.36 (KHTML, like Gecko; compatible; ClaudeBot/1.0; +claudebot@anthropic.com)"
52.167.144.163 - - [18/Apr/2025:09:22:37 -0400] "GET /item/51013956.shtml HTTP/1.1" 301 0 "-" "Mozilla/5.0 AppleWebKit/537.36 (KHTML, like Gecko; compatible; bingbot/2.0; +http://www.bing.com/bingbot.htm) Chrome/116.0.1938.76 Safari/537.36"
52.14.78.86 - - [18/Apr/2025:09:22:40 -0400] "GET /ad917/?path=%2Fhome%2Fservlmvm%2Fpublic_html%2Fad917%2F.%2F..%2F..%2Fpublic_html%2Fwp-includes%2FSimplePie%2F..%2Fdefault-constants.php HTTP/1.1" 200 4114 "-" "Mozilla/5.0 AppleWebKit/537.36 (KHTML, like Gecko; compatible; ClaudeBot/1.0; +claudebot@anthropic.com)"
52.14.78.86 - - [18/Apr/2025:09:22:43 -0400] "GET /ad917/?path=%2Fhome%2Fservlmvm%2Fpublic_html%2Fad917%2F.%2F..%2F..%2Fpublic_html%2Fwp-includes%2FSimplePie%2F..%2Fclass-wp-taxonomy.php HTTP/1.1" 200 5725 "-" "Mozilla/5.0 AppleWebKit/537.36 (KHTML, like Gecko; compatible; ClaudeBot/1.0; +claudebot@anthropic.com)"
52.14.78.86 - - [18/Apr/2025:09:22:46 -0400] "GET /ad917/?path=%2Fhome%2Fservlmvm%2Fpublic_html%2Fad917%2F.%2F..%2F..%2Fpublic_html%2Fwp-includes%2FSimplePie%2F..%2Fbookmark-template.php HTTP/1.1" 200 4471 "-" "Mozilla/5.0 AppleWebKit/537.36 (KHTML, like Gecko; compatible; ClaudeBot/1.0; +claudebot@anthropic.com)"
3.141.40.242 - - [18/Apr/2025:09:23:16 -0400] "GET /ad917/?path=%2Fhome%2F.%2F..%2Flib%2Fdebug%2F..%2Fmodules-load.d%2F..%2Flocale%2Fen_IL HTTP/1.1" 200 1936 "-" "Mozilla/5.0 AppleWebKit/537.36 (KHTML, like Gecko; compatible; ClaudeBot/1.0; +claudebot@anthropic.com)"
3.141.40.242 - - [18/Apr/2025:09:23:19 -0400] "GET /ad917/?path=%2Fhome%2F.%2F..%2Flib%2Fdebug%2F..%2Fmodules-load.d%2F..%2Flocale%2Fen_CA HTTP/1.1" 200 1923 "-" "Mozilla/5.0 AppleWebKit/537.36 (KHTML, like Gecko; compatible; ClaudeBot/1.0; +claudebot@anthropic.com)"
3.141.40.242 - - [18/Apr/2025:09:23:22 -0400] "GET /ad917/?path=%2Fhome%2F.%2F..%2Flib%2Fdebug%2F..%2Fmodules-load.d%2F..%2Flocale%2Fen_HK HTTP/1.1" 200 1902 "-" "Mozilla/5.0 AppleWebKit/537.36 (KHTML, like Gecko; compatible; ClaudeBot/1.0; +claudebot@anthropic.com)"
3.141.40.242 - - [18/Apr/2025:09:23:25 -0400] "GET /ad917/?path=%2Fhome%2F.%2F..%2Flib%2Fdebug%2F..%2Fmodules-load.d%2F..%2Flocale%2Fen_NG HTTP/1.1" 200 1927 "-" "Mozilla/5.0 AppleWebKit/537.36 (KHTML, like Gecko; compatible; ClaudeBot/1.0; +claudebot@anthropic.com)"
3.141.40.242 - - [18/Apr/2025:09:23:28 -0400] "GET /ad917/?path=%2Fhome%2F.%2F..%2Flib%2Fdebug%2F..%2Fmodules-load.d%2F..%2Flocale%2Fen_BW HTTP/1.1" 200 1930 "-" "Mozilla/5.0 AppleWebKit/537.36 (KHTML, like Gecko; compatible; ClaudeBot/1.0; +claudebot@anthropic.com)"
198.54.116.86 - - [18/Apr/2025:09:23:30 -0400] "POST /wp-cron.php?doing_wp_cron=1744982610.7787199020385742187500 HTTP/1.1" 200 0 "-" "WordPress/6.8; https://servethepeopleinc.org"
52.167.144.150 - - [18/Apr/2025:09:23:30 -0400] "GET /shopdetail/tinning69980342.shtml HTTP/1.1" 404 16941 "-" "Mozilla/5.0 AppleWebKit/537.36 (KHTML, like Gecko; compatible; bingbot/2.0; +http://www.bing.com/bingbot.htm) Chrome/116.0.1938.76 Safari/537.36"
198.54.116.86 - - [18/Apr/2025:09:23:30 -0400] "POST /wp-admin/admin-ajax.php?action=async_litespeed&nonce=2xJkuWSVNIYcpi3vmXPRxe0qfJbCgj3L&litespeed_type=imgoptm HTTP/1.1" 200 21 "-" "WordPress/6.8; https://servethepeopleinc.org"
3.141.40.242 - - [18/Apr/2025:09:23:31 -0400] "GET /ad917/?path=%2Fhome%2F.%2F..%2Flib%2Fdebug%2F..%2Fmodules-load.d%2F..%2Flocale%2Fen_IN HTTP/1.1" 200 1899 "-" "Mozilla/5.0 AppleWebKit/537.36 (KHTML, like Gecko; compatible; ClaudeBot/1.0; +claudebot@anthropic.com)"
3.141.40.242 - - [18/Apr/2025:09:23:34 -0400] "GET /ad917/?path=%2Fhome%2F.%2F..%2Flib%2Fdebug%2F..%2Fmodules-load.d%2F..%2Flocale%2Fen_GB HTTP/1.1" 200 1938 "-" "Mozilla/5.0 AppleWebKit/537.36 (KHTML, like Gecko; compatible; ClaudeBot/1.0; +claudebot@anthropic.com)"
3.141.40.242 - - [18/Apr/2025:09:23:37 -0400] "GET /ad917/?path=%2Fhome%2F.%2F..%2Flib%2Fdebug%2F..%2Fmodules-load.d%2F..%2Flocale%2Fen_AG HTTP/1.1" 200 1936 "-" "Mozilla/5.0 AppleWebKit/537.36 (KHTML, like Gecko; compatible; ClaudeBot/1.0; +claudebot@anthropic.com)"
3.141.40.242 - - [18/Apr/2025:09:23:40 -0400] "GET /ad917/?path=%2Fhome%2F.%2F..%2Flib%2Fdebug%2F..%2Fmodules-load.d%2F..%2Flocale%2Fen_DK HTTP/1.1" 200 1926 "-" "Mozilla/5.0 AppleWebKit/537.36 (KHTML, like Gecko; compatible; ClaudeBot/1.0; +claudebot@anthropic.com)"
3.141.40.242 - - [18/Apr/2025:09:23:43 -0400] "GET /ad917/?path=%2Fhome%2F.%2F..%2Flib%2Fdebug%2F..%2Fmodules-load.d%2F..%2Flocale%2Fen_SG HTTP/1.1" 200 1927 "-" "Mozilla/5.0 AppleWebKit/537.36 (KHTML, like Gecko; compatible; ClaudeBot/1.0; +claudebot@anthropic.com)"
3.141.40.242 - - [18/Apr/2025:09:23:46 -0400] "GET /ad917/?path=%2Fhome%2F.%2F..%2Flib%2Fdebug%2F..%2Fmodules-load.d%2F..%2Flocale%2Fen_IE HTTP/1.1" 200 1936 "-" "Mozilla/5.0 AppleWebKit/537.36 (KHTML, like Gecko; compatible; ClaudeBot/1.0; +claudebot@anthropic.com)"
3.141.40.242 - - [18/Apr/2025:09:23:49 -0400] "GET /ad917/?path=%2Fhome%2F.%2F..%2Flib%2Fdebug%2F..%2Fmodules-load.d%2F..%2Flocale%2Fen_ZW HTTP/1.1" 200 1939 "-" "Mozilla/5.0 AppleWebKit/537.36 (KHTML, like Gecko; compatible; ClaudeBot/1.0; +claudebot@anthropic.com)"
52.167.144.150 - - [18/Apr/2025:09:23:50 -0400] "GET /info/dedicatee/92438282.shtml HTTP/1.1" 404 16952 "-" "Mozilla/5.0 AppleWebKit/537.36 (KHTML, like Gecko; compatible; bingbot/2.0; +http://www.bing.com/bingbot.htm) Chrome/116.0.1938.76 Safari/537.36"
3.141.40.242 - - [18/Apr/2025:09:23:52 -0400] "GET /ad917/?path=%2Fhome%2F.%2F..%2Flib%2Fdebug%2F..%2Fmodules-load.d%2F..%2Flocale%2Fen_PH HTTP/1.1" 200 1937 "-" "Mozilla/5.0 AppleWebKit/537.36 (KHTML, like Gecko; compatible; ClaudeBot/1.0; +claudebot@anthropic.com)"
3.141.40.242 - - [18/Apr/2025:09:23:55 -0400] "GET /ad917/?path=%2Fhome%2F.%2F..%2Flib%2Fdebug%2F..%2Fmodules-load.d%2F..%2Flocale%2Fen_AU HTTP/1.1" 200 1937 "-" "Mozilla/5.0 AppleWebKit/537.36 (KHTML, like Gecko; compatible; ClaudeBot/1.0; +claudebot@anthropic.com)"
3.141.40.242 - - [18/Apr/2025:09:23:58 -0400] "GET /ad917/?path=%2Fhome%2Fservlmvm%2F..%2F..%2Flib%2Flocale%2Fen_US.utf8%40ampm%2FLC_TIME HTTP/1.1" 200 977 "-" "Mozilla/5.0 AppleWebKit/537.36 (KHTML, like Gecko; compatible; ClaudeBot/1.0; +claudebot@anthropic.com)"
40.77.167.55 - - [18/Apr/2025:09:24:00 -0400] "GET /item/ju/linaria46870740.shtml HTTP/1.1" 301 0 "-" "Mozilla/5.0 AppleWebKit/537.36 (KHTML, like Gecko; compatible; bingbot/2.0; +http://www.bing.com/bingbot.htm) Chrome/116.0.1938.76 Safari/537.36"
3.141.40.242 - - [18/Apr/2025:09:24:01 -0400] "GET /ad917/?path=%2Fhome%2Fservlmvm%2F..%2F..%2Flib%2Flocale%2Fen_US.utf8%40ampm%2FLC_NAME HTTP/1.1" 200 1034 "-" "Mozilla/5.0 AppleWebKit/537.36 (KHTML, like Gecko; compatible; ClaudeBot/1.0; +claudebot@anthropic.com)"
3.141.40.242 - - [18/Apr/2025:09:24:04 -0400] "GET /ad917/?path=%2Fhome%2F.%2Fservlmvm%2Fspekkshealth.com%2Fwp-content%2Fwflogs%2Fips.php HTTP/1.1" 200 1025 "-" "Mozilla/5.0 AppleWebKit/537.36 (KHTML, like Gecko; compatible; ClaudeBot/1.0; +claudebot@anthropic.com)"
3.141.40.242 - - [18/Apr/2025:09:24:07 -0400] "GET /ad917/?path=%2Fhome%2F.%2F..%2Fproc%2F..%2Flib64%2Fgstreamer-1.0%2F..%2Fpython3.6%2F. HTTP/1.1" 200 7548 "-" "Mozilla/5.0 AppleWebKit/537.36 (KHTML, like Gecko; compatible; ClaudeBot/1.0; +claudebot@anthropic.com)"
198.54.116.86 - - [18/Apr/2025:09:24:10 -0400] "POST /wp-cron.php?doing_wp_cron=1744982650.2040030956268310546875 HTTP/1.1" 200 0 "-" "WordPress/6.8; https://servethepeopleinc.org"
40.77.167.55 - - [18/Apr/2025:09:24:10 -0400] "GET /info52385692.shtml HTTP/1.1" 301 0 "-" "Mozilla/5.0 AppleWebKit/537.36 (KHTML, like Gecko; compatible; bingbot/2.0; +http://www.bing.com/bingbot.htm) Chrome/116.0.1938.76 Safari/537.36"
3.141.40.242 - - [18/Apr/2025:09:24:10 -0400] "GET /ad917/?path=%2Fhome%2F.%2F..%2Fproc%2F..%2Flib64%2Fgstreamer-1.0%2F..%2Fpkgconfig%2F. HTTP/1.1" 200 4656 "-" "Mozilla/5.0 AppleWebKit/537.36 (KHTML, like Gecko; compatible; ClaudeBot/1.0; +claudebot@anthropic.com)"
198.54.116.86 - - [18/Apr/2025:09:24:10 -0400] "POST /wp-admin/admin-ajax.php?action=async_litespeed&nonce=1rMaPhrTEFEH5N0SCdSaCFuQGGiTDTT3&litespeed_type=imgoptm HTTP/1.1" 200 21 "-" "WordPress/6.8; https://servethepeopleinc.org"
3.141.40.242 - - [18/Apr/2025:09:24:13 -0400] "GET /ad917/?path=%2Fhome%2F.%2F..%2Flib%2Fdebug%2F..%2Fmodules-load.d%2F..%2Ffirewalld%2F. HTTP/1.1" 200 1640 "-" "Mozilla/5.0 AppleWebKit/537.36 (KHTML, like Gecko; compatible; ClaudeBot/1.0; +claudebot@anthropic.com)"
3.141.40.242 - - [18/Apr/2025:09:24:16 -0400] "GET /ad917/?path=%2Fhome%2F.%2F..%2Fproc%2F..%2Flib64%2Fgstreamer-1.0%2F..%2Fpython3.8%2F. HTTP/1.1" 200 7626 "-" "Mozilla/5.0 AppleWebKit/537.36 (KHTML, like Gecko; compatible; ClaudeBot/1.0; +claudebot@anthropic.com)"
3.141.40.242 - - [18/Apr/2025:09:24:19 -0400] "GET /ad917/?path=%2Fhome%2F.%2F.%2F..%2Fusr%2Flib64%2Fgirepository-1.0%2F..%2Fsecurity%2F. HTTP/1.1" 200 3270 "-" "Mozilla/5.0 AppleWebKit/537.36 (KHTML, like Gecko; compatible; ClaudeBot/1.0; +claudebot@anthropic.com)"
3.141.40.242 - - [18/Apr/2025:09:24:22 -0400] "GET /ad917/?path=%2Fhome%2F.%2F.%2F..%2Fusr%2Flib64%2Fgirepository-1.0%2F..%2Fgraphviz%2F. HTTP/1.1" 200 2077 "-" "Mozilla/5.0 AppleWebKit/537.36 (KHTML, like Gecko; compatible; ClaudeBot/1.0; +claudebot@anthropic.com)"
3.141.40.242 - - [18/Apr/2025:09:24:25 -0400] "GET /ad917/?path=%2Fhome%2F.%2F..%2Fproc%2F..%2Flib64%2Fopen-vm-tools%2F..%2Fpython3.6%2F. HTTP/1.1" 200 7515 "-" "Mozilla/5.0 AppleWebKit/537.36 (KHTML, like Gecko; compatible; ClaudeBot/1.0; +claudebot@anthropic.com)"
3.141.40.242 - - [18/Apr/2025:09:24:28 -0400] "GET /ad917/?path=%2Fhome%2F.%2F..%2Flib%2Fdebug%2F..%2Fmodules-load.d%2F..%2Fpython2.7%2F. HTTP/1.1" 200 1489 "-" "Mozilla/5.0 AppleWebKit/537.36 (KHTML, like Gecko; compatible; ClaudeBot/1.0; +claudebot@anthropic.com)"
40.77.167.55 - - [18/Apr/2025:09:24:30 -0400] "GET /entity/jkk/chromolithography/50917708.shtml HTTP/1.1" 301 0 "-" "Mozilla/5.0 AppleWebKit/537.36 (KHTML, like Gecko; compatible; bingbot/2.0; +http://www.bing.com/bingbot.htm) Chrome/116.0.1938.76 Safari/537.36"
3.141.40.242 - - [18/Apr/2025:09:24:31 -0400] "GET /ad917/?path=%2Fhome%2F.%2F..%2Flib%2Fdebug%2F..%2Fmodules-load.d%2F..%2F.build-id%2F. HTTP/1.1" 200 3545 "-" "Mozilla/5.0 AppleWebKit/537.36 (KHTML, like Gecko; compatible; ClaudeBot/1.0; +claudebot@anthropic.com)"
3.141.40.242 - - [18/Apr/2025:09:24:34 -0400] "GET /ad917/?path=%2Fhome%2F.%2F..%2Flib%2Fdebug%2F..%2FNetworkManager%2F..%2Ffirewalld%2F. HTTP/1.1" 200 1640 "-" "Mozilla/5.0 AppleWebKit/537.36 (KHTML, like Gecko; compatible; ClaudeBot/1.0; +claudebot@anthropic.com)"
3.141.40.242 - - [18/Apr/2025:09:24:37 -0400] "GET /ad917/?path=%2Fhome%2F.%2F.%2F..%2Fusr%2Flib64%2Fgirepository-1.0%2F..%2Fgssproxy%2F. HTTP/1.1" 200 1530 "-" "Mozilla/5.0 AppleWebKit/537.36 (KHTML, like Gecko; compatible; ClaudeBot/1.0; +claudebot@anthropic.com)"
3.141.40.242 - - [18/Apr/2025:09:24:40 -0400] "GET /ad917/?path=%2Fhome%2F.%2F..%2Fproc%2F..%2Flib64%2Fopen-vm-tools%2F..%2Fpython2.7%2F. HTTP/1.1" 200 16190 "-" "Mozilla/5.0 AppleWebKit/537.36 (KHTML, like Gecko; compatible; ClaudeBot/1.0; +claudebot@anthropic.com)"
3.141.40.242 - - [18/Apr/2025:09:24:43 -0400] "GET /ad917/?path=%2Fhome%2F.%2F.%2F..%2Fusr%2Flib64%2Fgirepository-1.0%2F..%2Fhmaccalc%2F. HTTP/1.1" 200 1655 "-" "Mozilla/5.0 AppleWebKit/537.36 (KHTML, like Gecko; compatible; ClaudeBot/1.0; +claudebot@anthropic.com)"
3.141.40.242 - - [18/Apr/2025:09:24:46 -0400] "GET /ad917/?path=%2Fhome%2F.%2F..%2F..%2Fvar%2Flog%2F..%2Fsoftaculous%2Fopeneshop%2Fimages HTTP/1.1" 200 1561 "-" "Mozilla/5.0 AppleWebKit/537.36 (KHTML, like Gecko; compatible; ClaudeBot/1.0; +claudebot@anthropic.com)"
3.141.40.242 - - [18/Apr/2025:09:24:49 -0400] "GET /ad917/?path=%2Fhome%2Fservlmvm%2Fpublic_html%2F..%2Flscache%2F..%2Flscache%2F.cm.log HTTP/1.1" 200 973 "-" "Mozilla/5.0 AppleWebKit/537.36 (KHTML, like Gecko; compatible; ClaudeBot/1.0; +claudebot@anthropic.com)"
3.141.40.242 - - [18/Apr/2025:09:24:52 -0400] "GET /ad917/?path=%2Fhome%2F.%2F..%2Flib64%2Fapr-util-1%2F..%2Fpkgconfig%2F..%2Flibncurses HTTP/1.1" 200 1229 "-" "Mozilla/5.0 AppleWebKit/537.36 (KHTML, like Gecko; compatible; ClaudeBot/1.0; +claudebot@anthropic.com)"
3.141.40.242 - - [18/Apr/2025:09:24:55 -0400] "GET /ad917/?path=%2Fhome%2F.%2F.%2F..%2Fusr%2Flib64%2Fgirepository-1.0%2F..%2Fcmake%2FQt5 HTTP/1.1" 200 1457 "-" "Mozilla/5.0 AppleWebKit/537.36 (KHTML, like Gecko; compatible; ClaudeBot/1.0; +claudebot@anthropic.com)"
3.141.40.242 - - [18/Apr/2025:09:24:58 -0400] "GET /ad917/?path=%2Fhome%2F.%2F..%2F..%2Fvar%2Flog%2F..%2Fsoftaculous%2Fopeneshop%2Fphp71 HTTP/1.1" 200 1620 "-" "Mozilla/5.0 AppleWebKit/537.36 (KHTML, like Gecko; compatible; ClaudeBot/1.0; +claudebot@anthropic.com)"
3.141.40.242 - - [18/Apr/2025:09:25:01 -0400] "GET /ad917/?path=%2Fhome%2F.%2F..%2F..%2Fvar%2Flog%2F..%2Fsoftaculous%2Fopeneshop%2Fphp82 HTTP/1.1" 200 1623 "-" "Mozilla/5.0 AppleWebKit/537.36 (KHTML, like Gecko; compatible; ClaudeBot/1.0; +claudebot@anthropic.com)"
3.141.40.242 - - [18/Apr/2025:09:25:04 -0400] "GET /ad917/?path=%2Fhome%2F.%2F..%2F..%2Fvar%2Flog%2F..%2Fsoftaculous%2Fopeneshop%2Fphp56 HTTP/1.1" 200 1654 "-" "Mozilla/5.0 AppleWebKit/537.36 (KHTML, like Gecko; compatible; ClaudeBot/1.0; +claudebot@anthropic.com)"
3.141.40.242 - - [18/Apr/2025:09:25:07 -0400] "GET /ad917/?path=%2Fhome%2F.%2F..%2F..%2Fvar%2Flog%2F..%2Fsoftaculous%2Fopeneshop%2Fphp53 HTTP/1.1" 200 1622 "-" "Mozilla/5.0 AppleWebKit/537.36 (KHTML, like Gecko; compatible; ClaudeBot/1.0; +claudebot@anthropic.com)"
3.141.40.242 - - [18/Apr/2025:09:25:10 -0400] "GET /ad917/?path=%2Fhome%2F.%2F..%2F..%2Fvar%2Flog%2F..%2Fsoftaculous%2Fopeneshop%2Fphp81 HTTP/1.1" 200 1619 "-" "Mozilla/5.0 AppleWebKit/537.36 (KHTML, like Gecko; compatible; ClaudeBot/1.0; +claudebot@anthropic.com)"
198.54.116.86 - - [18/Apr/2025:09:25:12 -0400] "POST /wp-cron.php?doing_wp_cron=1744982712.2684340476989746093750 HTTP/1.1" 200 0 "-" "WordPress/6.8; https://servethepeopleinc.org"
40.77.167.55 - - [18/Apr/2025:09:25:12 -0400] "GET /products/y/alvearies/ HTTP/1.1" 301 0 "-" "Mozilla/5.0 AppleWebKit/537.36 (KHTML, like Gecko; compatible; bingbot/2.0; +http://www.bing.com/bingbot.htm) Chrome/116.0.1938.76 Safari/537.36"
198.54.116.86 - - [18/Apr/2025:09:25:12 -0400] "POST /wp-admin/admin-ajax.php?action=async_litespeed&nonce=ghmwGyWCdm7Zkj83DYnjd2y6W3olD477&litespeed_type=imgoptm HTTP/1.1" 200 21 "-" "WordPress/6.8; https://servethepeopleinc.org"
3.141.40.242 - - [18/Apr/2025:09:25:13 -0400] "GET /ad917/?path=%2Fhome%2F.%2F.%2F..%2Fusr%2Flib64%2Fgirepository-1.0%2F..%2Fmysql%2F.. HTTP/1.1" 200 45489 "-" "Mozilla/5.0 AppleWebKit/537.36 (KHTML, like Gecko; compatible; ClaudeBot/1.0; +claudebot@anthropic.com)"
52.167.144.163 - - [18/Apr/2025:09:25:17 -0400] "GET /detail46756416.shtml HTTP/1.1" 301 0 "-" "Mozilla/5.0 AppleWebKit/537.36 (KHTML, like Gecko; compatible; bingbot/2.0; +http://www.bing.com/bingbot.htm) Chrome/116.0.1938.76 Safari/537.36"
40.77.167.77 - - [18/Apr/2025:09:25:20 -0400] "GET /detail/ei/windsucking34123682.shtml HTTP/1.1" 404 16950 "-" "Mozilla/5.0 AppleWebKit/537.36 (KHTML, like Gecko; compatible; bingbot/2.0; +http://www.bing.com/bingbot.htm) Chrome/116.0.1938.76 Safari/537.36"
3.16.56.30 - - [18/Apr/2025:09:25:42 -0400] "GET /ad917/?path=%2Fhome%2F.%2F..%2Flib%2Fdebug%2F..%2Fmodules-load.d%2F..%2F.build-id%2F49 HTTP/1.1" 200 2526 "-" "Mozilla/5.0 AppleWebKit/537.36 (KHTML, like Gecko; compatible; ClaudeBot/1.0; +claudebot@anthropic.com)"
3.16.56.30 - - [18/Apr/2025:09:25:45 -0400] "GET /ad917/?path=%2Fhome%2F.%2F..%2Flib%2Fdebug%2F..%2Fmodules-load.d%2F..%2F.build-id%2F05 HTTP/1.1" 200 3012 "-" "Mozilla/5.0 AppleWebKit/537.36 (KHTML, like Gecko; compatible; ClaudeBot/1.0; +claudebot@anthropic.com)"
3.16.56.30 - - [18/Apr/2025:09:25:48 -0400] "GET /ad917/?path=%2Fhome%2F.%2F.%2F..%2Fusr%2Flib64%2Fgirepository-1.0%2F..%2Fgalera-4%2F.. HTTP/1.1" 200 42061 "-" "Mozilla/5.0 AppleWebKit/537.36 (KHTML, like Gecko; compatible; ClaudeBot/1.0; +claudebot@anthropic.com)"
3.16.56.30 - - [18/Apr/2025:09:25:51 -0400] "GET /ad917/?path=%2Fhome%2F.%2F..%2Flib%2Fdebug%2F..%2Fmodules-load.d%2F..%2F.build-id%2Fee HTTP/1.1" 200 2680 "-" "Mozilla/5.0 AppleWebKit/537.36 (KHTML, like Gecko; compatible; ClaudeBot/1.0; +claudebot@anthropic.com)"
3.16.56.30 - - [18/Apr/2025:09:25:54 -0400] "GET /ad917/?path=%2Fhome%2F.%2F..%2Flib%2Fdebug%2F..%2Fmodules-load.d%2F..%2F.build-id%2F6a HTTP/1.1" 200 2976 "-" "Mozilla/5.0 AppleWebKit/537.36 (KHTML, like Gecko; compatible; ClaudeBot/1.0; +claudebot@anthropic.com)"
3.16.56.30 - - [18/Apr/2025:09:25:57 -0400] "GET /ad917/?path=%2Fhome%2F.%2F..%2Flib%2Fdebug%2F..%2Fmodules-load.d%2F..%2F.build-id%2F8b HTTP/1.1" 200 2700 "-" "Mozilla/5.0 AppleWebKit/537.36 (KHTML, like Gecko; compatible; ClaudeBot/1.0; +claudebot@anthropic.com)"
3.16.56.30 - - [18/Apr/2025:09:26:00 -0400] "GET /ad917/?path=%2Fhome%2F.%2F..%2Flib%2Fdebug%2F..%2Fmodules-load.d%2F..%2F.build-id%2Fc1 HTTP/1.1" 200 2382 "-" "Mozilla/5.0 AppleWebKit/537.36 (KHTML, like Gecko; compatible; ClaudeBot/1.0; +claudebot@anthropic.com)"
3.16.56.30 - - [18/Apr/2025:09:26:03 -0400] "GET /ad917/?path=%2Fhome%2F.%2F..%2Flib%2Fdebug%2F..%2Fmodules-load.d%2F..%2F.build-id%2F96 HTTP/1.1" 200 2997 "-" "Mozilla/5.0 AppleWebKit/537.36 (KHTML, like Gecko; compatible; ClaudeBot/1.0; +claudebot@anthropic.com)"
3.16.56.30 - - [18/Apr/2025:09:26:06 -0400] "GET /ad917/?path=%2Fhome%2F.%2F..%2Flib%2Fdebug%2F..%2Fmodules-load.d%2F..%2F.build-id%2F40 HTTP/1.1" 200 2657 "-" "Mozilla/5.0 AppleWebKit/537.36 (KHTML, like Gecko; compatible; ClaudeBot/1.0; +claudebot@anthropic.com)"
198.54.116.86 - - [18/Apr/2025:09:26:08 -0400] "POST /wp-cron.php?doing_wp_cron=1744982767.9988350868225097656250 HTTP/1.1" 200 0 "-" "WordPress/6.8; https://servethepeopleinc.org"
52.167.144.163 - - [18/Apr/2025:09:26:07 -0400] "GET /goodscode108188834.shtml HTTP/1.1" 301 0 "-" "Mozilla/5.0 AppleWebKit/537.36 (KHTML, like Gecko; compatible; bingbot/2.0; +http://www.bing.com/bingbot.htm) Chrome/116.0.1938.76 Safari/537.36"
198.54.116.86 - - [18/Apr/2025:09:26:08 -0400] "POST /wp-admin/admin-ajax.php?action=async_litespeed&nonce=duRGuH2JJPuhuFMPgrD8JIwq3HlhfmJy&litespeed_type=imgoptm HTTP/1.1" 200 21 "-" "WordPress/6.8; https://servethepeopleinc.org"
3.16.56.30 - - [18/Apr/2025:09:26:09 -0400] "GET /ad917/?path=%2Fhome%2F.%2F..%2Flib%2Fdebug%2F..%2Fmodules-load.d%2F..%2F.build-id%2F48 HTTP/1.1" 200 2599 "-" "Mozilla/5.0 AppleWebKit/537.36 (KHTML, like Gecko; compatible; ClaudeBot/1.0; +claudebot@anthropic.com)"
3.16.56.30 - - [18/Apr/2025:09:26:12 -0400] "GET /ad917/?path=%2Fhome%2F.%2F..%2Flib%2Fdebug%2F..%2Fmodules-load.d%2F..%2F.build-id%2F74 HTTP/1.1" 200 2600 "-" "Mozilla/5.0 AppleWebKit/537.36 (KHTML, like Gecko; compatible; ClaudeBot/1.0; +claudebot@anthropic.com)"
3.16.56.30 - - [18/Apr/2025:09:26:15 -0400] "GET /ad917/?path=%2Fhome%2F.%2F..%2Flib%2Fdebug%2F..%2Fmodules-load.d%2F..%2F.build-id%2F83 HTTP/1.1" 200 2562 "-" "Mozilla/5.0 AppleWebKit/537.36 (KHTML, like Gecko; compatible; ClaudeBot/1.0; +claudebot@anthropic.com)"
3.16.56.30 - - [18/Apr/2025:09:26:18 -0400] "GET /ad917/?path=%2Fhome%2F.%2F..%2Flib%2Fdebug%2F..%2Fmodules-load.d%2F..%2F.build-id%2Fd0 HTTP/1.1" 200 2261 "-" "Mozilla/5.0 AppleWebKit/537.36 (KHTML, like Gecko; compatible; ClaudeBot/1.0; +claudebot@anthropic.com)"
3.16.56.30 - - [18/Apr/2025:09:26:21 -0400] "GET /ad917/?path=%2Fhome%2F.%2F..%2Flib%2Fdebug%2F..%2Fmodules-load.d%2F..%2F.build-id%2Fb3 HTTP/1.1" 200 2554 "-" "Mozilla/5.0 AppleWebKit/537.36 (KHTML, like Gecko; compatible; ClaudeBot/1.0; +claudebot@anthropic.com)"
3.16.56.30 - - [18/Apr/2025:09:26:24 -0400] "GET /ad917/?path=%2Fhome%2F.%2F..%2Flib%2Fdebug%2F..%2Fmodules-load.d%2F..%2F.build-id%2Fd5 HTTP/1.1" 200 2734 "-" "Mozilla/5.0 AppleWebKit/537.36 (KHTML, like Gecko; compatible; ClaudeBot/1.0; +claudebot@anthropic.com)"
3.16.56.30 - - [18/Apr/2025:09:26:27 -0400] "GET /ad917/?path=%2Fhome%2F.%2F..%2Flib%2Fdebug%2F..%2Fmodules-load.d%2F..%2F.build-id%2Ffb HTTP/1.1" 200 2901 "-" "Mozilla/5.0 AppleWebKit/537.36 (KHTML, like Gecko; compatible; ClaudeBot/1.0; +claudebot@anthropic.com)"
3.16.56.30 - - [18/Apr/2025:09:26:30 -0400] "GET /ad917/?path=%2Fhome%2F.%2F..%2Flib%2Fdebug%2F..%2Fmodules-load.d%2F..%2F.build-id%2Fd8 HTTP/1.1" 200 2650 "-" "Mozilla/5.0 AppleWebKit/537.36 (KHTML, like Gecko; compatible; ClaudeBot/1.0; +claudebot@anthropic.com)"
52.167.144.166 - - [18/Apr/2025:09:26:32 -0400] "GET /shopdetail/45332044.shtml HTTP/1.1" 301 0 "-" "Mozilla/5.0 AppleWebKit/537.36 (KHTML, like Gecko; compatible; bingbot/2.0; +http://www.bing.com/bingbot.htm) Chrome/116.0.1938.76 Safari/537.36"
