3.16.137.217 - - [18/Apr/2025:11:09:16 -0400] "GET /ad917/?path=%2Fhome%2F.%2F.%2F..%2F..%2Flib64%2Fgstreamer-1.0%2F..%2Fpython3.6%2Ffilecmp.py HTTP/1.1" 200 4090 "-" "Mozilla/5.0 AppleWebKit/537.36 (KHTML, like Gecko; compatible; ClaudeBot/1.0; +claudebot@anthropic.com)"
3.16.137.217 - - [18/Apr/2025:11:09:19 -0400] "GET /ad917/?path=%2Fhome%2F.%2F.%2F..%2F..%2Flib64%2Fgstreamer-1.0%2F..%2Fpkgconfig%2Fpython2.pc HTTP/1.1" 200 1106 "-" "Mozilla/5.0 AppleWebKit/537.36 (KHTML, like Gecko; compatible; ClaudeBot/1.0; +claudebot@anthropic.com)"
3.16.137.217 - - [18/Apr/2025:11:09:22 -0400] "GET /ad917/?path=%2Fhome%2F.%2F.%2F..%2F..%2Flib64%2Fgstreamer-1.0%2F..%2Fpython3.6%2Fhashlib.py HTTP/1.1" 200 3878 "-" "Mozilla/5.0 AppleWebKit/537.36 (KHTML, like Gecko; compatible; ClaudeBot/1.0; +claudebot@anthropic.com)"
3.16.137.217 - - [18/Apr/2025:11:09:25 -0400] "GET /ad917/?path=%2Fhome%2F.%2F.%2F..%2F..%2Flib64%2Fgstreamer-1.0%2F..%2Fpython3.6%2Fimaplib.py HTTP/1.1" 200 16360 "-" "Mozilla/5.0 AppleWebKit/537.36 (KHTML, like Gecko; compatible; ClaudeBot/1.0; +claudebot@anthropic.com)"
3.16.137.217 - - [18/Apr/2025:11:09:28 -0400] "GET /ad917/?path=%2Fhome%2F.%2F.%2F..%2F..%2Flib64%2Fgstreamer-1.0%2F..%2Fpython3.6%2Fkeyword.py HTTP/1.1" 200 1954 "-" "Mozilla/5.0 AppleWebKit/537.36 (KHTML, like Gecko; compatible; ClaudeBot/1.0; +claudebot@anthropic.com)"
3.16.137.217 - - [18/Apr/2025:11:09:31 -0400] "GET /ad917/?path=%2Fhome%2F.%2F.%2F..%2F..%2Flib64%2Fgstreamer-1.0%2F..%2Fpkgconfig%2Fxcb-glx.pc HTTP/1.1" 200 1092 "-" "Mozilla/5.0 AppleWebKit/537.36 (KHTML, like Gecko; compatible; ClaudeBot/1.0; +claudebot@anthropic.com)"
3.16.137.217 - - [18/Apr/2025:11:09:34 -0400] "GET /ad917/?path=%2Fhome%2F.%2F.%2F..%2F..%2Flib64%2Fgstreamer-1.0%2F..%2Fpython3.6%2Finspect.py HTTP/1.1" 200 30966 "-" "Mozilla/5.0 AppleWebKit/537.36 (KHTML, like Gecko; compatible; ClaudeBot/1.0; +claudebot@anthropic.com)"
3.16.137.217 - - [18/Apr/2025:11:09:37 -0400] "GET /ad917/?path=%2Fhome%2F.%2F.%2F..%2F..%2Flib64%2Fgstreamer-1.0%2F..%2Fpkgconfig%2Fmariadb.pc HTTP/1.1" 200 1337 "-" "Mozilla/5.0 AppleWebKit/537.36 (KHTML, like Gecko; compatible; ClaudeBot/1.0; +claudebot@anthropic.com)"
40.77.167.230 - - [18/Apr/2025:11:09:40 -0400] "GET /detail/gs/argophylla49448846.shtml HTTP/1.1" 301 0 "-" "Mozilla/5.0 AppleWebKit/537.36 (KHTML, like Gecko; compatible; bingbot/2.0; +http://www.bing.com/bingbot.htm) Chrome/116.0.1938.76 Safari/537.36"
3.16.137.217 - - [18/Apr/2025:11:09:40 -0400] "GET /ad917/?path=%2Fhome%2F.%2F..%2Flib%2Flocale%2F..%2F..%2Flib64%2Flibgstisoff-1.0.so.0.1601.0 HTTP/1.1" 200 976 "-" "Mozilla/5.0 AppleWebKit/537.36 (KHTML, like Gecko; compatible; ClaudeBot/1.0; +claudebot@anthropic.com)"
40.77.167.75 - - [18/Apr/2025:11:09:41 -0400] "GET /product/dte/unpicked46666364.shtml HTTP/1.1" 404 16950 "-" "Mozilla/5.0 AppleWebKit/537.36 (KHTML, like Gecko; compatible; bingbot/2.0; +http://www.bing.com/bingbot.htm) Chrome/116.0.1938.76 Safari/537.36"
198.54.116.86 - - [18/Apr/2025:11:10:20 -0400] "POST /wp-cron.php?doing_wp_cron=1744989020.4045100212097167968750 HTTP/1.1" 200 0 "-" "WordPress/6.8; https://servethepeopleinc.org"
40.77.167.230 - - [18/Apr/2025:11:10:20 -0400] "GET /shopdetail/bisexous85269134.shtml HTTP/1.1" 301 0 "-" "Mozilla/5.0 AppleWebKit/537.36 (KHTML, like Gecko; compatible; bingbot/2.0; +http://www.bing.com/bingbot.htm) Chrome/116.0.1938.76 Safari/537.36"
198.54.116.86 - - [18/Apr/2025:11:10:20 -0400] "POST /wp-admin/admin-ajax.php?action=async_litespeed&nonce=uZPfsmnwAgIcOHHByRtkK04ECCq4hjFQ&litespeed_type=imgoptm HTTP/1.1" 200 21 "-" "WordPress/6.8; https://servethepeopleinc.org"
40.77.167.46 - - [18/Apr/2025:11:10:27 -0400] "GET /products40953108.shtml HTTP/1.1" 404 16941 "-" "Mozilla/5.0 AppleWebKit/537.36 (KHTML, like Gecko; compatible; bingbot/2.0; +http://www.bing.com/bingbot.htm) Chrome/116.0.1938.76 Safari/537.36"
52.167.144.160 - - [18/Apr/2025:11:10:37 -0400] "GET /goodscode46786198.shtml HTTP/1.1" 301 0 "-" "Mozilla/5.0 AppleWebKit/537.36 (KHTML, like Gecko; compatible; bingbot/2.0; +http://www.bing.com/bingbot.htm) Chrome/116.0.1938.76 Safari/537.36"
52.167.144.171 - - [18/Apr/2025:11:11:00 -0400] "GET /info77447054.shtml HTTP/1.1" 404 16944 "-" "Mozilla/5.0 AppleWebKit/537.36 (KHTML, like Gecko; compatible; bingbot/2.0; +http://www.bing.com/bingbot.htm) Chrome/116.0.1938.76 Safari/537.36"
198.54.116.86 - - [18/Apr/2025:11:11:17 -0400] "POST /wp-cron.php?doing_wp_cron=1744989077.1562149524688720703125 HTTP/1.1" 200 0 "-" "WordPress/6.8; https://servethepeopleinc.org"
52.167.144.160 - - [18/Apr/2025:11:11:17 -0400] "GET /shopping/66793418.shtml HTTP/1.1" 301 0 "-" "Mozilla/5.0 AppleWebKit/537.36 (KHTML, like Gecko; compatible; bingbot/2.0; +http://www.bing.com/bingbot.htm) Chrome/116.0.1938.76 Safari/537.36"
198.54.116.86 - - [18/Apr/2025:11:11:17 -0400] "POST /wp-admin/admin-ajax.php?action=async_litespeed&nonce=bafgPG60wGVqmHCRofM3jEBnpNtbOtdR&litespeed_type=imgoptm HTTP/1.1" 200 21 "-" "WordPress/6.8; https://servethepeopleinc.org"
66.249.77.42 - - [18/Apr/2025:11:11:21 -0400] "GET /product/9912820.shtml HTTP/1.1" 404 16941 "-" "Mozilla/5.0 (Linux; Android 6.0.1; Nexus 5X Build/MMB29P) AppleWebKit/537.36 (KHTML, like Gecko) Chrome/135.0.7049.95 Mobile Safari/537.36 (compatible; Googlebot/2.1; +http://www.google.com/bot.html)"
18.188.159.66 - - [18/Apr/2025:11:11:30 -0400] "GET /ad917/?path=%2Fhome%2F.%2F.%2F..%2F..%2Flib64%2Fgstreamer-1.0%2F..%2Fpkgconfig%2Fx11-xcb.pc HTTP/1.1" 200 1100 "-" "Mozilla/5.0 AppleWebKit/537.36 (KHTML, like Gecko; compatible; ClaudeBot/1.0; +claudebot@anthropic.com)"
18.188.159.66 - - [18/Apr/2025:11:11:33 -0400] "GET /ad917/?path=%2Fhome%2F.%2F.%2F..%2F..%2Flib64%2Fgstreamer-1.0%2F..%2Fpython3.6%2Fgettext.py HTTP/1.1" 200 7634 "-" "Mozilla/5.0 AppleWebKit/537.36 (KHTML, like Gecko; compatible; ClaudeBot/1.0; +claudebot@anthropic.com)"
18.188.159.66 - - [18/Apr/2025:11:11:36 -0400] "GET /ad917/?path=%2Fhome%2F.%2F.%2F..%2F..%2Flib64%2Fgstreamer-1.0%2F..%2Fpython3.6%2Fmacpath.py HTTP/1.1" 200 3346 "-" "Mozilla/5.0 AppleWebKit/537.36 (KHTML, like Gecko; compatible; ClaudeBot/1.0; +claudebot@anthropic.com)"
52.167.144.160 - - [18/Apr/2025:11:11:37 -0400] "GET /shopping/dsc/idiosyncrasies/24552192.shtml HTTP/1.1" 301 0 "-" "Mozilla/5.0 AppleWebKit/537.36 (KHTML, like Gecko; compatible; bingbot/2.0; +http://www.bing.com/bingbot.htm) Chrome/116.0.1938.76 Safari/537.36"
18.188.159.66 - - [18/Apr/2025:11:11:39 -0400] "GET /ad917/?path=%2Fhome%2F.%2F.%2F..%2F..%2Flib64%2Fgstreamer-1.0%2F..%2Fpython3.6%2Fconcurrent HTTP/1.1" 200 1606 "-" "Mozilla/5.0 AppleWebKit/537.36 (KHTML, like Gecko; compatible; ClaudeBot/1.0; +claudebot@anthropic.com)"
18.188.159.66 - - [18/Apr/2025:11:11:42 -0400] "GET /ad917/?path=%2Fhome%2F.%2F.%2F..%2F..%2Flib64%2Fgstreamer-1.0%2F..%2Fpython3.6%2Fsecrets.py HTTP/1.1" 200 1849 "-" "Mozilla/5.0 AppleWebKit/537.36 (KHTML, like Gecko; compatible; ClaudeBot/1.0; +claudebot@anthropic.com)"
18.188.159.66 - - [18/Apr/2025:11:11:54 -0400] "GET /ad917/?path=%2Fhome%2F.%2F.%2F..%2F..%2Flib64%2Fgstreamer-1.0%2F..%2Fpython3.6%2Fsmtplib.py HTTP/1.1" 200 13948 "-" "Mozilla/5.0 AppleWebKit/537.36 (KHTML, like Gecko; compatible; ClaudeBot/1.0; +claudebot@anthropic.com)"
18.188.159.66 - - [18/Apr/2025:11:11:57 -0400] "GET /ad917/?path=%2Fhome%2F.%2F.%2F..%2F..%2Flib64%2Fgstreamer-1.0%2F..%2Fpython3.6%2Fgetpass.py HTTP/1.1" 200 3205 "-" "Mozilla/5.0 AppleWebKit/537.36 (KHTML, like Gecko; compatible; ClaudeBot/1.0; +claudebot@anthropic.com)"
18.188.159.66 - - [18/Apr/2025:11:12:00 -0400] "GET /ad917/?path=%2Fhome%2F.%2F.%2F..%2F..%2Flib64%2Fgstreamer-1.0%2F..%2Fpkgconfig%2Flibcurl.pc HTTP/1.1" 200 2453 "-" "Mozilla/5.0 AppleWebKit/537.36 (KHTML, like Gecko; compatible; ClaudeBot/1.0; +claudebot@anthropic.com)"
18.188.159.66 - - [18/Apr/2025:11:12:03 -0400] "GET /ad917/?path=%2Fhome%2F.%2F.%2F..%2F..%2Flib64%2Fgstreamer-1.0%2F..%2Fpython3.6%2Fmailbox.py HTTP/1.1" 200 16305 "-" "Mozilla/5.0 AppleWebKit/537.36 (KHTML, like Gecko; compatible; ClaudeBot/1.0; +claudebot@anthropic.com)"
18.188.159.66 - - [18/Apr/2025:11:12:06 -0400] "GET /ad917/?path=%2Fhome%2F.%2F.%2F..%2F..%2Flib64%2Fgstreamer-1.0%2F..%2Fpython3.6%2Fzipfile.py HTTP/1.1" 200 21703 "-" "Mozilla/5.0 AppleWebKit/537.36 (KHTML, like Gecko; compatible; ClaudeBot/1.0; +claudebot@anthropic.com)"
18.188.159.66 - - [18/Apr/2025:11:12:09 -0400] "GET /ad917/?path=%2Fhome%2F.%2F.%2F..%2F..%2Flib64%2Fgstreamer-1.0%2F..%2Fpython3.6%2Fdoctest.py HTTP/1.1" 200 29443 "-" "Mozilla/5.0 AppleWebKit/537.36 (KHTML, like Gecko; compatible; ClaudeBot/1.0; +claudebot@anthropic.com)"
198.54.116.86 - - [18/Apr/2025:11:12:11 -0400] "POST /wp-cron.php?doing_wp_cron=1744989131.1336390972137451171875 HTTP/1.1" 200 0 "-" "WordPress/6.8; https://servethepeopleinc.org"
40.77.167.5 - - [18/Apr/2025:11:12:10 -0400] "GET /entity/xm/vesuvian16782440.shtml HTTP/1.1" 404 16949 "-" "Mozilla/5.0 AppleWebKit/537.36 (KHTML, like Gecko; compatible; bingbot/2.0; +http://www.bing.com/bingbot.htm) Chrome/116.0.1938.76 Safari/537.36"
198.54.116.86 - - [18/Apr/2025:11:12:11 -0400] "POST /wp-admin/admin-ajax.php?action=async_litespeed&nonce=H0k1nG014hNvlrO9Jc5OFF1CqyzulO3P&litespeed_type=imgoptm HTTP/1.1" 200 21 "-" "WordPress/6.8; https://servethepeopleinc.org"
40.77.167.5 - - [18/Apr/2025:11:12:13 -0400] "GET /products/5037224.shtml HTTP/1.1" 404 16941 "-" "Mozilla/5.0 AppleWebKit/537.36 (KHTML, like Gecko; compatible; bingbot/2.0; +http://www.bing.com/bingbot.htm) Chrome/116.0.1938.76 Safari/537.36"
40.77.167.79 - - [18/Apr/2025:11:12:27 -0400] "GET /detail/bodybuilder8032730.shtml HTTP/1.1" 404 16939 "-" "Mozilla/5.0 AppleWebKit/537.36 (KHTML, like Gecko; compatible; bingbot/2.0; +http://www.bing.com/bingbot.htm) Chrome/116.0.1938.76 Safari/537.36"
52.167.144.180 - - [18/Apr/2025:11:12:30 -0400] "GET /entity/toiled/80356684.shtml HTTP/1.1" 301 0 "-" "Mozilla/5.0 AppleWebKit/537.36 (KHTML, like Gecko; compatible; bingbot/2.0; +http://www.bing.com/bingbot.htm) Chrome/116.0.1938.76 Safari/537.36"
52.167.144.23 - - [18/Apr/2025:11:12:34 -0400] "GET /product/mesomyodian29943710.shtml HTTP/1.1" 301 0 "-" "Mozilla/5.0 AppleWebKit/537.36 (KHTML, like Gecko; compatible; bingbot/2.0; +http://www.bing.com/bingbot.htm) Chrome/116.0.1938.76 Safari/537.36"
40.77.167.79 - - [18/Apr/2025:11:12:37 -0400] "GET /detail/j/deflectionize/27830692.shtml HTTP/1.1" 404 16952 "-" "Mozilla/5.0 AppleWebKit/537.36 (KHTML, like Gecko; compatible; bingbot/2.0; +http://www.bing.com/bingbot.htm) Chrome/116.0.1938.76 Safari/537.36"
198.54.116.86 - - [18/Apr/2025:11:13:20 -0400] "POST /wp-cron.php?doing_wp_cron=1744989200.1310639381408691406250 HTTP/1.1" 200 0 "-" "WordPress/6.8; https://servethepeopleinc.org"
52.167.144.180 - - [18/Apr/2025:11:13:19 -0400] "GET /shopbrand/la/oxysulphuret121709952.shtml HTTP/1.1" 301 0 "-" "Mozilla/5.0 AppleWebKit/537.36 (KHTML, like Gecko; compatible; bingbot/2.0; +http://www.bing.com/bingbot.htm) Chrome/116.0.1938.76 Safari/537.36"
198.54.116.86 - - [18/Apr/2025:11:13:20 -0400] "POST /wp-admin/admin-ajax.php?action=async_litespeed&nonce=9ZTGKQxGRsPU0njJhqw3AN1GcaYWejPu&litespeed_type=imgoptm HTTP/1.1" 200 21 "-" "WordPress/6.8; https://servethepeopleinc.org"
52.167.144.191 - - [18/Apr/2025:11:13:22 -0400] "GET /detail/cantle4434376.shtml HTTP/1.1" 404 16941 "-" "Mozilla/5.0 AppleWebKit/537.36 (KHTML, like Gecko; compatible; bingbot/2.0; +http://www.bing.com/bingbot.htm) Chrome/116.0.1938.76 Safari/537.36"
3.144.229.52 - - [18/Apr/2025:11:13:57 -0400] "GET /ad917/?path=%2Fhome%2F.%2F.%2F..%2F..%2Flib64%2Fgstreamer-1.0%2F..%2Fpython3.6%2Fdifflib.py HTTP/1.1" 200 25501 "-" "Mozilla/5.0 AppleWebKit/537.36 (KHTML, like Gecko; compatible; ClaudeBot/1.0; +claudebot@anthropic.com)"
3.144.229.52 - - [18/Apr/2025:11:13:59 -0400] "GET /ad917/?path=%2Fhome%2F.%2F.%2F..%2F..%2Flib64%2Fgstreamer-1.0%2F..%2Fpython3.6%2Ftarfile.py HTTP/1.1" 200 28840 "-" "Mozilla/5.0 AppleWebKit/537.36 (KHTML, like Gecko; compatible; ClaudeBot/1.0; +claudebot@anthropic.com)"
3.144.229.52 - - [18/Apr/2025:11:14:03 -0400] "GET /ad917/?path=%2Fhome%2F.%2F.%2F..%2F..%2Flib64%2Fgstreamer-1.0%2F..%2Fpkgconfig%2Flibwebp.pc HTTP/1.1" 200 1104 "-" "Mozilla/5.0 AppleWebKit/537.36 (KHTML, like Gecko; compatible; ClaudeBot/1.0; +claudebot@anthropic.com)"
3.144.229.52 - - [18/Apr/2025:11:14:06 -0400] "GET /ad917/?path=%2Fhome%2F.%2F.%2F..%2F..%2Flib64%2Fgstreamer-1.0%2F..%2Fpython3.6%2Fweakref.py HTTP/1.1" 200 5975 "-" "Mozilla/5.0 AppleWebKit/537.36 (KHTML, like Gecko; compatible; ClaudeBot/1.0; +claudebot@anthropic.com)"
3.144.229.52 - - [18/Apr/2025:11:14:09 -0400] "GET /ad917/?path=%2Fhome%2F.%2F.%2F..%2F..%2Flib64%2Fgstreamer-1.0%2F..%2Fpython3.6%2Fnntplib.py HTTP/1.1" 200 13205 "-" "Mozilla/5.0 AppleWebKit/537.36 (KHTML, like Gecko; compatible; ClaudeBot/1.0; +claudebot@anthropic.com)"
3.144.229.52 - - [18/Apr/2025:11:14:12 -0400] "GET /ad917/?path=%2Fhome%2F.%2F.%2F..%2F..%2Flib64%2Fgstreamer-1.0%2F..%2Fpkgconfig%2Flua-5.1.pc HTTP/1.1" 200 1109 "-" "Mozilla/5.0 AppleWebKit/537.36 (KHTML, like Gecko; compatible; ClaudeBot/1.0; +claudebot@anthropic.com)"
3.144.229.52 - - [18/Apr/2025:11:14:15 -0400] "GET /ad917/?path=%2Fhome%2F.%2F.%2F..%2F..%2Flib64%2Fgstreamer-1.0%2F..%2Fpkgconfig%2Fxcb-shm.pc HTTP/1.1" 200 1094 "-" "Mozilla/5.0 AppleWebKit/537.36 (KHTML, like Gecko; compatible; ClaudeBot/1.0; +claudebot@anthropic.com)"
3.144.229.52 - - [18/Apr/2025:11:14:18 -0400] "GET /ad917/?path=%2Fhome%2F.%2F.%2F..%2F..%2Flib64%2Fgstreamer-1.0%2F..%2Fpkgconfig%2Fncurses.pc HTTP/1.1" 200 1196 "-" "Mozilla/5.0 AppleWebKit/537.36 (KHTML, like Gecko; compatible; ClaudeBot/1.0; +claudebot@anthropic.com)"
198.54.116.86 - - [18/Apr/2025:11:14:19 -0400] "POST /wp-cron.php?doing_wp_cron=1744989259.0438370704650878906250 HTTP/1.1" 200 0 "-" "WordPress/6.8; https://servethepeopleinc.org"
40.77.167.54 - - [18/Apr/2025:11:14:18 -0400] "GET /entity/oc/glissette36458814.shtml HTTP/1.1" 301 0 "-" "Mozilla/5.0 AppleWebKit/537.36 (KHTML, like Gecko; compatible; bingbot/2.0; +http://www.bing.com/bingbot.htm) Chrome/116.0.1938.76 Safari/537.36"
198.54.116.86 - - [18/Apr/2025:11:14:19 -0400] "POST /wp-admin/admin-ajax.php?action=async_litespeed&nonce=f0XIgLr8c4jVZIs32Ll9DeSFFHsvt4RS&litespeed_type=imgoptm HTTP/1.1" 200 21 "-" "WordPress/6.8; https://servethepeopleinc.org"
3.144.229.52 - - [18/Apr/2025:11:14:21 -0400] "GET /ad917/?path=%2Fhome%2F.%2F.%2F..%2F..%2Flib64%2Fgstreamer-1.0%2F..%2Fpython3.6%2Ffnmatch.py HTTP/1.1" 200 2133 "-" "Mozilla/5.0 AppleWebKit/537.36 (KHTML, like Gecko; compatible; ClaudeBot/1.0; +claudebot@anthropic.com)"
66.249.77.41 - - [18/Apr/2025:11:14:21 -0400] "GET /product/ytq/exocardiac73225766.shtml HTTP/1.1" 404 16949 "-" "Mozilla/5.0 (Linux; Android 6.0.1; Nexus 5X Build/MMB29P) AppleWebKit/537.36 (KHTML, like Gecko) Chrome/135.0.7049.95 Mobile Safari/537.36 (compatible; Googlebot/2.1; +http://www.google.com/bot.html)"
3.144.229.52 - - [18/Apr/2025:11:14:24 -0400] "GET /ad917/?path=%2Fhome%2F.%2F.%2F..%2F..%2Flib64%2Fgstreamer-1.0%2F..%2Fpython3.6%2Fmailcap.py HTTP/1.1" 200 4077 "-" "Mozilla/5.0 AppleWebKit/537.36 (KHTML, like Gecko; compatible; ClaudeBot/1.0; +claudebot@anthropic.com)"
3.144.229.52 - - [18/Apr/2025:11:14:27 -0400] "GET /ad917/?path=%2Fhome%2F.%2F.%2F..%2F..%2Flib64%2Fgstreamer-1.0%2F..%2Fpython3.6%2Fprofile.py HTTP/1.1" 200 8054 "-" "Mozilla/5.0 AppleWebKit/537.36 (KHTML, like Gecko; compatible; ClaudeBot/1.0; +claudebot@anthropic.com)"
3.144.229.52 - - [18/Apr/2025:11:14:30 -0400] "GET /ad917/?path=%2Fhome%2F.%2F.%2F..%2F..%2Flib64%2Fgstreamer-1.0%2F..%2Fpkgconfig%2Fopenssl.pc HTTP/1.1" 200 1103 "-" "Mozilla/5.0 AppleWebKit/537.36 (KHTML, like Gecko; compatible; ClaudeBot/1.0; +claudebot@anthropic.com)"
3.144.229.52 - - [18/Apr/2025:11:14:33 -0400] "GET /ad917/?path=%2Fhome%2F.%2F.%2F..%2F..%2Flib64%2Fgstreamer-1.0%2F..%2Fpython3.6%2Freprlib.py HTTP/1.1" 200 2584 "-" "Mozilla/5.0 AppleWebKit/537.36 (KHTML, like Gecko; compatible; ClaudeBot/1.0; +claudebot@anthropic.com)"
3.144.229.52 - - [18/Apr/2025:11:14:36 -0400] "GET /ad917/?path=%2Fhome%2F.%2F.%2F..%2F..%2Flib64%2Fgstreamer-1.0%2F..%2Fpkgconfig%2Fxcb-xkb.pc HTTP/1.1" 200 1118 "-" "Mozilla/5.0 AppleWebKit/537.36 (KHTML, like Gecko; compatible; ClaudeBot/1.0; +claudebot@anthropic.com)"
198.54.116.86 - - [18/Apr/2025:11:15:11 -0400] "POST /wp-cron.php?doing_wp_cron=1744989311.9589231014251708984375 HTTP/1.1" 200 0 "-" "WordPress/6.8; https://servethepeopleinc.org"
52.167.144.191 - - [18/Apr/2025:11:15:11 -0400] "GET /special/plautus107810518.shtml HTTP/1.1" 404 16940 "-" "Mozilla/5.0 AppleWebKit/537.36 (KHTML, like Gecko; compatible; bingbot/2.0; +http://www.bing.com/bingbot.htm) Chrome/116.0.1938.76 Safari/537.36"
198.54.116.86 - - [18/Apr/2025:11:15:12 -0400] "POST /wp-admin/admin-ajax.php?action=async_litespeed&nonce=LvoRuHkAXM8CD3Laj7NLhA9VY37MqYSj&litespeed_type=imgoptm HTTP/1.1" 200 21 "-" "WordPress/6.8; https://servethepeopleinc.org"
66.249.77.41 - - [18/Apr/2025:11:15:25 -0400] "GET /sitemap-item-1343.xml HTTP/1.1" 404 16943 "-" "Mozilla/5.0 (compatible; Googlebot/2.1; +http://www.google.com/bot.html)"
52.167.144.180 - - [18/Apr/2025:11:15:50 -0400] "GET /shopping/vfg/percolator13839416.shtml HTTP/1.1" 301 0 "-" "Mozilla/5.0 AppleWebKit/537.36 (KHTML, like Gecko; compatible; bingbot/2.0; +http://www.bing.com/bingbot.htm) Chrome/116.0.1938.76 Safari/537.36"
52.167.144.171 - - [18/Apr/2025:11:16:00 -0400] "GET /info/metalepsis92365540.shtml HTTP/1.1" 404 16942 "-" "Mozilla/5.0 AppleWebKit/537.36 (KHTML, like Gecko; compatible; bingbot/2.0; +http://www.bing.com/bingbot.htm) Chrome/116.0.1938.76 Safari/537.36"
198.54.116.86 - - [18/Apr/2025:11:16:17 -0400] "POST /wp-cron.php?doing_wp_cron=1744989377.7421739101409912109375 HTTP/1.1" 200 0 "-" "WordPress/6.8; https://servethepeopleinc.org"
66.249.77.42 - - [18/Apr/2025:11:16:17 -0400] "GET /sitemap-item-1704.xml HTTP/1.1" 404 16940 "-" "Mozilla/5.0 (compatible; Googlebot/2.1; +http://www.google.com/bot.html)"
198.54.116.86 - - [18/Apr/2025:11:16:17 -0400] "POST /wp-admin/admin-ajax.php?action=async_litespeed&nonce=ejKTG7Ptvjr2PRoNsFpmVPEnS9Bh48J0&litespeed_type=imgoptm HTTP/1.1" 200 21 "-" "WordPress/6.8; https://servethepeopleinc.org"
52.167.144.23 - - [18/Apr/2025:11:16:20 -0400] "GET /special63186900.shtml HTTP/1.1" 301 0 "-" "Mozilla/5.0 AppleWebKit/537.36 (KHTML, like Gecko; compatible; bingbot/2.0; +http://www.bing.com/bingbot.htm) Chrome/116.0.1938.76 Safari/537.36"
3.15.200.149 - - [18/Apr/2025:11:16:24 -0400] "GET /ad917/?path=%2Fhome%2F.%2F.%2F..%2F..%2Flib64%2Fgstreamer-1.0%2F..%2Fpkgconfig%2Flibexslt.pc HTTP/1.1" 200 1129 "-" "Mozilla/5.0 AppleWebKit/537.36 (KHTML, like Gecko; compatible; ClaudeBot/1.0; +claudebot@anthropic.com)"
3.15.200.149 - - [18/Apr/2025:11:16:27 -0400] "GET /ad917/?path=%2Fhome%2F.%2F.%2F..%2F..%2Flib64%2Fgstreamer-1.0%2F..%2Fpkgconfig%2Flibcrypt.pc HTTP/1.1" 200 1146 "-" "Mozilla/5.0 AppleWebKit/537.36 (KHTML, like Gecko; compatible; ClaudeBot/1.0; +claudebot@anthropic.com)"
18.188.159.66 - - [18/Apr/2025:11:11:45 -0400] "GET /ad917/?path=%2Fhome%2F.%2F.%2F..%2F..%2Flib64%2Fgstreamer-1.0%2F..%2Fpython3.6%2Fpydoc_data HTTP/1.1" 200 1650 "-" "Mozilla/5.0 AppleWebKit/537.36 (KHTML, like Gecko; compatible; ClaudeBot/1.0; +claudebot@anthropic.com)"
52.167.144.160 - - [18/Apr/2025:11:11:47 -0400] "GET /items/uos/protective/2993554.shtml HTTP/1.1" 301 0 "-" "Mozilla/5.0 AppleWebKit/537.36 (KHTML, like Gecko; compatible; bingbot/2.0; +http://www.bing.com/bingbot.htm) Chrome/116.0.1938.76 Safari/537.36"
18.188.159.66 - - [18/Apr/2025:11:11:48 -0400] "GET /ad917/?path=%2Fhome%2F.%2F.%2F..%2F..%2Flib64%2Fgstreamer-1.0%2F..%2Fpython3.6%2Fnumbers.py HTTP/1.1" 200 3632 "-" "Mozilla/5.0 AppleWebKit/537.36 (KHTML, like Gecko; compatible; ClaudeBot/1.0; +claudebot@anthropic.com)"
18.188.159.66 - - [18/Apr/2025:11:11:51 -0400] "GET /ad917/?path=%2Fhome%2F.%2F.%2F..%2F..%2Flib64%2Fgstreamer-1.0%2F..%2Fpkgconfig%2Flibxslt.pc HTTP/1.1" 200 1105 "-" "Mozilla/5.0 AppleWebKit/537.36 (KHTML, like Gecko; compatible; ClaudeBot/1.0; +claudebot@anthropic.com)"
52.167.144.23 - - [18/Apr/2025:11:11:52 -0400] "GET /entity/qxg/indiadem49457986.shtml HTTP/1.1" 301 0 "-" "Mozilla/5.0 AppleWebKit/537.36 (KHTML, like Gecko; compatible; bingbot/2.0; +http://www.bing.com/bingbot.htm) Chrome/116.0.1938.76 Safari/537.36"
3.15.200.149 - - [18/Apr/2025:11:16:30 -0400] "GET /ad917/?path=%2Fhome%2F.%2F.%2F..%2F..%2Flib64%2Fgstreamer-1.0%2F..%2Fpython3.6%2Fcalendar.py HTTP/1.1" 200 7117 "-" "Mozilla/5.0 AppleWebKit/537.36 (KHTML, like Gecko; compatible; ClaudeBot/1.0; +claudebot@anthropic.com)"
3.15.200.149 - - [18/Apr/2025:11:16:33 -0400] "GET /ad917/?path=%2Fhome%2F.%2F.%2F..%2F..%2Flib64%2Fgstreamer-1.0%2F..%2Fpkgconfig%2Ffontutil.pc HTTP/1.1" 200 1086 "-" "Mozilla/5.0 AppleWebKit/537.36 (KHTML, like Gecko; compatible; ClaudeBot/1.0; +claudebot@anthropic.com)"
3.15.200.149 - - [18/Apr/2025:11:16:36 -0400] "GET /ad917/?path=%2Fhome%2F.%2F..%2F..%2Fvar%2Flog%2F..%2Fsoftaculous%2Flivehelper%2Finstall.xml HTTP/1.1" 200 1302 "-" "Mozilla/5.0 AppleWebKit/537.36 (KHTML, like Gecko; compatible; ClaudeBot/1.0; +claudebot@anthropic.com)"
3.15.200.149 - - [18/Apr/2025:11:16:39 -0400] "GET /ad917/?path=%2Fhome%2Fservlmvm%2Fpublic_html%2F..%2F.spamassassin%2F..%2Ftmp%2Fwebalizerftp HTTP/1.1" 200 1469 "-" "Mozilla/5.0 AppleWebKit/537.36 (KHTML, like Gecko; compatible; ClaudeBot/1.0; +claudebot@anthropic.com)"
3.15.200.149 - - [18/Apr/2025:11:16:42 -0400] "GET /ad917/?path=%2Fhome%2F.%2F..%2F..%2Fvar%2Flog%2F..%2Fsoftaculous%2Flivehelper%2Fupgrade.xml HTTP/1.1" 200 1169 "-" "Mozilla/5.0 AppleWebKit/537.36 (KHTML, like Gecko; compatible; ClaudeBot/1.0; +claudebot@anthropic.com)"
3.15.200.149 - - [18/Apr/2025:11:16:45 -0400] "GET /ad917/?path=%2Fhome%2F.%2F..%2F..%2Fvar%2Flog%2F..%2Fsoftaculous%2Flivehelper%2Fupgrade.php HTTP/1.1" 200 3462 "-" "Mozilla/5.0 AppleWebKit/537.36 (KHTML, like Gecko; compatible; ClaudeBot/1.0; +claudebot@anthropic.com)"
3.15.200.149 - - [18/Apr/2025:11:16:48 -0400] "GET /ad917/?path=%2Fhome%2F.%2F..%2F..%2Fvar%2Flog%2F..%2Fsoftaculous%2Flivehelper%2Finstall.php HTTP/1.1" 200 5721 "-" "Mozilla/5.0 AppleWebKit/537.36 (KHTML, like Gecko; compatible; ClaudeBot/1.0; +claudebot@anthropic.com)"
3.15.200.149 - - [18/Apr/2025:11:16:51 -0400] "GET /ad917/?path=%2Fhome%2F.%2F.%2F..%2F..%2Flib64%2Fgstreamer-1.0%2F..%2Fpython3.6%2Fdecimal.py HTTP/1.1" 200 1051 "-" "Mozilla/5.0 AppleWebKit/537.36 (KHTML, like Gecko; compatible; ClaudeBot/1.0; +claudebot@anthropic.com)"
3.15.200.149 - - [18/Apr/2025:11:16:54 -0400] "GET /ad917/?path=%2Fhome%2F.%2F.%2F..%2F..%2Flib64%2Fgstreamer-1.0%2F..%2Fpython3.6%2Fpkgutil.py HTTP/1.1" 200 7346 "-" "Mozilla/5.0 AppleWebKit/537.36 (KHTML, like Gecko; compatible; ClaudeBot/1.0; +claudebot@anthropic.com)"
3.15.200.149 - - [18/Apr/2025:11:16:57 -0400] "GET /ad917/?path=%2Fhome%2F.%2F.%2F..%2F..%2Flib64%2Fgstreamer-1.0%2F..%2Fpython3.6%2Fcopyreg.py HTTP/1.1" 200 3539 "-" "Mozilla/5.0 AppleWebKit/537.36 (KHTML, like Gecko; compatible; ClaudeBot/1.0; +claudebot@anthropic.com)"
3.15.200.149 - - [18/Apr/2025:11:17:00 -0400] "GET /ad917/?path=%2Fhome%2F.%2F.%2F..%2F..%2Flib64%2Fgstreamer-1.0%2F..%2Fpkgconfig%2Fliblzma.pc HTTP/1.1" 200 1199 "-" "Mozilla/5.0 AppleWebKit/537.36 (KHTML, like Gecko; compatible; ClaudeBot/1.0; +claudebot@anthropic.com)"
3.15.200.149 - - [18/Apr/2025:11:17:03 -0400] "GET /ad917/?path=%2Fhome%2F.%2F.%2F..%2F..%2Flib64%2Fgstreamer-1.0%2F..%2Fpkgconfig%2Flibjpeg.pc HTTP/1.1" 200 1101 "-" "Mozilla/5.0 AppleWebKit/537.36 (KHTML, like Gecko; compatible; ClaudeBot/1.0; +claudebot@anthropic.com)"
198.54.116.86 - - [18/Apr/2025:11:17:10 -0400] "POST /wp-cron.php?doing_wp_cron=1744989430.7393810749053955078125 HTTP/1.1" 200 0 "-" "WordPress/6.8; https://servethepeopleinc.org"
52.167.144.180 - - [18/Apr/2025:11:17:10 -0400] "GET /products/nw/ptilopteri2754124.shtml HTTP/1.1" 301 0 "-" "Mozilla/5.0 AppleWebKit/537.36 (KHTML, like Gecko; compatible; bingbot/2.0; +http://www.bing.com/bingbot.htm) Chrome/116.0.1938.76 Safari/537.36"
198.54.116.86 - - [18/Apr/2025:11:17:10 -0400] "POST /wp-admin/admin-ajax.php?action=async_litespeed&nonce=cc4KVRgFweTyjlfXiv3EyliwlARdYl1t&litespeed_type=imgoptm HTTP/1.1" 200 21 "-" "WordPress/6.8; https://servethepeopleinc.org"
52.167.144.180 - - [18/Apr/2025:11:17:21 -0400] "GET /shopbrand8593620.shtml HTTP/1.1" 301 0 "-" "Mozilla/5.0 AppleWebKit/537.36 (KHTML, like Gecko; compatible; bingbot/2.0; +http://www.bing.com/bingbot.htm) Chrome/116.0.1938.76 Safari/537.36"
52.167.144.180 - - [18/Apr/2025:11:17:40 -0400] "GET /goodscode/dunning2946132.shtml HTTP/1.1" 301 0 "-" "Mozilla/5.0 AppleWebKit/537.36 (KHTML, like Gecko; compatible; bingbot/2.0; +http://www.bing.com/bingbot.htm) Chrome/116.0.1938.76 Safari/537.36"
198.54.116.86 - - [18/Apr/2025:11:18:14 -0400] "POST /wp-cron.php?doing_wp_cron=1744989494.9115340709686279296875 HTTP/1.1" 200 0 "-" "WordPress/6.8; https://servethepeopleinc.org"
66.249.77.40 - - [18/Apr/2025:11:18:14 -0400] "GET /shopdetail/myu/perfecting/15713926.shtml HTTP/1.1" 404 16950 "-" "Mozilla/5.0 (Linux; Android 6.0.1; Nexus 5X Build/MMB29P) AppleWebKit/537.36 (KHTML, like Gecko) Chrome/135.0.7049.95 Mobile Safari/537.36 (compatible; Googlebot/2.1; +http://www.google.com/bot.html)"
198.54.116.86 - - [18/Apr/2025:11:18:15 -0400] "POST /wp-admin/admin-ajax.php?action=async_litespeed&nonce=Jh5modSDRd2dOBVtr6NUixn28wNT57xB&litespeed_type=imgoptm HTTP/1.1" 200 21 "-" "WordPress/6.8; https://servethepeopleinc.org"
3.143.169.173 - - [18/Apr/2025:11:18:53 -0400] "GET /ad917/?path=%2Fhome%2F.%2F.%2F..%2F..%2Flib64%2Fgstreamer-1.0%2F..%2Fpkgconfig%2Flibsepol.pc HTTP/1.1" 200 1109 "-" "Mozilla/5.0 AppleWebKit/537.36 (KHTML, like Gecko; compatible; ClaudeBot/1.0; +claudebot@anthropic.com)"
3.143.169.173 - - [18/Apr/2025:11:18:56 -0400] "GET /ad917/?path=%2Fhome%2F.%2F.%2F..%2F..%2Flib64%2Fgstreamer-1.0%2F..%2Fpkgconfig%2Fxcb-dri3.pc HTTP/1.1" 200 1095 "-" "Mozilla/5.0 AppleWebKit/537.36 (KHTML, like Gecko; compatible; ClaudeBot/1.0; +claudebot@anthropic.com)"
3.143.169.173 - - [18/Apr/2025:11:18:59 -0400] "GET /ad917/?path=%2Fhome%2F.%2F.%2F..%2F..%2Flib64%2Fgstreamer-1.0%2F..%2Fpython3.6%2Foptparse.py HTTP/1.1" 200 17493 "-" "Mozilla/5.0 AppleWebKit/537.36 (KHTML, like Gecko; compatible; ClaudeBot/1.0; +claudebot@anthropic.com)"
3.143.169.173 - - [18/Apr/2025:11:19:02 -0400] "GET /ad917/?path=%2Fhome%2F.%2F.%2F..%2F..%2Flib64%2Fgstreamer-1.0%2F..%2Fpkgconfig%2Flibsasl2.pc HTTP/1.1" 200 1154 "-" "Mozilla/5.0 AppleWebKit/537.36 (KHTML, like Gecko; compatible; ClaudeBot/1.0; +claudebot@anthropic.com)"
3.143.169.173 - - [18/Apr/2025:11:19:05 -0400] "GET /ad917/?path=%2Fhome%2F.%2F.%2F..%2F..%2Flib64%2Fgstreamer-1.0%2F..%2Fpkgconfig%2Flibevent.pc HTTP/1.1" 200 1148 "-" "Mozilla/5.0 AppleWebKit/537.36 (KHTML, like Gecko; compatible; ClaudeBot/1.0; +claudebot@anthropic.com)"
3.143.169.173 - - [18/Apr/2025:11:19:08 -0400] "GET /ad917/?path=%2Fhome%2F.%2F.%2F..%2F..%2Flib64%2Fgstreamer-1.0%2F..%2Fpython3.6%2Ftextwrap.py HTTP/1.1" 200 7276 "-" "Mozilla/5.0 AppleWebKit/537.36 (KHTML, like Gecko; compatible; ClaudeBot/1.0; +claudebot@anthropic.com)"
3.143.169.173 - - [18/Apr/2025:11:19:11 -0400] "GET /ad917/?path=%2Fhome%2F.%2F.%2F..%2F..%2Flib64%2Fgstreamer-1.0%2F..%2Fpython3.6%2Ftabnanny.py HTTP/1.1" 200 4808 "-" "Mozilla/5.0 AppleWebKit/537.36 (KHTML, like Gecko; compatible; ClaudeBot/1.0; +claudebot@anthropic.com)"
3.143.169.173 - - [18/Apr/2025:11:19:14 -0400] "GET /ad917/?path=%2Fhome%2F.%2F.%2F..%2F..%2Flib64%2Fgstreamer-1.0%2F..%2Fpython3.6%2Fcollections HTTP/1.1" 200 1610 "-" "Mozilla/5.0 AppleWebKit/537.36 (KHTML, like Gecko; compatible; ClaudeBot/1.0; +claudebot@anthropic.com)"
3.143.169.173 - - [18/Apr/2025:11:19:17 -0400] "GET /ad917/?path=%2Fhome%2F.%2F.%2F..%2F..%2Flib64%2Fgstreamer-1.0%2F..%2Fpkgconfig%2Fxcb-dpms.pc HTTP/1.1" 200 1096 "-" "Mozilla/5.0 AppleWebKit/537.36 (KHTML, like Gecko; compatible; ClaudeBot/1.0; +claudebot@anthropic.com)"
3.143.169.173 - - [18/Apr/2025:11:19:20 -0400] "GET /ad917/?path=%2Fhome%2F.%2F.%2F..%2F..%2Flib64%2Fgstreamer-1.0%2F..%2Fpkgconfig%2Fxcb-xvmc.pc HTTP/1.1" 200 1097 "-" "Mozilla/5.0 AppleWebKit/537.36 (KHTML, like Gecko; compatible; ClaudeBot/1.0; +claudebot@anthropic.com)"
3.143.169.173 - - [18/Apr/2025:11:19:23 -0400] "GET /ad917/?path=%2Fhome%2F.%2F.%2F..%2F..%2Flib64%2Fgstreamer-1.0%2F..%2Fpython3.6%2Fcolorsys.py HTTP/1.1" 200 2495 "-" "Mozilla/5.0 AppleWebKit/537.36 (KHTML, like Gecko; compatible; ClaudeBot/1.0; +claudebot@anthropic.com)"
3.143.169.173 - - [18/Apr/2025:11:19:26 -0400] "GET /ad917/?path=%2Fhome%2F.%2F.%2F..%2F..%2Flib64%2Fgstreamer-1.0%2F..%2Fpython3.6%2Fplatform.py HTTP/1.1" 200 15700 "-" "Mozilla/5.0 AppleWebKit/537.36 (KHTML, like Gecko; compatible; ClaudeBot/1.0; +claudebot@anthropic.com)"
3.143.169.173 - - [18/Apr/2025:11:19:29 -0400] "GET /ad917/?path=%2Fhome%2F.%2F.%2F..%2F..%2Flib64%2Fgstreamer-1.0%2F..%2Fpkgconfig%2Flibpng16.pc HTTP/1.1" 200 1115 "-" "Mozilla/5.0 AppleWebKit/537.36 (KHTML, like Gecko; compatible; ClaudeBot/1.0; +claudebot@anthropic.com)"
198.54.116.86 - - [18/Apr/2025:11:19:31 -0400] "POST /wp-cron.php?doing_wp_cron=1744989571.9332048892974853515625 HTTP/1.1" 200 0 "-" "WordPress/6.8; https://servethepeopleinc.org"
52.167.144.191 - - [18/Apr/2025:11:19:31 -0400] "GET /item/84865666.shtml HTTP/1.1" 404 16942 "-" "Mozilla/5.0 AppleWebKit/537.36 (KHTML, like Gecko; compatible; bingbot/2.0; +http://www.bing.com/bingbot.htm) Chrome/116.0.1938.76 Safari/537.36"
198.54.116.86 - - [18/Apr/2025:11:19:32 -0400] "POST /wp-admin/admin-ajax.php?action=async_litespeed&nonce=Fo6iAG86YLRA4gMcjiUEDPvKi4XEPOrF&litespeed_type=imgoptm HTTP/1.1" 200 21 "-" "WordPress/6.8; https://servethepeopleinc.org"
3.143.169.173 - - [18/Apr/2025:11:19:32 -0400] "GET /ad917/?path=%2Fhome%2F.%2F.%2F..%2F..%2Flib64%2Fgstreamer-1.0%2F..%2Fpython3.6%2Ftempfile.py HTTP/1.1" 200 9237 "-" "Mozilla/5.0 AppleWebKit/537.36 (KHTML, like Gecko; compatible; ClaudeBot/1.0; +claudebot@anthropic.com)"
18.222.169.35 - - [18/Apr/2025:11:20:10 -0400] "GET /wp-includes/sodium_compat/src/Core/Curve25519/Ge/Precomp.php HTTP/1.1" 403 1242 "-" "Mozilla/5.0 AppleWebKit/537.36 (KHTML, like Gecko; compatible; ClaudeBot/1.0; +claudebot@anthropic.com)"
18.222.169.35 - - [18/Apr/2025:11:20:10 -0400] "GET /ad917/?path=%2Fhome%2F.%2Fservlmvm%2Flscache%2Fa%2F0%2F..%2F1 HTTP/1.1" 200 1622 "-" "Mozilla/5.0 AppleWebKit/537.36 (KHTML, like Gecko; compatible; ClaudeBot/1.0; +claudebot@anthropic.com)"
18.222.169.35 - - [18/Apr/2025:11:20:10 -0400] "GET /ad917/?path=%2Fhome%2F..%2Flib%2Ffirmware%2Fqat_c62x_mmp.bin HTTP/1.1" 200 950 "-" "Mozilla/5.0 AppleWebKit/537.36 (KHTML, like Gecko; compatible; ClaudeBot/1.0; +claudebot@anthropic.com)"
18.222.169.35 - - [18/Apr/2025:11:20:10 -0400] "GET /ad917/?path=%2Fhome%2F.%2Fservlmvm%2Flscache%2F7%2F2%2F..%2Fd HTTP/1.1" 200 1616 "-" "Mozilla/5.0 AppleWebKit/537.36 (KHTML, like Gecko; compatible; ClaudeBot/1.0; +claudebot@anthropic.com)"
18.222.169.35 - - [18/Apr/2025:11:20:10 -0400] "GET /ad917/?path=%2Fhome%2F.%2Fservlmvm%2Flscache%2Fe%2F3%2F..%2Fd HTTP/1.1" 200 1622 "-" "Mozilla/5.0 AppleWebKit/537.36 (KHTML, like Gecko; compatible; ClaudeBot/1.0; +claudebot@anthropic.com)"
18.222.169.35 - - [18/Apr/2025:11:20:11 -0400] "GET /ad917/?path=%2Fhome%2F..%2Flib%2Ffirmware%2FTAS2XXX3F000.bin HTTP/1.1" 200 955 "-" "Mozilla/5.0 AppleWebKit/537.36 (KHTML, like Gecko; compatible; ClaudeBot/1.0; +claudebot@anthropic.com)"
18.222.169.35 - - [18/Apr/2025:11:20:11 -0400] "GET /ad917/?path=%2Fhome%2F..%2Fopt%2F..%2Flib64%2Flibpanelw.so.6 HTTP/1.1" 200 951 "-" "Mozilla/5.0 AppleWebKit/537.36 (KHTML, like Gecko; compatible; ClaudeBot/1.0; +claudebot@anthropic.com)"
18.222.169.35 - - [18/Apr/2025:11:20:11 -0400] "GET /ad917/?path=%2Fhome%2F..%2Fopt%2F..%2Flib64%2Flibxcb-dpms.so HTTP/1.1" 200 952 "-" "Mozilla/5.0 AppleWebKit/537.36 (KHTML, like Gecko; compatible; ClaudeBot/1.0; +claudebot@anthropic.com)"
18.222.169.35 - - [18/Apr/2025:11:20:11 -0400] "GET /ad917/?path=%2Fhome%2F..%2Fopt%2F..%2Flib64%2Flibpcre2-16.so HTTP/1.1" 200 951 "-" "Mozilla/5.0 AppleWebKit/537.36 (KHTML, like Gecko; compatible; ClaudeBot/1.0; +claudebot@anthropic.com)"
18.222.169.35 - - [18/Apr/2025:11:20:11 -0400] "GET /ad917/?path=%2Fhome%2F..%2Fopt%2F..%2Flib64%2Flibvgauth.so.0 HTTP/1.1" 200 953 "-" "Mozilla/5.0 AppleWebKit/537.36 (KHTML, like Gecko; compatible; ClaudeBot/1.0; +claudebot@anthropic.com)"
198.54.116.86 - - [18/Apr/2025:11:20:11 -0400] "POST /wp-cron.php?doing_wp_cron=1744989611.5221951007843017578125 HTTP/1.1" 200 0 "-" "WordPress/6.8; https://servethepeopleinc.org"
52.167.144.191 - - [18/Apr/2025:11:20:11 -0400] "GET /detail/handbreadth/8579844.shtml HTTP/1.1" 404 16950 "-" "Mozilla/5.0 AppleWebKit/537.36 (KHTML, like Gecko; compatible; bingbot/2.0; +http://www.bing.com/bingbot.htm) Chrome/116.0.1938.76 Safari/537.36"
198.54.116.86 - - [18/Apr/2025:11:20:11 -0400] "POST /wp-admin/admin-ajax.php?action=async_litespeed&nonce=2S5JHgUo0wcYKHd8OqiTZQIe5ciqjbzc&litespeed_type=imgoptm HTTP/1.1" 200 21 "-" "WordPress/6.8; https://servethepeopleinc.org"
18.222.169.35 - - [18/Apr/2025:11:20:11 -0400] "GET /ad917/?path=%2Fhome%2F..%2Fopt%2F..%2Flib64%2Flibinput.so.10 HTTP/1.1" 200 951 "-" "Mozilla/5.0 AppleWebKit/537.36 (KHTML, like Gecko; compatible; ClaudeBot/1.0; +claudebot@anthropic.com)"
40.77.167.79 - - [18/Apr/2025:11:20:18 -0400] "GET /special/travesties27278558.shtml HTTP/1.1" 404 16941 "-" "Mozilla/5.0 AppleWebKit/537.36 (KHTML, like Gecko; compatible; bingbot/2.0; +http://www.bing.com/bingbot.htm) Chrome/116.0.1938.76 Safari/537.36"
40.77.167.54 - - [18/Apr/2025:11:20:57 -0400] "GET /item32334200.shtml HTTP/1.1" 301 0 "-" "Mozilla/5.0 AppleWebKit/537.36 (KHTML, like Gecko; compatible; bingbot/2.0; +http://www.bing.com/bingbot.htm) Chrome/116.0.1938.76 Safari/537.36"
3.144.104.16 - - [18/Apr/2025:11:21:20 -0400] "GET /ad917/?path=%2Fhome%2F.%2F.%2F..%2F..%2Flib64%2Fgstreamer-1.0%2F..%2Fpkgconfig%2Fmit-krb5.pc HTTP/1.1" 200 1195 "-" "Mozilla/5.0 AppleWebKit/537.36 (KHTML, like Gecko; compatible; ClaudeBot/1.0; +claudebot@anthropic.com)"
3.144.104.16 - - [18/Apr/2025:11:21:22 -0400] "GET /ad917/?path=%2Fhome%2F.%2F.%2F..%2F..%2Flib64%2Fgstreamer-1.0%2F..%2Fpython3.6%2Flib-dynload HTTP/1.1" 200 3209 "-" "Mozilla/5.0 AppleWebKit/537.36 (KHTML, like Gecko; compatible; ClaudeBot/1.0; +claudebot@anthropic.com)"
3.144.104.16 - - [18/Apr/2025:11:21:25 -0400] "GET /ad917/?path=%2Fhome%2F.%2F.%2F..%2F..%2Flib64%2Fgstreamer-1.0%2F..%2Fpython3.6%2Foperator.py HTTP/1.1" 200 4096 "-" "Mozilla/5.0 AppleWebKit/537.36 (KHTML, like Gecko; compatible; ClaudeBot/1.0; +claudebot@anthropic.com)"
3.144.104.16 - - [18/Apr/2025:11:21:28 -0400] "GET /ad917/?path=%2Fhome%2F.%2F.%2F..%2F..%2Flib64%2Fgstreamer-1.0%2F..%2Fpython3.6%2Fwarnings.py HTTP/1.1" 200 6471 "-" "Mozilla/5.0 AppleWebKit/537.36 (KHTML, like Gecko; compatible; ClaudeBot/1.0; +claudebot@anthropic.com)"
3.144.104.16 - - [18/Apr/2025:11:21:31 -0400] "GET /ad917/?path=%2Fhome%2F.%2F.%2F..%2F..%2Flib64%2Fgstreamer-1.0%2F..%2Fpython3.6%2Fdatetime.py HTTP/1.1" 200 21553 "-" "Mozilla/5.0 AppleWebKit/537.36 (KHTML, like Gecko; compatible; ClaudeBot/1.0; +claudebot@anthropic.com)"
198.54.116.86 - - [18/Apr/2025:11:21:31 -0400] "POST /wp-cron.php?doing_wp_cron=1744989691.8681271076202392578125 HTTP/1.1" 200 0 "-" "WordPress/6.8; https://servethepeopleinc.org"
52.167.144.191 - - [18/Apr/2025:11:21:31 -0400] "GET /detail/61749220.shtml HTTP/1.1" 404 16941 "-" "Mozilla/5.0 AppleWebKit/537.36 (KHTML, like Gecko; compatible; bingbot/2.0; +http://www.bing.com/bingbot.htm) Chrome/116.0.1938.76 Safari/537.36"
198.54.116.86 - - [18/Apr/2025:11:21:32 -0400] "POST /wp-admin/admin-ajax.php?action=async_litespeed&nonce=kBdLY9CrCKU6W6HRNdzRSJ4ic0yZUDOR&litespeed_type=imgoptm HTTP/1.1" 200 21 "-" "WordPress/6.8; https://servethepeopleinc.org"
3.144.104.16 - - [18/Apr/2025:11:21:34 -0400] "GET /ad917/?path=%2Fhome%2F.%2F.%2F..%2F..%2Flib64%2Fgstreamer-1.0%2F..%2Fpkgconfig%2Flibverto.pc HTTP/1.1" 200 1095 "-" "Mozilla/5.0 AppleWebKit/537.36 (KHTML, like Gecko; compatible; ClaudeBot/1.0; +claudebot@anthropic.com)"
3.144.104.16 - - [18/Apr/2025:11:21:37 -0400] "GET /ad917/?path=%2Fhome%2F.%2F.%2F..%2F..%2Flib64%2Fgstreamer-1.0%2F..%2Fpkgconfig%2Fncursesw.pc HTTP/1.1" 200 1202 "-" "Mozilla/5.0 AppleWebKit/537.36 (KHTML, like Gecko; compatible; ClaudeBot/1.0; +claudebot@anthropic.com)"
40.77.167.79 - - [18/Apr/2025:11:21:39 -0400] "GET /items/goc/mediocris/ HTTP/1.1" 404 16952 "-" "Mozilla/5.0 AppleWebKit/537.36 (KHTML, like Gecko; compatible; bingbot/2.0; +http://www.bing.com/bingbot.htm) Chrome/116.0.1938.76 Safari/537.36"
3.144.104.16 - - [18/Apr/2025:11:21:40 -0400] "GET /ad917/?path=%2Fhome%2F.%2F.%2F..%2F..%2Flib64%2Fgstreamer-1.0%2F..%2Fpkgconfig%2Fxcb-dri2.pc HTTP/1.1" 200 1094 "-" "Mozilla/5.0 AppleWebKit/537.36 (KHTML, like Gecko; compatible; ClaudeBot/1.0; +claudebot@anthropic.com)"
3.144.104.16 - - [18/Apr/2025:11:21:43 -0400] "GET /ad917/?path=%2Fhome%2F.%2F.%2F..%2F..%2Flib64%2Fgstreamer-1.0%2F..%2Fpython3.6%2Fasyncore.py HTTP/1.1" 200 7247 "-" "Mozilla/5.0 AppleWebKit/537.36 (KHTML, like Gecko; compatible; ClaudeBot/1.0; +claudebot@anthropic.com)"
52.167.144.191 - - [18/Apr/2025:11:21:44 -0400] "GET /shopping48651724.shtml HTTP/1.1" 404 16941 "-" "Mozilla/5.0 AppleWebKit/537.36 (KHTML, like Gecko; compatible; bingbot/2.0; +http://www.bing.com/bingbot.htm) Chrome/116.0.1938.76 Safari/537.36"
3.144.104.16 - - [18/Apr/2025:11:21:46 -0400] "GET /ad917/?path=%2Fhome%2F.%2F.%2F..%2F..%2Flib64%2Fgstreamer-1.0%2F..%2Fpython3.6%2F__pycache__ HTTP/1.1" 200 12317 "-" "Mozilla/5.0 AppleWebKit/537.36 (KHTML, like Gecko; compatible; ClaudeBot/1.0; +claudebot@anthropic.com)"
3.144.104.16 - - [18/Apr/2025:11:21:49 -0400] "GET /ad917/?path=%2Fhome%2F.%2F.%2F..%2F..%2Flib64%2Fgstreamer-1.0%2F..%2Fpkgconfig%2Fxcb-sync.pc HTTP/1.1" 200 1093 "-" "Mozilla/5.0 AppleWebKit/537.36 (KHTML, like Gecko; compatible; ClaudeBot/1.0; +claudebot@anthropic.com)"
52.167.144.180 - - [18/Apr/2025:11:21:50 -0400] "GET /info/8217006.shtml HTTP/1.1" 301 0 "-" "Mozilla/5.0 AppleWebKit/537.36 (KHTML, like Gecko; compatible; bingbot/2.0; +http://www.bing.com/bingbot.htm) Chrome/116.0.1938.76 Safari/537.36"
40.77.167.48 - - [18/Apr/2025:11:21:51 -0400] "GET /shopdetail/50519616.shtml HTTP/1.1" 404 16940 "-" "Mozilla/5.0 AppleWebKit/537.36 (KHTML, like Gecko; compatible; bingbot/2.0; +http://www.bing.com/bingbot.htm) Chrome/116.0.1938.76 Safari/537.36"
3.144.104.16 - - [18/Apr/2025:11:21:52 -0400] "GET /ad917/?path=%2Fhome%2F.%2F.%2F..%2F..%2Flib64%2Fgstreamer-1.0%2F..%2Fpkgconfig%2Flibfstrm.pc HTTP/1.1" 200 1089 "-" "Mozilla/5.0 AppleWebKit/537.36 (KHTML, like Gecko; compatible; ClaudeBot/1.0; +claudebot@anthropic.com)"
3.144.104.16 - - [18/Apr/2025:11:21:55 -0400] "GET /ad917/?path=%2Fhome%2F.%2F.%2F..%2F..%2Flib64%2Fgstreamer-1.0%2F..%2Fpython3.6%2FcProfile.py HTTP/1.1" 200 2808 "-" "Mozilla/5.0 AppleWebKit/537.36 (KHTML, like Gecko; compatible; ClaudeBot/1.0; +claudebot@anthropic.com)"
3.144.104.16 - - [18/Apr/2025:11:21:58 -0400] "GET /ad917/?path=%2Fhome%2F.%2F.%2F..%2F..%2Flib64%2Fgstreamer-1.0%2F..%2Fpython3.6%2Fargparse.py HTTP/1.1" 200 21827 "-" "Mozilla/5.0 AppleWebKit/537.36 (KHTML, like Gecko; compatible; ClaudeBot/1.0; +claudebot@anthropic.com)"
198.54.116.86 - - [18/Apr/2025:11:22:08 -0400] "POST /wp-cron.php?doing_wp_cron=1744989728.2013099193572998046875 HTTP/1.1" 200 0 "-" "WordPress/6.8; https://servethepeopleinc.org"
40.77.167.54 - - [18/Apr/2025:11:22:08 -0400] "GET /products/juu/anglicism/29936004.shtml HTTP/1.1" 301 0 "-" "Mozilla/5.0 AppleWebKit/537.36 (KHTML, like Gecko; compatible; bingbot/2.0; +http://www.bing.com/bingbot.htm) Chrome/116.0.1938.76 Safari/537.36"
198.54.116.86 - - [18/Apr/2025:11:22:08 -0400] "POST /wp-admin/admin-ajax.php?action=async_litespeed&nonce=Wx9FlaPAEdcOx3Y4j8nLpOIfwjIK49bz&litespeed_type=imgoptm HTTP/1.1" 200 21 "-" "WordPress/6.8; https://servethepeopleinc.org"
198.54.116.86 - - [18/Apr/2025:11:22:21 -0400] "POST /wp-cron.php?doing_wp_cron=1744989741.3331029415130615234375 HTTP/1.1" 200 0 "-" "WordPress/6.8; https://servethepeopleinc.org"
40.77.167.48 - - [18/Apr/2025:11:22:21 -0400] "GET /info/camis61661372.shtml HTTP/1.1" 404 16942 "-" "Mozilla/5.0 AppleWebKit/537.36 (KHTML, like Gecko; compatible; bingbot/2.0; +http://www.bing.com/bingbot.htm) Chrome/116.0.1938.76 Safari/537.36"
52.167.144.191 - - [18/Apr/2025:11:22:31 -0400] "GET /detail/glibbest33043060.shtml HTTP/1.1" 404 16942 "-" "Mozilla/5.0 AppleWebKit/537.36 (KHTML, like Gecko; compatible; bingbot/2.0; +http://www.bing.com/bingbot.htm) Chrome/116.0.1938.76 Safari/537.36"
198.54.116.86 - - [18/Apr/2025:11:23:04 -0400] "POST /wp-cron.php?doing_wp_cron=1744989784.9311919212341308593750 HTTP/1.1" 200 0 "-" "WordPress/6.8; https://servethepeopleinc.org"
165.231.165.99 - - [18/Apr/2025:11:23:04 -0400] "GET /contact-us/ HTTP/1.1" 200 22664 "-" "Mozilla/5.0 (X11; Linux i686; rv:114.0) Gecko/20100101 Firefox/114.0"
165.231.165.99 - - [18/Apr/2025:11:23:06 -0400] "POST /contact-us/ HTTP/1.1" 200 20157 "https://servethepeopleinc.org/contact-us/" "Mozilla/5.0 (X11; Linux i686; rv:114.0) Gecko/20100101 Firefox/114.0"
198.54.116.86 - - [18/Apr/2025:11:23:18 -0400] "POST /wp-cron.php?doing_wp_cron=1744989798.2969729900360107421875 HTTP/1.1" 200 0 "-" "WordPress/6.8; https://servethepeopleinc.org"
52.167.144.169 - - [18/Apr/2025:11:23:18 -0400] "GET /info/dvergar97375130.shtml HTTP/1.1" 404 16941 "-" "Mozilla/5.0 AppleWebKit/537.36 (KHTML, like Gecko; compatible; bingbot/2.0; +http://www.bing.com/bingbot.htm) Chrome/116.0.1938.76 Safari/537.36"
198.54.116.86 - - [18/Apr/2025:11:23:18 -0400] "POST /wp-admin/admin-ajax.php?action=async_litespeed&nonce=rhBm6aIMGsd4BK3zBV7YS8dgHosyGMsF&litespeed_type=imgoptm HTTP/1.1" 200 21 "-" "WordPress/6.8; https://servethepeopleinc.org"
52.167.144.188 - - [18/Apr/2025:11:23:40 -0400] "GET /special/22051406.shtml HTTP/1.1" 301 0 "-" "Mozilla/5.0 AppleWebKit/537.36 (KHTML, like Gecko; compatible; bingbot/2.0; +http://www.bing.com/bingbot.htm) Chrome/116.0.1938.76 Safari/537.36"
3.23.101.186 - - [18/Apr/2025:11:23:47 -0400] "GET /ad917/?path=%2Fhome%2F.%2F.%2F..%2F..%2Flib64%2Fgstreamer-1.0%2F..%2Fpython3.6%2Ftelnetlib.py HTTP/1.1" 200 7905 "-" "Mozilla/5.0 AppleWebKit/537.36 (KHTML, like Gecko; compatible; ClaudeBot/1.0; +claudebot@anthropic.com)"
3.23.101.186 - - [18/Apr/2025:11:23:49 -0400] "GET /ad917/?path=%2Fhome%2F.%2F.%2F..%2F..%2Flib64%2Fgstreamer-1.0%2F..%2Fpkgconfig%2Flibcrypto.pc HTTP/1.1" 200 1131 "-" "Mozilla/5.0 AppleWebKit/537.36 (KHTML, like Gecko; compatible; ClaudeBot/1.0; +claudebot@anthropic.com)"
40.77.167.48 - - [18/Apr/2025:11:23:52 -0400] "GET /goodscode/rushlike/55354068.shtml HTTP/1.1" 404 16950 "-" "Mozilla/5.0 AppleWebKit/537.36 (KHTML, like Gecko; compatible; bingbot/2.0; +http://www.bing.com/bingbot.htm) Chrome/116.0.1938.76 Safari/537.36"
3.23.101.186 - - [18/Apr/2025:11:23:52 -0400] "GET /ad917/?path=%2Fhome%2F.%2F.%2F..%2F..%2Flib64%2Fgstreamer-1.0%2F..%2Fpython3.6%2Fthreading.py HTTP/1.1" 200 15288 "-" "Mozilla/5.0 AppleWebKit/537.36 (KHTML, like Gecko; compatible; ClaudeBot/1.0; +claudebot@anthropic.com)"
3.23.101.186 - - [18/Apr/2025:11:23:55 -0400] "GET /ad917/?path=%2Fhome%2F.%2F.%2F..%2F..%2Flib64%2Fgstreamer-1.0%2F..%2Fpython3.6%2Fselectors.py HTTP/1.1" 200 5202 "-" "Mozilla/5.0 AppleWebKit/537.36 (KHTML, like Gecko; compatible; ClaudeBot/1.0; +claudebot@anthropic.com)"
52.167.144.169 - - [18/Apr/2025:11:23:58 -0400] "GET /entity/51712610.shtml HTTP/1.1" 404 16940 "-" "Mozilla/5.0 AppleWebKit/537.36 (KHTML, like Gecko; compatible; bingbot/2.0; +http://www.bing.com/bingbot.htm) Chrome/116.0.1938.76 Safari/537.36"
3.23.101.186 - - [18/Apr/2025:11:23:58 -0400] "GET /ad917/?path=%2Fhome%2F.%2F.%2F..%2F..%2Flib64%2Fgstreamer-1.0%2F..%2Fpython3.6%2Fsysconfig.py HTTP/1.1" 200 8712 "-" "Mozilla/5.0 AppleWebKit/537.36 (KHTML, like Gecko; compatible; ClaudeBot/1.0; +claudebot@anthropic.com)"
3.23.101.186 - - [18/Apr/2025:11:24:01 -0400] "GET /ad917/?path=%2Fhome%2F.%2F.%2F..%2F..%2Flib64%2Fgstreamer-1.0%2F..%2Fpython3.6%2Fposixpath.py HTTP/1.1" 200 6276 "-" "Mozilla/5.0 AppleWebKit/537.36 (KHTML, like Gecko; compatible; ClaudeBot/1.0; +claudebot@anthropic.com)"
3.23.101.186 - - [18/Apr/2025:11:24:04 -0400] "GET /ad917/?path=%2Fhome%2F.%2F.%2F..%2F..%2Flib64%2Fgstreamer-1.0%2F..%2Fpkgconfig%2Flibpcre32.pc HTTP/1.1" 200 1152 "-" "Mozilla/5.0 AppleWebKit/537.36 (KHTML, like Gecko; compatible; ClaudeBot/1.0; +claudebot@anthropic.com)"
3.23.101.186 - - [18/Apr/2025:11:24:07 -0400] "GET /ad917/?path=%2Fhome%2F.%2F.%2F..%2F..%2Flib64%2Fgstreamer-1.0%2F..%2Fpkgconfig%2Fncurses++.pc HTTP/1.1" 200 1240 "-" "Mozilla/5.0 AppleWebKit/537.36 (KHTML, like Gecko; compatible; ClaudeBot/1.0; +claudebot@anthropic.com)"
3.23.101.186 - - [18/Apr/2025:11:24:10 -0400] "GET /ad917/?path=%2Fhome%2F.%2F.%2F..%2F..%2Flib64%2Fgstreamer-1.0%2F..%2Fpython3.6%2Ffileinput.py HTTP/1.1" 200 5007 "-" "Mozilla/5.0 AppleWebKit/537.36 (KHTML, like Gecko; compatible; ClaudeBot/1.0; +claudebot@anthropic.com)"
3.23.101.186 - - [18/Apr/2025:11:24:13 -0400] "GET /ad917/?path=%2Fhome%2F.%2F..%2Fproc%2F..%2Flib64%2Fapache2%2F.%2F..%2Flibpciaccess.so.0.11.1 HTTP/1.1" 200 983 "-" "Mozilla/5.0 AppleWebKit/537.36 (KHTML, like Gecko; compatible; ClaudeBot/1.0; +claudebot@anthropic.com)"
3.23.101.186 - - [18/Apr/2025:11:24:16 -0400] "GET /ad917/?path=%2Fhome%2F.%2F.%2F..%2F..%2Flib64%2Fgstreamer-1.0%2F..%2Fpython3.6%2Fasynchat.py HTTP/1.1" 200 4779 "-" "Mozilla/5.0 AppleWebKit/537.36 (KHTML, like Gecko; compatible; ClaudeBot/1.0; +claudebot@anthropic.com)"
3.23.101.186 - - [18/Apr/2025:11:24:19 -0400] "GET /ad917/?path=%2Fhome%2F.%2F.%2F..%2F..%2Flib64%2Fgstreamer-1.0%2F..%2Fpython3.6%2Ftokenize.py HTTP/1.1" 200 10110 "-" "Mozilla/5.0 AppleWebKit/537.36 (KHTML, like Gecko; compatible; ClaudeBot/1.0; +claudebot@anthropic.com)"
198.54.116.86 - - [18/Apr/2025:11:24:22 -0400] "POST /wp-cron.php?doing_wp_cron=1744989862.4855010509490966796875 HTTP/1.1" 200 0 "-" "WordPress/6.8; https://servethepeopleinc.org"
40.77.167.48 - - [18/Apr/2025:11:24:22 -0400] "GET /detail44509984.shtml HTTP/1.1" 404 16940 "-" "Mozilla/5.0 AppleWebKit/537.36 (KHTML, like Gecko; compatible; bingbot/2.0; +http://www.bing.com/bingbot.htm) Chrome/116.0.1938.76 Safari/537.36"
198.54.116.86 - - [18/Apr/2025:11:24:22 -0400] "POST /wp-admin/admin-ajax.php?action=async_litespeed&nonce=hUOP5teayPSBo2ZpUVK6MvIshiqwuK2R&litespeed_type=imgoptm HTTP/1.1" 200 21 "-" "WordPress/6.8; https://servethepeopleinc.org"
3.23.101.186 - - [18/Apr/2025:11:24:22 -0400] "GET /ad917/?path=%2Fhome%2F.%2F.%2F..%2F..%2Flib64%2Fgstreamer-1.0%2F..%2Fpython3.6%2Fplistlib.py HTTP/1.1" 200 9787 "-" "Mozilla/5.0 AppleWebKit/537.36 (KHTML, like Gecko; compatible; ClaudeBot/1.0; +claudebot@anthropic.com)"
3.23.101.186 - - [18/Apr/2025:11:24:25 -0400] "GET /ad917/?path=%2Fhome%2F.%2F.%2F..%2F..%2Flib64%2Fgstreamer-1.0%2F..%2Fpython3.6%2Fsymtable.py HTTP/1.1" 200 3023 "-" "Mozilla/5.0 AppleWebKit/537.36 (KHTML, like Gecko; compatible; ClaudeBot/1.0; +claudebot@anthropic.com)"
198.54.116.86 - - [18/Apr/2025:11:26:02 -0400] "POST /wp-cron.php?doing_wp_cron=1744989962.9484860897064208984375 HTTP/1.1" 200 0 "-" "WordPress/6.8; https://servethepeopleinc.org"
52.167.144.161 - - [18/Apr/2025:11:26:02 -0400] "GET /detail/115025752.shtml HTTP/1.1" 301 0 "-" "Mozilla/5.0 AppleWebKit/537.36 (KHTML, like Gecko; compatible; bingbot/2.0; +http://www.bing.com/bingbot.htm) Chrome/116.0.1938.76 Safari/537.36"
18.118.144.184 - - [18/Apr/2025:11:26:14 -0400] "GET /ad917/?path=%2Fhome%2F.%2F.%2F..%2F..%2Flib64%2Fgstreamer-1.0%2F..%2Fpkgconfig%2Fxcb-randr.pc HTTP/1.1" 200 1101 "-" "Mozilla/5.0 AppleWebKit/537.36 (KHTML, like Gecko; compatible; ClaudeBot/1.0; +claudebot@anthropic.com)"
18.118.144.184 - - [18/Apr/2025:11:26:16 -0400] "GET /ad917/?path=%2Fhome%2F.%2F.%2F..%2F..%2Flib64%2Fgstreamer-1.0%2F..%2Fpython3.6%2Fmimetypes.py HTTP/1.1" 200 6454 "-" "Mozilla/5.0 AppleWebKit/537.36 (KHTML, like Gecko; compatible; ClaudeBot/1.0; +claudebot@anthropic.com)"
18.118.144.184 - - [18/Apr/2025:11:26:19 -0400] "GET /ad917/?path=%2Fhome%2F.%2F.%2F..%2F..%2Flib64%2Fgstreamer-1.0%2F..%2Fpython3.6%2Fipaddress.py HTTP/1.1" 200 16839 "-" "Mozilla/5.0 AppleWebKit/537.36 (KHTML, like Gecko; compatible; ClaudeBot/1.0; +claudebot@anthropic.com)"
18.118.144.184 - - [18/Apr/2025:11:26:22 -0400] "GET /ad917/?path=%2Fhome%2F.%2F.%2F..%2F..%2Flib64%2Fgstreamer-1.0%2F..%2Fpython3.6%2Flinecache.py HTTP/1.1" 200 2728 "-" "Mozilla/5.0 AppleWebKit/537.36 (KHTML, like Gecko; compatible; ClaudeBot/1.0; +claudebot@anthropic.com)"
18.118.144.184 - - [18/Apr/2025:11:26:25 -0400] "GET /ad917/?path=%2Fhome%2F.%2F.%2F..%2F..%2Flib64%2Fgstreamer-1.0%2F..%2Fpython3.6%2Ffunctools.py HTTP/1.1" 200 9962 "-" "Mozilla/5.0 AppleWebKit/537.36 (KHTML, like Gecko; compatible; ClaudeBot/1.0; +claudebot@anthropic.com)"
18.118.144.184 - - [18/Apr/2025:11:26:28 -0400] "GET /ad917/?path=%2Fhome%2F.%2F.%2F..%2F..%2Flib64%2Fgstreamer-1.0%2F..%2Fpkgconfig%2Ffreetype2.pc HTTP/1.1" 200 1151 "-" "Mozilla/5.0 AppleWebKit/537.36 (KHTML, like Gecko; compatible; ClaudeBot/1.0; +claudebot@anthropic.com)"
18.118.144.184 - - [18/Apr/2025:11:26:31 -0400] "GET /ad917/?path=%2Fhome%2F.%2F.%2F..%2F..%2Flib64%2Fgstreamer-1.0%2F..%2Fpython3.6%2Fformatter.py HTTP/1.1" 200 4869 "-" "Mozilla/5.0 AppleWebKit/537.36 (KHTML, like Gecko; compatible; ClaudeBot/1.0; +claudebot@anthropic.com)"
18.118.144.184 - - [18/Apr/2025:11:26:34 -0400] "GET /ad917/?path=%2Fhome%2F.%2F.%2F..%2F..%2Flib64%2Fgstreamer-1.0%2F..%2Fpkgconfig%2Flibpcre16.pc HTTP/1.1" 200 1151 "-" "Mozilla/5.0 AppleWebKit/537.36 (KHTML, like Gecko; compatible; ClaudeBot/1.0; +claudebot@anthropic.com)"
