3.146.65.73 - - [18/Apr/2025:08:17:11 -0400] "GET /ad917/?path=%2Fhome%2Fservlmvm%2F..%2F.%2F..%2F..%2Flib%2Ffirmware%2Fti-connectivity%2F.%2F. HTTP/1.1" 200 2335 "-" "Mozilla/5.0 AppleWebKit/537.36 (KHTML, like Gecko; compatible; ClaudeBot/1.0; +claudebot@anthropic.com)"
3.146.65.73 - - [18/Apr/2025:08:17:14 -0400] "GET /ad917/?path=%2Fhome%2Fservlmvm%2Fpublic_html%2F..%2F.clwpos%2F..%2F.%2Fwww%2Fwp-settings.php HTTP/1.1" 200 7272 "-" "Mozilla/5.0 AppleWebKit/537.36 (KHTML, like Gecko; compatible; ClaudeBot/1.0; +claudebot@anthropic.com)"
3.146.65.73 - - [18/Apr/2025:08:17:17 -0400] "GET /ad917/?path=%2Fhome%2Fservlmvm%2Fpublic_html%2F..%2F.clwpos%2F..%2F.%2Fwww%2Fwp-activate.php HTTP/1.1" 200 3637 "-" "Mozilla/5.0 AppleWebKit/537.36 (KHTML, like Gecko; compatible; ClaudeBot/1.0; +claudebot@anthropic.com)"
3.146.65.73 - - [18/Apr/2025:08:17:20 -0400] "GET /ad917/?path=%2Fhome%2F.%2F.%2F..%2F..%2Flib64%2Fengines-1.1%2F..%2Fsecurity%2Fpam_systemd.so HTTP/1.1" 200 978 "-" "Mozilla/5.0 AppleWebKit/537.36 (KHTML, like Gecko; compatible; ClaudeBot/1.0; +claudebot@anthropic.com)"
3.146.65.73 - - [18/Apr/2025:08:17:23 -0400] "GET /ad917/?path=%2Fhome%2F.%2F.%2F..%2F..%2Flib64%2Fengines-1.1%2F..%2Fsecurity%2Fpam_lastlog.so HTTP/1.1" 200 979 "-" "Mozilla/5.0 AppleWebKit/537.36 (KHTML, like Gecko; compatible; ClaudeBot/1.0; +claudebot@anthropic.com)"
3.146.65.73 - - [18/Apr/2025:08:17:26 -0400] "GET /ad917/?path=%2Fhome%2F.%2F.%2F..%2F..%2Flib64%2Fengines-1.1%2F..%2Fsecurity%2Fpam_selinux.so HTTP/1.1" 200 979 "-" "Mozilla/5.0 AppleWebKit/537.36 (KHTML, like Gecko; compatible; ClaudeBot/1.0; +claudebot@anthropic.com)"
3.146.65.73 - - [18/Apr/2025:08:17:29 -0400] "GET /ad917/?path=%2Fhome%2F.%2F.%2F..%2F..%2Flib64%2Fengines-1.1%2F..%2Fsecurity%2Fpam_keyinit.so HTTP/1.1" 200 980 "-" "Mozilla/5.0 AppleWebKit/537.36 (KHTML, like Gecko; compatible; ClaudeBot/1.0; +claudebot@anthropic.com)"
3.146.65.73 - - [18/Apr/2025:08:17:32 -0400] "GET /ad917/?path=%2Fhome%2F.%2F.%2F..%2F..%2Flib64%2Fengines-1.1%2F..%2Fsecurity%2Fpam_sss_gss.so HTTP/1.1" 200 979 "-" "Mozilla/5.0 AppleWebKit/537.36 (KHTML, like Gecko; compatible; ClaudeBot/1.0; +claudebot@anthropic.com)"
3.146.65.73 - - [18/Apr/2025:08:17:35 -0400] "GET /ad917/?path=%2Fhome%2F.%2F.%2F..%2F..%2Flib64%2Fengines-1.1%2F..%2Fsecurity%2Fpam_console.so HTTP/1.1" 200 979 "-" "Mozilla/5.0 AppleWebKit/537.36 (KHTML, like Gecko; compatible; ClaudeBot/1.0; +claudebot@anthropic.com)"
3.146.65.73 - - [18/Apr/2025:08:17:38 -0400] "GET /ad917/?path=%2Fhome%2F.%2F..%2Flib%2Fgames%2F..%2Ffirmware%2F.%2Fliquidio%2Flio_23xx_nic.bin HTTP/1.1" 200 986 "-" "Mozilla/5.0 AppleWebKit/537.36 (KHTML, like Gecko; compatible; ClaudeBot/1.0; +claudebot@anthropic.com)"
3.146.65.73 - - [18/Apr/2025:08:17:41 -0400] "GET /ad917/?path=%2Fhome%2F.%2F..%2Flib64%2Fapr-util-1%2F..%2Fpkgconfig%2F..%2Fgstreamer-1.0%2F. HTTP/1.1" 200 4671 "-" "Mozilla/5.0 AppleWebKit/537.36 (KHTML, like Gecko; compatible; ClaudeBot/1.0; +claudebot@anthropic.com)"
3.146.65.73 - - [18/Apr/2025:08:17:44 -0400] "GET /ad917/?path=%2Fhome%2F.%2F.%2F..%2F..%2Flib64%2Fengines-1.1%2F..%2Fsecurity%2Fpam_limits.so HTTP/1.1" 200 975 "-" "Mozilla/5.0 AppleWebKit/537.36 (KHTML, like Gecko; compatible; ClaudeBot/1.0; +claudebot@anthropic.com)"
198.54.116.86 - - [18/Apr/2025:08:17:45 -0400] "POST /wp-cron.php?doing_wp_cron=1744978665.0649940967559814453125 HTTP/1.1" 200 0 "-" "WordPress/6.8; https://servethepeopleinc.org"
52.167.144.21 - - [18/Apr/2025:08:17:44 -0400] "GET /goodscode/2470922.shtml HTTP/1.1" 301 0 "-" "Mozilla/5.0 AppleWebKit/537.36 (KHTML, like Gecko; compatible; bingbot/2.0; +http://www.bing.com/bingbot.htm) Chrome/116.0.1938.76 Safari/537.36"
198.54.116.86 - - [18/Apr/2025:08:17:45 -0400] "POST /wp-admin/admin-ajax.php?action=async_litespeed&nonce=0m86exjOgftHSFEt6ultinECvrJ0RMoD&litespeed_type=imgoptm HTTP/1.1" 200 21 "-" "WordPress/6.8; https://servethepeopleinc.org"
3.21.122.130 - - [18/Apr/2025:08:18:20 -0400] "GET /ad917/?path=%2Fhome%2F.%2F..%2Flib64%2Fapr-util-1%2F..%2Fpkgconfig%2F..%2Fgstreamer-1.0%2Flibgstdvb.so HTTP/1.1" 200 1000 "-" "Mozilla/5.0 AppleWebKit/537.36 (KHTML, like Gecko; compatible; ClaudeBot/1.0; +claudebot@anthropic.com)"
3.21.122.130 - - [18/Apr/2025:08:18:23 -0400] "GET /ad917/?path=%2Fhome%2F.%2F..%2Flib64%2Fapr-util-1%2F..%2Fpkgconfig%2F..%2Fgstreamer-1.0%2Flibgstogg.so HTTP/1.1" 200 1000 "-" "Mozilla/5.0 AppleWebKit/537.36 (KHTML, like Gecko; compatible; ClaudeBot/1.0; +claudebot@anthropic.com)"
3.21.122.130 - - [18/Apr/2025:08:18:26 -0400] "GET /ad917/?path=%2Fhome%2F.%2F..%2Flib64%2Fapr-util-1%2F..%2Fpkgconfig%2F..%2Fgstreamer-1.0%2Flibgstmxf.so HTTP/1.1" 200 1000 "-" "Mozilla/5.0 AppleWebKit/537.36 (KHTML, like Gecko; compatible; ClaudeBot/1.0; +claudebot@anthropic.com)"
3.21.122.130 - - [18/Apr/2025:08:18:29 -0400] "GET /ad917/?path=%2Fhome%2F.%2F..%2Flib64%2Fapr-util-1%2F..%2Fpkgconfig%2F..%2Fpulseaudio%2Flibpulsedsp.so HTTP/1.1" 200 994 "-" "Mozilla/5.0 AppleWebKit/537.36 (KHTML, like Gecko; compatible; ClaudeBot/1.0; +claudebot@anthropic.com)"
198.54.116.86 - - [18/Apr/2025:08:18:30 -0400] "POST /wp-cron.php?doing_wp_cron=1744978710.4356029033660888671875 HTTP/1.1" 200 0 "-" "WordPress/6.8; https://servethepeopleinc.org"
66.249.77.41 - - [18/Apr/2025:08:18:30 -0400] "GET /sitemap-item-3037.xml HTTP/1.1" 404 16944 "-" "Mozilla/5.0 (compatible; Googlebot/2.1; +http://www.google.com/bot.html)"
198.54.116.86 - - [18/Apr/2025:08:18:30 -0400] "POST /wp-admin/admin-ajax.php?action=async_litespeed&nonce=7UlJhhnXi13GXYhyCfUUDHgMnlgrxwdY&litespeed_type=imgoptm HTTP/1.1" 200 21 "-" "WordPress/6.8; https://servethepeopleinc.org"
3.21.122.130 - - [18/Apr/2025:08:18:32 -0400] "GET /ad917/?path=%2Fhome%2Fservlmvm%2Fpublic_html%2F..%2Fwww%2Fa4389%2F..%2F597e1%2F..%2F.%2Fwp-signup.php HTTP/1.1" 200 9820 "-" "Mozilla/5.0 AppleWebKit/537.36 (KHTML, like Gecko; compatible; ClaudeBot/1.0; +claudebot@anthropic.com)"
3.21.122.130 - - [18/Apr/2025:08:18:35 -0400] "GET /ad917/?path=%2Fhome%2Fservlmvm%2Fpublic_html%2F..%2Fwww%2Fa4389%2F..%2F597e1%2F..%2F.%2Fwp-config.php HTTP/1.1" 403 1242 "-" "Mozilla/5.0 AppleWebKit/537.36 (KHTML, like Gecko; compatible; ClaudeBot/1.0; +claudebot@anthropic.com)"
52.167.144.21 - - [18/Apr/2025:08:18:35 -0400] "GET /item/2759716.shtml HTTP/1.1" 301 0 "-" "Mozilla/5.0 AppleWebKit/537.36 (KHTML, like Gecko; compatible; bingbot/2.0; +http://www.bing.com/bingbot.htm) Chrome/116.0.1938.76 Safari/537.36"
3.21.122.130 - - [18/Apr/2025:08:18:38 -0400] "GET /ad917/?path=%2Fhome%2F.%2F..%2Flib64%2Fapr-util-1%2F..%2Fpkgconfig%2F..%2Flibnfsidmap%2Fumich_ldap.so HTTP/1.1" 200 994 "-" "Mozilla/5.0 AppleWebKit/537.36 (KHTML, like Gecko; compatible; ClaudeBot/1.0; +claudebot@anthropic.com)"
3.21.122.130 - - [18/Apr/2025:08:18:41 -0400] "GET /ad917/?path=%2Fhome%2Fservlmvm%2F..%2F..%2Flib64%2Frpm-plugins%2F..%2Flibnfsidmap%2F.%2Fumich_ldap.so HTTP/1.1" 200 995 "-" "Mozilla/5.0 AppleWebKit/537.36 (KHTML, like Gecko; compatible; ClaudeBot/1.0; +claudebot@anthropic.com)"
3.21.122.130 - - [18/Apr/2025:08:18:44 -0400] "GET /ad917/?path=%2Fhome%2Fservlmvm%2Fpublic_html%2F..%2Fwww%2Fa4389%2F..%2F597e1%2F..%2F.%2F.htaccess.bk HTTP/1.1" 403 1242 "-" "Mozilla/5.0 AppleWebKit/537.36 (KHTML, like Gecko; compatible; ClaudeBot/1.0; +claudebot@anthropic.com)"
3.21.122.130 - - [18/Apr/2025:08:18:47 -0400] "GET /ad917/?path=%2Fhome%2F.%2F..%2Flib64%2Fapr-util-1%2F..%2Fpkgconfig%2F..%2Fengines-1.1%2Flibpkcs11.so HTTP/1.1" 200 999 "-" "Mozilla/5.0 AppleWebKit/537.36 (KHTML, like Gecko; compatible; ClaudeBot/1.0; +claudebot@anthropic.com)"
3.21.122.130 - - [18/Apr/2025:08:18:50 -0400] "GET /ad917/?path=%2Fhome%2Fservlmvm%2Fpublic_html%2F..%2Fwww%2Fa4389%2F..%2F597e1%2F..%2F.%2Flicense.txt HTTP/1.1" 200 8383 "-" "Mozilla/5.0 AppleWebKit/537.36 (KHTML, like Gecko; compatible; ClaudeBot/1.0; +claudebot@anthropic.com)"
3.21.122.130 - - [18/Apr/2025:08:18:53 -0400] "GET /ad917/?path=%2Fhome%2Fservlmvm%2F..%2F..%2Flib64%2Frpm-plugins%2F..%2Flibnfsidmap%2F.%2Fnsswitch.so HTTP/1.1" 200 993 "-" "Mozilla/5.0 AppleWebKit/537.36 (KHTML, like Gecko; compatible; ClaudeBot/1.0; +claudebot@anthropic.com)"
3.21.122.130 - - [18/Apr/2025:08:18:56 -0400] "GET /ad917/?path=%2Fhome%2Fservlmvm%2Fpublic_html%2F..%2Fwww%2Fa4389%2F..%2F597e1%2F..%2F.%2Fwp-mail.php HTTP/1.1" 200 4209 "-" "Mozilla/5.0 AppleWebKit/537.36 (KHTML, like Gecko; compatible; ClaudeBot/1.0; +claudebot@anthropic.com)"
3.21.122.130 - - [18/Apr/2025:08:18:59 -0400] "GET /ad917/?path=%2Fhome%2Fservlmvm%2Fpublic_html%2F..%2Fwww%2Fa4389%2F..%2F597e1%2F..%2F.%2Fwp-includes HTTP/1.1" 200 9078 "-" "Mozilla/5.0 AppleWebKit/537.36 (KHTML, like Gecko; compatible; ClaudeBot/1.0; +claudebot@anthropic.com)"
3.21.122.130 - - [18/Apr/2025:08:19:02 -0400] "GET /ad917/?path=%2Fhome%2Fservlmvm%2Fpublic_html%2F..%2Fwww%2Fa4389%2F..%2F597e1%2F..%2F.%2Fwp-cron.php HTTP/1.1" 200 3129 "-" "Mozilla/5.0 AppleWebKit/537.36 (KHTML, like Gecko; compatible; ClaudeBot/1.0; +claudebot@anthropic.com)"
3.21.122.130 - - [18/Apr/2025:08:19:05 -0400] "GET /ad917/?path=%2Fhome%2Fservlmvm%2Fpublic_html%2F..%2Fwww%2Fa4389%2F..%2F597e1%2F..%2F.%2Freadme.html HTTP/1.1" 200 4028 "-" "Mozilla/5.0 AppleWebKit/537.36 (KHTML, like Gecko; compatible; ClaudeBot/1.0; +claudebot@anthropic.com)"
3.21.122.130 - - [18/Apr/2025:08:19:08 -0400] "GET /ad917/?path=%2Fhome%2Fservlmvm%2Fpublic_html%2F..%2Fwww%2Fa4389%2F..%2F597e1%2F..%2F.%2Fwp-load.php HTTP/1.1" 200 2649 "-" "Mozilla/5.0 AppleWebKit/537.36 (KHTML, like Gecko; compatible; ClaudeBot/1.0; +claudebot@anthropic.com)"
3.21.122.130 - - [18/Apr/2025:08:19:11 -0400] "GET /ad917/?path=%2Fhome%2F.%2F..%2Flib64%2Fapr-util-1%2F..%2Fpkgconfig%2F..%2Flibnfsidmap%2Fnsswitch.so HTTP/1.1" 200 997 "-" "Mozilla/5.0 AppleWebKit/537.36 (KHTML, like Gecko; compatible; ClaudeBot/1.0; +claudebot@anthropic.com)"
3.21.122.130 - - [18/Apr/2025:08:19:14 -0400] "GET /ad917/?path=%2Fhome%2Fservlmvm%2F..%2F..%2Flib64%2Fqt5%2Fplugins%2Fplatformthemes%2F.%2Flibqgtk3.so HTTP/1.1" 200 992 "-" "Mozilla/5.0 AppleWebKit/537.36 (KHTML, like Gecko; compatible; ClaudeBot/1.0; +claudebot@anthropic.com)"
3.21.122.130 - - [18/Apr/2025:08:19:17 -0400] "GET /ad917/?path=%2Fhome%2Fservlmvm%2Fpublic_html%2F..%2Fwww%2Fa4389%2F..%2F597e1%2F..%2F.%2F.well-known HTTP/1.1" 200 1591 "-" "Mozilla/5.0 AppleWebKit/537.36 (KHTML, like Gecko; compatible; ClaudeBot/1.0; +claudebot@anthropic.com)"
3.21.122.130 - - [18/Apr/2025:08:19:20 -0400] "GET /ad917/?path=%2Fhome%2F.%2F.%2F..%2F..%2Flib64%2Fengines-1.1%2F..%2Fsecurity%2Fpam_selinux_permit.so HTTP/1.1" 200 979 "-" "Mozilla/5.0 AppleWebKit/537.36 (KHTML, like Gecko; compatible; ClaudeBot/1.0; +claudebot@anthropic.com)"
3.21.122.130 - - [18/Apr/2025:08:19:23 -0400] "GET /ad917/?path=%2Fhome%2Fservlmvm%2Fpublic_html%2F..%2Fwww%2Fa4389%2F..%2F597e1%2F..%2F.%2Frobots.txt HTTP/1.1" 200 1065 "-" "Mozilla/5.0 AppleWebKit/537.36 (KHTML, like Gecko; compatible; ClaudeBot/1.0; +claudebot@anthropic.com)"
3.21.122.130 - - [18/Apr/2025:08:19:26 -0400] "GET /ad917/?path=%2Fhome%2F.%2F..%2Flib64%2Fapr-util-1%2F..%2Fpkgconfig%2F..%2Frpm-plugins%2Fselinux.so HTTP/1.1" 200 996 "-" "Mozilla/5.0 AppleWebKit/537.36 (KHTML, like Gecko; compatible; ClaudeBot/1.0; +claudebot@anthropic.com)"
3.21.122.130 - - [18/Apr/2025:08:19:29 -0400] "GET /ad917/?path=%2Fhome%2F.%2F..%2Flib64%2Fapr-util-1%2F..%2Fpkgconfig%2F..%2Fengines-1.1%2Fpadlock.so HTTP/1.1" 200 996 "-" "Mozilla/5.0 AppleWebKit/537.36 (KHTML, like Gecko; compatible; ClaudeBot/1.0; +claudebot@anthropic.com)"
3.21.122.130 - - [18/Apr/2025:08:19:32 -0400] "GET /ad917/?path=%2Fhome%2Fservlmvm%2Fpublic_html%2F..%2Fwww%2Fa4389%2F..%2F597e1%2F..%2F.%2Fxmlrpc.php HTTP/1.1" 200 2478 "-" "Mozilla/5.0 AppleWebKit/537.36 (KHTML, like Gecko; compatible; ClaudeBot/1.0; +claudebot@anthropic.com)"
3.21.122.130 - - [18/Apr/2025:08:19:35 -0400] "GET /ad917/?path=%2Fhome%2Fservlmvm%2Fpublic_html%2F..%2Fwww%2Fa4389%2F..%2F597e1%2F..%2F.%2Fwp-content HTTP/1.1" 200 1806 "-" "Mozilla/5.0 AppleWebKit/537.36 (KHTML, like Gecko; compatible; ClaudeBot/1.0; +claudebot@anthropic.com)"
3.21.122.130 - - [18/Apr/2025:08:19:38 -0400] "GET /ad917/?path=%2Fhome%2F.%2F..%2Flib%2Fdebug%2F..%2Ffirmware%2F.%2Famdgpu%2Fdimgrey_cavefish_sos.bin HTTP/1.1" 200 990 "-" "Mozilla/5.0 AppleWebKit/537.36 (KHTML, like Gecko; compatible; ClaudeBot/1.0; +claudebot@anthropic.com)"
3.21.122.130 - - [18/Apr/2025:08:19:41 -0400] "GET /ad917/?path=%2Fhome%2Fservlmvm%2Fpublic_html%2F..%2Fwww%2Fa4389%2F..%2F597e1%2F..%2F.%2FXeGxNIJcC HTTP/1.1" 200 1651 "-" "Mozilla/5.0 AppleWebKit/537.36 (KHTML, like Gecko; compatible; ClaudeBot/1.0; +claudebot@anthropic.com)"
198.54.116.86 - - [18/Apr/2025:08:19:42 -0400] "POST /wp-cron.php?doing_wp_cron=1744978782.5465540885925292968750 HTTP/1.1" 200 0 "-" "WordPress/6.8; https://servethepeopleinc.org"
40.77.167.78 - - [18/Apr/2025:08:19:42 -0400] "GET /product/isothermal109975148.shtml HTTP/1.1" 404 16942 "-" "Mozilla/5.0 AppleWebKit/537.36 (KHTML, like Gecko; compatible; bingbot/2.0; +http://www.bing.com/bingbot.htm) Chrome/116.0.1938.76 Safari/537.36"
198.54.116.86 - - [18/Apr/2025:08:19:42 -0400] "POST /wp-admin/admin-ajax.php?action=async_litespeed&nonce=p90L0eZJJKXb0c7Ajar8IVCql9F37QVn&litespeed_type=imgoptm HTTP/1.1" 200 21 "-" "WordPress/6.8; https://servethepeopleinc.org"
3.21.122.130 - - [18/Apr/2025:08:19:44 -0400] "GET /ad917/?path=%2Fhome%2F.%2F..%2Flib64%2Fapr-util-1%2F..%2Fpkgconfig%2F..%2Fengines-1.1%2Fpkcs11.so HTTP/1.1" 200 992 "-" "Mozilla/5.0 AppleWebKit/537.36 (KHTML, like Gecko; compatible; ClaudeBot/1.0; +claudebot@anthropic.com)"
52.167.144.21 - - [18/Apr/2025:08:19:45 -0400] "GET /detail/fi/sagouin8577408.shtml HTTP/1.1" 301 0 "-" "Mozilla/5.0 AppleWebKit/537.36 (KHTML, like Gecko; compatible; bingbot/2.0; +http://www.bing.com/bingbot.htm) Chrome/116.0.1938.76 Safari/537.36"
3.21.122.130 - - [18/Apr/2025:08:19:47 -0400] "GET /ad917/?path=%2Fhome%2Fservlmvm%2Fpublic_html%2F..%2Fwww%2Fa4389%2F..%2F597e1%2F..%2F.%2Findex.php HTTP/1.1" 200 1209 "-" "Mozilla/5.0 AppleWebKit/537.36 (KHTML, like Gecko; compatible; ClaudeBot/1.0; +claudebot@anthropic.com)"
66.249.77.41 - - [18/Apr/2025:08:19:49 -0400] "GET /items/pleurotmidae112372974.shtml HTTP/1.1" 404 16941 "-" "Mozilla/5.0 (Linux; Android 6.0.1; Nexus 5X Build/MMB29P) AppleWebKit/537.36 (KHTML, like Gecko) Chrome/135.0.7049.95 Mobile Safari/537.36 (compatible; Googlebot/2.1; +http://www.google.com/bot.html)"
3.21.122.130 - - [18/Apr/2025:08:19:50 -0400] "GET /ad917/?path=%2Fhome%2F.%2F..%2Flib64%2Fapr-util-1%2F..%2Fpkgconfig%2F..%2Flibnfsidmap%2Fstatic.so HTTP/1.1" 200 992 "-" "Mozilla/5.0 AppleWebKit/537.36 (KHTML, like Gecko; compatible; ClaudeBot/1.0; +claudebot@anthropic.com)"
40.77.167.78 - - [18/Apr/2025:08:19:51 -0400] "GET /info/neddies120813500.shtml HTTP/1.1" 404 16941 "-" "Mozilla/5.0 AppleWebKit/537.36 (KHTML, like Gecko; compatible; bingbot/2.0; +http://www.bing.com/bingbot.htm) Chrome/116.0.1938.76 Safari/537.36"
3.21.122.130 - - [18/Apr/2025:08:19:53 -0400] "GET /ad917/?path=%2Fhome%2Fservlmvm%2F..%2F..%2Flib64%2Frpm-plugins%2F..%2Flibnfsidmap%2F.%2Fstatic.so HTTP/1.1" 200 994 "-" "Mozilla/5.0 AppleWebKit/537.36 (KHTML, like Gecko; compatible; ClaudeBot/1.0; +claudebot@anthropic.com)"
3.21.122.130 - - [18/Apr/2025:08:19:56 -0400] "GET /ad917/?path=%2Fhome%2Fservlmvm%2Fpublic_html%2F..%2Fwww%2Fa4389%2F..%2F597e1%2F..%2F.%2Ferror_log HTTP/1.1" 200 1135 "-" "Mozilla/5.0 AppleWebKit/537.36 (KHTML, like Gecko; compatible; ClaudeBot/1.0; +claudebot@anthropic.com)"
3.21.122.130 - - [18/Apr/2025:08:19:59 -0400] "GET /ad917/?path=%2Fhome%2Fservlmvm%2Fpublic_html%2F..%2Fwww%2Fa4389%2F..%2F597e1%2F..%2F.%2F.htaccess HTTP/1.1" 403 1242 "-" "Mozilla/5.0 AppleWebKit/537.36 (KHTML, like Gecko; compatible; ClaudeBot/1.0; +claudebot@anthropic.com)"
3.21.122.130 - - [18/Apr/2025:08:20:02 -0400] "GET /ad917/?path=%2Fhome%2Fservlmvm%2Fpublic_html%2F..%2F.clwpos%2F..%2F.%2Fwww%2Fwp-comments-post.php HTTP/1.1" 200 2087 "-" "Mozilla/5.0 AppleWebKit/537.36 (KHTML, like Gecko; compatible; ClaudeBot/1.0; +claudebot@anthropic.com)"
3.21.122.130 - - [18/Apr/2025:08:20:05 -0400] "GET /ad917/?path=%2Fhome%2Fservlmvm%2Fpublic_html%2F..%2F.clwpos%2F..%2F.%2Fwww%2Fwp-config-sample.php HTTP/1.1" 200 2284 "-" "Mozilla/5.0 AppleWebKit/537.36 (KHTML, like Gecko; compatible; ClaudeBot/1.0; +claudebot@anthropic.com)"
3.21.122.130 - - [18/Apr/2025:08:20:08 -0400] "GET /ad917/?path=%2Fhome%2F.%2F.%2F..%2F..%2Flib64%2Fengines-1.1%2F..%2Fsecurity%2Fpam_unix_session.so HTTP/1.1" 200 980 "-" "Mozilla/5.0 AppleWebKit/537.36 (KHTML, like Gecko; compatible; ClaudeBot/1.0; +claudebot@anthropic.com)"
3.21.122.130 - - [18/Apr/2025:08:20:11 -0400] "GET /ad917/?path=%2Fhome%2F.%2F..%2F..%2Fvar%2Flog%2F..%2Fsoftaculous%2Ffreshrss%2F_config.php.bak.php HTTP/1.1" 200 1056 "-" "Mozilla/5.0 AppleWebKit/537.36 (KHTML, like Gecko; compatible; ClaudeBot/1.0; +claudebot@anthropic.com)"
3.21.122.130 - - [18/Apr/2025:08:20:14 -0400] "GET /ad917/?path=%2Fhome%2Fservlmvm%2Fpublic_html%2F..%2Fwww%2Fa4389%2F..%2F597e1%2F..%2F.%2Fwp-admin HTTP/1.1" 200 4537 "-" "Mozilla/5.0 AppleWebKit/537.36 (KHTML, like Gecko; compatible; ClaudeBot/1.0; +claudebot@anthropic.com)"
3.141.193.237 - - [18/Apr/2025:08:20:51 -0400] "GET /ad917/?path=%2Fhome%2Fservlmvm%2F..%2F.%2F..%2F..%2Flib%2Ffirmware%2Fti-connectivity%2F.%2Fwl1251-nvs.bin HTTP/1.1" 200 995 "-" "Mozilla/5.0 AppleWebKit/537.36 (KHTML, like Gecko; compatible; ClaudeBot/1.0; +claudebot@anthropic.com)"
3.141.193.237 - - [18/Apr/2025:08:20:54 -0400] "GET /ad917/?path=%2Fhome%2F.%2F..%2Flib64%2Fapr-util-1%2F..%2Fpkgconfig%2F..%2Fgstreamer-1.0%2Flibgstfrei0r.so HTTP/1.1" 200 1001 "-" "Mozilla/5.0 AppleWebKit/537.36 (KHTML, like Gecko; compatible; ClaudeBot/1.0; +claudebot@anthropic.com)"
3.141.193.237 - - [18/Apr/2025:08:20:57 -0400] "GET /ad917/?path=%2Fhome%2F.%2F..%2Flib64%2Fapr-util-1%2F..%2Fpkgconfig%2F..%2Fgstreamer-1.0%2Flibgsttheora.so HTTP/1.1" 200 1000 "-" "Mozilla/5.0 AppleWebKit/537.36 (KHTML, like Gecko; compatible; ClaudeBot/1.0; +claudebot@anthropic.com)"
3.141.193.237 - - [18/Apr/2025:08:21:00 -0400] "GET /ad917/?path=%2Fhome%2F.%2F..%2Flib64%2Fapr-util-1%2F..%2Fpkgconfig%2F..%2Fgstreamer-1.0%2Flibgstvolume.so HTTP/1.1" 200 1000 "-" "Mozilla/5.0 AppleWebKit/537.36 (KHTML, like Gecko; compatible; ClaudeBot/1.0; +claudebot@anthropic.com)"
198.54.116.86 - - [18/Apr/2025:08:21:00 -0400] "POST /wp-cron.php?doing_wp_cron=1744978860.7586228847503662109375 HTTP/1.1" 200 0 "-" "WordPress/6.8; https://servethepeopleinc.org"
40.77.167.78 - - [18/Apr/2025:08:21:00 -0400] "GET /shopbrand117076176.shtml HTTP/1.1" 404 16943 "-" "Mozilla/5.0 AppleWebKit/537.36 (KHTML, like Gecko; compatible; bingbot/2.0; +http://www.bing.com/bingbot.htm) Chrome/116.0.1938.76 Safari/537.36"
198.54.116.86 - - [18/Apr/2025:08:21:00 -0400] "POST /wp-admin/admin-ajax.php?action=async_litespeed&nonce=bxPM8hWQCRJ3c3RqAt9YOqV5WFb4Nquj&litespeed_type=imgoptm HTTP/1.1" 200 21 "-" "WordPress/6.8; https://servethepeopleinc.org"
3.141.193.237 - - [18/Apr/2025:08:21:03 -0400] "GET /ad917/?path=%2Fhome%2F.%2F..%2Flib64%2Fapr-util-1%2F..%2Fpkgconfig%2F..%2Fgstreamer-1.0%2Flibgstopengl.so HTTP/1.1" 200 1001 "-" "Mozilla/5.0 AppleWebKit/537.36 (KHTML, like Gecko; compatible; ClaudeBot/1.0; +claudebot@anthropic.com)"
198.54.116.86 - - [18/Apr/2025:08:21:04 -0400] "POST /wp-cron.php?doing_wp_cron=1744978864.8761761188507080078125 HTTP/1.1" 200 0 "-" "WordPress/6.8; https://servethepeopleinc.org"
40.77.167.78 - - [18/Apr/2025:08:21:04 -0400] "GET /special/hemisecting/ HTTP/1.1" 404 16941 "-" "Mozilla/5.0 AppleWebKit/537.36 (KHTML, like Gecko; compatible; bingbot/2.0; +http://www.bing.com/bingbot.htm) Chrome/116.0.1938.76 Safari/537.36"
3.141.193.237 - - [18/Apr/2025:08:21:06 -0400] "GET /ad917/?path=%2Fhome%2Fservlmvm%2F..%2F.%2F..%2F..%2Flib%2Ffirmware%2Fti-connectivity%2F.%2Fwl127x-nvs.bin HTTP/1.1" 200 995 "-" "Mozilla/5.0 AppleWebKit/537.36 (KHTML, like Gecko; compatible; ClaudeBot/1.0; +claudebot@anthropic.com)"
3.141.193.237 - - [18/Apr/2025:08:21:09 -0400] "GET /ad917/?path=%2Fhome%2F.%2F..%2Flib64%2Fapr-util-1%2F..%2Fpkgconfig%2F..%2Fgstreamer-1.0%2Flibgstid3tag.so HTTP/1.1" 200 999 "-" "Mozilla/5.0 AppleWebKit/537.36 (KHTML, like Gecko; compatible; ClaudeBot/1.0; +claudebot@anthropic.com)"
3.141.193.237 - - [18/Apr/2025:08:21:12 -0400] "GET /ad917/?path=%2Fhome%2F.%2F..%2Flib64%2Fapr-util-1%2F..%2Fpkgconfig%2F..%2Fgstreamer-1.0%2Flibgstvorbis.so HTTP/1.1" 200 1001 "-" "Mozilla/5.0 AppleWebKit/537.36 (KHTML, like Gecko; compatible; ClaudeBot/1.0; +claudebot@anthropic.com)"
3.141.193.237 - - [18/Apr/2025:08:21:15 -0400] "GET /ad917/?path=%2Fhome%2F.%2F..%2Flib64%2Fapr-util-1%2F..%2Fpkgconfig%2F..%2Fgstreamer-1.0%2Flibgstladspa.so HTTP/1.1" 200 1001 "-" "Mozilla/5.0 AppleWebKit/537.36 (KHTML, like Gecko; compatible; ClaudeBot/1.0; +claudebot@anthropic.com)"
3.141.193.237 - - [18/Apr/2025:08:21:18 -0400] "GET /ad917/?path=%2Fhome%2F.%2F..%2Flib64%2Fapr-util-1%2F..%2Fpkgconfig%2F..%2Fgstreamer-1.0%2Flibgstrfbsrc.so HTTP/1.1" 200 1001 "-" "Mozilla/5.0 AppleWebKit/537.36 (KHTML, like Gecko; compatible; ClaudeBot/1.0; +claudebot@anthropic.com)"
3.141.193.237 - - [18/Apr/2025:08:21:21 -0400] "GET /ad917/?path=%2Fhome%2F.%2F..%2Flib64%2Fapr-util-1%2F..%2Fpkgconfig%2F..%2Fgstreamer-1.0%2Flibgstasfmux.so HTTP/1.1" 200 1001 "-" "Mozilla/5.0 AppleWebKit/537.36 (KHTML, like Gecko; compatible; ClaudeBot/1.0; +claudebot@anthropic.com)"
3.141.193.237 - - [18/Apr/2025:08:21:24 -0400] "GET /ad917/?path=%2Fhome%2F.%2F..%2Flib64%2Fapr-util-1%2F..%2Fpkgconfig%2F..%2Flibibverbs%2Flibrxe-rdmav34.so HTTP/1.1" 200 998 "-" "Mozilla/5.0 AppleWebKit/537.36 (KHTML, like Gecko; compatible; ClaudeBot/1.0; +claudebot@anthropic.com)"
198.54.116.86 - - [18/Apr/2025:08:21:24 -0400] "POST /wp-cron.php?doing_wp_cron=1744978884.3680760860443115234375 HTTP/1.1" 200 0 "-" "WordPress/6.8; https://servethepeopleinc.org"
52.167.144.21 - - [18/Apr/2025:08:21:24 -0400] "GET /detail/wa/bregmatic12844650.shtml HTTP/1.1" 301 0 "-" "Mozilla/5.0 AppleWebKit/537.36 (KHTML, like Gecko; compatible; bingbot/2.0; +http://www.bing.com/bingbot.htm) Chrome/116.0.1938.76 Safari/537.36"
198.54.116.86 - - [18/Apr/2025:08:21:24 -0400] "POST /wp-admin/admin-ajax.php?action=async_litespeed&nonce=VwESAq20krl9BB1YNs5kqqikqmsPefwD&litespeed_type=imgoptm HTTP/1.1" 200 21 "-" "WordPress/6.8; https://servethepeopleinc.org"
3.141.193.237 - - [18/Apr/2025:08:21:27 -0400] "GET /ad917/?path=%2Fhome%2F.%2F..%2Flib64%2Fapr-util-1%2F..%2Fpkgconfig%2F..%2Fcifs-utils%2Fcifs_idmap_sss.so HTTP/1.1" 200 998 "-" "Mozilla/5.0 AppleWebKit/537.36 (KHTML, like Gecko; compatible; ClaudeBot/1.0; +claudebot@anthropic.com)"
3.141.193.237 - - [18/Apr/2025:08:21:30 -0400] "GET /ad917/?path=%2Fhome%2Fservlmvm%2F..%2F..%2Flib64%2Fnss%2F..%2Flibpoco-plesk-1.9.0%2F.%2FlibPocoXML.so.60 HTTP/1.1" 200 1005 "-" "Mozilla/5.0 AppleWebKit/537.36 (KHTML, like Gecko; compatible; ClaudeBot/1.0; +claudebot@anthropic.com)"
3.141.193.237 - - [18/Apr/2025:08:21:33 -0400] "GET /ad917/?path=%2Fhome%2Fservlmvm%2F..%2F..%2Flib64%2Fnss%2F..%2Flibpoco-plesk-1.9.0%2F.%2FlibPocoNet.so.60 HTTP/1.1" 200 1005 "-" "Mozilla/5.0 AppleWebKit/537.36 (KHTML, like Gecko; compatible; ClaudeBot/1.0; +claudebot@anthropic.com)"
40.77.167.4 - - [18/Apr/2025:08:21:33 -0400] "GET /shopbrand/16783262.shtml HTTP/1.1" 404 16945 "-" "Mozilla/5.0 AppleWebKit/537.36 (KHTML, like Gecko; compatible; bingbot/2.0; +http://www.bing.com/bingbot.htm) Chrome/116.0.1938.76 Safari/537.36"
3.141.193.237 - - [18/Apr/2025:08:21:36 -0400] "GET /ad917/?path=%2Fhome%2F.%2F..%2Flib64%2Fapr-util-1%2F..%2Fpkgconfig%2F..%2Flibibverbs%2Flibsiw-rdmav34.so HTTP/1.1" 200 997 "-" "Mozilla/5.0 AppleWebKit/537.36 (KHTML, like Gecko; compatible; ClaudeBot/1.0; +claudebot@anthropic.com)"
3.141.193.237 - - [18/Apr/2025:08:21:39 -0400] "GET /ad917/?path=%2Fhome%2Fservlmvm%2Fpublic_html%2F..%2Fwww%2Fa4389%2F..%2F597e1%2F..%2F.%2Fwp-trackback.php HTTP/1.1" 200 2979 "-" "Mozilla/5.0 AppleWebKit/537.36 (KHTML, like Gecko; compatible; ClaudeBot/1.0; +claudebot@anthropic.com)"
3.141.193.237 - - [18/Apr/2025:08:21:42 -0400] "GET /ad917/?path=%2Fhome%2F.%2F..%2Flib64%2Fapr-util-1%2F..%2Fpkgconfig%2F..%2Flibibverbs%2Flibhns-rdmav34.so HTTP/1.1" 200 998 "-" "Mozilla/5.0 AppleWebKit/537.36 (KHTML, like Gecko; compatible; ClaudeBot/1.0; +claudebot@anthropic.com)"
3.141.193.237 - - [18/Apr/2025:08:21:45 -0400] "GET /ad917/?path=%2Fhome%2F.%2F..%2Flib64%2Fapr-util-1%2F..%2Fpkgconfig%2F..%2Flibibverbs%2Flibefa-rdmav34.so HTTP/1.1" 200 998 "-" "Mozilla/5.0 AppleWebKit/537.36 (KHTML, like Gecko; compatible; ClaudeBot/1.0; +claudebot@anthropic.com)"
3.141.193.237 - - [18/Apr/2025:08:21:48 -0400] "GET /ad917/?path=%2Fhome%2Fservlmvm%2F..%2F.%2F..%2F..%2Flib%2Ffirmware%2Fti-connectivity%2F.%2Fwl1271-fw.bin HTTP/1.1" 200 997 "-" "Mozilla/5.0 AppleWebKit/537.36 (KHTML, like Gecko; compatible; ClaudeBot/1.0; +claudebot@anthropic.com)"
3.141.193.237 - - [18/Apr/2025:08:21:51 -0400] "GET /ad917/?path=%2Fhome%2F.%2F..%2Flib64%2Fapr-util-1%2F..%2Fpkgconfig%2F..%2Fgstreamer-1.0%2Flibgstadder.so HTTP/1.1" 200 999 "-" "Mozilla/5.0 AppleWebKit/537.36 (KHTML, like Gecko; compatible; ClaudeBot/1.0; +claudebot@anthropic.com)"
3.141.193.237 - - [18/Apr/2025:08:21:54 -0400] "GET /ad917/?path=%2Fhome%2F.%2F..%2Flib64%2Fapr-util-1%2F..%2Fpkgconfig%2F..%2Fgstreamer-1.0%2Flibgstbluez.so HTTP/1.1" 200 1000 "-" "Mozilla/5.0 AppleWebKit/537.36 (KHTML, like Gecko; compatible; ClaudeBot/1.0; +claudebot@anthropic.com)"
3.141.193.237 - - [18/Apr/2025:08:21:57 -0400] "GET /ad917/?path=%2Fhome%2F.%2F..%2Flib64%2Fapr-util-1%2F..%2Fpkgconfig%2F..%2Fgstreamer-1.0%2Flibgstpango.so HTTP/1.1" 200 999 "-" "Mozilla/5.0 AppleWebKit/537.36 (KHTML, like Gecko; compatible; ClaudeBot/1.0; +claudebot@anthropic.com)"
3.141.193.237 - - [18/Apr/2025:08:22:00 -0400] "GET /ad917/?path=%2Fhome%2Fservlmvm%2F..%2F.%2F..%2F..%2Flib%2Ffirmware%2Fti-connectivity%2F.%2Fwl18xx-fw.bin HTTP/1.1" 200 997 "-" "Mozilla/5.0 AppleWebKit/537.36 (KHTML, like Gecko; compatible; ClaudeBot/1.0; +claudebot@anthropic.com)"
3.141.193.237 - - [18/Apr/2025:08:22:03 -0400] "GET /ad917/?path=%2Fhome%2Fservlmvm%2F..%2F.%2F..%2F..%2Flib%2Ffirmware%2Fti-connectivity%2F.%2Fwl1251-fw.bin HTTP/1.1" 200 997 "-" "Mozilla/5.0 AppleWebKit/537.36 (KHTML, like Gecko; compatible; ClaudeBot/1.0; +claudebot@anthropic.com)"
3.141.193.237 - - [18/Apr/2025:08:22:06 -0400] "GET /ad917/?path=%2Fhome%2F.%2F..%2Flib64%2Fapr-util-1%2F..%2Fpkgconfig%2F..%2Fgstreamer-1.0%2Flibgstinter.so HTTP/1.1" 200 1000 "-" "Mozilla/5.0 AppleWebKit/537.36 (KHTML, like Gecko; compatible; ClaudeBot/1.0; +claudebot@anthropic.com)"
3.141.193.237 - - [18/Apr/2025:08:22:09 -0400] "GET /ad917/?path=%2Fhome%2Fservlmvm%2F..%2F.%2F..%2F..%2Flib%2Ffirmware%2Fti-connectivity%2F.%2Fcc33xx_fw.bin HTTP/1.1" 200 998 "-" "Mozilla/5.0 AppleWebKit/537.36 (KHTML, like Gecko; compatible; ClaudeBot/1.0; +claudebot@anthropic.com)"
3.141.193.237 - - [18/Apr/2025:08:22:12 -0400] "GET /ad917/?path=%2Fhome%2F.%2F..%2Flib64%2Fapr-util-1%2F..%2Fpkgconfig%2F..%2Fgstreamer-1.0%2Flibgstproxy.so HTTP/1.1" 200 999 "-" "Mozilla/5.0 AppleWebKit/537.36 (KHTML, like Gecko; compatible; ClaudeBot/1.0; +claudebot@anthropic.com)"
3.141.193.237 - - [18/Apr/2025:08:22:15 -0400] "GET /ad917/?path=%2Fhome%2F.%2F..%2Flib64%2Fapr-util-1%2F..%2Fpkgconfig%2F..%2Fgstreamer-1.0%2Flibgstbayer.so HTTP/1.1" 200 999 "-" "Mozilla/5.0 AppleWebKit/537.36 (KHTML, like Gecko; compatible; ClaudeBot/1.0; +claudebot@anthropic.com)"
3.141.193.237 - - [18/Apr/2025:08:22:18 -0400] "GET /ad917/?path=%2Fhome%2Fservlmvm%2F..%2F.%2F..%2F..%2Flib%2Ffirmware%2Fti-connectivity%2F.%2Fwl128x-fw.bin HTTP/1.1" 200 997 "-" "Mozilla/5.0 AppleWebKit/537.36 (KHTML, like Gecko; compatible; ClaudeBot/1.0; +claudebot@anthropic.com)"
3.141.193.237 - - [18/Apr/2025:08:22:21 -0400] "GET /ad917/?path=%2Fhome%2Fservlmvm%2Fpublic_html%2F..%2Fwww%2Fa4389%2F..%2F597e1%2F..%2F.%2Fwp-activate.php HTTP/1.1" 200 3664 "-" "Mozilla/5.0 AppleWebKit/537.36 (KHTML, like Gecko; compatible; ClaudeBot/1.0; +claudebot@anthropic.com)"
3.141.193.237 - - [18/Apr/2025:08:22:24 -0400] "GET /ad917/?path=%2Fhome%2Fservlmvm%2Fpublic_html%2F..%2Fwww%2Fa4389%2F..%2F597e1%2F..%2F.%2Fwp-settings.php HTTP/1.1" 200 7277 "-" "Mozilla/5.0 AppleWebKit/537.36 (KHTML, like Gecko; compatible; ClaudeBot/1.0; +claudebot@anthropic.com)"
3.141.193.237 - - [18/Apr/2025:08:22:27 -0400] "GET /ad917/?path=%2Fhome%2Fservlmvm%2Fpublic_html%2F..%2Fwww%2Fa4389%2F..%2F597e1%2F..%2F.%2FVhUwsEAeICzRaJB HTTP/1.1" 200 1640 "-" "Mozilla/5.0 AppleWebKit/537.36 (KHTML, like Gecko; compatible; ClaudeBot/1.0; +claudebot@anthropic.com)"
3.141.193.237 - - [18/Apr/2025:08:22:30 -0400] "GET /ad917/?path=%2Fhome%2F.%2F..%2Flib64%2Fapr-util-1%2F..%2Fpkgconfig%2F..%2Fgstreamer-1.0%2Flibgstaiff.so HTTP/1.1" 200 998 "-" "Mozilla/5.0 AppleWebKit/537.36 (KHTML, like Gecko; compatible; ClaudeBot/1.0; +claudebot@anthropic.com)"
198.54.116.86 - - [18/Apr/2025:08:22:31 -0400] "POST /wp-cron.php?doing_wp_cron=1744978951.2545959949493408203125 HTTP/1.1" 200 0 "-" "WordPress/6.8; https://servethepeopleinc.org"
40.77.167.78 - - [18/Apr/2025:08:22:31 -0400] "GET /detail112004440.shtml HTTP/1.1" 404 16941 "-" "Mozilla/5.0 AppleWebKit/537.36 (KHTML, like Gecko; compatible; bingbot/2.0; +http://www.bing.com/bingbot.htm) Chrome/116.0.1938.76 Safari/537.36"
198.54.116.86 - - [18/Apr/2025:08:22:31 -0400] "POST /wp-admin/admin-ajax.php?action=async_litespeed&nonce=tHTlVMvfqNhmmvImc4mPGZZ9ybKDWixj&litespeed_type=imgoptm HTTP/1.1" 200 21 "-" "WordPress/6.8; https://servethepeopleinc.org"
3.141.193.237 - - [18/Apr/2025:08:22:33 -0400] "GET /ad917/?path=%2Fhome%2F.%2F..%2Flib64%2Fapr-util-1%2F..%2Fpkgconfig%2F..%2Fgstreamer-1.0%2Flibgstvmnc.so HTTP/1.1" 200 998 "-" "Mozilla/5.0 AppleWebKit/537.36 (KHTML, like Gecko; compatible; ClaudeBot/1.0; +claudebot@anthropic.com)"
3.141.193.237 - - [18/Apr/2025:08:22:36 -0400] "GET /ad917/?path=%2Fhome%2F.%2F..%2Flib64%2Fapr-util-1%2F..%2Fpkgconfig%2F..%2Fgstreamer-1.0%2Flibgstsrtp.so HTTP/1.1" 200 998 "-" "Mozilla/5.0 AppleWebKit/537.36 (KHTML, like Gecko; compatible; ClaudeBot/1.0; +claudebot@anthropic.com)"
3.141.193.237 - - [18/Apr/2025:08:22:39 -0400] "GET /ad917/?path=%2Fhome%2F.%2F..%2Flib64%2Fapr-util-1%2F..%2Fpkgconfig%2F..%2Fgstreamer-1.0%2Flibgstdtls.so HTTP/1.1" 200 998 "-" "Mozilla/5.0 AppleWebKit/537.36 (KHTML, like Gecko; compatible; ClaudeBot/1.0; +claudebot@anthropic.com)"
3.141.193.237 - - [18/Apr/2025:08:22:42 -0400] "GET /ad917/?path=%2Fhome%2F.%2F..%2Flib64%2Fapr-util-1%2F..%2Fpkgconfig%2F..%2Fgstreamer-1.0%2Flibgstmidi.so HTTP/1.1" 200 998 "-" "Mozilla/5.0 AppleWebKit/537.36 (KHTML, like Gecko; compatible; ClaudeBot/1.0; +claudebot@anthropic.com)"
198.98.58.59 - - [18/Apr/2025:08:22:44 -0400] "GET /wp-login.php HTTP/1.1" 200 6153 "-" "Mozilla/5.0 (iPad; CPU OS 7_1_2 like Mac OS X) AppleWebKit/537.51.2 (KHTML, like Gecko) Version/7.0 Mobile/11D257 Safari/9537.53"
3.141.193.237 - - [18/Apr/2025:08:22:45 -0400] "GET /ad917/?path=%2Fhome%2F.%2F..%2Flib64%2Fapr-util-1%2F..%2Fpkgconfig%2F..%2Fgstreamer-1.0%2Flibgstwebp.so HTTP/1.1" 200 998 "-" "Mozilla/5.0 AppleWebKit/537.36 (KHTML, like Gecko; compatible; ClaudeBot/1.0; +claudebot@anthropic.com)"
40.77.167.4 - - [18/Apr/2025:08:22:45 -0400] "GET /detail/inconsistent/113812120.shtml HTTP/1.1" 404 16951 "-" "Mozilla/5.0 AppleWebKit/537.36 (KHTML, like Gecko; compatible; bingbot/2.0; +http://www.bing.com/bingbot.htm) Chrome/116.0.1938.76 Safari/537.36"
198.54.116.86 - - [18/Apr/2025:08:23:04 -0400] "POST /wp-cron.php?doing_wp_cron=1744978984.9018909931182861328125 HTTP/1.1" 200 0 "-" "WordPress/6.8; https://servethepeopleinc.org"
52.167.144.21 - - [18/Apr/2025:08:23:04 -0400] "GET /detail/deathtick/24580274.shtml HTTP/1.1" 301 0 "-" "Mozilla/5.0 AppleWebKit/537.36 (KHTML, like Gecko; compatible; bingbot/2.0; +http://www.bing.com/bingbot.htm) Chrome/116.0.1938.76 Safari/537.36"
198.54.116.86 - - [18/Apr/2025:08:23:16 -0400] "POST /wp-cron.php?doing_wp_cron=1744978996.0492990016937255859375 HTTP/1.1" 200 0 "-" "WordPress/6.8; https://servethepeopleinc.org"
52.167.144.211 - - [18/Apr/2025:08:23:15 -0400] "GET /entity/49709582.shtml HTTP/1.1" 404 16940 "-" "Mozilla/5.0 AppleWebKit/537.36 (KHTML, like Gecko; compatible; bingbot/2.0; +http://www.bing.com/bingbot.htm) Chrome/116.0.1938.76 Safari/537.36"
198.54.116.86 - - [18/Apr/2025:08:23:16 -0400] "POST /wp-admin/admin-ajax.php?action=async_litespeed&nonce=qp7GliKUEMSYtyHlehO5Oosj86w9VC45&litespeed_type=imgoptm HTTP/1.1" 200 21 "-" "WordPress/6.8; https://servethepeopleinc.org"
52.14.205.130 - - [18/Apr/2025:08:23:22 -0400] "GET /ad917/?path=%2Fhome%2F.%2F..%2Flib64%2Fapr-util-1%2F..%2Fpkgconfig%2F..%2Fgstreamer-1.0%2Flibgstmpegtsmux.so HTTP/1.1" 200 1001 "-" "Mozilla/5.0 AppleWebKit/537.36 (KHTML, like Gecko; compatible; ClaudeBot/1.0; +claudebot@anthropic.com)"
52.14.205.130 - - [18/Apr/2025:08:23:25 -0400] "GET /ad917/?path=%2Fhome%2Fservlmvm%2F..%2F.%2F..%2F..%2Flib%2Ffirmware%2Fti-connectivity%2F.%2FTIInit_7.2.31.bts HTTP/1.1" 200 1003 "-" "Mozilla/5.0 AppleWebKit/537.36 (KHTML, like Gecko; compatible; ClaudeBot/1.0; +claudebot@anthropic.com)"
52.14.205.130 - - [18/Apr/2025:08:23:28 -0400] "GET /ad917/?path=%2Fhome%2F.%2F..%2Flib64%2Fapr-util-1%2F..%2Fpkgconfig%2F..%2Fgstreamer-1.0%2Flibgstopusparse.so HTTP/1.1" 200 1000 "-" "Mozilla/5.0 AppleWebKit/537.36 (KHTML, like Gecko; compatible; ClaudeBot/1.0; +claudebot@anthropic.com)"
52.14.205.130 - - [18/Apr/2025:08:23:31 -0400] "GET /ad917/?path=%2Fhome%2F.%2F..%2Flib64%2Fapr-util-1%2F..%2Fpkgconfig%2F..%2Fgstreamer-1.0%2Flibgstlibvisual.so HTTP/1.1" 200 1000 "-" "Mozilla/5.0 AppleWebKit/537.36 (KHTML, like Gecko; compatible; ClaudeBot/1.0; +claudebot@anthropic.com)"
3.22.100.20 - - [18/Apr/2025:08:23:33 -0400] "GET /robots.txt HTTP/1.1" 200 101 "-" "Mozilla/5.0 AppleWebKit/537.36 (KHTML, like Gecko; compatible; ClaudeBot/1.0; +claudebot@anthropic.com)"
52.14.205.130 - - [18/Apr/2025:08:23:34 -0400] "GET /ad917/?path=%2Fhome%2F.%2F..%2Flib64%2Fapr-util-1%2F..%2Fpkgconfig%2F..%2Fgstreamer-1.0%2Flibgstinterlace.so HTTP/1.1" 200 1000 "-" "Mozilla/5.0 AppleWebKit/537.36 (KHTML, like Gecko; compatible; ClaudeBot/1.0; +claudebot@anthropic.com)"
3.22.100.20 - - [18/Apr/2025:08:23:34 -0400] "GET /ad917/?path=%2Fhome%2F..%2Flib%2Ffirmware%2Fhfi1_dc8051.fw HTTP/1.1" 200 945 "-" "Mozilla/5.0 AppleWebKit/537.36 (KHTML, like Gecko; compatible; ClaudeBot/1.0; +claudebot@anthropic.com)"
3.22.100.20 - - [18/Apr/2025:08:23:34 -0400] "GET /ad917/?path=%2Fhome%2F..%2Fopt%2F..%2Flib64%2Fliblzma.so.5 HTTP/1.1" 200 947 "-" "Mozilla/5.0 AppleWebKit/537.36 (KHTML, like Gecko; compatible; ClaudeBot/1.0; +claudebot@anthropic.com)"
3.22.100.20 - - [18/Apr/2025:08:23:34 -0400] "GET /ad917/?path=%2Fhome%2F..%2Fopt%2F..%2Flib64%2Flibthai.so.0 HTTP/1.1" 200 947 "-" "Mozilla/5.0 AppleWebKit/537.36 (KHTML, like Gecko; compatible; ClaudeBot/1.0; +claudebot@anthropic.com)"
3.22.100.20 - - [18/Apr/2025:08:23:34 -0400] "GET /ad917/?path=%2Fhome%2F..%2Fopt%2F..%2Flib64%2Flibopus.so.0 HTTP/1.1" 200 947 "-" "Mozilla/5.0 AppleWebKit/537.36 (KHTML, like Gecko; compatible; ClaudeBot/1.0; +claudebot@anthropic.com)"
3.22.100.20 - - [18/Apr/2025:08:23:34 -0400] "GET /ad917/?path=%2Fhome%2F..%2Fopt%2F..%2Fbin%2Fmariadb-binlog HTTP/1.1" 200 948 "-" "Mozilla/5.0 AppleWebKit/537.36 (KHTML, like Gecko; compatible; ClaudeBot/1.0; +claudebot@anthropic.com)"
3.22.100.20 - - [18/Apr/2025:08:23:34 -0400] "GET /ad917/?path=%2Fhome%2F..%2Fopt%2F..%2Flib64%2Flibnpth.so.0 HTTP/1.1" 200 947 "-" "Mozilla/5.0 AppleWebKit/537.36 (KHTML, like Gecko; compatible; ClaudeBot/1.0; +claudebot@anthropic.com)"
3.22.100.20 - - [18/Apr/2025:08:23:34 -0400] "GET /ad917/?path=%2Fhome%2F..%2Fopt%2F..%2Flib64%2Flibsolv.so.1 HTTP/1.1" 200 945 "-" "Mozilla/5.0 AppleWebKit/537.36 (KHTML, like Gecko; compatible; ClaudeBot/1.0; +claudebot@anthropic.com)"
3.22.100.20 - - [18/Apr/2025:08:23:34 -0400] "GET /ad917/?path=%2Fhome%2F..%2Fopt%2F..%2Flib64%2Flibjasper.so HTTP/1.1" 200 946 "-" "Mozilla/5.0 AppleWebKit/537.36 (KHTML, like Gecko; compatible; ClaudeBot/1.0; +claudebot@anthropic.com)"
3.22.100.20 - - [18/Apr/2025:08:23:34 -0400] "GET /ad917/?path=%2Fhome%2F..%2Fhome%2F..%2Flib64%2Flibtic.so.6 HTTP/1.1" 200 942 "-" "Mozilla/5.0 AppleWebKit/537.36 (KHTML, like Gecko; compatible; ClaudeBot/1.0; +claudebot@anthropic.com)"
52.14.205.130 - - [18/Apr/2025:08:23:37 -0400] "GET /ad917/?path=%2Fhome%2F.%2F..%2Flib64%2Fapr-util-1%2F..%2Fpkgconfig%2F..%2Fgstreamer-1.0%2Flibgstdashdemux.so HTTP/1.1" 200 1001 "-" "Mozilla/5.0 AppleWebKit/537.36 (KHTML, like Gecko; compatible; ClaudeBot/1.0; +claudebot@anthropic.com)"
52.14.205.130 - - [18/Apr/2025:08:23:40 -0400] "GET /ad917/?path=%2Fhome%2F.%2F..%2Flib64%2Fapr-util-1%2F..%2Fpkgconfig%2F..%2Fgstreamer-1.0%2Flibgstwebrtcdsp.so HTTP/1.1" 200 1001 "-" "Mozilla/5.0 AppleWebKit/537.36 (KHTML, like Gecko; compatible; ClaudeBot/1.0; +claudebot@anthropic.com)"
66.249.77.41 - - [18/Apr/2025:08:23:39 -0400] "GET /sitemap-hot-2905792.xml HTTP/1.1" 404 16944 "-" "Mozilla/5.0 (compatible; Googlebot/2.1; +http://www.google.com/bot.html)"
66.249.77.42 - - [18/Apr/2025:08:23:41 -0400] "GET /special/ko/entastic100602646.shtml HTTP/1.1" 404 16952 "-" "Mozilla/5.0 (compatible; Googlebot/2.1; +http://www.google.com/bot.html)"
52.14.205.130 - - [18/Apr/2025:08:23:43 -0400] "GET /ad917/?path=%2Fhome%2F.%2F..%2Flib64%2Fapr-util-1%2F..%2Fpkgconfig%2F..%2Fgstreamer-1.0%2Flibgstpcapparse.so HTTP/1.1" 200 1000 "-" "Mozilla/5.0 AppleWebKit/537.36 (KHTML, like Gecko; compatible; ClaudeBot/1.0; +claudebot@anthropic.com)"
52.167.144.211 - - [18/Apr/2025:08:23:44 -0400] "GET /detail/suade54034302.shtml HTTP/1.1" 404 16943 "-" "Mozilla/5.0 AppleWebKit/537.36 (KHTML, like Gecko; compatible; bingbot/2.0; +http://www.bing.com/bingbot.htm) Chrome/116.0.1938.76 Safari/537.36"
52.14.205.130 - - [18/Apr/2025:08:23:46 -0400] "GET /ad917/?path=%2Fhome%2F.%2F..%2Flib64%2Fapr-util-1%2F..%2Fpkgconfig%2F..%2Fgstreamer-1.0%2Flibgstcamerabin.so HTTP/1.1" 200 1000 "-" "Mozilla/5.0 AppleWebKit/537.36 (KHTML, like Gecko; compatible; ClaudeBot/1.0; +claudebot@anthropic.com)"
52.14.205.130 - - [18/Apr/2025:08:23:49 -0400] "GET /ad917/?path=%2Fhome%2F.%2F..%2Flib64%2Fapr-util-1%2F..%2Fpkgconfig%2F..%2Fgstreamer-1.0%2Flibgstaudiorate.so HTTP/1.1" 200 1000 "-" "Mozilla/5.0 AppleWebKit/537.36 (KHTML, like Gecko; compatible; ClaudeBot/1.0; +claudebot@anthropic.com)"
52.14.205.130 - - [18/Apr/2025:08:23:52 -0400] "GET /ad917/?path=%2Fhome%2F.%2F..%2Flib64%2Fapr-util-1%2F..%2Fpkgconfig%2F..%2Fgstreamer-1.0%2Flibgstmpegpsmux.so HTTP/1.1" 200 1001 "-" "Mozilla/5.0 AppleWebKit/537.36 (KHTML, like Gecko; compatible; ClaudeBot/1.0; +claudebot@anthropic.com)"
40.77.167.4 - - [18/Apr/2025:08:23:54 -0400] "GET /detail30042562.shtml HTTP/1.1" 404 16943 "-" "Mozilla/5.0 AppleWebKit/537.36 (KHTML, like Gecko; compatible; bingbot/2.0; +http://www.bing.com/bingbot.htm) Chrome/116.0.1938.76 Safari/537.36"
52.14.205.130 - - [18/Apr/2025:08:23:55 -0400] "GET /ad917/?path=%2Fhome%2F.%2F..%2Flib64%2Fapr-util-1%2F..%2Fpkgconfig%2F..%2Fgstreamer-1.0%2Flibgstvideorate.so HTTP/1.1" 200 1000 "-" "Mozilla/5.0 AppleWebKit/537.36 (KHTML, like Gecko; compatible; ClaudeBot/1.0; +claudebot@anthropic.com)"
52.14.205.130 - - [18/Apr/2025:08:23:58 -0400] "GET /ad917/?path=%2Fhome%2Fservlmvm%2F..%2F.%2F..%2F..%2Flib%2Ffirmware%2Fti-connectivity%2F.%2FTIInit_6.2.31.bts HTTP/1.1" 200 1002 "-" "Mozilla/5.0 AppleWebKit/537.36 (KHTML, like Gecko; compatible; ClaudeBot/1.0; +claudebot@anthropic.com)"
52.14.205.130 - - [18/Apr/2025:08:24:01 -0400] "GET /ad917/?path=%2Fhome%2F.%2F..%2Flib64%2Fapr-util-1%2F..%2Fpkgconfig%2F..%2Fgstreamer-1.0%2Flibgstresindvd.so HTTP/1.1" 200 998 "-" "Mozilla/5.0 AppleWebKit/537.36 (KHTML, like Gecko; compatible; ClaudeBot/1.0; +claudebot@anthropic.com)"
3.22.100.20 - - [18/Apr/2025:08:24:02 -0400] "GET /ad917/?path=%2Fhome%2F..%2Fhome%2F..%2Flib64%2Flibpsl.so.5 HTTP/1.1" 200 943 "-" "Mozilla/5.0 AppleWebKit/537.36 (KHTML, like Gecko; compatible; ClaudeBot/1.0; +claudebot@anthropic.com)"
3.22.100.20 - - [18/Apr/2025:08:24:02 -0400] "GET /ad917/?path=%2Fhome%2F..%2Fhome%2F..%2Flib64%2Flibnsl.so.1 HTTP/1.1" 200 942 "-" "Mozilla/5.0 AppleWebKit/537.36 (KHTML, like Gecko; compatible; ClaudeBot/1.0; +claudebot@anthropic.com)"
3.22.100.20 - - [18/Apr/2025:08:24:02 -0400] "GET /ad917/?path=%2Fhome%2F..%2Fhome1%2F..%2Flib64%2Flibncurses HTTP/1.1" 200 1192 "-" "Mozilla/5.0 AppleWebKit/537.36 (KHTML, like Gecko; compatible; ClaudeBot/1.0; +claudebot@anthropic.com)"
3.22.100.20 - - [18/Apr/2025:08:24:02 -0400] "GET /ad917/?path=%2Fhome%2F..%2Fhome4%2F..%2Fbin%2Ffc-conflist HTTP/1.1" 200 946 "-" "Mozilla/5.0 AppleWebKit/537.36 (KHTML, like Gecko; compatible; ClaudeBot/1.0; +claudebot@anthropic.com)"
3.22.100.20 - - [18/Apr/2025:08:24:02 -0400] "GET /ad917/?path=%2Fhome%2F..%2Fhome2%2F..%2Flib64%2FlibXpm.so HTTP/1.1" 200 951 "-" "Mozilla/5.0 AppleWebKit/537.36 (KHTML, like Gecko; compatible; ClaudeBot/1.0; +claudebot@anthropic.com)"
3.22.100.20 - - [18/Apr/2025:08:24:03 -0400] "GET /ad917/?path=%2Fhome%2F..%2Fusr%2Finclude%2Flinux%2Fpsci.h HTTP/1.1" 200 2257 "-" "Mozilla/5.0 AppleWebKit/537.36 (KHTML, like Gecko; compatible; ClaudeBot/1.0; +claudebot@anthropic.com)"
3.22.100.20 - - [18/Apr/2025:08:24:03 -0400] "GET /ad917/?path=%2Fhome%2F..%2Fhome1%2F..%2Flib64%2Flibbz2.so HTTP/1.1" 200 950 "-" "Mozilla/5.0 AppleWebKit/537.36 (KHTML, like Gecko; compatible; ClaudeBot/1.0; +claudebot@anthropic.com)"
198.54.116.86 - - [18/Apr/2025:08:24:03 -0400] "POST /wp-cron.php?doing_wp_cron=1744979043.7829771041870117187500 HTTP/1.1" 200 0 "-" "WordPress/6.8; https://servethepeopleinc.org"
3.22.100.20 - - [18/Apr/2025:08:24:03 -0400] "GET /ad917/?path=%2Fhome%2F..%2Fusr%2Finclude%2Flinux%2Fcuda.h HTTP/1.1" 200 1376 "-" "Mozilla/5.0 AppleWebKit/537.36 (KHTML, like Gecko; compatible; ClaudeBot/1.0; +claudebot@anthropic.com)"
66.249.77.42 - - [18/Apr/2025:08:24:03 -0400] "GET /product110934626.shtml HTTP/1.1" 404 16943 "-" "Mozilla/5.0 (compatible; Googlebot/2.1; +http://www.google.com/bot.html)"
3.22.100.20 - - [18/Apr/2025:08:24:04 -0400] "GET /ad917/?path=%2Fhome%2F..%2Fusr%2Finclude%2Fsound%2Fasoc.h HTTP/1.1" 200 5750 "-" "Mozilla/5.0 AppleWebKit/537.36 (KHTML, like Gecko; compatible; ClaudeBot/1.0; +claudebot@anthropic.com)"
52.14.205.130 - - [18/Apr/2025:08:24:04 -0400] "GET /ad917/?path=%2Fhome%2F.%2F..%2Flib64%2Fapr-util-1%2F..%2Fpkgconfig%2F..%2Fgstreamer-1.0%2Flibgstsubparse.so HTTP/1.1" 200 1000 "-" "Mozilla/5.0 AppleWebKit/537.36 (KHTML, like Gecko; compatible; ClaudeBot/1.0; +claudebot@anthropic.com)"
3.22.100.20 - - [18/Apr/2025:08:24:04 -0400] "GET /ad917/?path=%2Fhome%2F..%2F.%2Flib64%2Ftcl8.6%2FlibTix.so HTTP/1.1" 200 948 "-" "Mozilla/5.0 AppleWebKit/537.36 (KHTML, like Gecko; compatible; ClaudeBot/1.0; +claudebot@anthropic.com)"
3.22.100.20 - - [18/Apr/2025:08:24:04 -0400] "GET /ad917/?path=%2Fhome%2F..%2Fhome2%2F..%2Flib64%2Fliblve.so HTTP/1.1" 200 949 "-" "Mozilla/5.0 AppleWebKit/537.36 (KHTML, like Gecko; compatible; ClaudeBot/1.0; +claudebot@anthropic.com)"
3.22.100.20 - - [18/Apr/2025:08:24:04 -0400] "GET /ad917/?path=%2Fhome%2F..%2Fusr%2Finclude%2Flinux%2Fidxd.h HTTP/1.1" 200 3347 "-" "Mozilla/5.0 AppleWebKit/537.36 (KHTML, like Gecko; compatible; ClaudeBot/1.0; +claudebot@anthropic.com)"
52.14.205.130 - - [18/Apr/2025:08:24:07 -0400] "GET /ad917/?path=%2Fhome%2F.%2F..%2Flib64%2Fapr-util-1%2F..%2Fpkgconfig%2F..%2Fgstreamer-1.0%2Flibgsttimecode.so HTTP/1.1" 200 1000 "-" "Mozilla/5.0 AppleWebKit/537.36 (KHTML, like Gecko; compatible; ClaudeBot/1.0; +claudebot@anthropic.com)"
52.14.205.130 - - [18/Apr/2025:08:24:10 -0400] "GET /ad917/?path=%2Fhome%2F.%2F..%2Flib64%2Fapr-util-1%2F..%2Fpkgconfig%2F..%2Fgstreamer-1.0%2Flibgstplayback.so HTTP/1.1" 200 1000 "-" "Mozilla/5.0 AppleWebKit/537.36 (KHTML, like Gecko; compatible; ClaudeBot/1.0; +claudebot@anthropic.com)"
198.54.116.86 - - [18/Apr/2025:08:24:11 -0400] "POST /wp-cron.php?doing_wp_cron=1744979051.9169919490814208984375 HTTP/1.1" 200 0 "-" "WordPress/6.8; https://servethepeopleinc.org"
52.167.144.142 - - [18/Apr/2025:08:24:11 -0400] "GET /product/circumscriptible69622708.shtml HTTP/1.1" 301 0 "-" "Mozilla/5.0 AppleWebKit/537.36 (KHTML, like Gecko; compatible; bingbot/2.0; +http://www.bing.com/bingbot.htm) Chrome/116.0.1938.76 Safari/537.36"
198.54.116.86 - - [18/Apr/2025:08:24:12 -0400] "POST /wp-admin/admin-ajax.php?action=async_litespeed&nonce=3qURN2j5MmUtPqiRMB0hcJ7jPi8NXymn&litespeed_type=imgoptm HTTP/1.1" 200 21 "-" "WordPress/6.8; https://servethepeopleinc.org"
52.14.205.130 - - [18/Apr/2025:08:24:13 -0400] "GET /ad917/?path=%2Fhome%2F.%2F..%2Flib64%2Fapr-util-1%2F..%2Fpkgconfig%2F..%2Fgstreamer-1.0%2Flibgstadpcmdec.so HTTP/1.1" 200 998 "-" "Mozilla/5.0 AppleWebKit/537.36 (KHTML, like Gecko; compatible; ClaudeBot/1.0; +claudebot@anthropic.com)"
198.98.58.59 - - [18/Apr/2025:08:24:14 -0400] "POST /wp-login.php HTTP/1.1" 200 6672 "-" "Mozilla/5.0 (iPad; CPU OS 7_1_2 like Mac OS X) AppleWebKit/537.51.2 (KHTML, like Gecko) Version/7.0 Mobile/11D257 Safari/9537.53"
52.14.205.130 - - [18/Apr/2025:08:24:16 -0400] "GET /ad917/?path=%2Fhome%2F.%2F..%2Flib64%2Fapr-util-1%2F..%2Fpkgconfig%2F..%2Fgstreamer-1.0%2Flibgstfestival.so HTTP/1.1" 200 997 "-" "Mozilla/5.0 AppleWebKit/537.36 (KHTML, like Gecko; compatible; ClaudeBot/1.0; +claudebot@anthropic.com)"
52.167.144.142 - - [18/Apr/2025:08:24:16 -0400] "GET /items/46866838.shtml HTTP/1.1" 301 0 "-" "Mozilla/5.0 AppleWebKit/537.36 (KHTML, like Gecko; compatible; bingbot/2.0; +http://www.bing.com/bingbot.htm) Chrome/116.0.1938.76 Safari/537.36"
52.14.205.130 - - [18/Apr/2025:08:24:19 -0400] "GET /ad917/?path=%2Fhome%2F.%2F..%2Flib64%2Fapr-util-1%2F..%2Fpkgconfig%2F..%2Fgstreamer-1.0%2Flibgstrawparse.so HTTP/1.1" 200 1000 "-" "Mozilla/5.0 AppleWebKit/537.36 (KHTML, like Gecko; compatible; ClaudeBot/1.0; +claudebot@anthropic.com)"
52.14.205.130 - - [18/Apr/2025:08:24:22 -0400] "GET /ad917/?path=%2Fhome%2F.%2F..%2Flib64%2Fapr-util-1%2F..%2Fpkgconfig%2F..%2Fgstreamer-1.0%2Flibgstadpcmenc.so HTTP/1.1" 200 1000 "-" "Mozilla/5.0 AppleWebKit/537.36 (KHTML, like Gecko; compatible; ClaudeBot/1.0; +claudebot@anthropic.com)"
52.14.205.130 - - [18/Apr/2025:08:24:25 -0400] "GET /ad917/?path=%2Fhome%2F.%2F..%2Flib64%2Fapr-util-1%2F..%2Fpkgconfig%2F..%2Fgstreamer-1.0%2Flibgstttmlsubs.so HTTP/1.1" 200 1000 "-" "Mozilla/5.0 AppleWebKit/537.36 (KHTML, like Gecko; compatible; ClaudeBot/1.0; +claudebot@anthropic.com)"
52.14.205.130 - - [18/Apr/2025:08:24:28 -0400] "GET /ad917/?path=%2Fhome%2F.%2F..%2Flib64%2Fapr-util-1%2F..%2Fpkgconfig%2F..%2Fgstreamer-1.0%2Flibgstfreeverb.so HTTP/1.1" 200 1000 "-" "Mozilla/5.0 AppleWebKit/537.36 (KHTML, like Gecko; compatible; ClaudeBot/1.0; +claudebot@anthropic.com)"
52.14.205.130 - - [18/Apr/2025:08:24:31 -0400] "GET /ad917/?path=%2Fhome%2F.%2F..%2Flib64%2Fapr-util-1%2F..%2Fpkgconfig%2F..%2Fgstreamer-1.0%2Flibgstrtponvif.so HTTP/1.1" 200 1000 "-" "Mozilla/5.0 AppleWebKit/537.36 (KHTML, like Gecko; compatible; ClaudeBot/1.0; +claudebot@anthropic.com)"
40.77.167.78 - - [18/Apr/2025:08:24:33 -0400] "GET /products/skringe4995040.shtml HTTP/1.1" 404 16941 "-" "Mozilla/5.0 AppleWebKit/537.36 (KHTML, like Gecko; compatible; bingbot/2.0; +http://www.bing.com/bingbot.htm) Chrome/116.0.1938.76 Safari/537.36"
52.14.205.130 - - [18/Apr/2025:08:24:34 -0400] "GET /ad917/?path=%2Fhome%2F.%2F..%2Flib64%2Fapr-util-1%2F..%2Fpkgconfig%2F..%2Fgstreamer-1.0%2Flibgstencoding.so HTTP/1.1" 200 1000 "-" "Mozilla/5.0 AppleWebKit/537.36 (KHTML, like Gecko; compatible; ClaudeBot/1.0; +claudebot@anthropic.com)"
52.14.205.130 - - [18/Apr/2025:08:24:37 -0400] "GET /ad917/?path=%2Fhome%2F.%2F..%2Flib64%2Fapr-util-1%2F..%2Fpkgconfig%2F..%2Fgstreamer-1.0%2Flibgstivfparse.so HTTP/1.1" 200 1000 "-" "Mozilla/5.0 AppleWebKit/537.36 (KHTML, like Gecko; compatible; ClaudeBot/1.0; +claudebot@anthropic.com)"
52.14.205.130 - - [18/Apr/2025:08:24:40 -0400] "GET /ad917/?path=%2Fhome%2Fservlmvm%2Fpublic_html%2F..%2Fwww%2Fa4389%2F..%2F597e1%2F..%2F.%2Fwp-blog-header.php HTTP/1.1" 200 1188 "-" "Mozilla/5.0 AppleWebKit/537.36 (KHTML, like Gecko; compatible; ClaudeBot/1.0; +claudebot@anthropic.com)"
52.14.205.130 - - [18/Apr/2025:08:24:43 -0400] "GET /ad917/?path=%2Fhome%2F.%2F..%2Flib64%2Fapr-util-1%2F..%2Fpkgconfig%2F..%2Frpm-plugins%2Fsystemd_inhibit.so HTTP/1.1" 200 996 "-" "Mozilla/5.0 AppleWebKit/537.36 (KHTML, like Gecko; compatible; ClaudeBot/1.0; +claudebot@anthropic.com)"
52.14.205.130 - - [18/Apr/2025:08:24:46 -0400] "GET /ad917/?path=%2Fhome%2F.%2F..%2Flib64%2Fapr-util-1%2F..%2Fpkgconfig%2F..%2Flibibverbs%2Flibirdma-rdmav34.so HTTP/1.1" 200 998 "-" "Mozilla/5.0 AppleWebKit/537.36 (KHTML, like Gecko; compatible; ClaudeBot/1.0; +claudebot@anthropic.com)"
52.14.205.130 - - [18/Apr/2025:08:24:49 -0400] "GET /ad917/?path=%2Fhome%2F.%2F..%2Flib64%2Fapr-util-1%2F..%2Fpkgconfig%2F..%2Flibibverbs%2Flibcxgb4-rdmav34.so HTTP/1.1" 200 998 "-" "Mozilla/5.0 AppleWebKit/537.36 (KHTML, like Gecko; compatible; ClaudeBot/1.0; +claudebot@anthropic.com)"
52.14.205.130 - - [18/Apr/2025:08:24:52 -0400] "GET /ad917/?path=%2Fhome%2Fservlmvm%2F..%2F.%2F..%2F..%2Flib%2Ffirmware%2Fti-connectivity%2F.%2Fwl1271-fw-2.bin HTTP/1.1" 200 1000 "-" "Mozilla/5.0 AppleWebKit/537.36 (KHTML, like Gecko; compatible; ClaudeBot/1.0; +claudebot@anthropic.com)"
52.14.205.130 - - [18/Apr/2025:08:24:55 -0400] "GET /ad917/?path=%2Fhome%2Fservlmvm%2F..%2F.%2F..%2F..%2Flib%2Ffirmware%2Fti-connectivity%2F.%2Fcc33xx-conf.bin HTTP/1.1" 200 1000 "-" "Mozilla/5.0 AppleWebKit/537.36 (KHTML, like Gecko; compatible; ClaudeBot/1.0; +claudebot@anthropic.com)"
52.14.205.130 - - [18/Apr/2025:08:24:58 -0400] "GET /ad917/?path=%2Fhome%2F.%2F..%2Flib64%2Fapr-util-1%2F..%2Fpkgconfig%2F..%2Fgstreamer-1.0%2Flibgstuvch264.so HTTP/1.1" 200 1004 "-" "Mozilla/5.0 AppleWebKit/537.36 (KHTML, like Gecko; compatible; ClaudeBot/1.0; +claudebot@anthropic.com)"
