165.22.44.140 - - [15/Apr/2025:00:12:11 -0400] "GET /lab/.env HTTP/1.1" 403 1242 "https://www.google.com/" "Mozilla/5.0 (Windows NT 6.3; Win64; x64) Gecko/20010507 Firefox/19.0"
165.22.44.140 - - [15/Apr/2025:00:12:11 -0400] "GET /cronlab/.env HTTP/1.1" 403 1242 "https://www.google.com/" "Mozilla/5.0 (Windows NT 6.3; Win64; x64) Gecko/20010507 Firefox/19.0"
165.22.44.140 - - [15/Apr/2025:00:12:11 -0400] "GET /cron/.env HTTP/1.1" 403 1242 "https://www.google.com/" "Mozilla/5.0 (Windows NT 6.3; Win64; x64) Gecko/20010507 Firefox/19.0"
165.22.44.140 - - [15/Apr/2025:00:12:11 -0400] "GET /core/.env HTTP/1.1" 403 1242 "https://www.google.com/" "Mozilla/5.0 (Windows NT 6.3; Win64; x64) Gecko/20010507 Firefox/19.0"
165.22.44.140 - - [15/Apr/2025:00:12:11 -0400] "GET /core/app/.env HTTP/1.1" 403 1242 "https://www.google.com/" "Mozilla/5.0 (Windows NT 6.3; Win64; x64) Gecko/20010507 Firefox/19.0"
165.22.44.140 - - [15/Apr/2025:00:12:12 -0400] "GET /core/Datavase/.env HTTP/1.1" 403 1242 "https://www.google.com/" "Mozilla/5.0 (Windows NT 6.3; Win64; x64) Gecko/20010507 Firefox/19.0"
165.22.44.140 - - [15/Apr/2025:00:12:12 -0400] "GET /database/.env HTTP/1.1" 403 1242 "https://www.google.com/" "Mozilla/5.0 (Windows NT 6.3; Win64; x64) Gecko/20010507 Firefox/19.0"
165.22.44.140 - - [15/Apr/2025:00:12:12 -0400] "GET /config/.env HTTP/1.1" 403 1242 "https://www.google.com/" "Mozilla/5.0 (Windows NT 6.3; Win64; x64) Gecko/20010507 Firefox/19.0"
165.22.44.140 - - [15/Apr/2025:00:12:12 -0400] "GET /assets/.env HTTP/1.1" 403 1242 "https://www.google.com/" "Mozilla/5.0 (Windows NT 6.3; Win64; x64) Gecko/20010507 Firefox/19.0"
165.22.44.140 - - [15/Apr/2025:00:12:12 -0400] "GET /app/.env HTTP/1.1" 403 1242 "https://www.google.com/" "Mozilla/5.0 (Windows NT 6.3; Win64; x64) Gecko/20010507 Firefox/19.0"
165.22.44.140 - - [15/Apr/2025:00:12:12 -0400] "GET /apps/.env HTTP/1.1" 403 1242 "https://www.google.com/" "Mozilla/5.0 (Windows NT 6.3; Win64; x64) Gecko/20010507 Firefox/19.0"
165.22.44.140 - - [15/Apr/2025:00:12:13 -0400] "GET /uploads/.env HTTP/1.1" 403 1242 "https://www.google.com/" "Mozilla/5.0 (Windows NT 6.3; Win64; x64) Gecko/20010507 Firefox/19.0"
165.22.44.140 - - [15/Apr/2025:00:12:13 -0400] "GET /sitemaps/.env HTTP/1.1" 403 1242 "https://www.google.com/" "Mozilla/5.0 (Windows NT 6.3; Win64; x64) Gecko/20010507 Firefox/19.0"
165.22.44.140 - - [15/Apr/2025:00:12:13 -0400] "GET /saas/.env HTTP/1.1" 403 1242 "https://www.google.com/" "Mozilla/5.0 (Windows NT 6.3; Win64; x64) Gecko/20010507 Firefox/19.0"
165.22.44.140 - - [15/Apr/2025:00:12:13 -0400] "GET /api/.env HTTP/1.1" 403 1242 "https://www.google.com/" "Mozilla/5.0 (Windows NT 6.3; Win64; x64) Gecko/20010507 Firefox/19.0"
165.22.44.140 - - [15/Apr/2025:00:12:13 -0400] "GET /psnlink/.env HTTP/1.1" 403 1242 "https://www.google.com/" "Mozilla/5.0 (Windows NT 6.3; Win64; x64) Gecko/20010507 Firefox/19.0"
165.22.44.140 - - [15/Apr/2025:00:12:14 -0400] "GET /exapi/.env HTTP/1.1" 403 1242 "https://www.google.com/" "Mozilla/5.0 (Windows NT 6.3; Win64; x64) Gecko/20010507 Firefox/19.0"
165.22.44.140 - - [15/Apr/2025:00:12:14 -0400] "GET /site/.env HTTP/1.1" 404 16668 "https://www.google.com/" "Mozilla/5.0 (Windows NT 6.3; Win64; x64) Gecko/20010507 Firefox/19.0"
165.22.44.140 - - [15/Apr/2025:00:12:14 -0400] "GET /admin/.env HTTP/1.1" 403 1242 "https://www.google.com/" "Mozilla/5.0 (Windows NT 6.3; Win64; x64) Gecko/20010507 Firefox/19.0"
165.22.44.140 - - [15/Apr/2025:00:12:14 -0400] "GET /web/.env HTTP/1.1" 404 16668 "https://www.google.com/" "Mozilla/5.0 (Windows NT 6.3; Win64; x64) Gecko/20010507 Firefox/19.0"
165.22.44.140 - - [15/Apr/2025:00:12:15 -0400] "GET /public/.env HTTP/1.1" 403 1242 "https://www.google.com/" "Mozilla/5.0 (Windows NT 6.3; Win64; x64) Gecko/20010507 Firefox/19.0"
165.22.44.140 - - [15/Apr/2025:00:12:15 -0400] "GET /en/.env HTTP/1.1" 403 1242 "https://www.google.com/" "Mozilla/5.0 (Windows NT 6.3; Win64; x64) Gecko/20010507 Firefox/19.0"
165.22.44.140 - - [15/Apr/2025:00:12:15 -0400] "GET /tools/.env HTTP/1.1" 403 1242 "https://www.google.com/" "Mozilla/5.0 (Windows NT 6.3; Win64; x64) Gecko/20010507 Firefox/19.0"
165.22.44.140 - - [15/Apr/2025:00:12:15 -0400] "GET /v1/.env HTTP/1.1" 403 1242 "https://www.google.com/" "Mozilla/5.0 (Windows NT 6.3; Win64; x64) Gecko/20010507 Firefox/19.0"
165.22.44.140 - - [15/Apr/2025:00:12:16 -0400] "GET /v2/.env HTTP/1.1" 403 1242 "https://www.google.com/" "Mozilla/5.0 (Windows NT 6.3; Win64; x64) Gecko/20010507 Firefox/19.0"
165.22.44.140 - - [15/Apr/2025:00:12:16 -0400] "GET /administrator/.env HTTP/1.1" 403 1242 "https://www.google.com/" "Mozilla/5.0 (Windows NT 6.3; Win64; x64) Gecko/20010507 Firefox/19.0"
165.22.44.140 - - [15/Apr/2025:00:12:16 -0400] "GET /laravel/.env HTTP/1.1" 403 1242 "https://www.google.com/" "Mozilla/5.0 (Windows NT 6.3; Win64; x64) Gecko/20010507 Firefox/19.0"
165.22.44.140 - - [15/Apr/2025:00:12:16 -0400] "GET /config.json HTTP/1.1" 404 16668 "https://www.google.com/" "Mozilla/5.0 (Windows NT 6.3; Win64; x64) Gecko/20010507 Firefox/19.0"
165.22.44.140 - - [15/Apr/2025:00:12:17 -0400] "GET /.remote HTTP/1.1" 404 16711 "https://www.google.com/" "Mozilla/5.0 (Windows NT 6.3; Win64; x64) Gecko/20010507 Firefox/19.0"
165.22.44.140 - - [15/Apr/2025:00:12:17 -0400] "GET /.local HTTP/1.1" 404 16668 "https://www.google.com/" "Mozilla/5.0 (Windows NT 6.3; Win64; x64) Gecko/20010507 Firefox/19.0"
165.22.44.140 - - [15/Apr/2025:00:12:17 -0400] "GET /.production HTTP/1.1" 404 16668 "https://www.google.com/" "Mozilla/5.0 (Windows NT 6.3; Win64; x64) Gecko/20010507 Firefox/19.0"
165.22.44.140 - - [15/Apr/2025:00:12:17 -0400] "GET /vendor/config.json HTTP/1.1" 404 16668 "https://www.google.com/" "Mozilla/5.0 (Windows NT 6.3; Win64; x64) Gecko/20010507 Firefox/19.0"
165.22.44.140 - - [15/Apr/2025:00:12:17 -0400] "GET /lib/config.json HTTP/1.1" 404 16668 "https://www.google.com/" "Mozilla/5.0 (Windows NT 6.3; Win64; x64) Gecko/20010507 Firefox/19.0"
165.22.44.140 - - [15/Apr/2025:00:12:18 -0400] "GET /lab/config.json HTTP/1.1" 404 16668 "https://www.google.com/" "Mozilla/5.0 (Windows NT 6.3; Win64; x64) Gecko/20010507 Firefox/19.0"
165.22.44.140 - - [15/Apr/2025:00:12:18 -0400] "GET /cronlab/config.json HTTP/1.1" 404 16668 "https://www.google.com/" "Mozilla/5.0 (Windows NT 6.3; Win64; x64) Gecko/20010507 Firefox/19.0"
165.22.44.140 - - [15/Apr/2025:00:12:18 -0400] "GET /cron/config.json HTTP/1.1" 404 16668 "https://www.google.com/" "Mozilla/5.0 (Windows NT 6.3; Win64; x64) Gecko/20010507 Firefox/19.0"
165.22.44.140 - - [15/Apr/2025:00:12:19 -0400] "GET /core/config.json HTTP/1.1" 404 16671 "https://www.google.com/" "Mozilla/5.0 (Windows NT 6.3; Win64; x64) Gecko/20010507 Firefox/19.0"
165.22.44.140 - - [15/Apr/2025:00:12:19 -0400] "GET /core/app/config.json HTTP/1.1" 404 16674 "https://www.google.com/" "Mozilla/5.0 (Windows NT 6.3; Win64; x64) Gecko/20010507 Firefox/19.0"
165.22.44.140 - - [15/Apr/2025:00:12:20 -0400] "GET /core/Datavase/config.json HTTP/1.1" 404 16673 "https://www.google.com/" "Mozilla/5.0 (Windows NT 6.3; Win64; x64) Gecko/20010507 Firefox/19.0"
165.22.44.140 - - [15/Apr/2025:00:12:20 -0400] "GET /database/config.json HTTP/1.1" 404 16664 "https://www.google.com/" "Mozilla/5.0 (Windows NT 6.3; Win64; x64) Gecko/20010507 Firefox/19.0"
165.22.44.140 - - [15/Apr/2025:00:12:20 -0400] "GET /config/config.json HTTP/1.1" 404 16666 "https://www.google.com/" "Mozilla/5.0 (Windows NT 6.3; Win64; x64) Gecko/20010507 Firefox/19.0"
165.22.44.140 - - [15/Apr/2025:00:12:21 -0400] "GET /assets/config.json HTTP/1.1" 404 16668 "https://www.google.com/" "Mozilla/5.0 (Windows NT 6.3; Win64; x64) Gecko/20010507 Firefox/19.0"
165.22.44.140 - - [15/Apr/2025:00:12:21 -0400] "GET /app/config.json HTTP/1.1" 404 16669 "https://www.google.com/" "Mozilla/5.0 (Windows NT 6.3; Win64; x64) Gecko/20010507 Firefox/19.0"
165.22.44.140 - - [15/Apr/2025:00:12:21 -0400] "GET /apps/config.json HTTP/1.1" 404 16668 "https://www.google.com/" "Mozilla/5.0 (Windows NT 6.3; Win64; x64) Gecko/20010507 Firefox/19.0"
165.22.44.140 - - [15/Apr/2025:00:12:22 -0400] "GET /uploads/config.json HTTP/1.1" 404 16667 "https://www.google.com/" "Mozilla/5.0 (Windows NT 6.3; Win64; x64) Gecko/20010507 Firefox/19.0"
165.22.44.140 - - [15/Apr/2025:00:12:22 -0400] "GET /sitemaps/config.json HTTP/1.1" 404 16668 "https://www.google.com/" "Mozilla/5.0 (Windows NT 6.3; Win64; x64) Gecko/20010507 Firefox/19.0"
165.22.44.140 - - [15/Apr/2025:00:12:23 -0400] "GET /saas/config.json HTTP/1.1" 404 16668 "https://www.google.com/" "Mozilla/5.0 (Windows NT 6.3; Win64; x64) Gecko/20010507 Firefox/19.0"
165.22.44.140 - - [15/Apr/2025:00:12:23 -0400] "GET /api/config.json HTTP/1.1" 404 16668 "https://www.google.com/" "Mozilla/5.0 (Windows NT 6.3; Win64; x64) Gecko/20010507 Firefox/19.0"
165.22.44.140 - - [15/Apr/2025:00:12:23 -0400] "GET /psnlink/config.json HTTP/1.1" 404 16668 "https://www.google.com/" "Mozilla/5.0 (Windows NT 6.3; Win64; x64) Gecko/20010507 Firefox/19.0"
165.22.44.140 - - [15/Apr/2025:00:12:24 -0400] "GET /exapi/config.json HTTP/1.1" 404 16668 "https://www.google.com/" "Mozilla/5.0 (Windows NT 6.3; Win64; x64) Gecko/20010507 Firefox/19.0"
165.22.44.140 - - [15/Apr/2025:00:12:24 -0400] "GET /site/config.json HTTP/1.1" 404 16668 "https://www.google.com/" "Mozilla/5.0 (Windows NT 6.3; Win64; x64) Gecko/20010507 Firefox/19.0"
165.22.44.140 - - [15/Apr/2025:00:12:24 -0400] "GET /admin/config.json HTTP/1.1" 404 16668 "https://www.google.com/" "Mozilla/5.0 (Windows NT 6.3; Win64; x64) Gecko/20010507 Firefox/19.0"
165.22.44.140 - - [15/Apr/2025:00:12:25 -0400] "GET /web/config.json HTTP/1.1" 404 16666 "https://www.google.com/" "Mozilla/5.0 (Windows NT 6.3; Win64; x64) Gecko/20010507 Firefox/19.0"
165.22.44.140 - - [15/Apr/2025:00:12:25 -0400] "GET /public/config.json HTTP/1.1" 404 16668 "https://www.google.com/" "Mozilla/5.0 (Windows NT 6.3; Win64; x64) Gecko/20010507 Firefox/19.0"
165.22.44.140 - - [15/Apr/2025:00:12:25 -0400] "GET /en/config.json HTTP/1.1" 404 16668 "https://www.google.com/" "Mozilla/5.0 (Windows NT 6.3; Win64; x64) Gecko/20010507 Firefox/19.0"
165.22.44.140 - - [15/Apr/2025:00:12:26 -0400] "GET /tools/config.json HTTP/1.1" 404 16668 "https://www.google.com/" "Mozilla/5.0 (Windows NT 6.3; Win64; x64) Gecko/20010507 Firefox/19.0"
165.22.44.140 - - [15/Apr/2025:00:12:26 -0400] "GET /v1/config.json HTTP/1.1" 404 16668 "https://www.google.com/" "Mozilla/5.0 (Windows NT 6.3; Win64; x64) Gecko/20010507 Firefox/19.0"
165.22.44.140 - - [15/Apr/2025:00:12:27 -0400] "GET /v2/config.json HTTP/1.1" 404 16667 "https://www.google.com/" "Mozilla/5.0 (Windows NT 6.3; Win64; x64) Gecko/20010507 Firefox/19.0"
165.22.44.140 - - [15/Apr/2025:00:12:27 -0400] "GET /administrator/config.json HTTP/1.1" 404 16668 "https://www.google.com/" "Mozilla/5.0 (Windows NT 6.3; Win64; x64) Gecko/20010507 Firefox/19.0"
165.22.44.140 - - [15/Apr/2025:00:12:27 -0400] "GET /laravel/config.json HTTP/1.1" 404 16668 "https://www.google.com/" "Mozilla/5.0 (Windows NT 6.3; Win64; x64) Gecko/20010507 Firefox/19.0"
45.61.187.186 - - [15/Apr/2025:00:20:16 -0400] "GET /wp-login.php HTTP/1.1" 200 9123 "-" "Mozilla/5.0 (Macintosh; Intel Mac OS X 10_9_0) AppleWebKit/537.36 (KHTML, like Gecko) Chrome/36.0.1985.125 Safari/537.36"
198.54.116.86 - - [15/Apr/2025:00:20:19 -0400] "POST /wp-cron.php?doing_wp_cron=1744690819.5589210987091064453125 HTTP/1.1" 200 0 "-" "WordPress/6.7.2; https://spekkshealth.com"
45.61.187.186 - - [15/Apr/2025:00:20:16 -0400] "POST /wp-login.php HTTP/1.1" 200 9627 "-" "Mozilla/5.0 (Macintosh; Intel Mac OS X 10_9_0) AppleWebKit/537.36 (KHTML, like Gecko) Chrome/36.0.1985.125 Safari/537.36"
198.54.116.86 - - [15/Apr/2025:00:20:19 -0400] "POST /wp-admin/admin-ajax.php?action=async_litespeed&nonce=yLYonY16A2Rlik91w1zRhaxOOUpTjefr&litespeed_type=imgoptm HTTP/1.1" 200 21 "-" "WordPress/6.7.2; https://spekkshealth.com"
45.61.187.186 - - [15/Apr/2025:00:20:44 -0400] "GET /wp-login.php HTTP/1.1" 200 9123 "-" "Mozilla/5.0 (Macintosh; Intel Mac OS X 10.8; rv:30.0) Gecko/20100101 Firefox/30.0"
45.61.187.186 - - [15/Apr/2025:00:20:44 -0400] "POST /wp-login.php HTTP/1.1" 200 9601 "-" "Mozilla/5.0 (Macintosh; Intel Mac OS X 10.8; rv:30.0) Gecko/20100101 Firefox/30.0"
198.54.116.86 - - [15/Apr/2025:01:20:19 -0400] "POST /wp-cron.php?doing_wp_cron=1744694419.2258529663085937500000 HTTP/1.1" 200 0 "-" "WordPress/6.7.2; https://spekkshealth.com"
198.54.126.68 - - [15/Apr/2025:01:20:17 -0400] "POST /xmlrpc.php HTTP/1.1" 200 186 "https://spekkshealth.com" "Mozilla/5.0 (Windows NT 10.0; Win64; x64) AppleWebKit/537.36 (KHTML, like Gecko) Chrome/112.0.5615.138 Safari/537.36"
198.54.116.86 - - [15/Apr/2025:01:20:19 -0400] "POST /wp-admin/admin-ajax.php?action=async_litespeed&nonce=c36YsRbKq5ZJPGNZSm09koKfKgrfDmgs&litespeed_type=imgoptm HTTP/1.1" 200 21 "-" "WordPress/6.7.2; https://spekkshealth.com"
198.54.116.86 - - [15/Apr/2025:01:28:14 -0400] "POST /wp-cron.php?doing_wp_cron=1744694893.8793120384216308593750 HTTP/1.1" 200 0 "-" "WordPress/6.7.2; https://spekkshealth.com"
66.29.146.29 - - [15/Apr/2025:01:28:11 -0400] "POST /xmlrpc.php HTTP/1.1" 200 186 "https://spekkshealth.com" "Mozilla/5.0 (Macintosh; Intel Mac OS X 13_3) AppleWebKit/537.36 (KHTML, like Gecko) Chrome/126.0.0.0 Safari/537.36"
198.54.116.86 - - [15/Apr/2025:01:28:14 -0400] "POST /wp-admin/admin-ajax.php?action=async_litespeed&nonce=QG8Cf7IX6Ny3NdAfCzqdE5Cto3svj9t3&litespeed_type=imgoptm HTTP/1.1" 200 21 "-" "WordPress/6.7.2; https://spekkshealth.com"
198.54.116.86 - - [15/Apr/2025:01:41:43 -0400] "POST /wp-cron.php?doing_wp_cron=1744695703.7071189880371093750000 HTTP/1.1" 200 0 "-" "WordPress/6.7.2; https://spekkshealth.com"
45.157.54.41 - - [15/Apr/2025:01:41:41 -0400] "GET /wp-content/plugins/suretriggers/app/build/main.css HTTP/1.1" 404 87793 "-" "Mozilla/5.0 (Windows NT 10.0; Win64; x64) AppleWebKit/537.36 (KHTML, like Gecko) Chrome/127.0.0.0 Safari/537.36"
198.54.116.86 - - [15/Apr/2025:01:41:43 -0400] "POST /wp-admin/admin-ajax.php?action=async_litespeed&nonce=qgAEfk7BQxNxAIQOIhfabBi4fw4YiXyE&litespeed_type=imgoptm HTTP/1.1" 200 21 "-" "WordPress/6.7.2; https://spekkshealth.com"
198.54.116.86 - - [15/Apr/2025:01:44:08 -0400] "POST /wp-cron.php?doing_wp_cron=1744695848.9211399555206298828125 HTTP/1.1" 200 0 "-" "WordPress/6.7.2; https://spekkshealth.com"
198.54.114.125 - - [15/Apr/2025:01:44:06 -0400] "POST /xmlrpc.php HTTP/1.1" 200 210 "https://spekkshealth.com" "Mozilla/5.0 (Windows NT 11.0; Win64; x64) AppleWebKit/537.36 (KHTML, like Gecko) Chrome/126.0.0.0 Safari/537.36"
198.54.116.86 - - [15/Apr/2025:01:44:09 -0400] "POST /wp-admin/admin-ajax.php?action=async_litespeed&nonce=7TNUnqYx6fjslEJve5urfyZlxcAUCJ6A&litespeed_type=imgoptm HTTP/1.1" 200 21 "-" "WordPress/6.7.2; https://spekkshealth.com"
198.54.116.86 - - [15/Apr/2025:01:52:07 -0400] "POST /wp-cron.php?doing_wp_cron=1744696327.7076721191406250000000 HTTP/1.1" 200 0 "-" "WordPress/6.7.2; https://spekkshealth.com"
199.188.200.133 - - [15/Apr/2025:01:52:05 -0400] "POST /xmlrpc.php HTTP/1.1" 200 186 "https://spekkshealth.com" "Mozilla/5.0 (Macintosh; Intel Mac OS X 13.3; rv:126.0) Gecko/20100101 Firefox/126.0"
198.54.116.86 - - [15/Apr/2025:01:52:07 -0400] "POST /wp-admin/admin-ajax.php?action=async_litespeed&nonce=iff0vi9FU5S87Yo6mL9w4RAOeFhCHVCR&litespeed_type=imgoptm HTTP/1.1" 200 21 "-" "WordPress/6.7.2; https://spekkshealth.com"
13.71.40.65 - - [15/Apr/2025:02:28:09 -0400] "GET /wp-admin/css/ HTTP/1.1" 200 3704 "binance.com" "Mozilla/5.0 (Windows NT 10.0; Win64; x64) AppleWebKit/537.36 (KHTML, like Gecko) Chrome/90.0.4430.85 Safari/537.36"
13.71.40.65 - - [15/Apr/2025:02:28:12 -0400] "GET /wp-content/uploads/2025/04/ HTTP/1.1" 200 689 "binance.com" "Mozilla/5.0 (Windows NT 10.0; Win64; x64) AppleWebKit/537.36 (KHTML, like Gecko) Chrome/90.0.4430.85 Safari/537.36"
13.71.40.65 - - [15/Apr/2025:02:28:17 -0400] "GET /wp-content/uploads/2025/03/ HTTP/1.1" 200 689 "binance.com" "Mozilla/5.0 (Windows NT 10.0; Win64; x64) AppleWebKit/537.36 (KHTML, like Gecko) Chrome/90.0.4430.85 Safari/537.36"
13.71.40.65 - - [15/Apr/2025:02:28:23 -0400] "GET /wp-content/uploads/ HTTP/1.1" 200 1280 "binance.com" "Mozilla/5.0 (Windows NT 10.0; Win64; x64) AppleWebKit/537.36 (KHTML, like Gecko) Chrome/90.0.4430.85 Safari/537.36"
13.71.40.65 - - [15/Apr/2025:02:28:26 -0400] "GET /wp-content/upgrade/ HTTP/1.1" 200 681 "binance.com" "Mozilla/5.0 (Windows NT 10.0; Win64; x64) AppleWebKit/537.36 (KHTML, like Gecko) Chrome/90.0.4430.85 Safari/537.36"
198.54.116.86 - - [15/Apr/2025:02:28:34 -0400] "POST /wp-cron.php?doing_wp_cron=1744698514.9279310703277587890625 HTTP/1.1" 200 0 "-" "WordPress/6.7.2; https://spekkshealth.com"
13.71.40.65 - - [15/Apr/2025:02:28:32 -0400] "GET /wp-content/languages/ HTTP/1.1" 404 19667 "binance.com" "Mozilla/5.0 (Windows NT 10.0; Win64; x64) AppleWebKit/537.36 (KHTML, like Gecko) Chrome/90.0.4430.85 Safari/537.36"
198.54.116.86 - - [15/Apr/2025:02:28:35 -0400] "POST /wp-admin/admin-ajax.php?action=async_litespeed&nonce=1oOpb6czEyqOoxMnvJq6DRNDuRVosu8j&litespeed_type=imgoptm HTTP/1.1" 200 21 "-" "WordPress/6.7.2; https://spekkshealth.com"
13.71.40.65 - - [15/Apr/2025:02:28:41 -0400] "GET /wp-admin/includes/ HTTP/1.1" 200 4485 "binance.com" "Mozilla/5.0 (Windows NT 10.0; Win64; x64) AppleWebKit/537.36 (KHTML, like Gecko) Chrome/90.0.4430.85 Safari/537.36"
13.71.40.65 - - [15/Apr/2025:02:28:46 -0400] "GET /wp-admin/includes/ HTTP/1.1" 200 4511 "binance.com" "Mozilla/5.0 (Windows NT 10.0; Win64; x64) AppleWebKit/537.36 (KHTML, like Gecko) Chrome/90.0.4430.85 Safari/537.36"
13.71.40.65 - - [15/Apr/2025:02:28:50 -0400] "GET /wp-admin/maint/ HTTP/1.1" 200 771 "binance.com" "Mozilla/5.0 (Windows NT 10.0; Win64; x64) AppleWebKit/537.36 (KHTML, like Gecko) Chrome/90.0.4430.85 Safari/537.36"
13.71.40.65 - - [15/Apr/2025:02:28:54 -0400] "GET /wp-admin/maint/ HTTP/1.1" 200 771 "binance.com" "Mozilla/5.0 (Windows NT 10.0; Win64; x64) AppleWebKit/537.36 (KHTML, like Gecko) Chrome/90.0.4430.85 Safari/537.36"
198.54.116.86 - - [15/Apr/2025:02:28:59 -0400] "POST /wp-cron.php?doing_wp_cron=1744698539.4375319480895996093750 HTTP/1.1" 200 0 "-" "WordPress/6.7.2; https://spekkshealth.com"
13.71.40.65 - - [15/Apr/2025:02:28:59 -0400] "GET /wp-admin/network/ HTTP/1.1" 302 0 "binance.com" "Mozilla/5.0 (Windows NT 10.0; Win64; x64) AppleWebKit/537.36 (KHTML, like Gecko) Chrome/90.0.4430.85 Safari/537.36"
198.54.116.86 - - [15/Apr/2025:02:28:59 -0400] "POST /wp-admin/admin-ajax.php?action=async_litespeed&nonce=G7xPNUj1GPdvGwh38ZDg9W0pDfPetv7x&litespeed_type=imgoptm HTTP/1.1" 200 21 "-" "WordPress/6.7.2; https://spekkshealth.com"
13.71.40.65 - - [15/Apr/2025:02:28:59 -0400] "GET /wp-login.php?redirect_to=https%3A%2F%2Fspekkshealth.com%2Fwp-admin%2Fnetwork%2F&reauth=1 HTTP/1.1" 200 2540 "binance.com" "Mozilla/5.0 (Windows NT 10.0; Win64; x64) AppleWebKit/537.36 (KHTML, like Gecko) Chrome/90.0.4430.85 Safari/537.36"
13.71.40.65 - - [15/Apr/2025:02:29:04 -0400] "GET /wp-admin/user/ HTTP/1.1" 302 0 "binance.com" "Mozilla/5.0 (Windows NT 10.0; Win64; x64) AppleWebKit/537.36 (KHTML, like Gecko) Chrome/90.0.4430.85 Safari/537.36"
13.71.40.65 - - [15/Apr/2025:02:29:04 -0400] "GET /wp-login.php?redirect_to=https%3A%2F%2Fspekkshealth.com%2Fwp-admin%2Fuser%2F&reauth=1 HTTP/1.1" 200 2538 "binance.com" "Mozilla/5.0 (Windows NT 10.0; Win64; x64) AppleWebKit/537.36 (KHTML, like Gecko) Chrome/90.0.4430.85 Safari/537.36"
13.71.40.65 - - [15/Apr/2025:02:29:10 -0400] "GET /wp-admin/css/ HTTP/1.1" 200 3704 "binance.com" "Mozilla/5.0 (Windows NT 10.0; Win64; x64) AppleWebKit/537.36 (KHTML, like Gecko) Chrome/90.0.4430.85 Safari/537.36"
13.71.40.65 - - [15/Apr/2025:02:29:15 -0400] "GET /wp-admin/css/colors/ HTTP/1.1" 200 1306 "binance.com" "Mozilla/5.0 (Windows NT 10.0; Win64; x64) AppleWebKit/537.36 (KHTML, like Gecko) Chrome/90.0.4430.85 Safari/537.36"
13.71.40.65 - - [15/Apr/2025:02:29:22 -0400] "GET /wp-admin/css/colors/blue/ HTTP/1.1" 200 880 "binance.com" "Mozilla/5.0 (Windows NT 10.0; Win64; x64) AppleWebKit/537.36 (KHTML, like Gecko) Chrome/90.0.4430.85 Safari/537.36"
13.71.40.65 - - [15/Apr/2025:02:29:28 -0400] "GET /wp-admin/css/colors/coffee/ HTTP/1.1" 200 880 "binance.com" "Mozilla/5.0 (Windows NT 10.0; Win64; x64) AppleWebKit/537.36 (KHTML, like Gecko) Chrome/90.0.4430.85 Safari/537.36"
13.71.40.65 - - [15/Apr/2025:02:29:34 -0400] "GET /wp-admin/css/colors/ectoplasm/ HTTP/1.1" 200 888 "binance.com" "Mozilla/5.0 (Windows NT 10.0; Win64; x64) AppleWebKit/537.36 (KHTML, like Gecko) Chrome/90.0.4430.85 Safari/537.36"
13.71.40.65 - - [15/Apr/2025:02:29:40 -0400] "GET /wp-admin/css/colors/light/ HTTP/1.1" 200 881 "binance.com" "Mozilla/5.0 (Windows NT 10.0; Win64; x64) AppleWebKit/537.36 (KHTML, like Gecko) Chrome/90.0.4430.85 Safari/537.36"
13.71.40.65 - - [15/Apr/2025:02:29:44 -0400] "GET /wp-admin/css/colors/midnight/ HTTP/1.1" 200 882 "binance.com" "Mozilla/5.0 (Windows NT 10.0; Win64; x64) AppleWebKit/537.36 (KHTML, like Gecko) Chrome/90.0.4430.85 Safari/537.36"
13.71.40.65 - - [15/Apr/2025:02:29:48 -0400] "GET /wp-admin/css/colors/modern/ HTTP/1.1" 200 885 "binance.com" "Mozilla/5.0 (Windows NT 10.0; Win64; x64) AppleWebKit/537.36 (KHTML, like Gecko) Chrome/90.0.4430.85 Safari/537.36"
13.71.40.65 - - [15/Apr/2025:02:29:53 -0400] "GET /wp-admin/css/colors/ocean/ HTTP/1.1" 200 882 "binance.com" "Mozilla/5.0 (Windows NT 10.0; Win64; x64) AppleWebKit/537.36 (KHTML, like Gecko) Chrome/90.0.4430.85 Safari/537.36"
198.54.116.86 - - [15/Apr/2025:02:30:00 -0400] "POST /wp-cron.php?doing_wp_cron=1744698600.5122039318084716796875 HTTP/1.1" 200 0 "-" "WordPress/6.7.2; https://spekkshealth.com"
13.71.40.65 - - [15/Apr/2025:02:30:00 -0400] "GET /wp-admin/css/colors/sunrise/%20 HTTP/1.1" 301 0 "binance.com" "Mozilla/5.0 (Windows NT 10.0; Win64; x64) AppleWebKit/537.36 (KHTML, like Gecko) Chrome/90.0.4430.85 Safari/537.36"
13.71.40.65 - - [15/Apr/2025:02:30:00 -0400] "GET /wp-admin/css/colors/sunrise/ HTTP/1.1" 200 882 "binance.com" "Mozilla/5.0 (Windows NT 10.0; Win64; x64) AppleWebKit/537.36 (KHTML, like Gecko) Chrome/90.0.4430.85 Safari/537.36"
198.54.116.86 - - [15/Apr/2025:02:30:00 -0400] "POST /wp-admin/admin-ajax.php?action=async_litespeed&nonce=vuYx84Y2Ok6sH7y9GxuAw5QKRtSVbSYo&litespeed_type=imgoptm HTTP/1.1" 200 21 "-" "WordPress/6.7.2; https://spekkshealth.com"
13.71.40.65 - - [15/Apr/2025:02:30:07 -0400] "GET /wp-admin/images/ HTTP/1.1" 200 3284 "binance.com" "Mozilla/5.0 (Windows NT 10.0; Win64; x64) AppleWebKit/537.36 (KHTML, like Gecko) Chrome/90.0.4430.85 Safari/537.36"
13.71.40.65 - - [15/Apr/2025:02:30:13 -0400] "GET /wp-admin/js/ HTTP/1.1" 200 4012 "binance.com" "Mozilla/5.0 (Windows NT 10.0; Win64; x64) AppleWebKit/537.36 (KHTML, like Gecko) Chrome/90.0.4430.85 Safari/537.36"
13.71.40.65 - - [15/Apr/2025:02:30:20 -0400] "GET /wp-admin/js/widgets/ HTTP/1.1" 200 1548 "binance.com" "Mozilla/5.0 (Windows NT 10.0; Win64; x64) AppleWebKit/537.36 (KHTML, like Gecko) Chrome/90.0.4430.85 Safari/537.36"
13.71.40.65 - - [15/Apr/2025:02:30:28 -0400] "GET /wp-includes/ HTTP/1.1" 200 0 "binance.com" "Mozilla/5.0 (Windows NT 10.0; Win64; x64) AppleWebKit/537.36 (KHTML, like Gecko) Chrome/90.0.4430.85 Safari/537.36"
13.71.40.65 - - [15/Apr/2025:02:30:34 -0400] "GET /wp-includes/ID3/ HTTP/1.1" 200 1623 "binance.com" "Mozilla/5.0 (Windows NT 10.0; Win64; x64) AppleWebKit/537.36 (KHTML, like Gecko) Chrome/90.0.4430.85 Safari/537.36"
13.71.40.65 - - [15/Apr/2025:02:30:41 -0400] "GET /wp-includes/ID3/ HTTP/1.1" 200 1623 "binance.com" "Mozilla/5.0 (Windows NT 10.0; Win64; x64) AppleWebKit/537.36 (KHTML, like Gecko) Chrome/90.0.4430.85 Safari/537.36"
13.71.40.65 - - [15/Apr/2025:02:30:48 -0400] "GET /wp-includes/IXR/ HTTP/1.1" 200 1416 "binance.com" "Mozilla/5.0 (Windows NT 10.0; Win64; x64) AppleWebKit/537.36 (KHTML, like Gecko) Chrome/90.0.4430.85 Safari/537.36"
13.71.40.65 - - [15/Apr/2025:02:30:54 -0400] "GET /wp-includes/IXR/ HTTP/1.1" 200 1416 "binance.com" "Mozilla/5.0 (Windows NT 10.0; Win64; x64) AppleWebKit/537.36 (KHTML, like Gecko) Chrome/90.0.4430.85 Safari/537.36"
13.71.40.65 - - [15/Apr/2025:02:31:00 -0400] "GET /wp-includes/PHPMailer/ HTTP/1.1" 200 845 "binance.com" "Mozilla/5.0 (Windows NT 10.0; Win64; x64) AppleWebKit/537.36 (KHTML, like Gecko) Chrome/90.0.4430.85 Safari/537.36"
13.71.40.65 - - [15/Apr/2025:02:31:06 -0400] "GET /wp-includes/PHPMailer/ HTTP/1.1" 200 845 "binance.com" "Mozilla/5.0 (Windows NT 10.0; Win64; x64) AppleWebKit/537.36 (KHTML, like Gecko) Chrome/90.0.4430.85 Safari/537.36"
13.71.40.65 - - [15/Apr/2025:02:31:11 -0400] "GET /wp-includes/Text/ HTTP/1.1" 200 905 "binance.com" "Mozilla/5.0 (Windows NT 10.0; Win64; x64) AppleWebKit/537.36 (KHTML, like Gecko) Chrome/90.0.4430.85 Safari/537.36"
13.71.40.65 - - [15/Apr/2025:02:31:18 -0400] "GET /wp-includes/Text/ HTTP/1.1" 200 905 "binance.com" "Mozilla/5.0 (Windows NT 10.0; Win64; x64) AppleWebKit/537.36 (KHTML, like Gecko) Chrome/90.0.4430.85 Safari/537.36"
13.71.40.65 - - [15/Apr/2025:02:31:23 -0400] "GET /wp-includes/Text/Diff/ HTTP/1.1" 200 864 "binance.com" "Mozilla/5.0 (Windows NT 10.0; Win64; x64) AppleWebKit/537.36 (KHTML, like Gecko) Chrome/90.0.4430.85 Safari/537.36"
13.71.40.65 - - [15/Apr/2025:02:31:29 -0400] "GET /wp-includes/Text/Diff/ HTTP/1.1" 200 864 "binance.com" "Mozilla/5.0 (Windows NT 10.0; Win64; x64) AppleWebKit/537.36 (KHTML, like Gecko) Chrome/90.0.4430.85 Safari/537.36"
13.71.40.65 - - [15/Apr/2025:02:31:33 -0400] "GET /wp-includes/Text/Diff/Engine/ HTTP/1.1" 200 879 "binance.com" "Mozilla/5.0 (Windows NT 10.0; Win64; x64) AppleWebKit/537.36 (KHTML, like Gecko) Chrome/90.0.4430.85 Safari/537.36"
13.71.40.65 - - [15/Apr/2025:02:31:40 -0400] "GET /wp-includes/Text/Diff/Engine/ HTTP/1.1" 200 879 "binance.com" "Mozilla/5.0 (Windows NT 10.0; Win64; x64) AppleWebKit/537.36 (KHTML, like Gecko) Chrome/90.0.4430.85 Safari/537.36"
13.71.40.65 - - [15/Apr/2025:02:31:47 -0400] "GET /wp-includes/Text/Diff/Renderer/ HTTP/1.1" 200 784 "binance.com" "Mozilla/5.0 (Windows NT 10.0; Win64; x64) AppleWebKit/537.36 (KHTML, like Gecko) Chrome/90.0.4430.85 Safari/537.36"
13.71.40.65 - - [15/Apr/2025:02:31:55 -0400] "GET /wp-includes/Text/Diff/Renderer/ HTTP/1.1" 200 784 "binance.com" "Mozilla/5.0 (Windows NT 10.0; Win64; x64) AppleWebKit/537.36 (KHTML, like Gecko) Chrome/90.0.4430.85 Safari/537.36"
13.71.40.65 - - [15/Apr/2025:02:32:01 -0400] "GET /wp-includes/blocks/ HTTP/1.1" 200 22 "binance.com" "Mozilla/5.0 (Windows NT 10.0; Win64; x64) AppleWebKit/537.36 (KHTML, like Gecko) Chrome/90.0.4430.85 Safari/537.36"
13.71.40.65 - - [15/Apr/2025:02:32:08 -0400] "GET /wp-includes/pomo/ HTTP/1.1" 200 1281 "binance.com" "Mozilla/5.0 (Windows NT 10.0; Win64; x64) AppleWebKit/537.36 (KHTML, like Gecko) Chrome/90.0.4430.85 Safari/537.36"
13.71.40.65 - - [15/Apr/2025:02:32:12 -0400] "GET /wp-includes/pomo/ HTTP/1.1" 200 1281 "binance.com" "Mozilla/5.0 (Windows NT 10.0; Win64; x64) AppleWebKit/537.36 (KHTML, like Gecko) Chrome/90.0.4430.85 Safari/537.36"
13.71.40.65 - - [15/Apr/2025:02:32:17 -0400] "GET /wp-includes/sitemaps/ HTTP/1.1" 200 1417 "binance.com" "Mozilla/5.0 (Windows NT 10.0; Win64; x64) AppleWebKit/537.36 (KHTML, like Gecko) Chrome/90.0.4430.85 Safari/537.36"
13.71.40.65 - - [15/Apr/2025:02:32:22 -0400] "GET /wp-includes/sitemaps/ HTTP/1.1" 200 1417 "binance.com" "Mozilla/5.0 (Windows NT 10.0; Win64; x64) AppleWebKit/537.36 (KHTML, like Gecko) Chrome/90.0.4430.85 Safari/537.36"
13.71.40.65 - - [15/Apr/2025:02:32:26 -0400] "GET /wp-includes/sitemaps/providers/ HTTP/1.1" 200 886 "binance.com" "Mozilla/5.0 (Windows NT 10.0; Win64; x64) AppleWebKit/537.36 (KHTML, like Gecko) Chrome/90.0.4430.85 Safari/537.36"
13.71.40.65 - - [15/Apr/2025:02:32:32 -0400] "GET /wp-includes/sitemaps/providers/ HTTP/1.1" 200 886 "binance.com" "Mozilla/5.0 (Windows NT 10.0; Win64; x64) AppleWebKit/537.36 (KHTML, like Gecko) Chrome/90.0.4430.85 Safari/537.36"
13.71.40.65 - - [15/Apr/2025:02:32:40 -0400] "GET /wp-includes/widgets/ HTTP/1.1" 200 1851 "binance.com" "Mozilla/5.0 (Windows NT 10.0; Win64; x64) AppleWebKit/537.36 (KHTML, like Gecko) Chrome/90.0.4430.85 Safari/537.36"
13.71.40.65 - - [15/Apr/2025:02:32:49 -0400] "GET /wp-includes/widgets/ HTTP/1.1" 200 1851 "binance.com" "Mozilla/5.0 (Windows NT 10.0; Win64; x64) AppleWebKit/537.36 (KHTML, like Gecko) Chrome/90.0.4430.85 Safari/537.36"
13.71.40.65 - - [15/Apr/2025:02:32:56 -0400] "GET /wp-includes/widgets/class-wp-widget-block.php HTTP/1.1" 200 206 "binance.com" "Mozilla/5.0 (Windows NT 10.0; Win64; x64) AppleWebKit/537.36 (KHTML, like Gecko) Chrome/90.0.4430.85 Safari/537.36"
13.71.40.65 - - [15/Apr/2025:02:33:03 -0400] "GET /wp-includes/css/ HTTP/1.1" 200 2293 "binance.com" "Mozilla/5.0 (Windows NT 10.0; Win64; x64) AppleWebKit/537.36 (KHTML, like Gecko) Chrome/90.0.4430.85 Safari/537.36"
13.71.40.65 - - [15/Apr/2025:02:33:08 -0400] "GET /wp-includes/css/dist/ HTTP/1.1" 200 1410 "binance.com" "Mozilla/5.0 (Windows NT 10.0; Win64; x64) AppleWebKit/537.36 (KHTML, like Gecko) Chrome/90.0.4430.85 Safari/537.36"
13.71.40.65 - - [15/Apr/2025:02:33:15 -0400] "GET /wp-includes/fonts/ HTTP/1.1" 200 1456 "binance.com" "Mozilla/5.0 (Windows NT 10.0; Win64; x64) AppleWebKit/537.36 (KHTML, like Gecko) Chrome/90.0.4430.85 Safari/537.36"
13.71.40.65 - - [15/Apr/2025:02:33:20 -0400] "GET /wp-includes/fonts/ HTTP/1.1" 200 1456 "binance.com" "Mozilla/5.0 (Windows NT 10.0; Win64; x64) AppleWebKit/537.36 (KHTML, like Gecko) Chrome/90.0.4430.85 Safari/537.36"
13.71.40.65 - - [15/Apr/2025:02:33:25 -0400] "GET /wp-includes/fonts/class-wp-font-collection.php HTTP/1.1" 200 0 "binance.com" "Mozilla/5.0 (Windows NT 10.0; Win64; x64) AppleWebKit/537.36 (KHTML, like Gecko) Chrome/90.0.4430.85 Safari/537.36"
13.71.40.65 - - [15/Apr/2025:02:33:32 -0400] "GET /wp-includes/fonts/class-wp-font-face-resolver.php HTTP/1.1" 200 0 "binance.com" "Mozilla/5.0 (Windows NT 10.0; Win64; x64) AppleWebKit/537.36 (KHTML, like Gecko) Chrome/90.0.4430.85 Safari/537.36"
13.71.40.65 - - [15/Apr/2025:02:33:37 -0400] "GET /wp-includes/fonts/class-wp-font-face.php HTTP/1.1" 200 0 "binance.com" "Mozilla/5.0 (Windows NT 10.0; Win64; x64) AppleWebKit/537.36 (KHTML, like Gecko) Chrome/90.0.4430.85 Safari/537.36"
13.71.40.65 - - [15/Apr/2025:02:33:41 -0400] "GET /wp-includes/fonts/class-wp-font-library.php HTTP/1.1" 200 0 "binance.com" "Mozilla/5.0 (Windows NT 10.0; Win64; x64) AppleWebKit/537.36 (KHTML, like Gecko) Chrome/90.0.4430.85 Safari/537.36"
13.71.40.65 - - [15/Apr/2025:02:33:45 -0400] "GET /wp-includes/fonts/class-wp-font-utils.php HTTP/1.1" 200 0 "binance.com" "Mozilla/5.0 (Windows NT 10.0; Win64; x64) AppleWebKit/537.36 (KHTML, like Gecko) Chrome/90.0.4430.85 Safari/537.36"
13.71.40.65 - - [15/Apr/2025:02:33:52 -0400] "GET /wp-includes/images/ HTTP/1.1" 200 2023 "binance.com" "Mozilla/5.0 (Windows NT 10.0; Win64; x64) AppleWebKit/537.36 (KHTML, like Gecko) Chrome/90.0.4430.85 Safari/537.36"
13.71.40.65 - - [15/Apr/2025:02:33:59 -0400] "GET /wp-includes/images/crystal/ HTTP/1.1" 200 1406 "binance.com" "Mozilla/5.0 (Windows NT 10.0; Win64; x64) AppleWebKit/537.36 (KHTML, like Gecko) Chrome/90.0.4430.85 Safari/537.36"
13.71.40.65 - - [15/Apr/2025:02:34:04 -0400] "GET /wp-includes/images/media/ HTTP/1.1" 200 1474 "binance.com" "Mozilla/5.0 (Windows NT 10.0; Win64; x64) AppleWebKit/537.36 (KHTML, like Gecko) Chrome/90.0.4430.85 Safari/537.36"
13.71.40.65 - - [15/Apr/2025:02:34:10 -0400] "GET /wp-includes/images/smilies/ HTTP/1.1" 200 1666 "binance.com" "Mozilla/5.0 (Windows NT 10.0; Win64; x64) AppleWebKit/537.36 (KHTML, like Gecko) Chrome/90.0.4430.85 Safari/537.36"
198.54.116.86 - - [15/Apr/2025:02:34:26 -0400] "POST /wp-cron.php?doing_wp_cron=1744698866.2597661018371582031250 HTTP/1.1" 200 0 "-" "WordPress/6.7.2; https://spekkshealth.com"
13.71.40.65 - - [15/Apr/2025:02:34:24 -0400] "GET /wp-includes/images/wlw/ HTTP/1.1" 404 19627 "binance.com" "Mozilla/5.0 (Windows NT 10.0; Win64; x64) AppleWebKit/537.36 (KHTML, like Gecko) Chrome/90.0.4430.85 Safari/537.36"
198.54.116.86 - - [15/Apr/2025:02:34:26 -0400] "POST /wp-admin/admin-ajax.php?action=async_litespeed&nonce=yY7IveLMHqDiKOJNE9oYq7w30kD4iRMk&litespeed_type=imgoptm HTTP/1.1" 200 21 "-" "WordPress/6.7.2; https://spekkshealth.com"
13.71.40.65 - - [15/Apr/2025:02:34:32 -0400] "GET /wp-includes/js/%20 HTTP/1.1" 301 0 "binance.com" "Mozilla/5.0 (Windows NT 10.0; Win64; x64) AppleWebKit/537.36 (KHTML, like Gecko) Chrome/90.0.4430.85 Safari/537.36"
13.71.40.65 - - [15/Apr/2025:02:34:32 -0400] "GET /wp-includes/js/ HTTP/1.1" 200 4623 "binance.com" "Mozilla/5.0 (Windows NT 10.0; Win64; x64) AppleWebKit/537.36 (KHTML, like Gecko) Chrome/90.0.4430.85 Safari/537.36"
13.71.40.65 - - [15/Apr/2025:02:34:37 -0400] "GET /wp-includes/js/codemirror/ HTTP/1.1" 200 1343 "binance.com" "Mozilla/5.0 (Windows NT 10.0; Win64; x64) AppleWebKit/537.36 (KHTML, like Gecko) Chrome/90.0.4430.85 Safari/537.36"
13.71.40.65 - - [15/Apr/2025:02:34:42 -0400] "GET /wp-includes/js/plupload/ HTTP/1.1" 200 1374 "binance.com" "Mozilla/5.0 (Windows NT 10.0; Win64; x64) AppleWebKit/537.36 (KHTML, like Gecko) Chrome/90.0.4430.85 Safari/537.36"
13.71.40.65 - - [15/Apr/2025:02:34:46 -0400] "GET /.well-known/ HTTP/1.1" 200 761 "binance.com" "Mozilla/5.0 (Windows NT 10.0; Win64; x64) AppleWebKit/537.36 (KHTML, like Gecko) Chrome/90.0.4430.85 Safari/537.36"
45.61.185.91 - - [15/Apr/2025:02:44:23 -0400] "GET /wp-login.php HTTP/1.1" 200 9123 "-" "Mozilla/5.0 (Windows NT 6.1; WOW64) AppleWebKit/537.36 (KHTML, like Gecko) Chrome/35.0.1916.153 Safari/537.36"
198.54.116.86 - - [15/Apr/2025:02:44:25 -0400] "POST /wp-cron.php?doing_wp_cron=1744699465.2065680027008056640625 HTTP/1.1" 200 0 "-" "WordPress/6.7.2; https://spekkshealth.com"
45.61.185.91 - - [15/Apr/2025:02:44:23 -0400] "POST /wp-login.php HTTP/1.1" 200 9627 "-" "Mozilla/5.0 (Windows NT 6.1; WOW64) AppleWebKit/537.36 (KHTML, like Gecko) Chrome/35.0.1916.153 Safari/537.36"
198.54.116.86 - - [15/Apr/2025:02:44:25 -0400] "POST /wp-admin/admin-ajax.php?action=async_litespeed&nonce=dZbdI92VMd6m2skhUdnKde82jahATfee&litespeed_type=imgoptm HTTP/1.1" 200 21 "-" "WordPress/6.7.2; https://spekkshealth.com"
199.195.249.51 - - [15/Apr/2025:02:46:25 -0400] "GET /wp-login.php HTTP/1.1" 200 9123 "-" "Mozilla/5.0 (compatible; MSIE 10.0; Windows NT 6.1; WOW64; Trident/6.0)"
198.54.116.86 - - [15/Apr/2025:02:46:27 -0400] "POST /wp-cron.php?doing_wp_cron=1744699587.8551239967346191406250 HTTP/1.1" 200 0 "-" "WordPress/6.7.2; https://spekkshealth.com"
199.195.249.51 - - [15/Apr/2025:02:46:25 -0400] "POST /wp-login.php HTTP/1.1" 200 9601 "-" "Mozilla/5.0 (compatible; MSIE 10.0; Windows NT 6.1; WOW64; Trident/6.0)"
198.54.116.86 - - [15/Apr/2025:02:46:28 -0400] "POST /wp-admin/admin-ajax.php?action=async_litespeed&nonce=cgydHNNUtKfo5J8FjIWAgjSNDLgXC7QC&litespeed_type=imgoptm HTTP/1.1" 200 21 "-" "WordPress/6.7.2; https://spekkshealth.com"
198.54.116.86 - - [15/Apr/2025:03:02:35 -0400] "POST /wp-cron.php?doing_wp_cron=1744700555.7790670394897460937500 HTTP/1.1" 200 0 "-" "WordPress/6.7.2; https://spekkshealth.com"
134.17.14.122 - - [15/Apr/2025:03:02:33 -0400] "GET /goat.php HTTP/1.1" 404 16710 "-" "Mozilla/4.0 (compatible; MSIE 6.0; Windows NT 5.1; SV1)"
198.54.116.86 - - [15/Apr/2025:03:02:35 -0400] "POST /wp-admin/admin-ajax.php?action=async_litespeed&nonce=gqCiOhDYCPOpU2YlGkMIEhVK6FKmb1Ek&litespeed_type=imgoptm HTTP/1.1" 200 21 "-" "WordPress/6.7.2; https://spekkshealth.com"
157.55.39.223 - - [15/Apr/2025:03:22:05 -0400] "GET /robots.txt HTTP/1.1" 200 97 "-" "Mozilla/5.0 AppleWebKit/537.36 (KHTML, like Gecko; compatible; bingbot/2.0; +http://www.bing.com/bingbot.htm) Chrome/116.0.1938.76 Safari/537.36"
157.55.39.223 - - [15/Apr/2025:03:22:05 -0400] "GET /robots.txt HTTP/1.1" 200 97 "-" "Mozilla/5.0 AppleWebKit/537.36 (KHTML, like Gecko; compatible; bingbot/2.0; +http://www.bing.com/bingbot.htm) Chrome/116.0.1938.76 Safari/537.36"
198.54.116.86 - - [15/Apr/2025:03:22:15 -0400] "POST /wp-cron.php?doing_wp_cron=1744701735.6112649440765380859375 HTTP/1.1" 200 0 "-" "WordPress/6.7.2; https://spekkshealth.com"
207.46.13.64 - - [15/Apr/2025:03:22:13 -0400] "GET /wp-sitemap-users-1.xml HTTP/1.1" 200 160 "-" "Mozilla/5.0 AppleWebKit/537.36 (KHTML, like Gecko; compatible; bingbot/2.0; +http://www.bing.com/bingbot.htm) Chrome/116.0.1938.76 Safari/537.36"
198.54.116.86 - - [15/Apr/2025:03:22:15 -0400] "POST /wp-admin/admin-ajax.php?action=async_litespeed&nonce=WvUyBnOcclQqqMyGnmmrOGULTGjtXLHm&litespeed_type=imgoptm HTTP/1.1" 200 21 "-" "WordPress/6.7.2; https://spekkshealth.com"
198.54.116.86 - - [15/Apr/2025:03:22:17 -0400] "POST /wp-cron.php HTTP/1.1" 200 0 "-" "WordPress/6.7.2; https://spekkshealth.com"
198.54.116.86 - - [15/Apr/2025:03:22:17 -0400] "GET / HTTP/1.1" 200 35501 "-" "WordPress/6.7.2; https://spekkshealth.com"
198.54.116.86 - - [15/Apr/2025:03:22:17 -0400] "GET / HTTP/1.1" 200 35501 "-" "WordPress/6.7.2; https://spekkshealth.com"
198.54.116.86 - - [15/Apr/2025:03:22:17 -0400] "GET / HTTP/1.1" 200 35501 "-" "WordPress/6.7.2; https://spekkshealth.com"
198.54.116.86 - - [15/Apr/2025:03:22:17 -0400] "GET / HTTP/1.1" 200 35501 "-" "WordPress/6.7.2; https://spekkshealth.com"
198.54.116.86 - - [15/Apr/2025:03:24:30 -0400] "POST /wp-cron.php?doing_wp_cron=1744701870.7435109615325927734375 HTTP/1.1" 200 0 "-" "WordPress/6.7.2; https://spekkshealth.com"
40.77.167.73 - - [15/Apr/2025:03:24:28 -0400] "GET /sitemap.xml HTTP/1.1" 301 0 "-" "Mozilla/5.0 AppleWebKit/537.36 (KHTML, like Gecko; compatible; bingbot/2.0; +http://www.bing.com/bingbot.htm) Chrome/116.0.1938.76 Safari/537.36"
198.54.116.86 - - [15/Apr/2025:03:24:30 -0400] "POST /wp-admin/admin-ajax.php?action=async_litespeed&nonce=SVWnYFYfjZazrAsBVJm7btQ9oEBTHkLq&litespeed_type=imgoptm HTTP/1.1" 200 21 "-" "WordPress/6.7.2; https://spekkshealth.com"
40.77.167.73 - - [15/Apr/2025:03:24:31 -0400] "GET /wp-sitemap.xml HTTP/1.1" 200 193 "-" "Mozilla/5.0 AppleWebKit/537.36 (KHTML, like Gecko; compatible; bingbot/2.0; +http://www.bing.com/bingbot.htm) Chrome/116.0.1938.76 Safari/537.36"
198.54.116.86 - - [15/Apr/2025:03:25:33 -0400] "POST /wp-cron.php?doing_wp_cron=1744701933.1596109867095947265625 HTTP/1.1" 200 0 "-" "WordPress/6.7.2; https://spekkshealth.com"
207.46.13.64 - - [15/Apr/2025:03:25:33 -0400] "GET /wp-sitemap-taxonomies-category-1.xml HTTP/1.1" 200 160 "-" "Mozilla/5.0 AppleWebKit/537.36 (KHTML, like Gecko; compatible; bingbot/2.0; +http://www.bing.com/bingbot.htm) Chrome/116.0.1938.76 Safari/537.36"
198.54.116.86 - - [15/Apr/2025:03:25:33 -0400] "POST /wp-admin/admin-ajax.php?action=async_litespeed&nonce=MFIarEWWEHNVdjUbPIVjY437SBBcsrag&litespeed_type=imgoptm HTTP/1.1" 200 21 "-" "WordPress/6.7.2; https://spekkshealth.com"
209.141.56.126 - - [15/Apr/2025:03:40:19 -0400] "GET /wp-login.php HTTP/1.1" 200 9123 "-" "Mozilla/5.0 (Macintosh; Intel Mac OS X 10_9_2) AppleWebKit/537.74.9 (KHTML, like Gecko) Version/7.0.2 Safari/537.74.9"
198.54.116.86 - - [15/Apr/2025:03:40:22 -0400] "POST /wp-cron.php?doing_wp_cron=1744702822.1117498874664306640625 HTTP/1.1" 200 0 "-" "WordPress/6.7.2; https://spekkshealth.com"
209.141.56.126 - - [15/Apr/2025:03:40:19 -0400] "POST /wp-login.php HTTP/1.1" 200 9601 "-" "Mozilla/5.0 (Macintosh; Intel Mac OS X 10_9_2) AppleWebKit/537.74.9 (KHTML, like Gecko) Version/7.0.2 Safari/537.74.9"
198.54.116.86 - - [15/Apr/2025:03:40:22 -0400] "POST /wp-admin/admin-ajax.php?action=async_litespeed&nonce=il6Lb21pTwqs7UsDQz3xkO8QyUROvdeM&litespeed_type=imgoptm HTTP/1.1" 200 21 "-" "WordPress/6.7.2; https://spekkshealth.com"
205.210.31.96 - - [15/Apr/2025:03:44:02 -0400] "GET / HTTP/1.1" 200 163700 "-" "Expanse, a Palo Alto Networks company, searches across the global IPv4 space multiple times per day to identify customers' presences on the Internet. If you would like to be excluded from our scans, please send IP addresses/domains to: scaninfo@paloaltonetworks.com"
107.189.1.220 - - [15/Apr/2025:03:45:13 -0400] "GET / HTTP/1.1" 200 29765 "https://spekkshealth.com" "Mozilla/5.0 (X11; Linux x86_64) AppleWebKit/537.36 (KHTML, like Gecko) Chrome/59.0.3071.115 Safari/537.36"
107.189.1.220 - - [15/Apr/2025:03:45:18 -0400] "GET /wp-login.php HTTP/1.1" 200 2229 "https://spekkshealth.com" "Mozilla/5.0 (X11; Linux x86_64) AppleWebKit/537.36 (KHTML, like Gecko) Chrome/59.0.3071.115 Safari/537.36"
198.54.116.86 - - [15/Apr/2025:03:54:40 -0400] "POST /wp-cron.php?doing_wp_cron=1744703680.1934509277343750000000 HTTP/1.1" 200 0 "-" "WordPress/6.7.2; https://spekkshealth.com"
162.0.235.2 - - [15/Apr/2025:03:54:38 -0400] "POST /xmlrpc.php HTTP/1.1" 200 186 "https://spekkshealth.com" "Mozilla/5.0 (Macintosh; Intel Mac OS X 10_15_7) AppleWebKit/537.36 (KHTML, like Gecko) Chrome/115.0.5790.102 Safari/537.36"
198.54.116.86 - - [15/Apr/2025:03:54:40 -0400] "POST /wp-admin/admin-ajax.php?action=async_litespeed&nonce=IKE1N8wDLvtYtxGeCaglDYEVLYYjCYCX&litespeed_type=imgoptm HTTP/1.1" 200 21 "-" "WordPress/6.7.2; https://spekkshealth.com"
198.54.116.86 - - [15/Apr/2025:04:11:36 -0400] "POST /wp-cron.php?doing_wp_cron=1744704696.8348200321197509765625 HTTP/1.1" 200 0 "-" "WordPress/6.7.2; https://spekkshealth.com"
81.19.208.94 - - [15/Apr/2025:04:11:34 -0400] "GET /wp-content/plugins/wpcargo/includes/2vgMLyHmlRFZ2o5CscSfy8QJdUJ.php HTTP/1.1" 404 19627 "-" "Mozilla/5.0 (Macintosh; Intel Mac OS X 10_15_7) AppleWebKit/605.1.15 (KHTML, like Gecko) LoiLoNote/8.0.0 Version/17.4.1 Safari/605.1.15"
198.54.116.86 - - [15/Apr/2025:04:11:37 -0400] "POST /wp-admin/admin-ajax.php?action=async_litespeed&nonce=Ix5dJur5eQ1BW6GkIsUxZEOS7PrJOhMD&litespeed_type=imgoptm HTTP/1.1" 200 21 "-" "WordPress/6.7.2; https://spekkshealth.com"
81.19.208.94 - - [15/Apr/2025:04:11:37 -0400] "GET /wp-content/plugins/wpcargo/includes/barcode.php?text=x1x1111x1xx1xx111xx11111xx1x111x1x1x1xxx11x1111xx1x11xxxx1xx1xxxxx1x1x1xx1x1x11xx1xxxx1x11xx111xxx1xx1xx1x1x1xxx11x1111xxx1xxx1xx1x111xxx1x1xx1xxx1x1x1xx1x1x11xxx11xx1x11xx111xx1xxx1xx11x1x11x11x1111x1x11111x1x1xxxx&sizefactor=.090909090909&size=1&filepath=2vgMLyHmlRFZ2o5CscSfy8QJdUJ.php HTTP/1.1" 404 19627 "-" "Mozilla/5.0 (Windows NT 10.0; rv:127.0) Gecko/20100101 Firefox/127.0"
81.19.208.94 - - [15/Apr/2025:04:11:38 -0400] "POST /wp-content/plugins/wpcargo/includes/2vgMLyHmlRFZ2o5CscSfy8QJdUJ.php?1=var_dump HTTP/1.1" 404 19575 "-" "Mozilla/5.0 (Knoppix; Linux x86_64) AppleWebKit/537.36 (KHTML, like Gecko) Chrome/124.0.0.0 Safari/537.36"
198.54.116.86 - - [15/Apr/2025:04:12:34 -0400] "POST /wp-cron.php?doing_wp_cron=1744704754.6452920436859130859375 HTTP/1.1" 200 0 "-" "WordPress/6.7.2; https://spekkshealth.com"
162.213.255.38 - - [15/Apr/2025:04:12:34 -0400] "POST /xmlrpc.php HTTP/1.1" 200 210 "https://spekkshealth.com" "Mozilla/5.0 (Macintosh; Intel Mac OS X 10_15_7) AppleWebKit/537.36 (KHTML, like Gecko) Chrome/126.0.0.0 Safari/537.36"
198.54.116.86 - - [15/Apr/2025:04:12:34 -0400] "POST /wp-admin/admin-ajax.php?action=async_litespeed&nonce=VBqfMCtVJpmcnzJEtRpAUEyp9lczjIVB&litespeed_type=imgoptm HTTP/1.1" 200 21 "-" "WordPress/6.7.2; https://spekkshealth.com"
198.54.116.86 - - [15/Apr/2025:04:21:27 -0400] "POST /wp-cron.php?doing_wp_cron=1744705287.2298519611358642578125 HTTP/1.1" 200 0 "-" "WordPress/6.7.2; https://spekkshealth.com"
198.54.114.80 - - [15/Apr/2025:04:21:25 -0400] "POST /xmlrpc.php HTTP/1.1" 200 186 "https://spekkshealth.com" "Mozilla/5.0 (Windows NT 10.0; Win64; x64; rv:125.0.1) Gecko/20100101 Firefox/125.0.1"
198.54.116.86 - - [15/Apr/2025:04:21:27 -0400] "POST /wp-admin/admin-ajax.php?action=async_litespeed&nonce=EFf4GKfFExMzyHV49EcyJloNILCO0dn8&litespeed_type=imgoptm HTTP/1.1" 200 21 "-" "WordPress/6.7.2; https://spekkshealth.com"
107.189.3.177 - - [15/Apr/2025:04:43:11 -0400] "GET /wp-login.php HTTP/1.1" 200 9123 "-" "Mozilla/5.0 (iPad; CPU OS 7_1_2 like Mac OS X) AppleWebKit/537.51.2 (KHTML, like Gecko) Version/7.0 Mobile/11D257 Safari/9537.53"
198.54.116.86 - - [15/Apr/2025:04:43:21 -0400] "POST /wp-cron.php?doing_wp_cron=1744706601.5348849296569824218750 HTTP/1.1" 200 0 "-" "WordPress/6.7.2; https://spekkshealth.com"
107.189.3.177 - - [15/Apr/2025:04:43:19 -0400] "POST /wp-login.php HTTP/1.1" 200 9627 "-" "Mozilla/5.0 (iPad; CPU OS 7_1_2 like Mac OS X) AppleWebKit/537.51.2 (KHTML, like Gecko) Version/7.0 Mobile/11D257 Safari/9537.53"
198.54.116.86 - - [15/Apr/2025:04:43:21 -0400] "POST /wp-admin/admin-ajax.php?action=async_litespeed&nonce=QODbS7vmwhsHezf59bwzzkEKBl3Tm1q8&litespeed_type=imgoptm HTTP/1.1" 200 21 "-" "WordPress/6.7.2; https://spekkshealth.com"
198.98.54.73 - - [15/Apr/2025:04:46:04 -0400] "GET /wp-login.php HTTP/1.1" 200 9123 "-" "Mozilla/5.0 (Macintosh; Intel Mac OS X 10.7; rv:31.0) Gecko/20100101 Firefox/31.0"
198.54.116.86 - - [15/Apr/2025:04:46:06 -0400] "POST /wp-cron.php?doing_wp_cron=1744706766.9493620395660400390625 HTTP/1.1" 200 0 "-" "WordPress/6.7.2; https://spekkshealth.com"
198.98.54.73 - - [15/Apr/2025:04:46:04 -0400] "POST /wp-login.php HTTP/1.1" 200 9601 "-" "Mozilla/5.0 (Macintosh; Intel Mac OS X 10.7; rv:31.0) Gecko/20100101 Firefox/31.0"
198.54.116.86 - - [15/Apr/2025:04:46:07 -0400] "POST /wp-admin/admin-ajax.php?action=async_litespeed&nonce=QCxdnH7a5WMCn6vlMocThgcvw7veeX5r&litespeed_type=imgoptm HTTP/1.1" 200 21 "-" "WordPress/6.7.2; https://spekkshealth.com"
/home/servlmvm/puppiesoftexas.com/./../access-logs/spekkshealth.com.servethepeopleinc.org-ssl_log