uawdijnntqw1x1x1
IP : 3.149.229.173
Hostname : server86.web-hosting.com
Kernel : Linux server86.web-hosting.com 4.18.0-513.18.1.lve.el8.x86_64 #1 SMP Thu Feb 22 12:55:50 UTC 2024 x86_64
Disable Function : None :)
OS : Linux
PATH:
/
home
/
servlmvm
/
puppiesoftexas.com
/
..
/
access-logs
/
spekkshealth.com.servethepeopleinc.org-ssl_log
/
/
198.54.116.86 - - [13/Apr/2025:08:09:45 -0400] "POST /wp-cron.php?doing_wp_cron=1744546185.2819249629974365234375 HTTP/1.1" 200 0 "-" "WordPress/6.7.2; https://spekkshealth.com"
198.54.120.17 - - [13/Apr/2025:08:09:43 -0400] "POST /wp-login.php HTTP/1.1" 200 2354 "https://spekkshealth.com" "Mozilla/5.0 (Windows NT 11.0; Win64; x64) AppleWebKit/537.36 (KHTML, like Gecko) Chrome/126.0.0.0 Safari/537.36"
198.54.116.86 - - [13/Apr/2025:08:09:45 -0400] "POST /wp-admin/admin-ajax.php?action=async_litespeed&nonce=U7XwhyamD93N0WaigfEjCckWQJ9Jsjol&litespeed_type=imgoptm HTTP/1.1" 200 21 "-" "WordPress/6.7.2; https://spekkshealth.com"
104.244.75.153 - - [13/Apr/2025:08:14:06 -0400] "GET /wp-login.php HTTP/1.1" 200 9123 "-" "Mozilla/5.0 (X11; Linux x86_64) AppleWebKit/537.36 (KHTML, like Gecko) Chrome/36.0.1985.125 Safari/537.36"
198.54.116.86 - - [13/Apr/2025:08:14:08 -0400] "POST /wp-cron.php?doing_wp_cron=1744546448.6024479866027832031250 HTTP/1.1" 200 0 "-" "WordPress/6.7.2; https://spekkshealth.com"
104.244.75.153 - - [13/Apr/2025:08:14:06 -0400] "POST /wp-login.php HTTP/1.1" 200 9627 "-" "Mozilla/5.0 (X11; Linux x86_64) AppleWebKit/537.36 (KHTML, like Gecko) Chrome/36.0.1985.125 Safari/537.36"
198.54.116.86 - - [13/Apr/2025:08:14:08 -0400] "POST /wp-admin/admin-ajax.php?action=async_litespeed&nonce=qzmFpYOUOWJcfxjmDXl87jjWZTagGX84&litespeed_type=imgoptm HTTP/1.1" 200 21 "-" "WordPress/6.7.2; https://spekkshealth.com"
107.189.10.134 - - [13/Apr/2025:08:28:13 -0400] "GET /wp-login.php HTTP/1.1" 200 9123 "-" "Mozilla/5.0 (Windows NT 6.1; WOW64) AppleWebKit/537.36 (KHTML, like Gecko) Chrome/36.0.1985.143 Safari/537.36"
198.54.116.86 - - [13/Apr/2025:08:28:23 -0400] "POST /wp-cron.php?doing_wp_cron=1744547303.3634150028228759765625 HTTP/1.1" 200 0 "-" "WordPress/6.7.2; https://spekkshealth.com"
107.189.10.134 - - [13/Apr/2025:08:28:21 -0400] "POST /wp-login.php HTTP/1.1" 200 9601 "-" "Mozilla/5.0 (Windows NT 6.1; WOW64) AppleWebKit/537.36 (KHTML, like Gecko) Chrome/36.0.1985.143 Safari/537.36"
198.54.116.86 - - [13/Apr/2025:08:28:23 -0400] "POST /wp-admin/admin-ajax.php?action=async_litespeed&nonce=EyaJ8C3VEsFsgobd9YjQocNY3uRDeu36&litespeed_type=imgoptm HTTP/1.1" 200 21 "-" "WordPress/6.7.2; https://spekkshealth.com"
198.54.116.86 - - [13/Apr/2025:08:30:19 -0400] "POST /wp-cron.php?doing_wp_cron=1744547419.1055119037628173828125 HTTP/1.1" 200 0 "-" "WordPress/6.7.2; https://spekkshealth.com"
162.0.235.20 - - [13/Apr/2025:08:30:17 -0400] "POST /wp-login.php HTTP/1.1" 200 2352 "https://spekkshealth.com" "Mozilla/5.0 (Macintosh; Intel Mac OS X 10_15_7) AppleWebKit/537.36 (KHTML, like Gecko) Chrome/126.0.0.0 Safari/537.36"
198.54.116.86 - - [13/Apr/2025:08:30:19 -0400] "POST /wp-admin/admin-ajax.php?action=async_litespeed&nonce=GOef9a1TCPXYTuaQtKsKzfkqAGXSXFJU&litespeed_type=imgoptm HTTP/1.1" 200 21 "-" "WordPress/6.7.2; https://spekkshealth.com"
198.54.116.86 - - [13/Apr/2025:09:01:19 -0400] "POST /wp-cron.php?doing_wp_cron=1744549279.8932330608367919921875 HTTP/1.1" 200 0 "-" "WordPress/6.7.2; https://spekkshealth.com"
198.54.114.80 - - [13/Apr/2025:09:01:17 -0400] "POST /wp-login.php HTTP/1.1" 200 2352 "https://spekkshealth.com" "Mozilla/5.0 (Macintosh; Intel Mac OS X 10_15_7; rv:128.0) Gecko/20100101 Firefox/128.0"
198.54.116.86 - - [13/Apr/2025:09:01:20 -0400] "POST /wp-admin/admin-ajax.php?action=async_litespeed&nonce=PS2wwayl4Pdp2zIg5GGNmsJDPr6UojjQ&litespeed_type=imgoptm HTTP/1.1" 200 21 "-" "WordPress/6.7.2; https://spekkshealth.com"
43.153.67.21 - - [13/Apr/2025:09:48:17 -0400] "GET / HTTP/1.1" 200 35493 "http://spekkshealth.com" "Mozilla/5.0 (iPhone; CPU iPhone OS 13_2_3 like Mac OS X) AppleWebKit/605.1.15 (KHTML, like Gecko) Version/13.0.3 Mobile/15E148 Safari/604.1"
198.54.116.86 - - [13/Apr/2025:09:59:34 -0400] "POST /wp-cron.php?doing_wp_cron=1744552774.6568369865417480468750 HTTP/1.1" 200 0 "-" "WordPress/6.7.2; https://spekkshealth.com"
43.156.95.174 - - [13/Apr/2025:09:59:32 -0400] "GET /wp-aa.php HTTP/1.1" 404 19664 "-" "Mozilla/5.0 (Macintosh; Intel Mac OS X 10_15_5) AppleWebKit/605.1.15 (KHTML, like Gecko) Version/13.1.1 Safari/605.1.15"
43.156.95.174 - - [13/Apr/2025:09:59:35 -0400] "GET /wp-content/plugins/wp-automatic/inc/csv.php HTTP/1.1" 404 19629 "-" "Mozilla/5.0 (Macintosh; Intel Mac OS X 10_15_5) AppleWebKit/605.1.15 (KHTML, like Gecko) Version/13.1.1 Safari/605.1.15"
198.54.116.86 - - [13/Apr/2025:09:59:34 -0400] "POST /wp-admin/admin-ajax.php?action=async_litespeed&nonce=Z4Beuwavz0qdZla9YXIMNwpegRG6YMLA&litespeed_type=imgoptm HTTP/1.1" 200 0 "-" "WordPress/6.7.2; https://spekkshealth.com"
198.54.116.86 - - [13/Apr/2025:10:35:01 -0400] "POST /wp-cron.php?doing_wp_cron=1744554901.0095930099487304687500 HTTP/1.1" 200 0 "-" "WordPress/6.7.2; https://spekkshealth.com"
198.54.114.37 - - [13/Apr/2025:10:34:59 -0400] "POST /wp-login.php HTTP/1.1" 200 2352 "https://spekkshealth.com" "Mozilla/5.0 (Windows NT 10.0; Win64; x64; rv:128.0) Gecko/20100101 Firefox/128.0"
198.54.116.86 - - [13/Apr/2025:10:35:01 -0400] "POST /wp-admin/admin-ajax.php?action=async_litespeed&nonce=KuDtnXudgf1VPfo00uCwTy2OZTsuKGJh&litespeed_type=imgoptm HTTP/1.1" 200 21 "-" "WordPress/6.7.2; https://spekkshealth.com"
198.54.116.86 - - [13/Apr/2025:10:45:29 -0400] "POST /wp-cron.php?doing_wp_cron=1744555529.3175339698791503906250 HTTP/1.1" 200 0 "-" "WordPress/6.7.2; https://spekkshealth.com"
68.65.122.55 - - [13/Apr/2025:10:45:27 -0400] "POST /wp-login.php HTTP/1.1" 200 2354 "https://spekkshealth.com" "Mozilla/5.0 (Windows NT 10.0; Win64; x64) AppleWebKit/537.36 (KHTML, like Gecko) Chrome/114.0.5735.199 Safari/537.36 Edg/114.0.1823.67"
198.54.116.86 - - [13/Apr/2025:10:45:29 -0400] "POST /wp-admin/admin-ajax.php?action=async_litespeed&nonce=mXNXu0GIjTppe4RQKN0Hs3VuIP4iB4qt&litespeed_type=imgoptm HTTP/1.1" 200 21 "-" "WordPress/6.7.2; https://spekkshealth.com"
45.130.136.16 - - [13/Apr/2025:11:05:23 -0400] "GET /contact-us/ HTTP/1.1" 200 22213 "-" "Mozilla/5.0 (Windows NT 10.0; Win64; x64) AppleWebKit/537.36 (KHTML, like Gecko) Chrome/114.0.0.0 YaBrowser/22.7.0 Yowser/2.5 Safari/537.36"
198.54.116.86 - - [13/Apr/2025:11:05:26 -0400] "POST /wp-cron.php?doing_wp_cron=1744556726.1138019561767578125000 HTTP/1.1" 200 0 "-" "WordPress/6.7.2; https://spekkshealth.com"
45.130.136.17 - - [13/Apr/2025:11:05:24 -0400] "POST /contact-us/ HTTP/1.1" 200 19834 "https://spekkshealth.com/contact-us/" "Mozilla/5.0 (Windows NT 10.0; Win64; x64) AppleWebKit/537.36 (KHTML, like Gecko) Chrome/114.0.0.0 YaBrowser/22.7.0 Yowser/2.5 Safari/537.36"
198.54.116.86 - - [13/Apr/2025:11:05:26 -0400] "POST /wp-admin/admin-ajax.php?action=async_litespeed&nonce=jjLGIB3qkLXWbm3Z1n8TpebPIablz3Dg&litespeed_type=imgoptm HTTP/1.1" 200 21 "-" "WordPress/6.7.2; https://spekkshealth.com"
198.54.116.86 - - [13/Apr/2025:11:38:03 -0400] "POST /wp-cron.php?doing_wp_cron=1744558683.4744219779968261718750 HTTP/1.1" 200 0 "-" "WordPress/6.7.2; https://spekkshealth.com"
199.188.205.87 - - [13/Apr/2025:11:38:01 -0400] "POST /wp-login.php HTTP/1.1" 200 2667 "https://spekkshealth.com" "Mozilla/5.0 (Windows NT 10.0; Win64; x64) AppleWebKit/537.36 (KHTML, like Gecko) Chrome/112.0.5615.138 Safari/537.36 Edg/112.0.1722.68"
198.54.116.86 - - [13/Apr/2025:11:38:03 -0400] "POST /wp-admin/admin-ajax.php?action=async_litespeed&nonce=gteiOBMfHX6XzCZFnvXqzp6JdOrhwGmB&litespeed_type=imgoptm HTTP/1.1" 200 21 "-" "WordPress/6.7.2; https://spekkshealth.com"
45.61.186.205 - - [13/Apr/2025:11:46:04 -0400] "GET /wp-login.php HTTP/1.1" 200 9123 "-" "Mozilla/5.0 (Macintosh; Intel Mac OS X 10_8_5) AppleWebKit/537.36 (KHTML, like Gecko) Chrome/36.0.1985.125 Safari/537.36"
198.54.116.86 - - [13/Apr/2025:11:46:06 -0400] "POST /wp-cron.php?doing_wp_cron=1744559166.7280130386352539062500 HTTP/1.1" 200 0 "-" "WordPress/6.7.2; https://spekkshealth.com"
45.61.186.205 - - [13/Apr/2025:11:46:04 -0400] "POST /wp-login.php HTTP/1.1" 200 9601 "-" "Mozilla/5.0 (Macintosh; Intel Mac OS X 10_8_5) AppleWebKit/537.36 (KHTML, like Gecko) Chrome/36.0.1985.125 Safari/537.36"
198.54.116.86 - - [13/Apr/2025:11:46:06 -0400] "POST /wp-admin/admin-ajax.php?action=async_litespeed&nonce=CC1BUN3Dpn2Cv6PDbfJw5dHBlsW8idGa&litespeed_type=imgoptm HTTP/1.1" 200 21 "-" "WordPress/6.7.2; https://spekkshealth.com"
45.61.186.205 - - [13/Apr/2025:11:56:21 -0400] "GET /wp-login.php HTTP/1.1" 200 9123 "-" "Mozilla/5.0 (iPhone; CPU iPhone OS 7_1_2 like Mac OS X) AppleWebKit/537.51.1 (KHTML, like Gecko) GSA/4.1.0.31802 Mobile/11D257 Safari/9537.53"
198.54.116.86 - - [13/Apr/2025:11:56:24 -0400] "POST /wp-cron.php?doing_wp_cron=1744559784.0321109294891357421875 HTTP/1.1" 200 0 "-" "WordPress/6.7.2; https://spekkshealth.com"
45.61.186.205 - - [13/Apr/2025:11:56:21 -0400] "POST /wp-login.php HTTP/1.1" 200 9627 "-" "Mozilla/5.0 (iPhone; CPU iPhone OS 7_1_2 like Mac OS X) AppleWebKit/537.51.1 (KHTML, like Gecko) GSA/4.1.0.31802 Mobile/11D257 Safari/9537.53"
198.54.116.86 - - [13/Apr/2025:11:56:24 -0400] "POST /wp-admin/admin-ajax.php?action=async_litespeed&nonce=IfS2hS5WYEiBlBbjeRt7gFs8fJK0BRvC&litespeed_type=imgoptm HTTP/1.1" 200 21 "-" "WordPress/6.7.2; https://spekkshealth.com"
198.98.62.50 - - [13/Apr/2025:12:52:07 -0400] "GET /wp-login.php HTTP/1.1" 200 9123 "-" "Mozilla/5.0 (Macintosh; Intel Mac OS X 10_9_3) AppleWebKit/537.75.14 (KHTML, like Gecko) Version/7.0.3 Safari/537.75.14"
198.54.116.86 - - [13/Apr/2025:12:52:09 -0400] "POST /wp-cron.php?doing_wp_cron=1744563129.9219150543212890625000 HTTP/1.1" 200 0 "-" "WordPress/6.7.2; https://spekkshealth.com"
198.98.62.50 - - [13/Apr/2025:12:52:07 -0400] "POST /wp-login.php HTTP/1.1" 200 9627 "-" "Mozilla/5.0 (Macintosh; Intel Mac OS X 10_9_3) AppleWebKit/537.75.14 (KHTML, like Gecko) Version/7.0.3 Safari/537.75.14"
198.54.116.86 - - [13/Apr/2025:12:52:10 -0400] "POST /wp-admin/admin-ajax.php?action=async_litespeed&nonce=ha5NiAUf9xD4aHXpBCQdMrYstWRkYlt4&litespeed_type=imgoptm HTTP/1.1" 200 21 "-" "WordPress/6.7.2; https://spekkshealth.com"
156.253.166.113 - - [13/Apr/2025:13:17:33 -0400] "GET /contact-us/ HTTP/1.1" 200 22213 "-" "Mozilla/5.0 (Windows NT 10.0; Win64; x64) AppleWebKit/537.36 (KHTML, like Gecko) Chrome/114.0.0.0 YaBrowser/22.7.0 Yowser/2.5 Safari/537.36"
198.54.116.86 - - [13/Apr/2025:13:17:36 -0400] "POST /wp-cron.php?doing_wp_cron=1744564656.7123749256134033203125 HTTP/1.1" 200 0 "-" "WordPress/6.7.2; https://spekkshealth.com"
156.253.166.113 - - [13/Apr/2025:13:17:34 -0400] "POST /contact-us/ HTTP/1.1" 200 19836 "https://spekkshealth.com/contact-us/" "Mozilla/5.0 (Windows NT 10.0; Win64; x64) AppleWebKit/537.36 (KHTML, like Gecko) Chrome/114.0.0.0 YaBrowser/22.7.0 Yowser/2.5 Safari/537.36"
198.54.116.86 - - [13/Apr/2025:13:17:36 -0400] "POST /wp-admin/admin-ajax.php?action=async_litespeed&nonce=hBjAyBIXdqPrdK6JY157wyCBsZh1QhQ3&litespeed_type=imgoptm HTTP/1.1" 200 21 "-" "WordPress/6.7.2; https://spekkshealth.com"
52.167.144.142 - - [13/Apr/2025:13:20:43 -0400] "GET /sitemap.xml HTTP/1.1" 301 0 "-" "Mozilla/5.0 AppleWebKit/537.36 (KHTML, like Gecko; compatible; bingbot/2.0; +http://www.bing.com/bingbot.htm) Chrome/116.0.1938.76 Safari/537.36"
52.167.144.142 - - [13/Apr/2025:13:20:44 -0400] "GET /wp-sitemap.xml HTTP/1.1" 200 193 "-" "Mozilla/5.0 AppleWebKit/537.36 (KHTML, like Gecko; compatible; bingbot/2.0; +http://www.bing.com/bingbot.htm) Chrome/116.0.1938.76 Safari/537.36"
207.46.13.64 - - [13/Apr/2025:13:23:47 -0400] "GET /wp-sitemap-users-1.xml HTTP/1.1" 200 160 "-" "Mozilla/5.0 AppleWebKit/537.36 (KHTML, like Gecko; compatible; bingbot/2.0; +http://www.bing.com/bingbot.htm) Chrome/116.0.1938.76 Safari/537.36"
198.98.54.73 - - [13/Apr/2025:13:43:36 -0400] "GET /wp-login.php HTTP/1.1" 200 9123 "-" "Mozilla/5.0 (Macintosh; Intel Mac OS X 10_7_5) AppleWebKit/537.77.4 (KHTML, like Gecko) Version/6.1.5 Safari/537.77.4"
198.54.116.86 - - [13/Apr/2025:13:43:39 -0400] "POST /wp-cron.php?doing_wp_cron=1744566219.0029881000518798828125 HTTP/1.1" 200 0 "-" "WordPress/6.7.2; https://spekkshealth.com"
198.98.54.73 - - [13/Apr/2025:13:43:36 -0400] "POST /wp-login.php HTTP/1.1" 200 9627 "-" "Mozilla/5.0 (Macintosh; Intel Mac OS X 10_7_5) AppleWebKit/537.77.4 (KHTML, like Gecko) Version/6.1.5 Safari/537.77.4"
198.54.116.86 - - [13/Apr/2025:13:43:39 -0400] "POST /wp-admin/admin-ajax.php?action=async_litespeed&nonce=fgLcMMdsQMOE7VKpDZ08afmBg65I7jAe&litespeed_type=imgoptm HTTP/1.1" 200 21 "-" "WordPress/6.7.2; https://spekkshealth.com"
198.98.62.50 - - [13/Apr/2025:14:00:31 -0400] "GET /wp-login.php HTTP/1.1" 200 9123 "-" "Mozilla/5.0 (Macintosh; Intel Mac OS X 10.8; rv:30.0) Gecko/20100101 Firefox/30.0"
198.54.116.86 - - [13/Apr/2025:14:00:33 -0400] "POST /wp-cron.php?doing_wp_cron=1744567233.2408149242401123046875 HTTP/1.1" 200 0 "-" "WordPress/6.7.2; https://spekkshealth.com"
198.98.62.50 - - [13/Apr/2025:14:00:31 -0400] "POST /wp-login.php HTTP/1.1" 200 9601 "-" "Mozilla/5.0 (Macintosh; Intel Mac OS X 10.8; rv:30.0) Gecko/20100101 Firefox/30.0"
198.54.116.86 - - [13/Apr/2025:14:00:33 -0400] "POST /wp-admin/admin-ajax.php?action=async_litespeed&nonce=551Pdg8mjEOOdHwWQ0MlIRuwSdddhZ6v&litespeed_type=imgoptm HTTP/1.1" 200 21 "-" "WordPress/6.7.2; https://spekkshealth.com"
198.1.203.8 - - [13/Apr/2025:14:28:12 -0400] "GET /wp-includes/1AuSTyNFrOZ.php?watchx=true HTTP/1.1" 200 191 "http://spekkshealth.com/wp-includes/1AuSTyNFrOZ.php?watchx=true" "Mozilla/5.0 (Windows NT 10.0; Win64; x64) AppleWebKit/537.36 (KHTML, like Gecko) Chrome/119.0.0.0 Safari/537.36"
107.189.3.116 - - [13/Apr/2025:14:44:54 -0400] "GET /wp-login.php HTTP/1.1" 200 9123 "-" "Mozilla/5.0 (Windows NT 6.1; WOW64; rv:31.0) Gecko/20100101 Firefox/31.0"
198.54.116.86 - - [13/Apr/2025:14:45:00 -0400] "POST /wp-cron.php?doing_wp_cron=1744569900.7606329917907714843750 HTTP/1.1" 200 0 "-" "WordPress/6.7.2; https://spekkshealth.com"
107.189.3.116 - - [13/Apr/2025:14:44:58 -0400] "POST /wp-login.php HTTP/1.1" 200 9601 "-" "Mozilla/5.0 (Windows NT 6.1; WOW64; rv:31.0) Gecko/20100101 Firefox/31.0"
198.54.116.86 - - [13/Apr/2025:14:45:00 -0400] "POST /wp-admin/admin-ajax.php?action=async_litespeed&nonce=OhTnbpe5HyvOsJVyHjNeUsiSGuaefvlM&litespeed_type=imgoptm HTTP/1.1" 200 21 "-" "WordPress/6.7.2; https://spekkshealth.com"
45.61.187.186 - - [13/Apr/2025:15:53:20 -0400] "GET /wp-login.php HTTP/1.1" 200 9123 "-" "Mozilla/5.0 (Windows NT 6.1; WOW64; rv:29.0) Gecko/20100101 Firefox/29.0"
198.54.116.86 - - [13/Apr/2025:15:53:22 -0400] "POST /wp-cron.php?doing_wp_cron=1744574002.9147880077362060546875 HTTP/1.1" 200 0 "-" "WordPress/6.7.2; https://spekkshealth.com"
45.61.187.186 - - [13/Apr/2025:15:53:20 -0400] "POST /wp-login.php HTTP/1.1" 200 9627 "-" "Mozilla/5.0 (Windows NT 6.1; WOW64; rv:29.0) Gecko/20100101 Firefox/29.0"
198.54.116.86 - - [13/Apr/2025:15:53:23 -0400] "POST /wp-admin/admin-ajax.php?action=async_litespeed&nonce=UaniaPZIh7AadjN3rf6Y17oZirPnjCbj&litespeed_type=imgoptm HTTP/1.1" 200 21 "-" "WordPress/6.7.2; https://spekkshealth.com"
45.61.184.136 - - [13/Apr/2025:16:48:37 -0400] "GET /wp-login.php HTTP/1.1" 200 9123 "-" "Mozilla/5.0 (Windows NT 6.1; WOW64) AppleWebKit/537.36 (KHTML, like Gecko) Chrome/36.0.1985.125 Safari/537.36"
198.54.116.86 - - [13/Apr/2025:16:48:39 -0400] "POST /wp-cron.php?doing_wp_cron=1744577319.6342198848724365234375 HTTP/1.1" 200 0 "-" "WordPress/6.7.2; https://spekkshealth.com"
45.61.184.136 - - [13/Apr/2025:16:48:37 -0400] "POST /wp-login.php HTTP/1.1" 200 9627 "-" "Mozilla/5.0 (Windows NT 6.1; WOW64) AppleWebKit/537.36 (KHTML, like Gecko) Chrome/36.0.1985.125 Safari/537.36"
198.54.116.86 - - [13/Apr/2025:16:48:39 -0400] "POST /wp-admin/admin-ajax.php?action=async_litespeed&nonce=1VIlzhlyviVrfVpiuwiTzzHTyXnW4I4R&litespeed_type=imgoptm HTTP/1.1" 200 21 "-" "WordPress/6.7.2; https://spekkshealth.com"
40.77.167.28 - - [13/Apr/2025:16:58:03 -0400] "GET /wp-sitemap.xml HTTP/1.1" 200 193 "-" "Mozilla/5.0 AppleWebKit/537.36 (KHTML, like Gecko; compatible; bingbot/2.0; +http://www.bing.com/bingbot.htm) Chrome/116.0.1938.76 Safari/537.36"
43.166.240.231 - - [13/Apr/2025:17:09:04 -0400] "GET / HTTP/1.1" 200 35493 "http://spekkshealth.com" "Mozilla/5.0 (iPhone; CPU iPhone OS 13_2_3 like Mac OS X) AppleWebKit/605.1.15 (KHTML, like Gecko) Version/13.0.3 Mobile/15E148 Safari/604.1"
/home/servlmvm/puppiesoftexas.com/../access-logs/spekkshealth.com.servethepeopleinc.org-ssl_log